2026-02-19 20:14:35.633 7 INFO cinder.api.openstack.wsgi [None req-0a31f449-c077-4722-85a4-a31b3e1731ee 7b8805a5c5f74aeeb2aa0e221a95ac3e 35cc968e6e264034b3093611a1307f7c - - default default] GET http://172.24.0.240:8776/
2026-02-19 20:14:35.633 8 INFO cinder.api.openstack.wsgi [None req-3b2e469c-254d-494a-b442-8f60f541438c 7b8805a5c5f74aeeb2aa0e221a95ac3e 35cc968e6e264034b3093611a1307f7c - - default default] GET http://172.24.0.240:8776/
2026-02-19 20:14:35.634 8 INFO cinder.api.openstack.wsgi [None req-3b2e469c-254d-494a-b442-8f60f541438c 7b8805a5c5f74aeeb2aa0e221a95ac3e 35cc968e6e264034b3093611a1307f7c - - default default] http://172.24.0.240:8776/ returned with HTTP 300
2026-02-19 20:14:35.634 7 INFO cinder.api.openstack.wsgi [None req-0a31f449-c077-4722-85a4-a31b3e1731ee 7b8805a5c5f74aeeb2aa0e221a95ac3e 35cc968e6e264034b3093611a1307f7c - - default default] http://172.24.0.240:8776/ returned with HTTP 300
2026-02-19 20:14:45.633 7 INFO cinder.api.openstack.wsgi [None req-0a31f449-c077-4722-85a4-a31b3e1731ee 7b8805a5c5f74aeeb2aa0e221a95ac3e 35cc968e6e264034b3093611a1307f7c - - default default] GET http://172.24.0.240:8776/
2026-02-19 20:14:45.633 8 INFO cinder.api.openstack.wsgi [None req-3b2e469c-254d-494a-b442-8f60f541438c 7b8805a5c5f74aeeb2aa0e221a95ac3e 35cc968e6e264034b3093611a1307f7c - - default default] GET http://172.24.0.240:8776/
2026-02-19 20:14:45.634 7 INFO cinder.api.openstack.wsgi [None req-0a31f449-c077-4722-85a4-a31b3e1731ee 7b8805a5c5f74aeeb2aa0e221a95ac3e 35cc968e6e264034b3093611a1307f7c - - default default] http://172.24.0.240:8776/ returned with HTTP 300
2026-02-19 20:14:45.634 8 INFO cinder.api.openstack.wsgi [None req-3b2e469c-254d-494a-b442-8f60f541438c 7b8805a5c5f74aeeb2aa0e221a95ac3e 35cc968e6e264034b3093611a1307f7c - - default default] http://172.24.0.240:8776/ returned with HTTP 300
2026-02-19 20:14:55.633 8 INFO cinder.api.openstack.wsgi [None req-3b2e469c-254d-494a-b442-8f60f541438c 7b8805a5c5f74aeeb2aa0e221a95ac3e 35cc968e6e264034b3093611a1307f7c - - default default] GET http://172.24.0.240:8776/
2026-02-19 20:14:55.634 8 INFO cinder.api.openstack.wsgi [None req-3b2e469c-254d-494a-b442-8f60f541438c 7b8805a5c5f74aeeb2aa0e221a95ac3e 35cc968e6e264034b3093611a1307f7c - - default default] http://172.24.0.240:8776/ returned with HTTP 300
2026-02-19 20:14:55.633 7 INFO cinder.api.openstack.wsgi [None req-0a31f449-c077-4722-85a4-a31b3e1731ee 7b8805a5c5f74aeeb2aa0e221a95ac3e 35cc968e6e264034b3093611a1307f7c - - default default] GET http://172.24.0.240:8776/
2026-02-19 20:14:55.634 7 INFO cinder.api.openstack.wsgi [None req-0a31f449-c077-4722-85a4-a31b3e1731ee 7b8805a5c5f74aeeb2aa0e221a95ac3e 35cc968e6e264034b3093611a1307f7c - - default default] http://172.24.0.240:8776/ returned with HTTP 300
2026-02-19 20:14:56.670 8 INFO cinder.api.openstack.wsgi [None req-e57bc576-11d0-4ce2-8a0f-629fd5f1e58f 7c7dbb5c46c7411780c67d5353773178 a475ce6eb9e1463b80a6f85abd79ae73 - - default default] POST http://cinder-api.openstack.svc.cluster.local:8776/v3/a475ce6eb9e1463b80a6f85abd79ae73/volumes
2026-02-19 20:14:56.672 8 INFO cinder.api.v3.volumes [None req-e57bc576-11d0-4ce2-8a0f-629fd5f1e58f 7c7dbb5c46c7411780c67d5353773178 a475ce6eb9e1463b80a6f85abd79ae73 - - default default] Create volume of 1 GB
2026-02-19 20:14:56.689 8 INFO cinder.volume.api [None req-e57bc576-11d0-4ce2-8a0f-629fd5f1e58f 7c7dbb5c46c7411780c67d5353773178 a475ce6eb9e1463b80a6f85abd79ae73 - - default default] Availability Zones retrieved successfully.
2026-02-19 20:14:56.952 8 INFO cinder.volume.api [None req-e57bc576-11d0-4ce2-8a0f-629fd5f1e58f 7c7dbb5c46c7411780c67d5353773178 a475ce6eb9e1463b80a6f85abd79ae73 - - default default] Create volume request issued successfully.
2026-02-19 20:14:56.953 8 INFO cinder.api.openstack.wsgi [None req-e57bc576-11d0-4ce2-8a0f-629fd5f1e58f 7c7dbb5c46c7411780c67d5353773178 a475ce6eb9e1463b80a6f85abd79ae73 - - default default] http://cinder-api.openstack.svc.cluster.local:8776/v3/a475ce6eb9e1463b80a6f85abd79ae73/volumes returned with HTTP 202 [pid: 8|app: 0|req: 372/745] 172.24.0.234 () {34 vars in 724 bytes} [Thu Feb 19 20:14:56 2026] POST /v3/a475ce6eb9e1463b80a6f85abd79ae73/volumes => generated 861 bytes in 393 msecs (HTTP/1.1 202) 7 headers in 291 bytes (1 switches on core 0)
2026-02-19 20:14:56.971 7 INFO cinder.api.openstack.wsgi [None req-92f61151-2704-48cd-b9ed-9b9eada5ca9a 7c7dbb5c46c7411780c67d5353773178 a475ce6eb9e1463b80a6f85abd79ae73 - - default default] GET http://cinder-api.openstack.svc.cluster.local:8776/v3/a475ce6eb9e1463b80a6f85abd79ae73/volumes/0b0cddf1-3b28-4faa-9da3-c34f4c90fde9 /var/lib/openstack/lib/python3.12/site-packages/oslo_context/context.py:101: DeprecationWarning: Policy enforcement is depending on the value of is_admin. This key is deprecated. Please update your policy file to use the standard policy values. warnings.warn(
2026-02-19 20:14:56.982 7 INFO cinder.volume.api [None req-92f61151-2704-48cd-b9ed-9b9eada5ca9a 7c7dbb5c46c7411780c67d5353773178 a475ce6eb9e1463b80a6f85abd79ae73 - - default default] Volume info retrieved successfully.
2026-02-19 20:14:56.986 7 INFO cinder.api.openstack.wsgi [None req-92f61151-2704-48cd-b9ed-9b9eada5ca9a 7c7dbb5c46c7411780c67d5353773178 a475ce6eb9e1463b80a6f85abd79ae73 - - default default] http://cinder-api.openstack.svc.cluster.local:8776/v3/a475ce6eb9e1463b80a6f85abd79ae73/volumes/0b0cddf1-3b28-4faa-9da3-c34f4c90fde9 returned with HTTP 200 [pid: 7|app: 0|req: 374/746] 172.24.0.234 () {32 vars in 777 bytes} [Thu Feb 19 20:14:56 2026] GET /v3/a475ce6eb9e1463b80a6f85abd79ae73/volumes/0b0cddf1-3b28-4faa-9da3-c34f4c90fde9 => generated 929 bytes in 21 msecs (HTTP/1.1 200) 7 headers in 285 bytes (1 switches on core 0) /var/lib/openstack/lib/python3.12/site-packages/pycadf/identifier.py:70: UserWarning: Invalid uuid: cinderv3. To ensure interoperability, identifiers should be a valid uuid. warnings.warn(('Invalid uuid: %s. To ensure interoperability, '
2026-02-19 20:14:58.004 8 INFO cinder.api.openstack.wsgi [None req-0bbc4880-08a7-4f7c-bbcc-d2e5ec592f92 7c7dbb5c46c7411780c67d5353773178 a475ce6eb9e1463b80a6f85abd79ae73 - - default default] GET http://cinder-api.openstack.svc.cluster.local:8776/v3/a475ce6eb9e1463b80a6f85abd79ae73/volumes/0b0cddf1-3b28-4faa-9da3-c34f4c90fde9 /var/lib/openstack/lib/python3.12/site-packages/oslo_context/context.py:101: DeprecationWarning: Policy enforcement is depending on the value of is_admin. This key is deprecated. Please update your policy file to use the standard policy values. warnings.warn(
2026-02-19 20:14:58.018 8 INFO cinder.volume.api [None req-0bbc4880-08a7-4f7c-bbcc-d2e5ec592f92 7c7dbb5c46c7411780c67d5353773178 a475ce6eb9e1463b80a6f85abd79ae73 - - default default] Volume info retrieved successfully.
2026-02-19 20:14:58.026 8 INFO cinder.api.openstack.wsgi [None req-0bbc4880-08a7-4f7c-bbcc-d2e5ec592f92 7c7dbb5c46c7411780c67d5353773178 a475ce6eb9e1463b80a6f85abd79ae73 - - default default] http://cinder-api.openstack.svc.cluster.local:8776/v3/a475ce6eb9e1463b80a6f85abd79ae73/volumes/0b0cddf1-3b28-4faa-9da3-c34f4c90fde9 returned with HTTP 200 [pid: 8|app: 0|req: 373/747] 172.24.0.234 () {32 vars in 777 bytes} [Thu Feb 19 20:14:58 2026] GET /v3/a475ce6eb9e1463b80a6f85abd79ae73/volumes/0b0cddf1-3b28-4faa-9da3-c34f4c90fde9 => generated 954 bytes in 27 msecs (HTTP/1.1 200) 7 headers in 285 bytes (1 switches on core 0)
2026-02-19 20:15:05.633 7 INFO cinder.api.openstack.wsgi [None req-92f61151-2704-48cd-b9ed-9b9eada5ca9a 7c7dbb5c46c7411780c67d5353773178 a475ce6eb9e1463b80a6f85abd79ae73 - - default default] GET http://172.24.0.240:8776/
2026-02-19 20:15:05.633 8 INFO cinder.api.openstack.wsgi [None req-0bbc4880-08a7-4f7c-bbcc-d2e5ec592f92 7c7dbb5c46c7411780c67d5353773178 a475ce6eb9e1463b80a6f85abd79ae73 - - default default] GET http://172.24.0.240:8776/
2026-02-19 20:15:05.634 7 INFO cinder.api.openstack.wsgi [None req-92f61151-2704-48cd-b9ed-9b9eada5ca9a 7c7dbb5c46c7411780c67d5353773178 a475ce6eb9e1463b80a6f85abd79ae73 - - default default] http://172.24.0.240:8776/ returned with HTTP 300
2026-02-19 20:15:05.634 8 INFO cinder.api.openstack.wsgi [None req-0bbc4880-08a7-4f7c-bbcc-d2e5ec592f92 7c7dbb5c46c7411780c67d5353773178 a475ce6eb9e1463b80a6f85abd79ae73 - - default default] http://172.24.0.240:8776/ returned with HTTP 300 /var/lib/openstack/lib/python3.12/site-packages/pycadf/identifier.py:70: UserWarning: Invalid uuid: cinderv3. To ensure interoperability, identifiers should be a valid uuid. warnings.warn(('Invalid uuid: %s. To ensure interoperability, '
2026-02-19 20:15:06.341 7 INFO cinder.api.openstack.wsgi [None req-4d06d7f6-b736-4212-9faf-c08d3b32afe8 7b8805a5c5f74aeeb2aa0e221a95ac3e 35cc968e6e264034b3093611a1307f7c - - default default] GET http://cinder-api.openstack.svc.cluster.local:8776/v3/35cc968e6e264034b3093611a1307f7c/volumes/detail?all_tenants=true
2026-02-19 20:15:06.363 7 INFO cinder.volume.api [None req-4d06d7f6-b736-4212-9faf-c08d3b32afe8 7b8805a5c5f74aeeb2aa0e221a95ac3e 35cc968e6e264034b3093611a1307f7c - - default default] Get all volumes completed successfully. /var/lib/openstack/lib/python3.12/site-packages/oslo_context/context.py:101: DeprecationWarning: Policy enforcement is depending on the value of is_admin. This key is deprecated. Please update your policy file to use the standard policy values. warnings.warn(
2026-02-19 20:15:06.373 7 INFO cinder.api.openstack.wsgi [None req-4d06d7f6-b736-4212-9faf-c08d3b32afe8 7b8805a5c5f74aeeb2aa0e221a95ac3e 35cc968e6e264034b3093611a1307f7c - - default default] http://cinder-api.openstack.svc.cluster.local:8776/v3/35cc968e6e264034b3093611a1307f7c/volumes/detail?all_tenants=true returned with HTTP 200 [pid: 7|app: 0|req: 376/750] 172.24.0.198 () {28 vars in 686 bytes} [Thu Feb 19 20:15:06 2026] GET /v3/35cc968e6e264034b3093611a1307f7c/volumes/detail?all_tenants=true => generated 1122 bytes in 245 msecs (HTTP/1.1 200) 7 headers in 286 bytes (1 switches on core 0) /var/lib/openstack/lib/python3.12/site-packages/pycadf/identifier.py:70: UserWarning: Invalid uuid: cinderv3. To ensure interoperability, identifiers should be a valid uuid. warnings.warn(('Invalid uuid: %s. To ensure interoperability, '
2026-02-19 20:15:06.384 8 INFO cinder.api.openstack.wsgi [None req-956e82ce-ceec-434b-ad67-ef060e01198f 7b8805a5c5f74aeeb2aa0e221a95ac3e 35cc968e6e264034b3093611a1307f7c - - default default] GET http://cinder-api.openstack.svc.cluster.local:8776/v3/35cc968e6e264034b3093611a1307f7c/scheduler-stats/get_pools?detail=true
2026-02-19 20:15:06.887 8 INFO cinder.api.openstack.wsgi [None req-956e82ce-ceec-434b-ad67-ef060e01198f 7b8805a5c5f74aeeb2aa0e221a95ac3e 35cc968e6e264034b3093611a1307f7c - - default default] http://cinder-api.openstack.svc.cluster.local:8776/v3/35cc968e6e264034b3093611a1307f7c/scheduler-stats/get_pools?detail=true returned with HTTP 200 [pid: 8|app: 0|req: 375/751] 172.24.0.198 () {28 vars in 698 bytes} [Thu Feb 19 20:15:06 2026] GET /v3/35cc968e6e264034b3093611a1307f7c/scheduler-stats/get_pools?detail=true => generated 670 bytes in 509 msecs (HTTP/1.1 200) 7 headers in 285 bytes (1 switches on core 0) /var/lib/openstack/lib/python3.12/site-packages/pycadf/identifier.py:70: UserWarning: Invalid uuid: cinderv3. To ensure interoperability, identifiers should be a valid uuid. warnings.warn(('Invalid uuid: %s. To ensure interoperability, '
2026-02-19 20:15:06.896 7 INFO cinder.api.openstack.wsgi [None req-0b87a12a-c506-4373-a7ba-ca16a663415f 7b8805a5c5f74aeeb2aa0e221a95ac3e 35cc968e6e264034b3093611a1307f7c - - default default] GET http://cinder-api.openstack.svc.cluster.local:8776/v3/35cc968e6e264034b3093611a1307f7c/volumes/detail?all_tenants=true
2026-02-19 20:15:06.907 7 INFO cinder.volume.api [None req-0b87a12a-c506-4373-a7ba-ca16a663415f 7b8805a5c5f74aeeb2aa0e221a95ac3e 35cc968e6e264034b3093611a1307f7c - - default default] Get all volumes completed successfully. /var/lib/openstack/lib/python3.12/site-packages/oslo_context/context.py:101: DeprecationWarning: Policy enforcement is depending on the value of is_admin. This key is deprecated. Please update your policy file to use the standard policy values. warnings.warn(
2026-02-19 20:15:06.912 7 INFO cinder.api.openstack.wsgi [None req-0b87a12a-c506-4373-a7ba-ca16a663415f 7b8805a5c5f74aeeb2aa0e221a95ac3e 35cc968e6e264034b3093611a1307f7c - - default default] http://cinder-api.openstack.svc.cluster.local:8776/v3/35cc968e6e264034b3093611a1307f7c/volumes/detail?all_tenants=true returned with HTTP 200 [pid: 7|app: 0|req: 377/752] 172.24.0.198 () {28 vars in 686 bytes} [Thu Feb 19 20:15:06 2026] GET /v3/35cc968e6e264034b3093611a1307f7c/volumes/detail?all_tenants=true => generated 1122 bytes in 19 msecs (HTTP/1.1 200) 7 headers in 286 bytes (1 switches on core 0)
2026-02-19 20:15:06.965 8 INFO cinder.api.openstack.wsgi [None req-caea7870-0d1f-4f46-89f9-3aaab6308a45 7b8805a5c5f74aeeb2aa0e221a95ac3e 35cc968e6e264034b3093611a1307f7c - - default default] GET http://cinder-api.openstack.svc.cluster.local:8776/v3/35cc968e6e264034b3093611a1307f7c/os-quota-sets/35cc968e6e264034b3093611a1307f7c?usage=true
2026-02-19 20:15:06.986 8 INFO cinder.api.openstack.wsgi [None req-caea7870-0d1f-4f46-89f9-3aaab6308a45 7b8805a5c5f74aeeb2aa0e221a95ac3e 35cc968e6e264034b3093611a1307f7c - - default default] http://cinder-api.openstack.svc.cluster.local:8776/v3/35cc968e6e264034b3093611a1307f7c/os-quota-sets/35cc968e6e264034b3093611a1307f7c?usage=true returned with HTTP 200 [pid: 8|app: 0|req: 376/753] 172.24.0.198 () {28 vars in 738 bytes} [Thu Feb 19 20:15:06 2026] GET /v3/35cc968e6e264034b3093611a1307f7c/os-quota-sets/35cc968e6e264034b3093611a1307f7c?usage=true => generated 845 bytes in 30 msecs (HTTP/1.1 200) 7 headers in 285 bytes (1 switches on core 0) /var/lib/openstack/lib/python3.12/site-packages/pycadf/identifier.py:70: UserWarning: Invalid uuid: cinderv3. To ensure interoperability, identifiers should be a valid uuid. warnings.warn(('Invalid uuid: %s. To ensure interoperability, '
2026-02-19 20:15:06.993 7 INFO cinder.api.openstack.wsgi [None req-e57ad54f-0004-4902-b46d-73ace853b82c 7b8805a5c5f74aeeb2aa0e221a95ac3e 35cc968e6e264034b3093611a1307f7c - - default default] GET http://cinder-api.openstack.svc.cluster.local:8776/v3/35cc968e6e264034b3093611a1307f7c/os-quota-sets/7ce8505872fe4e4abce6aafd6b89ed5f?usage=true
2026-02-19 20:15:07.022 7 INFO cinder.api.openstack.wsgi [None req-e57ad54f-0004-4902-b46d-73ace853b82c 7b8805a5c5f74aeeb2aa0e221a95ac3e 35cc968e6e264034b3093611a1307f7c - - default default] http://cinder-api.openstack.svc.cluster.local:8776/v3/35cc968e6e264034b3093611a1307f7c/os-quota-sets/7ce8505872fe4e4abce6aafd6b89ed5f?usage=true returned with HTTP 200 [pid: 7|app: 0|req: 378/754] 172.24.0.198 () {28 vars in 738 bytes} [Thu Feb 19 20:15:06 2026] GET /v3/35cc968e6e264034b3093611a1307f7c/os-quota-sets/7ce8505872fe4e4abce6aafd6b89ed5f?usage=true => generated 847 bytes in 33 msecs (HTTP/1.1 200) 7 headers in 285 bytes (1 switches on core 0)
2026-02-19 20:15:07.037 8 INFO cinder.api.openstack.wsgi [None req-d1a88029-761b-4a0c-a2e1-cdd7f3aaee4f 7b8805a5c5f74aeeb2aa0e221a95ac3e 35cc968e6e264034b3093611a1307f7c - - default default] GET http://cinder-api.openstack.svc.cluster.local:8776/v3/35cc968e6e264034b3093611a1307f7c/os-quota-sets/8892bca31f0a457192b62a04662c63c2?usage=true
2026-02-19 20:15:07.065 8 INFO cinder.api.openstack.wsgi [None req-d1a88029-761b-4a0c-a2e1-cdd7f3aaee4f 7b8805a5c5f74aeeb2aa0e221a95ac3e 35cc968e6e264034b3093611a1307f7c - - default default] http://cinder-api.openstack.svc.cluster.local:8776/v3/35cc968e6e264034b3093611a1307f7c/os-quota-sets/8892bca31f0a457192b62a04662c63c2?usage=true returned with HTTP 200 [pid: 8|app: 0|req: 377/755] 172.24.0.198 () {28 vars in 738 bytes} [Thu Feb 19 20:15:07 2026] GET /v3/35cc968e6e264034b3093611a1307f7c/os-quota-sets/8892bca31f0a457192b62a04662c63c2?usage=true => generated 847 bytes in 38 msecs (HTTP/1.1 200) 7 headers in 285 bytes (1 switches on core 0)
2026-02-19 20:15:07.076 7 INFO cinder.api.openstack.wsgi [None req-1facfe58-1e71-4167-b93d-6d2c47068f9a 7b8805a5c5f74aeeb2aa0e221a95ac3e 35cc968e6e264034b3093611a1307f7c - - default default] GET http://cinder-api.openstack.svc.cluster.local:8776/v3/35cc968e6e264034b3093611a1307f7c/os-quota-sets/a1fe73d913784b08b6e43541409a1e13?usage=true
2026-02-19 20:15:07.099 7 INFO cinder.api.openstack.wsgi [None req-1facfe58-1e71-4167-b93d-6d2c47068f9a 7b8805a5c5f74aeeb2aa0e221a95ac3e 35cc968e6e264034b3093611a1307f7c - - default default] http://cinder-api.openstack.svc.cluster.local:8776/v3/35cc968e6e264034b3093611a1307f7c/os-quota-sets/a1fe73d913784b08b6e43541409a1e13?usage=true returned with HTTP 200 [pid: 7|app: 0|req: 379/756] 172.24.0.198 () {28 vars in 738 bytes} [Thu Feb 19 20:15:07 2026] GET /v3/35cc968e6e264034b3093611a1307f7c/os-quota-sets/a1fe73d913784b08b6e43541409a1e13?usage=true => generated 847 bytes in 29 msecs (HTTP/1.1 200) 7 headers in 285 bytes (1 switches on core 0)
2026-02-19 20:15:07.109 8 INFO cinder.api.openstack.wsgi [None req-c225de50-f874-4bcc-af6c-d4361e328f35 7b8805a5c5f74aeeb2aa0e221a95ac3e 35cc968e6e264034b3093611a1307f7c - - default default] GET http://cinder-api.openstack.svc.cluster.local:8776/v3/35cc968e6e264034b3093611a1307f7c/os-quota-sets/a475ce6eb9e1463b80a6f85abd79ae73?usage=true
2026-02-19 20:15:07.133 8 INFO cinder.api.openstack.wsgi [None req-c225de50-f874-4bcc-af6c-d4361e328f35 7b8805a5c5f74aeeb2aa0e221a95ac3e 35cc968e6e264034b3093611a1307f7c - - default default] http://cinder-api.openstack.svc.cluster.local:8776/v3/35cc968e6e264034b3093611a1307f7c/os-quota-sets/a475ce6eb9e1463b80a6f85abd79ae73?usage=true returned with HTTP 200 [pid: 8|app: 0|req: 378/757] 172.24.0.198 () {28 vars in 738 bytes} [Thu Feb 19 20:15:07 2026] GET /v3/35cc968e6e264034b3093611a1307f7c/os-quota-sets/a475ce6eb9e1463b80a6f85abd79ae73?usage=true => generated 847 bytes in 30 msecs (HTTP/1.1 200) 7 headers in 285 bytes (1 switches on core 0)
2026-02-19 20:15:07.146 7 INFO cinder.api.openstack.wsgi [None req-134cde29-fb0e-4e15-81f7-03b22cfa952b 7b8805a5c5f74aeeb2aa0e221a95ac3e 35cc968e6e264034b3093611a1307f7c - - default default] GET http://cinder-api.openstack.svc.cluster.local:8776/v3/35cc968e6e264034b3093611a1307f7c/os-quota-sets/e2d0ce2ddad94f24b752a8fddc71c840?usage=true
2026-02-19 20:15:07.172 7 INFO cinder.api.openstack.wsgi [None req-134cde29-fb0e-4e15-81f7-03b22cfa952b 7b8805a5c5f74aeeb2aa0e221a95ac3e 35cc968e6e264034b3093611a1307f7c - - default default] http://cinder-api.openstack.svc.cluster.local:8776/v3/35cc968e6e264034b3093611a1307f7c/os-quota-sets/e2d0ce2ddad94f24b752a8fddc71c840?usage=true returned with HTTP 200 [pid: 7|app: 0|req: 380/758] 172.24.0.198 () {28 vars in 738 bytes} [Thu Feb 19 20:15:07 2026] GET /v3/35cc968e6e264034b3093611a1307f7c/os-quota-sets/e2d0ce2ddad94f24b752a8fddc71c840?usage=true => generated 847 bytes in 35 msecs (HTTP/1.1 200) 7 headers in 285 bytes (1 switches on core 0)
2026-02-19 20:15:07.184 8 INFO cinder.api.openstack.wsgi [None req-ac9ef348-806c-49af-97b8-5f2af6cfe521 7b8805a5c5f74aeeb2aa0e221a95ac3e 35cc968e6e264034b3093611a1307f7c - - default default] GET http://cinder-api.openstack.svc.cluster.local:8776/v3/35cc968e6e264034b3093611a1307f7c/os-quota-sets/f59baf6fb1da477a9323a779c5502149?usage=true
2026-02-19 20:15:07.203 8 INFO cinder.api.openstack.wsgi [None req-ac9ef348-806c-49af-97b8-5f2af6cfe521 7b8805a5c5f74aeeb2aa0e221a95ac3e 35cc968e6e264034b3093611a1307f7c - - default default] http://cinder-api.openstack.svc.cluster.local:8776/v3/35cc968e6e264034b3093611a1307f7c/os-quota-sets/f59baf6fb1da477a9323a779c5502149?usage=true returned with HTTP 200 [pid: 8|app: 0|req: 379/759] 172.24.0.198 () {28 vars in 738 bytes} [Thu Feb 19 20:15:07 2026] GET /v3/35cc968e6e264034b3093611a1307f7c/os-quota-sets/f59baf6fb1da477a9323a779c5502149?usage=true => generated 847 bytes in 27 msecs (HTTP/1.1 200) 7 headers in 285 bytes (1 switches on core 0)
2026-02-19 20:15:07.217 7 INFO cinder.api.openstack.wsgi [None req-9c988440-5490-4ef9-893a-afc45f728bc8 7b8805a5c5f74aeeb2aa0e221a95ac3e 35cc968e6e264034b3093611a1307f7c - - default default] GET http://cinder-api.openstack.svc.cluster.local:8776/v3/35cc968e6e264034b3093611a1307f7c/os-quota-sets/fe891a2a52d14a65a2676e1078de6582?usage=true
2026-02-19 20:15:07.244 7 INFO cinder.api.openstack.wsgi [None req-9c988440-5490-4ef9-893a-afc45f728bc8 7b8805a5c5f74aeeb2aa0e221a95ac3e 35cc968e6e264034b3093611a1307f7c - - default default] http://cinder-api.openstack.svc.cluster.local:8776/v3/35cc968e6e264034b3093611a1307f7c/os-quota-sets/fe891a2a52d14a65a2676e1078de6582?usage=true returned with HTTP 200 [pid: 7|app: 0|req: 381/760] 172.24.0.198 () {28 vars in 738 bytes} [Thu Feb 19 20:15:07 2026] GET /v3/35cc968e6e264034b3093611a1307f7c/os-quota-sets/fe891a2a52d14a65a2676e1078de6582?usage=true => generated 845 bytes in 35 msecs (HTTP/1.1 200) 7 headers in 285 bytes (1 switches on core 0)
2026-02-19 20:15:07.255 8 INFO cinder.api.openstack.wsgi [None req-468af74f-0a95-4f64-9054-dfa6eade8069 7b8805a5c5f74aeeb2aa0e221a95ac3e 35cc968e6e264034b3093611a1307f7c - - default default] GET http://cinder-api.openstack.svc.cluster.local:8776/v3/35cc968e6e264034b3093611a1307f7c/snapshots?all_tenants=true
2026-02-19 20:15:07.262 8 INFO cinder.volume.api [None req-468af74f-0a95-4f64-9054-dfa6eade8069 7b8805a5c5f74aeeb2aa0e221a95ac3e 35cc968e6e264034b3093611a1307f7c - - default default] Get all snapshots completed successfully.
2026-02-19 20:15:07.262 8 INFO cinder.api.openstack.wsgi [None req-468af74f-0a95-4f64-9054-dfa6eade8069 7b8805a5c5f74aeeb2aa0e221a95ac3e 35cc968e6e264034b3093611a1307f7c - - default default] http://cinder-api.openstack.svc.cluster.local:8776/v3/35cc968e6e264034b3093611a1307f7c/snapshots?all_tenants=true returned with HTTP 200 [pid: 8|app: 0|req: 380/761] 172.24.0.198 () {28 vars in 676 bytes} [Thu Feb 19 20:15:07 2026] GET /v3/35cc968e6e264034b3093611a1307f7c/snapshots?all_tenants=true => generated 17 bytes in 12 msecs (HTTP/1.1 200) 7 headers in 284 bytes (1 switches on core 0)
2026-02-19 20:15:07.274 7 INFO cinder.api.openstack.wsgi [None req-2c9d58de-2ef9-43d7-8e5b-67f1f167c115 7b8805a5c5f74aeeb2aa0e221a95ac3e 35cc968e6e264034b3093611a1307f7c - - default default] GET http://cinder-api.openstack.svc.cluster.local:8776/v3/35cc968e6e264034b3093611a1307f7c/os-services
2026-02-19 20:15:07.281 7 INFO cinder.api.openstack.wsgi [None req-2c9d58de-2ef9-43d7-8e5b-67f1f167c115 7b8805a5c5f74aeeb2aa0e221a95ac3e 35cc968e6e264034b3093611a1307f7c - - default default] http://cinder-api.openstack.svc.cluster.local:8776/v3/35cc968e6e264034b3093611a1307f7c/os-services returned with HTTP 200 [pid: 7|app: 0|req: 382/762] 172.24.0.198 () {28 vars in 647 bytes} [Thu Feb 19 20:15:07 2026] GET /v3/35cc968e6e264034b3093611a1307f7c/os-services => generated 646 bytes in 15 msecs (HTTP/1.1 200) 7 headers in 285 bytes (1 switches on core 0)
2026-02-19 20:15:15.025 8 INFO cinder.api.openstack.wsgi [None req-d238ab51-c5a5-4307-98a7-eeb89b594710 7c7dbb5c46c7411780c67d5353773178 a475ce6eb9e1463b80a6f85abd79ae73 - - default default] POST http://cinder-api.openstack.svc.cluster.local:8776/v3/a475ce6eb9e1463b80a6f85abd79ae73/volumes/0b0cddf1-3b28-4faa-9da3-c34f4c90fde9/action /var/lib/openstack/lib/python3.12/site-packages/oslo_context/context.py:101: DeprecationWarning: Policy enforcement is depending on the value of is_admin. This key is deprecated. Please update your policy file to use the standard policy values. warnings.warn(
2026-02-19 20:15:15.036 8 INFO cinder.volume.api [None req-d238ab51-c5a5-4307-98a7-eeb89b594710 7c7dbb5c46c7411780c67d5353773178 a475ce6eb9e1463b80a6f85abd79ae73 - - default default] Volume info retrieved successfully.
2026-02-19 20:15:15.047 8 INFO cinder.volume.api [None req-d238ab51-c5a5-4307-98a7-eeb89b594710 7c7dbb5c46c7411780c67d5353773178 a475ce6eb9e1463b80a6f85abd79ae73 - - default default] Update volume admin metadata completed successfully.
2026-02-19 20:15:15.553 8 INFO cinder.volume.api [None req-d238ab51-c5a5-4307-98a7-eeb89b594710 7c7dbb5c46c7411780c67d5353773178 a475ce6eb9e1463b80a6f85abd79ae73 - - default default] Attach volume completed successfully.
2026-02-19 20:15:15.553 8 INFO cinder.api.openstack.wsgi [None req-d238ab51-c5a5-4307-98a7-eeb89b594710 7c7dbb5c46c7411780c67d5353773178 a475ce6eb9e1463b80a6f85abd79ae73 - - default default] http://cinder-api.openstack.svc.cluster.local:8776/v3/a475ce6eb9e1463b80a6f85abd79ae73/volumes/0b0cddf1-3b28-4faa-9da3-c34f4c90fde9/action returned with HTTP 202 [pid: 8|app: 0|req: 381/763] 172.24.0.234 () {34 vars in 812 bytes} [Thu Feb 19 20:15:15 2026] POST /v3/a475ce6eb9e1463b80a6f85abd79ae73/volumes/0b0cddf1-3b28-4faa-9da3-c34f4c90fde9/action => generated 0 bytes in 535 msecs (HTTP/1.1 202) 7 headers in 289 bytes (1 switches on core 0)
2026-02-19 20:15:15.566 7 INFO cinder.api.openstack.wsgi [None req-1d514739-c4ce-467e-8835-431a61285358 7c7dbb5c46c7411780c67d5353773178 a475ce6eb9e1463b80a6f85abd79ae73 - - default default] GET http://cinder-api.openstack.svc.cluster.local:8776/v3/a475ce6eb9e1463b80a6f85abd79ae73/volumes/0b0cddf1-3b28-4faa-9da3-c34f4c90fde9 /var/lib/openstack/lib/python3.12/site-packages/oslo_context/context.py:101: DeprecationWarning: Policy enforcement is depending on the value of is_admin. This key is deprecated. Please update your policy file to use the standard policy values. warnings.warn(
2026-02-19 20:15:15.582 7 INFO cinder.volume.api [None req-1d514739-c4ce-467e-8835-431a61285358 7c7dbb5c46c7411780c67d5353773178 a475ce6eb9e1463b80a6f85abd79ae73 - - default default] Volume info retrieved successfully.
2026-02-19 20:15:15.588 7 INFO cinder.api.openstack.wsgi [None req-1d514739-c4ce-467e-8835-431a61285358 7c7dbb5c46c7411780c67d5353773178 a475ce6eb9e1463b80a6f85abd79ae73 - - default default] http://cinder-api.openstack.svc.cluster.local:8776/v3/a475ce6eb9e1463b80a6f85abd79ae73/volumes/0b0cddf1-3b28-4faa-9da3-c34f4c90fde9 returned with HTTP 200 [pid: 7|app: 0|req: 383/764] 172.24.0.234 () {32 vars in 777 bytes} [Thu Feb 19 20:15:15 2026] GET /v3/a475ce6eb9e1463b80a6f85abd79ae73/volumes/0b0cddf1-3b28-4faa-9da3-c34f4c90fde9 => generated 1288 bytes in 29 msecs (HTTP/1.1 200) 7 headers in 286 bytes (1 switches on core 0) /var/lib/openstack/lib/python3.12/site-packages/pycadf/identifier.py:70: UserWarning: Invalid uuid: cinderv3. To ensure interoperability, identifiers should be a valid uuid. warnings.warn(('Invalid uuid: %s. To ensure interoperability, '
2026-02-19 20:15:15.610 8 INFO cinder.api.openstack.wsgi [None req-dadade5b-b027-49b4-8554-cea7aae4ec60 7c7dbb5c46c7411780c67d5353773178 a475ce6eb9e1463b80a6f85abd79ae73 - - default default] POST http://cinder-api.openstack.svc.cluster.local:8776/v3/a475ce6eb9e1463b80a6f85abd79ae73/volumes/0b0cddf1-3b28-4faa-9da3-c34f4c90fde9/action /var/lib/openstack/lib/python3.12/site-packages/oslo_context/context.py:101: DeprecationWarning: Policy enforcement is depending on the value of is_admin. This key is deprecated. Please update your policy file to use the standard policy values. warnings.warn(
2026-02-19 20:15:15.629 8 INFO cinder.volume.api [None req-dadade5b-b027-49b4-8554-cea7aae4ec60 7c7dbb5c46c7411780c67d5353773178 a475ce6eb9e1463b80a6f85abd79ae73 - - default default] Volume info retrieved successfully.
2026-02-19 20:15:15.632 7 INFO cinder.api.openstack.wsgi [None req-1d514739-c4ce-467e-8835-431a61285358 7c7dbb5c46c7411780c67d5353773178 a475ce6eb9e1463b80a6f85abd79ae73 - - default default] GET http://172.24.0.240:8776/
2026-02-19 20:15:15.633 7 INFO cinder.api.openstack.wsgi [None req-1d514739-c4ce-467e-8835-431a61285358 7c7dbb5c46c7411780c67d5353773178 a475ce6eb9e1463b80a6f85abd79ae73 - - default default] http://172.24.0.240:8776/ returned with HTTP 300
2026-02-19 20:15:15.635 7 INFO cinder.api.openstack.wsgi [None req-1d514739-c4ce-467e-8835-431a61285358 7c7dbb5c46c7411780c67d5353773178 a475ce6eb9e1463b80a6f85abd79ae73 - - default default] GET http://172.24.0.240:8776/
2026-02-19 20:15:15.635 7 INFO cinder.api.openstack.wsgi [None req-1d514739-c4ce-467e-8835-431a61285358 7c7dbb5c46c7411780c67d5353773178 a475ce6eb9e1463b80a6f85abd79ae73 - - default default] http://172.24.0.240:8776/ returned with HTTP 300
2026-02-19 20:15:16.135 8 INFO cinder.volume.api [None req-dadade5b-b027-49b4-8554-cea7aae4ec60 7c7dbb5c46c7411780c67d5353773178 a475ce6eb9e1463b80a6f85abd79ae73 - - default default] Detach volume completed successfully.
2026-02-19 20:15:16.135 8 INFO cinder.api.openstack.wsgi [None req-dadade5b-b027-49b4-8554-cea7aae4ec60 7c7dbb5c46c7411780c67d5353773178 a475ce6eb9e1463b80a6f85abd79ae73 - - default default] http://cinder-api.openstack.svc.cluster.local:8776/v3/a475ce6eb9e1463b80a6f85abd79ae73/volumes/0b0cddf1-3b28-4faa-9da3-c34f4c90fde9/action returned with HTTP 202 [pid: 8|app: 0|req: 382/767] 172.24.0.234 () {34 vars in 812 bytes} [Thu Feb 19 20:15:15 2026] POST /v3/a475ce6eb9e1463b80a6f85abd79ae73/volumes/0b0cddf1-3b28-4faa-9da3-c34f4c90fde9/action => generated 0 bytes in 534 msecs (HTTP/1.1 202) 7 headers in 289 bytes (1 switches on core 0) /var/lib/openstack/lib/python3.12/site-packages/pycadf/identifier.py:70: UserWarning: Invalid uuid: cinderv3. To ensure interoperability, identifiers should be a valid uuid. warnings.warn(('Invalid uuid: %s. To ensure interoperability, '
2026-02-19 20:15:16.149 7 INFO cinder.api.openstack.wsgi [None req-43f831c7-92cd-4e0b-b022-4de06207765b 7c7dbb5c46c7411780c67d5353773178 a475ce6eb9e1463b80a6f85abd79ae73 - - default default] GET http://cinder-api.openstack.svc.cluster.local:8776/v3/a475ce6eb9e1463b80a6f85abd79ae73/volumes/0b0cddf1-3b28-4faa-9da3-c34f4c90fde9 /var/lib/openstack/lib/python3.12/site-packages/oslo_context/context.py:101: DeprecationWarning: Policy enforcement is depending on the value of is_admin. This key is deprecated. Please update your policy file to use the standard policy values. warnings.warn(
2026-02-19 20:15:16.165 7 INFO cinder.volume.api [None req-43f831c7-92cd-4e0b-b022-4de06207765b 7c7dbb5c46c7411780c67d5353773178 a475ce6eb9e1463b80a6f85abd79ae73 - - default default] Volume info retrieved successfully.
2026-02-19 20:15:16.170 7 INFO cinder.api.openstack.wsgi [None req-43f831c7-92cd-4e0b-b022-4de06207765b 7c7dbb5c46c7411780c67d5353773178 a475ce6eb9e1463b80a6f85abd79ae73 - - default default] http://cinder-api.openstack.svc.cluster.local:8776/v3/a475ce6eb9e1463b80a6f85abd79ae73/volumes/0b0cddf1-3b28-4faa-9da3-c34f4c90fde9 returned with HTTP 200 [pid: 7|app: 0|req: 386/768] 172.24.0.234 () {32 vars in 777 bytes} [Thu Feb 19 20:15:16 2026] GET /v3/a475ce6eb9e1463b80a6f85abd79ae73/volumes/0b0cddf1-3b28-4faa-9da3-c34f4c90fde9 => generated 973 bytes in 28 msecs (HTTP/1.1 200) 7 headers in 285 bytes (1 switches on core 0) /var/lib/openstack/lib/python3.12/site-packages/pycadf/identifier.py:70: UserWarning: Invalid uuid: cinderv3. To ensure interoperability, identifiers should be a valid uuid. warnings.warn(('Invalid uuid: %s. To ensure interoperability, '
2026-02-19 20:15:22.142 8 INFO cinder.api.openstack.wsgi [None req-c5d29a20-80ee-490d-94c0-92f42f61da8b 7c7dbb5c46c7411780c67d5353773178 a475ce6eb9e1463b80a6f85abd79ae73 - - default default] GET http://cinder-api.openstack.svc.cluster.local:8776/v3/a475ce6eb9e1463b80a6f85abd79ae73/volumes/0b0cddf1-3b28-4faa-9da3-c34f4c90fde9 /var/lib/openstack/lib/python3.12/site-packages/oslo_context/context.py:101: DeprecationWarning: Policy enforcement is depending on the value of is_admin. This key is deprecated. Please update your policy file to use the standard policy values. warnings.warn(
2026-02-19 20:15:22.157 8 INFO cinder.volume.api [None req-c5d29a20-80ee-490d-94c0-92f42f61da8b 7c7dbb5c46c7411780c67d5353773178 a475ce6eb9e1463b80a6f85abd79ae73 - - default default] Volume info retrieved successfully.
2026-02-19 20:15:22.163 8 INFO cinder.api.openstack.wsgi [None req-c5d29a20-80ee-490d-94c0-92f42f61da8b 7c7dbb5c46c7411780c67d5353773178 a475ce6eb9e1463b80a6f85abd79ae73 - - default default] http://cinder-api.openstack.svc.cluster.local:8776/v3/a475ce6eb9e1463b80a6f85abd79ae73/volumes/0b0cddf1-3b28-4faa-9da3-c34f4c90fde9 returned with HTTP 200 [pid: 8|app: 0|req: 383/769] 172.24.0.234 () {32 vars in 777 bytes} [Thu Feb 19 20:15:22 2026] GET /v3/a475ce6eb9e1463b80a6f85abd79ae73/volumes/0b0cddf1-3b28-4faa-9da3-c34f4c90fde9 => generated 973 bytes in 26 msecs (HTTP/1.1 200) 7 headers in 285 bytes (1 switches on core 0) /var/lib/openstack/lib/python3.12/site-packages/pycadf/identifier.py:70: UserWarning: Invalid uuid: cinderv3. To ensure interoperability, identifiers should be a valid uuid. warnings.warn(('Invalid uuid: %s. To ensure interoperability, '
2026-02-19 20:15:22.181 7 INFO cinder.api.openstack.wsgi [None req-9256c9a6-5b0e-4320-9a35-b212414356f0 7c7dbb5c46c7411780c67d5353773178 a475ce6eb9e1463b80a6f85abd79ae73 - - default default] DELETE http://cinder-api.openstack.svc.cluster.local:8776/v3/a475ce6eb9e1463b80a6f85abd79ae73/volumes/0b0cddf1-3b28-4faa-9da3-c34f4c90fde9
2026-02-19 20:15:22.181 7 INFO cinder.api.v3.volumes [None req-9256c9a6-5b0e-4320-9a35-b212414356f0 7c7dbb5c46c7411780c67d5353773178 a475ce6eb9e1463b80a6f85abd79ae73 - - default default] Delete volume with id: 0b0cddf1-3b28-4faa-9da3-c34f4c90fde9 /var/lib/openstack/lib/python3.12/site-packages/oslo_context/context.py:101: DeprecationWarning: Policy enforcement is depending on the value of is_admin. This key is deprecated. Please update your policy file to use the standard policy values. warnings.warn(
2026-02-19 20:15:22.190 7 INFO cinder.volume.api [None req-9256c9a6-5b0e-4320-9a35-b212414356f0 7c7dbb5c46c7411780c67d5353773178 a475ce6eb9e1463b80a6f85abd79ae73 - - default default] Volume info retrieved successfully.
2026-02-19 20:15:22.213 7 INFO cinder.volume.api [None req-9256c9a6-5b0e-4320-9a35-b212414356f0 7c7dbb5c46c7411780c67d5353773178 a475ce6eb9e1463b80a6f85abd79ae73 - - default default] Delete volume request issued successfully.
2026-02-19 20:15:22.213 7 INFO cinder.api.openstack.wsgi [None req-9256c9a6-5b0e-4320-9a35-b212414356f0 7c7dbb5c46c7411780c67d5353773178 a475ce6eb9e1463b80a6f85abd79ae73 - - default default] http://cinder-api.openstack.svc.cluster.local:8776/v3/a475ce6eb9e1463b80a6f85abd79ae73/volumes/0b0cddf1-3b28-4faa-9da3-c34f4c90fde9 returned with HTTP 202 [pid: 7|app: 0|req: 387/770] 172.24.0.234 () {32 vars in 780 bytes} [Thu Feb 19 20:15:22 2026] DELETE /v3/a475ce6eb9e1463b80a6f85abd79ae73/volumes/0b0cddf1-3b28-4faa-9da3-c34f4c90fde9 => generated 0 bytes in 36 msecs (HTTP/1.1 202) 6 headers in 233 bytes (1 switches on core 0) /var/lib/openstack/lib/python3.12/site-packages/pycadf/identifier.py:70: UserWarning: Invalid uuid: cinderv3. To ensure interoperability, identifiers should be a valid uuid. warnings.warn(('Invalid uuid: %s. To ensure interoperability, '
2026-02-19 20:15:22.223 8 INFO cinder.api.openstack.wsgi [None req-aec9bd84-6696-4774-bb62-4dba489c7ceb 7c7dbb5c46c7411780c67d5353773178 a475ce6eb9e1463b80a6f85abd79ae73 - - default default] GET http://cinder-api.openstack.svc.cluster.local:8776/v3/a475ce6eb9e1463b80a6f85abd79ae73/volumes/0b0cddf1-3b28-4faa-9da3-c34f4c90fde9 /var/lib/openstack/lib/python3.12/site-packages/oslo_context/context.py:101: DeprecationWarning: Policy enforcement is depending on the value of is_admin. This key is deprecated. Please update your policy file to use the standard policy values. warnings.warn(
2026-02-19 20:15:22.240 8 INFO cinder.volume.api [None req-aec9bd84-6696-4774-bb62-4dba489c7ceb 7c7dbb5c46c7411780c67d5353773178 a475ce6eb9e1463b80a6f85abd79ae73 - - default default] Volume info retrieved successfully.
2026-02-19 20:15:22.245 8 INFO cinder.api.openstack.wsgi [None req-aec9bd84-6696-4774-bb62-4dba489c7ceb 7c7dbb5c46c7411780c67d5353773178 a475ce6eb9e1463b80a6f85abd79ae73 - - default default] http://cinder-api.openstack.svc.cluster.local:8776/v3/a475ce6eb9e1463b80a6f85abd79ae73/volumes/0b0cddf1-3b28-4faa-9da3-c34f4c90fde9 returned with HTTP 200 [pid: 8|app: 0|req: 384/771] 172.24.0.234 () {32 vars in 777 bytes} [Thu Feb 19 20:15:22 2026] GET /v3/a475ce6eb9e1463b80a6f85abd79ae73/volumes/0b0cddf1-3b28-4faa-9da3-c34f4c90fde9 => generated 972 bytes in 27 msecs (HTTP/1.1 200) 7 headers in 285 bytes (1 switches on core 0) /var/lib/openstack/lib/python3.12/site-packages/pycadf/identifier.py:70: UserWarning: Invalid uuid: cinderv3. To ensure interoperability, identifiers should be a valid uuid. warnings.warn(('Invalid uuid: %s. To ensure interoperability, '
2026-02-19 20:15:23.267 7 INFO cinder.api.openstack.wsgi [None req-dfe151e7-cfcb-4c11-8f95-efc6c26230dd 7c7dbb5c46c7411780c67d5353773178 a475ce6eb9e1463b80a6f85abd79ae73 - - default default] GET http://cinder-api.openstack.svc.cluster.local:8776/v3/a475ce6eb9e1463b80a6f85abd79ae73/volumes/0b0cddf1-3b28-4faa-9da3-c34f4c90fde9
2026-02-19 20:15:23.277 7 INFO cinder.api.openstack.wsgi [None req-dfe151e7-cfcb-4c11-8f95-efc6c26230dd 7c7dbb5c46c7411780c67d5353773178 a475ce6eb9e1463b80a6f85abd79ae73 - - default default] http://cinder-api.openstack.svc.cluster.local:8776/v3/a475ce6eb9e1463b80a6f85abd79ae73/volumes/0b0cddf1-3b28-4faa-9da3-c34f4c90fde9 returned with HTTP 404 [pid: 7|app: 0|req: 388/772] 172.24.0.234 () {32 vars in 777 bytes} [Thu Feb 19 20:15:23 2026] GET /v3/a475ce6eb9e1463b80a6f85abd79ae73/volumes/0b0cddf1-3b28-4faa-9da3-c34f4c90fde9 => generated 109 bytes in 17 msecs (HTTP/1.1 404) 7 headers in 292 bytes (1 switches on core 0)
2026-02-19 20:15:25.633 8 INFO cinder.api.openstack.wsgi [None req-aec9bd84-6696-4774-bb62-4dba489c7ceb 7c7dbb5c46c7411780c67d5353773178 a475ce6eb9e1463b80a6f85abd79ae73 - - default default] GET http://172.24.0.240:8776/
2026-02-19 20:15:25.633 7 INFO cinder.api.openstack.wsgi [None req-dfe151e7-cfcb-4c11-8f95-efc6c26230dd 7c7dbb5c46c7411780c67d5353773178 a475ce6eb9e1463b80a6f85abd79ae73 - - default default] GET http://172.24.0.240:8776/
2026-02-19 20:15:25.634 8 INFO cinder.api.openstack.wsgi [None req-aec9bd84-6696-4774-bb62-4dba489c7ceb 7c7dbb5c46c7411780c67d5353773178 a475ce6eb9e1463b80a6f85abd79ae73 - - default default] http://172.24.0.240:8776/ returned with HTTP 300
2026-02-19 20:15:25.635 7 INFO cinder.api.openstack.wsgi [None req-dfe151e7-cfcb-4c11-8f95-efc6c26230dd 7c7dbb5c46c7411780c67d5353773178 a475ce6eb9e1463b80a6f85abd79ae73 - - default default] http://172.24.0.240:8776/ returned with HTTP 300 /var/lib/openstack/lib/python3.12/site-packages/pycadf/identifier.py:70: UserWarning: Invalid uuid: cinderv3. To ensure interoperability, identifiers should be a valid uuid. warnings.warn(('Invalid uuid: %s. To ensure interoperability, '
2026-02-19 20:15:27.651 8 INFO cinder.api.openstack.wsgi [None req-78d0a41a-0eb0-4177-8823-52c790fff682 0aa93d45b6f044f9ad96a1eb91ab65d4 61887f0d828c4ce5a50bf466ccbca3da - - default default] GET http://cinder-api.openstack.svc.cluster.local:8776/v3/61887f0d828c4ce5a50bf466ccbca3da/volumes
2026-02-19 20:15:27.679 8 INFO cinder.volume.api [None req-78d0a41a-0eb0-4177-8823-52c790fff682 0aa93d45b6f044f9ad96a1eb91ab65d4 61887f0d828c4ce5a50bf466ccbca3da - - default default] Get all volumes completed successfully.
2026-02-19 20:15:27.679 8 INFO cinder.api.openstack.wsgi [None req-78d0a41a-0eb0-4177-8823-52c790fff682 0aa93d45b6f044f9ad96a1eb91ab65d4 61887f0d828c4ce5a50bf466ccbca3da - - default default] http://cinder-api.openstack.svc.cluster.local:8776/v3/61887f0d828c4ce5a50bf466ccbca3da/volumes returned with HTTP 200 [pid: 8|app: 0|req: 386/775] 172.24.0.234 () {32 vars in 703 bytes} [Thu Feb 19 20:15:27 2026] GET /v3/61887f0d828c4ce5a50bf466ccbca3da/volumes => generated 15 bytes in 151 msecs (HTTP/1.1 200) 7 headers in 284 bytes (1 switches on core 0)
2026-02-19 20:15:27.694 7 INFO cinder.api.openstack.wsgi [None req-d7503330-fccf-4bb4-9acf-63e68941412d 0aa93d45b6f044f9ad96a1eb91ab65d4 61887f0d828c4ce5a50bf466ccbca3da - - default default] POST http://cinder-api.openstack.svc.cluster.local:8776/v3/61887f0d828c4ce5a50bf466ccbca3da/volumes
2026-02-19 20:15:27.698 7 INFO cinder.api.v3.volumes [None req-d7503330-fccf-4bb4-9acf-63e68941412d 0aa93d45b6f044f9ad96a1eb91ab65d4 61887f0d828c4ce5a50bf466ccbca3da - - default default] Create volume of 1 GB
2026-02-19 20:15:27.703 7 INFO cinder.volume.api [None req-d7503330-fccf-4bb4-9acf-63e68941412d 0aa93d45b6f044f9ad96a1eb91ab65d4 61887f0d828c4ce5a50bf466ccbca3da - - default default] Availability Zones retrieved successfully.
2026-02-19 20:15:27.845 7 INFO cinder.volume.api [None req-d7503330-fccf-4bb4-9acf-63e68941412d 0aa93d45b6f044f9ad96a1eb91ab65d4 61887f0d828c4ce5a50bf466ccbca3da - - default default] Create volume request issued successfully.
2026-02-19 20:15:27.846 7 INFO cinder.api.openstack.wsgi [None req-d7503330-fccf-4bb4-9acf-63e68941412d 0aa93d45b6f044f9ad96a1eb91ab65d4 61887f0d828c4ce5a50bf466ccbca3da - - default default] http://cinder-api.openstack.svc.cluster.local:8776/v3/61887f0d828c4ce5a50bf466ccbca3da/volumes returned with HTTP 202 [pid: 7|app: 0|req: 390/776] 172.24.0.234 () {34 vars in 725 bytes} [Thu Feb 19 20:15:27 2026] POST /v3/61887f0d828c4ce5a50bf466ccbca3da/volumes => generated 876 bytes in 158 msecs (HTTP/1.1 202) 7 headers in 291 bytes (1 switches on core 0)
2026-02-19 20:15:27.868 8 INFO cinder.api.openstack.wsgi [None req-d377ef77-e999-45a6-a7df-102eca193db9 0aa93d45b6f044f9ad96a1eb91ab65d4 61887f0d828c4ce5a50bf466ccbca3da - - default default] GET http://cinder-api.openstack.svc.cluster.local:8776/v3/61887f0d828c4ce5a50bf466ccbca3da/volumes/18ea545e-73fd-4363-b20e-fd515ace272f /var/lib/openstack/lib/python3.12/site-packages/oslo_context/context.py:101: DeprecationWarning: Policy enforcement is depending on the value of is_admin. This key is deprecated. Please update your policy file to use the standard policy values. warnings.warn(
2026-02-19 20:15:27.885 8 INFO cinder.volume.api [None req-d377ef77-e999-45a6-a7df-102eca193db9 0aa93d45b6f044f9ad96a1eb91ab65d4 61887f0d828c4ce5a50bf466ccbca3da - - default default] Volume info retrieved successfully.
2026-02-19 20:15:27.889 8 INFO cinder.api.openstack.wsgi [None req-d377ef77-e999-45a6-a7df-102eca193db9 0aa93d45b6f044f9ad96a1eb91ab65d4 61887f0d828c4ce5a50bf466ccbca3da - - default default] http://cinder-api.openstack.svc.cluster.local:8776/v3/61887f0d828c4ce5a50bf466ccbca3da/volumes/18ea545e-73fd-4363-b20e-fd515ace272f returned with HTTP 200 [pid: 8|app: 0|req: 387/777] 172.24.0.234 () {32 vars in 777 bytes} [Thu Feb 19 20:15:27 2026] GET /v3/61887f0d828c4ce5a50bf466ccbca3da/volumes/18ea545e-73fd-4363-b20e-fd515ace272f => generated 944 bytes in 28 msecs (HTTP/1.1 200) 7 headers in 285 bytes (1 switches on core 0) /var/lib/openstack/lib/python3.12/site-packages/pycadf/identifier.py:70: UserWarning: Invalid uuid: cinderv3. To ensure interoperability, identifiers should be a valid uuid. warnings.warn(('Invalid uuid: %s. To ensure interoperability, '
2026-02-19 20:15:28.907 7 INFO cinder.api.openstack.wsgi [None req-542822be-6d67-42da-9143-6f35026bc994 0aa93d45b6f044f9ad96a1eb91ab65d4 61887f0d828c4ce5a50bf466ccbca3da - - default default] GET http://cinder-api.openstack.svc.cluster.local:8776/v3/61887f0d828c4ce5a50bf466ccbca3da/volumes/18ea545e-73fd-4363-b20e-fd515ace272f /var/lib/openstack/lib/python3.12/site-packages/oslo_context/context.py:101: DeprecationWarning: Policy enforcement is depending on the value of is_admin. This key is deprecated. Please update your policy file to use the standard policy values. warnings.warn(
2026-02-19 20:15:28.921 7 INFO cinder.volume.api [None req-542822be-6d67-42da-9143-6f35026bc994 0aa93d45b6f044f9ad96a1eb91ab65d4 61887f0d828c4ce5a50bf466ccbca3da - - default default] Volume info retrieved successfully.
2026-02-19 20:15:28.927 7 INFO cinder.api.openstack.wsgi [None req-542822be-6d67-42da-9143-6f35026bc994 0aa93d45b6f044f9ad96a1eb91ab65d4 61887f0d828c4ce5a50bf466ccbca3da - - default default] http://cinder-api.openstack.svc.cluster.local:8776/v3/61887f0d828c4ce5a50bf466ccbca3da/volumes/18ea545e-73fd-4363-b20e-fd515ace272f returned with HTTP 200 [pid: 7|app: 0|req: 391/778] 172.24.0.234 () {32 vars in 777 bytes} [Thu Feb 19 20:15:28 2026] GET /v3/61887f0d828c4ce5a50bf466ccbca3da/volumes/18ea545e-73fd-4363-b20e-fd515ace272f => generated 969 bytes in 28 msecs (HTTP/1.1 200) 7 headers in 285 bytes (1 switches on core 0) /var/lib/openstack/lib/python3.12/site-packages/pycadf/identifier.py:70: UserWarning: Invalid uuid: cinderv3. To ensure interoperability, identifiers should be a valid uuid. warnings.warn(('Invalid uuid: %s. To ensure interoperability, '
2026-02-19 20:15:28.948 8 INFO cinder.api.openstack.wsgi [None req-4fa39e01-d2da-4cef-8a24-396440511474 0aa93d45b6f044f9ad96a1eb91ab65d4 61887f0d828c4ce5a50bf466ccbca3da - - default default] GET http://cinder-api.openstack.svc.cluster.local:8776/v3/61887f0d828c4ce5a50bf466ccbca3da/volumes/18ea545e-73fd-4363-b20e-fd515ace272f /var/lib/openstack/lib/python3.12/site-packages/oslo_context/context.py:101: DeprecationWarning: Policy enforcement is depending on the value of is_admin. This key is deprecated. Please update your policy file to use the standard policy values. warnings.warn(
2026-02-19 20:15:28.963 8 INFO cinder.volume.api [None req-4fa39e01-d2da-4cef-8a24-396440511474 0aa93d45b6f044f9ad96a1eb91ab65d4 61887f0d828c4ce5a50bf466ccbca3da - - default default] Volume info retrieved successfully.
2026-02-19 20:15:28.968 8 INFO cinder.api.openstack.wsgi [None req-4fa39e01-d2da-4cef-8a24-396440511474 0aa93d45b6f044f9ad96a1eb91ab65d4 61887f0d828c4ce5a50bf466ccbca3da - - default default] http://cinder-api.openstack.svc.cluster.local:8776/v3/61887f0d828c4ce5a50bf466ccbca3da/volumes/18ea545e-73fd-4363-b20e-fd515ace272f returned with HTTP 200 [pid: 8|app: 0|req: 388/779] 172.24.0.234 () {32 vars in 777 bytes} [Thu Feb 19 20:15:28 2026] GET /v3/61887f0d828c4ce5a50bf466ccbca3da/volumes/18ea545e-73fd-4363-b20e-fd515ace272f => generated 969 bytes in 25 msecs (HTTP/1.1 200) 7 headers in 285 bytes (1 switches on core 0) /var/lib/openstack/lib/python3.12/site-packages/pycadf/identifier.py:70: UserWarning: Invalid uuid: cinderv3. To ensure interoperability, identifiers should be a valid uuid. warnings.warn(('Invalid uuid: %s. To ensure interoperability, '
2026-02-19 20:15:28.987 7 INFO cinder.api.openstack.wsgi [None req-ff60e2aa-8f6a-45c0-b2c5-11658dda0509 0aa93d45b6f044f9ad96a1eb91ab65d4 61887f0d828c4ce5a50bf466ccbca3da - - default default] POST http://cinder-api.openstack.svc.cluster.local:8776/v3/61887f0d828c4ce5a50bf466ccbca3da/volumes
2026-02-19 20:15:28.989 7 INFO cinder.api.v3.volumes [None req-ff60e2aa-8f6a-45c0-b2c5-11658dda0509 0aa93d45b6f044f9ad96a1eb91ab65d4 61887f0d828c4ce5a50bf466ccbca3da - - default default] Create volume of 1 GB
2026-02-19 20:15:28.995 7 INFO cinder.volume.api [None req-ff60e2aa-8f6a-45c0-b2c5-11658dda0509 0aa93d45b6f044f9ad96a1eb91ab65d4 61887f0d828c4ce5a50bf466ccbca3da - - default default] Availability Zones retrieved successfully.
2026-02-19 20:15:29.118 7 INFO cinder.volume.api [None req-ff60e2aa-8f6a-45c0-b2c5-11658dda0509 0aa93d45b6f044f9ad96a1eb91ab65d4 61887f0d828c4ce5a50bf466ccbca3da - - default default] Create volume request issued successfully.
2026-02-19 20:15:29.119 7 INFO cinder.api.openstack.wsgi [None req-ff60e2aa-8f6a-45c0-b2c5-11658dda0509 0aa93d45b6f044f9ad96a1eb91ab65d4 61887f0d828c4ce5a50bf466ccbca3da - - default default] http://cinder-api.openstack.svc.cluster.local:8776/v3/61887f0d828c4ce5a50bf466ccbca3da/volumes returned with HTTP 202 [pid: 7|app: 0|req: 392/780] 172.24.0.234 () {34 vars in 725 bytes} [Thu Feb 19 20:15:28 2026] POST /v3/61887f0d828c4ce5a50bf466ccbca3da/volumes => generated 875 bytes in 137 msecs (HTTP/1.1 202) 7 headers in 291 bytes (1 switches on core 0) /var/lib/openstack/lib/python3.12/site-packages/pycadf/identifier.py:70: UserWarning: Invalid uuid: cinderv3. To ensure interoperability, identifiers should be a valid uuid. warnings.warn(('Invalid uuid: %s. To ensure interoperability, '
2026-02-19 20:15:29.137 8 INFO cinder.api.openstack.wsgi [None req-2257c883-d8e5-4b73-9d3b-bca6454ea666 0aa93d45b6f044f9ad96a1eb91ab65d4 61887f0d828c4ce5a50bf466ccbca3da - - default default] GET http://cinder-api.openstack.svc.cluster.local:8776/v3/61887f0d828c4ce5a50bf466ccbca3da/volumes/9d281d14-1533-4184-96a6-2df60f07b40f /var/lib/openstack/lib/python3.12/site-packages/oslo_context/context.py:101: DeprecationWarning: Policy enforcement is depending on the value of is_admin. This key is deprecated. Please update your policy file to use the standard policy values. warnings.warn(
2026-02-19 20:15:29.154 8 INFO cinder.volume.api [None req-2257c883-d8e5-4b73-9d3b-bca6454ea666 0aa93d45b6f044f9ad96a1eb91ab65d4 61887f0d828c4ce5a50bf466ccbca3da - - default default] Volume info retrieved successfully.
2026-02-19 20:15:29.158 8 INFO cinder.api.openstack.wsgi [None req-2257c883-d8e5-4b73-9d3b-bca6454ea666 0aa93d45b6f044f9ad96a1eb91ab65d4 61887f0d828c4ce5a50bf466ccbca3da - - default default] http://cinder-api.openstack.svc.cluster.local:8776/v3/61887f0d828c4ce5a50bf466ccbca3da/volumes/9d281d14-1533-4184-96a6-2df60f07b40f returned with HTTP 200 [pid: 8|app: 0|req: 389/781] 172.24.0.234 () {32 vars in 777 bytes} [Thu Feb 19 20:15:29 2026] GET /v3/61887f0d828c4ce5a50bf466ccbca3da/volumes/9d281d14-1533-4184-96a6-2df60f07b40f => generated 943 bytes in 25 msecs (HTTP/1.1 200) 7 headers in 285 bytes (1 switches on core 0) /var/lib/openstack/lib/python3.12/site-packages/pycadf/identifier.py:70: UserWarning: Invalid uuid: cinderv3. To ensure interoperability, identifiers should be a valid uuid. warnings.warn(('Invalid uuid: %s. To ensure interoperability, '
