Mar 26 01:20:21.977488 np0000160859 neutron-periodic-workers[104890]: DEBUG cotyledon.oslo_config_glue [-] ml2.tunnelled_network_rp_name = rp_tunnelled {{(pid=104890) log_opt_values /opt/stack/data/venv/lib/python3.12/site-packages/oslo_config/cfg.py:3006}}
Mar 26 01:20:21.977545 np0000160859 neutron-periodic-workers[104890]: DEBUG cotyledon.oslo_config_glue [-] ml2.type_drivers = ['local', 'flat', 'vlan', 'geneve'] {{(pid=104890) log_opt_values /opt/stack/data/venv/lib/python3.12/site-packages/oslo_config/cfg.py:3006}}
Mar 26 01:20:21.977609 np0000160859 neutron-periodic-workers[104890]: DEBUG cotyledon.oslo_config_glue [-] ml2_type_flat.flat_networks = ['public'] {{(pid=104890) log_opt_values /opt/stack/data/venv/lib/python3.12/site-packages/oslo_config/cfg.py:3006}}
Mar 26 01:20:21.977703 np0000160859 neutron-periodic-workers[104890]: DEBUG cotyledon.oslo_config_glue [-] ml2_type_geneve.max_header_size = 38 {{(pid=104890) log_opt_values /opt/stack/data/venv/lib/python3.12/site-packages/oslo_config/cfg.py:3006}}
Mar 26 01:20:21.977753 np0000160859 neutron-periodic-workers[104890]: DEBUG cotyledon.oslo_config_glue [-] ml2_type_geneve.vni_ranges = ['1:65536'] {{(pid=104890) log_opt_values /opt/stack/data/venv/lib/python3.12/site-packages/oslo_config/cfg.py:3006}}
Mar 26 01:20:21.977809 np0000160859 neutron-periodic-workers[104890]: DEBUG cotyledon.oslo_config_glue [-] ml2_type_vlan.network_vlan_ranges = ['public'] {{(pid=104890) log_opt_values /opt/stack/data/venv/lib/python3.12/site-packages/oslo_config/cfg.py:3006}}
Mar 26 01:20:21.977876 np0000160859 neutron-periodic-workers[104890]: DEBUG cotyledon.oslo_config_glue [-] network_log.burst_limit = 25 {{(pid=104890) log_opt_values /opt/stack/data/venv/lib/python3.12/site-packages/oslo_config/cfg.py:3006}}
Mar 26 01:20:21.977923 np0000160859 neutron-periodic-workers[104890]: DEBUG cotyledon.oslo_config_glue [-] network_log.local_output_log_base = None {{(pid=104890) log_opt_values /opt/stack/data/venv/lib/python3.12/site-packages/oslo_config/cfg.py:3006}}
Mar 26 01:20:21.977977 np0000160859 neutron-periodic-workers[104890]: DEBUG cotyledon.oslo_config_glue [-] network_log.rate_limit = 100 {{(pid=104890) log_opt_values /opt/stack/data/venv/lib/python3.12/site-packages/oslo_config/cfg.py:3006}}
Mar 26 01:20:21.978050 np0000160859 neutron-periodic-workers[104890]: DEBUG cotyledon.oslo_config_glue [-] database.asyncio_connection = **** {{(pid=104890) log_opt_values /opt/stack/data/venv/lib/python3.12/site-packages/oslo_config/cfg.py:3006}}
Mar 26 01:20:21.978089 np0000160859 neutron-periodic-workers[104890]: DEBUG cotyledon.oslo_config_glue [-] database.asyncio_slave_connection = **** {{(pid=104890) log_opt_values /opt/stack/data/venv/lib/python3.12/site-packages/oslo_config/cfg.py:3006}}
Mar 26 01:20:21.978141 np0000160859 neutron-periodic-workers[104890]: DEBUG cotyledon.oslo_config_glue [-] database.backend = sqlalchemy {{(pid=104890) log_opt_values /opt/stack/data/venv/lib/python3.12/site-packages/oslo_config/cfg.py:3006}}
Mar 26 01:20:21.978196 np0000160859 neutron-periodic-workers[104890]: DEBUG cotyledon.oslo_config_glue [-] database.connection = **** {{(pid=104890) log_opt_values /opt/stack/data/venv/lib/python3.12/site-packages/oslo_config/cfg.py:3006}}
Mar 26 01:20:21.978244 np0000160859 neutron-periodic-workers[104890]: DEBUG cotyledon.oslo_config_glue [-] database.connection_debug = 0 {{(pid=104890) log_opt_values /opt/stack/data/venv/lib/python3.12/site-packages/oslo_config/cfg.py:3006}}
Mar 26 01:20:21.978275 np0000160859 neutron-periodic-workers[104890]: DEBUG cotyledon.oslo_config_glue [-] database.connection_parameters = {{(pid=104890) log_opt_values /opt/stack/data/venv/lib/python3.12/site-packages/oslo_config/cfg.py:3006}}
Mar 26 01:20:21.978341 np0000160859 neutron-periodic-workers[104890]: DEBUG cotyledon.oslo_config_glue [-] database.connection_recycle_time = 3600 {{(pid=104890) log_opt_values /opt/stack/data/venv/lib/python3.12/site-packages/oslo_config/cfg.py:3006}}
Mar 26 01:20:21.978375 np0000160859 neutron-periodic-workers[104890]: DEBUG cotyledon.oslo_config_glue [-] database.connection_trace = False {{(pid=104890) log_opt_values /opt/stack/data/venv/lib/python3.12/site-packages/oslo_config/cfg.py:3006}}
Mar 26 01:20:21.978419 np0000160859 neutron-periodic-workers[104890]: DEBUG cotyledon.oslo_config_glue [-] database.db_inc_retry_interval = True {{(pid=104890) log_opt_values /opt/stack/data/venv/lib/python3.12/site-packages/oslo_config/cfg.py:3006}}
Mar 26 01:20:21.978449 np0000160859 neutron-periodic-workers[104890]: DEBUG cotyledon.oslo_config_glue [-] database.db_max_retries = 20 {{(pid=104890) log_opt_values /opt/stack/data/venv/lib/python3.12/site-packages/oslo_config/cfg.py:3006}}
Mar 26 01:20:21.978495 np0000160859 neutron-periodic-workers[104890]: DEBUG cotyledon.oslo_config_glue [-] database.db_max_retry_interval = 10 {{(pid=104890) log_opt_values /opt/stack/data/venv/lib/python3.12/site-packages/oslo_config/cfg.py:3006}}
Mar 26 01:20:21.978525 np0000160859 neutron-periodic-workers[104890]: DEBUG cotyledon.oslo_config_glue [-] database.db_retry_interval = 1 {{(pid=104890) log_opt_values /opt/stack/data/venv/lib/python3.12/site-packages/oslo_config/cfg.py:3006}}
Mar 26 01:20:21.978577 np0000160859 neutron-periodic-workers[104890]: DEBUG cotyledon.oslo_config_glue [-] database.max_overflow = 50 {{(pid=104890) log_opt_values /opt/stack/data/venv/lib/python3.12/site-packages/oslo_config/cfg.py:3006}}
Mar 26 01:20:21.978624 np0000160859 neutron-periodic-workers[104890]: DEBUG cotyledon.oslo_config_glue [-] database.max_pool_size = 5 {{(pid=104890) log_opt_values /opt/stack/data/venv/lib/python3.12/site-packages/oslo_config/cfg.py:3006}}
Mar 26 01:20:21.978666 np0000160859 neutron-periodic-workers[104890]: DEBUG cotyledon.oslo_config_glue [-] database.max_retries = 10 {{(pid=104890) log_opt_values /opt/stack/data/venv/lib/python3.12/site-packages/oslo_config/cfg.py:3006}}
Mar 26 01:20:21.978707 np0000160859 neutron-periodic-workers[104890]: DEBUG cotyledon.oslo_config_glue [-] database.mysql_sql_mode = TRADITIONAL {{(pid=104890) log_opt_values /opt/stack/data/venv/lib/python3.12/site-packages/oslo_config/cfg.py:3006}}
Mar 26 01:20:21.978749 np0000160859 neutron-periodic-workers[104890]: DEBUG cotyledon.oslo_config_glue [-] database.mysql_wsrep_sync_wait = None {{(pid=104890) log_opt_values /opt/stack/data/venv/lib/python3.12/site-packages/oslo_config/cfg.py:3006}}
Mar 26 01:20:21.978783 np0000160859 neutron-periodic-workers[104890]: DEBUG cotyledon.oslo_config_glue [-] database.pool_timeout = None {{(pid=104890) log_opt_values /opt/stack/data/venv/lib/python3.12/site-packages/oslo_config/cfg.py:3006}}
Mar 26 01:20:21.978816 np0000160859 neutron-periodic-workers[104890]: DEBUG cotyledon.oslo_config_glue [-] database.retry_interval = 10 {{(pid=104890) log_opt_values /opt/stack/data/venv/lib/python3.12/site-packages/oslo_config/cfg.py:3006}}
Mar 26 01:20:21.978850 np0000160859 neutron-periodic-workers[104890]: DEBUG cotyledon.oslo_config_glue [-] database.slave_connection = **** {{(pid=104890) log_opt_values /opt/stack/data/venv/lib/python3.12/site-packages/oslo_config/cfg.py:3006}}
Mar 26 01:20:21.978889 np0000160859 neutron-periodic-workers[104890]: DEBUG cotyledon.oslo_config_glue [-] database.sqlite_synchronous = True {{(pid=104890) log_opt_values /opt/stack/data/venv/lib/python3.12/site-packages/oslo_config/cfg.py:3006}}
Mar 26 01:20:21.978922 np0000160859 neutron-periodic-workers[104890]: DEBUG cotyledon.oslo_config_glue [-] database.synchronous_reader = True {{(pid=104890) log_opt_values /opt/stack/data/venv/lib/python3.12/site-packages/oslo_config/cfg.py:3006}}
Mar 26 01:20:21.978962 np0000160859 neutron-periodic-workers[104890]: DEBUG cotyledon.oslo_config_glue [-] database.use_db_reconnect = False {{(pid=104890) log_opt_values /opt/stack/data/venv/lib/python3.12/site-packages/oslo_config/cfg.py:3006}}
Mar 26 01:20:21.979067 np0000160859 neutron-periodic-workers[104890]: DEBUG cotyledon.oslo_config_glue [-] ovn.bfd_min_rx = 1000 {{(pid=104890) log_opt_values /opt/stack/data/venv/lib/python3.12/site-packages/oslo_config/cfg.py:3006}}
Mar 26 01:20:21.979104 np0000160859 neutron-periodic-workers[104890]: DEBUG cotyledon.oslo_config_glue [-] ovn.bfd_min_tx = 100 {{(pid=104890) log_opt_values /opt/stack/data/venv/lib/python3.12/site-packages/oslo_config/cfg.py:3006}}
Mar 26 01:20:21.979133 np0000160859 neutron-periodic-workers[104890]: DEBUG cotyledon.oslo_config_glue [-] ovn.bfd_mult = 3 {{(pid=104890) log_opt_values /opt/stack/data/venv/lib/python3.12/site-packages/oslo_config/cfg.py:3006}}
Mar 26 01:20:21.979177 np0000160859 neutron-periodic-workers[104890]: DEBUG cotyledon.oslo_config_glue [-] ovn.broadcast_arps_to_all_routers = True {{(pid=104890) log_opt_values /opt/stack/data/venv/lib/python3.12/site-packages/oslo_config/cfg.py:3006}}
Mar 26 01:20:21.979212 np0000160859 neutron-periodic-workers[104890]: DEBUG cotyledon.oslo_config_glue [-] ovn.dhcp_default_lease_time = 43200 {{(pid=104890) log_opt_values /opt/stack/data/venv/lib/python3.12/site-packages/oslo_config/cfg.py:3006}}
Mar 26 01:20:21.979245 np0000160859 neutron-periodic-workers[104890]: DEBUG cotyledon.oslo_config_glue [-] ovn.disable_ovn_dhcp_for_baremetal_ports = False {{(pid=104890) log_opt_values /opt/stack/data/venv/lib/python3.12/site-packages/oslo_config/cfg.py:3006}}
Mar 26 01:20:21.979296 np0000160859 neutron-periodic-workers[104890]: DEBUG cotyledon.oslo_config_glue [-] ovn.dns_records_ovn_owned = False {{(pid=104890) log_opt_values /opt/stack/data/venv/lib/python3.12/site-packages/oslo_config/cfg.py:3006}}
Mar 26 01:20:21.979331 np0000160859 neutron-periodic-workers[104890]: DEBUG cotyledon.oslo_config_glue [-] ovn.dns_servers = [] {{(pid=104890) log_opt_values /opt/stack/data/venv/lib/python3.12/site-packages/oslo_config/cfg.py:3006}}
Mar 26 01:20:21.979374 np0000160859 neutron-periodic-workers[104890]: DEBUG cotyledon.oslo_config_glue [-] ovn.enable_distributed_floating_ip = False {{(pid=104890) log_opt_values /opt/stack/data/venv/lib/python3.12/site-packages/oslo_config/cfg.py:3006}}
Mar 26 01:20:21.979414 np0000160859 neutron-periodic-workers[104890]: DEBUG cotyledon.oslo_config_glue [-] ovn.fdb_age_threshold = 300 {{(pid=104890) log_opt_values /opt/stack/data/venv/lib/python3.12/site-packages/oslo_config/cfg.py:3006}}
Mar 26 01:20:21.979472 np0000160859 neutron-periodic-workers[104890]: DEBUG cotyledon.oslo_config_glue [-] ovn.ha_failover_strategy = normal {{(pid=104890) log_opt_values /opt/stack/data/venv/lib/python3.12/site-packages/oslo_config/cfg.py:3006}}
Mar 26 01:20:21.979512 np0000160859 neutron-periodic-workers[104890]: DEBUG cotyledon.oslo_config_glue [-] ovn.live_migration_activation_strategy = rarp {{(pid=104890) log_opt_values /opt/stack/data/venv/lib/python3.12/site-packages/oslo_config/cfg.py:3006}}
Mar 26 01:20:21.979545 np0000160859 neutron-periodic-workers[104890]: DEBUG cotyledon.oslo_config_glue [-] ovn.localnet_learn_fdb = False {{(pid=104890) log_opt_values /opt/stack/data/venv/lib/python3.12/site-packages/oslo_config/cfg.py:3006}}
Mar 26 01:20:21.979579 np0000160859 neutron-periodic-workers[104890]: DEBUG cotyledon.oslo_config_glue [-] ovn.mac_binding_age_threshold = 300 {{(pid=104890) log_opt_values /opt/stack/data/venv/lib/python3.12/site-packages/oslo_config/cfg.py:3006}}
Mar 26 01:20:21.979611 np0000160859 neutron-periodic-workers[104890]: DEBUG cotyledon.oslo_config_glue [-] ovn.neutron_sync_mode = log {{(pid=104890) log_opt_values /opt/stack/data/venv/lib/python3.12/site-packages/oslo_config/cfg.py:3006}}
Mar 26 01:20:21.979669 np0000160859 neutron-periodic-workers[104890]: DEBUG cotyledon.oslo_config_glue [-] ovn.ovn_dhcp4_global_options = {} {{(pid=104890) log_opt_values /opt/stack/data/venv/lib/python3.12/site-packages/oslo_config/cfg.py:3006}}
Mar 26 01:20:21.979703 np0000160859 neutron-periodic-workers[104890]: DEBUG cotyledon.oslo_config_glue [-] ovn.ovn_dhcp6_global_options = {} {{(pid=104890) log_opt_values /opt/stack/data/venv/lib/python3.12/site-packages/oslo_config/cfg.py:3006}}
Mar 26 01:20:21.979757 np0000160859 neutron-periodic-workers[104890]: DEBUG cotyledon.oslo_config_glue [-] ovn.ovn_l3_scheduler = leastloaded {{(pid=104890) log_opt_values /opt/stack/data/venv/lib/python3.12/site-packages/oslo_config/cfg.py:3006}}
Mar 26 01:20:21.979788 np0000160859 neutron-periodic-workers[104890]: DEBUG cotyledon.oslo_config_glue [-] ovn.ovn_metadata_enabled = True {{(pid=104890) log_opt_values /opt/stack/data/venv/lib/python3.12/site-packages/oslo_config/cfg.py:3006}}
Mar 26 01:20:21.979817 np0000160859 neutron-periodic-workers[104890]: DEBUG cotyledon.oslo_config_glue [-] ovn.ovn_nb_ca_cert = /opt/stack/data/CA/int-ca/ca-chain.pem {{(pid=104890) log_opt_values /opt/stack/data/venv/lib/python3.12/site-packages/oslo_config/cfg.py:3006}}
Mar 26 01:20:21.979890 np0000160859 neutron-periodic-workers[104890]: DEBUG cotyledon.oslo_config_glue [-] ovn.ovn_nb_certificate = /opt/stack/data/CA/int-ca/devstack-cert.crt {{(pid=104890) log_opt_values /opt/stack/data/venv/lib/python3.12/site-packages/oslo_config/cfg.py:3006}}
Mar 26 01:20:21.979929 np0000160859 neutron-periodic-workers[104890]: DEBUG cotyledon.oslo_config_glue [-] ovn.ovn_nb_connection = ['ssl:199.204.45.115:6641'] {{(pid=104890) log_opt_values /opt/stack/data/venv/lib/python3.12/site-packages/oslo_config/cfg.py:3006}}
Mar 26 01:20:21.979986 np0000160859 neutron-periodic-workers[104890]: DEBUG cotyledon.oslo_config_glue [-] ovn.ovn_nb_private_key = /opt/stack/data/CA/int-ca/private/devstack-cert.key {{(pid=104890) log_opt_values /opt/stack/data/venv/lib/python3.12/site-packages/oslo_config/cfg.py:3006}}
Mar 26 01:20:21.980028 np0000160859 neutron-periodic-workers[104890]: DEBUG cotyledon.oslo_config_glue [-] ovn.ovn_router_indirect_snat = False {{(pid=104890) log_opt_values /opt/stack/data/venv/lib/python3.12/site-packages/oslo_config/cfg.py:3006}}
Mar 26 01:20:21.980062 np0000160859 neutron-periodic-workers[104890]: DEBUG cotyledon.oslo_config_glue [-] ovn.ovn_sb_ca_cert = /opt/stack/data/CA/int-ca/ca-chain.pem {{(pid=104890) log_opt_values /opt/stack/data/venv/lib/python3.12/site-packages/oslo_config/cfg.py:3006}}
Mar 26 01:20:21.980108 np0000160859 neutron-periodic-workers[104890]: DEBUG cotyledon.oslo_config_glue [-] ovn.ovn_sb_certificate = /opt/stack/data/CA/int-ca/devstack-cert.crt {{(pid=104890) log_opt_values /opt/stack/data/venv/lib/python3.12/site-packages/oslo_config/cfg.py:3006}}
Mar 26 01:20:21.980108 np0000160859 neutron-periodic-workers[104890]: DEBUG cotyledon.oslo_config_glue [-] ovn.ovn_sb_connection = ['ssl:199.204.45.115:6642'] {{(pid=104890) log_opt_values /opt/stack/data/venv/lib/python3.12/site-packages/oslo_config/cfg.py:3006}}
Mar 26 01:20:21.980179 np0000160859 neutron-periodic-workers[104890]: DEBUG cotyledon.oslo_config_glue [-] ovn.ovn_sb_private_key = /opt/stack/data/CA/int-ca/private/devstack-cert.key {{(pid=104890) log_opt_values /opt/stack/data/venv/lib/python3.12/site-packages/oslo_config/cfg.py:3006}}
Mar 26 01:20:21.980212 np0000160859 neutron-periodic-workers[104890]: DEBUG cotyledon.oslo_config_glue [-] ovn.ovs_create_tap = False {{(pid=104890) log_opt_values /opt/stack/data/venv/lib/python3.12/site-packages/oslo_config/cfg.py:3006}}
Mar 26 01:20:21.980241 np0000160859 neutron-periodic-workers[104890]: DEBUG cotyledon.oslo_config_glue [-] ovn.ovsdb_connection_timeout = 180 {{(pid=104890) log_opt_values /opt/stack/data/venv/lib/python3.12/site-packages/oslo_config/cfg.py:3006}}
Mar 26 01:20:21.980279 np0000160859 neutron-periodic-workers[104890]: DEBUG cotyledon.oslo_config_glue [-] ovn.ovsdb_log_level = INFO {{(pid=104890) log_opt_values /opt/stack/data/venv/lib/python3.12/site-packages/oslo_config/cfg.py:3006}}
Mar 26 01:20:21.980311 np0000160859 neutron-periodic-workers[104890]: DEBUG cotyledon.oslo_config_glue [-] ovn.ovsdb_probe_interval = 60000 {{(pid=104890) log_opt_values /opt/stack/data/venv/lib/python3.12/site-packages/oslo_config/cfg.py:3006}}
Mar 26 01:20:21.980349 np0000160859 neutron-periodic-workers[104890]: DEBUG cotyledon.oslo_config_glue [-] ovn.ovsdb_retry_max_interval = 180 {{(pid=104890) log_opt_values /opt/stack/data/venv/lib/python3.12/site-packages/oslo_config/cfg.py:3006}}
Mar 26 01:20:21.980385 np0000160859 neutron-periodic-workers[104890]: DEBUG cotyledon.oslo_config_glue [-] ovn.stateless_nat_enabled = False {{(pid=104890) log_opt_values /opt/stack/data/venv/lib/python3.12/site-packages/oslo_config/cfg.py:3006}}
Mar 26 01:20:21.980438 np0000160859 neutron-periodic-workers[104890]: DEBUG cotyledon.oslo_config_glue [-] ovn.vhost_sock_dir = /var/run/openvswitch {{(pid=104890) log_opt_values /opt/stack/data/venv/lib/python3.12/site-packages/oslo_config/cfg.py:3006}}
Mar 26 01:20:21.980494 np0000160859 neutron-periodic-workers[104890]: DEBUG cotyledon.oslo_config_glue [-] OVS.bridge_mac_table_size = 50000 {{(pid=104890) log_opt_values /opt/stack/data/venv/lib/python3.12/site-packages/oslo_config/cfg.py:3006}}
Mar 26 01:20:21.980533 np0000160859 neutron-periodic-workers[104890]: DEBUG cotyledon.oslo_config_glue [-] OVS.igmp_flood = False {{(pid=104890) log_opt_values /opt/stack/data/venv/lib/python3.12/site-packages/oslo_config/cfg.py:3006}}
Mar 26 01:20:21.980566 np0000160859 neutron-periodic-workers[104890]: DEBUG cotyledon.oslo_config_glue [-] OVS.igmp_flood_reports = True {{(pid=104890) log_opt_values /opt/stack/data/venv/lib/python3.12/site-packages/oslo_config/cfg.py:3006}}
Mar 26 01:20:21.980619 np0000160859 neutron-periodic-workers[104890]: DEBUG cotyledon.oslo_config_glue [-] OVS.igmp_flood_unregistered = False {{(pid=104890) log_opt_values /opt/stack/data/venv/lib/python3.12/site-packages/oslo_config/cfg.py:3006}}
Mar 26 01:20:21.980654 np0000160859 neutron-periodic-workers[104890]: DEBUG cotyledon.oslo_config_glue [-] OVS.igmp_snooping_enable = False {{(pid=104890) log_opt_values /opt/stack/data/venv/lib/python3.12/site-packages/oslo_config/cfg.py:3006}}
Mar 26 01:20:21.980692 np0000160859 neutron-periodic-workers[104890]: DEBUG cotyledon.oslo_config_glue [-] OVS.ovsdb_timeout = 10 {{(pid=104890) log_opt_values /opt/stack/data/venv/lib/python3.12/site-packages/oslo_config/cfg.py:3006}}
Mar 26 01:20:21.980753 np0000160859 neutron-periodic-workers[104890]: DEBUG cotyledon.oslo_config_glue [-] ovn_nb_global.fdb_removal_limit = 0 {{(pid=104890) log_opt_values /opt/stack/data/venv/lib/python3.12/site-packages/oslo_config/cfg.py:3006}}
Mar 26 01:20:21.980788 np0000160859 neutron-periodic-workers[104890]: DEBUG cotyledon.oslo_config_glue [-] ovn_nb_global.ignore_lsp_down = False {{(pid=104890) log_opt_values /opt/stack/data/venv/lib/python3.12/site-packages/oslo_config/cfg.py:3006}}
Mar 26 01:20:21.980835 np0000160859 neutron-periodic-workers[104890]: DEBUG cotyledon.oslo_config_glue [-] ovn_nb_global.mac_binding_removal_limit = 0 {{(pid=104890) log_opt_values /opt/stack/data/venv/lib/python3.12/site-packages/oslo_config/cfg.py:3006}}
Mar 26 01:20:21.980881 np0000160859 neutron-periodic-workers[104890]: DEBUG cotyledon.oslo_config_glue [-] ******************************************************************************** {{(pid=104890) log_opt_values /opt/stack/data/venv/lib/python3.12/site-packages/oslo_config/cfg.py:3013}}
Mar 26 01:20:21.981042 np0000160859 neutron-periodic-workers[104890]: DEBUG cotyledon._service_worker [-] Run service ServiceWrapper(0) [104890] {{(pid=104890) wait_forever /opt/stack/data/venv/lib/python3.12/site-packages/cotyledon/_service_worker.py:218}}
Mar 26 01:20:31.624855 np0000160859 neutron-periodic-workers[104007]: DEBUG dbcounter [-] [104007] Writing DB stats neutron:SELECT=4 {{(pid=104007) stat_writer /opt/stack/data/venv/lib/python3.12/site-packages/dbcounter.py:115}}
Mar 26 01:20:50.939747 np0000160859 neutron-periodic-workers[104870]: DEBUG oslo_db.sqlalchemy.engines [None req-6dccec52-9496-4468-997e-dde1c62f76d0 None None] Parent process 104007 forked (104870) with an open database connection, which is being discarded and recreated. {{(pid=104870) checkout /opt/stack/data/venv/lib/python3.12/site-packages/oslo_db/sqlalchemy/engines.py:402}}
Mar 26 01:20:50.968497 np0000160859 neutron-periodic-workers[104870]: DEBUG dbcounter [-] [104870] Writer thread running {{(pid=104870) stat_writer /opt/stack/data/venv/lib/python3.12/site-packages/dbcounter.py:102}}
Mar 26 01:20:50.981021 np0000160859 neutron-periodic-workers[104870]: DEBUG oslo.service.backend._threading.loopingcall [None req-6dccec52-9496-4468-997e-dde1c62f76d0 None None] Fixed interval looping call 'neutron.services.ovn_l3.plugin.L3_NAT_dbonly_mixin._clean_garbage' sleeping for 299.95 seconds {{(pid=104870) _run_loop /opt/stack/data/venv/lib/python3.12/site-packages/oslo_service/backend/_threading/loopingcall.py:125}}
Mar 26 01:21:00.969889 np0000160859 neutron-periodic-workers[104870]: DEBUG dbcounter [-] [104870] Writing DB stats neutron:SELECT=1 {{(pid=104870) stat_writer /opt/stack/data/venv/lib/python3.12/site-packages/dbcounter.py:115}}
Mar 26 01:21:04.979187 np0000160859 neutron-periodic-workers[104885]: DEBUG dbcounter [-] [104885] Writer thread running {{(pid=104885) stat_writer /opt/stack/data/venv/lib/python3.12/site-packages/dbcounter.py:102}}
Mar 26 01:21:04.982190 np0000160859 neutron-periodic-workers[104885]: DEBUG neutron.db.agents_db [None req-5e076d5f-241a-401f-ab75-19a7f4477e6f None None] Agent healthcheck: found 0 active agents {{(pid=104885) agent_health_check /opt/stack/neutron/neutron/db/agents_db.py:317}}
Mar 26 01:21:04.982528 np0000160859 neutron-periodic-workers[104885]: DEBUG oslo.service.backend._threading.loopingcall [None req-5e076d5f-241a-401f-ab75-19a7f4477e6f None None] Fixed interval looping call 'neutron.plugins.ml2.plugin.AgentDbMixin.agent_health_check' sleeping for 36.98 seconds {{(pid=104885) _run_loop /opt/stack/data/venv/lib/python3.12/site-packages/oslo_service/backend/_threading/loopingcall.py:125}}
Mar 26 01:21:14.979837 np0000160859 neutron-periodic-workers[104885]: DEBUG dbcounter [-] [104885] Writing DB stats neutron:SELECT=1 {{(pid=104885) stat_writer /opt/stack/data/venv/lib/python3.12/site-packages/dbcounter.py:115}}
Mar 26 01:21:31.966045 np0000160859 neutron-periodic-workers[104876]: DEBUG dbcounter [-] [104876] Writer thread running {{(pid=104876) stat_writer /opt/stack/data/venv/lib/python3.12/site-packages/dbcounter.py:102}}
Mar 26 01:21:31.974092 np0000160859 neutron-periodic-workers[104876]: DEBUG oslo.service.backend._threading.loopingcall [None req-ba91eb19-c502-40b0-b966-bcbc63b83101 None None] Fixed interval looping call 'neutron.plugins.ml2.plugin.DhcpAgentSchedulerDbMixin.remove_networks_from_down_agents' sleeping for 36.98 seconds {{(pid=104876) _run_loop /opt/stack/data/venv/lib/python3.12/site-packages/oslo_service/backend/_threading/loopingcall.py:125}}
Mar 26 01:21:41.968548 np0000160859 neutron-periodic-workers[104885]: DEBUG neutron.db.agents_db [None req-5e076d5f-241a-401f-ab75-19a7f4477e6f None None] Agent healthcheck: found 0 active agents {{(pid=104885) agent_health_check /opt/stack/neutron/neutron/db/agents_db.py:317}}
Mar 26 01:21:41.969344 np0000160859 neutron-periodic-workers[104885]: DEBUG oslo.service.backend._threading.loopingcall [None req-5e076d5f-241a-401f-ab75-19a7f4477e6f None None] Fixed interval looping call 'neutron.plugins.ml2.plugin.AgentDbMixin.agent_health_check' sleeping for 36.99 seconds {{(pid=104885) _run_loop /opt/stack/data/venv/lib/python3.12/site-packages/oslo_service/backend/_threading/loopingcall.py:125}}
Mar 26 01:21:41.972837 np0000160859 neutron-periodic-workers[104876]: DEBUG dbcounter [-] [104876] Writing DB stats neutron:SELECT=3 {{(pid=104876) stat_writer /opt/stack/data/venv/lib/python3.12/site-packages/dbcounter.py:115}}
Mar 26 01:21:51.966546 np0000160859 neutron-periodic-workers[104885]: DEBUG dbcounter [-] [104885] Writing DB stats neutron:SELECT=1 {{(pid=104885) stat_writer /opt/stack/data/venv/lib/python3.12/site-packages/dbcounter.py:115}}
Mar 26 01:22:08.964528 np0000160859 neutron-periodic-workers[104876]: DEBUG oslo.service.backend._threading.loopingcall [None req-ba91eb19-c502-40b0-b966-bcbc63b83101 None None] Fixed interval looping call 'neutron.plugins.ml2.plugin.DhcpAgentSchedulerDbMixin.remove_networks_from_down_agents' sleeping for 36.99 seconds {{(pid=104876) _run_loop /opt/stack/data/venv/lib/python3.12/site-packages/oslo_service/backend/_threading/loopingcall.py:125}}
Mar 26 01:22:18.963243 np0000160859 neutron-periodic-workers[104876]: DEBUG dbcounter [-] [104876] Writing DB stats neutron:SELECT=3 {{(pid=104876) stat_writer /opt/stack/data/venv/lib/python3.12/site-packages/dbcounter.py:115}}
Mar 26 01:22:18.964857 np0000160859 neutron-periodic-workers[104885]: DEBUG neutron.db.agents_db [None req-5e076d5f-241a-401f-ab75-19a7f4477e6f None None] Agent healthcheck: found 0 active agents {{(pid=104885) agent_health_check /opt/stack/neutron/neutron/db/agents_db.py:317}}
Mar 26 01:22:18.965656 np0000160859 neutron-periodic-workers[104885]: DEBUG oslo.service.backend._threading.loopingcall [None req-5e076d5f-241a-401f-ab75-19a7f4477e6f None None] Fixed interval looping call 'neutron.plugins.ml2.plugin.AgentDbMixin.agent_health_check' sleeping for 36.99 seconds {{(pid=104885) _run_loop /opt/stack/data/venv/lib/python3.12/site-packages/oslo_service/backend/_threading/loopingcall.py:125}}
Mar 26 01:22:22.001174 np0000160859 neutron-periodic-workers[104890]: DEBUG dbcounter [-] [104890] Writer thread running {{(pid=104890) stat_writer /opt/stack/data/venv/lib/python3.12/site-packages/dbcounter.py:102}}
Mar 26 01:22:22.004992 np0000160859 neutron-periodic-workers[104890]: DEBUG oslo.service.backend._threading.loopingcall [None req-f32f2ae8-4309-4ce2-bd6e-f3937c6d17d8 None None] Fixed interval looping call 'neutron.db.quota.driver_nolock.DbQuotaNoLockDriver._remove_expired_reservations' sleeping for 119.98 seconds {{(pid=104890) _run_loop /opt/stack/data/venv/lib/python3.12/site-packages/oslo_service/backend/_threading/loopingcall.py:125}}
Mar 26 01:22:28.962533 np0000160859 neutron-periodic-workers[104885]: DEBUG dbcounter [-] [104885] Writing DB stats neutron:SELECT=1 {{(pid=104885) stat_writer /opt/stack/data/venv/lib/python3.12/site-packages/dbcounter.py:115}}
Mar 26 01:22:32.001865 np0000160859 neutron-periodic-workers[104890]: DEBUG dbcounter [-] [104890] Writing DB stats neutron:DELETE=1 {{(pid=104890) stat_writer /opt/stack/data/venv/lib/python3.12/site-packages/dbcounter.py:115}}
Mar 26 01:22:45.963964 np0000160859 neutron-periodic-workers[104876]: DEBUG oslo.service.backend._threading.loopingcall [None req-ba91eb19-c502-40b0-b966-bcbc63b83101 None None] Fixed interval looping call 'neutron.plugins.ml2.plugin.DhcpAgentSchedulerDbMixin.remove_networks_from_down_agents' sleeping for 36.99 seconds {{(pid=104876) _run_loop /opt/stack/data/venv/lib/python3.12/site-packages/oslo_service/backend/_threading/loopingcall.py:125}}
Mar 26 01:22:55.960726 np0000160859 neutron-periodic-workers[104885]: DEBUG neutron.db.agents_db [None req-5e076d5f-241a-401f-ab75-19a7f4477e6f None None] Agent healthcheck: found 0 active agents {{(pid=104885) agent_health_check /opt/stack/neutron/neutron/db/agents_db.py:317}}
Mar 26 01:22:55.960726 np0000160859 neutron-periodic-workers[104885]: DEBUG oslo.service.backend._threading.loopingcall [None req-5e076d5f-241a-401f-ab75-19a7f4477e6f None None] Fixed interval looping call 'neutron.plugins.ml2.plugin.AgentDbMixin.agent_health_check' sleeping for 36.99 seconds {{(pid=104885) _run_loop /opt/stack/data/venv/lib/python3.12/site-packages/oslo_service/backend/_threading/loopingcall.py:125}}
Mar 26 01:22:55.962521 np0000160859 neutron-periodic-workers[104876]: DEBUG dbcounter [-] [104876] Writing DB stats neutron:SELECT=3 {{(pid=104876) stat_writer /opt/stack/data/venv/lib/python3.12/site-packages/dbcounter.py:115}}
Mar 26 01:23:05.958751 np0000160859 neutron-periodic-workers[104885]: DEBUG dbcounter [-] [104885] Writing DB stats neutron:SELECT=1 {{(pid=104885) stat_writer /opt/stack/data/venv/lib/python3.12/site-packages/dbcounter.py:115}}
Mar 26 01:23:22.962857 np0000160859 neutron-periodic-workers[104876]: DEBUG oslo.service.backend._threading.loopingcall [None req-ba91eb19-c502-40b0-b966-bcbc63b83101 None None] Fixed interval looping call 'neutron.plugins.ml2.plugin.DhcpAgentSchedulerDbMixin.remove_networks_from_down_agents' sleeping for 36.99 seconds {{(pid=104876) _run_loop /opt/stack/data/venv/lib/python3.12/site-packages/oslo_service/backend/_threading/loopingcall.py:125}}
Mar 26 01:23:32.955457 np0000160859 neutron-periodic-workers[104885]: DEBUG neutron.db.agents_db [None req-5e076d5f-241a-401f-ab75-19a7f4477e6f None None] Agent healthcheck: found 0 active agents {{(pid=104885) agent_health_check /opt/stack/neutron/neutron/db/agents_db.py:317}}
Mar 26 01:23:32.955457 np0000160859 neutron-periodic-workers[104885]: DEBUG oslo.service.backend._threading.loopingcall [None req-5e076d5f-241a-401f-ab75-19a7f4477e6f None None] Fixed interval looping call 'neutron.plugins.ml2.plugin.AgentDbMixin.agent_health_check' sleeping for 37.00 seconds {{(pid=104885) _run_loop /opt/stack/data/venv/lib/python3.12/site-packages/oslo_service/backend/_threading/loopingcall.py:125}}
Mar 26 01:23:32.961869 np0000160859 neutron-periodic-workers[104876]: DEBUG dbcounter [-] [104876] Writing DB stats neutron:SELECT=3 {{(pid=104876) stat_writer /opt/stack/data/venv/lib/python3.12/site-packages/dbcounter.py:115}}
Mar 26 01:23:42.954518 np0000160859 neutron-periodic-workers[104885]: DEBUG dbcounter [-] [104885] Writing DB stats neutron:SELECT=1 {{(pid=104885) stat_writer /opt/stack/data/venv/lib/python3.12/site-packages/dbcounter.py:115}}
Mar 26 01:23:59.962706 np0000160859 neutron-periodic-workers[104876]: DEBUG oslo.service.backend._threading.loopingcall [None req-ba91eb19-c502-40b0-b966-bcbc63b83101 None None] Fixed interval looping call 'neutron.plugins.ml2.plugin.DhcpAgentSchedulerDbMixin.remove_networks_from_down_agents' sleeping for 36.99 seconds {{(pid=104876) _run_loop /opt/stack/data/venv/lib/python3.12/site-packages/oslo_service/backend/_threading/loopingcall.py:125}}
Mar 26 01:24:09.960690 np0000160859 neutron-periodic-workers[104885]: DEBUG neutron.db.agents_db [None req-5e076d5f-241a-401f-ab75-19a7f4477e6f None None] Agent healthcheck: found 0 active agents {{(pid=104885) agent_health_check /opt/stack/neutron/neutron/db/agents_db.py:317}}
Mar 26 01:24:09.961508 np0000160859 neutron-periodic-workers[104885]: DEBUG oslo.service.backend._threading.loopingcall [None req-5e076d5f-241a-401f-ab75-19a7f4477e6f None None] Fixed interval looping call 'neutron.plugins.ml2.plugin.AgentDbMixin.agent_health_check' sleeping for 36.99 seconds {{(pid=104885) _run_loop /opt/stack/data/venv/lib/python3.12/site-packages/oslo_service/backend/_threading/loopingcall.py:125}}
Mar 26 01:24:09.961597 np0000160859 neutron-periodic-workers[104876]: DEBUG dbcounter [-] [104876] Writing DB stats neutron:SELECT=3 {{(pid=104876) stat_writer /opt/stack/data/venv/lib/python3.12/site-packages/dbcounter.py:115}}
Mar 26 01:24:19.958937 np0000160859 neutron-periodic-workers[104885]: DEBUG dbcounter [-] [104885] Writing DB stats neutron:SELECT=1 {{(pid=104885) stat_writer /opt/stack/data/venv/lib/python3.12/site-packages/dbcounter.py:115}}
Mar 26 01:24:21.988890 np0000160859 neutron-periodic-workers[104890]: DEBUG oslo.service.backend._threading.loopingcall [None req-f32f2ae8-4309-4ce2-bd6e-f3937c6d17d8 None None] Fixed interval looping call 'neutron.db.quota.driver_nolock.DbQuotaNoLockDriver._remove_expired_reservations' sleeping for 119.99 seconds {{(pid=104890) _run_loop /opt/stack/data/venv/lib/python3.12/site-packages/oslo_service/backend/_threading/loopingcall.py:125}}
Mar 26 01:24:32.008230 np0000160859 neutron-periodic-workers[104890]: DEBUG dbcounter [-] [104890] Writing DB stats neutron:DELETE=1 {{(pid=104890) stat_writer /opt/stack/data/venv/lib/python3.12/site-packages/dbcounter.py:115}}
Mar 26 01:24:36.960238 np0000160859 neutron-periodic-workers[104876]: DEBUG oslo.service.backend._threading.loopingcall [None req-ba91eb19-c502-40b0-b966-bcbc63b83101 None None] Fixed interval looping call 'neutron.plugins.ml2.plugin.DhcpAgentSchedulerDbMixin.remove_networks_from_down_agents' sleeping for 36.99 seconds {{(pid=104876) _run_loop /opt/stack/data/venv/lib/python3.12/site-packages/oslo_service/backend/_threading/loopingcall.py:125}}
Mar 26 01:24:46.955345 np0000160859 neutron-periodic-workers[104885]: DEBUG neutron.db.agents_db [None req-5e076d5f-241a-401f-ab75-19a7f4477e6f None None] Agent healthcheck: found 0 active agents {{(pid=104885) agent_health_check /opt/stack/neutron/neutron/db/agents_db.py:317}}
Mar 26 01:24:46.955827 np0000160859 neutron-periodic-workers[104885]: DEBUG oslo.service.backend._threading.loopingcall [None req-5e076d5f-241a-401f-ab75-19a7f4477e6f None None] Fixed interval looping call 'neutron.plugins.ml2.plugin.AgentDbMixin.agent_health_check' sleeping for 37.00 seconds {{(pid=104885) _run_loop /opt/stack/data/venv/lib/python3.12/site-packages/oslo_service/backend/_threading/loopingcall.py:125}}
Mar 26 01:24:46.959434 np0000160859 neutron-periodic-workers[104876]: DEBUG dbcounter [-] [104876] Writing DB stats neutron:SELECT=3 {{(pid=104876) stat_writer /opt/stack/data/venv/lib/python3.12/site-packages/dbcounter.py:115}}
Mar 26 01:24:56.953618 np0000160859 neutron-periodic-workers[104885]: DEBUG dbcounter [-] [104885] Writing DB stats neutron:SELECT=1 {{(pid=104885) stat_writer /opt/stack/data/venv/lib/python3.12/site-packages/dbcounter.py:115}}
Mar 26 01:25:13.959551 np0000160859 neutron-periodic-workers[104876]: DEBUG oslo.service.backend._threading.loopingcall [None req-ba91eb19-c502-40b0-b966-bcbc63b83101 None None] Fixed interval looping call 'neutron.plugins.ml2.plugin.DhcpAgentSchedulerDbMixin.remove_networks_from_down_agents' sleeping for 36.99 seconds {{(pid=104876) _run_loop /opt/stack/data/venv/lib/python3.12/site-packages/oslo_service/backend/_threading/loopingcall.py:125}}
Mar 26 01:25:23.958066 np0000160859 neutron-periodic-workers[104876]: DEBUG dbcounter [-] [104876] Writing DB stats neutron:SELECT=3 {{(pid=104876) stat_writer /opt/stack/data/venv/lib/python3.12/site-packages/dbcounter.py:115}}
Mar 26 01:25:23.962807 np0000160859 neutron-periodic-workers[104885]: DEBUG neutron.db.agents_db [None req-5e076d5f-241a-401f-ab75-19a7f4477e6f None None] Agent healthcheck: found 0 active agents {{(pid=104885) agent_health_check /opt/stack/neutron/neutron/db/agents_db.py:317}}
Mar 26 01:25:23.963130 np0000160859 neutron-periodic-workers[104885]: DEBUG oslo.service.backend._threading.loopingcall [None req-5e076d5f-241a-401f-ab75-19a7f4477e6f None None] Fixed interval looping call 'neutron.plugins.ml2.plugin.AgentDbMixin.agent_health_check' sleeping for 36.99 seconds {{(pid=104885) _run_loop /opt/stack/data/venv/lib/python3.12/site-packages/oslo_service/backend/_threading/loopingcall.py:125}}
Mar 26 01:25:33.960966 np0000160859 neutron-periodic-workers[104885]: DEBUG dbcounter [-] [104885] Writing DB stats neutron:SELECT=1 {{(pid=104885) stat_writer /opt/stack/data/venv/lib/python3.12/site-packages/dbcounter.py:115}}
Mar 26 01:25:50.941995 np0000160859 neutron-periodic-workers[104870]: DEBUG oslo.service.backend._threading.loopingcall [None req-6dccec52-9496-4468-997e-dde1c62f76d0 None None] Fixed interval looping call 'neutron.services.ovn_l3.plugin.L3_NAT_dbonly_mixin._clean_garbage' sleeping for 299.99 seconds {{(pid=104870) _run_loop /opt/stack/data/venv/lib/python3.12/site-packages/oslo_service/backend/_threading/loopingcall.py:125}}
Mar 26 01:25:50.962403 np0000160859 neutron-periodic-workers[104876]: DEBUG oslo.service.backend._threading.loopingcall [None req-ba91eb19-c502-40b0-b966-bcbc63b83101 None None] Fixed interval looping call 'neutron.plugins.ml2.plugin.DhcpAgentSchedulerDbMixin.remove_networks_from_down_agents' sleeping for 36.99 seconds {{(pid=104876) _run_loop /opt/stack/data/venv/lib/python3.12/site-packages/oslo_service/backend/_threading/loopingcall.py:125}}
Mar 26 01:26:00.934838 np0000160859 neutron-periodic-workers[104870]: DEBUG dbcounter [-] [104870] Writing DB stats neutron:SELECT=1 {{(pid=104870) stat_writer /opt/stack/data/venv/lib/python3.12/site-packages/dbcounter.py:115}}
Mar 26 01:26:00.961297 np0000160859 neutron-periodic-workers[104876]: DEBUG dbcounter [-] [104876] Writing DB stats neutron:SELECT=3 {{(pid=104876) stat_writer /opt/stack/data/venv/lib/python3.12/site-packages/dbcounter.py:115}}
Mar 26 01:26:00.961942 np0000160859 neutron-periodic-workers[104885]: DEBUG neutron.db.agents_db [None req-5e076d5f-241a-401f-ab75-19a7f4477e6f None None] Agent healthcheck: found 0 active agents {{(pid=104885) agent_health_check /opt/stack/neutron/neutron/db/agents_db.py:317}}
Mar 26 01:26:00.961942 np0000160859 neutron-periodic-workers[104885]: DEBUG oslo.service.backend._threading.loopingcall [None req-5e076d5f-241a-401f-ab75-19a7f4477e6f None None] Fixed interval looping call 'neutron.plugins.ml2.plugin.AgentDbMixin.agent_health_check' sleeping for 36.99 seconds {{(pid=104885) _run_loop /opt/stack/data/venv/lib/python3.12/site-packages/oslo_service/backend/_threading/loopingcall.py:125}}
Mar 26 01:26:10.956394 np0000160859 neutron-periodic-workers[104885]: DEBUG dbcounter [-] [104885] Writing DB stats neutron:SELECT=1 {{(pid=104885) stat_writer /opt/stack/data/venv/lib/python3.12/site-packages/dbcounter.py:115}}
Mar 26 01:26:21.984046 np0000160859 neutron-periodic-workers[104890]: DEBUG oslo.service.backend._threading.loopingcall [None req-f32f2ae8-4309-4ce2-bd6e-f3937c6d17d8 None None] Fixed interval looping call 'neutron.db.quota.driver_nolock.DbQuotaNoLockDriver._remove_expired_reservations' sleeping for 120.00 seconds {{(pid=104890) _run_loop /opt/stack/data/venv/lib/python3.12/site-packages/oslo_service/backend/_threading/loopingcall.py:125}}
Mar 26 01:26:27.962423 np0000160859 neutron-periodic-workers[104876]: DEBUG oslo.service.backend._threading.loopingcall [None req-ba91eb19-c502-40b0-b966-bcbc63b83101 None None] Fixed interval looping call 'neutron.plugins.ml2.plugin.DhcpAgentSchedulerDbMixin.remove_networks_from_down_agents' sleeping for 36.99 seconds {{(pid=104876) _run_loop /opt/stack/data/venv/lib/python3.12/site-packages/oslo_service/backend/_threading/loopingcall.py:125}}
Mar 26 01:26:31.982672 np0000160859 neutron-periodic-workers[104890]: DEBUG dbcounter [-] [104890] Writing DB stats neutron:DELETE=1 {{(pid=104890) stat_writer /opt/stack/data/venv/lib/python3.12/site-packages/dbcounter.py:115}}
Mar 26 01:26:37.956807 np0000160859 neutron-periodic-workers[104885]: DEBUG neutron.db.agents_db [None req-5e076d5f-241a-401f-ab75-19a7f4477e6f None None] Agent healthcheck: found 0 active agents {{(pid=104885) agent_health_check /opt/stack/neutron/neutron/db/agents_db.py:317}}
Mar 26 01:26:37.958293 np0000160859 neutron-periodic-workers[104885]: DEBUG oslo.service.backend._threading.loopingcall [None req-5e076d5f-241a-401f-ab75-19a7f4477e6f None None] Fixed interval looping call 'neutron.plugins.ml2.plugin.AgentDbMixin.agent_health_check' sleeping for 36.99 seconds {{(pid=104885) _run_loop /opt/stack/data/venv/lib/python3.12/site-packages/oslo_service/backend/_threading/loopingcall.py:125}}
Mar 26 01:26:37.961388 np0000160859 neutron-periodic-workers[104876]: DEBUG dbcounter [-] [104876] Writing DB stats neutron:SELECT=3 {{(pid=104876) stat_writer /opt/stack/data/venv/lib/python3.12/site-packages/dbcounter.py:115}}
Mar 26 01:26:47.954953 np0000160859 neutron-periodic-workers[104885]: DEBUG dbcounter [-] [104885] Writing DB stats neutron:SELECT=1 {{(pid=104885) stat_writer /opt/stack/data/venv/lib/python3.12/site-packages/dbcounter.py:115}}
Mar 26 01:27:04.962792 np0000160859 neutron-periodic-workers[104876]: DEBUG oslo.service.backend._threading.loopingcall [None req-ba91eb19-c502-40b0-b966-bcbc63b83101 None None] Fixed interval looping call 'neutron.plugins.ml2.plugin.DhcpAgentSchedulerDbMixin.remove_networks_from_down_agents' sleeping for 36.99 seconds {{(pid=104876) _run_loop /opt/stack/data/venv/lib/python3.12/site-packages/oslo_service/backend/_threading/loopingcall.py:125}}
Mar 26 01:27:14.952446 np0000160859 neutron-periodic-workers[104885]: DEBUG neutron.db.agents_db [None req-5e076d5f-241a-401f-ab75-19a7f4477e6f None None] Agent healthcheck: found 0 active agents {{(pid=104885) agent_health_check /opt/stack/neutron/neutron/db/agents_db.py:317}}
Mar 26 01:27:14.953052 np0000160859 neutron-periodic-workers[104885]: DEBUG oslo.service.backend._threading.loopingcall [None req-5e076d5f-241a-401f-ab75-19a7f4477e6f None None] Fixed interval looping call 'neutron.plugins.ml2.plugin.AgentDbMixin.agent_health_check' sleeping for 36.99 seconds {{(pid=104885) _run_loop /opt/stack/data/venv/lib/python3.12/site-packages/oslo_service/backend/_threading/loopingcall.py:125}}
Mar 26 01:27:14.961402 np0000160859 neutron-periodic-workers[104876]: DEBUG dbcounter [-] [104876] Writing DB stats neutron:SELECT=3 {{(pid=104876) stat_writer /opt/stack/data/venv/lib/python3.12/site-packages/dbcounter.py:115}}
Mar 26 01:27:24.950834 np0000160859 neutron-periodic-workers[104885]: DEBUG dbcounter [-] [104885] Writing DB stats neutron:SELECT=1 {{(pid=104885) stat_writer /opt/stack/data/venv/lib/python3.12/site-packages/dbcounter.py:115}}
Mar 26 01:27:41.962579 np0000160859 neutron-periodic-workers[104876]: DEBUG oslo.service.backend._threading.loopingcall [None req-ba91eb19-c502-40b0-b966-bcbc63b83101 None None] Fixed interval looping call 'neutron.plugins.ml2.plugin.DhcpAgentSchedulerDbMixin.remove_networks_from_down_agents' sleeping for 36.99 seconds {{(pid=104876) _run_loop /opt/stack/data/venv/lib/python3.12/site-packages/oslo_service/backend/_threading/loopingcall.py:125}}
Mar 26 01:27:51.947810 np0000160859 neutron-periodic-workers[104885]: DEBUG neutron.db.agents_db [None req-5e076d5f-241a-401f-ab75-19a7f4477e6f None None] Agent healthcheck: found 0 active agents {{(pid=104885) agent_health_check /opt/stack/neutron/neutron/db/agents_db.py:317}}
Mar 26 01:27:51.948459 np0000160859 neutron-periodic-workers[104885]: DEBUG oslo.service.backend._threading.loopingcall [None req-5e076d5f-241a-401f-ab75-19a7f4477e6f None None] Fixed interval looping call 'neutron.plugins.ml2.plugin.AgentDbMixin.agent_health_check' sleeping for 36.99 seconds {{(pid=104885) _run_loop /opt/stack/data/venv/lib/python3.12/site-packages/oslo_service/backend/_threading/loopingcall.py:125}}
Mar 26 01:27:51.961941 np0000160859 neutron-periodic-workers[104876]: DEBUG dbcounter [-] [104876] Writing DB stats neutron:SELECT=3 {{(pid=104876) stat_writer /opt/stack/data/venv/lib/python3.12/site-packages/dbcounter.py:115}}
Mar 26 01:28:01.946266 np0000160859 neutron-periodic-workers[104885]: DEBUG dbcounter [-] [104885] Writing DB stats neutron:SELECT=1 {{(pid=104885) stat_writer /opt/stack/data/venv/lib/python3.12/site-packages/dbcounter.py:115}}
Mar 26 01:28:18.961870 np0000160859 neutron-periodic-workers[104876]: DEBUG oslo.service.backend._threading.loopingcall [None req-ba91eb19-c502-40b0-b966-bcbc63b83101 None None] Fixed interval looping call 'neutron.plugins.ml2.plugin.DhcpAgentSchedulerDbMixin.remove_networks_from_down_agents' sleeping for 36.99 seconds {{(pid=104876) _run_loop /opt/stack/data/venv/lib/python3.12/site-packages/oslo_service/backend/_threading/loopingcall.py:125}}
Mar 26 01:28:21.989494 np0000160859 neutron-periodic-workers[104890]: DEBUG oslo.service.backend._threading.loopingcall [None req-f32f2ae8-4309-4ce2-bd6e-f3937c6d17d8 None None] Fixed interval looping call 'neutron.db.quota.driver_nolock.DbQuotaNoLockDriver._remove_expired_reservations' sleeping for 119.99 seconds {{(pid=104890) _run_loop /opt/stack/data/venv/lib/python3.12/site-packages/oslo_service/backend/_threading/loopingcall.py:125}}
Mar 26 01:28:28.944195 np0000160859 neutron-periodic-workers[104885]: DEBUG neutron.db.agents_db [None req-5e076d5f-241a-401f-ab75-19a7f4477e6f None None] Agent healthcheck: found 0 active agents {{(pid=104885) agent_health_check /opt/stack/neutron/neutron/db/agents_db.py:317}}
Mar 26 01:28:28.944924 np0000160859 neutron-periodic-workers[104885]: DEBUG oslo.service.backend._threading.loopingcall [None req-5e076d5f-241a-401f-ab75-19a7f4477e6f None None] Fixed interval looping call 'neutron.plugins.ml2.plugin.AgentDbMixin.agent_health_check' sleeping for 36.99 seconds {{(pid=104885) _run_loop /opt/stack/data/venv/lib/python3.12/site-packages/oslo_service/backend/_threading/loopingcall.py:125}}
Mar 26 01:28:28.960958 np0000160859 neutron-periodic-workers[104876]: DEBUG dbcounter [-] [104876] Writing DB stats neutron:SELECT=3 {{(pid=104876) stat_writer /opt/stack/data/venv/lib/python3.12/site-packages/dbcounter.py:115}}
Mar 26 01:28:31.987551 np0000160859 neutron-periodic-workers[104890]: DEBUG dbcounter [-] [104890] Writing DB stats neutron:DELETE=1 {{(pid=104890) stat_writer /opt/stack/data/venv/lib/python3.12/site-packages/dbcounter.py:115}}
Mar 26 01:28:38.941913 np0000160859 neutron-periodic-workers[104885]: DEBUG dbcounter [-] [104885] Writing DB stats neutron:SELECT=1 {{(pid=104885) stat_writer /opt/stack/data/venv/lib/python3.12/site-packages/dbcounter.py:115}}
Mar 26 01:28:55.963767 np0000160859 neutron-periodic-workers[104876]: DEBUG oslo.service.backend._threading.loopingcall [None req-ba91eb19-c502-40b0-b966-bcbc63b83101 None None] Fixed interval looping call 'neutron.plugins.ml2.plugin.DhcpAgentSchedulerDbMixin.remove_networks_from_down_agents' sleeping for 36.99 seconds {{(pid=104876) _run_loop /opt/stack/data/venv/lib/python3.12/site-packages/oslo_service/backend/_threading/loopingcall.py:125}}
Mar 26 01:29:05.938551 np0000160859 neutron-periodic-workers[104885]: DEBUG neutron.db.agents_db [None req-5e076d5f-241a-401f-ab75-19a7f4477e6f None None] Agent healthcheck: found 0 active agents {{(pid=104885) agent_health_check /opt/stack/neutron/neutron/db/agents_db.py:317}}
Mar 26 01:29:05.939070 np0000160859 neutron-periodic-workers[104885]: DEBUG oslo.service.backend._threading.loopingcall [None req-5e076d5f-241a-401f-ab75-19a7f4477e6f None None] Fixed interval looping call 'neutron.plugins.ml2.plugin.AgentDbMixin.agent_health_check' sleeping for 37.00 seconds {{(pid=104885) _run_loop /opt/stack/data/venv/lib/python3.12/site-packages/oslo_service/backend/_threading/loopingcall.py:125}}
Mar 26 01:29:05.962394 np0000160859 neutron-periodic-workers[104876]: DEBUG dbcounter [-] [104876] Writing DB stats neutron:SELECT=3 {{(pid=104876) stat_writer /opt/stack/data/venv/lib/python3.12/site-packages/dbcounter.py:115}}
Mar 26 01:29:15.937354 np0000160859 neutron-periodic-workers[104885]: DEBUG dbcounter [-] [104885] Writing DB stats neutron:SELECT=1 {{(pid=104885) stat_writer /opt/stack/data/venv/lib/python3.12/site-packages/dbcounter.py:115}}
Mar 26 01:29:32.997918 np0000160859 neutron-periodic-workers[104876]: DEBUG oslo.service.backend._threading.loopingcall [None req-ba91eb19-c502-40b0-b966-bcbc63b83101 None None] Fixed interval looping call 'neutron.plugins.ml2.plugin.DhcpAgentSchedulerDbMixin.remove_networks_from_down_agents' sleeping for 36.96 seconds {{(pid=104876) _run_loop /opt/stack/data/venv/lib/python3.12/site-packages/oslo_service/backend/_threading/loopingcall.py:125}}
Mar 26 01:29:42.944085 np0000160859 neutron-periodic-workers[104885]: DEBUG neutron.db.agents_db [None req-5e076d5f-241a-401f-ab75-19a7f4477e6f None None] Agent healthcheck: found 0 active agents {{(pid=104885) agent_health_check /opt/stack/neutron/neutron/db/agents_db.py:317}}
Mar 26 01:29:42.944637 np0000160859 neutron-periodic-workers[104885]: DEBUG oslo.service.backend._threading.loopingcall [None req-5e076d5f-241a-401f-ab75-19a7f4477e6f None None] Fixed interval looping call 'neutron.plugins.ml2.plugin.AgentDbMixin.agent_health_check' sleeping for 36.99 seconds {{(pid=104885) _run_loop /opt/stack/data/venv/lib/python3.12/site-packages/oslo_service/backend/_threading/loopingcall.py:125}}
Mar 26 01:29:42.997369 np0000160859 neutron-periodic-workers[104876]: DEBUG dbcounter [-] [104876] Writing DB stats neutron:SELECT=3 {{(pid=104876) stat_writer /opt/stack/data/venv/lib/python3.12/site-packages/dbcounter.py:115}}
Mar 26 01:29:52.942468 np0000160859 neutron-periodic-workers[104885]: DEBUG dbcounter [-] [104885] Writing DB stats neutron:SELECT=1 {{(pid=104885) stat_writer /opt/stack/data/venv/lib/python3.12/site-packages/dbcounter.py:115}}
Mar 26 01:30:09.968575 np0000160859 neutron-periodic-workers[104876]: DEBUG oslo.service.backend._threading.loopingcall [None req-ba91eb19-c502-40b0-b966-bcbc63b83101 None None] Fixed interval looping call 'neutron.plugins.ml2.plugin.DhcpAgentSchedulerDbMixin.remove_networks_from_down_agents' sleeping for 36.99 seconds {{(pid=104876) _run_loop /opt/stack/data/venv/lib/python3.12/site-packages/oslo_service/backend/_threading/loopingcall.py:125}}
Mar 26 01:30:19.939781 np0000160859 neutron-periodic-workers[104885]: DEBUG neutron.db.agents_db [None req-5e076d5f-241a-401f-ab75-19a7f4477e6f None None] Agent healthcheck: found 0 active agents {{(pid=104885) agent_health_check /opt/stack/neutron/neutron/db/agents_db.py:317}}
Mar 26 01:30:19.940234 np0000160859 neutron-periodic-workers[104885]: DEBUG oslo.service.backend._threading.loopingcall [None req-5e076d5f-241a-401f-ab75-19a7f4477e6f None None] Fixed interval looping call 'neutron.plugins.ml2.plugin.AgentDbMixin.agent_health_check' sleeping for 36.99 seconds {{(pid=104885) _run_loop /opt/stack/data/venv/lib/python3.12/site-packages/oslo_service/backend/_threading/loopingcall.py:125}}
Mar 26 01:30:19.967207 np0000160859 neutron-periodic-workers[104876]: DEBUG dbcounter [-] [104876] Writing DB stats neutron:SELECT=3 {{(pid=104876) stat_writer /opt/stack/data/venv/lib/python3.12/site-packages/dbcounter.py:115}}
