Apr 20 15:28:29.418349 np0000168358 devstack@neutron-api.service[104548]: DEBUG neutron.api.extensions [None req-5a37f0bd-9b6d-46b3-b972-528d33fe8d61 None None] Loading extension file: auto_allocated_topology.py {{(pid=104548) _load_all_extensions_from_path /opt/stack/neutron/neutron/api/extensions.py:449}}
Apr 20 15:28:29.418564 np0000168358 devstack@neutron-api.service[104548]: DEBUG neutron.api.extensions [None req-5a37f0bd-9b6d-46b3-b972-528d33fe8d61 None None] Ext name="Auto Allocated Topology Services" alias="auto-allocated-topology" description="Auto Allocated Topology Services." updated="2016-01-01T00:00:00-00:00" {{(pid=104548) _check_extension /opt/stack/neutron/neutron/api/extensions.py:415}}
Apr 20 15:28:29.418722 np0000168358 devstack@neutron-api.service[104549]: DEBUG neutron.services.provider_configuration [None req-a84d5881-69ba-4fab-ae99-21d7b1dc859c None None] Service providers = [] {{(pid=104549) parse_service_provider_opt /opt/stack/neutron/neutron/services/provider_configuration.py:170}}
Apr 20 15:28:29.418756 np0000168358 devstack@neutron-api.service[104548]: INFO neutron.api.extensions [None req-5a37f0bd-9b6d-46b3-b972-528d33fe8d61 None None] Loaded extension: auto-allocated-topology
Apr 20 15:28:29.418823 np0000168358 devstack@neutron-api.service[104548]: DEBUG neutron.api.extensions [None req-5a37f0bd-9b6d-46b3-b972-528d33fe8d61 None None] Loading extension file: availability_zone.py {{(pid=104548) _load_all_extensions_from_path /opt/stack/neutron/neutron/api/extensions.py:449}}
Apr 20 15:28:29.418855 np0000168358 devstack@neutron-api.service[104549]: DEBUG neutron.db.servicetype_db [None req-a84d5881-69ba-4fab-ae99-21d7b1dc859c None None] Adding provider configuration for service L3_ROUTER_NAT {{(pid=104549) add_provider_configuration /opt/stack/neutron/neutron/db/servicetype_db.py:42}}
Apr 20 15:28:29.419110 np0000168358 devstack@neutron-api.service[104548]: DEBUG neutron.api.extensions [None req-5a37f0bd-9b6d-46b3-b972-528d33fe8d61 None None] Ext name="Availability Zone" alias="availability_zone" description="The availability zone extension." updated="2015-01-01T10:00:00-00:00" {{(pid=104548) _check_extension /opt/stack/neutron/neutron/api/extensions.py:415}}
Apr 20 15:28:29.419281 np0000168358 devstack@neutron-api.service[104548]: INFO neutron.api.extensions [None req-5a37f0bd-9b6d-46b3-b972-528d33fe8d61 None None] Loaded extension: availability_zone
Apr 20 15:28:29.419371 np0000168358 devstack@neutron-api.service[104548]: DEBUG neutron.api.extensions [None req-5a37f0bd-9b6d-46b3-b972-528d33fe8d61 None None] Loading extension file: availability_zone_filter.py {{(pid=104548) _load_all_extensions_from_path /opt/stack/neutron/neutron/api/extensions.py:449}}
Apr 20 15:28:29.419597 np0000168358 devstack@neutron-api.service[104548]: DEBUG neutron.api.extensions [None req-5a37f0bd-9b6d-46b3-b972-528d33fe8d61 None None] Ext name="Availability Zone Filter Extension" alias="availability_zone_filter" description="Add filter parameters to AvailabilityZone resource" updated="2018-06-22T10:00:00-00:00" {{(pid=104548) _check_extension /opt/stack/neutron/neutron/api/extensions.py:415}}
Apr 20 15:28:29.419806 np0000168358 devstack@neutron-api.service[104548]: INFO neutron.api.extensions [None req-5a37f0bd-9b6d-46b3-b972-528d33fe8d61 None None] Extension availability_zone_filter not supported by any of loaded plugins
Apr 20 15:28:29.419854 np0000168358 devstack@neutron-api.service[104548]: DEBUG neutron.api.extensions [None req-5a37f0bd-9b6d-46b3-b972-528d33fe8d61 None None] Loading extension file: data_plane_status.py {{(pid=104548) _load_all_extensions_from_path /opt/stack/neutron/neutron/api/extensions.py:449}}
Apr 20 15:28:29.420082 np0000168358 devstack@neutron-api.service[104549]: DEBUG neutron_lib.callbacks.manager [None req-a84d5881-69ba-4fab-ae99-21d7b1dc859c None None] Subscribe: > router precommit_create 55549900, False {{(pid=104549) subscribe /opt/stack/data/venv/lib/python3.12/site-packages/neutron_lib/callbacks/manager.py:52}}
Apr 20 15:28:29.420158 np0000168358 devstack@neutron-api.service[104548]: DEBUG neutron.api.extensions [None req-5a37f0bd-9b6d-46b3-b972-528d33fe8d61 None None] Ext name="Port data plane status extension" alias="data-plane-status" description="Expose status of underlying data plane" updated="2017-01-24T10:00:00-00:00" {{(pid=104548) _check_extension /opt/stack/neutron/neutron/api/extensions.py:415}}
Apr 20 15:28:29.420199 np0000168358 devstack@neutron-api.service[104549]: DEBUG neutron_lib.callbacks.manager [None req-a84d5881-69ba-4fab-ae99-21d7b1dc859c None None] Subscribe: > router_interface after_create 55550000, False {{(pid=104549) subscribe /opt/stack/data/venv/lib/python3.12/site-packages/neutron_lib/callbacks/manager.py:52}}
Apr 20 15:28:29.420270 np0000168358 devstack@neutron-api.service[104548]: INFO neutron.api.extensions [None req-5a37f0bd-9b6d-46b3-b972-528d33fe8d61 None None] Extension data-plane-status not supported by any of loaded plugins
Apr 20 15:28:29.420298 np0000168358 devstack@neutron-api.service[104549]: DEBUG neutron_lib.callbacks.manager [None req-a84d5881-69ba-4fab-ae99-21d7b1dc859c None None] Subscribe: > floatingip after_create 55550000, False {{(pid=104549) subscribe /opt/stack/data/venv/lib/python3.12/site-packages/neutron_lib/callbacks/manager.py:52}}
Apr 20 15:28:29.420341 np0000168358 devstack@neutron-api.service[104548]: DEBUG neutron.api.extensions [None req-5a37f0bd-9b6d-46b3-b972-528d33fe8d61 None None] Loading extension file: default_subnetpools.py {{(pid=104548) _load_all_extensions_from_path /opt/stack/neutron/neutron/api/extensions.py:449}}
Apr 20 15:28:29.420389 np0000168358 devstack@neutron-api.service[104549]: DEBUG neutron_lib.callbacks.manager [None req-a84d5881-69ba-4fab-ae99-21d7b1dc859c None None] Subscribe: > floatingip precommit_create 55550000, False {{(pid=104549) subscribe /opt/stack/data/venv/lib/python3.12/site-packages/neutron_lib/callbacks/manager.py:52}}
Apr 20 15:28:29.420515 np0000168358 devstack@neutron-api.service[104549]: DEBUG neutron_lib.callbacks.manager [None req-a84d5881-69ba-4fab-ae99-21d7b1dc859c None None] Subscribe: > floatingip precommit_update 55550000, False {{(pid=104549) subscribe /opt/stack/data/venv/lib/python3.12/site-packages/neutron_lib/callbacks/manager.py:52}}
Apr 20 15:28:29.420560 np0000168358 devstack@neutron-api.service[104548]: DEBUG neutron.api.extensions [None req-5a37f0bd-9b6d-46b3-b972-528d33fe8d61 None None] Ext name="Default Subnetpools" alias="default-subnetpools" description="Provides ability to mark and use a subnetpool as the default." updated="2016-02-18T18:00:00-00:00" {{(pid=104548) _check_extension /opt/stack/neutron/neutron/api/extensions.py:415}}
Apr 20 15:28:29.420592 np0000168358 devstack@neutron-api.service[104549]: DEBUG neutron_lib.callbacks.manager [None req-a84d5881-69ba-4fab-ae99-21d7b1dc859c None None] Subscribe: > floatingip after_delete 55550000, False {{(pid=104549) subscribe /opt/stack/data/venv/lib/python3.12/site-packages/neutron_lib/callbacks/manager.py:52}}
Apr 20 15:28:29.420686 np0000168358 devstack@neutron-api.service[104549]: DEBUG neutron_lib.callbacks.manager [None req-a84d5881-69ba-4fab-ae99-21d7b1dc859c None None] Subscribe: > floatingip after_status_update 55550000, False {{(pid=104549) subscribe /opt/stack/data/venv/lib/python3.12/site-packages/neutron_lib/callbacks/manager.py:52}}
Apr 20 15:28:29.420729 np0000168358 devstack@neutron-api.service[104548]: INFO neutron.api.extensions [None req-5a37f0bd-9b6d-46b3-b972-528d33fe8d61 None None] Loaded extension: default-subnetpools
Apr 20 15:28:29.420779 np0000168358 devstack@neutron-api.service[104549]: DEBUG neutron_lib.callbacks.manager [None req-a84d5881-69ba-4fab-ae99-21d7b1dc859c None None] Subscribe: > floatingip after_update 55550000, False {{(pid=104549) subscribe /opt/stack/data/venv/lib/python3.12/site-packages/neutron_lib/callbacks/manager.py:52}}
Apr 20 15:28:29.420823 np0000168358 devstack@neutron-api.service[104548]: DEBUG neutron.api.extensions [None req-5a37f0bd-9b6d-46b3-b972-528d33fe8d61 None None] Loading extension file: dhcpagentscheduler.py {{(pid=104548) _load_all_extensions_from_path /opt/stack/neutron/neutron/api/extensions.py:449}}
Apr 20 15:28:29.420891 np0000168358 devstack@neutron-api.service[104549]: DEBUG neutron_lib.callbacks.manager [None req-a84d5881-69ba-4fab-ae99-21d7b1dc859c None None] Subscribe: > port_forwarding after_create 55550000, False {{(pid=104549) subscribe /opt/stack/data/venv/lib/python3.12/site-packages/neutron_lib/callbacks/manager.py:52}}
Apr 20 15:28:29.420977 np0000168358 devstack@neutron-api.service[104549]: DEBUG neutron_lib.callbacks.manager [None req-a84d5881-69ba-4fab-ae99-21d7b1dc859c None None] Subscribe: > router_interface after_delete 55550000, False {{(pid=104549) subscribe /opt/stack/data/venv/lib/python3.12/site-packages/neutron_lib/callbacks/manager.py:52}}
Apr 20 15:28:29.421053 np0000168358 devstack@neutron-api.service[104547]: DEBUG neutron_lib.callbacks.manager [None req-8e16c716-f34d-410b-a641-a9e1986bf388 None None] Subscribe: > router before_delete 55550000, False {{(pid=104547) subscribe /opt/stack/data/venv/lib/python3.12/site-packages/neutron_lib/callbacks/manager.py:52}}
Apr 20 15:28:29.421096 np0000168358 devstack@neutron-api.service[104549]: DEBUG neutron_lib.callbacks.manager [None req-a84d5881-69ba-4fab-ae99-21d7b1dc859c None None] Subscribe: > router after_create 55550000, False {{(pid=104549) subscribe /opt/stack/data/venv/lib/python3.12/site-packages/neutron_lib/callbacks/manager.py:52}}
Apr 20 15:28:29.421212 np0000168358 devstack@neutron-api.service[104547]: DEBUG neutron_lib.callbacks.manager [None req-8e16c716-f34d-410b-a641-a9e1986bf388 None None] Subscribe: port after_update 55550000, False {{(pid=104547) subscribe /opt/stack/data/venv/lib/python3.12/site-packages/neutron_lib/callbacks/manager.py:52}}
Apr 20 15:28:29.421243 np0000168358 devstack@neutron-api.service[104549]: DEBUG neutron_lib.callbacks.manager [None req-a84d5881-69ba-4fab-ae99-21d7b1dc859c None None] Subscribe: > router precommit_create 55550000, False {{(pid=104549) subscribe /opt/stack/data/venv/lib/python3.12/site-packages/neutron_lib/callbacks/manager.py:52}}
Apr 20 15:28:29.421284 np0000168358 devstack@neutron-api.service[104547]: DEBUG neutron_lib.callbacks.manager [None req-8e16c716-f34d-410b-a641-a9e1986bf388 None None] Subscribe: port after_delete 55550000, False {{(pid=104547) subscribe /opt/stack/data/venv/lib/python3.12/site-packages/neutron_lib/callbacks/manager.py:52}}
Apr 20 15:28:29.421317 np0000168358 devstack@neutron-api.service[104549]: DEBUG neutron_lib.callbacks.manager [None req-a84d5881-69ba-4fab-ae99-21d7b1dc859c None None] Subscribe: > router after_delete 55550000, False {{(pid=104549) subscribe /opt/stack/data/venv/lib/python3.12/site-packages/neutron_lib/callbacks/manager.py:52}}
Apr 20 15:28:29.421382 np0000168358 devstack@neutron-api.service[104548]: DEBUG neutron.api.extensions [None req-5a37f0bd-9b6d-46b3-b972-528d33fe8d61 None None] Ext name="DHCP Agent Scheduler" alias="dhcp_agent_scheduler" description="Schedule networks among dhcp agents" updated="2013-02-07T10:00:00-00:00" {{(pid=104548) _check_extension /opt/stack/neutron/neutron/api/extensions.py:415}}
Apr 20 15:28:29.421414 np0000168358 devstack@neutron-api.service[104549]: DEBUG neutron_lib.callbacks.manager [None req-a84d5881-69ba-4fab-ae99-21d7b1dc859c None None] Subscribe: > router after_update 55550000, False {{(pid=104549) subscribe /opt/stack/data/venv/lib/python3.12/site-packages/neutron_lib/callbacks/manager.py:52}}
Apr 20 15:28:29.421445 np0000168358 devstack@neutron-api.service[104547]: DEBUG neutron_lib.callbacks.manager [None req-8e16c716-f34d-410b-a641-a9e1986bf388 None None] Subscribe: subnet after_update 55550000, False {{(pid=104547) subscribe /opt/stack/data/venv/lib/python3.12/site-packages/neutron_lib/callbacks/manager.py:52}}
Apr 20 15:28:29.421530 np0000168358 devstack@neutron-api.service[104549]: DEBUG neutron.services.service_base [None req-a84d5881-69ba-4fab-ae99-21d7b1dc859c None None] Loaded 'neutron.services.ovn_l3.service_providers.ovn.OvnDriver' provider for service L3_ROUTER_NAT {{(pid=104549) load_drivers /opt/stack/neutron/neutron/services/service_base.py:49}}
Apr 20 15:28:29.421564 np0000168358 devstack@neutron-api.service[104548]: INFO neutron.api.extensions [None req-5a37f0bd-9b6d-46b3-b972-528d33fe8d61 None None] Loaded extension: dhcp_agent_scheduler
Apr 20 15:28:29.421593 np0000168358 devstack@neutron-api.service[104547]: DEBUG neutron_lib.callbacks.manager [None req-8e16c716-f34d-410b-a641-a9e1986bf388 None None] Subscribe: subnetpool_address_scope after_update 55550000, False {{(pid=104547) subscribe /opt/stack/data/venv/lib/python3.12/site-packages/neutron_lib/callbacks/manager.py:52}}
Apr 20 15:28:29.421620 np0000168358 devstack@neutron-api.service[104548]: DEBUG neutron.api.extensions [None req-5a37f0bd-9b6d-46b3-b972-528d33fe8d61 None None] Loading extension file: dns.py {{(pid=104548) _load_all_extensions_from_path /opt/stack/neutron/neutron/api/extensions.py:449}}
Apr 20 15:28:29.421654 np0000168358 devstack@neutron-api.service[104549]: DEBUG neutron_lib.callbacks.manager [None req-a84d5881-69ba-4fab-ae99-21d7b1dc859c None None] Subscribe: > process after_init 55550001, True {{(pid=104549) subscribe /opt/stack/data/venv/lib/python3.12/site-packages/neutron_lib/callbacks/manager.py:52}}
Apr 20 15:28:29.421760 np0000168358 devstack@neutron-api.service[104547]: DEBUG neutron_lib.callbacks.manager [None req-8e16c716-f34d-410b-a641-a9e1986bf388 None None] Subscribe: port before_update 55550000, False {{(pid=104547) subscribe /opt/stack/data/venv/lib/python3.12/site-packages/neutron_lib/callbacks/manager.py:52}}
Apr 20 15:28:29.421797 np0000168358 devstack@neutron-api.service[104549]: DEBUG neutron.manager [None req-a84d5881-69ba-4fab-ae99-21d7b1dc859c None None] Successfully loaded L3_ROUTER_NAT plugin. Description: L3 Router Service Plugin for basic L3 forwarding using OVN {{(pid=104549) _create_and_add_service_plugin /opt/stack/neutron/neutron/manager.py:239}}
Apr 20 15:28:29.421837 np0000168358 devstack@neutron-api.service[104548]: DEBUG neutron.api.extensions [None req-5a37f0bd-9b6d-46b3-b972-528d33fe8d61 None None] Ext name="DNS Integration" alias="dns-integration" description="Provides integration with DNS." updated="2015-08-15T18:00:00-00:00" {{(pid=104548) _check_extension /opt/stack/neutron/neutron/api/extensions.py:415}}
Apr 20 15:28:29.421876 np0000168358 devstack@neutron-api.service[104547]: DEBUG neutron_lib.callbacks.manager [None req-8e16c716-f34d-410b-a641-a9e1986bf388 None None] Subscribe: port after_update 55550000, False {{(pid=104547) subscribe /opt/stack/data/venv/lib/python3.12/site-packages/neutron_lib/callbacks/manager.py:52}}
Apr 20 15:28:29.421909 np0000168358 devstack@neutron-api.service[104549]: INFO neutron.manager [None req-a84d5881-69ba-4fab-ae99-21d7b1dc859c None None] Loading Plugin: auto_allocate
Apr 20 15:28:29.421970 np0000168358 devstack@neutron-api.service[104547]: DEBUG neutron_lib.callbacks.manager [None req-8e16c716-f34d-410b-a641-a9e1986bf388 None None] Subscribe: > port precommit_delete 55550000, False {{(pid=104547) subscribe /opt/stack/data/venv/lib/python3.12/site-packages/neutron_lib/callbacks/manager.py:52}}
Apr 20 15:28:29.422017 np0000168358 devstack@neutron-api.service[104548]: INFO neutron.api.extensions [None req-5a37f0bd-9b6d-46b3-b972-528d33fe8d61 None None] Loaded extension: dns-integration
Apr 20 15:28:29.422115 np0000168358 devstack@neutron-api.service[104547]: DEBUG neutron_lib.callbacks.manager [None req-8e16c716-f34d-410b-a641-a9e1986bf388 None None] Subscribe: port before_update 55550000, False {{(pid=104547) subscribe /opt/stack/data/venv/lib/python3.12/site-packages/neutron_lib/callbacks/manager.py:52}}
Apr 20 15:28:29.422144 np0000168358 devstack@neutron-api.service[104548]: DEBUG neutron.api.extensions [None req-5a37f0bd-9b6d-46b3-b972-528d33fe8d61 None None] Loading extension file: dns_domain_ports.py {{(pid=104548) _load_all_extensions_from_path /opt/stack/neutron/neutron/api/extensions.py:449}}
Apr 20 15:28:29.422183 np0000168358 devstack@neutron-api.service[104547]: DEBUG neutron_lib.callbacks.manager [None req-8e16c716-f34d-410b-a641-a9e1986bf388 None None] Subscribe: port before_delete 55550000, False {{(pid=104547) subscribe /opt/stack/data/venv/lib/python3.12/site-packages/neutron_lib/callbacks/manager.py:52}}
Apr 20 15:28:29.422285 np0000168358 devstack@neutron-api.service[104547]: DEBUG neutron_lib.callbacks.manager [None req-8e16c716-f34d-410b-a641-a9e1986bf388 None None] Subscribe: > router precommit_create 55550000, False {{(pid=104547) subscribe /opt/stack/data/venv/lib/python3.12/site-packages/neutron_lib/callbacks/manager.py:52}}
Apr 20 15:28:29.422318 np0000168358 devstack@neutron-api.service[104548]: DEBUG neutron.api.extensions [None req-5a37f0bd-9b6d-46b3-b972-528d33fe8d61 None None] Ext name="dns_domain for ports" alias="dns-domain-ports" description="Allows the DNS domain to be specified for a network port." updated="2017-04-24T10:00:00-00:00" {{(pid=104548) _check_extension /opt/stack/neutron/neutron/api/extensions.py:415}}
Apr 20 15:28:29.422382 np0000168358 devstack@neutron-api.service[104547]: DEBUG neutron_lib.callbacks.manager [None req-8e16c716-f34d-410b-a641-a9e1986bf388 None None] Subscribe: > router precommit_create 55550000, False {{(pid=104547) subscribe /opt/stack/data/venv/lib/python3.12/site-packages/neutron_lib/callbacks/manager.py:52}}
Apr 20 15:28:29.422489 np0000168358 devstack@neutron-api.service[104547]: DEBUG neutron_lib.callbacks.manager [None req-8e16c716-f34d-410b-a641-a9e1986bf388 None None] Subscribe: > router precommit_update 55550000, False {{(pid=104547) subscribe /opt/stack/data/venv/lib/python3.12/site-packages/neutron_lib/callbacks/manager.py:52}}
Apr 20 15:28:29.422559 np0000168358 devstack@neutron-api.service[104548]: INFO neutron.api.extensions [None req-5a37f0bd-9b6d-46b3-b972-528d33fe8d61 None None] Loaded extension: dns-domain-ports
Apr 20 15:28:29.422589 np0000168358 devstack@neutron-api.service[104547]: DEBUG neutron_lib.callbacks.manager [None req-8e16c716-f34d-410b-a641-a9e1986bf388 None None] Subscribe: subnet after_update 55550000, False {{(pid=104547) subscribe /opt/stack/data/venv/lib/python3.12/site-packages/neutron_lib/callbacks/manager.py:52}}
Apr 20 15:28:29.422650 np0000168358 devstack@neutron-api.service[104548]: DEBUG neutron.api.extensions [None req-5a37f0bd-9b6d-46b3-b972-528d33fe8d61 None None] Loading extension file: dns_integration_domain_keywords.py {{(pid=104548) _load_all_extensions_from_path /opt/stack/neutron/neutron/api/extensions.py:449}}
Apr 20 15:28:29.422754 np0000168358 devstack@neutron-api.service[104549]: DEBUG neutron_lib.callbacks.manager [None req-a84d5881-69ba-4fab-ae99-21d7b1dc859c None None] Subscribe: network precommit_update 55550000, False {{(pid=104549) subscribe /opt/stack/data/venv/lib/python3.12/site-packages/neutron_lib/callbacks/manager.py:52}}
Apr 20 15:28:29.422846 np0000168358 devstack@neutron-api.service[104548]: DEBUG neutron.api.extensions [None req-5a37f0bd-9b6d-46b3-b972-528d33fe8d61 None None] Ext name="DNS domain names with keywords allowed" alias="dns-integration-domain-keywords" description="Allows to use keywords like , , and as DNS domain name" updated="2020-06-15T18:00:00-00:00" {{(pid=104548) _check_extension /opt/stack/neutron/neutron/api/extensions.py:415}}
Apr 20 15:28:29.422917 np0000168358 devstack@neutron-api.service[104549]: DEBUG neutron_lib.callbacks.manager [None req-a84d5881-69ba-4fab-ae99-21d7b1dc859c None None] Subscribe: network precommit_create 55550000, False {{(pid=104549) subscribe /opt/stack/data/venv/lib/python3.12/site-packages/neutron_lib/callbacks/manager.py:52}}
Apr 20 15:28:29.423032 np0000168358 devstack@neutron-api.service[104548]: INFO neutron.api.extensions [None req-5a37f0bd-9b6d-46b3-b972-528d33fe8d61 None None] Loaded extension: dns-integration-domain-keywords
Apr 20 15:28:29.423156 np0000168358 devstack@neutron-api.service[104548]: DEBUG neutron.api.extensions [None req-5a37f0bd-9b6d-46b3-b972-528d33fe8d61 None None] Loading extension file: dvr.py {{(pid=104548) _load_all_extensions_from_path /opt/stack/neutron/neutron/api/extensions.py:449}}
Apr 20 15:28:29.423184 np0000168358 devstack@neutron-api.service[104549]: DEBUG neutron.manager [None req-a84d5881-69ba-4fab-ae99-21d7b1dc859c None None] Successfully loaded auto-allocated-topology plugin. Description: Auto Allocated Topology - aka get me a network. {{(pid=104549) _create_and_add_service_plugin /opt/stack/neutron/neutron/manager.py:239}}
Apr 20 15:28:29.423224 np0000168358 devstack@neutron-api.service[104549]: INFO neutron.manager [None req-a84d5881-69ba-4fab-ae99-21d7b1dc859c None None] Loading Plugin: tag
Apr 20 15:28:29.423368 np0000168358 devstack@neutron-api.service[104548]: DEBUG neutron.api.extensions [None req-5a37f0bd-9b6d-46b3-b972-528d33fe8d61 None None] Ext name="Distributed Virtual Router" alias="dvr" description="Enables configuration of Distributed Virtual Routers." updated="2014-06-1T10:00:00-00:00" {{(pid=104548) _check_extension /opt/stack/neutron/neutron/api/extensions.py:415}}
Apr 20 15:28:29.423399 np0000168358 devstack@neutron-api.service[104547]: DEBUG neutron.quota.resource_registry [None req-8e16c716-f34d-410b-a641-a9e1986bf388 None None] Tracking information for resource: router configured {{(pid=104547) set_tracked_resource /opt/stack/neutron/neutron/quota/resource_registry.py:203}}
Apr 20 15:28:29.423501 np0000168358 devstack@neutron-api.service[104547]: DEBUG neutron.quota.resource_registry [None req-8e16c716-f34d-410b-a641-a9e1986bf388 None None] Tracking information for resource: floatingip configured {{(pid=104547) set_tracked_resource /opt/stack/neutron/neutron/quota/resource_registry.py:203}}
Apr 20 15:28:29.423534 np0000168358 devstack@neutron-api.service[104548]: INFO neutron.api.extensions [None req-5a37f0bd-9b6d-46b3-b972-528d33fe8d61 None None] Extension dvr not supported by any of loaded plugins
Apr 20 15:28:29.423596 np0000168358 devstack@neutron-api.service[104547]: INFO neutron.services.ovn_l3.plugin [None req-8e16c716-f34d-410b-a641-a9e1986bf388 None None] Starting OVNL3RouterPlugin
Apr 20 15:28:29.423626 np0000168358 devstack@neutron-api.service[104548]: DEBUG neutron.api.extensions [None req-5a37f0bd-9b6d-46b3-b972-528d33fe8d61 None None] Loading extension file: ecmp_routes.py {{(pid=104548) _load_all_extensions_from_path /opt/stack/neutron/neutron/api/extensions.py:449}}
Apr 20 15:28:29.423876 np0000168358 devstack@neutron-api.service[104547]: DEBUG neutron_lib.callbacks.manager [None req-8e16c716-f34d-410b-a641-a9e1986bf388 None None] Subscribe: > port_forwarding_plugin after_init 55550000, False {{(pid=104547) subscribe /opt/stack/data/venv/lib/python3.12/site-packages/neutron_lib/callbacks/manager.py:52}}
Apr 20 15:28:29.423906 np0000168358 devstack@neutron-api.service[104548]: DEBUG neutron.api.extensions [None req-5a37f0bd-9b6d-46b3-b972-528d33fe8d61 None None] Ext name="Equal Cost Multipath Routing" alias="ecmp_routes" description="Allows traffic to reach thesame destination via multiple different links " updated="2020-11-26T18:00:00-00:00" {{(pid=104548) _check_extension /opt/stack/neutron/neutron/api/extensions.py:415}}
Apr 20 15:28:29.424016 np0000168358 devstack@neutron-api.service[104548]: INFO neutron.api.extensions [None req-5a37f0bd-9b6d-46b3-b972-528d33fe8d61 None None] Extension ecmp_routes not supported by any of loaded plugins
Apr 20 15:28:29.424109 np0000168358 devstack@neutron-api.service[104547]: DEBUG neutron_lib.callbacks.manager [None req-8e16c716-f34d-410b-a641-a9e1986bf388 None None] Subscribe: > router before_create 55550100, False {{(pid=104547) subscribe /opt/stack/data/venv/lib/python3.12/site-packages/neutron_lib/callbacks/manager.py:52}}
Apr 20 15:28:29.424145 np0000168358 devstack@neutron-api.service[104548]: DEBUG neutron.api.extensions [None req-5a37f0bd-9b6d-46b3-b972-528d33fe8d61 None None] Loading extension file: empty_string_filtering.py {{(pid=104548) _load_all_extensions_from_path /opt/stack/neutron/neutron/api/extensions.py:449}}
Apr 20 15:28:29.424226 np0000168358 devstack@neutron-api.service[104547]: DEBUG neutron_lib.callbacks.manager [None req-8e16c716-f34d-410b-a641-a9e1986bf388 None None] Subscribe: > router precommit_delete 55550100, False {{(pid=104547) subscribe /opt/stack/data/venv/lib/python3.12/site-packages/neutron_lib/callbacks/manager.py:52}}
Apr 20 15:28:29.424332 np0000168358 devstack@neutron-api.service[104548]: DEBUG neutron.api.extensions [None req-5a37f0bd-9b6d-46b3-b972-528d33fe8d61 None None] Ext name="Empty String Filtering Extension" alias="empty-string-filtering" description="Allow filtering by attributes with empty string value" updated="2018-05-01T10:00:00-00:00" {{(pid=104548) _check_extension /opt/stack/neutron/neutron/api/extensions.py:415}}
Apr 20 15:28:29.424372 np0000168358 devstack@neutron-api.service[104547]: DEBUG neutron_lib.callbacks.manager [None req-8e16c716-f34d-410b-a641-a9e1986bf388 None None] Subscribe: > router precommit_create 55550100, False {{(pid=104547) subscribe /opt/stack/data/venv/lib/python3.12/site-packages/neutron_lib/callbacks/manager.py:52}}
Apr 20 15:28:29.424480 np0000168358 devstack@neutron-api.service[104547]: DEBUG neutron_lib.callbacks.manager [None req-8e16c716-f34d-410b-a641-a9e1986bf388 None None] Subscribe: > router precommit_update 55550100, False {{(pid=104547) subscribe /opt/stack/data/venv/lib/python3.12/site-packages/neutron_lib/callbacks/manager.py:52}}
Apr 20 15:28:29.424511 np0000168358 devstack@neutron-api.service[104548]: INFO neutron.api.extensions [None req-5a37f0bd-9b6d-46b3-b972-528d33fe8d61 None None] Loaded extension: empty-string-filtering
Apr 20 15:28:29.424583 np0000168358 devstack@neutron-api.service[104548]: DEBUG neutron.api.extensions [None req-5a37f0bd-9b6d-46b3-b972-528d33fe8d61 None None] Loading extension file: expose_l3_conntrack_helper.py {{(pid=104548) _load_all_extensions_from_path /opt/stack/neutron/neutron/api/extensions.py:449}}
Apr 20 15:28:29.424806 np0000168358 devstack@neutron-api.service[104548]: DEBUG neutron.api.extensions [None req-5a37f0bd-9b6d-46b3-b972-528d33fe8d61 None None] Ext name="Expose CT target rules for conntrack helper" alias="expose-l3-conntrack-helper" description="Expose allow adding CT target rules for conntrack helper" updated="2019-04-04T10:00:00-00:00" {{(pid=104548) _check_extension /opt/stack/neutron/neutron/api/extensions.py:415}}
Apr 20 15:28:29.425011 np0000168358 devstack@neutron-api.service[104548]: INFO neutron.api.extensions [None req-5a37f0bd-9b6d-46b3-b972-528d33fe8d61 None None] Extension expose-l3-conntrack-helper not supported by any of loaded plugins
Apr 20 15:28:29.425064 np0000168358 devstack@neutron-api.service[104548]: DEBUG neutron.api.extensions [None req-5a37f0bd-9b6d-46b3-b972-528d33fe8d61 None None] Loading extension file: expose_port_forwarding_in_fip.py {{(pid=104548) _load_all_extensions_from_path /opt/stack/neutron/neutron/api/extensions.py:449}}
Apr 20 15:28:29.425394 np0000168358 devstack@neutron-api.service[104548]: DEBUG neutron.api.extensions [None req-5a37f0bd-9b6d-46b3-b972-528d33fe8d61 None None] Ext name="Expose Floating IP port forwardings" alias="expose-port-forwarding-in-fip" description="Expose port forwarding fields in floating IP response" updated="2018-06-28T16:00:00-00:00" {{(pid=104548) _check_extension /opt/stack/neutron/neutron/api/extensions.py:415}}
Apr 20 15:28:29.425450 np0000168358 devstack@neutron-api.service[104548]: INFO neutron.api.extensions [None req-5a37f0bd-9b6d-46b3-b972-528d33fe8d61 None None] Extension expose-port-forwarding-in-fip not supported by any of loaded plugins
Apr 20 15:28:29.425577 np0000168358 devstack@neutron-api.service[104548]: DEBUG neutron.api.extensions [None req-5a37f0bd-9b6d-46b3-b972-528d33fe8d61 None None] Loading extension file: external_net.py {{(pid=104548) _load_all_extensions_from_path /opt/stack/neutron/neutron/api/extensions.py:449}}
Apr 20 15:28:29.425792 np0000168358 devstack@neutron-api.service[104548]: DEBUG neutron.api.extensions [None req-5a37f0bd-9b6d-46b3-b972-528d33fe8d61 None None] Ext name="Neutron external network" alias="external-net" description="Adds external network attribute to network resource." updated="2013-01-14T10:00:00-00:00" {{(pid=104548) _check_extension /opt/stack/neutron/neutron/api/extensions.py:415}}
Apr 20 15:28:29.425951 np0000168358 devstack@neutron-api.service[104548]: INFO neutron.api.extensions [None req-5a37f0bd-9b6d-46b3-b972-528d33fe8d61 None None] Loaded extension: external-net
Apr 20 15:28:29.426069 np0000168358 devstack@neutron-api.service[104549]: DEBUG neutron.manager [None req-a84d5881-69ba-4fab-ae99-21d7b1dc859c None None] Successfully loaded TAG plugin. Description: Tag support {{(pid=104549) _create_and_add_service_plugin /opt/stack/neutron/neutron/manager.py:239}}
Apr 20 15:28:29.426111 np0000168358 devstack@neutron-api.service[104548]: DEBUG neutron.api.extensions [None req-5a37f0bd-9b6d-46b3-b972-528d33fe8d61 None None] Loading extension file: extra_dhcp_opt.py {{(pid=104548) _load_all_extensions_from_path /opt/stack/neutron/neutron/api/extensions.py:449}}
Apr 20 15:28:29.426176 np0000168358 devstack@neutron-api.service[104549]: INFO neutron.manager [None req-a84d5881-69ba-4fab-ae99-21d7b1dc859c None None] Loading Plugin: timestamp
Apr 20 15:28:29.426322 np0000168358 devstack@neutron-api.service[104548]: DEBUG neutron.api.extensions [None req-5a37f0bd-9b6d-46b3-b972-528d33fe8d61 None None] Ext name="Neutron Extra DHCP options" alias="extra_dhcp_opt" description="Extra options configuration for DHCP. For example PXE boot options to DHCP clients can be specified (e.g. tftp-server, server-ip-address, bootfile-name)" updated="2013-03-17T12:00:00-00:00" {{(pid=104548) _check_extension /opt/stack/neutron/neutron/api/extensions.py:415}}
Apr 20 15:28:29.426507 np0000168358 devstack@neutron-api.service[104548]: INFO neutron.api.extensions [None req-5a37f0bd-9b6d-46b3-b972-528d33fe8d61 None None] Loaded extension: extra_dhcp_opt
Apr 20 15:28:29.426604 np0000168358 devstack@neutron-api.service[104548]: DEBUG neutron.api.extensions [None req-5a37f0bd-9b6d-46b3-b972-528d33fe8d61 None None] Loading extension file: extraroute.py {{(pid=104548) _load_all_extensions_from_path /opt/stack/neutron/neutron/api/extensions.py:449}}
Apr 20 15:28:29.426790 np0000168358 devstack@neutron-api.service[104548]: DEBUG neutron.api.extensions [None req-5a37f0bd-9b6d-46b3-b972-528d33fe8d61 None None] Ext name="Neutron Extra Route" alias="extraroute" description="Extra routes configuration for L3 router" updated="2013-02-01T10:00:00-00:00" {{(pid=104548) _check_extension /opt/stack/neutron/neutron/api/extensions.py:415}}
Apr 20 15:28:29.426962 np0000168358 devstack@neutron-api.service[104548]: INFO neutron.api.extensions [None req-5a37f0bd-9b6d-46b3-b972-528d33fe8d61 None None] Loaded extension: extraroute
Apr 20 15:28:29.427103 np0000168358 devstack@neutron-api.service[104548]: DEBUG neutron.api.extensions [None req-5a37f0bd-9b6d-46b3-b972-528d33fe8d61 None None] Loading extension file: extraroute_atomic.py {{(pid=104548) _load_all_extensions_from_path /opt/stack/neutron/neutron/api/extensions.py:449}}
Apr 20 15:28:29.427341 np0000168358 devstack@neutron-api.service[104548]: DEBUG neutron.api.extensions [None req-5a37f0bd-9b6d-46b3-b972-528d33fe8d61 None None] Ext name="Atomically add/remove extra routes" alias="extraroute-atomic" description="Edit extra routes of a router on server side by atomically adding/removing extra routes" updated="2019-07-10T00:00:00+00:00" {{(pid=104548) _check_extension /opt/stack/neutron/neutron/api/extensions.py:415}}
Apr 20 15:28:29.427410 np0000168358 devstack@neutron-api.service[104549]: DEBUG neutron.manager [None req-a84d5881-69ba-4fab-ae99-21d7b1dc859c None None] Successfully loaded timestamp plugin. Description: Adds timestamps to Neutron resources with standard attributes {{(pid=104549) _create_and_add_service_plugin /opt/stack/neutron/neutron/manager.py:239}}
Apr 20 15:28:29.427463 np0000168358 devstack@neutron-api.service[104548]: INFO neutron.api.extensions [None req-5a37f0bd-9b6d-46b3-b972-528d33fe8d61 None None] Loaded extension: extraroute-atomic
Apr 20 15:28:29.427522 np0000168358 devstack@neutron-api.service[104549]: INFO neutron.manager [None req-a84d5881-69ba-4fab-ae99-21d7b1dc859c None None] Loading Plugin: network_ip_availability
Apr 20 15:28:29.427550 np0000168358 devstack@neutron-api.service[104548]: DEBUG neutron.api.extensions [None req-5a37f0bd-9b6d-46b3-b972-528d33fe8d61 None None] Loading extension file: filter_validation.py {{(pid=104548) _load_all_extensions_from_path /opt/stack/neutron/neutron/api/extensions.py:449}}
Apr 20 15:28:29.427818 np0000168358 devstack@neutron-api.service[104548]: DEBUG neutron.api.extensions [None req-5a37f0bd-9b6d-46b3-b972-528d33fe8d61 None None] Ext name="Filter parameters validation" alias="filter-validation" description="Provides validation on filter parameters." updated="2018-07-04T10:00:00-00:00" {{(pid=104548) _check_extension /opt/stack/neutron/neutron/api/extensions.py:415}}
Apr 20 15:28:29.427943 np0000168358 devstack@neutron-api.service[104548]: INFO neutron.api.extensions [None req-5a37f0bd-9b6d-46b3-b972-528d33fe8d61 None None] Loaded extension: filter-validation
Apr 20 15:28:29.428089 np0000168358 devstack@neutron-api.service[104548]: DEBUG neutron.api.extensions [None req-5a37f0bd-9b6d-46b3-b972-528d33fe8d61 None None] Loading extension file: fip_pf_description.py {{(pid=104548) _load_all_extensions_from_path /opt/stack/neutron/neutron/api/extensions.py:449}}
Apr 20 15:28:29.428143 np0000168358 devstack@neutron-api.service[104547]: DEBUG neutron.services.provider_configuration [None req-8e16c716-f34d-410b-a641-a9e1986bf388 None None] Service providers = [] {{(pid=104547) parse_service_provider_opt /opt/stack/neutron/neutron/services/provider_configuration.py:170}}
Apr 20 15:28:29.428263 np0000168358 devstack@neutron-api.service[104547]: DEBUG neutron.db.servicetype_db [None req-8e16c716-f34d-410b-a641-a9e1986bf388 None None] Adding provider configuration for service L3_ROUTER_NAT {{(pid=104547) add_provider_configuration /opt/stack/neutron/neutron/db/servicetype_db.py:42}}
Apr 20 15:28:29.428328 np0000168358 devstack@neutron-api.service[104548]: DEBUG neutron.api.extensions [None req-5a37f0bd-9b6d-46b3-b972-528d33fe8d61 None None] Ext name="Floating IP Port Forwarding new attribute description" alias="floating-ip-port-forwarding-description" description="Add a description field to Port Forwarding rules" updated="2019-11-01T10:00:00-00:00" {{(pid=104548) _check_extension /opt/stack/neutron/neutron/api/extensions.py:415}}
Apr 20 15:28:29.428426 np0000168358 devstack@neutron-api.service[104548]: INFO neutron.api.extensions [None req-5a37f0bd-9b6d-46b3-b972-528d33fe8d61 None None] Extension floating-ip-port-forwarding-description not supported by any of loaded plugins
Apr 20 15:28:29.428512 np0000168358 devstack@neutron-api.service[104548]: DEBUG neutron.api.extensions [None req-5a37f0bd-9b6d-46b3-b972-528d33fe8d61 None None] Loading extension file: fip_pf_detail.py {{(pid=104548) _load_all_extensions_from_path /opt/stack/neutron/neutron/api/extensions.py:449}}
Apr 20 15:28:29.428765 np0000168358 devstack@neutron-api.service[104548]: DEBUG neutron.api.extensions [None req-5a37f0bd-9b6d-46b3-b972-528d33fe8d61 None None] Ext name="Floating IP port forwarding detail" alias="floating-ip-port-forwarding-detail" description="Allow list floating ip return more port forwarding data, include'id' and 'internal_port_id'" updated="2022-05-06T10:00:00-00:00" {{(pid=104548) _check_extension /opt/stack/neutron/neutron/api/extensions.py:415}}
Apr 20 15:28:29.428900 np0000168358 devstack@neutron-api.service[104548]: INFO neutron.api.extensions [None req-5a37f0bd-9b6d-46b3-b972-528d33fe8d61 None None] Loaded extension: floating-ip-port-forwarding-detail
Apr 20 15:28:29.428971 np0000168358 devstack@neutron-api.service[104548]: DEBUG neutron.api.extensions [None req-5a37f0bd-9b6d-46b3-b972-528d33fe8d61 None None] Loading extension file: fip_pf_port_range.py {{(pid=104548) _load_all_extensions_from_path /opt/stack/neutron/neutron/api/extensions.py:449}}
Apr 20 15:28:29.429104 np0000168358 devstack@neutron-api.service[104549]: DEBUG neutron.manager [None req-a84d5881-69ba-4fab-ae99-21d7b1dc859c None None] Successfully loaded network-ip-availability plugin. Description: Provides IP availability data for each network and subnet. {{(pid=104549) _create_and_add_service_plugin /opt/stack/neutron/neutron/manager.py:239}}
Apr 20 15:28:29.429422 np0000168358 devstack@neutron-api.service[104549]: INFO neutron.manager [None req-a84d5881-69ba-4fab-ae99-21d7b1dc859c None None] Loading Plugin: flavors
Apr 20 15:28:29.429627 np0000168358 devstack@neutron-api.service[104548]: DEBUG neutron.api.extensions [None req-5a37f0bd-9b6d-46b3-b972-528d33fe8d61 None None] Ext name="Floating IP Port Forwarding support port ranges" alias="floating-ip-port-forwarding-port-ranges" description="Add support to port ranges" updated="2020-07-01T10:00:00-00:00" {{(pid=104548) _check_extension /opt/stack/neutron/neutron/api/extensions.py:415}}
Apr 20 15:28:29.429627 np0000168358 devstack@neutron-api.service[104548]: INFO neutron.api.extensions [None req-5a37f0bd-9b6d-46b3-b972-528d33fe8d61 None None] Extension floating-ip-port-forwarding-port-ranges not supported by any of loaded plugins
Apr 20 15:28:29.429627 np0000168358 devstack@neutron-api.service[104548]: DEBUG neutron.api.extensions [None req-5a37f0bd-9b6d-46b3-b972-528d33fe8d61 None None] Loading extension file: fip_port_details.py {{(pid=104548) _load_all_extensions_from_path /opt/stack/neutron/neutron/api/extensions.py:449}}
Apr 20 15:28:29.429777 np0000168358 devstack@neutron-api.service[104547]: DEBUG neutron_lib.callbacks.manager [None req-8e16c716-f34d-410b-a641-a9e1986bf388 None None] Subscribe: > router precommit_create 55549900, False {{(pid=104547) subscribe /opt/stack/data/venv/lib/python3.12/site-packages/neutron_lib/callbacks/manager.py:52}}
Apr 20 15:28:29.429811 np0000168358 devstack@neutron-api.service[104548]: DEBUG neutron.api.extensions [None req-5a37f0bd-9b6d-46b3-b972-528d33fe8d61 None None] Ext name="Floating IP Port Details Extension" alias="fip-port-details" description="Add port_details attribute to Floating IP resource" updated="2018-04-09T10:00:00-00:00" {{(pid=104548) _check_extension /opt/stack/neutron/neutron/api/extensions.py:415}}
Apr 20 15:28:29.429874 np0000168358 devstack@neutron-api.service[104547]: DEBUG neutron_lib.callbacks.manager [None req-8e16c716-f34d-410b-a641-a9e1986bf388 None None] Subscribe: > router_interface after_create 55550000, False {{(pid=104547) subscribe /opt/stack/data/venv/lib/python3.12/site-packages/neutron_lib/callbacks/manager.py:52}}
Apr 20 15:28:29.429907 np0000168358 devstack@neutron-api.service[104547]: DEBUG neutron_lib.callbacks.manager [None req-8e16c716-f34d-410b-a641-a9e1986bf388 None None] Subscribe: > floatingip after_create 55550000, False {{(pid=104547) subscribe /opt/stack/data/venv/lib/python3.12/site-packages/neutron_lib/callbacks/manager.py:52}}
Apr 20 15:28:29.429974 np0000168358 devstack@neutron-api.service[104548]: INFO neutron.api.extensions [None req-5a37f0bd-9b6d-46b3-b972-528d33fe8d61 None None] Loaded extension: fip-port-details
Apr 20 15:28:29.430017 np0000168358 devstack@neutron-api.service[104547]: DEBUG neutron_lib.callbacks.manager [None req-8e16c716-f34d-410b-a641-a9e1986bf388 None None] Subscribe: > floatingip precommit_create 55550000, False {{(pid=104547) subscribe /opt/stack/data/venv/lib/python3.12/site-packages/neutron_lib/callbacks/manager.py:52}}
Apr 20 15:28:29.430083 np0000168358 devstack@neutron-api.service[104548]: DEBUG neutron.api.extensions [None req-5a37f0bd-9b6d-46b3-b972-528d33fe8d61 None None] Loading extension file: flavors.py {{(pid=104548) _load_all_extensions_from_path /opt/stack/neutron/neutron/api/extensions.py:449}}
Apr 20 15:28:29.430124 np0000168358 devstack@neutron-api.service[104547]: DEBUG neutron_lib.callbacks.manager [None req-8e16c716-f34d-410b-a641-a9e1986bf388 None None] Subscribe: > floatingip precommit_update 55550000, False {{(pid=104547) subscribe /opt/stack/data/venv/lib/python3.12/site-packages/neutron_lib/callbacks/manager.py:52}}
Apr 20 15:28:29.430227 np0000168358 devstack@neutron-api.service[104547]: DEBUG neutron_lib.callbacks.manager [None req-8e16c716-f34d-410b-a641-a9e1986bf388 None None] Subscribe: > floatingip after_delete 55550000, False {{(pid=104547) subscribe /opt/stack/data/venv/lib/python3.12/site-packages/neutron_lib/callbacks/manager.py:52}}
Apr 20 15:28:29.430335 np0000168358 devstack@neutron-api.service[104548]: DEBUG neutron.api.extensions [None req-5a37f0bd-9b6d-46b3-b972-528d33fe8d61 None None] Ext name="Neutron Service Flavors" alias="flavors" description="Flavor specification for Neutron advanced services." updated="2015-09-17T10:00:00-00:00" {{(pid=104548) _check_extension /opt/stack/neutron/neutron/api/extensions.py:415}}
Apr 20 15:28:29.430366 np0000168358 devstack@neutron-api.service[104547]: DEBUG neutron_lib.callbacks.manager [None req-8e16c716-f34d-410b-a641-a9e1986bf388 None None] Subscribe: > floatingip after_status_update 55550000, False {{(pid=104547) subscribe /opt/stack/data/venv/lib/python3.12/site-packages/neutron_lib/callbacks/manager.py:52}}
Apr 20 15:28:29.430455 np0000168358 devstack@neutron-api.service[104547]: DEBUG neutron_lib.callbacks.manager [None req-8e16c716-f34d-410b-a641-a9e1986bf388 None None] Subscribe: > floatingip after_update 55550000, False {{(pid=104547) subscribe /opt/stack/data/venv/lib/python3.12/site-packages/neutron_lib/callbacks/manager.py:52}}
Apr 20 15:28:29.430498 np0000168358 devstack@neutron-api.service[104548]: INFO neutron.api.extensions [None req-5a37f0bd-9b6d-46b3-b972-528d33fe8d61 None None] Loaded extension: flavors
Apr 20 15:28:29.430529 np0000168358 devstack@neutron-api.service[104549]: DEBUG neutron.manager [None req-a84d5881-69ba-4fab-ae99-21d7b1dc859c None None] Successfully loaded FLAVORS plugin. Description: Neutron Flavors and Service Profiles manager plugin {{(pid=104549) _create_and_add_service_plugin /opt/stack/neutron/neutron/manager.py:239}}
Apr 20 15:28:29.430564 np0000168358 devstack@neutron-api.service[104547]: DEBUG neutron_lib.callbacks.manager [None req-8e16c716-f34d-410b-a641-a9e1986bf388 None None] Subscribe: > port_forwarding after_create 55550000, False {{(pid=104547) subscribe /opt/stack/data/venv/lib/python3.12/site-packages/neutron_lib/callbacks/manager.py:52}}
Apr 20 15:28:29.430631 np0000168358 devstack@neutron-api.service[104548]: DEBUG neutron.api.extensions [None req-5a37f0bd-9b6d-46b3-b972-528d33fe8d61 None None] Loading extension file: floating_ip_port_forwarding.py {{(pid=104548) _load_all_extensions_from_path /opt/stack/neutron/neutron/api/extensions.py:449}}
Apr 20 15:28:29.430661 np0000168358 devstack@neutron-api.service[104549]: INFO neutron.manager [None req-a84d5881-69ba-4fab-ae99-21d7b1dc859c None None] Loading Plugin: revisions
Apr 20 15:28:29.430718 np0000168358 devstack@neutron-api.service[104547]: DEBUG neutron_lib.callbacks.manager [None req-8e16c716-f34d-410b-a641-a9e1986bf388 None None] Subscribe: > router_interface after_delete 55550000, False {{(pid=104547) subscribe /opt/stack/data/venv/lib/python3.12/site-packages/neutron_lib/callbacks/manager.py:52}}
Apr 20 15:28:29.430718 np0000168358 devstack@neutron-api.service[104547]: DEBUG neutron_lib.callbacks.manager [None req-8e16c716-f34d-410b-a641-a9e1986bf388 None None] Subscribe: > router after_create 55550000, False {{(pid=104547) subscribe /opt/stack/data/venv/lib/python3.12/site-packages/neutron_lib/callbacks/manager.py:52}}
Apr 20 15:28:29.430832 np0000168358 devstack@neutron-api.service[104547]: DEBUG neutron_lib.callbacks.manager [None req-8e16c716-f34d-410b-a641-a9e1986bf388 None None] Subscribe: > router precommit_create 55550000, False {{(pid=104547) subscribe /opt/stack/data/venv/lib/python3.12/site-packages/neutron_lib/callbacks/manager.py:52}}
Apr 20 15:28:29.430963 np0000168358 devstack@neutron-api.service[104547]: DEBUG neutron_lib.callbacks.manager [None req-8e16c716-f34d-410b-a641-a9e1986bf388 None None] Subscribe: > router after_delete 55550000, False {{(pid=104547) subscribe /opt/stack/data/venv/lib/python3.12/site-packages/neutron_lib/callbacks/manager.py:52}}
Apr 20 15:28:29.431054 np0000168358 devstack@neutron-api.service[104548]: DEBUG neutron.api.extensions [None req-5a37f0bd-9b6d-46b3-b972-528d33fe8d61 None None] Ext name="Floating IP Port Forwarding" alias="floating-ip-port-forwarding" description="Allow port forwarding from floating IP port to an internal port" updated="2018-01-19T10:00:00-00:00" {{(pid=104548) _check_extension /opt/stack/neutron/neutron/api/extensions.py:415}}
Apr 20 15:28:29.431130 np0000168358 devstack@neutron-api.service[104547]: DEBUG neutron_lib.callbacks.manager [None req-8e16c716-f34d-410b-a641-a9e1986bf388 None None] Subscribe: > router after_update 55550000, False {{(pid=104547) subscribe /opt/stack/data/venv/lib/python3.12/site-packages/neutron_lib/callbacks/manager.py:52}}
Apr 20 15:28:29.431161 np0000168358 devstack@neutron-api.service[104548]: INFO neutron.api.extensions [None req-5a37f0bd-9b6d-46b3-b972-528d33fe8d61 None None] Extension floating-ip-port-forwarding not supported by any of loaded plugins
Apr 20 15:28:29.431187 np0000168358 devstack@neutron-api.service[104547]: DEBUG neutron.services.service_base [None req-8e16c716-f34d-410b-a641-a9e1986bf388 None None] Loaded 'neutron.services.ovn_l3.service_providers.ovn.OvnDriver' provider for service L3_ROUTER_NAT {{(pid=104547) load_drivers /opt/stack/neutron/neutron/services/service_base.py:49}}
Apr 20 15:28:29.431254 np0000168358 devstack@neutron-api.service[104548]: DEBUG neutron.api.extensions [None req-5a37f0bd-9b6d-46b3-b972-528d33fe8d61 None None] Loading extension file: floatingip_pools.py {{(pid=104548) _load_all_extensions_from_path /opt/stack/neutron/neutron/api/extensions.py:449}}
Apr 20 15:28:29.431282 np0000168358 devstack@neutron-api.service[104547]: DEBUG neutron_lib.callbacks.manager [None req-8e16c716-f34d-410b-a641-a9e1986bf388 None None] Subscribe: > process after_init 55550001, True {{(pid=104547) subscribe /opt/stack/data/venv/lib/python3.12/site-packages/neutron_lib/callbacks/manager.py:52}}
Apr 20 15:28:29.431417 np0000168358 devstack@neutron-api.service[104547]: DEBUG neutron.manager [None req-8e16c716-f34d-410b-a641-a9e1986bf388 None None] Successfully loaded L3_ROUTER_NAT plugin. Description: L3 Router Service Plugin for basic L3 forwarding using OVN {{(pid=104547) _create_and_add_service_plugin /opt/stack/neutron/neutron/manager.py:239}}
Apr 20 15:28:29.431501 np0000168358 devstack@neutron-api.service[104547]: INFO neutron.manager [None req-8e16c716-f34d-410b-a641-a9e1986bf388 None None] Loading Plugin: auto_allocate
Apr 20 15:28:29.431533 np0000168358 devstack@neutron-api.service[104548]: DEBUG neutron.api.extensions [None req-5a37f0bd-9b6d-46b3-b972-528d33fe8d61 None None] Ext name="Floating IP Pools Extension" alias="floatingip-pools" description="Provides a floating IP pools API." updated="2018-03-21T10:00:00-00:00" {{(pid=104548) _check_extension /opt/stack/neutron/neutron/api/extensions.py:415}}
Apr 20 15:28:29.431571 np0000168358 devstack@neutron-api.service[104549]: DEBUG neutron.manager [None req-a84d5881-69ba-4fab-ae99-21d7b1dc859c None None] Successfully loaded revision_plugin plugin. Description: Adds revision numbers to resources. {{(pid=104549) _create_and_add_service_plugin /opt/stack/neutron/neutron/manager.py:239}}
Apr 20 15:28:29.431651 np0000168358 devstack@neutron-api.service[104548]: INFO neutron.api.extensions [None req-5a37f0bd-9b6d-46b3-b972-528d33fe8d61 None None] Loaded extension: floatingip-pools
Apr 20 15:28:29.431741 np0000168358 devstack@neutron-api.service[104549]: DEBUG oslo_concurrency.lockutils [None req-a84d5881-69ba-4fab-ae99-21d7b1dc859c None None] Lock "manager" "released" by "neutron.manager.NeutronManager._create_instance" :: held 4.539s {{(pid=104549) inner /opt/stack/data/venv/lib/python3.12/site-packages/oslo_concurrency/lockutils.py:538}}
Apr 20 15:28:29.431836 np0000168358 devstack@neutron-api.service[104548]: DEBUG neutron.api.extensions [None req-5a37f0bd-9b6d-46b3-b972-528d33fe8d61 None None] Loading extension file: ip_allocation.py {{(pid=104548) _load_all_extensions_from_path /opt/stack/neutron/neutron/api/extensions.py:449}}
Apr 20 15:28:29.431902 np0000168358 devstack@neutron-api.service[104549]: DEBUG neutron.api.extensions [None req-a84d5881-69ba-4fab-ae99-21d7b1dc859c None None] get_extension_paths = OrderedDict({'/opt/stack/neutron/neutron/extensions': 1}) {{(pid=104549) get_extensions_path /opt/stack/neutron/neutron/api/extensions.py:640}}
Apr 20 15:28:29.431966 np0000168358 devstack@neutron-api.service[104548]: DEBUG neutron.api.extensions [None req-5a37f0bd-9b6d-46b3-b972-528d33fe8d61 None None] Ext name="IP Allocation" alias="ip_allocation" description="IP allocation extension." updated="2016-06-10T23:00:00-00:00" {{(pid=104548) _check_extension /opt/stack/neutron/neutron/api/extensions.py:415}}
Apr 20 15:28:29.432016 np0000168358 devstack@neutron-api.service[104549]: INFO neutron.api.extensions [None req-a84d5881-69ba-4fab-ae99-21d7b1dc859c None None] Initializing extension manager.
Apr 20 15:28:29.432187 np0000168358 devstack@neutron-api.service[104548]: INFO neutron.api.extensions [None req-5a37f0bd-9b6d-46b3-b972-528d33fe8d61 None None] Extension ip_allocation not supported by any of loaded plugins
