Apr 13 02:30:17.804136 np0000165409 devstack@neutron-api.service[104752]: DEBUG neutron.plugins.ml2.drivers.ovn.mech_driver.ovsdb.ovsdb_monitor [None req-dbe1aca2-c07f-47b7-8cb7-01d2665b4697 None None] Hash Ring: Node 7fbcdd74a84959859fa370900024b3fa (host: np0000165409) handling event "update" for row 534a57c3-e4f0-4653-b521-48bccf54cc1e (table: Logical_Switch) {{(pid=104752) notify /opt/stack/neutron/neutron/plugins/ml2/drivers/ovn/mech_driver/ovsdb/ovsdb_monitor.py:914}}
Apr 13 02:30:17.805223 np0000165409 devstack@neutron-api.service[104751]: INFO neutron.plugins.ml2.drivers.ovn.mech_driver.mech_driver [None req-9f3b35f3-669e-453e-8688-b649c4538d89 None None] OVN reports status down for port: 9a779ff1-f6f6-4a0b-a570-e2d3a7b3ac4b
Apr 13 02:30:17.805575 np0000165409 devstack@neutron-api.service[104751]: DEBUG neutron.plugins.ml2.drivers.ovn.mech_driver.ovsdb.ovsdb_monitor [None req-f26bbf0c-fe72-4cf6-9c59-65bed704ecc7 None None] Touching Hash Ring node "6429a64c7e485c359822f66f762970cd" from IDL notify handler {{(pid=104751) notify /opt/stack/neutron/neutron/plugins/ml2/drivers/ovn/mech_driver/ovsdb/ovsdb_monitor.py:906}}
Apr 13 02:30:17.808193 np0000165409 devstack@neutron-api.service[104751]: DEBUG neutron.plugins.ml2.drivers.ovn.mech_driver.ovsdb.ovsdb_monitor [None req-f26bbf0c-fe72-4cf6-9c59-65bed704ecc7 None None] Hash Ring: Node 6429a64c7e485c359822f66f762970cd (host: np0000165409) handling event "update" for row fb3b5758-c2b4-42b1-a8ca-78b9a9ef9eaa (table: Logical_Switch_Port) {{(pid=104751) notify /opt/stack/neutron/neutron/plugins/ml2/drivers/ovn/mech_driver/ovsdb/ovsdb_monitor.py:914}}
Apr 13 02:30:17.825642 np0000165409 devstack@neutron-api.service[104754]: INFO neutron.db.ovn_revision_numbers_db [None req-6f51bb97-fcb3-4684-a37d-077c77b2f398 service neutron] Successfully bumped revision number for resource 9a779ff1-f6f6-4a0b-a570-e2d3a7b3ac4b (type: ports) to 1
Apr 13 02:30:17.835878 np0000165409 devstack@neutron-api.service[104751]: DEBUG neutron.db.provisioning_blocks [None req-9f3b35f3-669e-453e-8688-b649c4538d89 None None] Ignored duplicate provisioning block setup for port 9a779ff1-f6f6-4a0b-a570-e2d3a7b3ac4b by entity L2. {{(pid=104751) add_provisioning_component /opt/stack/neutron/neutron/db/provisioning_blocks.py:69}}
Apr 13 02:30:17.841527 np0000165409 devstack@neutron-api.service[104754]: DEBUG neutron.plugins.ml2.managers [None req-6f51bb97-fcb3-4684-a37d-077c77b2f398 service neutron] Attempting to bind port 9a779ff1-f6f6-4a0b-a570-e2d3a7b3ac4b on host np0000165409 for vnic_type normal with profile {{(pid=104754) bind_port /opt/stack/neutron/neutron/plugins/ml2/managers.py:814}}
Apr 13 02:30:17.841711 np0000165409 devstack@neutron-api.service[104754]: DEBUG neutron.plugins.ml2.managers [None req-6f51bb97-fcb3-4684-a37d-077c77b2f398 service neutron] Attempting to bind port 9a779ff1-f6f6-4a0b-a570-e2d3a7b3ac4b by drivers ovn on host np0000165409 at level 0 using segments [{'id': '8ca97686-7da2-46a0-bfda-f15abb1e4ba1', 'network_type': 'geneve', 'physical_network': None, 'segmentation_id': 19382, 'network_id': '534a57c3-e4f0-4653-b521-48bccf54cc1e'}] {{(pid=104754) _bind_port_level /opt/stack/neutron/neutron/plugins/ml2/managers.py:839}}
Apr 13 02:30:17.843389 np0000165409 devstack@neutron-api.service[104754]: DEBUG neutron.plugins.ml2.drivers.ovn.mech_driver.mech_driver [None req-6f51bb97-fcb3-4684-a37d-077c77b2f398 service neutron] Attempting to bind port 9a779ff1-f6f6-4a0b-a570-e2d3a7b3ac4b on host np0000165409 for network segment with type geneve, segmentation ID 19382, physical network None {{(pid=104754) bind_port /opt/stack/neutron/neutron/plugins/ml2/drivers/ovn/mech_driver/mech_driver.py:1194}}
Apr 13 02:30:17.843912 np0000165409 devstack@neutron-api.service[104754]: DEBUG neutron.plugins.ml2.managers [None req-6f51bb97-fcb3-4684-a37d-077c77b2f398 service neutron] Bound port: 9a779ff1-f6f6-4a0b-a570-e2d3a7b3ac4b, host: np0000165409, vif_type: ovs, vif_details: {"port_filter": true, "connectivity": "l2", "ovs_create_tap": false, "bridge_name": "br-int", "datapath_type": "system"}, binding_levels: [{'bound_driver': 'ovn', 'bound_segment': {'id': '8ca97686-7da2-46a0-bfda-f15abb1e4ba1', 'network_type': 'geneve', 'physical_network': None, 'segmentation_id': 19382, 'network_id': '534a57c3-e4f0-4653-b521-48bccf54cc1e'}}] {{(pid=104754) _bind_port_level /opt/stack/neutron/neutron/plugins/ml2/managers.py:950}}
Apr 13 02:30:17.844098 np0000165409 devstack@neutron-api.service[104754]: DEBUG neutron_lib.callbacks.manager [None req-6f51bb97-fcb3-4684-a37d-077c77b2f398 service neutron] Publish callbacks ['neutron.plugins.ml2.plugin.SecurityGroupDbMixin._ensure_default_security_group_handler-151619', 'neutron.services.ovn_l3.plugin.OVNL3RouterPlugin._port_update-8521908121724', 'neutron.db.l3_db.L3_NAT_dbonly_mixin._prevent_internal_ip_change_for_fip-8521909241396'] for port (9a779ff1-f6f6-4a0b-a570-e2d3a7b3ac4b), before_update {{(pid=104754) _notify_loop /opt/stack/data/venv/lib/python3.12/site-packages/neutron_lib/callbacks/manager.py:184}}
Apr 13 02:30:17.853783 np0000165409 devstack@neutron-api.service[104751]: DEBUG neutron.plugins.ml2.plugin [None req-9f3b35f3-669e-453e-8688-b649c4538d89 None None] Current status of the port 9a779ff1-f6f6-4a0b-a570-e2d3a7b3ac4b is: DOWN; New status is: DOWN {{(pid=104751) _update_individual_port_db_status /opt/stack/neutron/neutron/plugins/ml2/plugin.py:2468}}
Apr 13 02:30:17.855118 np0000165409 devstack@neutron-api.service[104751]: DEBUG ovsdbapp.backend.ovs_idl.transaction [None req-f26bbf0c-fe72-4cf6-9c59-65bed704ecc7 None None] Running txn n=1 command(idx=0): DbRemoveCommand(_result=None, table=Logical_Switch_Port, record=9a779ff1-f6f6-4a0b-a570-e2d3a7b3ac4b, column=external_ids, values=('neutron:host_id',), keyvalues={}, if_exists=True) {{(pid=104751) do_commit /opt/stack/data/venv/lib/python3.12/site-packages/ovsdbapp/backend/ovs_idl/transaction.py:89}}
Apr 13 02:30:17.881871 np0000165409 devstack@neutron-api.service[104754]: DEBUG neutron.plugins.ml2.db [None req-6f51bb97-fcb3-4684-a37d-077c77b2f398 service neutron] For port 9a779ff1-f6f6-4a0b-a570-e2d3a7b3ac4b, host np0000165409, cleared binding levels {{(pid=104754) clear_binding_levels /opt/stack/neutron/neutron/plugins/ml2/db.py:87}}
Apr 13 02:30:17.883657 np0000165409 devstack@neutron-api.service[104754]: DEBUG neutron.plugins.ml2.db [None req-6f51bb97-fcb3-4684-a37d-077c77b2f398 service neutron] For port 9a779ff1-f6f6-4a0b-a570-e2d3a7b3ac4b, host np0000165409, set binding levels [PortBindingLevel(driver='ovn',host='np0000165409',level=0,port_id=9a779ff1-f6f6-4a0b-a570-e2d3a7b3ac4b,segment=NetworkSegment(8ca97686-7da2-46a0-bfda-f15abb1e4ba1),segment_id=8ca97686-7da2-46a0-bfda-f15abb1e4ba1)] {{(pid=104754) set_binding_levels /opt/stack/neutron/neutron/plugins/ml2/db.py:59}}
Apr 13 02:30:17.884852 np0000165409 devstack@neutron-api.service[104754]: DEBUG neutron.plugins.ml2.drivers.ovn.mech_driver.mech_driver [None req-6f51bb97-fcb3-4684-a37d-077c77b2f398 service neutron] No provisioning block for port 9a779ff1-f6f6-4a0b-a570-e2d3a7b3ac4b since host unchanged {{(pid=104754) _is_port_provisioning_required /opt/stack/neutron/neutron/plugins/ml2/drivers/ovn/mech_driver/mech_driver.py:889}}
Apr 13 02:30:17.893639 np0000165409 devstack@neutron-api.service[104754]: DEBUG neutron_lib.callbacks.manager [None req-6f51bb97-fcb3-4684-a37d-077c77b2f398 service neutron] Publish callbacks ['neutron.plugins.ml2.ovo_rpc._ObjectChangeHandler.handle_event-2450405', 'neutron.db.l3_db.L3RpcNotifierMixin._notify_gateway_port_ip_changed-8521909247790', 'neutron.services.ovn_l3.plugin.OVNL3RouterPlugin._port_update-8521908121724'] for port (9a779ff1-f6f6-4a0b-a570-e2d3a7b3ac4b), after_update {{(pid=104754) _notify_loop /opt/stack/data/venv/lib/python3.12/site-packages/neutron_lib/callbacks/manager.py:184}}
Apr 13 02:30:17.925263 np0000165409 devstack@neutron-api.service[104754]: DEBUG neutron.api.rpc.handlers.resources_rpc [None req-6f51bb97-fcb3-4684-a37d-077c77b2f398 service neutron] Pushing event updated for resources: {'Port': ['ID=9a779ff1-f6f6-4a0b-a570-e2d3a7b3ac4b,revision_number=3']} {{(pid=104754) push /opt/stack/neutron/neutron/api/rpc/handlers/resources_rpc.py:237}}
Apr 13 02:30:17.955756 np0000165409 devstack@neutron-api.service[104754]: DEBUG ovsdbapp.backend.ovs_idl.transaction [None req-c25ab2cd-8e6f-4131-9841-d3b4e0678fc1 None None] Running txn n=1 command(idx=0): CheckRevisionNumberCommand(_result=None, name=9a779ff1-f6f6-4a0b-a570-e2d3a7b3ac4b, resource={'id': '9a779ff1-f6f6-4a0b-a570-e2d3a7b3ac4b', 'name': '', 'network_id': '534a57c3-e4f0-4653-b521-48bccf54cc1e', 'project_id': '6af9f010176b4c2789e19e116fa65ba0', 'mac_address': 'fa:16:3e:bc:ea:55', 'admin_state_up': True, 'status': 'DOWN', 'device_id': 'manila-admin-share', 'device_owner': 'manila:share', 'standard_attr_id': 46, 'fixed_ips': [{'subnet_id': 'c04c79d3-5180-411b-a311-e3676c8b1a87', 'ip_address': '10.2.5.92'}], 'allowed_address_pairs': [], 'extra_dhcp_opts': [], 'security_groups': [], 'description': '', 'binding:vnic_type': 'normal', 'binding:profile': {}, 'binding:host_id': 'np0000165409', 'binding:vif_type': 'ovs', 'binding:vif_details': {'port_filter': True, 'connectivity': 'l2', 'ovs_create_tap': False, 'bridge_name': 'br-int', 'datapath_type': 'system', 'bound_drivers': {'0': 'ovn'}}, 'port_security_enabled': False, 'tags': [], 'created_at': '2026-04-13T02:30:17Z', 'updated_at': '2026-04-13T02:30:17Z', 'revision_number': 3, 'tenant_id': '6af9f010176b4c2789e19e116fa65ba0', 'network': {'id': '534a57c3-e4f0-4653-b521-48bccf54cc1e', 'name': 'admin_net', 'tenant_id': '6af9f010176b4c2789e19e116fa65ba0', 'project_id': '6af9f010176b4c2789e19e116fa65ba0', 'admin_state_up': True, 'mtu': 1372, 'status': 'ACTIVE', 'subnets': ['c04c79d3-5180-411b-a311-e3676c8b1a87'], 'standard_attr_id': 42, 'shared': False, 'availability_zone_hints': [], 'availability_zones': [], 'ipv4_address_scope': None, 'ipv6_address_scope': None, 'router:external': False, 'qinq': False, 'vlan_transparent': False, 'description': '', 'port_security_enabled': True, 'tags': [], 'created_at': '2026-04-13T02:30:10Z', 'updated_at': '2026-04-13T02:30:11Z', 'revision_number': 2, 'provider:network_type': 'geneve', 'provider:physical_network': None, 'provider:segmentation_id': 19382}}, resource_type=ports, if_exists=True) {{(pid=104754) do_commit /opt/stack/data/venv/lib/python3.12/site-packages/ovsdbapp/backend/ovs_idl/transaction.py:89}}
Apr 13 02:30:17.956541 np0000165409 devstack@neutron-api.service[104754]: DEBUG ovsdbapp.backend.ovs_idl.transaction [None req-c25ab2cd-8e6f-4131-9841-d3b4e0678fc1 None None] Running txn n=1 command(idx=1): SetLSwitchPortCommand(_result=None, lport=9a779ff1-f6f6-4a0b-a570-e2d3a7b3ac4b, external_ids_update=None, columns={'external_ids': {'neutron:port_name': '', 'neutron:device_id': 'manila-admin-share', 'neutron:project_id': '6af9f010176b4c2789e19e116fa65ba0', 'neutron:cidrs': '10.2.5.92/24', 'neutron:device_owner': 'manila:share', 'neutron:subnet_pool_addr_scope4': '', 'neutron:subnet_pool_addr_scope6': '', 'neutron:network_name': 'neutron-534a57c3-e4f0-4653-b521-48bccf54cc1e', 'neutron:security_group_ids': '', 'neutron:revision_number': '3', 'neutron:vnic_type': 'normal', 'neutron:port_capabilities': '', 'neutron:mtu': ''}, 'parent_name': [], 'tag': [], 'options': {'requested-chassis': 'np0000165409'}, 'enabled': True, 'port_security': [], 'dhcpv4_options': [UUID('99fb5214-3c83-4a46-b00b-854b9eb374cd')], 'dhcpv6_options': [], 'type': '', 'addresses': ['fa:16:3e:bc:ea:55 10.2.5.92', 'unknown'], 'ha_chassis_group': []}, if_exists=False) {{(pid=104754) do_commit /opt/stack/data/venv/lib/python3.12/site-packages/ovsdbapp/backend/ovs_idl/transaction.py:89}}
Apr 13 02:30:17.958147 np0000165409 devstack@neutron-api.service[104754]: DEBUG ovsdbapp.backend.ovs_idl.transaction [None req-c25ab2cd-8e6f-4131-9841-d3b4e0678fc1 None None] Running txn n=1 command(idx=2): PgDelPortCommand(_result=None, port_group=neutron_pg_drop, lsp=['9a779ff1-f6f6-4a0b-a570-e2d3a7b3ac4b'], if_exists=False) {{(pid=104754) do_commit /opt/stack/data/venv/lib/python3.12/site-packages/ovsdbapp/backend/ovs_idl/transaction.py:89}}
Apr 13 02:30:18.016237 np0000165409 devstack@neutron-api.service[104751]: DEBUG neutron.plugins.ml2.drivers.ovn.mech_driver.ovsdb.ovsdb_monitor [None req-f26bbf0c-fe72-4cf6-9c59-65bed704ecc7 None None] Touching Hash Ring node "6429a64c7e485c359822f66f762970cd" from IDL notify handler {{(pid=104751) notify /opt/stack/neutron/neutron/plugins/ml2/drivers/ovn/mech_driver/ovsdb/ovsdb_monitor.py:906}}
Apr 13 02:30:18.021195 np0000165409 devstack@neutron-api.service[104751]: DEBUG neutron.plugins.ml2.drivers.ovn.mech_driver.ovsdb.ovsdb_monitor [None req-f26bbf0c-fe72-4cf6-9c59-65bed704ecc7 None None] Hash Ring: Node 6429a64c7e485c359822f66f762970cd (host: np0000165409) handling event "update" for row fb3b5758-c2b4-42b1-a8ca-78b9a9ef9eaa (table: Logical_Switch_Port) {{(pid=104751) notify /opt/stack/neutron/neutron/plugins/ml2/drivers/ovn/mech_driver/ovsdb/ovsdb_monitor.py:914}}
Apr 13 02:30:18.039766 np0000165409 devstack@neutron-api.service[104754]: DEBUG neutron.plugins.ml2.drivers.ovn.mech_driver.ovsdb.ovsdb_monitor [None req-09962409-7486-4ed4-832f-c482f9cfabc8 None None] Hash Ring: Node 3a8b995f0f6c5fe7802abe996ab14a3e (host: np0000165409) handling event "update" for row 41f88041-daa9-4131-840b-66daa4b089ba (table: Port_Binding) {{(pid=104754) notify /opt/stack/neutron/neutron/plugins/ml2/drivers/ovn/mech_driver/ovsdb/ovsdb_monitor.py:914}}
Apr 13 02:30:18.061259 np0000165409 devstack@neutron-api.service[104754]: INFO neutron.db.ovn_revision_numbers_db [None req-6f51bb97-fcb3-4684-a37d-077c77b2f398 service neutron] Successfully bumped revision number for resource 9a779ff1-f6f6-4a0b-a570-e2d3a7b3ac4b (type: ports) to 3
Apr 13 02:30:18.075028 np0000165409 devstack@neutron-api.service[104754]: DEBUG neutron.pecan_wsgi.hooks.policy_enforcement [None req-6f51bb97-fcb3-4684-a37d-077c77b2f398 service neutron] Attributes excluded by policy engine: ['standard_attr_id'] {{(pid=104754) _exclude_attributes_by_policy /opt/stack/neutron/neutron/pecan_wsgi/hooks/policy_enforcement.py:258}}
Apr 13 02:30:18.075556 np0000165409 devstack@neutron-api.service[104754]: DEBUG neutron_lib.callbacks.manager [None req-6f51bb97-fcb3-4684-a37d-077c77b2f398 service neutron] Publish callbacks ['neutron.notifiers.nova.Notifier._send_nova_notification-2777167'] for port (None), before_response {{(pid=104754) _notify_loop /opt/stack/data/venv/lib/python3.12/site-packages/neutron_lib/callbacks/manager.py:184}}
Apr 13 02:30:18.087532 np0000165409 devstack@neutron-api.service[104754]: [pid: 104754|app: 0|req: 26/104] 199.204.45.216 () {68 vars in 1304 bytes} [Mon Apr 13 02:30:17 2026] POST /networking/v2.0/ports => generated 926 bytes in 523 msecs (HTTP/1.1 201) 4 headers in 162 bytes (1 switches on core 0)
Apr 13 02:30:18.451979 np0000165409 devstack@neutron-api.service[104754]: DEBUG neutron.plugins.ml2.drivers.ovn.mech_driver.ovsdb.ovsdb_monitor [None req-09962409-7486-4ed4-832f-c482f9cfabc8 None None] Hash Ring: Node 3a8b995f0f6c5fe7802abe996ab14a3e (host: np0000165409) handling event "update" for row 41f88041-daa9-4131-840b-66daa4b089ba (table: Port_Binding) {{(pid=104754) notify /opt/stack/neutron/neutron/plugins/ml2/drivers/ovn/mech_driver/ovsdb/ovsdb_monitor.py:914}}
Apr 13 02:30:18.493547 np0000165409 devstack@neutron-api.service[104754]: DEBUG neutron.plugins.ml2.drivers.ovn.mech_driver.ovsdb.ovsdb_monitor [None req-09962409-7486-4ed4-832f-c482f9cfabc8 None None] Hash Ring: Node 3a8b995f0f6c5fe7802abe996ab14a3e (host: np0000165409) handling event "update" for row 41f88041-daa9-4131-840b-66daa4b089ba (table: Port_Binding) {{(pid=104754) notify /opt/stack/neutron/neutron/plugins/ml2/drivers/ovn/mech_driver/ovsdb/ovsdb_monitor.py:914}}
Apr 13 02:30:18.497274 np0000165409 devstack@neutron-api.service[104751]: DEBUG neutron.plugins.ml2.drivers.ovn.mech_driver.ovsdb.ovsdb_monitor [None req-f26bbf0c-fe72-4cf6-9c59-65bed704ecc7 None None] Touching Hash Ring node "6429a64c7e485c359822f66f762970cd" from IDL notify handler {{(pid=104751) notify /opt/stack/neutron/neutron/plugins/ml2/drivers/ovn/mech_driver/ovsdb/ovsdb_monitor.py:906}}
Apr 13 02:30:18.499986 np0000165409 devstack@neutron-api.service[104751]: DEBUG neutron.plugins.ml2.drivers.ovn.mech_driver.ovsdb.ovsdb_monitor [None req-f26bbf0c-fe72-4cf6-9c59-65bed704ecc7 None None] Hash Ring: Node 6429a64c7e485c359822f66f762970cd (host: np0000165409) handling event "update" for row fb3b5758-c2b4-42b1-a8ca-78b9a9ef9eaa (table: Logical_Switch_Port) {{(pid=104751) notify /opt/stack/neutron/neutron/plugins/ml2/drivers/ovn/mech_driver/ovsdb/ovsdb_monitor.py:914}}
Apr 13 02:30:18.501379 np0000165409 devstack@neutron-api.service[104751]: DEBUG ovsdbapp.backend.ovs_idl.event [None req-f26bbf0c-fe72-4cf6-9c59-65bed704ecc7 None None] Matched UPDATE: LogicalSwitchPortUpdateUpEvent(events=('update',), table='Logical_Switch_Port', conditions=None, old_conditions=None), priority=20 to row=Logical_Switch_Port(uuid=fb3b5758-c2b4-42b1-a8ca-78b9a9ef9eaa, addresses=['fa:16:3e:bc:ea:55 10.2.5.92', 'unknown'], dhcpv4_options=99fb5214-3c83-4a46-b00b-854b9eb374cd, dhcpv6_options=[], dynamic_addresses=[], enabled=True, external_ids={'neutron:cidrs': '10.2.5.92/24', 'neutron:device_id': 'manila-admin-share', 'neutron:device_owner': 'manila:share', 'neutron:mtu': '', 'neutron:network_name': 'neutron-534a57c3-e4f0-4653-b521-48bccf54cc1e', 'neutron:port_capabilities': '', 'neutron:port_name': '', 'neutron:project_id': '6af9f010176b4c2789e19e116fa65ba0', 'neutron:revision_number': '3', 'neutron:security_group_ids': '', 'neutron:subnet_pool_addr_scope4': '', 'neutron:subnet_pool_addr_scope6': '', 'neutron:vnic_type': 'normal'}, ha_chassis_group=[], mirror_rules=[], name='9a779ff1-f6f6-4a0b-a570-e2d3a7b3ac4b', options={'requested-chassis': 'np0000165409'}, parent_name=[], port_security=[], tag=[], tag_request=[], type='', up=True) old=Logical_Switch_Port(uuid=fb3b5758-c2b4-42b1-a8ca-78b9a9ef9eaa, up=False) {{(pid=104751) matches /opt/stack/data/venv/lib/python3.12/site-packages/ovsdbapp/backend/ovs_idl/event.py:55}}
Apr 13 02:30:18.502912 np0000165409 devstack@neutron-api.service[104751]: INFO neutron.plugins.ml2.drivers.ovn.mech_driver.mech_driver [None req-9f3b35f3-669e-453e-8688-b649c4538d89 None None] OVN reports status up for port: 9a779ff1-f6f6-4a0b-a570-e2d3a7b3ac4b
Apr 13 02:30:18.510086 np0000165409 devstack@neutron-api.service[104751]: DEBUG neutron.db.provisioning_blocks [None req-9f3b35f3-669e-453e-8688-b649c4538d89 None None] Provisioning for port 9a779ff1-f6f6-4a0b-a570-e2d3a7b3ac4b completed by entity L2. {{(pid=104751) provisioning_complete /opt/stack/neutron/neutron/db/provisioning_blocks.py:133}}
Apr 13 02:30:18.520857 np0000165409 devstack@neutron-api.service[104751]: DEBUG neutron.db.provisioning_blocks [None req-9f3b35f3-669e-453e-8688-b649c4538d89 None None] Provisioning complete for port 9a779ff1-f6f6-4a0b-a570-e2d3a7b3ac4b triggered by entity L2. {{(pid=104751) provisioning_complete /opt/stack/neutron/neutron/db/provisioning_blocks.py:141}}
Apr 13 02:30:18.521081 np0000165409 devstack@neutron-api.service[104751]: DEBUG neutron_lib.callbacks.manager [None req-9f3b35f3-669e-453e-8688-b649c4538d89 None None] Publish callbacks ['neutron.plugins.ml2.plugin.Ml2Plugin._port_provisioned-3010435'] for port (9a779ff1-f6f6-4a0b-a570-e2d3a7b3ac4b), provisioning_complete {{(pid=104751) _notify_loop /opt/stack/data/venv/lib/python3.12/site-packages/neutron_lib/callbacks/manager.py:184}}
Apr 13 02:30:18.521237 np0000165409 devstack@neutron-api.service[104751]: INFO neutron.plugins.ml2.plugin [None req-9f3b35f3-669e-453e-8688-b649c4538d89 None None] Attempt 1 to provision port 9a779ff1-f6f6-4a0b-a570-e2d3a7b3ac4b
Apr 13 02:30:18.572890 np0000165409 devstack@neutron-api.service[104751]: DEBUG neutron.plugins.ml2.plugin [None req-9f3b35f3-669e-453e-8688-b649c4538d89 None None] Current status of the port 9a779ff1-f6f6-4a0b-a570-e2d3a7b3ac4b is: DOWN; New status is: ACTIVE {{(pid=104751) _update_individual_port_db_status /opt/stack/neutron/neutron/plugins/ml2/plugin.py:2468}}
Apr 13 02:30:18.573526 np0000165409 devstack@neutron-api.service[104751]: DEBUG neutron_lib.callbacks.manager [None req-9f3b35f3-669e-453e-8688-b649c4538d89 None None] Publish callbacks ['neutron.plugins.ml2.plugin.SecurityGroupDbMixin._ensure_default_security_group_handler-1136739', 'neutron.services.ovn_l3.plugin.OVNL3RouterPlugin._port_update-8521907695700', 'neutron.db.l3_db.L3_NAT_dbonly_mixin._prevent_internal_ip_change_for_fip-8521909241396'] for port (9a779ff1-f6f6-4a0b-a570-e2d3a7b3ac4b), before_update {{(pid=104751) _notify_loop /opt/stack/data/venv/lib/python3.12/site-packages/neutron_lib/callbacks/manager.py:184}}
Apr 13 02:30:18.595510 np0000165409 devstack@neutron-api.service[104751]: DEBUG neutron.plugins.ml2.db [None req-9f3b35f3-669e-453e-8688-b649c4538d89 None None] For port 9a779ff1-f6f6-4a0b-a570-e2d3a7b3ac4b, host np0000165409, got binding levels [PortBindingLevel(driver='ovn',host='np0000165409',level=0,port_id=9a779ff1-f6f6-4a0b-a570-e2d3a7b3ac4b,segment=NetworkSegment(8ca97686-7da2-46a0-bfda-f15abb1e4ba1),segment_id=8ca97686-7da2-46a0-bfda-f15abb1e4ba1)] {{(pid=104751) get_binding_level_objs /opt/stack/neutron/neutron/plugins/ml2/db.py:74}}
Apr 13 02:30:18.596378 np0000165409 devstack@neutron-api.service[104751]: DEBUG neutron.plugins.ml2.drivers.ovn.mech_driver.mech_driver [None req-9f3b35f3-669e-453e-8688-b649c4538d89 None None] No provisioning block for port 9a779ff1-f6f6-4a0b-a570-e2d3a7b3ac4b since it is active {{(pid=104751) _is_port_provisioning_required /opt/stack/neutron/neutron/plugins/ml2/drivers/ovn/mech_driver/mech_driver.py:879}}
Apr 13 02:30:18.660425 np0000165409 devstack@neutron-api.service[104751]: DEBUG ovsdbapp.backend.ovs_idl.transaction [None req-f26bbf0c-fe72-4cf6-9c59-65bed704ecc7 None None] Running txn n=1 command(idx=0): CheckRevisionNumberCommand(_result=None, name=9a779ff1-f6f6-4a0b-a570-e2d3a7b3ac4b, resource={'id': '9a779ff1-f6f6-4a0b-a570-e2d3a7b3ac4b', 'name': '', 'network_id': '534a57c3-e4f0-4653-b521-48bccf54cc1e', 'project_id': '6af9f010176b4c2789e19e116fa65ba0', 'mac_address': 'fa:16:3e:bc:ea:55', 'admin_state_up': True, 'status': 'ACTIVE', 'device_id': 'manila-admin-share', 'device_owner': 'manila:share', 'standard_attr_id': 46, 'fixed_ips': [{'subnet_id': 'c04c79d3-5180-411b-a311-e3676c8b1a87', 'ip_address': '10.2.5.92'}], 'allowed_address_pairs': [], 'extra_dhcp_opts': [], 'security_groups': [], 'description': '', 'binding:vnic_type': 'normal', 'binding:profile': {}, 'binding:host_id': 'np0000165409', 'binding:vif_type': 'ovs', 'binding:vif_details': {'port_filter': True, 'connectivity': 'l2', 'ovs_create_tap': False, 'bridge_name': 'br-int', 'datapath_type': 'system', 'bound_drivers': {'0': 'ovn'}}, 'port_security_enabled': False, 'tags': [], 'created_at': '2026-04-13T02:30:17Z', 'updated_at': '2026-04-13T02:30:18Z', 'revision_number': 4, 'tenant_id': '6af9f010176b4c2789e19e116fa65ba0', 'network': {'id': '534a57c3-e4f0-4653-b521-48bccf54cc1e', 'name': 'admin_net', 'tenant_id': '6af9f010176b4c2789e19e116fa65ba0', 'project_id': '6af9f010176b4c2789e19e116fa65ba0', 'admin_state_up': True, 'mtu': 1372, 'status': 'ACTIVE', 'subnets': ['c04c79d3-5180-411b-a311-e3676c8b1a87'], 'standard_attr_id': 42, 'shared': False, 'availability_zone_hints': [], 'availability_zones': [], 'ipv4_address_scope': None, 'ipv6_address_scope': None, 'router:external': False, 'qinq': False, 'vlan_transparent': False, 'description': '', 'port_security_enabled': True, 'tags': [], 'created_at': '2026-04-13T02:30:10Z', 'updated_at': '2026-04-13T02:30:11Z', 'revision_number': 2, 'provider:network_type': 'geneve', 'provider:physical_network': None, 'provider:segmentation_id': 19382}}, resource_type=ports, if_exists=True) {{(pid=104751) do_commit /opt/stack/data/venv/lib/python3.12/site-packages/ovsdbapp/backend/ovs_idl/transaction.py:89}}
Apr 13 02:30:18.661068 np0000165409 devstack@neutron-api.service[104751]: DEBUG ovsdbapp.backend.ovs_idl.transaction [None req-f26bbf0c-fe72-4cf6-9c59-65bed704ecc7 None None] Running txn n=1 command(idx=1): SetLSwitchPortCommand(_result=None, lport=9a779ff1-f6f6-4a0b-a570-e2d3a7b3ac4b, external_ids_update=None, columns={'external_ids': {'neutron:port_name': '', 'neutron:device_id': 'manila-admin-share', 'neutron:project_id': '6af9f010176b4c2789e19e116fa65ba0', 'neutron:cidrs': '10.2.5.92/24', 'neutron:device_owner': 'manila:share', 'neutron:subnet_pool_addr_scope4': '', 'neutron:subnet_pool_addr_scope6': '', 'neutron:network_name': 'neutron-534a57c3-e4f0-4653-b521-48bccf54cc1e', 'neutron:security_group_ids': '', 'neutron:revision_number': '4', 'neutron:vnic_type': 'normal', 'neutron:port_capabilities': '', 'neutron:mtu': ''}, 'parent_name': [], 'tag': [], 'options': {'requested-chassis': 'np0000165409'}, 'enabled': True, 'port_security': [], 'dhcpv4_options': [UUID('99fb5214-3c83-4a46-b00b-854b9eb374cd')], 'dhcpv6_options': [], 'type': '', 'addresses': ['fa:16:3e:bc:ea:55 10.2.5.92', 'unknown'], 'ha_chassis_group': []}, if_exists=False) {{(pid=104751) do_commit /opt/stack/data/venv/lib/python3.12/site-packages/ovsdbapp/backend/ovs_idl/transaction.py:89}}
Apr 13 02:30:18.662708 np0000165409 devstack@neutron-api.service[104751]: DEBUG ovsdbapp.backend.ovs_idl.transaction [None req-f26bbf0c-fe72-4cf6-9c59-65bed704ecc7 None None] Running txn n=1 command(idx=2): PgDelPortCommand(_result=None, port_group=neutron_pg_drop, lsp=['9a779ff1-f6f6-4a0b-a570-e2d3a7b3ac4b'], if_exists=False) {{(pid=104751) do_commit /opt/stack/data/venv/lib/python3.12/site-packages/ovsdbapp/backend/ovs_idl/transaction.py:89}}
Apr 13 02:30:18.667834 np0000165409 devstack@neutron-api.service[104751]: DEBUG neutron.plugins.ml2.drivers.ovn.mech_driver.ovsdb.ovsdb_monitor [None req-f26bbf0c-fe72-4cf6-9c59-65bed704ecc7 None None] Touching Hash Ring node "6429a64c7e485c359822f66f762970cd" from IDL notify handler {{(pid=104751) notify /opt/stack/neutron/neutron/plugins/ml2/drivers/ovn/mech_driver/ovsdb/ovsdb_monitor.py:906}}
Apr 13 02:30:18.671179 np0000165409 devstack@neutron-api.service[104754]: DEBUG neutron.plugins.ml2.drivers.ovn.mech_driver.ovsdb.ovsdb_monitor [None req-09962409-7486-4ed4-832f-c482f9cfabc8 None None] Hash Ring: Node 3a8b995f0f6c5fe7802abe996ab14a3e (host: np0000165409) handling event "update" for row 41f88041-daa9-4131-840b-66daa4b089ba (table: Port_Binding) {{(pid=104754) notify /opt/stack/neutron/neutron/plugins/ml2/drivers/ovn/mech_driver/ovsdb/ovsdb_monitor.py:914}}
Apr 13 02:30:18.680622 np0000165409 devstack@neutron-api.service[104751]: DEBUG neutron.plugins.ml2.drivers.ovn.mech_driver.ovsdb.ovsdb_monitor [None req-f26bbf0c-fe72-4cf6-9c59-65bed704ecc7 None None] Hash Ring: Node 6429a64c7e485c359822f66f762970cd (host: np0000165409) handling event "update" for row fb3b5758-c2b4-42b1-a8ca-78b9a9ef9eaa (table: Logical_Switch_Port) {{(pid=104751) notify /opt/stack/neutron/neutron/plugins/ml2/drivers/ovn/mech_driver/ovsdb/ovsdb_monitor.py:914}}
Apr 13 02:30:18.714367 np0000165409 devstack@neutron-api.service[104751]: INFO neutron.db.ovn_revision_numbers_db [None req-9f3b35f3-669e-453e-8688-b649c4538d89 None None] Successfully bumped revision number for resource 9a779ff1-f6f6-4a0b-a570-e2d3a7b3ac4b (type: ports) to 4
Apr 13 02:30:18.720208 np0000165409 devstack@neutron-api.service[104751]: DEBUG neutron_lib.callbacks.manager [None req-9f3b35f3-669e-453e-8688-b649c4538d89 None None] Publish callbacks ['neutron.plugins.ml2.ovo_rpc._ObjectChangeHandler.handle_event-2443057', 'neutron.db.l3_db.L3RpcNotifierMixin._notify_gateway_port_ip_changed-8521909243824', 'neutron.services.ovn_l3.plugin.OVNL3RouterPlugin._port_update-8521907695700'] for port (9a779ff1-f6f6-4a0b-a570-e2d3a7b3ac4b), after_update {{(pid=104751) _notify_loop /opt/stack/data/venv/lib/python3.12/site-packages/neutron_lib/callbacks/manager.py:184}}
Apr 13 02:30:18.745235 np0000165409 devstack@neutron-api.service[104751]: DEBUG neutron.api.rpc.handlers.resources_rpc [None req-5ac5d280-0a22-4538-a2ea-cb3a5136641f None None] Pushing event updated for resources: {'Port': ['ID=9a779ff1-f6f6-4a0b-a570-e2d3a7b3ac4b,revision_number=4']} {{(pid=104751) push /opt/stack/neutron/neutron/api/rpc/handlers/resources_rpc.py:237}}
Apr 13 02:30:18.764628 np0000165409 devstack@neutron-api.service[104751]: DEBUG ovsdbapp.backend.ovs_idl.transaction [None req-f26bbf0c-fe72-4cf6-9c59-65bed704ecc7 None None] Running txn n=1 command(idx=0): DbSetCommand(_result=None, table=Logical_Switch_Port, record=9a779ff1-f6f6-4a0b-a570-e2d3a7b3ac4b, col_values=(('external_ids', {'neutron:host_id': 'np0000165409'}),), if_exists=True) {{(pid=104751) do_commit /opt/stack/data/venv/lib/python3.12/site-packages/ovsdbapp/backend/ovs_idl/transaction.py:89}}
Apr 13 02:30:18.773662 np0000165409 devstack@neutron-api.service[104751]: DEBUG neutron.plugins.ml2.drivers.ovn.mech_driver.ovsdb.ovsdb_monitor [None req-f26bbf0c-fe72-4cf6-9c59-65bed704ecc7 None None] Touching Hash Ring node "6429a64c7e485c359822f66f762970cd" from IDL notify handler {{(pid=104751) notify /opt/stack/neutron/neutron/plugins/ml2/drivers/ovn/mech_driver/ovsdb/ovsdb_monitor.py:906}}
Apr 13 02:30:18.774883 np0000165409 devstack@neutron-api.service[104754]: DEBUG neutron.plugins.ml2.drivers.ovn.mech_driver.ovsdb.ovsdb_monitor [None req-09962409-7486-4ed4-832f-c482f9cfabc8 None None] Hash Ring: Node 3a8b995f0f6c5fe7802abe996ab14a3e (host: np0000165409) handling event "update" for row 41f88041-daa9-4131-840b-66daa4b089ba (table: Port_Binding) {{(pid=104754) notify /opt/stack/neutron/neutron/plugins/ml2/drivers/ovn/mech_driver/ovsdb/ovsdb_monitor.py:914}}
Apr 13 02:30:18.778490 np0000165409 devstack@neutron-api.service[104751]: DEBUG neutron.plugins.ml2.drivers.ovn.mech_driver.ovsdb.ovsdb_monitor [None req-f26bbf0c-fe72-4cf6-9c59-65bed704ecc7 None None] Hash Ring: Node 6429a64c7e485c359822f66f762970cd (host: np0000165409) handling event "update" for row fb3b5758-c2b4-42b1-a8ca-78b9a9ef9eaa (table: Logical_Switch_Port) {{(pid=104751) notify /opt/stack/neutron/neutron/plugins/ml2/drivers/ovn/mech_driver/ovsdb/ovsdb_monitor.py:914}}
Apr 13 02:30:19.234451 np0000165409 devstack@neutron-api.service[104751]: DEBUG neutron.pecan_wsgi.hooks.policy_enforcement [None req-feba6511-f2f1-4902-a9c1-87eb69190d11 service neutron] Attributes excluded by policy engine: ['standard_attr_id', 'shared'] {{(pid=104751) _exclude_attributes_by_policy /opt/stack/neutron/neutron/pecan_wsgi/hooks/policy_enforcement.py:258}}
Apr 13 02:30:19.235345 np0000165409 devstack@neutron-api.service[104751]: [pid: 104751|app: 0|req: 26/105] 199.204.45.216 () {64 vars in 1367 bytes} [Mon Apr 13 02:30:19 2026] GET /networking/v2.0/subnets/c04c79d3-5180-411b-a311-e3676c8b1a87 => generated 625 bytes in 22 msecs (HTTP/1.1 200) 4 headers in 157 bytes (1 switches on core 0)
Apr 13 02:30:20.192320 np0000165409 devstack@neutron-api.service[104752]: DEBUG neutron.pecan_wsgi.hooks.policy_enforcement [None req-5e4db2c7-4af1-4205-b672-b8634166c0cb service neutron] Attributes excluded by policy engine: ['standard_attr_id'] {{(pid=104752) _exclude_attributes_by_policy /opt/stack/neutron/neutron/pecan_wsgi/hooks/policy_enforcement.py:258}}
Apr 13 02:30:20.193204 np0000165409 devstack@neutron-api.service[104752]: [pid: 104752|app: 0|req: 28/106] 199.204.45.216 () {64 vars in 1369 bytes} [Mon Apr 13 02:30:20 2026] GET /networking/v2.0/ports?device_id=manila-admin-share&binding%3Ahost_id=np0000165409 => generated 931 bytes in 43 msecs (HTTP/1.1 200) 4 headers in 157 bytes (1 switches on core 0)
Apr 13 02:30:20.673611 np0000165409 devstack@neutron-api.service[104753]: DEBUG neutron.pecan_wsgi.hooks.policy_enforcement [None req-955566eb-6eda-4f2b-9a92-4c4bf7e45e6c service neutron] Attributes excluded by policy engine: ['standard_attr_id', 'shared'] {{(pid=104753) _exclude_attributes_by_policy /opt/stack/neutron/neutron/pecan_wsgi/hooks/policy_enforcement.py:258}}
Apr 13 02:30:20.674298 np0000165409 devstack@neutron-api.service[104753]: [pid: 104753|app: 0|req: 27/107] 199.204.45.216 () {64 vars in 1367 bytes} [Mon Apr 13 02:30:20 2026] GET /networking/v2.0/subnets/c04c79d3-5180-411b-a311-e3676c8b1a87 => generated 625 bytes in 26 msecs (HTTP/1.1 200) 4 headers in 157 bytes (1 switches on core 0)
Apr 13 02:30:21.550184 np0000165409 devstack@neutron-api.service[104752]: DEBUG futurist.periodics [-] Submitting periodic callback 'neutron.plugins.ml2.drivers.ovn.mech_driver.ovsdb.maintenance.HashRingHealthCheckPeriodics.touch_hash_ring_node' {{(pid=104752) _process_scheduled /opt/stack/data/venv/lib/python3.12/site-packages/futurist/periodics.py:784}}
Apr 13 02:30:21.551213 np0000165409 devstack@neutron-api.service[104752]: DEBUG neutron.plugins.ml2.drivers.ovn.mech_driver.ovsdb.maintenance [-] Touching Hash Ring node "7fbcdd74a84959859fa370900024b3fa" from periodic health check thread {{(pid=104752) touch_hash_ring_node /opt/stack/neutron/neutron/plugins/ml2/drivers/ovn/mech_driver/ovsdb/maintenance.py:1364}}
Apr 13 02:30:22.430518 np0000165409 devstack@neutron-api.service[104753]: DEBUG futurist.periodics [-] Submitting periodic callback 'neutron.plugins.ml2.drivers.ovn.mech_driver.ovsdb.maintenance.HashRingHealthCheckPeriodics.touch_hash_ring_node' {{(pid=104753) _process_scheduled /opt/stack/data/venv/lib/python3.12/site-packages/futurist/periodics.py:784}}
Apr 13 02:30:22.431615 np0000165409 devstack@neutron-api.service[104753]: DEBUG neutron.plugins.ml2.drivers.ovn.mech_driver.ovsdb.maintenance [-] Touching Hash Ring node "9f21c989c6c050a0aa554b1c3c7713de" from periodic health check thread {{(pid=104753) touch_hash_ring_node /opt/stack/neutron/neutron/plugins/ml2/drivers/ovn/mech_driver/ovsdb/maintenance.py:1364}}
Apr 13 02:30:22.442383 np0000165409 devstack@neutron-api.service[104754]: DEBUG futurist.periodics [-] Submitting periodic callback 'neutron.plugins.ml2.drivers.ovn.mech_driver.ovsdb.maintenance.HashRingHealthCheckPeriodics.touch_hash_ring_node' {{(pid=104754) _process_scheduled /opt/stack/data/venv/lib/python3.12/site-packages/futurist/periodics.py:784}}
Apr 13 02:30:22.443703 np0000165409 devstack@neutron-api.service[104754]: DEBUG neutron.plugins.ml2.drivers.ovn.mech_driver.ovsdb.maintenance [-] Touching Hash Ring node "3a8b995f0f6c5fe7802abe996ab14a3e" from periodic health check thread {{(pid=104754) touch_hash_ring_node /opt/stack/neutron/neutron/plugins/ml2/drivers/ovn/mech_driver/ovsdb/maintenance.py:1364}}
Apr 13 02:30:22.552186 np0000165409 devstack@neutron-api.service[104751]: DEBUG futurist.periodics [-] Submitting periodic callback 'neutron.plugins.ml2.drivers.ovn.mech_driver.ovsdb.maintenance.HashRingHealthCheckPeriodics.touch_hash_ring_node' {{(pid=104751) _process_scheduled /opt/stack/data/venv/lib/python3.12/site-packages/futurist/periodics.py:784}}
Apr 13 02:30:22.553570 np0000165409 devstack@neutron-api.service[104751]: DEBUG neutron.plugins.ml2.drivers.ovn.mech_driver.ovsdb.maintenance [-] Touching Hash Ring node "6429a64c7e485c359822f66f762970cd" from periodic health check thread {{(pid=104751) touch_hash_ring_node /opt/stack/neutron/neutron/plugins/ml2/drivers/ovn/mech_driver/ovsdb/maintenance.py:1364}}
Apr 13 02:30:31.562146 np0000165409 devstack@neutron-api.service[104752]: DEBUG dbcounter [-] [104752] Writing DB stats neutron:UPDATE=7,neutron:SELECT=37 {{(pid=104752) stat_writer /opt/stack/data/venv/lib/python3.12/site-packages/dbcounter.py:115}}
Apr 13 02:30:32.442110 np0000165409 devstack@neutron-api.service[104753]: DEBUG dbcounter [-] [104753] Writing DB stats neutron:UPDATE=13,neutron:SELECT=259,neutron:INSERT=11,neutron:DELETE=2 {{(pid=104753) stat_writer /opt/stack/data/venv/lib/python3.12/site-packages/dbcounter.py:115}}
Apr 13 02:30:32.454070 np0000165409 devstack@neutron-api.service[104754]: DEBUG dbcounter [-] [104754] Writing DB stats neutron:UPDATE=16,neutron:SELECT=191,neutron:INSERT=12,neutron:DELETE=2 {{(pid=104754) stat_writer /opt/stack/data/venv/lib/python3.12/site-packages/dbcounter.py:115}}
Apr 13 02:30:32.563980 np0000165409 devstack@neutron-api.service[104751]: DEBUG dbcounter [-] [104751] Writing DB stats neutron:UPDATE=33,neutron:SELECT=353,neutron:INSERT=31,neutron:DELETE=3 {{(pid=104751) stat_writer /opt/stack/data/venv/lib/python3.12/site-packages/dbcounter.py:115}}
Apr 13 02:30:34.315204 np0000165409 devstack@neutron-api.service[104754]: DEBUG neutron.pecan_wsgi.hooks.policy_enforcement [None req-a2335c68-40c3-4181-857a-17d8e7004491 demo demo] Attributes excluded by policy engine: ['standard_attr_id', 'provider:network_type', 'provider:physical_network', 'provider:segmentation_id'] {{(pid=104754) _exclude_attributes_by_policy /opt/stack/neutron/neutron/pecan_wsgi/hooks/policy_enforcement.py:258}}
Apr 13 02:30:34.315846 np0000165409 devstack@neutron-api.service[104754]: [pid: 104754|app: 0|req: 27/108] 199.204.45.216 () {64 vars in 1304 bytes} [Mon Apr 13 02:30:34 2026] GET /networking/v2.0/networks?router%3Aexternal=True => generated 659 bytes in 55 msecs (HTTP/1.1 200) 4 headers in 157 bytes (1 switches on core 0)
Apr 13 02:30:36.551414 np0000165409 devstack@neutron-api.service[104752]: DEBUG futurist.periodics [-] Submitting periodic callback 'neutron.plugins.ml2.drivers.ovn.mech_driver.ovsdb.maintenance.HashRingHealthCheckPeriodics.touch_hash_ring_node' {{(pid=104752) _process_scheduled /opt/stack/data/venv/lib/python3.12/site-packages/futurist/periodics.py:784}}
Apr 13 02:30:36.552992 np0000165409 devstack@neutron-api.service[104752]: DEBUG neutron.plugins.ml2.drivers.ovn.mech_driver.ovsdb.maintenance [-] Touching Hash Ring node "7fbcdd74a84959859fa370900024b3fa" from periodic health check thread {{(pid=104752) touch_hash_ring_node /opt/stack/neutron/neutron/plugins/ml2/drivers/ovn/mech_driver/ovsdb/maintenance.py:1364}}
Apr 13 02:30:37.432409 np0000165409 devstack@neutron-api.service[104753]: DEBUG futurist.periodics [-] Submitting periodic callback 'neutron.plugins.ml2.drivers.ovn.mech_driver.ovsdb.maintenance.HashRingHealthCheckPeriodics.touch_hash_ring_node' {{(pid=104753) _process_scheduled /opt/stack/data/venv/lib/python3.12/site-packages/futurist/periodics.py:784}}
Apr 13 02:30:37.433835 np0000165409 devstack@neutron-api.service[104753]: DEBUG neutron.plugins.ml2.drivers.ovn.mech_driver.ovsdb.maintenance [-] Touching Hash Ring node "9f21c989c6c050a0aa554b1c3c7713de" from periodic health check thread {{(pid=104753) touch_hash_ring_node /opt/stack/neutron/neutron/plugins/ml2/drivers/ovn/mech_driver/ovsdb/maintenance.py:1364}}
Apr 13 02:30:37.444064 np0000165409 devstack@neutron-api.service[104754]: DEBUG futurist.periodics [-] Submitting periodic callback 'neutron.plugins.ml2.drivers.ovn.mech_driver.ovsdb.maintenance.HashRingHealthCheckPeriodics.touch_hash_ring_node' {{(pid=104754) _process_scheduled /opt/stack/data/venv/lib/python3.12/site-packages/futurist/periodics.py:784}}
Apr 13 02:30:37.445136 np0000165409 devstack@neutron-api.service[104754]: DEBUG neutron.plugins.ml2.drivers.ovn.mech_driver.ovsdb.maintenance [-] Touching Hash Ring node "3a8b995f0f6c5fe7802abe996ab14a3e" from periodic health check thread {{(pid=104754) touch_hash_ring_node /opt/stack/neutron/neutron/plugins/ml2/drivers/ovn/mech_driver/ovsdb/maintenance.py:1364}}
Apr 13 02:30:37.553709 np0000165409 devstack@neutron-api.service[104751]: DEBUG futurist.periodics [-] Submitting periodic callback 'neutron.plugins.ml2.drivers.ovn.mech_driver.ovsdb.maintenance.HashRingHealthCheckPeriodics.touch_hash_ring_node' {{(pid=104751) _process_scheduled /opt/stack/data/venv/lib/python3.12/site-packages/futurist/periodics.py:784}}
Apr 13 02:30:37.554884 np0000165409 devstack@neutron-api.service[104751]: DEBUG neutron.plugins.ml2.drivers.ovn.mech_driver.ovsdb.maintenance [-] Touching Hash Ring node "6429a64c7e485c359822f66f762970cd" from periodic health check thread {{(pid=104751) touch_hash_ring_node /opt/stack/neutron/neutron/plugins/ml2/drivers/ovn/mech_driver/ovsdb/maintenance.py:1364}}
Apr 13 02:30:39.634945 np0000165409 devstack@neutron-api.service[104751]: DEBUG neutron.pecan_wsgi.hooks.policy_enforcement [None req-41e2b7e1-1d2e-492f-8082-d01da35e1966 demo demo] Attributes excluded by policy engine: ['standard_attr_id', 'provider:network_type', 'provider:physical_network', 'provider:segmentation_id'] {{(pid=104751) _exclude_attributes_by_policy /opt/stack/neutron/neutron/pecan_wsgi/hooks/policy_enforcement.py:258}}
Apr 13 02:30:39.635729 np0000165409 devstack@neutron-api.service[104751]: [pid: 104751|app: 0|req: 27/109] 199.204.45.216 () {64 vars in 1304 bytes} [Mon Apr 13 02:30:39 2026] GET /networking/v2.0/networks?router%3Aexternal=True => generated 659 bytes in 48 msecs (HTTP/1.1 200) 4 headers in 157 bytes (1 switches on core 0)
Apr 13 02:30:46.563124 np0000165409 devstack@neutron-api.service[104752]: DEBUG dbcounter [-] [104752] Writing DB stats neutron:UPDATE=1,neutron:SELECT=1 {{(pid=104752) stat_writer /opt/stack/data/venv/lib/python3.12/site-packages/dbcounter.py:115}}
Apr 13 02:30:47.093400 np0000165409 devstack@neutron-api.service[104752]: DEBUG neutron.pecan_wsgi.hooks.policy_enforcement [None req-9b626f38-18f7-4719-8785-0fbc2cae579f demo demo] Attributes excluded by policy engine: ['standard_attr_id', 'provider:network_type', 'provider:physical_network', 'provider:segmentation_id'] {{(pid=104752) _exclude_attributes_by_policy /opt/stack/neutron/neutron/pecan_wsgi/hooks/policy_enforcement.py:258}}
Apr 13 02:30:47.094507 np0000165409 devstack@neutron-api.service[104752]: [pid: 104752|app: 0|req: 29/110] 199.204.45.216 () {64 vars in 1328 bytes} [Mon Apr 13 02:30:47 2026] GET /networking/v2.0/networks?name=public&router%3Aexternal=True => generated 659 bytes in 58 msecs (HTTP/1.1 200) 4 headers in 157 bytes (1 switches on core 0)
Apr 13 02:30:47.444633 np0000165409 devstack@neutron-api.service[104753]: DEBUG dbcounter [-] [104753] Writing DB stats neutron:UPDATE=1,neutron:SELECT=1 {{(pid=104753) stat_writer /opt/stack/data/venv/lib/python3.12/site-packages/dbcounter.py:115}}
Apr 13 02:30:47.454281 np0000165409 devstack@neutron-api.service[104754]: DEBUG dbcounter [-] [104754] Writing DB stats neutron:SELECT=18,neutron:UPDATE=1 {{(pid=104754) stat_writer /opt/stack/data/venv/lib/python3.12/site-packages/dbcounter.py:115}}
Apr 13 02:30:47.881684 np0000165409 devstack@neutron-api.service[104753]: DEBUG neutron.pecan_wsgi.hooks.policy_enforcement [None req-6dd7ff46-2497-4ac9-bcce-d619787c1b51 demo demo] Attributes excluded by policy engine: ['standard_attr_id', 'provider:network_type', 'provider:physical_network', 'provider:segmentation_id'] {{(pid=104753) _exclude_attributes_by_policy /opt/stack/neutron/neutron/pecan_wsgi/hooks/policy_enforcement.py:258}}
Apr 13 02:30:47.882472 np0000165409 devstack@neutron-api.service[104753]: [pid: 104753|app: 0|req: 28/111] 199.204.45.216 () {64 vars in 1415 bytes} [Mon Apr 13 02:30:47 2026] GET /networking/v2.0/networks/1b708029-1d8c-41a2-960e-97ac1e3ce3b5 => generated 656 bytes in 142 msecs (HTTP/1.1 200) 4 headers in 157 bytes (2 switches on core 0)
Apr 13 02:30:47.917764 np0000165409 devstack@neutron-api.service[104754]: [pid: 104754|app: 0|req: 28/112] 199.204.45.216 () {64 vars in 1409 bytes} [Mon Apr 13 02:30:47 2026] GET /networking/v2.0/networks?name=k8s-clusterapi-cluster-magnum-system-kube-exgz1 => generated 15 bytes in 29 msecs (HTTP/1.1 200) 4 headers in 156 bytes (1 switches on core 0)
Apr 13 02:30:47.927472 np0000165409 devstack@neutron-api.service[104751]: DEBUG neutron.api.v2.base [None req-87b5a67d-faea-40f7-bcd9-8d3c304dc270 demo demo] Request body: {'network': {'admin_state_up': True, 'name': 'k8s-clusterapi-cluster-magnum-system-kube-exgz1'}} {{(pid=104751) prepare_request_body /opt/stack/neutron/neutron/api/v2/base.py:729}}
Apr 13 02:30:47.954186 np0000165409 devstack@neutron-api.service[104751]: DEBUG neutron.pecan_wsgi.hooks.quota_enforcement [None req-87b5a67d-faea-40f7-bcd9-8d3c304dc270 demo demo] Made reservation on behalf of f65616e5e4d24098b4a3fb745230ae46 for: {'network': 1} {{(pid=104751) before /opt/stack/neutron/neutron/pecan_wsgi/hooks/quota_enforcement.py:66}}
Apr 13 02:30:47.958553 np0000165409 devstack@neutron-api.service[104751]: DEBUG neutron_lib.callbacks.manager [None req-87b5a67d-faea-40f7-bcd9-8d3c304dc270 demo demo] Publish callbacks ['neutron.plugins.ml2.plugin.SecurityGroupDbMixin._ensure_default_security_group_handler-1136739'] for network (None), before_create {{(pid=104751) _notify_loop /opt/stack/data/venv/lib/python3.12/site-packages/neutron_lib/callbacks/manager.py:184}}
Apr 13 02:30:47.965667 np0000165409 devstack@neutron-api.service[104751]: DEBUG neutron_lib.callbacks.manager [None req-87b5a67d-faea-40f7-bcd9-8d3c304dc270 demo demo] Publish callbacks [] for security_group (None), before_create {{(pid=104751) _notify_loop /opt/stack/data/venv/lib/python3.12/site-packages/neutron_lib/callbacks/manager.py:184}}
Apr 13 02:30:48.025254 np0000165409 devstack@neutron-api.service[104751]: DEBUG neutron_lib.callbacks.manager [None req-87b5a67d-faea-40f7-bcd9-8d3c304dc270 demo demo] Publish callbacks ['neutron.plugins.ml2.drivers.ovn.mech_driver.mech_driver.OVNMechanismDriver._create_security_group_precommit-390297'] for security_group (893ed450-6453-431a-8687-c4f1c5b48930), precommit_create {{(pid=104751) _notify_loop /opt/stack/data/venv/lib/python3.12/site-packages/neutron_lib/callbacks/manager.py:184}}
Apr 13 02:30:48.025381 np0000165409 devstack@neutron-api.service[104751]: DEBUG neutron.db.ovn_revision_numbers_db [None req-87b5a67d-faea-40f7-bcd9-8d3c304dc270 demo demo] create_initial_revision uuid=893ed450-6453-431a-8687-c4f1c5b48930, type=security_groups, rev=-1 {{(pid=104751) create_initial_revision /opt/stack/neutron/neutron/db/ovn_revision_numbers_db.py:98}}
Apr 13 02:30:48.026610 np0000165409 devstack@neutron-api.service[104751]: DEBUG neutron.db.ovn_revision_numbers_db [None req-87b5a67d-faea-40f7-bcd9-8d3c304dc270 demo demo] create_initial_revision uuid=6f5a4b1f-1ff1-4dfe-afbe-a5e22dec5cb0, type=security_group_rules, rev=-1 {{(pid=104751) create_initial_revision /opt/stack/neutron/neutron/db/ovn_revision_numbers_db.py:98}}
Apr 13 02:30:48.027514 np0000165409 devstack@neutron-api.service[104751]: DEBUG neutron.db.ovn_revision_numbers_db [None req-87b5a67d-faea-40f7-bcd9-8d3c304dc270 demo demo] create_initial_revision uuid=80afecc6-6abf-4103-84b0-85f655e6fa78, type=security_group_rules, rev=-1 {{(pid=104751) create_initial_revision /opt/stack/neutron/neutron/db/ovn_revision_numbers_db.py:98}}
Apr 13 02:30:48.028486 np0000165409 devstack@neutron-api.service[104751]: DEBUG neutron.db.ovn_revision_numbers_db [None req-87b5a67d-faea-40f7-bcd9-8d3c304dc270 demo demo] create_initial_revision uuid=ac2954f9-7607-4bc7-9152-948496800b42, type=security_group_rules, rev=-1 {{(pid=104751) create_initial_revision /opt/stack/neutron/neutron/db/ovn_revision_numbers_db.py:98}}
Apr 13 02:30:48.029419 np0000165409 devstack@neutron-api.service[104751]: DEBUG neutron.db.ovn_revision_numbers_db [None req-87b5a67d-faea-40f7-bcd9-8d3c304dc270 demo demo] create_initial_revision uuid=c42a96bb-1c20-48d4-b3b0-d4986f167cd7, type=security_group_rules, rev=-1 {{(pid=104751) create_initial_revision /opt/stack/neutron/neutron/db/ovn_revision_numbers_db.py:98}}
Apr 13 02:30:48.049124 np0000165409 devstack@neutron-api.service[104751]: DEBUG neutron_lib.callbacks.manager [None req-87b5a67d-faea-40f7-bcd9-8d3c304dc270 demo demo] Publish callbacks ['neutron.plugins.ml2.drivers.ovn.mech_driver.mech_driver.OVNMechanismDriver._create_security_group-390291', 'neutron.plugins.ml2.ovo_rpc._ObjectChangeHandler.handle_event-2442774'] for security_group (893ed450-6453-431a-8687-c4f1c5b48930), after_create {{(pid=104751) _notify_loop /opt/stack/data/venv/lib/python3.12/site-packages/neutron_lib/callbacks/manager.py:184}}
Apr 13 02:30:48.050535 np0000165409 devstack@neutron-api.service[104751]: DEBUG ovsdbapp.backend.ovs_idl.transaction [None req-f26bbf0c-fe72-4cf6-9c59-65bed704ecc7 None None] Running txn n=1 command(idx=0): PgAddCommand(_result=None, name=pg_893ed450_6453_431a_8687_c4f1c5b48930, may_exist=False, columns={'acls': [], 'external_ids': {'neutron:security_group_id': '893ed450-6453-431a-8687-c4f1c5b48930'}}) {{(pid=104751) do_commit /opt/stack/data/venv/lib/python3.12/site-packages/ovsdbapp/backend/ovs_idl/transaction.py:89}}
Apr 13 02:30:48.051125 np0000165409 devstack@neutron-api.service[104751]: DEBUG ovsdbapp.backend.ovs_idl.transaction [None req-f26bbf0c-fe72-4cf6-9c59-65bed704ecc7 None None] Running txn n=1 command(idx=1): PgAclAddCommand(_result=None, entity=pg_893ed450_6453_431a_8687_c4f1c5b48930, direction=to-lport, priority=1002, match=outport == @pg_893ed450_6453_431a_8687_c4f1c5b48930 && ip6 && ip6.src == $pg_893ed450_6453_431a_8687_c4f1c5b48930_ip6, action=allow-related, log=False, may_exist=True, severity=[], name=[], meter=[], external_ids={'neutron:security_group_rule_id': '6f5a4b1f-1ff1-4dfe-afbe-a5e22dec5cb0'}) {{(pid=104751) do_commit /opt/stack/data/venv/lib/python3.12/site-packages/ovsdbapp/backend/ovs_idl/transaction.py:89}}
Apr 13 02:30:48.051633 np0000165409 devstack@neutron-api.service[104751]: DEBUG ovsdbapp.backend.ovs_idl.transaction [None req-f26bbf0c-fe72-4cf6-9c59-65bed704ecc7 None None] Running txn n=1 command(idx=2): PgAclAddCommand(_result=None, entity=pg_893ed450_6453_431a_8687_c4f1c5b48930, direction=to-lport, priority=1002, match=outport == @pg_893ed450_6453_431a_8687_c4f1c5b48930 && ip4 && ip4.src == $pg_893ed450_6453_431a_8687_c4f1c5b48930_ip4, action=allow-related, log=False, may_exist=True, severity=[], name=[], meter=[], external_ids={'neutron:security_group_rule_id': '80afecc6-6abf-4103-84b0-85f655e6fa78'}) {{(pid=104751) do_commit /opt/stack/data/venv/lib/python3.12/site-packages/ovsdbapp/backend/ovs_idl/transaction.py:89}}
