Apr 28 20:13:18.793399 np0000171176 devstack@g-api.service[116276]: DEBUG glance.image_cache.drivers.centralized_db [None req-c35d4d88-2d02-425e-b61a-c4ab611db988 None None] Node reference is already recorded, ignoring it {{(pid=116276) configure /opt/stack/glance/glance/image_cache/drivers/centralized_db.py:71}}
Apr 28 20:13:18.793964 np0000171176 devstack@g-api.service[116275]: DEBUG oslo_db.sqlalchemy.engines [None req-485b335f-e0d4-4868-ac19-f72cbde9b32b None None] MySQL server mode set to STRICT_TRANS_TABLES,STRICT_ALL_TABLES,NO_ZERO_IN_DATE,NO_ZERO_DATE,ERROR_FOR_DIVISION_BY_ZERO,TRADITIONAL,NO_ENGINE_SUBSTITUTION {{(pid=116275) _check_effective_sql_mode /opt/stack/data/venv/lib/python3.12/site-packages/oslo_db/sqlalchemy/engines.py:325}}
Apr 28 20:13:18.794846 np0000171176 devstack@g-api.service[116274]: DEBUG glance.image_cache.drivers.centralized_db [None req-87cf1d84-746a-41ae-9759-ea22697cd2be None None] Node reference is already recorded, ignoring it {{(pid=116274) configure /opt/stack/glance/glance/image_cache/drivers/centralized_db.py:71}}
Apr 28 20:13:18.800183 np0000171176 devstack@g-api.service[116274]: INFO glance.api.middleware.cache_manage [None req-87cf1d84-746a-41ae-9759-ea22697cd2be None None] Initialized image cache management middleware
Apr 28 20:13:18.800351 np0000171176 devstack@g-api.service[116274]: INFO glance.image_cache [None req-87cf1d84-746a-41ae-9759-ea22697cd2be None None] Image cache loaded driver 'centralized_db'.
Apr 28 20:13:18.801359 np0000171176 devstack@g-api.service[116276]: INFO glance.image_cache [None req-c35d4d88-2d02-425e-b61a-c4ab611db988 None None] Image cache loaded driver 'centralized_db'.
Apr 28 20:13:18.803561 np0000171176 devstack@g-api.service[116277]: DEBUG glance.image_cache.drivers.centralized_db [None req-87ea62f5-ab18-421e-b329-5986df3ebf79 None None] Node reference is already recorded, ignoring it {{(pid=116277) configure /opt/stack/glance/glance/image_cache/drivers/centralized_db.py:71}}
Apr 28 20:13:18.811083 np0000171176 devstack@g-api.service[116274]: DEBUG glance.image_cache.drivers.centralized_db [None req-87cf1d84-746a-41ae-9759-ea22697cd2be None None] Node reference is already recorded, ignoring it {{(pid=116274) configure /opt/stack/glance/glance/image_cache/drivers/centralized_db.py:71}}
Apr 28 20:13:18.811208 np0000171176 devstack@g-api.service[116276]: DEBUG glance.image_cache.drivers.centralized_db [None req-c35d4d88-2d02-425e-b61a-c4ab611db988 None None] Node reference is already recorded, ignoring it {{(pid=116276) configure /opt/stack/glance/glance/image_cache/drivers/centralized_db.py:71}}
Apr 28 20:13:18.811272 np0000171176 devstack@g-api.service[116277]: DEBUG glance.api.v2.cached_images [None req-87ea62f5-ab18-421e-b329-5986df3ebf79 None None] Started cache worker thread {{(pid=116277) __init__ /opt/stack/glance/glance/api/v2/cached_images.py:69}}
Apr 28 20:13:18.811628 np0000171176 devstack@g-api.service[116277]: INFO glance.image_cache [None req-87ea62f5-ab18-421e-b329-5986df3ebf79 None None] Image cache loaded driver 'centralized_db'.
Apr 28 20:13:18.815158 np0000171176 devstack@g-api.service[116274]: INFO glance.api.middleware.cache [None req-87cf1d84-746a-41ae-9759-ea22697cd2be None None] Initialized image cache middleware
Apr 28 20:13:18.820253 np0000171176 devstack@g-api.service[116275]: DEBUG dbcounter [-] [116275] Writer thread running {{(pid=116275) stat_writer /opt/stack/data/venv/lib/python3.12/site-packages/dbcounter.py:102}}
Apr 28 20:13:18.820465 np0000171176 devstack@g-api.service[116276]: DEBUG glance.api.v2.cached_images [None req-c35d4d88-2d02-425e-b61a-c4ab611db988 None None] Started cache worker thread {{(pid=116276) __init__ /opt/stack/glance/glance/api/v2/cached_images.py:69}}
Apr 28 20:13:18.821339 np0000171176 devstack@g-api.service[116276]: INFO glance.image_cache [None req-c35d4d88-2d02-425e-b61a-c4ab611db988 None None] Image cache loaded driver 'centralized_db'.
Apr 28 20:13:18.821704 np0000171176 devstack@g-api.service[116277]: DEBUG glance.image_cache.drivers.centralized_db [None req-87ea62f5-ab18-421e-b329-5986df3ebf79 None None] Node reference is already recorded, ignoring it {{(pid=116277) configure /opt/stack/glance/glance/image_cache/drivers/centralized_db.py:71}}
Apr 28 20:13:18.822384 np0000171176 devstack@g-api.service[116274]: WARNING keystonemiddleware.auth_token [None req-87cf1d84-746a-41ae-9759-ea22697cd2be None None] AuthToken middleware is set with keystone_authtoken.service_token_roles_required set to False. This is backwards compatible but deprecated behaviour. Please set this to True.
Apr 28 20:13:18.824578 np0000171176 devstack@g-api.service[116275]: DEBUG glance.image_cache.drivers.centralized_db [None req-485b335f-e0d4-4868-ac19-f72cbde9b32b None None] Node reference is already recorded, ignoring it {{(pid=116275) configure /opt/stack/glance/glance/image_cache/drivers/centralized_db.py:71}}
Apr 28 20:13:18.829052 np0000171176 devstack@g-api.service[116277]: INFO glance.api.middleware.cache_manage [None req-87ea62f5-ab18-421e-b329-5986df3ebf79 None None] Initialized image cache management middleware
Apr 28 20:13:18.829825 np0000171176 devstack@g-api.service[116277]: INFO glance.image_cache [None req-87ea62f5-ab18-421e-b329-5986df3ebf79 None None] Image cache loaded driver 'centralized_db'.
Apr 28 20:13:18.830976 np0000171176 devstack@g-api.service[116274]: DEBUG glance.common.config [None req-87cf1d84-746a-41ae-9759-ea22697cd2be None None] ******************************************************************************** {{(pid=116274) log_opt_values /opt/stack/data/venv/lib/python3.12/site-packages/oslo_config/cfg.py:2979}}
Apr 28 20:13:18.831082 np0000171176 devstack@g-api.service[116274]: DEBUG glance.common.config [None req-87cf1d84-746a-41ae-9759-ea22697cd2be None None] Configuration options gathered from: {{(pid=116274) log_opt_values /opt/stack/data/venv/lib/python3.12/site-packages/oslo_config/cfg.py:2980}}
Apr 28 20:13:18.831344 np0000171176 devstack@g-api.service[116274]: DEBUG glance.common.config [None req-87cf1d84-746a-41ae-9759-ea22697cd2be None None] command line args: [] {{(pid=116274) log_opt_values /opt/stack/data/venv/lib/python3.12/site-packages/oslo_config/cfg.py:2981}}
Apr 28 20:13:18.831445 np0000171176 devstack@g-api.service[116276]: DEBUG glance.image_cache.drivers.centralized_db [None req-c35d4d88-2d02-425e-b61a-c4ab611db988 None None] Node reference is already recorded, ignoring it {{(pid=116276) configure /opt/stack/glance/glance/image_cache/drivers/centralized_db.py:71}}
Apr 28 20:13:18.831514 np0000171176 devstack@g-api.service[116274]: DEBUG glance.common.config [None req-87cf1d84-746a-41ae-9759-ea22697cd2be None None] config files: ['/etc/glance/glance-image-import.conf', '/etc/glance/glance-api.conf'] {{(pid=116274) log_opt_values /opt/stack/data/venv/lib/python3.12/site-packages/oslo_config/cfg.py:2982}}
Apr 28 20:13:18.831514 np0000171176 devstack@g-api.service[116274]: DEBUG glance.common.config [None req-87cf1d84-746a-41ae-9759-ea22697cd2be None None] ================================================================================ {{(pid=116274) log_opt_values /opt/stack/data/venv/lib/python3.12/site-packages/oslo_config/cfg.py:2987}}
Apr 28 20:13:18.831660 np0000171176 devstack@g-api.service[116274]: DEBUG glance.common.config [None req-87cf1d84-746a-41ae-9759-ea22697cd2be None None] allow_anonymous_access = False {{(pid=116274) log_opt_values /opt/stack/data/venv/lib/python3.12/site-packages/oslo_config/cfg.py:2995}}
Apr 28 20:13:18.832673 np0000171176 devstack@g-api.service[116274]: DEBUG glance.common.config [None req-87cf1d84-746a-41ae-9759-ea22697cd2be None None] api_limit_max = 1000 {{(pid=116274) log_opt_values /opt/stack/data/venv/lib/python3.12/site-packages/oslo_config/cfg.py:2995}}
Apr 28 20:13:18.832673 np0000171176 devstack@g-api.service[116274]: DEBUG glance.common.config [None req-87cf1d84-746a-41ae-9759-ea22697cd2be None None] backlog = 4096 {{(pid=116274) log_opt_values /opt/stack/data/venv/lib/python3.12/site-packages/oslo_config/cfg.py:2995}}
Apr 28 20:13:18.832673 np0000171176 devstack@g-api.service[116274]: DEBUG glance.common.config [None req-87cf1d84-746a-41ae-9759-ea22697cd2be None None] bind_host = 0.0.0.0 {{(pid=116274) log_opt_values /opt/stack/data/venv/lib/python3.12/site-packages/oslo_config/cfg.py:2995}}
Apr 28 20:13:18.832673 np0000171176 devstack@g-api.service[116274]: DEBUG glance.common.config [None req-87cf1d84-746a-41ae-9759-ea22697cd2be None None] bind_port = 19292 {{(pid=116274) log_opt_values /opt/stack/data/venv/lib/python3.12/site-packages/oslo_config/cfg.py:2995}}
Apr 28 20:13:18.832673 np0000171176 devstack@g-api.service[116274]: DEBUG glance.common.config [None req-87cf1d84-746a-41ae-9759-ea22697cd2be None None] client_socket_timeout = 900 {{(pid=116274) log_opt_values /opt/stack/data/venv/lib/python3.12/site-packages/oslo_config/cfg.py:2995}}
Apr 28 20:13:18.832673 np0000171176 devstack@g-api.service[116274]: DEBUG glance.common.config [None req-87cf1d84-746a-41ae-9759-ea22697cd2be None None] config_dir = [] {{(pid=116274) log_opt_values /opt/stack/data/venv/lib/python3.12/site-packages/oslo_config/cfg.py:2995}}
Apr 28 20:13:18.832673 np0000171176 devstack@g-api.service[116274]: DEBUG glance.common.config [None req-87cf1d84-746a-41ae-9759-ea22697cd2be None None] config_file = ['/etc/glance/glance-image-import.conf', '/etc/glance/glance-api.conf'] {{(pid=116274) log_opt_values /opt/stack/data/venv/lib/python3.12/site-packages/oslo_config/cfg.py:2995}}
Apr 28 20:13:18.833195 np0000171176 devstack@g-api.service[116274]: DEBUG glance.common.config [None req-87cf1d84-746a-41ae-9759-ea22697cd2be None None] config_source = [] {{(pid=116274) log_opt_values /opt/stack/data/venv/lib/python3.12/site-packages/oslo_config/cfg.py:2995}}
Apr 28 20:13:18.833195 np0000171176 devstack@g-api.service[116274]: DEBUG glance.common.config [None req-87cf1d84-746a-41ae-9759-ea22697cd2be None None] control_exchange = glance {{(pid=116274) log_opt_values /opt/stack/data/venv/lib/python3.12/site-packages/oslo_config/cfg.py:2995}}
Apr 28 20:13:18.833195 np0000171176 devstack@g-api.service[116274]: DEBUG glance.common.config [None req-87cf1d84-746a-41ae-9759-ea22697cd2be None None] debug = True {{(pid=116274) log_opt_values /opt/stack/data/venv/lib/python3.12/site-packages/oslo_config/cfg.py:2995}}
Apr 28 20:13:18.833369 np0000171176 devstack@g-api.service[116275]: INFO glance.image_cache [None req-485b335f-e0d4-4868-ac19-f72cbde9b32b None None] Image cache loaded driver 'centralized_db'.
Apr 28 20:13:18.833444 np0000171176 devstack@g-api.service[116274]: DEBUG glance.common.config [None req-87cf1d84-746a-41ae-9759-ea22697cd2be None None] default_log_levels = ['amqp=WARN', 'boto=WARN', 'sqlalchemy=WARN', 'suds=INFO', 'oslo.messaging=INFO', 'oslo_messaging=INFO', 'iso8601=WARN', 'requests.packages.urllib3.connectionpool=WARN', 'urllib3.connectionpool=WARN', 'websocket=WARN', 'requests.packages.urllib3.util.retry=WARN', 'urllib3.util.retry=WARN', 'keystonemiddleware=WARN', 'routes.middleware=WARN', 'stevedore=WARN', 'taskflow=WARN', 'keystoneauth=WARN', 'oslo.cache=INFO', 'oslo_policy=INFO', 'dogpile.core.dogpile=INFO'] {{(pid=116274) log_opt_values /opt/stack/data/venv/lib/python3.12/site-packages/oslo_config/cfg.py:2995}}
Apr 28 20:13:18.833444 np0000171176 devstack@g-api.service[116274]: DEBUG glance.common.config [None req-87cf1d84-746a-41ae-9759-ea22697cd2be None None] default_publisher_id = image.localhost {{(pid=116274) log_opt_values /opt/stack/data/venv/lib/python3.12/site-packages/oslo_config/cfg.py:2995}}
Apr 28 20:13:18.833444 np0000171176 devstack@g-api.service[116274]: DEBUG glance.common.config [None req-87cf1d84-746a-41ae-9759-ea22697cd2be None None] delayed_delete = False {{(pid=116274) log_opt_values /opt/stack/data/venv/lib/python3.12/site-packages/oslo_config/cfg.py:2995}}
Apr 28 20:13:18.833444 np0000171176 devstack@g-api.service[116274]: DEBUG glance.common.config [None req-87cf1d84-746a-41ae-9759-ea22697cd2be None None] digest_algorithm = sha256 {{(pid=116274) log_opt_values /opt/stack/data/venv/lib/python3.12/site-packages/oslo_config/cfg.py:2995}}
Apr 28 20:13:18.833444 np0000171176 devstack@g-api.service[116274]: DEBUG glance.common.config [None req-87cf1d84-746a-41ae-9759-ea22697cd2be None None] disabled_notifications = [] {{(pid=116274) log_opt_values /opt/stack/data/venv/lib/python3.12/site-packages/oslo_config/cfg.py:2995}}
Apr 28 20:13:18.833950 np0000171176 devstack@g-api.service[116274]: DEBUG glance.common.config [None req-87cf1d84-746a-41ae-9759-ea22697cd2be None None] do_secure_hash = True {{(pid=116274) log_opt_values /opt/stack/data/venv/lib/python3.12/site-packages/oslo_config/cfg.py:2995}}
Apr 28 20:13:18.833950 np0000171176 devstack@g-api.service[116274]: DEBUG glance.common.config [None req-87cf1d84-746a-41ae-9759-ea22697cd2be None None] enabled_backends = None {{(pid=116274) log_opt_values /opt/stack/data/venv/lib/python3.12/site-packages/oslo_config/cfg.py:2995}}
Apr 28 20:13:18.833950 np0000171176 devstack@g-api.service[116274]: DEBUG glance.common.config [None req-87cf1d84-746a-41ae-9759-ea22697cd2be None None] enabled_import_methods = ['glance-direct', 'web-download', 'copy-image'] {{(pid=116274) log_opt_values /opt/stack/data/venv/lib/python3.12/site-packages/oslo_config/cfg.py:2995}}
Apr 28 20:13:18.833950 np0000171176 devstack@g-api.service[116274]: DEBUG glance.common.config [None req-87cf1d84-746a-41ae-9759-ea22697cd2be None None] hashing_algorithm = sha512 {{(pid=116274) log_opt_values /opt/stack/data/venv/lib/python3.12/site-packages/oslo_config/cfg.py:2995}}
Apr 28 20:13:18.833950 np0000171176 devstack@g-api.service[116274]: DEBUG glance.common.config [None req-87cf1d84-746a-41ae-9759-ea22697cd2be None None] http_keepalive = True {{(pid=116274) log_opt_values /opt/stack/data/venv/lib/python3.12/site-packages/oslo_config/cfg.py:2995}}
Apr 28 20:13:18.833950 np0000171176 devstack@g-api.service[116274]: DEBUG glance.common.config [None req-87cf1d84-746a-41ae-9759-ea22697cd2be None None] http_retries = 3 {{(pid=116274) log_opt_values /opt/stack/data/venv/lib/python3.12/site-packages/oslo_config/cfg.py:2995}}
Apr 28 20:13:18.834365 np0000171176 devstack@g-api.service[116274]: DEBUG glance.common.config [None req-87cf1d84-746a-41ae-9759-ea22697cd2be None None] image_cache_dir = /opt/stack/data/glance/cache/ {{(pid=116274) log_opt_values /opt/stack/data/venv/lib/python3.12/site-packages/oslo_config/cfg.py:2995}}
Apr 28 20:13:18.834365 np0000171176 devstack@g-api.service[116274]: DEBUG glance.common.config [None req-87cf1d84-746a-41ae-9759-ea22697cd2be None None] image_cache_driver = centralized_db {{(pid=116274) log_opt_values /opt/stack/data/venv/lib/python3.12/site-packages/oslo_config/cfg.py:2995}}
Apr 28 20:13:18.834365 np0000171176 devstack@g-api.service[116274]: DEBUG glance.common.config [None req-87cf1d84-746a-41ae-9759-ea22697cd2be None None] image_cache_max_size = 10737418240 {{(pid=116274) log_opt_values /opt/stack/data/venv/lib/python3.12/site-packages/oslo_config/cfg.py:2995}}
Apr 28 20:13:18.834365 np0000171176 devstack@g-api.service[116274]: DEBUG glance.common.config [None req-87cf1d84-746a-41ae-9759-ea22697cd2be None None] image_cache_sqlite_db = cache.db {{(pid=116274) log_opt_values /opt/stack/data/venv/lib/python3.12/site-packages/oslo_config/cfg.py:2995}}
Apr 28 20:13:18.834650 np0000171176 devstack@g-api.service[116274]: DEBUG glance.common.config [None req-87cf1d84-746a-41ae-9759-ea22697cd2be None None] image_cache_stall_time = 86400 {{(pid=116274) log_opt_values /opt/stack/data/venv/lib/python3.12/site-packages/oslo_config/cfg.py:2995}}
Apr 28 20:13:18.834650 np0000171176 devstack@g-api.service[116274]: DEBUG glance.common.config [None req-87cf1d84-746a-41ae-9759-ea22697cd2be None None] image_location_quota = 10 {{(pid=116274) log_opt_values /opt/stack/data/venv/lib/python3.12/site-packages/oslo_config/cfg.py:2995}}
Apr 28 20:13:18.834650 np0000171176 devstack@g-api.service[116274]: DEBUG glance.common.config [None req-87cf1d84-746a-41ae-9759-ea22697cd2be None None] image_member_quota = 128 {{(pid=116274) log_opt_values /opt/stack/data/venv/lib/python3.12/site-packages/oslo_config/cfg.py:2995}}
Apr 28 20:13:18.835279 np0000171176 devstack@g-api.service[116274]: DEBUG glance.common.config [None req-87cf1d84-746a-41ae-9759-ea22697cd2be None None] image_property_quota = 128 {{(pid=116274) log_opt_values /opt/stack/data/venv/lib/python3.12/site-packages/oslo_config/cfg.py:2995}}
Apr 28 20:13:18.835279 np0000171176 devstack@g-api.service[116274]: DEBUG glance.common.config [None req-87cf1d84-746a-41ae-9759-ea22697cd2be None None] image_size_cap = 1099511627776 {{(pid=116274) log_opt_values /opt/stack/data/venv/lib/python3.12/site-packages/oslo_config/cfg.py:2995}}
Apr 28 20:13:18.835279 np0000171176 devstack@g-api.service[116274]: DEBUG glance.common.config [None req-87cf1d84-746a-41ae-9759-ea22697cd2be None None] image_tag_quota = 128 {{(pid=116274) log_opt_values /opt/stack/data/venv/lib/python3.12/site-packages/oslo_config/cfg.py:2995}}
Apr 28 20:13:18.835279 np0000171176 devstack@g-api.service[116274]: DEBUG glance.common.config [None req-87cf1d84-746a-41ae-9759-ea22697cd2be None None] instance_format = [instance: %(uuid)s] {{(pid=116274) log_opt_values /opt/stack/data/venv/lib/python3.12/site-packages/oslo_config/cfg.py:2995}}
Apr 28 20:13:18.835279 np0000171176 devstack@g-api.service[116274]: DEBUG glance.common.config [None req-87cf1d84-746a-41ae-9759-ea22697cd2be None None] instance_uuid_format = [instance: %(uuid)s] {{(pid=116274) log_opt_values /opt/stack/data/venv/lib/python3.12/site-packages/oslo_config/cfg.py:2995}}
Apr 28 20:13:18.835279 np0000171176 devstack@g-api.service[116274]: DEBUG glance.common.config [None req-87cf1d84-746a-41ae-9759-ea22697cd2be None None] limit_param_default = 25 {{(pid=116274) log_opt_values /opt/stack/data/venv/lib/python3.12/site-packages/oslo_config/cfg.py:2995}}
Apr 28 20:13:18.835279 np0000171176 devstack@g-api.service[116274]: DEBUG glance.common.config [None req-87cf1d84-746a-41ae-9759-ea22697cd2be None None] log_color = False {{(pid=116274) log_opt_values /opt/stack/data/venv/lib/python3.12/site-packages/oslo_config/cfg.py:2995}}
Apr 28 20:13:18.835865 np0000171176 devstack@g-api.service[116274]: DEBUG glance.common.config [None req-87cf1d84-746a-41ae-9759-ea22697cd2be None None] log_config_append = None {{(pid=116274) log_opt_values /opt/stack/data/venv/lib/python3.12/site-packages/oslo_config/cfg.py:2995}}
Apr 28 20:13:18.835865 np0000171176 devstack@g-api.service[116274]: DEBUG glance.common.config [None req-87cf1d84-746a-41ae-9759-ea22697cd2be None None] log_date_format = %Y-%m-%d %H:%M:%S {{(pid=116274) log_opt_values /opt/stack/data/venv/lib/python3.12/site-packages/oslo_config/cfg.py:2995}}
Apr 28 20:13:18.835865 np0000171176 devstack@g-api.service[116274]: DEBUG glance.common.config [None req-87cf1d84-746a-41ae-9759-ea22697cd2be None None] log_dir = None {{(pid=116274) log_opt_values /opt/stack/data/venv/lib/python3.12/site-packages/oslo_config/cfg.py:2995}}
Apr 28 20:13:18.835865 np0000171176 devstack@g-api.service[116274]: DEBUG glance.common.config [None req-87cf1d84-746a-41ae-9759-ea22697cd2be None None] log_file = None {{(pid=116274) log_opt_values /opt/stack/data/venv/lib/python3.12/site-packages/oslo_config/cfg.py:2995}}
Apr 28 20:13:18.835865 np0000171176 devstack@g-api.service[116274]: DEBUG glance.common.config [None req-87cf1d84-746a-41ae-9759-ea22697cd2be None None] log_rotate_interval = 1 {{(pid=116274) log_opt_values /opt/stack/data/venv/lib/python3.12/site-packages/oslo_config/cfg.py:2995}}
Apr 28 20:13:18.836251 np0000171176 devstack@g-api.service[116274]: DEBUG glance.common.config [None req-87cf1d84-746a-41ae-9759-ea22697cd2be None None] log_rotate_interval_type = days {{(pid=116274) log_opt_values /opt/stack/data/venv/lib/python3.12/site-packages/oslo_config/cfg.py:2995}}
Apr 28 20:13:18.836251 np0000171176 devstack@g-api.service[116274]: DEBUG glance.common.config [None req-87cf1d84-746a-41ae-9759-ea22697cd2be None None] log_rotation_type = none {{(pid=116274) log_opt_values /opt/stack/data/venv/lib/python3.12/site-packages/oslo_config/cfg.py:2995}}
Apr 28 20:13:18.836251 np0000171176 devstack@g-api.service[116274]: DEBUG glance.common.config [None req-87cf1d84-746a-41ae-9759-ea22697cd2be None None] logging_context_format_string = %(color)s%(levelname)s %(name)s [%(global_request_id)s %(request_id)s %(project_name)s %(user_name)s%(color)s] %(instance)s%(color)s%(message)s {{(pid=116274) log_opt_values /opt/stack/data/venv/lib/python3.12/site-packages/oslo_config/cfg.py:2995}}
Apr 28 20:13:18.836251 np0000171176 devstack@g-api.service[116274]: DEBUG glance.common.config [None req-87cf1d84-746a-41ae-9759-ea22697cd2be None None] logging_debug_format_suffix = {{(pid=%(process)d) %(funcName)s %(pathname)s:%(lineno)d}} {{(pid=116274) log_opt_values /opt/stack/data/venv/lib/python3.12/site-packages/oslo_config/cfg.py:2995}}
Apr 28 20:13:18.836251 np0000171176 devstack@g-api.service[116274]: DEBUG glance.common.config [None req-87cf1d84-746a-41ae-9759-ea22697cd2be None None] logging_default_format_string = %(color)s%(levelname)s %(name)s [-%(color)s] %(instance)s%(color)s%(message)s {{(pid=116274) log_opt_values /opt/stack/data/venv/lib/python3.12/site-packages/oslo_config/cfg.py:2995}}
Apr 28 20:13:18.836610 np0000171176 devstack@g-api.service[116274]: DEBUG glance.common.config [None req-87cf1d84-746a-41ae-9759-ea22697cd2be None None] logging_exception_prefix = ERROR %(name)s %(instance)s {{(pid=116274) log_opt_values /opt/stack/data/venv/lib/python3.12/site-packages/oslo_config/cfg.py:2995}}
Apr 28 20:13:18.836610 np0000171176 devstack@g-api.service[116274]: DEBUG glance.common.config [None req-87cf1d84-746a-41ae-9759-ea22697cd2be None None] logging_user_identity_format = %(user)s %(project)s %(domain)s %(system_scope)s %(user_domain)s %(project_domain)s {{(pid=116274) log_opt_values /opt/stack/data/venv/lib/python3.12/site-packages/oslo_config/cfg.py:2995}}
Apr 28 20:13:18.836610 np0000171176 devstack@g-api.service[116274]: DEBUG glance.common.config [None req-87cf1d84-746a-41ae-9759-ea22697cd2be None None] max_header_line = 16384 {{(pid=116274) log_opt_values /opt/stack/data/venv/lib/python3.12/site-packages/oslo_config/cfg.py:2995}}
Apr 28 20:13:18.836610 np0000171176 devstack@g-api.service[116274]: DEBUG glance.common.config [None req-87cf1d84-746a-41ae-9759-ea22697cd2be None None] max_logfile_count = 30 {{(pid=116274) log_opt_values /opt/stack/data/venv/lib/python3.12/site-packages/oslo_config/cfg.py:2995}}
Apr 28 20:13:18.836917 np0000171176 devstack@g-api.service[116274]: DEBUG glance.common.config [None req-87cf1d84-746a-41ae-9759-ea22697cd2be None None] max_logfile_size_mb = 200 {{(pid=116274) log_opt_values /opt/stack/data/venv/lib/python3.12/site-packages/oslo_config/cfg.py:2995}}
Apr 28 20:13:18.836917 np0000171176 devstack@g-api.service[116274]: DEBUG glance.common.config [None req-87cf1d84-746a-41ae-9759-ea22697cd2be None None] max_request_id_length = 64 {{(pid=116274) log_opt_values /opt/stack/data/venv/lib/python3.12/site-packages/oslo_config/cfg.py:2995}}
Apr 28 20:13:18.836917 np0000171176 devstack@g-api.service[116274]: DEBUG glance.common.config [None req-87cf1d84-746a-41ae-9759-ea22697cd2be None None] metadata_encryption_key = **** {{(pid=116274) log_opt_values /opt/stack/data/venv/lib/python3.12/site-packages/oslo_config/cfg.py:2995}}
Apr 28 20:13:18.837216 np0000171176 devstack@g-api.service[116274]: DEBUG glance.common.config [None req-87cf1d84-746a-41ae-9759-ea22697cd2be None None] node_staging_uri = file:///tmp/staging/ {{(pid=116274) log_opt_values /opt/stack/data/venv/lib/python3.12/site-packages/oslo_config/cfg.py:2995}}
Apr 28 20:13:18.837216 np0000171176 devstack@g-api.service[116274]: DEBUG glance.common.config [None req-87cf1d84-746a-41ae-9759-ea22697cd2be None None] property_protection_file = None {{(pid=116274) log_opt_values /opt/stack/data/venv/lib/python3.12/site-packages/oslo_config/cfg.py:2995}}
Apr 28 20:13:18.837355 np0000171176 devstack@g-api.service[116274]: DEBUG glance.common.config [None req-87cf1d84-746a-41ae-9759-ea22697cd2be None None] property_protection_rule_format = roles {{(pid=116274) log_opt_values /opt/stack/data/venv/lib/python3.12/site-packages/oslo_config/cfg.py:2995}}
Apr 28 20:13:18.837355 np0000171176 devstack@g-api.service[116274]: DEBUG glance.common.config [None req-87cf1d84-746a-41ae-9759-ea22697cd2be None None] public_endpoint = https://199.19.213.111/image {{(pid=116274) log_opt_values /opt/stack/data/venv/lib/python3.12/site-packages/oslo_config/cfg.py:2995}}
Apr 28 20:13:18.837548 np0000171176 devstack@g-api.service[116274]: DEBUG glance.common.config [None req-87cf1d84-746a-41ae-9759-ea22697cd2be None None] publish_errors = False {{(pid=116274) log_opt_values /opt/stack/data/venv/lib/python3.12/site-packages/oslo_config/cfg.py:2995}}
Apr 28 20:13:18.837548 np0000171176 devstack@g-api.service[116274]: DEBUG glance.common.config [None req-87cf1d84-746a-41ae-9759-ea22697cd2be None None] pydev_worker_debug_host = None {{(pid=116274) log_opt_values /opt/stack/data/venv/lib/python3.12/site-packages/oslo_config/cfg.py:2995}}
Apr 28 20:13:18.838103 np0000171176 devstack@g-api.service[116274]: DEBUG glance.common.config [None req-87cf1d84-746a-41ae-9759-ea22697cd2be None None] pydev_worker_debug_port = 5678 {{(pid=116274) log_opt_values /opt/stack/data/venv/lib/python3.12/site-packages/oslo_config/cfg.py:2995}}
Apr 28 20:13:18.838103 np0000171176 devstack@g-api.service[116274]: DEBUG glance.common.config [None req-87cf1d84-746a-41ae-9759-ea22697cd2be None None] rate_limit_burst = 0 {{(pid=116274) log_opt_values /opt/stack/data/venv/lib/python3.12/site-packages/oslo_config/cfg.py:2995}}
Apr 28 20:13:18.839103 np0000171176 devstack@g-api.service[116277]: DEBUG glance.image_cache.drivers.centralized_db [None req-87ea62f5-ab18-421e-b329-5986df3ebf79 None None] Node reference is already recorded, ignoring it {{(pid=116277) configure /opt/stack/glance/glance/image_cache/drivers/centralized_db.py:71}}
Apr 28 20:13:18.839187 np0000171176 devstack@g-api.service[116274]: DEBUG glance.common.config [None req-87cf1d84-746a-41ae-9759-ea22697cd2be None None] rate_limit_except_level = CRITICAL {{(pid=116274) log_opt_values /opt/stack/data/venv/lib/python3.12/site-packages/oslo_config/cfg.py:2995}}
Apr 28 20:13:18.839187 np0000171176 devstack@g-api.service[116274]: DEBUG glance.common.config [None req-87cf1d84-746a-41ae-9759-ea22697cd2be None None] rate_limit_interval = 0 {{(pid=116274) log_opt_values /opt/stack/data/venv/lib/python3.12/site-packages/oslo_config/cfg.py:2995}}
Apr 28 20:13:18.839187 np0000171176 devstack@g-api.service[116274]: DEBUG glance.common.config [None req-87cf1d84-746a-41ae-9759-ea22697cd2be None None] scrub_pool_size = 1 {{(pid=116274) log_opt_values /opt/stack/data/venv/lib/python3.12/site-packages/oslo_config/cfg.py:2995}}
Apr 28 20:13:18.839187 np0000171176 devstack@g-api.service[116274]: DEBUG glance.common.config [None req-87cf1d84-746a-41ae-9759-ea22697cd2be None None] scrub_time = 0 {{(pid=116274) log_opt_values /opt/stack/data/venv/lib/python3.12/site-packages/oslo_config/cfg.py:2995}}
Apr 28 20:13:18.839187 np0000171176 devstack@g-api.service[116274]: DEBUG glance.common.config [None req-87cf1d84-746a-41ae-9759-ea22697cd2be None None] shell_completion = None {{(pid=116274) log_opt_values /opt/stack/data/venv/lib/python3.12/site-packages/oslo_config/cfg.py:2995}}
Apr 28 20:13:18.839187 np0000171176 devstack@g-api.service[116274]: DEBUG glance.common.config [None req-87cf1d84-746a-41ae-9759-ea22697cd2be None None] show_image_direct_url = False {{(pid=116274) log_opt_values /opt/stack/data/venv/lib/python3.12/site-packages/oslo_config/cfg.py:2995}}
Apr 28 20:13:18.839789 np0000171176 devstack@g-api.service[116274]: WARNING oslo_config.cfg [None req-87cf1d84-746a-41ae-9759-ea22697cd2be None None] Deprecated: Option "show_multiple_locations" from group "DEFAULT" is deprecated for removal (Use of this option, deprecated since Newton, is a security risk and will be removed once we figure out a way to satisfy those use cases that currently require it. An earlier announcement that the same functionality can be achieved with greater granularity by using policies is incorrect. You cannot work around this option via policy configuration at the present time, though that is the direction we believe the fix will take. Please keep an eye on the Glance release notes to stay up to date on progress in addressing this issue.). Its value may be silently ignored in the future.
Apr 28 20:13:18.839789 np0000171176 devstack@g-api.service[116274]: DEBUG glance.common.config [None req-87cf1d84-746a-41ae-9759-ea22697cd2be None None] show_multiple_locations = False {{(pid=116274) log_opt_values /opt/stack/data/venv/lib/python3.12/site-packages/oslo_config/cfg.py:2995}}
Apr 28 20:13:18.839789 np0000171176 devstack@g-api.service[116274]: DEBUG glance.common.config [None req-87cf1d84-746a-41ae-9759-ea22697cd2be None None] syslog_log_facility = LOG_USER {{(pid=116274) log_opt_values /opt/stack/data/venv/lib/python3.12/site-packages/oslo_config/cfg.py:2995}}
Apr 28 20:13:18.839789 np0000171176 devstack@g-api.service[116274]: DEBUG glance.common.config [None req-87cf1d84-746a-41ae-9759-ea22697cd2be None None] tcp_keepidle = 600 {{(pid=116274) log_opt_values /opt/stack/data/venv/lib/python3.12/site-packages/oslo_config/cfg.py:2995}}
Apr 28 20:13:18.839789 np0000171176 devstack@g-api.service[116274]: DEBUG glance.common.config [None req-87cf1d84-746a-41ae-9759-ea22697cd2be None None] transport_url = **** {{(pid=116274) log_opt_values /opt/stack/data/venv/lib/python3.12/site-packages/oslo_config/cfg.py:2995}}
Apr 28 20:13:18.840196 np0000171176 devstack@g-api.service[116276]: INFO glance.api.middleware.cache_manage [None req-c35d4d88-2d02-425e-b61a-c4ab611db988 None None] Initialized image cache management middleware
Apr 28 20:13:18.840299 np0000171176 devstack@g-api.service[116274]: DEBUG glance.common.config [None req-87cf1d84-746a-41ae-9759-ea22697cd2be None None] use_journal = False {{(pid=116274) log_opt_values /opt/stack/data/venv/lib/python3.12/site-packages/oslo_config/cfg.py:2995}}
Apr 28 20:13:18.840299 np0000171176 devstack@g-api.service[116274]: DEBUG glance.common.config [None req-87cf1d84-746a-41ae-9759-ea22697cd2be None None] use_json = False {{(pid=116274) log_opt_values /opt/stack/data/venv/lib/python3.12/site-packages/oslo_config/cfg.py:2995}}
Apr 28 20:13:18.840462 np0000171176 devstack@g-api.service[116276]: INFO glance.image_cache [None req-c35d4d88-2d02-425e-b61a-c4ab611db988 None None] Image cache loaded driver 'centralized_db'.
Apr 28 20:13:18.840596 np0000171176 devstack@g-api.service[116274]: DEBUG glance.common.config [None req-87cf1d84-746a-41ae-9759-ea22697cd2be None None] use_keystone_limits = True {{(pid=116274) log_opt_values /opt/stack/data/venv/lib/python3.12/site-packages/oslo_config/cfg.py:2995}}
Apr 28 20:13:18.840596 np0000171176 devstack@g-api.service[116274]: DEBUG glance.common.config [None req-87cf1d84-746a-41ae-9759-ea22697cd2be None None] use_stderr = False {{(pid=116274) log_opt_values /opt/stack/data/venv/lib/python3.12/site-packages/oslo_config/cfg.py:2995}}
Apr 28 20:13:18.840596 np0000171176 devstack@g-api.service[116274]: DEBUG glance.common.config [None req-87cf1d84-746a-41ae-9759-ea22697cd2be None None] use_syslog = False {{(pid=116274) log_opt_values /opt/stack/data/venv/lib/python3.12/site-packages/oslo_config/cfg.py:2995}}
Apr 28 20:13:18.840596 np0000171176 devstack@g-api.service[116274]: DEBUG glance.common.config [None req-87cf1d84-746a-41ae-9759-ea22697cd2be None None] user_storage_quota = 0 {{(pid=116274) log_opt_values /opt/stack/data/venv/lib/python3.12/site-packages/oslo_config/cfg.py:2995}}
Apr 28 20:13:18.840596 np0000171176 devstack@g-api.service[116274]: DEBUG glance.common.config [None req-87cf1d84-746a-41ae-9759-ea22697cd2be None None] worker_self_reference_url = http://127.0.0.1:60999 {{(pid=116274) log_opt_values /opt/stack/data/venv/lib/python3.12/site-packages/oslo_config/cfg.py:2995}}
Apr 28 20:13:18.840596 np0000171176 devstack@g-api.service[116274]: DEBUG glance.common.config [None req-87cf1d84-746a-41ae-9759-ea22697cd2be None None] workers = None {{(pid=116274) log_opt_values /opt/stack/data/venv/lib/python3.12/site-packages/oslo_config/cfg.py:2995}}
Apr 28 20:13:18.840596 np0000171176 devstack@g-api.service[116274]: DEBUG glance.common.config [None req-87cf1d84-746a-41ae-9759-ea22697cd2be None None] oslo_concurrency.disable_process_locking = False {{(pid=116274) log_opt_values /opt/stack/data/venv/lib/python3.12/site-packages/oslo_config/cfg.py:3006}}
Apr 28 20:13:18.841060 np0000171176 devstack@g-api.service[116274]: DEBUG glance.common.config [None req-87cf1d84-746a-41ae-9759-ea22697cd2be None None] oslo_concurrency.lock_path = /opt/stack/data/glance/locks {{(pid=116274) log_opt_values /opt/stack/data/venv/lib/python3.12/site-packages/oslo_config/cfg.py:3006}}
Apr 28 20:13:18.841060 np0000171176 devstack@g-api.service[116274]: DEBUG glance.common.config [None req-87cf1d84-746a-41ae-9759-ea22697cd2be None None] oslo_middleware.enable_proxy_headers_parsing = False {{(pid=116274) log_opt_values /opt/stack/data/venv/lib/python3.12/site-packages/oslo_config/cfg.py:3006}}
Apr 28 20:13:18.841060 np0000171176 devstack@g-api.service[116274]: DEBUG glance.common.config [None req-87cf1d84-746a-41ae-9759-ea22697cd2be None None] oslo_middleware.http_basic_auth_user_file = /etc/htpasswd {{(pid=116274) log_opt_values /opt/stack/data/venv/lib/python3.12/site-packages/oslo_config/cfg.py:3006}}
Apr 28 20:13:18.841060 np0000171176 devstack@g-api.service[116274]: DEBUG glance.common.config [None req-87cf1d84-746a-41ae-9759-ea22697cd2be None None] paste_deploy.config_file = None {{(pid=116274) log_opt_values /opt/stack/data/venv/lib/python3.12/site-packages/oslo_config/cfg.py:3006}}
Apr 28 20:13:18.841060 np0000171176 devstack@g-api.service[116274]: DEBUG glance.common.config [None req-87cf1d84-746a-41ae-9759-ea22697cd2be None None] paste_deploy.flavor = keystone+cachemanagement {{(pid=116274) log_opt_values /opt/stack/data/venv/lib/python3.12/site-packages/oslo_config/cfg.py:3006}}
Apr 28 20:13:18.841060 np0000171176 devstack@g-api.service[116274]: DEBUG glance.common.config [None req-87cf1d84-746a-41ae-9759-ea22697cd2be None None] image_format.container_formats = ['ami', 'ari', 'aki', 'bare', 'ovf', 'ova', 'docker', 'compressed'] {{(pid=116274) log_opt_values /opt/stack/data/venv/lib/python3.12/site-packages/oslo_config/cfg.py:3006}}
Apr 28 20:13:18.841454 np0000171176 devstack@g-api.service[116274]: DEBUG glance.common.config [None req-87cf1d84-746a-41ae-9759-ea22697cd2be None None] image_format.disk_formats = ['ami', 'ari', 'aki', 'vhd', 'vhdx', 'vmdk', 'raw', 'qcow2', 'vdi', 'iso', 'ploop'] {{(pid=116274) log_opt_values /opt/stack/data/venv/lib/python3.12/site-packages/oslo_config/cfg.py:3006}}
Apr 28 20:13:18.841454 np0000171176 devstack@g-api.service[116274]: DEBUG glance.common.config [None req-87cf1d84-746a-41ae-9759-ea22697cd2be None None] image_format.gpt_safety_checks_nonfatal = ['mbr'] {{(pid=116274) log_opt_values /opt/stack/data/venv/lib/python3.12/site-packages/oslo_config/cfg.py:3006}}
Apr 28 20:13:18.841454 np0000171176 devstack@g-api.service[116274]: DEBUG glance.common.config [None req-87cf1d84-746a-41ae-9759-ea22697cd2be None None] image_format.require_image_format_match = True {{(pid=116274) log_opt_values /opt/stack/data/venv/lib/python3.12/site-packages/oslo_config/cfg.py:3006}}
Apr 28 20:13:18.841454 np0000171176 devstack@g-api.service[116274]: DEBUG glance.common.config [None req-87cf1d84-746a-41ae-9759-ea22697cd2be None None] image_format.vmdk_allowed_types = ['streamOptimized', 'monolithicSparse'] {{(pid=116274) log_opt_values /opt/stack/data/venv/lib/python3.12/site-packages/oslo_config/cfg.py:3006}}
Apr 28 20:13:18.841454 np0000171176 devstack@g-api.service[116274]: DEBUG glance.common.config [None req-87cf1d84-746a-41ae-9759-ea22697cd2be None None] task.task_executor = taskflow {{(pid=116274) log_opt_values /opt/stack/data/venv/lib/python3.12/site-packages/oslo_config/cfg.py:3006}}
Apr 28 20:13:18.841454 np0000171176 devstack@g-api.service[116274]: DEBUG glance.common.config [None req-87cf1d84-746a-41ae-9759-ea22697cd2be None None] task.task_time_to_live = 48 {{(pid=116274) log_opt_values /opt/stack/data/venv/lib/python3.12/site-packages/oslo_config/cfg.py:3006}}
Apr 28 20:13:18.841951 np0000171176 devstack@g-api.service[116275]: DEBUG glance.image_cache.drivers.centralized_db [None req-485b335f-e0d4-4868-ac19-f72cbde9b32b None None] Node reference is already recorded, ignoring it {{(pid=116275) configure /opt/stack/glance/glance/image_cache/drivers/centralized_db.py:71}}
Apr 28 20:13:18.842021 np0000171176 devstack@g-api.service[116274]: DEBUG glance.common.config [None req-87cf1d84-746a-41ae-9759-ea22697cd2be None None] task.work_dir = None {{(pid=116274) log_opt_values /opt/stack/data/venv/lib/python3.12/site-packages/oslo_config/cfg.py:3006}}
Apr 28 20:13:18.842021 np0000171176 devstack@g-api.service[116274]: DEBUG glance.common.config [None req-87cf1d84-746a-41ae-9759-ea22697cd2be None None] wsgi.python_interpreter = /opt/stack/data/venv/bin/python3 {{(pid=116274) log_opt_values /opt/stack/data/venv/lib/python3.12/site-packages/oslo_config/cfg.py:3006}}
Apr 28 20:13:18.842021 np0000171176 devstack@g-api.service[116274]: DEBUG glance.common.config [None req-87cf1d84-746a-41ae-9759-ea22697cd2be None None] wsgi.task_pool_threads = 16 {{(pid=116274) log_opt_values /opt/stack/data/venv/lib/python3.12/site-packages/oslo_config/cfg.py:3006}}
Apr 28 20:13:18.842222 np0000171176 devstack@g-api.service[116277]: INFO glance.api.middleware.cache [None req-87ea62f5-ab18-421e-b329-5986df3ebf79 None None] Initialized image cache middleware
Apr 28 20:13:18.842293 np0000171176 devstack@g-api.service[116274]: DEBUG glance.common.config [None req-87cf1d84-746a-41ae-9759-ea22697cd2be None None] profiler.connection_string = messaging:// {{(pid=116274) log_opt_values /opt/stack/data/venv/lib/python3.12/site-packages/oslo_config/cfg.py:3006}}
Apr 28 20:13:18.842293 np0000171176 devstack@g-api.service[116274]: DEBUG glance.common.config [None req-87cf1d84-746a-41ae-9759-ea22697cd2be None None] profiler.enabled = False {{(pid=116274) log_opt_values /opt/stack/data/venv/lib/python3.12/site-packages/oslo_config/cfg.py:3006}}
Apr 28 20:13:18.842293 np0000171176 devstack@g-api.service[116274]: DEBUG glance.common.config [None req-87cf1d84-746a-41ae-9759-ea22697cd2be None None] profiler.es_doc_type = notification {{(pid=116274) log_opt_values /opt/stack/data/venv/lib/python3.12/site-packages/oslo_config/cfg.py:3006}}
Apr 28 20:13:18.842293 np0000171176 devstack@g-api.service[116274]: DEBUG glance.common.config [None req-87cf1d84-746a-41ae-9759-ea22697cd2be None None] profiler.es_scroll_size = 10000 {{(pid=116274) log_opt_values /opt/stack/data/venv/lib/python3.12/site-packages/oslo_config/cfg.py:3006}}
Apr 28 20:13:18.842293 np0000171176 devstack@g-api.service[116274]: DEBUG glance.common.config [None req-87cf1d84-746a-41ae-9759-ea22697cd2be None None] profiler.es_scroll_time = 2m {{(pid=116274) log_opt_values /opt/stack/data/venv/lib/python3.12/site-packages/oslo_config/cfg.py:3006}}
Apr 28 20:13:18.842904 np0000171176 devstack@g-api.service[116274]: DEBUG glance.common.config [None req-87cf1d84-746a-41ae-9759-ea22697cd2be None None] profiler.filter_error_trace = False {{(pid=116274) log_opt_values /opt/stack/data/venv/lib/python3.12/site-packages/oslo_config/cfg.py:3006}}
Apr 28 20:13:18.842904 np0000171176 devstack@g-api.service[116274]: DEBUG glance.common.config [None req-87cf1d84-746a-41ae-9759-ea22697cd2be None None] profiler.hmac_keys = **** {{(pid=116274) log_opt_values /opt/stack/data/venv/lib/python3.12/site-packages/oslo_config/cfg.py:3006}}
Apr 28 20:13:18.842904 np0000171176 devstack@g-api.service[116274]: DEBUG glance.common.config [None req-87cf1d84-746a-41ae-9759-ea22697cd2be None None] profiler.sentinel_service_name = mymaster {{(pid=116274) log_opt_values /opt/stack/data/venv/lib/python3.12/site-packages/oslo_config/cfg.py:3006}}
Apr 28 20:13:18.842904 np0000171176 devstack@g-api.service[116274]: DEBUG glance.common.config [None req-87cf1d84-746a-41ae-9759-ea22697cd2be None None] profiler.socket_timeout = 0.1 {{(pid=116274) log_opt_values /opt/stack/data/venv/lib/python3.12/site-packages/oslo_config/cfg.py:3006}}
Apr 28 20:13:18.842904 np0000171176 devstack@g-api.service[116274]: DEBUG glance.common.config [None req-87cf1d84-746a-41ae-9759-ea22697cd2be None None] profiler.trace_requests = False {{(pid=116274) log_opt_values /opt/stack/data/venv/lib/python3.12/site-packages/oslo_config/cfg.py:3006}}
Apr 28 20:13:18.842904 np0000171176 devstack@g-api.service[116274]: DEBUG glance.common.config [None req-87cf1d84-746a-41ae-9759-ea22697cd2be None None] profiler.trace_sqlalchemy = False {{(pid=116274) log_opt_values /opt/stack/data/venv/lib/python3.12/site-packages/oslo_config/cfg.py:3006}}
Apr 28 20:13:18.843107 np0000171176 devstack@g-api.service[116274]: DEBUG glance.common.config [None req-87cf1d84-746a-41ae-9759-ea22697cd2be None None] profiler_jaeger.process_tags = {} {{(pid=116274) log_opt_values /opt/stack/data/venv/lib/python3.12/site-packages/oslo_config/cfg.py:3006}}
Apr 28 20:13:18.843107 np0000171176 devstack@g-api.service[116274]: DEBUG glance.common.config [None req-87cf1d84-746a-41ae-9759-ea22697cd2be None None] profiler_jaeger.service_name_prefix = None {{(pid=116274) log_opt_values /opt/stack/data/venv/lib/python3.12/site-packages/oslo_config/cfg.py:3006}}
Apr 28 20:13:18.843162 np0000171176 devstack@g-api.service[116274]: DEBUG glance.common.config [None req-87cf1d84-746a-41ae-9759-ea22697cd2be None None] profiler_otlp.service_name_prefix = None {{(pid=116274) log_opt_values /opt/stack/data/venv/lib/python3.12/site-packages/oslo_config/cfg.py:3006}}
Apr 28 20:13:18.843257 np0000171176 devstack@g-api.service[116274]: DEBUG glance.common.config [None req-87cf1d84-746a-41ae-9759-ea22697cd2be None None] import_filtering_opts.allowed_hosts = [] {{(pid=116274) log_opt_values /opt/stack/data/venv/lib/python3.12/site-packages/oslo_config/cfg.py:3006}}
Apr 28 20:13:18.843363 np0000171176 devstack@g-api.service[116274]: DEBUG glance.common.config [None req-87cf1d84-746a-41ae-9759-ea22697cd2be None None] import_filtering_opts.allowed_ports = [80, 443] {{(pid=116274) log_opt_values /opt/stack/data/venv/lib/python3.12/site-packages/oslo_config/cfg.py:3006}}
Apr 28 20:13:18.843478 np0000171176 devstack@g-api.service[116274]: DEBUG glance.common.config [None req-87cf1d84-746a-41ae-9759-ea22697cd2be None None] import_filtering_opts.allowed_schemes = ['http', 'https'] {{(pid=116274) log_opt_values /opt/stack/data/venv/lib/python3.12/site-packages/oslo_config/cfg.py:3006}}
Apr 28 20:13:18.843577 np0000171176 devstack@g-api.service[116274]: DEBUG glance.common.config [None req-87cf1d84-746a-41ae-9759-ea22697cd2be None None] import_filtering_opts.disallowed_hosts = [] {{(pid=116274) log_opt_values /opt/stack/data/venv/lib/python3.12/site-packages/oslo_config/cfg.py:3006}}
Apr 28 20:13:18.843678 np0000171176 devstack@g-api.service[116274]: DEBUG glance.common.config [None req-87cf1d84-746a-41ae-9759-ea22697cd2be None None] import_filtering_opts.disallowed_ports = [] {{(pid=116274) log_opt_values /opt/stack/data/venv/lib/python3.12/site-packages/oslo_config/cfg.py:3006}}
Apr 28 20:13:18.843797 np0000171176 devstack@g-api.service[116274]: DEBUG glance.common.config [None req-87cf1d84-746a-41ae-9759-ea22697cd2be None None] import_filtering_opts.disallowed_schemes = [] {{(pid=116274) log_opt_values /opt/stack/data/venv/lib/python3.12/site-packages/oslo_config/cfg.py:3006}}
Apr 28 20:13:18.843905 np0000171176 devstack@g-api.service[116274]: DEBUG glance.common.config [None req-87cf1d84-746a-41ae-9759-ea22697cd2be None None] oslo_messaging_metrics.metrics_buffer_size = 1000 {{(pid=116274) log_opt_values /opt/stack/data/venv/lib/python3.12/site-packages/oslo_config/cfg.py:3006}}
Apr 28 20:13:18.844006 np0000171176 devstack@g-api.service[116274]: DEBUG glance.common.config [None req-87cf1d84-746a-41ae-9759-ea22697cd2be None None] oslo_messaging_metrics.metrics_enabled = False {{(pid=116274) log_opt_values /opt/stack/data/venv/lib/python3.12/site-packages/oslo_config/cfg.py:3006}}
Apr 28 20:13:18.844109 np0000171176 devstack@g-api.service[116274]: DEBUG glance.common.config [None req-87cf1d84-746a-41ae-9759-ea22697cd2be None None] oslo_messaging_metrics.metrics_process_name = {{(pid=116274) log_opt_values /opt/stack/data/venv/lib/python3.12/site-packages/oslo_config/cfg.py:3006}}
Apr 28 20:13:18.844213 np0000171176 devstack@g-api.service[116274]: DEBUG glance.common.config [None req-87cf1d84-746a-41ae-9759-ea22697cd2be None None] oslo_messaging_metrics.metrics_socket_file = /var/tmp/metrics_collector.sock {{(pid=116274) log_opt_values /opt/stack/data/venv/lib/python3.12/site-packages/oslo_config/cfg.py:3006}}
Apr 28 20:13:18.844315 np0000171176 devstack@g-api.service[116274]: DEBUG glance.common.config [None req-87cf1d84-746a-41ae-9759-ea22697cd2be None None] oslo_messaging_metrics.metrics_thread_stop_timeout = 10 {{(pid=116274) log_opt_values /opt/stack/data/venv/lib/python3.12/site-packages/oslo_config/cfg.py:3006}}
Apr 28 20:13:18.844467 np0000171176 devstack@g-api.service[116274]: DEBUG glance.common.config [None req-87cf1d84-746a-41ae-9759-ea22697cd2be None None] os_brick.lightos_discovery_client_address = localhost {{(pid=116274) log_opt_values /opt/stack/data/venv/lib/python3.12/site-packages/oslo_config/cfg.py:3006}}
Apr 28 20:13:18.844575 np0000171176 devstack@g-api.service[116274]: DEBUG glance.common.config [None req-87cf1d84-746a-41ae-9759-ea22697cd2be None None] os_brick.lightos_discovery_client_dir_path = /etc/discovery-client/discovery.d/ {{(pid=116274) log_opt_values /opt/stack/data/venv/lib/python3.12/site-packages/oslo_config/cfg.py:3006}}
Apr 28 20:13:18.844675 np0000171176 devstack@g-api.service[116274]: DEBUG glance.common.config [None req-87cf1d84-746a-41ae-9759-ea22697cd2be None None] os_brick.lightos_discovery_client_port = 6060 {{(pid=116274) log_opt_values /opt/stack/data/venv/lib/python3.12/site-packages/oslo_config/cfg.py:3006}}
Apr 28 20:13:18.844813 np0000171176 devstack@g-api.service[116274]: DEBUG glance.common.config [None req-87cf1d84-746a-41ae-9759-ea22697cd2be None None] os_brick.lock_path = /opt/stack/data/os_brick {{(pid=116274) log_opt_values /opt/stack/data/venv/lib/python3.12/site-packages/oslo_config/cfg.py:3006}}
Apr 28 20:13:18.844897 np0000171176 devstack@g-api.service[116274]: DEBUG glance.common.config [None req-87cf1d84-746a-41ae-9759-ea22697cd2be None None] os_brick.wait_mpath_device_attempts = 4 {{(pid=116274) log_opt_values /opt/stack/data/venv/lib/python3.12/site-packages/oslo_config/cfg.py:3006}}
Apr 28 20:13:18.844998 np0000171176 devstack@g-api.service[116274]: DEBUG glance.common.config [None req-87cf1d84-746a-41ae-9759-ea22697cd2be None None] os_brick.wait_mpath_device_interval = 1 {{(pid=116274) log_opt_values /opt/stack/data/venv/lib/python3.12/site-packages/oslo_config/cfg.py:3006}}
Apr 28 20:13:18.845160 np0000171176 devstack@g-api.service[116274]: DEBUG glance.common.config [None req-87cf1d84-746a-41ae-9759-ea22697cd2be None None] privsep_osbrick.capabilities = [21, 2] {{(pid=116274) log_opt_values /opt/stack/data/venv/lib/python3.12/site-packages/oslo_config/cfg.py:3006}}
Apr 28 20:13:18.845268 np0000171176 devstack@g-api.service[116274]: DEBUG glance.common.config [None req-87cf1d84-746a-41ae-9759-ea22697cd2be None None] privsep_osbrick.group = None {{(pid=116274) log_opt_values /opt/stack/data/venv/lib/python3.12/site-packages/oslo_config/cfg.py:3006}}
Apr 28 20:13:18.845370 np0000171176 devstack@g-api.service[116274]: DEBUG glance.common.config [None req-87cf1d84-746a-41ae-9759-ea22697cd2be None None] privsep_osbrick.helper_command = None {{(pid=116274) log_opt_values /opt/stack/data/venv/lib/python3.12/site-packages/oslo_config/cfg.py:3006}}
Apr 28 20:13:18.845471 np0000171176 devstack@g-api.service[116274]: DEBUG glance.common.config [None req-87cf1d84-746a-41ae-9759-ea22697cd2be None None] privsep_osbrick.log_daemon_traceback = False {{(pid=116274) log_opt_values /opt/stack/data/venv/lib/python3.12/site-packages/oslo_config/cfg.py:3006}}
Apr 28 20:13:18.845575 np0000171176 devstack@g-api.service[116274]: DEBUG glance.common.config [None req-87cf1d84-746a-41ae-9759-ea22697cd2be None None] privsep_osbrick.logger_name = brick_privsep_hide_output {{(pid=116274) log_opt_values /opt/stack/data/venv/lib/python3.12/site-packages/oslo_config/cfg.py:3006}}
Apr 28 20:13:18.845734 np0000171176 devstack@g-api.service[116274]: DEBUG glance.common.config [None req-87cf1d84-746a-41ae-9759-ea22697cd2be None None] privsep_osbrick.thread_pool_size = 16 {{(pid=116274) log_opt_values /opt/stack/data/venv/lib/python3.12/site-packages/oslo_config/cfg.py:3006}}
Apr 28 20:13:18.845887 np0000171176 devstack@g-api.service[116274]: DEBUG glance.common.config [None req-87cf1d84-746a-41ae-9759-ea22697cd2be None None] privsep_osbrick.user = None {{(pid=116274) log_opt_values /opt/stack/data/venv/lib/python3.12/site-packages/oslo_config/cfg.py:3006}}
Apr 28 20:13:18.846052 np0000171176 devstack@g-api.service[116274]: DEBUG glance.common.config [None req-87cf1d84-746a-41ae-9759-ea22697cd2be None None] glance_store.cinder_api_insecure = False {{(pid=116274) log_opt_values /opt/stack/data/venv/lib/python3.12/site-packages/oslo_config/cfg.py:3006}}
