2026-06-26 04:48:22.965 11 WARNING neutron.scheduler.dhcp_agent_scheduler [None req-9f6791aa-e698-4814-9ad1-12abb926faa3 5952b64a96894d93a9556c31170db504 035df0bfb6484afda99f8152c19947b9 - - default default] No more DHCP agents
2026-06-26 04:48:22.969 11 WARNING neutron.api.rpc.agentnotifiers.dhcp_rpc_agent_api [None req-9f6791aa-e698-4814-9ad1-12abb926faa3 5952b64a96894d93a9556c31170db504 035df0bfb6484afda99f8152c19947b9 - - default default] Unable to schedule network 343a9edb-8ec8-4aef-b6e3-8eda2ecc2105: no agents available; will retry on subsequent port and subnet creation events.
2026-06-26 04:48:23.161 10 INFO neutron.wsgi [None req-527c67e9-63e2-408f-8a9b-237aaba9a2ce 0f19afc84ac44417a7a52e56bdcd6b44 35178ba0f0ad412f91ef319bf0c23b38 - - default default] 10.0.0.211 "DELETE /v2.0/subnets/c109a48d-c85b-4964-9a7b-3a0ccf87013c HTTP/1.1" status: 204 len: 168 time: 0.5710752
2026-06-26 04:48:23.176 10 INFO neutron.wsgi [None req-0a4d2cae-7f2e-4b31-a6fd-59435bce31b9 98704d82db2848089ef910f24f7a43e1 f1e0a196a9fa447e90a10e26668ee535 - - default default] 10.0.0.211 "DELETE /v2.0/routers/fbe64fe0-fc99-4bc7-83bd-85d228b59592 HTTP/1.1" status: 204 len: 168 time: 1.3759322
2026-06-26 04:48:23.205 11 INFO neutron.wsgi [None req-72c3dd14-617e-44a2-aa65-70be152799a5 98704d82db2848089ef910f24f7a43e1 f1e0a196a9fa447e90a10e26668ee535 - - default default] 10.0.0.211 "GET /v2.0/ports?device_id=fbe64fe0-fc99-4bc7-83bd-85d228b59592 HTTP/1.1" status: 200 len: 205 time: 0.0194230
2026-06-26 04:48:23.231 10 INFO neutron.api.v2.resource [None req-0d71bbb4-0769-4dbe-8fbd-116a331237f9 98704d82db2848089ef910f24f7a43e1 f1e0a196a9fa447e90a10e26668ee535 - - default default] delete failed (client error): The resource could not be found.
2026-06-26 04:48:23.232 10 INFO neutron.wsgi [None req-0d71bbb4-0769-4dbe-8fbd-116a331237f9 98704d82db2848089ef910f24f7a43e1 f1e0a196a9fa447e90a10e26668ee535 - - default default] 10.0.0.211 "DELETE /v2.0/routers/fbe64fe0-fc99-4bc7-83bd-85d228b59592 HTTP/1.1" status: 404 len: 336 time: 0.0220847
2026-06-26 04:48:23.263 10 INFO neutron.wsgi [None req-9b1b6018-9b12-44fc-b5cc-c01590be0b4c 98704d82db2848089ef910f24f7a43e1 f1e0a196a9fa447e90a10e26668ee535 - - default default] 10.0.0.211 "GET /v2.0/ports?device_id=fd980a00-526f-44f0-a500-652af310e060 HTTP/1.1" status: 200 len: 205 time: 0.0260396
2026-06-26 04:48:23.286 10 INFO neutron.api.v2.resource [None req-40801516-4ee3-432c-85db-d793d549afcb 98704d82db2848089ef910f24f7a43e1 f1e0a196a9fa447e90a10e26668ee535 - - default default] delete failed (client error): The resource could not be found.
2026-06-26 04:48:23.287 10 INFO neutron.wsgi [None req-40801516-4ee3-432c-85db-d793d549afcb 98704d82db2848089ef910f24f7a43e1 f1e0a196a9fa447e90a10e26668ee535 - - default default] 10.0.0.211 "DELETE /v2.0/routers/fd980a00-526f-44f0-a500-652af310e060 HTTP/1.1" status: 404 len: 336 time: 0.0180676
2026-06-26 04:48:23.329 11 INFO neutron.pecan_wsgi.hooks.translation [None req-fab495f2-5d99-4886-b2ed-77768a8fbf90 98704d82db2848089ef910f24f7a43e1 f1e0a196a9fa447e90a10e26668ee535 - - default default] DELETE failed (client error): The resource could not be found.
2026-06-26 04:48:23.334 11 INFO neutron.wsgi [None req-fab495f2-5d99-4886-b2ed-77768a8fbf90 98704d82db2848089ef910f24f7a43e1 f1e0a196a9fa447e90a10e26668ee535 - - default default] 10.0.0.211 "DELETE /v2.0/subnets/2219f594-f997-47bd-ae64-32ddda833a40 HTTP/1.1" status: 404 len: 337 time: 0.0418758
2026-06-26 04:48:23.362 10 INFO neutron.wsgi [None req-8e3f2946-2831-4cfe-9c6a-1b6a7ece702c 98704d82db2848089ef910f24f7a43e1 f1e0a196a9fa447e90a10e26668ee535 - - default default] 10.0.0.211 "GET /v2.0/ports?device_id=e9d83ceb-881e-4635-a7d1-d5f687d6f20a HTTP/1.1" status: 200 len: 205 time: 0.0227408
2026-06-26 04:48:23.397 10 INFO neutron.api.v2.resource [None req-0f12f9aa-835d-48e4-a8bb-4f0935aa48c3 98704d82db2848089ef910f24f7a43e1 f1e0a196a9fa447e90a10e26668ee535 - - default default] delete failed (client error): The resource could not be found.
2026-06-26 04:48:23.398 10 INFO neutron.wsgi [None req-0f12f9aa-835d-48e4-a8bb-4f0935aa48c3 98704d82db2848089ef910f24f7a43e1 f1e0a196a9fa447e90a10e26668ee535 - - default default] 10.0.0.211 "DELETE /v2.0/routers/e9d83ceb-881e-4635-a7d1-d5f687d6f20a HTTP/1.1" status: 404 len: 336 time: 0.0312266
2026-06-26 04:48:23.413 11 INFO neutron.db.l3_db [None req-9f6791aa-e698-4814-9ad1-12abb926faa3 5952b64a96894d93a9556c31170db504 035df0bfb6484afda99f8152c19947b9 - - default default] Floating IP cb6542d7-e48f-49b5-8030-f82f48063c2e associated. External IP: 10.96.250.216, port: 8a49910f-50b4-4233-8082-d2e7a6baa42a.
2026-06-26 04:48:23.421 10 INFO neutron.pecan_wsgi.hooks.translation [None req-df9fc0b8-53e5-40bf-9e2e-d7bcabf56cf3 98704d82db2848089ef910f24f7a43e1 f1e0a196a9fa447e90a10e26668ee535 - - default default] DELETE failed (client error): The resource could not be found.
2026-06-26 04:48:23.423 10 INFO neutron.wsgi [None req-df9fc0b8-53e5-40bf-9e2e-d7bcabf56cf3 98704d82db2848089ef910f24f7a43e1 f1e0a196a9fa447e90a10e26668ee535 - - default default] 10.0.0.211 "DELETE /v2.0/subnets/3e35ef31-1fd0-40fb-88f7-abcb874991ac HTTP/1.1" status: 404 len: 337 time: 0.0204008
2026-06-26 04:48:23.456 10 INFO neutron.wsgi [None req-e1fbb831-bcad-470d-9cf6-4120e9cbe2b3 98704d82db2848089ef910f24f7a43e1 f1e0a196a9fa447e90a10e26668ee535 - - default default] 10.0.0.211 "GET /v2.0/ports?device_id=faa4487a-813e-4c91-a4c6-6965dc654450 HTTP/1.1" status: 200 len: 205 time: 0.0226378
2026-06-26 04:48:23.500 10 INFO neutron.api.v2.resource [None req-39d903ab-21e3-4c79-b5b3-15d78fbe370e 98704d82db2848089ef910f24f7a43e1 f1e0a196a9fa447e90a10e26668ee535 - - default default] delete failed (client error): The resource could not be found.
2026-06-26 04:48:23.501 10 INFO neutron.wsgi [None req-39d903ab-21e3-4c79-b5b3-15d78fbe370e 98704d82db2848089ef910f24f7a43e1 f1e0a196a9fa447e90a10e26668ee535 - - default default] 10.0.0.211 "DELETE /v2.0/routers/faa4487a-813e-4c91-a4c6-6965dc654450 HTTP/1.1" status: 404 len: 336 time: 0.0398870
2026-06-26 04:48:23.523 10 INFO neutron.pecan_wsgi.hooks.translation [None req-1b999c01-29d6-41dc-99cb-3570b505c161 98704d82db2848089ef910f24f7a43e1 f1e0a196a9fa447e90a10e26668ee535 - - default default] DELETE failed (client error): The resource could not be found.
2026-06-26 04:48:23.525 10 INFO neutron.wsgi [None req-1b999c01-29d6-41dc-99cb-3570b505c161 98704d82db2848089ef910f24f7a43e1 f1e0a196a9fa447e90a10e26668ee535 - - default default] 10.0.0.211 "DELETE /v2.0/subnets/99ec9266-c981-45f8-a4b4-73dbcad62bd9 HTTP/1.1" status: 404 len: 337 time: 0.0192480
2026-06-26 04:48:23.548 10 INFO neutron.pecan_wsgi.hooks.translation [None req-902134f6-38f4-47f1-b1c2-5570f3f9c936 98704d82db2848089ef910f24f7a43e1 f1e0a196a9fa447e90a10e26668ee535 - - default default] DELETE failed (client error): The resource could not be found.
2026-06-26 04:48:23.550 10 INFO neutron.wsgi [None req-902134f6-38f4-47f1-b1c2-5570f3f9c936 98704d82db2848089ef910f24f7a43e1 f1e0a196a9fa447e90a10e26668ee535 - - default default] 10.0.0.211 "DELETE /v2.0/subnets/cff99d6e-b7f5-4978-a1de-6531d3289dac HTTP/1.1" status: 404 len: 337 time: 0.0211301
2026-06-26 04:48:23.615 11 INFO neutron.db.ovn_revision_numbers_db [None req-9f6791aa-e698-4814-9ad1-12abb926faa3 5952b64a96894d93a9556c31170db504 035df0bfb6484afda99f8152c19947b9 - - default default] Successfully bumped revision number for resource cb6542d7-e48f-49b5-8030-f82f48063c2e (type: floatingips) to 0
2026-06-26 04:48:23.702 10 INFO neutron.services.segments.plugin [-] Segment d3e92ee1-e37a-49a8-bd0b-37123e42bb65 resource provider aggregate not found
2026-06-26 04:48:23.711 10 INFO neutron.services.segments.plugin [-] Segment d3e92ee1-e37a-49a8-bd0b-37123e42bb65 resource provider aggregate not found
2026-06-26 04:48:23.729 10 INFO neutron.services.segments.plugin [-] Segment d3e92ee1-e37a-49a8-bd0b-37123e42bb65 resource provider not found; error: Placement Client Error (4xx): {"errors": [{"status": 404, "title": "Not Found", "detail": "The resource could not be found.\n\n No resource provider with uuid d3e92ee1-e37a-49a8-bd0b-37123e42bb65 found for delete ", "request_id": "req-5947a5c4-44fb-45a5-bfed-f14cb4b5c583"}]}
2026-06-26 04:48:23.738 10 INFO neutron.services.segments.plugin [-] Segment d3e92ee1-e37a-49a8-bd0b-37123e42bb65 resource provider not found; error: Placement Client Error (4xx): {"errors": [{"status": 404, "title": "Not Found", "detail": "The resource could not be found.\n\n No resource provider with uuid d3e92ee1-e37a-49a8-bd0b-37123e42bb65 found for delete ", "request_id": "req-97388551-ce1f-4255-bec1-45757b78ca39"}]}
2026-06-26 04:48:23.757 10 INFO neutron.wsgi [None req-734d5f5a-3947-48d2-8556-897a358b1a36 0f19afc84ac44417a7a52e56bdcd6b44 35178ba0f0ad412f91ef319bf0c23b38 - - default default] 10.0.0.211 "DELETE /v2.0/networks/6de2db2f-9218-48dc-a9d9-3fe69428f1fc HTTP/1.1" status: 204 len: 168 time: 0.5894463
2026-06-26 04:48:23.957 11 INFO neutron.db.ovn_revision_numbers_db [None req-9f6791aa-e698-4814-9ad1-12abb926faa3 5952b64a96894d93a9556c31170db504 035df0bfb6484afda99f8152c19947b9 - - default default] Successfully bumped revision number for resource cb6542d7-e48f-49b5-8030-f82f48063c2e (type: floatingips) to 1
2026-06-26 04:48:23.962 11 INFO neutron.wsgi [None req-ba9ef053-136b-47f8-a0b0-2221b25efddc 0f19afc84ac44417a7a52e56bdcd6b44 35178ba0f0ad412f91ef319bf0c23b38 - - default default] 10.0.0.211 "GET /v2.0/security-groups?tenant_id=7ae3886e92a8404192a41cd7ba04c130&name=default HTTP/1.1" status: 200 len: 2996 time: 0.0388572
2026-06-26 04:48:24.002 11 INFO neutron.wsgi [None req-9f6791aa-e698-4814-9ad1-12abb926faa3 5952b64a96894d93a9556c31170db504 035df0bfb6484afda99f8152c19947b9 - - default default] 10.0.0.211 "POST /v2.0/floatingips HTTP/1.1" status: 201 len: 1053 time: 1.3087921
2026-06-26 04:48:24.034 11 INFO neutron.notifiers.nova [-] Nova event matching ['req-8897403f-4cc0-439f-bb7c-b340ba6f2ac9'] response: {'name': 'network-changed', 'server_uuid': '94a687e9-8ebe-4ad5-93da-0aac4f60c992', 'tag': '8a49910f-50b4-4233-8082-d2e7a6baa42a', 'status': 'completed', 'code': 200} /var/lib/openstack/lib/python3.10/site-packages/pycadf/identifier.py:71: UserWarning: Invalid uuid: neutron. To ensure interoperability, identifiers should be a valid uuid. warnings.warn(('Invalid uuid: %s. To ensure interoperability, '
2026-06-26 04:48:24.099 10 INFO neutron.wsgi [req-262a511b-7128-4f18-a63c-a54f42ae5b2b req-9de7bb03-273e-4026-a3d9-0181b9cf7e87 d314d15e814d449199dcea8348f71246 9eb1c5eba02b4822af306e49c0425440 - - 9dd2a3d6d4b044059814358e15a07fe0 9dd2a3d6d4b044059814358e15a07fe0] 199.204.45.23 "GET /v2.0/ports?tenant_id=035df0bfb6484afda99f8152c19947b9&device_id=94a687e9-8ebe-4ad5-93da-0aac4f60c992 HTTP/1.1" status: 200 len: 1634 time: 0.0437219
2026-06-26 04:48:24.162 10 INFO neutron.wsgi [req-262a511b-7128-4f18-a63c-a54f42ae5b2b req-e57f9dae-fa11-496e-8c5d-1b63abf229b7 d314d15e814d449199dcea8348f71246 9eb1c5eba02b4822af306e49c0425440 - - 9dd2a3d6d4b044059814358e15a07fe0 9dd2a3d6d4b044059814358e15a07fe0] 199.204.45.23 "GET /v2.0/networks?id=d9c24e3e-5682-4326-bbaa-79c111fe7556 HTTP/1.1" status: 200 len: 1003 time: 0.0547287
2026-06-26 04:48:24.173 11 INFO neutron.wsgi [None req-65151dba-7fdb-43c5-b5da-a1257ea41e81 0f19afc84ac44417a7a52e56bdcd6b44 35178ba0f0ad412f91ef319bf0c23b38 - - default default] 10.0.0.211 "DELETE /v2.0/security-groups/0d615a51-13d4-4d09-ae23-b7cc5084150f HTTP/1.1" status: 204 len: 168 time: 0.2060444
2026-06-26 04:48:24.217 10 INFO neutron.wsgi [req-262a511b-7128-4f18-a63c-a54f42ae5b2b req-3d413ff8-4556-4b24-a995-f15a567acbb2 d314d15e814d449199dcea8348f71246 9eb1c5eba02b4822af306e49c0425440 - - 9dd2a3d6d4b044059814358e15a07fe0 9dd2a3d6d4b044059814358e15a07fe0] 199.204.45.23 "GET /v2.0/floatingips?fixed_ip_address=10.2.2.87&port_id=8a49910f-50b4-4233-8082-d2e7a6baa42a HTTP/1.1" status: 200 len: 1058 time: 0.0476797
2026-06-26 04:48:24.246 10 INFO neutron.wsgi [req-262a511b-7128-4f18-a63c-a54f42ae5b2b req-87188cc3-0ec8-4f6c-b137-eabc612a0372 d314d15e814d449199dcea8348f71246 9eb1c5eba02b4822af306e49c0425440 - - 9dd2a3d6d4b044059814358e15a07fe0 9dd2a3d6d4b044059814358e15a07fe0] 199.204.45.23 "GET /v2.0/floatingips?fixed_ip_address=fd77%3A1457%3A4cf0%3A26a8%3A%3A33&port_id=8a49910f-50b4-4233-8082-d2e7a6baa42a HTTP/1.1" status: 200 len: 217 time: 0.0215793
2026-06-26 04:48:24.286 10 INFO neutron.wsgi [req-262a511b-7128-4f18-a63c-a54f42ae5b2b req-6551bdbf-0422-4017-a6c4-2766c23cbe2e d314d15e814d449199dcea8348f71246 9eb1c5eba02b4822af306e49c0425440 - - 9dd2a3d6d4b044059814358e15a07fe0 9dd2a3d6d4b044059814358e15a07fe0] 199.204.45.23 "GET /v2.0/subnets?id=57f744e1-3f2d-494c-a354-0a44cd06e3ae&id=3cf84e4d-6c62-41b4-8729-011643c0d1bd HTTP/1.1" status: 200 len: 1566 time: 0.0342941
2026-06-26 04:48:24.308 11 INFO neutron.wsgi [None req-6a290d4a-dab9-4865-a6bc-7b4aa6691e03 0f19afc84ac44417a7a52e56bdcd6b44 35178ba0f0ad412f91ef319bf0c23b38 - - default default] 10.0.0.211 "GET /v2.0/security-groups?tenant_id=f1e0a196a9fa447e90a10e26668ee535&name=default HTTP/1.1" status: 200 len: 2996 time: 0.2054324
2026-06-26 04:48:24.310 10 INFO neutron.wsgi [req-262a511b-7128-4f18-a63c-a54f42ae5b2b req-e3c7881d-3b3e-4d4f-845f-136637b46766 d314d15e814d449199dcea8348f71246 9eb1c5eba02b4822af306e49c0425440 - - 9dd2a3d6d4b044059814358e15a07fe0 9dd2a3d6d4b044059814358e15a07fe0] 199.204.45.23 "GET /v2.0/ports?network_id=d9c24e3e-5682-4326-bbaa-79c111fe7556&device_owner=network%3Adhcp HTTP/1.1" status: 200 len: 210 time: 0.0174732
2026-06-26 04:48:24.340 10 INFO neutron.wsgi [req-262a511b-7128-4f18-a63c-a54f42ae5b2b req-b8d0a805-7203-48ee-ba12-26dd7351192a d314d15e814d449199dcea8348f71246 9eb1c5eba02b4822af306e49c0425440 - - 9dd2a3d6d4b044059814358e15a07fe0 9dd2a3d6d4b044059814358e15a07fe0] 199.204.45.23 "GET /v2.0/ports?network_id=d9c24e3e-5682-4326-bbaa-79c111fe7556&device_owner=network%3Adhcp HTTP/1.1" status: 200 len: 210 time: 0.0220275
2026-06-26 04:48:24.416 10 INFO neutron.wsgi [req-262a511b-7128-4f18-a63c-a54f42ae5b2b req-c03b39aa-ef3a-4cf0-afbd-b393d46de2bd d314d15e814d449199dcea8348f71246 9eb1c5eba02b4822af306e49c0425440 - - 9dd2a3d6d4b044059814358e15a07fe0 9dd2a3d6d4b044059814358e15a07fe0] 199.204.45.23 "GET /v2.0/networks/d9c24e3e-5682-4326-bbaa-79c111fe7556?fields=segments HTTP/1.1" status: 200 len: 212 time: 0.0662045
2026-06-26 04:48:24.499 10 INFO neutron.wsgi [req-262a511b-7128-4f18-a63c-a54f42ae5b2b req-172f0aa8-310c-48bb-96da-52c3c9d01eeb d314d15e814d449199dcea8348f71246 9eb1c5eba02b4822af306e49c0425440 - - 9dd2a3d6d4b044059814358e15a07fe0 9dd2a3d6d4b044059814358e15a07fe0] 199.204.45.23 "GET /v2.0/networks/d9c24e3e-5682-4326-bbaa-79c111fe7556?fields=provider%3Aphysical_network&fields=provider%3Anetwork_type HTTP/1.1" status: 200 len: 277 time: 0.0730209
2026-06-26 04:48:24.572 10 INFO neutron.wsgi [None req-a9bd7783-73cf-4518-b97f-06c36529d6c4 0f19afc84ac44417a7a52e56bdcd6b44 35178ba0f0ad412f91ef319bf0c23b38 - - default default] 10.0.0.211 "DELETE /v2.0/security-groups/d71730e4-a61a-43fd-b15b-39933a8ea376 HTTP/1.1" status: 204 len: 168 time: 0.2582922
2026-06-26 04:48:25.314 10 INFO neutron.db.ovn_revision_numbers_db [None req-11690967-d280-4811-86b0-faf3d93d43a5 0f19afc84ac44417a7a52e56bdcd6b44 35178ba0f0ad412f91ef319bf0c23b38 - - default default] Successfully bumped revision number for resource 742f1293-ab6c-4bfd-affc-1e4f7f75a967 (type: security_groups) to 1
2026-06-26 04:48:25.329 10 INFO neutron.db.ovn_revision_numbers_db [None req-11690967-d280-4811-86b0-faf3d93d43a5 0f19afc84ac44417a7a52e56bdcd6b44 35178ba0f0ad412f91ef319bf0c23b38 - - default default] Successfully bumped revision number for resource 12f1fd1b-dda6-49e1-a702-2f0dab11ae0e (type: security_group_rules) to 0
2026-06-26 04:48:25.342 10 INFO neutron.db.ovn_revision_numbers_db [None req-11690967-d280-4811-86b0-faf3d93d43a5 0f19afc84ac44417a7a52e56bdcd6b44 35178ba0f0ad412f91ef319bf0c23b38 - - default default] Successfully bumped revision number for resource 2bae79c7-e0bd-40ce-9680-65bfd384bfea (type: security_group_rules) to 0
2026-06-26 04:48:25.358 10 INFO neutron.db.ovn_revision_numbers_db [None req-11690967-d280-4811-86b0-faf3d93d43a5 0f19afc84ac44417a7a52e56bdcd6b44 35178ba0f0ad412f91ef319bf0c23b38 - - default default] Successfully bumped revision number for resource 5c71fc87-bf27-418e-abb9-533cb12037cb (type: security_group_rules) to 0
2026-06-26 04:48:25.378 10 INFO neutron.db.ovn_revision_numbers_db [None req-11690967-d280-4811-86b0-faf3d93d43a5 0f19afc84ac44417a7a52e56bdcd6b44 35178ba0f0ad412f91ef319bf0c23b38 - - default default] Successfully bumped revision number for resource b5028375-5860-489d-bebe-3c0707124184 (type: security_group_rules) to 0
2026-06-26 04:48:25.402 10 INFO neutron.wsgi [None req-11690967-d280-4811-86b0-faf3d93d43a5 0f19afc84ac44417a7a52e56bdcd6b44 35178ba0f0ad412f91ef319bf0c23b38 - - default default] 10.0.0.211 "GET /v2.0/security-groups?tenant_id=e3b494632e7549f39c8a138d97b36ec6&name=default HTTP/1.1" status: 200 len: 2996 time: 0.3841436
2026-06-26 04:48:25.589 10 INFO neutron.wsgi [None req-18852b91-984d-44e4-9aaa-59f91586298c 0f19afc84ac44417a7a52e56bdcd6b44 35178ba0f0ad412f91ef319bf0c23b38 - - default default] 10.0.0.211 "DELETE /v2.0/security-groups/742f1293-ab6c-4bfd-affc-1e4f7f75a967 HTTP/1.1" status: 204 len: 168 time: 0.1749904
2026-06-26 04:48:27.662 16 INFO neutron.db.ovn_revision_numbers_db [None req-a9307868-8cb0-481a-a861-2754889762c1 - - - - - -] Successfully bumped revision number for resource 466bfb1c-38ce-4b9d-a068-cbe734cf7bf5 (type: networks) to 3
2026-06-26 04:48:27.789 10 INFO neutron.wsgi [None req-4eef42f5-2e1f-42fb-8ea2-840a9daef367 8288fa90142c45828decc934b36c10ed 9066198697794978a860169034684660 - - default default] 10.0.0.16 "GET /v2.0/extensions HTTP/1.1" status: 200 len: 16980 time: 0.2206664
2026-06-26 04:48:27.791 16 INFO neutron.db.ovn_revision_numbers_db [None req-a9307868-8cb0-481a-a861-2754889762c1 - - - - - -] Successfully bumped revision number for resource 8b7eeee0-0a05-485b-bdaa-aac5fe07c577 (type: networks) to 3
2026-06-26 04:48:27.901 11 INFO neutron.wsgi [None req-b6b3d6d1-40ac-4780-b77c-adf3a6072c05 8288fa90142c45828decc934b36c10ed 9066198697794978a860169034684660 - - default default] 10.0.0.16 "GET /v2.0/quotas/9066198697794978a860169034684660/details HTTP/1.1" status: 200 len: 756 time: 0.0929811
2026-06-26 04:48:27.918 16 INFO neutron.db.ovn_revision_numbers_db [None req-a9307868-8cb0-481a-a861-2754889762c1 - - - - - -] Successfully bumped revision number for resource d9c24e3e-5682-4326-bbaa-79c111fe7556 (type: networks) to 3
2026-06-26 04:48:27.963 11 INFO neutron.wsgi [-] 10.0.0.102 "GET / HTTP/1.1" status: 200 len: 247 time: 0.0026605
2026-06-26 04:48:27.966 11 INFO neutron.wsgi [-] 10.0.0.102 "GET / HTTP/1.1" status: 200 len: 247 time: 0.0022264
2026-06-26 04:48:29.163 16 INFO neutron.plugins.ml2.drivers.ovn.mech_driver.ovsdb.maintenance [None req-a9307868-8cb0-481a-a861-2754889762c1 - - - - - -] Maintenance task: Synchronization finished (took 1.63 seconds)
2026-06-26 04:48:29.271 10 INFO neutron.db.ovn_revision_numbers_db [None req-5445808f-83d5-4df2-88d0-0e5904bb6cd2 0f19afc84ac44417a7a52e56bdcd6b44 35178ba0f0ad412f91ef319bf0c23b38 - - default default] Successfully bumped revision number for resource d4c1fb5c-83df-4a2d-af1a-efb07fb74a2b (type: security_groups) to 1
2026-06-26 04:48:29.305 10 INFO neutron.db.ovn_revision_numbers_db [None req-5445808f-83d5-4df2-88d0-0e5904bb6cd2 0f19afc84ac44417a7a52e56bdcd6b44 35178ba0f0ad412f91ef319bf0c23b38 - - default default] Successfully bumped revision number for resource 602ec2b7-86b2-4271-b748-5821026e1d74 (type: security_group_rules) to 0
2026-06-26 04:48:29.325 10 INFO neutron.wsgi [req-d0b13670-5903-4011-a8b3-63f2f229c295 req-43478c4f-122f-4dd2-83f7-6f83eeba6ee0 d314d15e814d449199dcea8348f71246 9eb1c5eba02b4822af306e49c0425440 - - 9dd2a3d6d4b044059814358e15a07fe0 9dd2a3d6d4b044059814358e15a07fe0] 10.0.0.224 "GET /v2.0/ports?device_id=94a687e9-8ebe-4ad5-93da-0aac4f60c992 HTTP/1.1" status: 200 len: 1634 time: 0.0465412
2026-06-26 04:48:29.326 10 INFO neutron.db.ovn_revision_numbers_db [None req-5445808f-83d5-4df2-88d0-0e5904bb6cd2 0f19afc84ac44417a7a52e56bdcd6b44 35178ba0f0ad412f91ef319bf0c23b38 - - default default] Successfully bumped revision number for resource 7098cace-4f6c-4e38-989b-b2b28ed6ad2f (type: security_group_rules) to 0
2026-06-26 04:48:29.353 10 INFO neutron.db.ovn_revision_numbers_db [None req-5445808f-83d5-4df2-88d0-0e5904bb6cd2 0f19afc84ac44417a7a52e56bdcd6b44 35178ba0f0ad412f91ef319bf0c23b38 - - default default] Successfully bumped revision number for resource 7825d38b-596d-45ec-bbaa-882561ede9cb (type: security_group_rules) to 0
2026-06-26 04:48:29.375 10 INFO neutron.db.ovn_revision_numbers_db [None req-5445808f-83d5-4df2-88d0-0e5904bb6cd2 0f19afc84ac44417a7a52e56bdcd6b44 35178ba0f0ad412f91ef319bf0c23b38 - - default default] Successfully bumped revision number for resource ebbeb59f-6b04-4d08-8de2-47583da99def (type: security_group_rules) to 0
2026-06-26 04:48:29.386 10 INFO neutron.wsgi [req-d0b13670-5903-4011-a8b3-63f2f229c295 req-94db0fd8-a7dd-4222-b930-49e6b3b30179 d314d15e814d449199dcea8348f71246 9eb1c5eba02b4822af306e49c0425440 - - 9dd2a3d6d4b044059814358e15a07fe0 9dd2a3d6d4b044059814358e15a07fe0] 10.0.0.224 "GET /v2.0/security-groups?id=0a24b9a6-dc4b-44e0-9d0c-486cda9fec9a&fields=id&fields=name HTTP/1.1" status: 200 len: 310 time: 0.0545297
2026-06-26 04:48:29.410 10 INFO neutron.wsgi [None req-5445808f-83d5-4df2-88d0-0e5904bb6cd2 0f19afc84ac44417a7a52e56bdcd6b44 35178ba0f0ad412f91ef319bf0c23b38 - - default default] 10.0.0.211 "GET /v2.0/security-groups?tenant_id=3ecbcc1aa86148e4945be3cbf378f106&name=default HTTP/1.1" status: 200 len: 2996 time: 0.3862190
2026-06-26 04:48:29.617 10 INFO neutron.wsgi [None req-fe768cc9-3954-4757-86f2-082b2dfdb9b8 0f19afc84ac44417a7a52e56bdcd6b44 35178ba0f0ad412f91ef319bf0c23b38 - - default default] 10.0.0.211 "DELETE /v2.0/security-groups/d4c1fb5c-83df-4a2d-af1a-efb07fb74a2b HTTP/1.1" status: 204 len: 168 time: 0.2001100
2026-06-26 04:48:29.920 10 INFO neutron.db.ovn_revision_numbers_db [None req-89dd47d2-cf0d-42c9-8889-c95782f6d383 0f19afc84ac44417a7a52e56bdcd6b44 35178ba0f0ad412f91ef319bf0c23b38 - - default default] Successfully bumped revision number for resource c59383a1-e2ca-4ddf-8c08-d963c2be46a5 (type: security_groups) to 1
2026-06-26 04:48:29.934 10 INFO neutron.db.ovn_revision_numbers_db [None req-89dd47d2-cf0d-42c9-8889-c95782f6d383 0f19afc84ac44417a7a52e56bdcd6b44 35178ba0f0ad412f91ef319bf0c23b38 - - default default] Successfully bumped revision number for resource 7a6d56c5-7eae-41d7-8260-e9bf4ff8a724 (type: security_group_rules) to 0
2026-06-26 04:48:29.947 10 INFO neutron.db.ovn_revision_numbers_db [None req-89dd47d2-cf0d-42c9-8889-c95782f6d383 0f19afc84ac44417a7a52e56bdcd6b44 35178ba0f0ad412f91ef319bf0c23b38 - - default default] Successfully bumped revision number for resource 9b915d27-4828-44a0-a079-c7f1badee5df (type: security_group_rules) to 0
2026-06-26 04:48:29.962 10 INFO neutron.db.ovn_revision_numbers_db [None req-89dd47d2-cf0d-42c9-8889-c95782f6d383 0f19afc84ac44417a7a52e56bdcd6b44 35178ba0f0ad412f91ef319bf0c23b38 - - default default] Successfully bumped revision number for resource c49f062e-448d-4c65-89a3-e304287f2c0f (type: security_group_rules) to 0
2026-06-26 04:48:29.976 10 INFO neutron.db.ovn_revision_numbers_db [None req-89dd47d2-cf0d-42c9-8889-c95782f6d383 0f19afc84ac44417a7a52e56bdcd6b44 35178ba0f0ad412f91ef319bf0c23b38 - - default default] Successfully bumped revision number for resource c63fef56-e8d8-413c-ba04-fcd88bd603bb (type: security_group_rules) to 0
2026-06-26 04:48:30.004 10 INFO neutron.wsgi [None req-89dd47d2-cf0d-42c9-8889-c95782f6d383 0f19afc84ac44417a7a52e56bdcd6b44 35178ba0f0ad412f91ef319bf0c23b38 - - default default] 10.0.0.211 "GET /v2.0/security-groups?tenant_id=e1a3c6bb89c24320abb8ce2ee9b1a9e1&name=default HTTP/1.1" status: 200 len: 2996 time: 0.1986554
2026-06-26 04:48:30.153 11 WARNING neutron_lib.context [None req-27b79802-e82f-4420-a813-65610fdf62ca 5b66fe9898bf448f859564523787c466 13fbf5524a43419fae94715d94b7f6a2 - - default default] Method 'is_advsvc' is deprecated since 2023.2 release (neutron-lib 3.8.0) and will be removed once support for the old RBAC API policies will be removed from Neutron. Please use method 'is_service_role' instead.
2026-06-26 04:48:30.202 10 INFO neutron.wsgi [None req-7f974a2d-e224-4f6c-962c-f96c1ff7c46d 0f19afc84ac44417a7a52e56bdcd6b44 35178ba0f0ad412f91ef319bf0c23b38 - - default default] 10.0.0.211 "DELETE /v2.0/security-groups/c59383a1-e2ca-4ddf-8c08-d963c2be46a5 HTTP/1.1" status: 204 len: 168 time: 0.1908965
2026-06-26 04:48:30.298 10 INFO neutron.wsgi [None req-412ecaf1-4f49-4a54-a91c-4ba93ff698a3 8288fa90142c45828decc934b36c10ed 9066198697794978a860169034684660 - - default default] 10.0.0.16 "GET /v2.0/extensions HTTP/1.1" status: 200 len: 16980 time: 0.0095413
2026-06-26 04:48:30.339 11 INFO neutron.db.ovn_revision_numbers_db [None req-27b79802-e82f-4420-a813-65610fdf62ca 5b66fe9898bf448f859564523787c466 13fbf5524a43419fae94715d94b7f6a2 - - default default] Successfully bumped revision number for resource dd90db89-e0f0-40dc-8952-fbd8f39e057b (type: security_groups) to 1
2026-06-26 04:48:30.359 11 INFO neutron.db.ovn_revision_numbers_db [None req-27b79802-e82f-4420-a813-65610fdf62ca 5b66fe9898bf448f859564523787c466 13fbf5524a43419fae94715d94b7f6a2 - - default default] Successfully bumped revision number for resource 6b39f0fd-146a-45b4-b4f5-ad8e7f22c50d (type: security_group_rules) to 0
2026-06-26 04:48:30.376 11 INFO neutron.db.ovn_revision_numbers_db [None req-27b79802-e82f-4420-a813-65610fdf62ca 5b66fe9898bf448f859564523787c466 13fbf5524a43419fae94715d94b7f6a2 - - default default] Successfully bumped revision number for resource 80274d62-9f9e-46df-a4af-87899c3af964 (type: security_group_rules) to 0
2026-06-26 04:48:30.397 11 INFO neutron.db.ovn_revision_numbers_db [None req-27b79802-e82f-4420-a813-65610fdf62ca 5b66fe9898bf448f859564523787c466 13fbf5524a43419fae94715d94b7f6a2 - - default default] Successfully bumped revision number for resource a2101ec3-34ce-41d4-9ef8-1d7aff80f4e3 (type: security_group_rules) to 0
2026-06-26 04:48:30.421 11 INFO neutron.db.ovn_revision_numbers_db [None req-27b79802-e82f-4420-a813-65610fdf62ca 5b66fe9898bf448f859564523787c466 13fbf5524a43419fae94715d94b7f6a2 - - default default] Successfully bumped revision number for resource ffa74228-5206-46a7-8dde-6cd5281be3ae (type: security_group_rules) to 0
2026-06-26 04:48:30.426 11 INFO neutron.wsgi [None req-02c9e5a1-9053-4e22-a581-81e1f46e06af 8288fa90142c45828decc934b36c10ed 9066198697794978a860169034684660 - - default default] 10.0.0.16 "GET /v2.0/quotas/9066198697794978a860169034684660/details HTTP/1.1" status: 200 len: 756 time: 0.1135979
2026-06-26 04:48:30.473 11 INFO neutron.db.segments_db [None req-27b79802-e82f-4420-a813-65610fdf62ca 5b66fe9898bf448f859564523787c466 13fbf5524a43419fae94715d94b7f6a2 - - default default] Added segment 6fd56710-31a8-44db-9d3a-a86ee6f34488 of type geneve for network 81c9bee9-ac7c-4ab3-9671-f4547f54f33b
2026-06-26 04:48:30.628 11 INFO neutron.db.ovn_revision_numbers_db [None req-27b79802-e82f-4420-a813-65610fdf62ca 5b66fe9898bf448f859564523787c466 13fbf5524a43419fae94715d94b7f6a2 - - default default] Successfully bumped revision number for resource 81c9bee9-ac7c-4ab3-9671-f4547f54f33b (type: networks) to 1
2026-06-26 04:48:30.805 11 WARNING neutron.scheduler.dhcp_agent_scheduler [None req-27b79802-e82f-4420-a813-65610fdf62ca 5b66fe9898bf448f859564523787c466 13fbf5524a43419fae94715d94b7f6a2 - - default default] No more DHCP agents
2026-06-26 04:48:30.822 11 WARNING neutron.api.rpc.agentnotifiers.dhcp_rpc_agent_api [None req-27b79802-e82f-4420-a813-65610fdf62ca 5b66fe9898bf448f859564523787c466 13fbf5524a43419fae94715d94b7f6a2 - - default default] Unable to schedule network 81c9bee9-ac7c-4ab3-9671-f4547f54f33b: no agents available; will retry on subsequent port and subnet creation events.
2026-06-26 04:48:30.921 11 INFO neutron.db.ovn_revision_numbers_db [None req-27b79802-e82f-4420-a813-65610fdf62ca 5b66fe9898bf448f859564523787c466 13fbf5524a43419fae94715d94b7f6a2 - - default default] Successfully bumped revision number for resource 783f84ff-f132-4e12-9143-f6b4883cc979 (type: ports) to 1
2026-06-26 04:48:30.946 11 INFO neutron.wsgi [None req-27b79802-e82f-4420-a813-65610fdf62ca 5b66fe9898bf448f859564523787c466 13fbf5524a43419fae94715d94b7f6a2 - - default default] 10.0.0.211 "POST /v2.0/networks HTTP/1.1" status: 201 len: 830 time: 0.9008298
2026-06-26 04:48:30.956 11 WARNING neutron_lib.context [None req-d6a6c2d9-ec97-4e2d-b5bf-c072a0368fc5 5b66fe9898bf448f859564523787c466 13fbf5524a43419fae94715d94b7f6a2 - - default default] Method 'is_advsvc' is deprecated since 2023.2 release (neutron-lib 3.8.0) and will be removed once support for the old RBAC API policies will be removed from Neutron. Please use method 'is_service_role' instead.
2026-06-26 04:48:31.202 11 WARNING neutron.scheduler.dhcp_agent_scheduler [None req-d6a6c2d9-ec97-4e2d-b5bf-c072a0368fc5 5b66fe9898bf448f859564523787c466 13fbf5524a43419fae94715d94b7f6a2 - - default default] No more DHCP agents
2026-06-26 04:48:31.204 11 WARNING neutron.api.rpc.agentnotifiers.dhcp_rpc_agent_api [None req-d6a6c2d9-ec97-4e2d-b5bf-c072a0368fc5 5b66fe9898bf448f859564523787c466 13fbf5524a43419fae94715d94b7f6a2 - - default default] Unable to schedule network 81c9bee9-ac7c-4ab3-9671-f4547f54f33b: no agents available; will retry on subsequent port and subnet creation events.
2026-06-26 04:48:31.302 11 INFO neutron.db.ovn_revision_numbers_db [None req-d6a6c2d9-ec97-4e2d-b5bf-c072a0368fc5 5b66fe9898bf448f859564523787c466 13fbf5524a43419fae94715d94b7f6a2 - - default default] Successfully bumped revision number for resource 1bd9bdf2-0bb6-4d87-bc98-a06e211539ba (type: ports) to 1
2026-06-26 04:48:31.323 11 INFO neutron.wsgi [None req-d6a6c2d9-ec97-4e2d-b5bf-c072a0368fc5 5b66fe9898bf448f859564523787c466 13fbf5524a43419fae94715d94b7f6a2 - - default default] 10.0.0.211 "POST /v2.0/ports HTTP/1.1" status: 201 len: 942 time: 0.3717628 /var/lib/openstack/lib/python3.10/site-packages/pycadf/identifier.py:71: UserWarning: Invalid uuid: neutron. To ensure interoperability, identifiers should be a valid uuid. warnings.warn(('Invalid uuid: %s. To ensure interoperability, '
2026-06-26 04:48:31.333 11 WARNING neutron_lib.context [None req-bcdedb1f-2f52-40c8-ba58-8f29b3999e4e 5b66fe9898bf448f859564523787c466 13fbf5524a43419fae94715d94b7f6a2 - - default default] Method 'is_advsvc' is deprecated since 2023.2 release (neutron-lib 3.8.0) and will be removed once support for the old RBAC API policies will be removed from Neutron. Please use method 'is_service_role' instead.
2026-06-26 04:48:31.415 11 INFO neutron.db.segments_db [None req-bcdedb1f-2f52-40c8-ba58-8f29b3999e4e 5b66fe9898bf448f859564523787c466 13fbf5524a43419fae94715d94b7f6a2 - - default default] Added segment ade7ff69-b61d-44d5-a74d-76a2eab6871c of type geneve for network 32966afd-90f1-4b66-9919-bdf7df40b955
2026-06-26 04:48:31.565 11 INFO neutron.db.ovn_revision_numbers_db [None req-bcdedb1f-2f52-40c8-ba58-8f29b3999e4e 5b66fe9898bf448f859564523787c466 13fbf5524a43419fae94715d94b7f6a2 - - default default] Successfully bumped revision number for resource 32966afd-90f1-4b66-9919-bdf7df40b955 (type: networks) to 1
2026-06-26 04:48:31.754 11 WARNING neutron.scheduler.dhcp_agent_scheduler [None req-bcdedb1f-2f52-40c8-ba58-8f29b3999e4e 5b66fe9898bf448f859564523787c466 13fbf5524a43419fae94715d94b7f6a2 - - default default] No more DHCP agents
2026-06-26 04:48:31.761 11 WARNING neutron.api.rpc.agentnotifiers.dhcp_rpc_agent_api [None req-bcdedb1f-2f52-40c8-ba58-8f29b3999e4e 5b66fe9898bf448f859564523787c466 13fbf5524a43419fae94715d94b7f6a2 - - default default] Unable to schedule network 32966afd-90f1-4b66-9919-bdf7df40b955: no agents available; will retry on subsequent port and subnet creation events.
2026-06-26 04:48:31.859 11 INFO neutron.db.ovn_revision_numbers_db [None req-bcdedb1f-2f52-40c8-ba58-8f29b3999e4e 5b66fe9898bf448f859564523787c466 13fbf5524a43419fae94715d94b7f6a2 - - default default] Successfully bumped revision number for resource 0a76c387-d5f6-404a-97b8-6d28a46336da (type: ports) to 1
2026-06-26 04:48:31.887 11 INFO neutron.wsgi [None req-bcdedb1f-2f52-40c8-ba58-8f29b3999e4e 5b66fe9898bf448f859564523787c466 13fbf5524a43419fae94715d94b7f6a2 - - default default] 10.0.0.211 "POST /v2.0/networks HTTP/1.1" status: 201 len: 831 time: 0.5588174
2026-06-26 04:48:31.899 10 WARNING neutron_lib.context [None req-ffe567ea-2338-4237-9e84-1e7d0946c6a2 5b66fe9898bf448f859564523787c466 13fbf5524a43419fae94715d94b7f6a2 - - default default] Method 'is_advsvc' is deprecated since 2023.2 release (neutron-lib 3.8.0) and will be removed once support for the old RBAC API policies will be removed from Neutron. Please use method 'is_service_role' instead.
2026-06-26 04:48:32.143 10 WARNING neutron.scheduler.dhcp_agent_scheduler [None req-ffe567ea-2338-4237-9e84-1e7d0946c6a2 5b66fe9898bf448f859564523787c466 13fbf5524a43419fae94715d94b7f6a2 - - default default] No more DHCP agents
2026-06-26 04:48:32.147 10 WARNING neutron.api.rpc.agentnotifiers.dhcp_rpc_agent_api [None req-ffe567ea-2338-4237-9e84-1e7d0946c6a2 5b66fe9898bf448f859564523787c466 13fbf5524a43419fae94715d94b7f6a2 - - default default] Unable to schedule network 32966afd-90f1-4b66-9919-bdf7df40b955: no agents available; will retry on subsequent port and subnet creation events.
2026-06-26 04:48:32.241 10 INFO neutron.db.ovn_revision_numbers_db [None req-ffe567ea-2338-4237-9e84-1e7d0946c6a2 5b66fe9898bf448f859564523787c466 13fbf5524a43419fae94715d94b7f6a2 - - default default] Successfully bumped revision number for resource 91722900-7d3b-4717-9a50-b305bfcd2abe (type: ports) to 1
2026-06-26 04:48:32.265 10 INFO neutron.wsgi [None req-ffe567ea-2338-4237-9e84-1e7d0946c6a2 5b66fe9898bf448f859564523787c466 13fbf5524a43419fae94715d94b7f6a2 - - default default] 10.0.0.211 "POST /v2.0/ports HTTP/1.1" status: 201 len: 942 time: 0.3718240
2026-06-26 04:48:32.277 11 WARNING neutron_lib.context [None req-61df45ba-af90-45f7-b017-923bdcdff98c 5b66fe9898bf448f859564523787c466 13fbf5524a43419fae94715d94b7f6a2 - - default default] Method 'is_advsvc' is deprecated since 2023.2 release (neutron-lib 3.8.0) and will be removed once support for the old RBAC API policies will be removed from Neutron. Please use method 'is_service_role' instead.
2026-06-26 04:48:32.355 11 INFO neutron.db.segments_db [None req-61df45ba-af90-45f7-b017-923bdcdff98c 5b66fe9898bf448f859564523787c466 13fbf5524a43419fae94715d94b7f6a2 - - default default] Added segment 6dd9ad47-b83b-4dbd-8331-2bf2dba8d971 of type geneve for network 895317d4-a976-4d63-9ecf-e5785649ab61
2026-06-26 04:48:32.499 11 INFO neutron.db.ovn_revision_numbers_db [None req-61df45ba-af90-45f7-b017-923bdcdff98c 5b66fe9898bf448f859564523787c466 13fbf5524a43419fae94715d94b7f6a2 - - default default] Successfully bumped revision number for resource 895317d4-a976-4d63-9ecf-e5785649ab61 (type: networks) to 1
2026-06-26 04:48:32.701 11 WARNING neutron.scheduler.dhcp_agent_scheduler [None req-61df45ba-af90-45f7-b017-923bdcdff98c 5b66fe9898bf448f859564523787c466 13fbf5524a43419fae94715d94b7f6a2 - - default default] No more DHCP agents
2026-06-26 04:48:32.705 11 WARNING neutron.api.rpc.agentnotifiers.dhcp_rpc_agent_api [None req-61df45ba-af90-45f7-b017-923bdcdff98c 5b66fe9898bf448f859564523787c466 13fbf5524a43419fae94715d94b7f6a2 - - default default] Unable to schedule network 895317d4-a976-4d63-9ecf-e5785649ab61: no agents available; will retry on subsequent port and subnet creation events.
2026-06-26 04:48:32.815 11 INFO neutron.db.ovn_revision_numbers_db [None req-61df45ba-af90-45f7-b017-923bdcdff98c 5b66fe9898bf448f859564523787c466 13fbf5524a43419fae94715d94b7f6a2 - - default default] Successfully bumped revision number for resource 7d2dd6b4-1460-448b-bb1d-f1c382fc0e02 (type: ports) to 1
2026-06-26 04:48:32.845 11 INFO neutron.wsgi [None req-61df45ba-af90-45f7-b017-923bdcdff98c 5b66fe9898bf448f859564523787c466 13fbf5524a43419fae94715d94b7f6a2 - - default default] 10.0.0.211 "POST /v2.0/networks HTTP/1.1" status: 201 len: 830 time: 0.5754495
2026-06-26 04:48:32.854 11 WARNING neutron_lib.context [None req-b47e6562-a1a3-4157-9943-b3f3108491e9 5b66fe9898bf448f859564523787c466 13fbf5524a43419fae94715d94b7f6a2 - - default default] Method 'is_advsvc' is deprecated since 2023.2 release (neutron-lib 3.8.0) and will be removed once support for the old RBAC API policies will be removed from Neutron. Please use method 'is_service_role' instead. /var/lib/openstack/lib/python3.10/site-packages/pycadf/identifier.py:71: UserWarning: Invalid uuid: neutron. To ensure interoperability, identifiers should be a valid uuid. warnings.warn(('Invalid uuid: %s. To ensure interoperability, '
2026-06-26 04:48:32.905 10 INFO neutron.wsgi [None req-dc74f2ad-6254-43e1-866a-f75a63ab3bc2 b60f73d2372e48c8bf5ffd3cc3575b44 6552ca4dd302472ebb53bdd6a85c538f - - default default] 10.0.0.211 "GET /v2.0/subnets/acacf9c3-9a8f-499f-a41c-9ad0522d4e1f HTTP/1.1" status: 200 len: 845 time: 0.0374322
2026-06-26 04:48:33.060 10 INFO neutron.wsgi [None req-69e6e030-521e-4736-a43b-8bde164e20b8 0f19afc84ac44417a7a52e56bdcd6b44 35178ba0f0ad412f91ef319bf0c23b38 - - default default] 10.0.0.116 "GET /v2.0/networks HTTP/1.1" status: 200 len: 6837 time: 0.2397096
2026-06-26 04:48:33.171 11 WARNING neutron.scheduler.dhcp_agent_scheduler [None req-b47e6562-a1a3-4157-9943-b3f3108491e9 5b66fe9898bf448f859564523787c466 13fbf5524a43419fae94715d94b7f6a2 - - default default] No more DHCP agents
2026-06-26 04:48:33.172 11 WARNING neutron.api.rpc.agentnotifiers.dhcp_rpc_agent_api [None req-b47e6562-a1a3-4157-9943-b3f3108491e9 5b66fe9898bf448f859564523787c466 13fbf5524a43419fae94715d94b7f6a2 - - default default] Unable to schedule network 895317d4-a976-4d63-9ecf-e5785649ab61: no agents available; will retry on subsequent port and subnet creation events.
2026-06-26 04:48:33.175 10 INFO neutron.wsgi [None req-9c0453b9-3248-4f4b-8610-7f40a2d99cd1 0f19afc84ac44417a7a52e56bdcd6b44 35178ba0f0ad412f91ef319bf0c23b38 - - default default] 10.0.0.116 "GET /v2.0/ports HTTP/1.1" status: 200 len: 21917 time: 0.1097848
2026-06-26 04:48:33.212 10 INFO neutron.wsgi [None req-93e88c56-2feb-4220-8037-df73a4a9d7c3 0f19afc84ac44417a7a52e56bdcd6b44 35178ba0f0ad412f91ef319bf0c23b38 - - default default] 10.0.0.116 "GET /v2.0/agents HTTP/1.1" status: 200 len: 997 time: 0.0260427
2026-06-26 04:48:33.264 11 INFO neutron.db.ovn_revision_numbers_db [None req-b47e6562-a1a3-4157-9943-b3f3108491e9 5b66fe9898bf448f859564523787c466 13fbf5524a43419fae94715d94b7f6a2 - - default default] Successfully bumped revision number for resource 35cece98-3ce0-49c7-a61a-ffd9d02f8bb7 (type: ports) to 1
2026-06-26 04:48:33.284 11 INFO neutron.wsgi [None req-b47e6562-a1a3-4157-9943-b3f3108491e9 5b66fe9898bf448f859564523787c466 13fbf5524a43419fae94715d94b7f6a2 - - default default] 10.0.0.211 "POST /v2.0/ports HTTP/1.1" status: 201 len: 942 time: 0.4357953 /var/lib/openstack/lib/python3.10/site-packages/pycadf/identifier.py:71: UserWarning: Invalid uuid: neutron. To ensure interoperability, identifiers should be a valid uuid. warnings.warn(('Invalid uuid: %s. To ensure interoperability, '
2026-06-26 04:48:33.298 11 WARNING neutron_lib.context [None req-e99e1644-6885-4c46-abc7-6ace3709ab3b 5b66fe9898bf448f859564523787c466 13fbf5524a43419fae94715d94b7f6a2 - - default default] Method 'is_advsvc' is deprecated since 2023.2 release (neutron-lib 3.8.0) and will be removed once support for the old RBAC API policies will be removed from Neutron. Please use method 'is_service_role' instead.
2026-06-26 04:48:33.314 10 INFO neutron.wsgi [None req-541bf800-c626-436b-937c-77f93cb31047 0f19afc84ac44417a7a52e56bdcd6b44 35178ba0f0ad412f91ef319bf0c23b38 - - default default] 10.0.0.116 "GET /v2.0/floatingips HTTP/1.1" status: 200 len: 1878 time: 0.1002419
2026-06-26 04:48:33.371 10 INFO neutron.db.ovn_revision_numbers_db [None req-988c481d-b5e4-4ebe-95ea-7c335920f7dc 0f19afc84ac44417a7a52e56bdcd6b44 35178ba0f0ad412f91ef319bf0c23b38 - - default default] Successfully bumped revision number for resource d67aeb12-3ea4-4137-8b3c-a206c90a29f4 (type: security_groups) to 1
2026-06-26 04:48:33.385 10 INFO neutron.db.ovn_revision_numbers_db [None req-988c481d-b5e4-4ebe-95ea-7c335920f7dc 0f19afc84ac44417a7a52e56bdcd6b44 35178ba0f0ad412f91ef319bf0c23b38 - - default default] Successfully bumped revision number for resource 1f6fbbfe-eaee-4c7e-8dc6-a7ba19e571c7 (type: security_group_rules) to 0
2026-06-26 04:48:33.391 11 INFO neutron.db.segments_db [None req-e99e1644-6885-4c46-abc7-6ace3709ab3b 5b66fe9898bf448f859564523787c466 13fbf5524a43419fae94715d94b7f6a2 - - default default] Added segment e892578e-c7cb-4846-8a8e-683457fc95ce of type geneve for network ac7ec558-697e-47e6-baa5-1be232a3da97
2026-06-26 04:48:33.407 10 INFO neutron.wsgi [None req-cd0e4c01-390b-479a-b26f-de93e3aee3d1 0f19afc84ac44417a7a52e56bdcd6b44 35178ba0f0ad412f91ef319bf0c23b38 - - default default] 10.0.0.116 "GET /v2.0/security-groups HTTP/1.1" status: 200 len: 33074 time: 0.0912476
2026-06-26 04:48:33.412 10 INFO neutron.db.ovn_revision_numbers_db [None req-988c481d-b5e4-4ebe-95ea-7c335920f7dc 0f19afc84ac44417a7a52e56bdcd6b44 35178ba0f0ad412f91ef319bf0c23b38 - - default default] Successfully bumped revision number for resource 3eb06fdd-8953-4291-a295-e188f694c490 (type: security_group_rules) to 0
2026-06-26 04:48:33.449 10 INFO neutron.db.ovn_revision_numbers_db [None req-988c481d-b5e4-4ebe-95ea-7c335920f7dc 0f19afc84ac44417a7a52e56bdcd6b44 35178ba0f0ad412f91ef319bf0c23b38 - - default default] Successfully bumped revision number for resource 4cdb9500-2a35-4039-8797-6693c20cf6c2 (type: security_group_rules) to 0
2026-06-26 04:48:33.484 10 INFO neutron.wsgi [None req-033acbff-6b1f-485f-95d6-56a1cd228ad6 0f19afc84ac44417a7a52e56bdcd6b44 35178ba0f0ad412f91ef319bf0c23b38 - - default default] 10.0.0.116 "GET /v2.0/subnets HTTP/1.1" status: 200 len: 5494 time: 0.0612676
2026-06-26 04:48:33.489 10 INFO neutron.db.ovn_revision_numbers_db [None req-988c481d-b5e4-4ebe-95ea-7c335920f7dc 0f19afc84ac44417a7a52e56bdcd6b44 35178ba0f0ad412f91ef319bf0c23b38 - - default default] Successfully bumped revision number for resource 84ca03f3-c7eb-4901-8120-9a28557b6758 (type: security_group_rules) to 0
2026-06-26 04:48:33.509 10 INFO neutron.wsgi [None req-fef41d35-64a9-45f5-9457-444f9d596d8b 0f19afc84ac44417a7a52e56bdcd6b44 35178ba0f0ad412f91ef319bf0c23b38 - - default default] 10.0.0.116 "GET /v2.0/subnetpools HTTP/1.1" status: 200 len: 193 time: 0.0207884
2026-06-26 04:48:33.531 10 INFO neutron.wsgi [None req-988c481d-b5e4-4ebe-95ea-7c335920f7dc 0f19afc84ac44417a7a52e56bdcd6b44 35178ba0f0ad412f91ef319bf0c23b38 - - default default] 10.0.0.211 "GET /v2.0/security-groups?tenant_id=9066198697794978a860169034684660&name=default HTTP/1.1" status: 200 len: 2996 time: 0.6457233
2026-06-26 04:48:33.546 11 INFO neutron.db.ovn_revision_numbers_db [None req-e99e1644-6885-4c46-abc7-6ace3709ab3b 5b66fe9898bf448f859564523787c466 13fbf5524a43419fae94715d94b7f6a2 - - default default] Successfully bumped revision number for resource ac7ec558-697e-47e6-baa5-1be232a3da97 (type: networks) to 1
2026-06-26 04:48:33.564 10 INFO neutron.wsgi [None req-428784e1-c7a8-4f69-8ec9-fc1d1e2c0717 0f19afc84ac44417a7a52e56bdcd6b44 35178ba0f0ad412f91ef319bf0c23b38 - - default default] 10.0.0.116 "GET /v2.0/subnets HTTP/1.1" status: 200 len: 5494 time: 0.0536778
2026-06-26 04:48:33.691 10 INFO neutron.wsgi [None req-2dcf5853-63d0-498d-829a-9f90ff044b9c 0f19afc84ac44417a7a52e56bdcd6b44 35178ba0f0ad412f91ef319bf0c23b38 - - default default] 10.0.0.116 "GET /v2.0/routers HTTP/1.1" status: 200 len: 850 time: 0.1198330
2026-06-26 04:48:33.712 10 INFO neutron.wsgi [None req-7f4448b0-f8d2-45be-915c-94ef938649ba 0f19afc84ac44417a7a52e56bdcd6b44 35178ba0f0ad412f91ef319bf0c23b38 - - default default] 10.0.0.116 "GET /v2.0/agents?binary=ovn-controller HTTP/1.1" status: 200 len: 591 time: 0.0202777
2026-06-26 04:48:33.742 10 INFO neutron.wsgi [None req-0927747a-f073-4b5c-8586-ba3c39def2ba 0f19afc84ac44417a7a52e56bdcd6b44 35178ba0f0ad412f91ef319bf0c23b38 - - default default] 10.0.0.116 "GET /v2.0/network-ip-availabilities HTTP/1.1" status: 200 len: 4429 time: 0.0293972
2026-06-26 04:48:33.777 11 WARNING neutron.scheduler.dhcp_agent_scheduler [None req-e99e1644-6885-4c46-abc7-6ace3709ab3b 5b66fe9898bf448f859564523787c466 13fbf5524a43419fae94715d94b7f6a2 - - default default] No more DHCP agents
2026-06-26 04:48:33.784 11 WARNING neutron.api.rpc.agentnotifiers.dhcp_rpc_agent_api [None req-e99e1644-6885-4c46-abc7-6ace3709ab3b 5b66fe9898bf448f859564523787c466 13fbf5524a43419fae94715d94b7f6a2 - - default default] Unable to schedule network ac7ec558-697e-47e6-baa5-1be232a3da97: no agents available; will retry on subsequent port and subnet creation events.
2026-06-26 04:48:33.879 10 INFO neutron.wsgi [None req-5984111e-8be7-4dbc-9d26-4862f05e8a22 0f19afc84ac44417a7a52e56bdcd6b44 35178ba0f0ad412f91ef319bf0c23b38 - - default default] 10.0.0.110 "GET /v2.0/extensions/security-group HTTP/1.1" status: 200 len: 369 time: 0.1353493
2026-06-26 04:48:33.885 11 INFO neutron.wsgi [None req-d4ad9ce5-560a-4809-8319-b61c831ba20b 0f19afc84ac44417a7a52e56bdcd6b44 35178ba0f0ad412f91ef319bf0c23b38 - - default default] 10.0.0.211 "DELETE /v2.0/security-groups/d67aeb12-3ea4-4137-8b3c-a206c90a29f4 HTTP/1.1" status: 204 len: 168 time: 0.3479538
2026-06-26 04:48:33.891 10 INFO neutron.wsgi [None req-cfd96a7e-e217-455d-9f25-3b9ac2712805 0f19afc84ac44417a7a52e56bdcd6b44 35178ba0f0ad412f91ef319bf0c23b38 - - default default] 10.0.0.110 "GET /v2.0/extensions/dns-integration HTTP/1.1" status: 200 len: 371 time: 0.0046234
2026-06-26 04:48:33.901 10 INFO neutron.wsgi [None req-57d6d927-da63-4090-8269-03807bbe9b3a 0f19afc84ac44417a7a52e56bdcd6b44 35178ba0f0ad412f91ef319bf0c23b38 - - default default] 10.0.0.110 "GET /v2.0/extensions/qos HTTP/1.1" status: 200 len: 365 time: 0.0047295
2026-06-26 04:48:33.914 11 INFO neutron.db.ovn_revision_numbers_db [None req-e99e1644-6885-4c46-abc7-6ace3709ab3b 5b66fe9898bf448f859564523787c466 13fbf5524a43419fae94715d94b7f6a2 - - default default] Successfully bumped revision number for resource 1b8597dc-d647-4e60-b0b0-e3d3859dad04 (type: ports) to 1
2026-06-26 04:48:33.918 10 INFO neutron.wsgi [None req-3ab56354-6e88-4b7b-961f-b53fd0c2328c 0f19afc84ac44417a7a52e56bdcd6b44 35178ba0f0ad412f91ef319bf0c23b38 - - default default] 10.0.0.110 "GET /v2.0/extensions/allowed-address-pairs HTTP/1.1" status: 200 len: 383 time: 0.0108812
2026-06-26 04:48:33.943 11 INFO neutron.wsgi [None req-e99e1644-6885-4c46-abc7-6ace3709ab3b 5b66fe9898bf448f859564523787c466 13fbf5524a43419fae94715d94b7f6a2 - - default default] 10.0.0.211 "POST /v2.0/networks HTTP/1.1" status: 201 len: 831 time: 0.6536982
2026-06-26 04:48:33.954 11 WARNING neutron_lib.context [None req-649497c4-80d3-4297-9bdc-8caf1bfdfd34 5b66fe9898bf448f859564523787c466 13fbf5524a43419fae94715d94b7f6a2 - - default default] Method 'is_advsvc' is deprecated since 2023.2 release (neutron-lib 3.8.0) and will be removed once support for the old RBAC API policies will be removed from Neutron. Please use method 'is_service_role' instead.
2026-06-26 04:48:34.006 11 INFO neutron.db.ovn_revision_numbers_db [None req-63917a8b-b5d8-40a6-a8e0-e1ff4d52b37e 0f19afc84ac44417a7a52e56bdcd6b44 35178ba0f0ad412f91ef319bf0c23b38 - - default default] Successfully bumped revision number for resource 02919a8c-57f5-489c-81b7-3f573f8d6e87 (type: security_groups) to 1
2026-06-26 04:48:34.030 11 INFO neutron.db.ovn_revision_numbers_db [None req-63917a8b-b5d8-40a6-a8e0-e1ff4d52b37e 0f19afc84ac44417a7a52e56bdcd6b44 35178ba0f0ad412f91ef319bf0c23b38 - - default default] Successfully bumped revision number for resource bf575d05-29c6-418a-a900-aeb51812ef56 (type: security_group_rules) to 0
2026-06-26 04:48:34.053 11 INFO neutron.db.ovn_revision_numbers_db [None req-63917a8b-b5d8-40a6-a8e0-e1ff4d52b37e 0f19afc84ac44417a7a52e56bdcd6b44 35178ba0f0ad412f91ef319bf0c23b38 - - default default] Successfully bumped revision number for resource c57dffde-a78d-4918-ae7d-685837131ce7 (type: security_group_rules) to 0
2026-06-26 04:48:34.074 11 INFO neutron.db.ovn_revision_numbers_db [None req-63917a8b-b5d8-40a6-a8e0-e1ff4d52b37e 0f19afc84ac44417a7a52e56bdcd6b44 35178ba0f0ad412f91ef319bf0c23b38 - - default default] Successfully bumped revision number for resource d8978c9f-71b3-43ec-9e78-6608ab0c7a20 (type: security_group_rules) to 0
2026-06-26 04:48:34.092 11 INFO neutron.db.ovn_revision_numbers_db [None req-63917a8b-b5d8-40a6-a8e0-e1ff4d52b37e 0f19afc84ac44417a7a52e56bdcd6b44 35178ba0f0ad412f91ef319bf0c23b38 - - default default] Successfully bumped revision number for resource e380f3d7-c001-4ad4-a030-35449008320a (type: security_group_rules) to 0
2026-06-26 04:48:34.135 11 INFO neutron.wsgi [None req-63917a8b-b5d8-40a6-a8e0-e1ff4d52b37e 0f19afc84ac44417a7a52e56bdcd6b44 35178ba0f0ad412f91ef319bf0c23b38 - - default default] 10.0.0.211 "GET /v2.0/security-groups?tenant_id=00049c7e48864fbb8ae0fb6a01d750db&name=default HTTP/1.1" status: 200 len: 2996 time: 0.4592302
2026-06-26 04:48:34.215 11 WARNING neutron.scheduler.dhcp_agent_scheduler [None req-649497c4-80d3-4297-9bdc-8caf1bfdfd34 5b66fe9898bf448f859564523787c466 13fbf5524a43419fae94715d94b7f6a2 - - default default] No more DHCP agents
2026-06-26 04:48:34.216 11 WARNING neutron.api.rpc.agentnotifiers.dhcp_rpc_agent_api [None req-649497c4-80d3-4297-9bdc-8caf1bfdfd34 5b66fe9898bf448f859564523787c466 13fbf5524a43419fae94715d94b7f6a2 - - default default] Unable to schedule network ac7ec558-697e-47e6-baa5-1be232a3da97: no agents available; will retry on subsequent port and subnet creation events.
