2026-06-26 04:48:57.245 10 INFO neutron.wsgi [req-ce4c9ad6-86e7-4781-a691-4a07a52b54cc req-bd7a20ba-478d-4aec-bffd-41722db84d9d 95675d44d6ab46fc91014dbe41ec54f5 b16c718a9355490fba7baeaeb0111494 - - default default] 10.0.0.239 "GET /v2.0/security-groups?id=1ec69ee6-8f8e-46bf-a9c1-6f05a8655de6&fields=id&fields=name HTTP/1.1" status: 200 len: 313 time: 0.0852342
2026-06-26 04:48:57.294 10 INFO neutron.wsgi [req-1b946c5e-aa25-4857-88e2-38f33a5b7c3d req-43b62869-682e-49f1-bd0d-9313d8601544 d314d15e814d449199dcea8348f71246 9eb1c5eba02b4822af306e49c0425440 - - 9dd2a3d6d4b044059814358e15a07fe0 9dd2a3d6d4b044059814358e15a07fe0] 199.204.45.23 "GET /v2.0/networks/e5679f7d-e641-4b07-b410-d2c05347d31b?fields=provider%3Aphysical_network&fields=provider%3Anetwork_type HTTP/1.1" status: 200 len: 277 time: 0.0827675
2026-06-26 04:48:57.492 10 WARNING neutron.scheduler.dhcp_agent_scheduler [None req-a871086e-460c-4d61-ba55-d320a5871226 b13963a625f2409a8de6585fbbf11f7d 3b09c7386ffd4289b78705f89bcd40ae - - default default] No more DHCP agents
2026-06-26 04:48:57.494 10 WARNING neutron.api.rpc.agentnotifiers.dhcp_rpc_agent_api [None req-a871086e-460c-4d61-ba55-d320a5871226 b13963a625f2409a8de6585fbbf11f7d 3b09c7386ffd4289b78705f89bcd40ae - - default default] Unable to schedule network 343a9edb-8ec8-4aef-b6e3-8eda2ecc2105: no agents available; will retry on subsequent port and subnet creation events.
2026-06-26 04:48:57.572 11 INFO neutron.notifiers.nova [-] Nova event matching ['req-4843ae39-6ab7-415c-8e20-d74191507afe'] response: {'server_uuid': '84f6c76a-9f10-4fe6-9c69-5bacfffa4625', 'name': 'network-vif-plugged', 'status': 'completed', 'tag': 'e1571060-7236-4249-9177-cbb4b6237f3c', 'code': 200}
2026-06-26 04:48:57.573 11 INFO neutron.notifiers.nova [-] Nova event matching ['req-4843ae39-6ab7-415c-8e20-d74191507afe'] response: {'server_uuid': 'b518c8d4-58ed-4ecc-91b4-fdd2b1f495ef', 'name': 'network-vif-plugged', 'status': 'completed', 'tag': 'fa8a4a45-cf17-4fe3-8259-5492c61c5c45', 'code': 200}
2026-06-26 04:48:57.573 11 INFO neutron.notifiers.nova [-] Nova event matching ['req-4843ae39-6ab7-415c-8e20-d74191507afe'] response: {'server_uuid': 'b518c8d4-58ed-4ecc-91b4-fdd2b1f495ef', 'name': 'network-vif-plugged', 'status': 'completed', 'tag': 'fa8a4a45-cf17-4fe3-8259-5492c61c5c45', 'code': 200}
2026-06-26 04:48:57.867 10 INFO neutron.wsgi [req-9448710c-1e55-4d4d-ae49-f1222aff59b5 req-e895640c-52a5-4f41-9b2c-ce627a194547 0f19afc84ac44417a7a52e56bdcd6b44 35178ba0f0ad412f91ef319bf0c23b38 - - default default] 10.0.0.239 "GET /v2.0/ports?device_id=84f6c76a-9f10-4fe6-9c69-5bacfffa4625 HTTP/1.1" status: 200 len: 1413 time: 0.0349829
2026-06-26 04:48:57.923 10 INFO neutron.wsgi [req-9448710c-1e55-4d4d-ae49-f1222aff59b5 req-a87a7a81-ad4c-4534-bf6d-b76e7c7e20a1 0f19afc84ac44417a7a52e56bdcd6b44 35178ba0f0ad412f91ef319bf0c23b38 - - default default] 10.0.0.239 "GET /v2.0/security-groups?id=8ff230f7-ea7d-4a23-8ba9-e9b6e86eb693&fields=id&fields=name HTTP/1.1" status: 200 len: 294 time: 0.0492351
2026-06-26 04:48:57.964 10 INFO neutron.wsgi [-] 10.0.0.102 "GET / HTTP/1.1" status: 200 len: 247 time: 0.0030463
2026-06-26 04:48:57.967 10 INFO neutron.wsgi [-] 10.0.0.102 "GET / HTTP/1.1" status: 200 len: 247 time: 0.0017407 /var/lib/openstack/lib/python3.10/site-packages/pycadf/identifier.py:71: UserWarning: Invalid uuid: neutron. To ensure interoperability, identifiers should be a valid uuid. warnings.warn(('Invalid uuid: %s. To ensure interoperability, '
2026-06-26 04:48:58.035 11 INFO neutron.wsgi [req-7a5bb92d-69a4-4866-bbd9-502ab37682ce req-4a47f72d-b392-4926-9c9c-5056b0147bb9 0f19afc84ac44417a7a52e56bdcd6b44 35178ba0f0ad412f91ef319bf0c23b38 - - default default] 10.0.0.239 "GET /v2.0/ports?device_id=84f6c76a-9f10-4fe6-9c69-5bacfffa4625 HTTP/1.1" status: 200 len: 1413 time: 0.0520475
2026-06-26 04:48:58.044 11 INFO neutron.wsgi [None req-8054a7e7-ad1e-4b91-973c-329af2a5ebb8 0f19afc84ac44417a7a52e56bdcd6b44 35178ba0f0ad412f91ef319bf0c23b38 - - default default] 10.0.0.211 "GET /v2.0/security-groups?tenant_id=28ccc459f2604d16990600cdc44358aa&name=default HTTP/1.1" status: 200 len: 2996 time: 0.1773803
2026-06-26 04:48:58.125 10 INFO neutron.db.ovn_revision_numbers_db [None req-a871086e-460c-4d61-ba55-d320a5871226 b13963a625f2409a8de6585fbbf11f7d 3b09c7386ffd4289b78705f89bcd40ae - - default default] Successfully bumped revision number for resource 6d8175e1-93d6-4b11-8e1d-7f1b7d92f874 (type: floatingips) to 0
2026-06-26 04:48:58.140 10 INFO neutron.wsgi [None req-a871086e-460c-4d61-ba55-d320a5871226 b13963a625f2409a8de6585fbbf11f7d 3b09c7386ffd4289b78705f89bcd40ae - - default default] 10.0.0.211 "POST /v2.0/floatingips HTTP/1.1" status: 201 len: 751 time: 0.9382880
2026-06-26 04:48:58.179 10 INFO neutron.wsgi [None req-6e7da8cb-fbda-4616-97e9-600076df703c b13963a625f2409a8de6585fbbf11f7d 3b09c7386ffd4289b78705f89bcd40ae - - default default] 10.0.0.211 "PUT /v2.0/floatingips/ee1fa3ee-ea2c-4391-b49d-fbd6dede8aa5/tags HTTP/1.1" status: 200 len: 210 time: 0.0340528
2026-06-26 04:48:58.228 10 INFO neutron.wsgi [None req-59e52f24-f9df-4b30-a895-7b0573aa0bba b13963a625f2409a8de6585fbbf11f7d 3b09c7386ffd4289b78705f89bcd40ae - - default default] 10.0.0.211 "PUT /v2.0/floatingips/8a6f6b6a-211f-43a0-9577-a43dc193b820/tags HTTP/1.1" status: 200 len: 218 time: 0.0425920
2026-06-26 04:48:58.292 10 INFO neutron.wsgi [None req-05319af0-11f0-40b0-a4cc-252cfdc07f55 b13963a625f2409a8de6585fbbf11f7d 3b09c7386ffd4289b78705f89bcd40ae - - default default] 10.0.0.211 "PUT /v2.0/floatingips/247db729-70ba-4e7b-aac9-7702613dbd40/tags HTTP/1.1" status: 200 len: 227 time: 0.0574973
2026-06-26 04:48:58.296 11 INFO neutron.wsgi [None req-8334df7f-9a07-4348-90b1-b30e531969cd 0f19afc84ac44417a7a52e56bdcd6b44 35178ba0f0ad412f91ef319bf0c23b38 - - default default] 10.0.0.211 "DELETE /v2.0/security-groups/6c62e56f-2bc8-4d89-9770-6713d9d08ffc HTTP/1.1" status: 204 len: 168 time: 0.2440674
2026-06-26 04:48:58.340 10 INFO neutron.wsgi [None req-e308a62c-f730-46c4-b662-21179bdad10a b13963a625f2409a8de6585fbbf11f7d 3b09c7386ffd4289b78705f89bcd40ae - - default default] 10.0.0.211 "PUT /v2.0/floatingips/27456965-cdb1-4175-87a0-cad82e739e17/tags HTTP/1.1" status: 200 len: 212 time: 0.0408349
2026-06-26 04:48:58.395 10 INFO neutron.wsgi [None req-fe557ad6-0e60-4f3f-a5c4-b83b1f093e09 b13963a625f2409a8de6585fbbf11f7d 3b09c7386ffd4289b78705f89bcd40ae - - default default] 10.0.0.211 "GET /v2.0/floatingips?tags=red HTTP/1.1" status: 200 len: 1866 time: 0.0471137
2026-06-26 04:48:58.446 11 INFO neutron.wsgi [req-fe433cc9-8877-4425-b56f-0fcca908cbb6 req-778ef51c-458d-41c3-9f01-f0b8ff6ec4e7 95675d44d6ab46fc91014dbe41ec54f5 b16c718a9355490fba7baeaeb0111494 - - default default] 10.0.0.239 "GET /v2.0/ports?device_id=b518c8d4-58ed-4ecc-91b4-fdd2b1f495ef HTTP/1.1" status: 200 len: 1170 time: 0.1211374
2026-06-26 04:48:58.453 10 INFO neutron.wsgi [None req-20b701df-5807-421e-80cf-04b9e0545458 b13963a625f2409a8de6585fbbf11f7d 3b09c7386ffd4289b78705f89bcd40ae - - default default] 10.0.0.211 "GET /v2.0/floatingips?tags=red%2Cblue HTTP/1.1" status: 200 len: 1323 time: 0.0491505
2026-06-26 04:48:58.468 10 INFO neutron.wsgi [req-9f1fbe61-4bad-4689-9488-290492f137c6 req-311b2197-d97a-497e-93d6-0e715d343c68 d314d15e814d449199dcea8348f71246 9eb1c5eba02b4822af306e49c0425440 - - 9dd2a3d6d4b044059814358e15a07fe0 9dd2a3d6d4b044059814358e15a07fe0] 199.204.45.23 "GET /v2.0/ports?device_id=b4a20c96-6b56-468a-ac2f-ea4875124413&fields=binding%3Ahost_id&fields=binding%3Avif_type HTTP/1.1" status: 200 len: 265 time: 0.0631456
2026-06-26 04:48:58.495 11 INFO neutron.wsgi [req-fe433cc9-8877-4425-b56f-0fcca908cbb6 req-b99409d6-ef4c-4280-a54e-83670c2a47bf 95675d44d6ab46fc91014dbe41ec54f5 b16c718a9355490fba7baeaeb0111494 - - default default] 10.0.0.239 "GET /v2.0/security-groups?id=1ec69ee6-8f8e-46bf-a9c1-6f05a8655de6&fields=id&fields=name HTTP/1.1" status: 200 len: 313 time: 0.0449047
2026-06-26 04:48:58.502 10 INFO neutron.wsgi [None req-8f603c35-1cd9-45ff-8b42-53182025e4e8 b13963a625f2409a8de6585fbbf11f7d 3b09c7386ffd4289b78705f89bcd40ae - - default default] 10.0.0.211 "GET /v2.0/floatingips?tags-any=blue HTTP/1.1" status: 200 len: 1323 time: 0.0439088
2026-06-26 04:48:58.531 10 INFO neutron.wsgi [req-9f1fbe61-4bad-4689-9488-290492f137c6 req-19bfd0c8-4ec8-4e09-b7d4-2849faf80d15 d314d15e814d449199dcea8348f71246 9eb1c5eba02b4822af306e49c0425440 - - 9dd2a3d6d4b044059814358e15a07fe0 9dd2a3d6d4b044059814358e15a07fe0] 199.204.45.23 "GET /v2.0/ports?tenant_id=035df0bfb6484afda99f8152c19947b9&device_id=b4a20c96-6b56-468a-ac2f-ea4875124413 HTTP/1.1" status: 200 len: 1638 time: 0.0280297
2026-06-26 04:48:58.562 11 INFO neutron.wsgi [None req-85773040-360d-48c0-be54-cc8225d3d2ec b13963a625f2409a8de6585fbbf11f7d 3b09c7386ffd4289b78705f89bcd40ae - - default default] 10.0.0.211 "GET /v2.0/floatingips?tags-any=red%2Cblue HTTP/1.1" status: 200 len: 1866 time: 0.0431716
2026-06-26 04:48:58.605 11 INFO neutron.wsgi [None req-9608b949-2f1c-4032-875c-34efa11884e3 b13963a625f2409a8de6585fbbf11f7d 3b09c7386ffd4289b78705f89bcd40ae - - default default] 10.0.0.211 "GET /v2.0/floatingips?not-tags=red HTTP/1.1" status: 200 len: 1295 time: 0.0394681
2026-06-26 04:48:58.609 10 INFO neutron.wsgi [req-9f1fbe61-4bad-4689-9488-290492f137c6 req-f808a865-7d88-4ec1-ab8d-d23081260c47 d314d15e814d449199dcea8348f71246 9eb1c5eba02b4822af306e49c0425440 - - 9dd2a3d6d4b044059814358e15a07fe0 9dd2a3d6d4b044059814358e15a07fe0] 199.204.45.23 "GET /v2.0/networks?id=8b7eeee0-0a05-485b-bdaa-aac5fe07c577 HTTP/1.1" status: 200 len: 1001 time: 0.0655425
2026-06-26 04:48:58.646 11 INFO neutron.wsgi [None req-8de1a3f9-93bd-4fc9-8d1b-4bf647317a8d b13963a625f2409a8de6585fbbf11f7d 3b09c7386ffd4289b78705f89bcd40ae - - default default] 10.0.0.211 "GET /v2.0/floatingips?not-tags=red%2Cblue HTTP/1.1" status: 200 len: 1838 time: 0.0370078
2026-06-26 04:48:58.660 10 INFO neutron.wsgi [req-9f1fbe61-4bad-4689-9488-290492f137c6 req-38f47d9d-007d-4e65-bd06-ce7d0b5247dd d314d15e814d449199dcea8348f71246 9eb1c5eba02b4822af306e49c0425440 - - 9dd2a3d6d4b044059814358e15a07fe0 9dd2a3d6d4b044059814358e15a07fe0] 199.204.45.23 "GET /v2.0/floatingips?fixed_ip_address=10.2.1.151&port_id=6f440d67-dd45-4848-af19-49f53bc810de HTTP/1.1" status: 200 len: 1059 time: 0.0455339
2026-06-26 04:48:58.696 10 INFO neutron.wsgi [req-9f1fbe61-4bad-4689-9488-290492f137c6 req-6aaa055e-cff9-47c5-b078-3f0af9eff670 d314d15e814d449199dcea8348f71246 9eb1c5eba02b4822af306e49c0425440 - - 9dd2a3d6d4b044059814358e15a07fe0 9dd2a3d6d4b044059814358e15a07fe0] 199.204.45.23 "GET /v2.0/floatingips?fixed_ip_address=fd7b%3Af9f7%3Afff%3A4eca%3A%3A12c&port_id=6f440d67-dd45-4848-af19-49f53bc810de HTTP/1.1" status: 200 len: 217 time: 0.0305920
2026-06-26 04:48:58.717 11 INFO neutron.wsgi [None req-f46a4e04-fab8-4021-81a1-d42241d7a4b9 b13963a625f2409a8de6585fbbf11f7d 3b09c7386ffd4289b78705f89bcd40ae - - default default] 10.0.0.211 "GET /v2.0/floatingips?not-tags-any=blue HTTP/1.1" status: 200 len: 1838 time: 0.0650311
2026-06-26 04:48:58.750 10 INFO neutron.wsgi [req-9f1fbe61-4bad-4689-9488-290492f137c6 req-f12d3383-e01b-4b58-b721-f41d18b7ef07 d314d15e814d449199dcea8348f71246 9eb1c5eba02b4822af306e49c0425440 - - 9dd2a3d6d4b044059814358e15a07fe0 9dd2a3d6d4b044059814358e15a07fe0] 199.204.45.23 "GET /v2.0/subnets?id=9697537a-9dfa-48c2-aa4e-f830fab75890&id=9068badc-59fd-46ac-a012-727cff240da1 HTTP/1.1" status: 200 len: 1561 time: 0.0424900
2026-06-26 04:48:58.759 11 INFO neutron.wsgi [None req-e83347ef-141f-4606-b10a-924b097cd425 b13963a625f2409a8de6585fbbf11f7d 3b09c7386ffd4289b78705f89bcd40ae - - default default] 10.0.0.211 "GET /v2.0/floatingips?not-tags-any=red%2Cblue HTTP/1.1" status: 200 len: 1295 time: 0.0370815
2026-06-26 04:48:58.764 11 INFO neutron.db.ovn_revision_numbers_db [None req-ae19f60e-3c0d-419e-88f4-363586eac784 0f19afc84ac44417a7a52e56bdcd6b44 35178ba0f0ad412f91ef319bf0c23b38 - - default default] Successfully bumped revision number for resource bc4bce33-1bfd-4b15-9971-d34f421ae93f (type: security_groups) to 1
2026-06-26 04:48:58.781 10 INFO neutron.wsgi [req-9f1fbe61-4bad-4689-9488-290492f137c6 req-a1a45b51-2e0f-4aa6-9513-abdd9ee8e123 d314d15e814d449199dcea8348f71246 9eb1c5eba02b4822af306e49c0425440 - - 9dd2a3d6d4b044059814358e15a07fe0 9dd2a3d6d4b044059814358e15a07fe0] 199.204.45.23 "GET /v2.0/ports?network_id=8b7eeee0-0a05-485b-bdaa-aac5fe07c577&device_owner=network%3Adhcp HTTP/1.1" status: 200 len: 210 time: 0.0229535
2026-06-26 04:48:58.818 10 INFO neutron.wsgi [req-9f1fbe61-4bad-4689-9488-290492f137c6 req-362107c4-648d-46e4-87de-4ba7a2068571 d314d15e814d449199dcea8348f71246 9eb1c5eba02b4822af306e49c0425440 - - 9dd2a3d6d4b044059814358e15a07fe0 9dd2a3d6d4b044059814358e15a07fe0] 199.204.45.23 "GET /v2.0/ports?network_id=8b7eeee0-0a05-485b-bdaa-aac5fe07c577&device_owner=network%3Adhcp HTTP/1.1" status: 200 len: 210 time: 0.0319805
2026-06-26 04:48:58.822 11 INFO neutron.db.ovn_revision_numbers_db [None req-ae19f60e-3c0d-419e-88f4-363586eac784 0f19afc84ac44417a7a52e56bdcd6b44 35178ba0f0ad412f91ef319bf0c23b38 - - default default] Successfully bumped revision number for resource 207ab2e2-1ed7-4712-b178-8c89e56a752f (type: security_group_rules) to 0
2026-06-26 04:48:58.847 11 INFO neutron.db.ovn_revision_numbers_db [None req-ae19f60e-3c0d-419e-88f4-363586eac784 0f19afc84ac44417a7a52e56bdcd6b44 35178ba0f0ad412f91ef319bf0c23b38 - - default default] Successfully bumped revision number for resource 26b20432-c634-42d9-8800-9db325e1f6e0 (type: security_group_rules) to 0
2026-06-26 04:48:58.875 11 INFO neutron.db.ovn_revision_numbers_db [None req-ae19f60e-3c0d-419e-88f4-363586eac784 0f19afc84ac44417a7a52e56bdcd6b44 35178ba0f0ad412f91ef319bf0c23b38 - - default default] Successfully bumped revision number for resource 83743b0e-2516-4c22-9c5f-cb5a48115582 (type: security_group_rules) to 0
2026-06-26 04:48:58.900 11 INFO neutron.db.ovn_revision_numbers_db [None req-ae19f60e-3c0d-419e-88f4-363586eac784 0f19afc84ac44417a7a52e56bdcd6b44 35178ba0f0ad412f91ef319bf0c23b38 - - default default] Successfully bumped revision number for resource fcf619f4-54d8-4099-b925-4e7dbd659c26 (type: security_group_rules) to 0
2026-06-26 04:48:58.906 10 INFO neutron.wsgi [req-9f1fbe61-4bad-4689-9488-290492f137c6 req-00b396dc-7b44-4f19-8a10-df27b3b8b19c d314d15e814d449199dcea8348f71246 9eb1c5eba02b4822af306e49c0425440 - - 9dd2a3d6d4b044059814358e15a07fe0 9dd2a3d6d4b044059814358e15a07fe0] 199.204.45.23 "GET /v2.0/networks/8b7eeee0-0a05-485b-bdaa-aac5fe07c577?fields=segments HTTP/1.1" status: 200 len: 212 time: 0.0832310
2026-06-26 04:48:58.946 11 INFO neutron.wsgi [None req-ae19f60e-3c0d-419e-88f4-363586eac784 0f19afc84ac44417a7a52e56bdcd6b44 35178ba0f0ad412f91ef319bf0c23b38 - - default default] 10.0.0.211 "GET /v2.0/security-groups?tenant_id=09c5cda4e0fd4853866099c0c5e68ea8&name=default HTTP/1.1" status: 200 len: 2996 time: 0.4650433
2026-06-26 04:48:58.974 10 INFO neutron.wsgi [req-9f1fbe61-4bad-4689-9488-290492f137c6 req-5bf8941e-fccf-4472-8648-b3b92fccdf20 d314d15e814d449199dcea8348f71246 9eb1c5eba02b4822af306e49c0425440 - - 9dd2a3d6d4b044059814358e15a07fe0 9dd2a3d6d4b044059814358e15a07fe0] 199.204.45.23 "GET /v2.0/networks/8b7eeee0-0a05-485b-bdaa-aac5fe07c577?fields=provider%3Aphysical_network&fields=provider%3Anetwork_type HTTP/1.1" status: 200 len: 277 time: 0.0610909
2026-06-26 04:48:59.211 11 INFO neutron.wsgi [None req-faf7946c-d084-4d07-98c6-5f2278b02aa1 b13963a625f2409a8de6585fbbf11f7d 3b09c7386ffd4289b78705f89bcd40ae - - default default] 10.0.0.211 "DELETE /v2.0/floatingips/ee1fa3ee-ea2c-4391-b49d-fbd6dede8aa5 HTTP/1.1" status: 204 len: 168 time: 0.4454727
2026-06-26 04:48:59.241 11 INFO neutron.wsgi [None req-421d8254-f0cb-46d9-b2dc-28a494c63a69 0f19afc84ac44417a7a52e56bdcd6b44 35178ba0f0ad412f91ef319bf0c23b38 - - default default] 10.0.0.211 "DELETE /v2.0/security-groups/bc4bce33-1bfd-4b15-9971-d34f421ae93f HTTP/1.1" status: 204 len: 168 time: 0.2902410
2026-06-26 04:48:59.557 11 INFO neutron.wsgi [None req-d2cfd7c2-1b90-4cbb-a78b-c6c189c356b8 b13963a625f2409a8de6585fbbf11f7d 3b09c7386ffd4289b78705f89bcd40ae - - default default] 10.0.0.211 "DELETE /v2.0/floatingips/8a6f6b6a-211f-43a0-9577-a43dc193b820 HTTP/1.1" status: 204 len: 168 time: 0.3427217
2026-06-26 04:48:59.607 10 INFO neutron.wsgi [req-d818b854-37f1-415e-ad01-e57085bd9786 req-66f1c30d-f367-4d09-b972-11d1e308b2d1 95675d44d6ab46fc91014dbe41ec54f5 b16c718a9355490fba7baeaeb0111494 - - default default] 10.0.0.239 "GET /v2.0/ports?device_id=b518c8d4-58ed-4ecc-91b4-fdd2b1f495ef HTTP/1.1" status: 200 len: 1170 time: 0.0459757
2026-06-26 04:48:59.647 10 INFO neutron.wsgi [req-d818b854-37f1-415e-ad01-e57085bd9786 req-b87f7eb4-8493-4a28-adef-a793a9192019 95675d44d6ab46fc91014dbe41ec54f5 b16c718a9355490fba7baeaeb0111494 - - default default] 10.0.0.239 "GET /v2.0/security-groups?id=1ec69ee6-8f8e-46bf-a9c1-6f05a8655de6&fields=id&fields=name HTTP/1.1" status: 200 len: 313 time: 0.0326326
2026-06-26 04:48:59.779 11 INFO neutron.wsgi [req-ef236504-efdf-4569-a1ee-ceb864471b49 req-20f4d351-a538-4111-b288-9e65f3968352 95675d44d6ab46fc91014dbe41ec54f5 b16c718a9355490fba7baeaeb0111494 - - default default] 10.0.0.239 "GET /v2.0/ports?device_id=b518c8d4-58ed-4ecc-91b4-fdd2b1f495ef HTTP/1.1" status: 200 len: 1170 time: 0.0594151
2026-06-26 04:48:59.847 11 INFO neutron.wsgi [req-ef236504-efdf-4569-a1ee-ceb864471b49 req-02dbb91f-f1f5-425d-bc30-db73b383b782 95675d44d6ab46fc91014dbe41ec54f5 b16c718a9355490fba7baeaeb0111494 - - default default] 10.0.0.239 "GET /v2.0/security-groups?id=1ec69ee6-8f8e-46bf-a9c1-6f05a8655de6&fields=id&fields=name HTTP/1.1" status: 200 len: 313 time: 0.0538116
2026-06-26 04:48:59.922 11 INFO neutron.wsgi [None req-a70a75f5-cf71-49fe-bb19-18e29d0538d3 278d3d45a3ee42778b83a1eba8c35146 9520ec59d34e4b38ae60a99b672b4215 - - default default] 10.0.0.211 "GET /v2.0/ports?device_id=b518c8d4-58ed-4ecc-91b4-fdd2b1f495ef HTTP/1.1" status: 200 len: 1404 time: 0.0437624
2026-06-26 04:48:59.935 10 WARNING neutron_lib.context [None req-d78ee3cd-e732-4686-b60f-fb07fefaf80c 95675d44d6ab46fc91014dbe41ec54f5 b16c718a9355490fba7baeaeb0111494 - - default default] Method 'is_advsvc' is deprecated since 2023.2 release (neutron-lib 3.8.0) and will be removed once support for the old RBAC API policies will be removed from Neutron. Please use method 'is_service_role' instead.
2026-06-26 04:49:00.011 11 INFO neutron.wsgi [None req-f8efd3af-1eab-4ad6-a60c-528bbabbd9e0 b13963a625f2409a8de6585fbbf11f7d 3b09c7386ffd4289b78705f89bcd40ae - - default default] 10.0.0.211 "DELETE /v2.0/floatingips/247db729-70ba-4e7b-aac9-7702613dbd40 HTTP/1.1" status: 204 len: 168 time: 0.4481397
2026-06-26 04:49:00.192 10 WARNING neutron.scheduler.dhcp_agent_scheduler [None req-d78ee3cd-e732-4686-b60f-fb07fefaf80c 95675d44d6ab46fc91014dbe41ec54f5 b16c718a9355490fba7baeaeb0111494 - - default default] No more DHCP agents
2026-06-26 04:49:00.194 10 WARNING neutron.api.rpc.agentnotifiers.dhcp_rpc_agent_api [None req-d78ee3cd-e732-4686-b60f-fb07fefaf80c 95675d44d6ab46fc91014dbe41ec54f5 b16c718a9355490fba7baeaeb0111494 - - default default] Unable to schedule network 343a9edb-8ec8-4aef-b6e3-8eda2ecc2105: no agents available; will retry on subsequent port and subnet creation events.
2026-06-26 04:49:00.342 11 INFO neutron.wsgi [None req-d88633ce-17eb-4bce-81f4-f8a5139b6e87 b13963a625f2409a8de6585fbbf11f7d 3b09c7386ffd4289b78705f89bcd40ae - - default default] 10.0.0.211 "DELETE /v2.0/floatingips/27456965-cdb1-4175-87a0-cad82e739e17 HTTP/1.1" status: 204 len: 168 time: 0.3244572
2026-06-26 04:49:00.721 10 INFO neutron.db.l3_db [None req-d78ee3cd-e732-4686-b60f-fb07fefaf80c 95675d44d6ab46fc91014dbe41ec54f5 b16c718a9355490fba7baeaeb0111494 - - default default] Floating IP 2c286c68-2ba0-437b-93b4-76ead2452b89 associated. External IP: 10.96.250.203, port: fa8a4a45-cf17-4fe3-8259-5492c61c5c45.
2026-06-26 04:49:00.732 11 INFO neutron.wsgi [None req-531b87dd-757a-4d7d-ada6-ad3f30cd9501 b13963a625f2409a8de6585fbbf11f7d 3b09c7386ffd4289b78705f89bcd40ae - - default default] 10.0.0.211 "DELETE /v2.0/floatingips/6d8175e1-93d6-4b11-8e1d-7f1b7d92f874 HTTP/1.1" status: 204 len: 168 time: 0.3848584
2026-06-26 04:49:00.983 10 INFO neutron.db.ovn_revision_numbers_db [None req-d78ee3cd-e732-4686-b60f-fb07fefaf80c 95675d44d6ab46fc91014dbe41ec54f5 b16c718a9355490fba7baeaeb0111494 - - default default] Successfully bumped revision number for resource 2c286c68-2ba0-437b-93b4-76ead2452b89 (type: floatingips) to 0
2026-06-26 04:49:01.118 10 INFO neutron.db.ovn_revision_numbers_db [None req-d78ee3cd-e732-4686-b60f-fb07fefaf80c 95675d44d6ab46fc91014dbe41ec54f5 b16c718a9355490fba7baeaeb0111494 - - default default] Successfully bumped revision number for resource 2c286c68-2ba0-437b-93b4-76ead2452b89 (type: floatingips) to 1
2026-06-26 04:49:01.172 10 INFO neutron.wsgi [None req-d78ee3cd-e732-4686-b60f-fb07fefaf80c 95675d44d6ab46fc91014dbe41ec54f5 b16c718a9355490fba7baeaeb0111494 - - default default] 10.0.0.211 "POST /v2.0/floatingips HTTP/1.1" status: 201 len: 1054 time: 1.2452781
2026-06-26 04:49:01.233 10 INFO neutron.notifiers.nova [-] Nova event matching ['req-3bebebab-dccc-4d6b-8c59-43ee95312125'] response: {'name': 'network-changed', 'server_uuid': 'b518c8d4-58ed-4ecc-91b4-fdd2b1f495ef', 'tag': 'fa8a4a45-cf17-4fe3-8259-5492c61c5c45', 'status': 'completed', 'code': 200}
2026-06-26 04:49:01.243 11 INFO neutron.wsgi [None req-dc60a6db-fdef-4e2c-a257-3178505e5be1 95675d44d6ab46fc91014dbe41ec54f5 b16c718a9355490fba7baeaeb0111494 - - default default] 10.0.0.211 "GET /v2.0/floatingips/2c286c68-2ba0-437b-93b4-76ead2452b89 HTTP/1.1" status: 200 len: 1051 time: 0.0638912 /var/lib/openstack/lib/python3.10/site-packages/pycadf/identifier.py:71: UserWarning: Invalid uuid: neutron. To ensure interoperability, identifiers should be a valid uuid. warnings.warn(('Invalid uuid: %s. To ensure interoperability, '
2026-06-26 04:49:01.317 10 INFO neutron.wsgi [req-6e1cd184-de57-4a0a-9c6e-67e91f8f8152 req-2015f023-8f46-4d6f-a8e1-b2f41eb2a803 d314d15e814d449199dcea8348f71246 9eb1c5eba02b4822af306e49c0425440 - - 9dd2a3d6d4b044059814358e15a07fe0 9dd2a3d6d4b044059814358e15a07fe0] 199.204.45.23 "GET /v2.0/ports?tenant_id=b16c718a9355490fba7baeaeb0111494&device_id=b518c8d4-58ed-4ecc-91b4-fdd2b1f495ef HTTP/1.1" status: 200 len: 1409 time: 0.0608897
2026-06-26 04:49:01.391 10 INFO neutron.wsgi [req-6e1cd184-de57-4a0a-9c6e-67e91f8f8152 req-3c7f4d80-6ad4-46ee-87bb-53b1a1a313d9 d314d15e814d449199dcea8348f71246 9eb1c5eba02b4822af306e49c0425440 - - 9dd2a3d6d4b044059814358e15a07fe0 9dd2a3d6d4b044059814358e15a07fe0] 199.204.45.23 "GET /v2.0/networks?id=e5679f7d-e641-4b07-b410-d2c05347d31b HTTP/1.1" status: 200 len: 958 time: 0.0667057
2026-06-26 04:49:01.450 10 INFO neutron.wsgi [req-6e1cd184-de57-4a0a-9c6e-67e91f8f8152 req-ce752331-132e-46e5-b0c9-d0ea40fc3f51 d314d15e814d449199dcea8348f71246 9eb1c5eba02b4822af306e49c0425440 - - 9dd2a3d6d4b044059814358e15a07fe0 9dd2a3d6d4b044059814358e15a07fe0] 199.204.45.23 "GET /v2.0/floatingips?fixed_ip_address=10.100.0.7&port_id=fa8a4a45-cf17-4fe3-8259-5492c61c5c45 HTTP/1.1" status: 200 len: 1059 time: 0.0515864
2026-06-26 04:49:01.579 10 INFO neutron.wsgi [req-6e1cd184-de57-4a0a-9c6e-67e91f8f8152 req-8e03e363-f870-4fd3-bbd6-50873d4a60dd d314d15e814d449199dcea8348f71246 9eb1c5eba02b4822af306e49c0425440 - - 9dd2a3d6d4b044059814358e15a07fe0 9dd2a3d6d4b044059814358e15a07fe0] 199.204.45.23 "GET /v2.0/subnets?id=9151ba74-9f69-4df4-9a8d-3e6b047ae5cc HTTP/1.1" status: 200 len: 853 time: 0.1249962
2026-06-26 04:49:01.604 10 INFO neutron.wsgi [req-6e1cd184-de57-4a0a-9c6e-67e91f8f8152 req-c2008dc9-2b95-43bc-aed1-3dcb4c457047 d314d15e814d449199dcea8348f71246 9eb1c5eba02b4822af306e49c0425440 - - 9dd2a3d6d4b044059814358e15a07fe0 9dd2a3d6d4b044059814358e15a07fe0] 199.204.45.23 "GET /v2.0/ports?network_id=e5679f7d-e641-4b07-b410-d2c05347d31b&device_owner=network%3Adhcp HTTP/1.1" status: 200 len: 210 time: 0.0202391
2026-06-26 04:49:01.667 10 INFO neutron.wsgi [req-6e1cd184-de57-4a0a-9c6e-67e91f8f8152 req-83169210-853d-430d-b22e-ea04fad0761e d314d15e814d449199dcea8348f71246 9eb1c5eba02b4822af306e49c0425440 - - 9dd2a3d6d4b044059814358e15a07fe0 9dd2a3d6d4b044059814358e15a07fe0] 199.204.45.23 "GET /v2.0/networks/e5679f7d-e641-4b07-b410-d2c05347d31b?fields=segments HTTP/1.1" status: 200 len: 212 time: 0.0545640
2026-06-26 04:49:01.747 10 INFO neutron.wsgi [req-6e1cd184-de57-4a0a-9c6e-67e91f8f8152 req-a7e40b0e-f5c9-4a72-83c4-d6d21918aebf d314d15e814d449199dcea8348f71246 9eb1c5eba02b4822af306e49c0425440 - - 9dd2a3d6d4b044059814358e15a07fe0 9dd2a3d6d4b044059814358e15a07fe0] 199.204.45.23 "GET /v2.0/networks/e5679f7d-e641-4b07-b410-d2c05347d31b?fields=provider%3Aphysical_network&fields=provider%3Anetwork_type HTTP/1.1" status: 200 len: 277 time: 0.0732131
2026-06-26 04:49:01.931 11 INFO neutron.db.ovn_revision_numbers_db [None req-e4f4958d-a9ee-4ed3-89b6-bde10fef5b0d 0f19afc84ac44417a7a52e56bdcd6b44 35178ba0f0ad412f91ef319bf0c23b38 - - default default] Successfully bumped revision number for resource 9811fad7-bca9-45f7-a4a4-34d5e89c83a7 (type: security_groups) to 1
2026-06-26 04:49:01.943 11 INFO neutron.db.ovn_revision_numbers_db [None req-e4f4958d-a9ee-4ed3-89b6-bde10fef5b0d 0f19afc84ac44417a7a52e56bdcd6b44 35178ba0f0ad412f91ef319bf0c23b38 - - default default] Successfully bumped revision number for resource 335b8b06-fe18-4564-b35c-88b43e8d2b93 (type: security_group_rules) to 0
2026-06-26 04:49:01.959 11 INFO neutron.db.ovn_revision_numbers_db [None req-e4f4958d-a9ee-4ed3-89b6-bde10fef5b0d 0f19afc84ac44417a7a52e56bdcd6b44 35178ba0f0ad412f91ef319bf0c23b38 - - default default] Successfully bumped revision number for resource 901b4281-3c0b-4aca-abeb-b7a621632dbf (type: security_group_rules) to 0
2026-06-26 04:49:01.976 11 INFO neutron.db.ovn_revision_numbers_db [None req-e4f4958d-a9ee-4ed3-89b6-bde10fef5b0d 0f19afc84ac44417a7a52e56bdcd6b44 35178ba0f0ad412f91ef319bf0c23b38 - - default default] Successfully bumped revision number for resource df61c79a-8d07-4e69-985e-02670a82dca4 (type: security_group_rules) to 0
2026-06-26 04:49:01.992 11 INFO neutron.db.ovn_revision_numbers_db [None req-e4f4958d-a9ee-4ed3-89b6-bde10fef5b0d 0f19afc84ac44417a7a52e56bdcd6b44 35178ba0f0ad412f91ef319bf0c23b38 - - default default] Successfully bumped revision number for resource ee696e42-ac9c-4744-b6d4-961ed56505a8 (type: security_group_rules) to 0
2026-06-26 04:49:02.019 11 INFO neutron.wsgi [None req-e4f4958d-a9ee-4ed3-89b6-bde10fef5b0d 0f19afc84ac44417a7a52e56bdcd6b44 35178ba0f0ad412f91ef319bf0c23b38 - - default default] 10.0.0.211 "GET /v2.0/security-groups?tenant_id=e16a8ae494754ed8bb8bfb4e98a4aac5&name=default HTTP/1.1" status: 200 len: 2996 time: 0.3759174
2026-06-26 04:49:02.284 11 INFO neutron.wsgi [None req-b5f07547-c894-4eac-82f3-e7e4e86be05b 0f19afc84ac44417a7a52e56bdcd6b44 35178ba0f0ad412f91ef319bf0c23b38 - - default default] 10.0.0.211 "DELETE /v2.0/security-groups/9811fad7-bca9-45f7-a4a4-34d5e89c83a7 HTTP/1.1" status: 204 len: 168 time: 0.2588923
2026-06-26 04:49:02.619 10 INFO neutron.db.ovn_revision_numbers_db [None req-eb26eef1-3693-4690-a2f6-5d597763e8e7 0f19afc84ac44417a7a52e56bdcd6b44 35178ba0f0ad412f91ef319bf0c23b38 - - default default] Successfully bumped revision number for resource f5b96e78-0b1d-4af3-bc92-9481ed1c8b47 (type: security_groups) to 1
2026-06-26 04:49:02.643 10 INFO neutron.db.ovn_revision_numbers_db [None req-eb26eef1-3693-4690-a2f6-5d597763e8e7 0f19afc84ac44417a7a52e56bdcd6b44 35178ba0f0ad412f91ef319bf0c23b38 - - default default] Successfully bumped revision number for resource 87bbb7ba-02ed-4bd2-a246-87288c8ff58d (type: security_group_rules) to 0
2026-06-26 04:49:02.659 10 INFO neutron.db.ovn_revision_numbers_db [None req-eb26eef1-3693-4690-a2f6-5d597763e8e7 0f19afc84ac44417a7a52e56bdcd6b44 35178ba0f0ad412f91ef319bf0c23b38 - - default default] Successfully bumped revision number for resource 8a32f6de-939f-4b4e-b4ba-87ec8d065907 (type: security_group_rules) to 0
2026-06-26 04:49:02.683 10 INFO neutron.db.ovn_revision_numbers_db [None req-eb26eef1-3693-4690-a2f6-5d597763e8e7 0f19afc84ac44417a7a52e56bdcd6b44 35178ba0f0ad412f91ef319bf0c23b38 - - default default] Successfully bumped revision number for resource a876770e-f36a-403e-912a-3c1f88aba2c6 (type: security_group_rules) to 0
2026-06-26 04:49:02.712 10 INFO neutron.db.ovn_revision_numbers_db [None req-eb26eef1-3693-4690-a2f6-5d597763e8e7 0f19afc84ac44417a7a52e56bdcd6b44 35178ba0f0ad412f91ef319bf0c23b38 - - default default] Successfully bumped revision number for resource d04ce66f-09b3-42fa-94a8-8a776864e673 (type: security_group_rules) to 0
2026-06-26 04:49:02.744 10 INFO neutron.wsgi [None req-eb26eef1-3693-4690-a2f6-5d597763e8e7 0f19afc84ac44417a7a52e56bdcd6b44 35178ba0f0ad412f91ef319bf0c23b38 - - default default] 10.0.0.211 "GET /v2.0/security-groups?tenant_id=62553459c91f4554b1ee496babfd58a0&name=default HTTP/1.1" status: 200 len: 2996 time: 0.2599001
2026-06-26 04:49:02.933 10 WARNING neutron_lib.context [None req-a1cc7497-385d-4e36-a3ae-69c64cd76e71 164c38f605094847a8ce0a776174d493 bf0cb6be0cf642e3b3c684e8675f5989 - - default default] Method 'is_advsvc' is deprecated since 2023.2 release (neutron-lib 3.8.0) and will be removed once support for the old RBAC API policies will be removed from Neutron. Please use method 'is_service_role' instead.
2026-06-26 04:49:02.936 11 INFO neutron.wsgi [None req-635ffcc5-e34e-44a9-b405-317d40c60928 0f19afc84ac44417a7a52e56bdcd6b44 35178ba0f0ad412f91ef319bf0c23b38 - - default default] 10.0.0.211 "DELETE /v2.0/security-groups/f5b96e78-0b1d-4af3-bc92-9481ed1c8b47 HTTP/1.1" status: 204 len: 168 time: 0.1832850
2026-06-26 04:49:03.048 10 INFO neutron.db.ovn_revision_numbers_db [None req-a1cc7497-385d-4e36-a3ae-69c64cd76e71 164c38f605094847a8ce0a776174d493 bf0cb6be0cf642e3b3c684e8675f5989 - - default default] Successfully bumped revision number for resource 0eebac7d-68a1-40b6-97fe-3f74c971f122 (type: security_groups) to 1
2026-06-26 04:49:03.060 10 INFO neutron.db.ovn_revision_numbers_db [None req-a1cc7497-385d-4e36-a3ae-69c64cd76e71 164c38f605094847a8ce0a776174d493 bf0cb6be0cf642e3b3c684e8675f5989 - - default default] Successfully bumped revision number for resource 259984a7-459a-4d07-8404-0555992be42c (type: security_group_rules) to 0
2026-06-26 04:49:03.072 10 INFO neutron.db.ovn_revision_numbers_db [None req-a1cc7497-385d-4e36-a3ae-69c64cd76e71 164c38f605094847a8ce0a776174d493 bf0cb6be0cf642e3b3c684e8675f5989 - - default default] Successfully bumped revision number for resource 6f07e9f6-23b0-40dd-a28a-a3d2d669703b (type: security_group_rules) to 0
2026-06-26 04:49:03.092 10 INFO neutron.db.ovn_revision_numbers_db [None req-a1cc7497-385d-4e36-a3ae-69c64cd76e71 164c38f605094847a8ce0a776174d493 bf0cb6be0cf642e3b3c684e8675f5989 - - default default] Successfully bumped revision number for resource a27f6e17-ca70-472e-94c6-271bb9d4a457 (type: security_group_rules) to 0
2026-06-26 04:49:03.107 10 INFO neutron.db.ovn_revision_numbers_db [None req-a1cc7497-385d-4e36-a3ae-69c64cd76e71 164c38f605094847a8ce0a776174d493 bf0cb6be0cf642e3b3c684e8675f5989 - - default default] Successfully bumped revision number for resource c49720f4-6dc9-434c-9321-bb04b9b4823c (type: security_group_rules) to 0
2026-06-26 04:49:03.163 10 INFO neutron.db.segments_db [None req-a1cc7497-385d-4e36-a3ae-69c64cd76e71 164c38f605094847a8ce0a776174d493 bf0cb6be0cf642e3b3c684e8675f5989 - - default default] Added segment 0a05872c-1b8b-4477-89e7-492ea22295cb of type geneve for network 798a332a-f044-4a09-9c07-83e8a280a965
2026-06-26 04:49:03.253 10 INFO neutron.db.ovn_revision_numbers_db [None req-d473fe43-6ec4-47b1-8e31-393798163f90 0f19afc84ac44417a7a52e56bdcd6b44 35178ba0f0ad412f91ef319bf0c23b38 - - default default] Successfully bumped revision number for resource 62847bce-3f31-4a22-9905-9324fc2c4a46 (type: security_groups) to 1
2026-06-26 04:49:03.304 10 INFO neutron.db.ovn_revision_numbers_db [None req-d473fe43-6ec4-47b1-8e31-393798163f90 0f19afc84ac44417a7a52e56bdcd6b44 35178ba0f0ad412f91ef319bf0c23b38 - - default default] Successfully bumped revision number for resource 5e93682b-6127-473e-8ddb-aed4967fb571 (type: security_group_rules) to 0
2026-06-26 04:49:03.327 10 INFO neutron.db.ovn_revision_numbers_db [None req-d473fe43-6ec4-47b1-8e31-393798163f90 0f19afc84ac44417a7a52e56bdcd6b44 35178ba0f0ad412f91ef319bf0c23b38 - - default default] Successfully bumped revision number for resource bfc428a3-296e-4af8-acf4-39d51b38dff8 (type: security_group_rules) to 0
2026-06-26 04:49:03.332 10 INFO neutron.db.ovn_revision_numbers_db [None req-a1cc7497-385d-4e36-a3ae-69c64cd76e71 164c38f605094847a8ce0a776174d493 bf0cb6be0cf642e3b3c684e8675f5989 - - default default] Successfully bumped revision number for resource 798a332a-f044-4a09-9c07-83e8a280a965 (type: networks) to 1
2026-06-26 04:49:03.347 10 INFO neutron.db.ovn_revision_numbers_db [None req-d473fe43-6ec4-47b1-8e31-393798163f90 0f19afc84ac44417a7a52e56bdcd6b44 35178ba0f0ad412f91ef319bf0c23b38 - - default default] Successfully bumped revision number for resource bfe312ba-a563-4f4c-ba6c-d05d8aa64f84 (type: security_group_rules) to 0
2026-06-26 04:49:03.370 10 INFO neutron.db.ovn_revision_numbers_db [None req-d473fe43-6ec4-47b1-8e31-393798163f90 0f19afc84ac44417a7a52e56bdcd6b44 35178ba0f0ad412f91ef319bf0c23b38 - - default default] Successfully bumped revision number for resource fccc3878-2c7e-48a7-bc7b-1e34096a99dd (type: security_group_rules) to 0
2026-06-26 04:49:03.407 10 INFO neutron.wsgi [None req-d473fe43-6ec4-47b1-8e31-393798163f90 0f19afc84ac44417a7a52e56bdcd6b44 35178ba0f0ad412f91ef319bf0c23b38 - - default default] 10.0.0.211 "GET /v2.0/security-groups?tenant_id=3b09c7386ffd4289b78705f89bcd40ae&name=default HTTP/1.1" status: 200 len: 2996 time: 0.3202848
2026-06-26 04:49:03.516 10 WARNING neutron.scheduler.dhcp_agent_scheduler [None req-a1cc7497-385d-4e36-a3ae-69c64cd76e71 164c38f605094847a8ce0a776174d493 bf0cb6be0cf642e3b3c684e8675f5989 - - default default] No more DHCP agents
2026-06-26 04:49:03.518 10 WARNING neutron.api.rpc.agentnotifiers.dhcp_rpc_agent_api [None req-a1cc7497-385d-4e36-a3ae-69c64cd76e71 164c38f605094847a8ce0a776174d493 bf0cb6be0cf642e3b3c684e8675f5989 - - default default] Unable to schedule network 798a332a-f044-4a09-9c07-83e8a280a965: no agents available; will retry on subsequent port and subnet creation events.
2026-06-26 04:49:03.586 11 INFO neutron.wsgi [None req-b42afa6c-29fc-42dd-b3d2-5cc30a20a0da 0f19afc84ac44417a7a52e56bdcd6b44 35178ba0f0ad412f91ef319bf0c23b38 - - default default] 10.0.0.211 "DELETE /v2.0/security-groups/62847bce-3f31-4a22-9905-9324fc2c4a46 HTTP/1.1" status: 204 len: 168 time: 0.1727228
2026-06-26 04:49:03.871 10 INFO neutron.db.ovn_revision_numbers_db [None req-a1cc7497-385d-4e36-a3ae-69c64cd76e71 164c38f605094847a8ce0a776174d493 bf0cb6be0cf642e3b3c684e8675f5989 - - default default] Successfully bumped revision number for resource 04beeaca-3f61-4abd-82a1-a0766c5f3547 (type: ports) to 1
2026-06-26 04:49:03.892 10 INFO neutron.wsgi [None req-a1cc7497-385d-4e36-a3ae-69c64cd76e71 164c38f605094847a8ce0a776174d493 bf0cb6be0cf642e3b3c684e8675f5989 - - default default] 10.0.0.211 "POST /v2.0/networks HTTP/1.1" status: 201 len: 830 time: 1.2238653
2026-06-26 04:49:03.914 10 WARNING neutron_lib.context [None req-7f7f0a67-688b-47b3-9850-642cc575d0a9 164c38f605094847a8ce0a776174d493 bf0cb6be0cf642e3b3c684e8675f5989 - - default default] Method 'is_advsvc' is deprecated since 2023.2 release (neutron-lib 3.8.0) and will be removed once support for the old RBAC API policies will be removed from Neutron. Please use method 'is_service_role' instead.
2026-06-26 04:49:04.134 10 WARNING neutron.scheduler.dhcp_agent_scheduler [None req-7f7f0a67-688b-47b3-9850-642cc575d0a9 164c38f605094847a8ce0a776174d493 bf0cb6be0cf642e3b3c684e8675f5989 - - default default] No more DHCP agents
2026-06-26 04:49:04.136 10 WARNING neutron.api.rpc.agentnotifiers.dhcp_rpc_agent_api [None req-7f7f0a67-688b-47b3-9850-642cc575d0a9 164c38f605094847a8ce0a776174d493 bf0cb6be0cf642e3b3c684e8675f5989 - - default default] Unable to schedule network 798a332a-f044-4a09-9c07-83e8a280a965: no agents available; will retry on subsequent port and subnet creation events.
2026-06-26 04:49:04.210 10 INFO neutron.db.ovn_revision_numbers_db [None req-7f7f0a67-688b-47b3-9850-642cc575d0a9 164c38f605094847a8ce0a776174d493 bf0cb6be0cf642e3b3c684e8675f5989 - - default default] Successfully bumped revision number for resource cb960641-85e4-4b8a-be9a-05bb5f455d4f (type: ports) to 1
2026-06-26 04:49:04.231 10 INFO neutron.wsgi [None req-7f7f0a67-688b-47b3-9850-642cc575d0a9 164c38f605094847a8ce0a776174d493 bf0cb6be0cf642e3b3c684e8675f5989 - - default default] 10.0.0.211 "POST /v2.0/ports HTTP/1.1" status: 201 len: 942 time: 0.3228610 /var/lib/openstack/lib/python3.10/site-packages/pycadf/identifier.py:71: UserWarning: Invalid uuid: neutron. To ensure interoperability, identifiers should be a valid uuid. warnings.warn(('Invalid uuid: %s. To ensure interoperability, '
2026-06-26 04:49:04.281 10 INFO neutron.wsgi [None req-9aa88d88-8259-4a9d-a787-5b4b49b182cd 164c38f605094847a8ce0a776174d493 bf0cb6be0cf642e3b3c684e8675f5989 - - default default] 10.0.0.211 "PUT /v2.0/ports/cb960641-85e4-4b8a-be9a-05bb5f455d4f/tags HTTP/1.1" status: 200 len: 218 time: 0.0442166
2026-06-26 04:49:04.318 10 INFO neutron.wsgi [None req-98d2f764-c25b-41fa-a867-ebbd29ad72c4 164c38f605094847a8ce0a776174d493 bf0cb6be0cf642e3b3c684e8675f5989 - - default default] 10.0.0.211 "GET /v2.0/ports/cb960641-85e4-4b8a-be9a-05bb5f455d4f/tags HTTP/1.1" status: 200 len: 218 time: 0.0324748
2026-06-26 04:49:04.362 10 INFO neutron.wsgi [None req-8eaec366-8226-4836-aab2-e6207d502404 164c38f605094847a8ce0a776174d493 bf0cb6be0cf642e3b3c684e8675f5989 - - default default] 10.0.0.211 "PUT /v2.0/ports/cb960641-85e4-4b8a-be9a-05bb5f455d4f/tags/green HTTP/1.1" status: 201 len: 201 time: 0.0396600
2026-06-26 04:49:04.396 10 INFO neutron.wsgi [None req-0d34f27e-2ae8-4646-8631-f242a8851fd1 164c38f605094847a8ce0a776174d493 bf0cb6be0cf642e3b3c684e8675f5989 - - default default] 10.0.0.211 "GET /v2.0/ports/cb960641-85e4-4b8a-be9a-05bb5f455d4f/tags HTTP/1.1" status: 200 len: 227 time: 0.0296066
2026-06-26 04:49:04.434 10 INFO neutron.wsgi [None req-e8b1279f-488d-4623-8bfa-b8a96add8e52 164c38f605094847a8ce0a776174d493 bf0cb6be0cf642e3b3c684e8675f5989 - - default default] 10.0.0.211 "PUT /v2.0/ports/cb960641-85e4-4b8a-be9a-05bb5f455d4f/tags/red HTTP/1.1" status: 201 len: 201 time: 0.0347261
2026-06-26 04:49:04.472 11 INFO neutron.wsgi [None req-f587b9e9-05eb-4a82-8234-933e4e9c9f4d 164c38f605094847a8ce0a776174d493 bf0cb6be0cf642e3b3c684e8675f5989 - - default default] 10.0.0.211 "GET /v2.0/ports/cb960641-85e4-4b8a-be9a-05bb5f455d4f/tags HTTP/1.1" status: 200 len: 227 time: 0.0323458
2026-06-26 04:49:04.520 11 INFO neutron.wsgi [None req-d41ddc66-0936-410a-a1b7-bf880ef4bad1 164c38f605094847a8ce0a776174d493 bf0cb6be0cf642e3b3c684e8675f5989 - - default default] 10.0.0.211 "PUT /v2.0/ports/cb960641-85e4-4b8a-be9a-05bb5f455d4f/tags/black.or.white HTTP/1.1" status: 201 len: 201 time: 0.0438485
2026-06-26 04:49:04.577 10 INFO neutron.wsgi [None req-3daaacc5-5f48-42d6-8562-4ad8a7897ab2 164c38f605094847a8ce0a776174d493 bf0cb6be0cf642e3b3c684e8675f5989 - - default default] 10.0.0.211 "GET /v2.0/ports/cb960641-85e4-4b8a-be9a-05bb5f455d4f/tags HTTP/1.1" status: 200 len: 245 time: 0.0516181
2026-06-26 04:49:04.621 10 INFO neutron.wsgi [None req-4fd5ac9c-0b2b-4936-b34a-d1c8b24a18c4 164c38f605094847a8ce0a776174d493 bf0cb6be0cf642e3b3c684e8675f5989 - - default default] 10.0.0.211 "PUT /v2.0/ports/cb960641-85e4-4b8a-be9a-05bb5f455d4f/tags HTTP/1.1" status: 200 len: 230 time: 0.0401516
2026-06-26 04:49:04.656 10 INFO neutron.wsgi [None req-d79abf7e-6af6-401c-86c8-55c26264b61d 164c38f605094847a8ce0a776174d493 bf0cb6be0cf642e3b3c684e8675f5989 - - default default] 10.0.0.211 "GET /v2.0/ports/cb960641-85e4-4b8a-be9a-05bb5f455d4f/tags HTTP/1.1" status: 200 len: 230 time: 0.0320356
2026-06-26 04:49:04.716 10 INFO neutron.wsgi [None req-9e9772bf-13ad-44f6-a83b-ff73641c7d9e 164c38f605094847a8ce0a776174d493 bf0cb6be0cf642e3b3c684e8675f5989 - - default default] 10.0.0.211 "GET /v2.0/ports/cb960641-85e4-4b8a-be9a-05bb5f455d4f/tags/red HTTP/1.1" status: 204 len: 168 time: 0.0557373
2026-06-26 04:49:04.763 10 INFO neutron.api.v2.resource [None req-18381776-0119-4291-a2a5-e754aff647b0 164c38f605094847a8ce0a776174d493 bf0cb6be0cf642e3b3c684e8675f5989 - - default default] show failed (client error): The resource could not be found.
2026-06-26 04:49:04.765 10 INFO neutron.wsgi [None req-18381776-0119-4291-a2a5-e754aff647b0 164c38f605094847a8ce0a776174d493 bf0cb6be0cf642e3b3c684e8675f5989 - - default default] 10.0.0.211 "GET /v2.0/ports/cb960641-85e4-4b8a-be9a-05bb5f455d4f/tags/green HTTP/1.1" status: 404 len: 299 time: 0.0457196
2026-06-26 04:49:04.822 10 INFO neutron.wsgi [None req-d72359a1-b655-41e8-8fb6-9a261ca9f21d 164c38f605094847a8ce0a776174d493 bf0cb6be0cf642e3b3c684e8675f5989 - - default default] 10.0.0.211 "DELETE /v2.0/ports/cb960641-85e4-4b8a-be9a-05bb5f455d4f/tags/red HTTP/1.1" status: 204 len: 168 time: 0.0532436
2026-06-26 04:49:04.862 10 INFO neutron.wsgi [None req-55f60fb8-5433-4eef-9456-ac64e8386974 164c38f605094847a8ce0a776174d493 bf0cb6be0cf642e3b3c684e8675f5989 - - default default] 10.0.0.211 "GET /v2.0/ports/cb960641-85e4-4b8a-be9a-05bb5f455d4f/tags HTTP/1.1" status: 200 len: 223 time: 0.0355010
2026-06-26 04:49:04.901 10 INFO neutron.api.v2.resource [None req-d20a1573-aa50-430c-af27-886a8882cfc8 164c38f605094847a8ce0a776174d493 bf0cb6be0cf642e3b3c684e8675f5989 - - default default] delete failed (client error): The resource could not be found.
2026-06-26 04:49:04.902 10 INFO neutron.wsgi [None req-d20a1573-aa50-430c-af27-886a8882cfc8 164c38f605094847a8ce0a776174d493 bf0cb6be0cf642e3b3c684e8675f5989 - - default default] 10.0.0.211 "DELETE /v2.0/ports/cb960641-85e4-4b8a-be9a-05bb5f455d4f/tags/green HTTP/1.1" status: 404 len: 299 time: 0.0354221
2026-06-26 04:49:04.951 10 INFO neutron.wsgi [None req-b2afe464-f3cc-446b-8a6c-c549a763dc2b 164c38f605094847a8ce0a776174d493 bf0cb6be0cf642e3b3c684e8675f5989 - - default default] 10.0.0.211 "DELETE /v2.0/ports/cb960641-85e4-4b8a-be9a-05bb5f455d4f/tags HTTP/1.1" status: 204 len: 168 time: 0.0447838
2026-06-26 04:49:04.986 10 INFO neutron.wsgi [None req-16b39cce-3a07-48be-b9c4-1b5075764c58 164c38f605094847a8ce0a776174d493 bf0cb6be0cf642e3b3c684e8675f5989 - - default default] 10.0.0.211 "GET /v2.0/ports/cb960641-85e4-4b8a-be9a-05bb5f455d4f/tags HTTP/1.1" status: 200 len: 205 time: 0.0313385
2026-06-26 04:49:05.243 10 INFO neutron.wsgi [None req-40bfd2df-5a29-4703-9668-f232c736dd30 164c38f605094847a8ce0a776174d493 bf0cb6be0cf642e3b3c684e8675f5989 - - default default] 10.0.0.211 "DELETE /v2.0/ports/cb960641-85e4-4b8a-be9a-05bb5f455d4f HTTP/1.1" status: 204 len: 168 time: 0.2502656
2026-06-26 04:49:05.581 10 INFO neutron.services.segments.plugin [-] Segment 0a05872c-1b8b-4477-89e7-492ea22295cb resource provider aggregate not found
2026-06-26 04:49:05.588 10 INFO neutron.services.segments.plugin [-] Segment 0a05872c-1b8b-4477-89e7-492ea22295cb resource provider aggregate not found
2026-06-26 04:49:05.602 10 INFO neutron.services.segments.plugin [-] Segment 0a05872c-1b8b-4477-89e7-492ea22295cb resource provider not found; error: Placement Client Error (4xx): {"errors": [{"status": 404, "title": "Not Found", "detail": "The resource could not be found.\n\n No resource provider with uuid 0a05872c-1b8b-4477-89e7-492ea22295cb found for delete ", "request_id": "req-5150e295-8702-47e3-b47c-bc09b35207f6"}]}
2026-06-26 04:49:05.603 10 INFO neutron.services.segments.plugin [-] Segment 0a05872c-1b8b-4477-89e7-492ea22295cb resource provider not found; error: Placement Client Error (4xx): {"errors": [{"status": 404, "title": "Not Found", "detail": "The resource could not be found.\n\n No resource provider with uuid 0a05872c-1b8b-4477-89e7-492ea22295cb found for delete ", "request_id": "req-22f80272-50b8-41c3-acc0-aeb66c360831"}]}
2026-06-26 04:49:05.618 10 INFO neutron.wsgi [None req-ceb4cab8-5c86-4927-add8-e9eda665c78e 164c38f605094847a8ce0a776174d493 bf0cb6be0cf642e3b3c684e8675f5989 - - default default] 10.0.0.211 "DELETE /v2.0/networks/798a332a-f044-4a09-9c07-83e8a280a965 HTTP/1.1" status: 204 len: 168 time: 0.3698301
2026-06-26 04:49:06.598 11 INFO neutron.db.ovn_revision_numbers_db [None req-b414a77c-ada2-4308-ae88-0432fce3cc77 0f19afc84ac44417a7a52e56bdcd6b44 35178ba0f0ad412f91ef319bf0c23b38 - - default default] Successfully bumped revision number for resource 5da6484b-bd1a-4a69-9154-1b9af3e9b8b7 (type: security_groups) to 1
2026-06-26 04:49:06.617 11 INFO neutron.db.ovn_revision_numbers_db [None req-b414a77c-ada2-4308-ae88-0432fce3cc77 0f19afc84ac44417a7a52e56bdcd6b44 35178ba0f0ad412f91ef319bf0c23b38 - - default default] Successfully bumped revision number for resource 0c7bed72-ab7b-4a1c-835e-a2ed90ff419e (type: security_group_rules) to 0
2026-06-26 04:49:06.629 11 INFO neutron.db.ovn_revision_numbers_db [None req-b414a77c-ada2-4308-ae88-0432fce3cc77 0f19afc84ac44417a7a52e56bdcd6b44 35178ba0f0ad412f91ef319bf0c23b38 - - default default] Successfully bumped revision number for resource 29fb3cfa-40a3-49b6-9e00-7da99dd7583d (type: security_group_rules) to 0
2026-06-26 04:49:06.642 11 INFO neutron.db.ovn_revision_numbers_db [None req-b414a77c-ada2-4308-ae88-0432fce3cc77 0f19afc84ac44417a7a52e56bdcd6b44 35178ba0f0ad412f91ef319bf0c23b38 - - default default] Successfully bumped revision number for resource 67121182-480e-4f38-8245-ca73d53bcf95 (type: security_group_rules) to 0
2026-06-26 04:49:06.655 11 INFO neutron.db.ovn_revision_numbers_db [None req-b414a77c-ada2-4308-ae88-0432fce3cc77 0f19afc84ac44417a7a52e56bdcd6b44 35178ba0f0ad412f91ef319bf0c23b38 - - default default] Successfully bumped revision number for resource d14e49cf-c387-458d-9d90-d50507ee13b1 (type: security_group_rules) to 0
2026-06-26 04:49:06.680 11 INFO neutron.wsgi [None req-b414a77c-ada2-4308-ae88-0432fce3cc77 0f19afc84ac44417a7a52e56bdcd6b44 35178ba0f0ad412f91ef319bf0c23b38 - - default default] 10.0.0.211 "GET /v2.0/security-groups?tenant_id=9096f64de39842e7a184859cfb41813d&name=default HTTP/1.1" status: 200 len: 2996 time: 0.3897343
2026-06-26 04:49:06.905 11 INFO neutron.wsgi [None req-73b9d271-266e-411c-8eba-6426f81769a6 0f19afc84ac44417a7a52e56bdcd6b44 35178ba0f0ad412f91ef319bf0c23b38 - - default default] 10.0.0.211 "DELETE /v2.0/security-groups/5da6484b-bd1a-4a69-9154-1b9af3e9b8b7 HTTP/1.1" status: 204 len: 168 time: 0.2081766
2026-06-26 04:49:07.050 11 INFO neutron.wsgi [None req-a091cfc0-d622-4c6b-ae82-0ad41261e1ed 0f19afc84ac44417a7a52e56bdcd6b44 35178ba0f0ad412f91ef319bf0c23b38 - - default default] 10.0.0.211 "GET /v2.0/security-groups?tenant_id=bf0cb6be0cf642e3b3c684e8675f5989&name=default HTTP/1.1" status: 200 len: 2996 time: 0.0379789
2026-06-26 04:49:07.245 11 INFO neutron.wsgi [None req-06e02437-deb0-4566-819b-a803abc3b655 0f19afc84ac44417a7a52e56bdcd6b44 35178ba0f0ad412f91ef319bf0c23b38 - - default default] 10.0.0.211 "DELETE /v2.0/security-groups/0eebac7d-68a1-40b6-97fe-3f74c971f122 HTTP/1.1" status: 204 len: 168 time: 0.1908777
2026-06-26 04:49:07.938 10 WARNING neutron_lib.context [None req-0e5a223d-4f54-4ae2-890c-87f83ac10a38 7766f3c816cf4b92a40b1024d15e76a7 487bb5f992ed4fafa504e45e3e1a2226 - - default default] Method 'is_advsvc' is deprecated since 2023.2 release (neutron-lib 3.8.0) and will be removed once support for the old RBAC API policies will be removed from Neutron. Please use method 'is_service_role' instead.
2026-06-26 04:49:08.093 10 INFO neutron.db.ovn_revision_numbers_db [None req-0e5a223d-4f54-4ae2-890c-87f83ac10a38 7766f3c816cf4b92a40b1024d15e76a7 487bb5f992ed4fafa504e45e3e1a2226 - - default default] Successfully bumped revision number for resource aa995368-b2e8-45c5-93fa-956dd43bfe75 (type: security_groups) to 1
2026-06-26 04:49:08.119 10 INFO neutron.db.ovn_revision_numbers_db [None req-0e5a223d-4f54-4ae2-890c-87f83ac10a38 7766f3c816cf4b92a40b1024d15e76a7 487bb5f992ed4fafa504e45e3e1a2226 - - default default] Successfully bumped revision number for resource 0871b181-c699-464c-891d-48deb0202751 (type: security_group_rules) to 0
2026-06-26 04:49:08.142 10 INFO neutron.db.ovn_revision_numbers_db [None req-0e5a223d-4f54-4ae2-890c-87f83ac10a38 7766f3c816cf4b92a40b1024d15e76a7 487bb5f992ed4fafa504e45e3e1a2226 - - default default] Successfully bumped revision number for resource 3ec221aa-bc1d-4c32-a882-f4a5069c7559 (type: security_group_rules) to 0
2026-06-26 04:49:08.158 10 INFO neutron.db.ovn_revision_numbers_db [None req-0e5a223d-4f54-4ae2-890c-87f83ac10a38 7766f3c816cf4b92a40b1024d15e76a7 487bb5f992ed4fafa504e45e3e1a2226 - - default default] Successfully bumped revision number for resource 8704ff13-28b3-4075-a510-649a429d36ce (type: security_group_rules) to 0
2026-06-26 04:49:08.172 10 INFO neutron.db.ovn_revision_numbers_db [None req-0e5a223d-4f54-4ae2-890c-87f83ac10a38 7766f3c816cf4b92a40b1024d15e76a7 487bb5f992ed4fafa504e45e3e1a2226 - - default default] Successfully bumped revision number for resource ad5445f8-3ea7-4e24-b4ed-8a28d3a3888e (type: security_group_rules) to 0
2026-06-26 04:49:08.268 10 INFO neutron.db.ovn_revision_numbers_db [None req-0e5a223d-4f54-4ae2-890c-87f83ac10a38 7766f3c816cf4b92a40b1024d15e76a7 487bb5f992ed4fafa504e45e3e1a2226 - - default default] Successfully bumped revision number for resource be563776-21cc-48c5-8b4c-70ef50b321e4 (type: security_groups) to 1
2026-06-26 04:49:08.284 10 INFO neutron.db.ovn_revision_numbers_db [None req-0e5a223d-4f54-4ae2-890c-87f83ac10a38 7766f3c816cf4b92a40b1024d15e76a7 487bb5f992ed4fafa504e45e3e1a2226 - - default default] Successfully bumped revision number for resource bf7a3a2b-8df2-423c-91fa-6361d45347ab (type: security_group_rules) to 0
