2026-06-26 04:45:46.502 10 INFO neutron.db.ovn_revision_numbers_db [None req-708bc9ab-1d21-469f-9c44-1030e492e3df 3cee948bdd5640ffa4efa3e3bd53e4bf e6373723048343c5985f96baf324c9b7 - - default default] Successfully bumped revision number for resource fc7e409f-d6a0-49f6-bb13-d4de04760d4d (type: security_group_rules) to 0
2026-06-26 04:45:46.507 10 INFO neutron.db.ovn_revision_numbers_db [req-ceea927f-656f-44c4-80cc-5b0c49d0904f req-324d2f11-fc70-4552-ad06-5f1c1edd8366 2792274a7d4242c187fcec61911abb6c e285f4ae60db4e68865db4924ca72e37 - - default default] Successfully bumped revision number for resource ef68cff1-8dc1-4933-9941-00125a5f8917 (type: security_group_rules) to 0
2026-06-26 04:45:46.527 10 INFO neutron.wsgi [None req-708bc9ab-1d21-469f-9c44-1030e492e3df 3cee948bdd5640ffa4efa3e3bd53e4bf e6373723048343c5985f96baf324c9b7 - - default default] 10.0.0.211 "POST /v2.0/security-groups HTTP/1.1" status: 201 len: 1796 time: 0.3125880
2026-06-26 04:45:46.540 10 INFO neutron.wsgi [req-ceea927f-656f-44c4-80cc-5b0c49d0904f req-324d2f11-fc70-4552-ad06-5f1c1edd8366 2792274a7d4242c187fcec61911abb6c e285f4ae60db4e68865db4924ca72e37 - - default default] 10.0.0.239 "POST /v2.0/security-group-rules HTTP/1.1" status: 201 len: 786 time: 0.2504923
2026-06-26 04:45:46.540 11 WARNING neutron_lib.context [None req-272e00ab-da4a-477e-b612-35588fe6ba81 3cee948bdd5640ffa4efa3e3bd53e4bf e6373723048343c5985f96baf324c9b7 - - default default] Method 'is_advsvc' is deprecated since 2023.2 release (neutron-lib 3.8.0) and will be removed once support for the old RBAC API policies will be removed from Neutron. Please use method 'is_service_role' instead.
2026-06-26 04:45:46.575 11 WARNING neutron_lib.context [req-ae5ab180-f624-4be5-a512-56fdba0d73b6 req-caf06ce8-0219-41cc-9dc7-c7f1be0d8f96 2792274a7d4242c187fcec61911abb6c e285f4ae60db4e68865db4924ca72e37 - - default default] Method 'is_advsvc' is deprecated since 2023.2 release (neutron-lib 3.8.0) and will be removed once support for the old RBAC API policies will be removed from Neutron. Please use method 'is_service_role' instead.
2026-06-26 04:45:46.657 10 INFO neutron.plugins.ml2.drivers.ovn.mech_driver.mech_driver [None req-f81445b7-0796-430c-8397-97ef11356779 - - - - - -] OVN reports status up for port: 911f5861-c297-46c8-b023-cefd69014171
2026-06-26 04:45:46.663 10 INFO neutron.plugins.ml2.plugin [None req-f81445b7-0796-430c-8397-97ef11356779 - - - - - -] Attempt 1 to provision port 911f5861-c297-46c8-b023-cefd69014171
2026-06-26 04:45:46.947 10 INFO neutron.db.ovn_revision_numbers_db [None req-f81445b7-0796-430c-8397-97ef11356779 - - - - - -] Successfully bumped revision number for resource 911f5861-c297-46c8-b023-cefd69014171 (type: ports) to 2
2026-06-26 04:45:47.026 10 INFO neutron.db.ovn_revision_numbers_db [None req-f81445b7-0796-430c-8397-97ef11356779 - - - - - -] Successfully bumped revision number for resource 911f5861-c297-46c8-b023-cefd69014171 (type: router_ports) to 2
2026-06-26 04:45:47.064 11 INFO neutron.db.ovn_revision_numbers_db [req-ae5ab180-f624-4be5-a512-56fdba0d73b6 req-caf06ce8-0219-41cc-9dc7-c7f1be0d8f96 2792274a7d4242c187fcec61911abb6c e285f4ae60db4e68865db4924ca72e37 - - default default] Successfully bumped revision number for resource 5f94b56b-48a3-45b1-8f32-4d49c9a39282 (type: security_groups) to 1
2026-06-26 04:45:47.068 11 INFO neutron.db.ovn_revision_numbers_db [None req-272e00ab-da4a-477e-b612-35588fe6ba81 3cee948bdd5640ffa4efa3e3bd53e4bf e6373723048343c5985f96baf324c9b7 - - default default] Successfully bumped revision number for resource 90dadbaf-7fca-4a5a-b220-db8728ae22a2 (type: security_group_rules) to 0
2026-06-26 04:45:47.113 11 INFO neutron.db.ovn_revision_numbers_db [req-ae5ab180-f624-4be5-a512-56fdba0d73b6 req-caf06ce8-0219-41cc-9dc7-c7f1be0d8f96 2792274a7d4242c187fcec61911abb6c e285f4ae60db4e68865db4924ca72e37 - - default default] Successfully bumped revision number for resource 7a0e9fed-b4f0-4a95-9a96-853f5591e48c (type: security_group_rules) to 0
2026-06-26 04:45:47.114 11 INFO neutron.db.ovn_revision_numbers_db [None req-e665c982-fad5-4af4-843a-3a1b969cc93a - - - - - -] Successfully bumped revision number for resource 510ba69b-8dfc-420a-a3f4-e27a299d6fec (type: ports) to 4
2026-06-26 04:45:47.127 11 INFO neutron.wsgi [None req-272e00ab-da4a-477e-b612-35588fe6ba81 3cee948bdd5640ffa4efa3e3bd53e4bf e6373723048343c5985f96baf324c9b7 - - default default] 10.0.0.211 "POST /v2.0/security-group-rules HTTP/1.1" status: 201 len: 764 time: 0.5943289
2026-06-26 04:45:47.140 10 WARNING neutron_lib.context [None req-a3dd6d04-1c59-474d-8cca-2a1604af0f0d 3cee948bdd5640ffa4efa3e3bd53e4bf e6373723048343c5985f96baf324c9b7 - - default default] Method 'is_advsvc' is deprecated since 2023.2 release (neutron-lib 3.8.0) and will be removed once support for the old RBAC API policies will be removed from Neutron. Please use method 'is_service_role' instead.
2026-06-26 04:45:47.141 11 INFO neutron.db.ovn_revision_numbers_db [req-ae5ab180-f624-4be5-a512-56fdba0d73b6 req-caf06ce8-0219-41cc-9dc7-c7f1be0d8f96 2792274a7d4242c187fcec61911abb6c e285f4ae60db4e68865db4924ca72e37 - - default default] Successfully bumped revision number for resource 9960cf3d-73ad-4120-85d1-377467324186 (type: security_group_rules) to 0
2026-06-26 04:45:47.184 11 INFO neutron.wsgi [req-ae5ab180-f624-4be5-a512-56fdba0d73b6 req-caf06ce8-0219-41cc-9dc7-c7f1be0d8f96 2792274a7d4242c187fcec61911abb6c e285f4ae60db4e68865db4924ca72e37 - - default default] 10.0.0.239 "POST /v2.0/security-groups HTTP/1.1" status: 201 len: 1826 time: 0.6178784
2026-06-26 04:45:47.250 10 INFO neutron.wsgi [req-c8eb0943-7949-4737-b3b9-6bf905fef31b req-e4daa39b-f459-4c2c-b9ea-2ba56125be56 2792274a7d4242c187fcec61911abb6c e285f4ae60db4e68865db4924ca72e37 - - default default] 10.0.0.239 "GET /v2.0/security-groups/5f94b56b-48a3-45b1-8f32-4d49c9a39282 HTTP/1.1" status: 200 len: 1821 time: 0.0431731
2026-06-26 04:45:47.264 10 WARNING neutron_lib.context [req-c8eb0943-7949-4737-b3b9-6bf905fef31b req-4d029e28-718c-4f51-b4f3-43ded971af7e 2792274a7d4242c187fcec61911abb6c e285f4ae60db4e68865db4924ca72e37 - - default default] Method 'is_advsvc' is deprecated since 2023.2 release (neutron-lib 3.8.0) and will be removed once support for the old RBAC API policies will be removed from Neutron. Please use method 'is_service_role' instead.
2026-06-26 04:45:47.297 10 INFO neutron.db.ovn_revision_numbers_db [None req-a3dd6d04-1c59-474d-8cca-2a1604af0f0d 3cee948bdd5640ffa4efa3e3bd53e4bf e6373723048343c5985f96baf324c9b7 - - default default] Successfully bumped revision number for resource 61332383-c3fb-4f80-a682-99fdd7fa462a (type: security_group_rules) to 0
2026-06-26 04:45:47.331 10 INFO neutron.wsgi [None req-a3dd6d04-1c59-474d-8cca-2a1604af0f0d 3cee948bdd5640ffa4efa3e3bd53e4bf e6373723048343c5985f96baf324c9b7 - - default default] 10.0.0.211 "POST /v2.0/security-group-rules HTTP/1.1" status: 201 len: 769 time: 0.1983426
2026-06-26 04:45:47.332 11 INFO neutron.db.ovn_revision_numbers_db [None req-af547da7-9d9a-43f0-896f-6da32dcdc87f 0f19afc84ac44417a7a52e56bdcd6b44 35178ba0f0ad412f91ef319bf0c23b38 - - default default] Successfully bumped revision number for resource acb10886-beab-4ed3-ad9c-1b8de8891bcb (type: router_ports) to 1
2026-06-26 04:45:47.351 10 WARNING neutron_lib.context [None req-ad7e6184-3b87-44a0-bf07-3fc21325e006 3cee948bdd5640ffa4efa3e3bd53e4bf e6373723048343c5985f96baf324c9b7 - - default default] Method 'is_advsvc' is deprecated since 2023.2 release (neutron-lib 3.8.0) and will be removed once support for the old RBAC API policies will be removed from Neutron. Please use method 'is_service_role' instead.
2026-06-26 04:45:47.394 11 INFO neutron.db.ovn_revision_numbers_db [None req-e665c982-fad5-4af4-843a-3a1b969cc93a - - - - - -] Successfully bumped revision number for resource 510ba69b-8dfc-420a-a3f4-e27a299d6fec (type: router_ports) to 4
2026-06-26 04:45:47.473 11 INFO neutron.db.ovn_revision_numbers_db [None req-af547da7-9d9a-43f0-896f-6da32dcdc87f 0f19afc84ac44417a7a52e56bdcd6b44 35178ba0f0ad412f91ef319bf0c23b38 - - default default] Successfully bumped revision number for resource acb10886-beab-4ed3-ad9c-1b8de8891bcb (type: ports) to 1
2026-06-26 04:45:47.558 11 WARNING neutron.scheduler.dhcp_agent_scheduler [None req-af547da7-9d9a-43f0-896f-6da32dcdc87f 0f19afc84ac44417a7a52e56bdcd6b44 35178ba0f0ad412f91ef319bf0c23b38 - - default default] No more DHCP agents
2026-06-26 04:45:47.560 11 WARNING neutron.api.rpc.agentnotifiers.dhcp_rpc_agent_api [None req-af547da7-9d9a-43f0-896f-6da32dcdc87f 0f19afc84ac44417a7a52e56bdcd6b44 35178ba0f0ad412f91ef319bf0c23b38 - - default default] Unable to schedule network 5ea84c2c-3ecc-441d-ae8c-339f48a93381: no agents available; will retry on subsequent port and subnet creation events.
2026-06-26 04:45:47.581 10 INFO neutron.db.ovn_revision_numbers_db [req-c8eb0943-7949-4737-b3b9-6bf905fef31b req-4d029e28-718c-4f51-b4f3-43ded971af7e 2792274a7d4242c187fcec61911abb6c e285f4ae60db4e68865db4924ca72e37 - - default default] Successfully bumped revision number for resource 100ebc26-1718-42ca-b5bd-4c7bb0debebc (type: security_group_rules) to 0
2026-06-26 04:45:47.615 10 INFO neutron.wsgi [req-c8eb0943-7949-4737-b3b9-6bf905fef31b req-4d029e28-718c-4f51-b4f3-43ded971af7e 2792274a7d4242c187fcec61911abb6c e285f4ae60db4e68865db4924ca72e37 - - default default] 10.0.0.239 "POST /v2.0/security-group-rules HTTP/1.1" status: 201 len: 786 time: 0.3555281
2026-06-26 04:45:47.630 11 INFO neutron.wsgi [req-daee7202-361f-4795-b8bc-2840611cd57b req-9884a6ab-544e-4608-b8cf-29d174e1791b f98f8a7f205f41b7894ada0ebf3ff691 a1eaa7c9fa174f42a5fac89c228689af - - default default] 10.0.0.239 "GET /v2.0/ports?device_id=903394c9-944e-4909-8b7d-f5a1e44ada64 HTTP/1.1" status: 200 len: 210 time: 0.0266905
2026-06-26 04:45:47.694 10 INFO neutron.wsgi [req-aced862e-89a8-45ab-8981-39413085f0a6 req-e2969f9a-2d9e-4f97-9e4a-1d7c5a531ce4 2792274a7d4242c187fcec61911abb6c e285f4ae60db4e68865db4924ca72e37 - - default default] 10.0.0.239 "GET /v2.0/security-groups/5f94b56b-48a3-45b1-8f32-4d49c9a39282 HTTP/1.1" status: 200 len: 2414 time: 0.0550470
2026-06-26 04:45:47.707 10 WARNING neutron_lib.context [req-aced862e-89a8-45ab-8981-39413085f0a6 req-a882df43-e1a1-461e-8d5e-51d698a67791 2792274a7d4242c187fcec61911abb6c e285f4ae60db4e68865db4924ca72e37 - - default default] Method 'is_advsvc' is deprecated since 2023.2 release (neutron-lib 3.8.0) and will be removed once support for the old RBAC API policies will be removed from Neutron. Please use method 'is_service_role' instead.
2026-06-26 04:45:47.875 10 WARNING neutron.scheduler.dhcp_agent_scheduler [None req-ad7e6184-3b87-44a0-bf07-3fc21325e006 3cee948bdd5640ffa4efa3e3bd53e4bf e6373723048343c5985f96baf324c9b7 - - default default] No more DHCP agents
2026-06-26 04:45:47.882 10 WARNING neutron.api.rpc.agentnotifiers.dhcp_rpc_agent_api [None req-ad7e6184-3b87-44a0-bf07-3fc21325e006 3cee948bdd5640ffa4efa3e3bd53e4bf e6373723048343c5985f96baf324c9b7 - - default default] Unable to schedule network 343a9edb-8ec8-4aef-b6e3-8eda2ecc2105: no agents available; will retry on subsequent port and subnet creation events.
2026-06-26 04:45:47.899 10 INFO neutron.wsgi [req-842eff4b-93bb-4ea9-b7b1-e9f4a5553866 req-e7a0fb78-b49e-4fea-b6ba-fb8fac83104e f98f8a7f205f41b7894ada0ebf3ff691 a1eaa7c9fa174f42a5fac89c228689af - - default default] 199.204.45.23 "GET /v2.0/networks?id=aa8c1a58-1474-4e51-ac12-0ee276210846 HTTP/1.1" status: 200 len: 877 time: 0.2155707
2026-06-26 04:45:47.930 10 WARNING neutron_lib.context [req-842eff4b-93bb-4ea9-b7b1-e9f4a5553866 req-f759f5d2-aad5-452f-8c66-0a47dfa834d3 f98f8a7f205f41b7894ada0ebf3ff691 a1eaa7c9fa174f42a5fac89c228689af - - default default] Method 'is_advsvc' is deprecated since 2023.2 release (neutron-lib 3.8.0) and will be removed once support for the old RBAC API policies will be removed from Neutron. Please use method 'is_service_role' instead.
2026-06-26 04:45:48.069 10 INFO neutron.db.ovn_revision_numbers_db [req-aced862e-89a8-45ab-8981-39413085f0a6 req-a882df43-e1a1-461e-8d5e-51d698a67791 2792274a7d4242c187fcec61911abb6c e285f4ae60db4e68865db4924ca72e37 - - default default] Successfully bumped revision number for resource 8a6fd966-05aa-42b3-9d87-711aa70e5928 (type: security_group_rules) to 0
2026-06-26 04:45:48.129 10 INFO neutron.wsgi [req-aced862e-89a8-45ab-8981-39413085f0a6 req-a882df43-e1a1-461e-8d5e-51d698a67791 2792274a7d4242c187fcec61911abb6c e285f4ae60db4e68865db4924ca72e37 - - default default] 10.0.0.239 "POST /v2.0/security-group-rules HTTP/1.1" status: 201 len: 791 time: 0.4289434
2026-06-26 04:45:48.199 11 INFO neutron.wsgi [req-cc225202-1af7-4dd8-b16c-ce31981c4300 req-7318b3f2-c5b2-44ab-b0d9-bce3aa91211a 2792274a7d4242c187fcec61911abb6c e285f4ae60db4e68865db4924ca72e37 - - default default] 10.0.0.239 "GET /v2.0/security-groups/5f94b56b-48a3-45b1-8f32-4d49c9a39282 HTTP/1.1" status: 200 len: 3012 time: 0.0390496
2026-06-26 04:45:48.268 10 INFO neutron.wsgi [req-f1ca11c5-9764-4094-b67d-31f05cc1791f req-32cbddfa-7150-4aa8-bd5c-732a99ece8c2 2792274a7d4242c187fcec61911abb6c e285f4ae60db4e68865db4924ca72e37 - - default default] 10.0.0.239 "GET /v2.0/security-group-rules/8a6fd966-05aa-42b3-9d87-711aa70e5928 HTTP/1.1" status: 200 len: 783 time: 0.0314682
2026-06-26 04:45:48.356 10 INFO neutron.wsgi [req-f1ca11c5-9764-4094-b67d-31f05cc1791f req-652bc3d5-90ec-43c2-acba-8e8b1fa0f390 2792274a7d4242c187fcec61911abb6c e285f4ae60db4e68865db4924ca72e37 - - default default] 10.0.0.239 "GET /v2.0/security-groups/5f94b56b-48a3-45b1-8f32-4d49c9a39282 HTTP/1.1" status: 200 len: 3012 time: 0.0787356
2026-06-26 04:45:48.447 10 INFO neutron.db.ovn_revision_numbers_db [None req-ad7e6184-3b87-44a0-bf07-3fc21325e006 3cee948bdd5640ffa4efa3e3bd53e4bf e6373723048343c5985f96baf324c9b7 - - default default] Successfully bumped revision number for resource 4c018a63-8d41-480d-8850-7db9ae7b86b5 (type: floatingips) to 0
2026-06-26 04:45:48.488 10 INFO neutron.wsgi [None req-ad7e6184-3b87-44a0-bf07-3fc21325e006 3cee948bdd5640ffa4efa3e3bd53e4bf e6373723048343c5985f96baf324c9b7 - - default default] 10.0.0.211 "POST /v2.0/floatingips HTTP/1.1" status: 201 len: 751 time: 1.1455255
2026-06-26 04:45:48.529 10 WARNING neutron.scheduler.dhcp_agent_scheduler [req-842eff4b-93bb-4ea9-b7b1-e9f4a5553866 req-f759f5d2-aad5-452f-8c66-0a47dfa834d3 f98f8a7f205f41b7894ada0ebf3ff691 a1eaa7c9fa174f42a5fac89c228689af - - default default] No more DHCP agents
2026-06-26 04:45:48.531 11 INFO neutron.db.ovn_revision_numbers_db [None req-af547da7-9d9a-43f0-896f-6da32dcdc87f 0f19afc84ac44417a7a52e56bdcd6b44 35178ba0f0ad412f91ef319bf0c23b38 - - default default] Successfully bumped revision number for resource acb10886-beab-4ed3-ad9c-1b8de8891bcb (type: router_ports) to 1
2026-06-26 04:45:48.531 10 WARNING neutron.api.rpc.agentnotifiers.dhcp_rpc_agent_api [req-842eff4b-93bb-4ea9-b7b1-e9f4a5553866 req-f759f5d2-aad5-452f-8c66-0a47dfa834d3 f98f8a7f205f41b7894ada0ebf3ff691 a1eaa7c9fa174f42a5fac89c228689af - - default default] Unable to schedule network aa8c1a58-1474-4e51-ac12-0ee276210846: no agents available; will retry on subsequent port and subnet creation events.
2026-06-26 04:45:48.533 11 INFO neutron.wsgi [None req-af547da7-9d9a-43f0-896f-6da32dcdc87f 0f19afc84ac44417a7a52e56bdcd6b44 35178ba0f0ad412f91ef319bf0c23b38 - - default default] 10.0.0.211 "PUT /v2.0/routers/f786ef96-786e-4dd6-9f71-7dcfa612b353/add_router_interface HTTP/1.1" status: 200 len: 503 time: 3.1457038
2026-06-26 04:45:48.737 10 INFO neutron.wsgi [req-f1ca11c5-9764-4094-b67d-31f05cc1791f req-2f001f57-2036-49e3-bb32-10c37241e563 2792274a7d4242c187fcec61911abb6c e285f4ae60db4e68865db4924ca72e37 - - default default] 10.0.0.239 "DELETE /v2.0/security-group-rules/8a6fd966-05aa-42b3-9d87-711aa70e5928 HTTP/1.1" status: 204 len: 173 time: 0.3713646
2026-06-26 04:45:48.756 11 INFO neutron.wsgi [req-10975599-bab1-49c0-82dc-68f8e2fd2044 req-6e16709a-f4c6-48cd-b1c8-3436519064a2 f98f8a7f205f41b7894ada0ebf3ff691 a1eaa7c9fa174f42a5fac89c228689af - - default default] 10.0.0.239 "GET /v2.0/ports?device_id=903394c9-944e-4909-8b7d-f5a1e44ada64 HTTP/1.1" status: 200 len: 1160 time: 0.0570447 /var/lib/openstack/lib/python3.10/site-packages/pycadf/identifier.py:71: UserWarning: Invalid uuid: neutron. To ensure interoperability, identifiers should be a valid uuid. warnings.warn(('Invalid uuid: %s. To ensure interoperability, '
2026-06-26 04:45:48.810 11 INFO neutron.wsgi [req-10975599-bab1-49c0-82dc-68f8e2fd2044 req-eba0fe63-269b-4b41-9f76-2a820d938af4 f98f8a7f205f41b7894ada0ebf3ff691 a1eaa7c9fa174f42a5fac89c228689af - - default default] 10.0.0.239 "GET /v2.0/security-groups?id=ca31737b-f7a5-4f03-b446-1de02a291959&fields=id&fields=name HTTP/1.1" status: 200 len: 286 time: 0.0497015
2026-06-26 04:45:48.824 10 INFO neutron.wsgi [req-2dc56df4-d502-4f11-a893-f330095ff459 req-f93c6a83-bb4a-421b-931b-5cb71b3625a7 2792274a7d4242c187fcec61911abb6c e285f4ae60db4e68865db4924ca72e37 - - default default] 10.0.0.239 "GET /v2.0/security-groups/5f94b56b-48a3-45b1-8f32-4d49c9a39282 HTTP/1.1" status: 200 len: 2414 time: 0.0646720
2026-06-26 04:45:48.836 10 INFO neutron.db.ovn_revision_numbers_db [req-842eff4b-93bb-4ea9-b7b1-e9f4a5553866 req-f759f5d2-aad5-452f-8c66-0a47dfa834d3 f98f8a7f205f41b7894ada0ebf3ff691 a1eaa7c9fa174f42a5fac89c228689af - - default default] Successfully bumped revision number for resource cac745b5-a541-4a29-b4d7-4eb67d8d55d5 (type: ports) to 1
2026-06-26 04:45:48.863 10 INFO neutron.wsgi [req-842eff4b-93bb-4ea9-b7b1-e9f4a5553866 req-f759f5d2-aad5-452f-8c66-0a47dfa834d3 f98f8a7f205f41b7894ada0ebf3ff691 a1eaa7c9fa174f42a5fac89c228689af - - default default] 199.204.45.23 "POST /v2.0/ports HTTP/1.1" status: 201 len: 1162 time: 0.9422596
2026-06-26 04:45:48.878 10 INFO neutron.wsgi [req-842eff4b-93bb-4ea9-b7b1-e9f4a5553866 req-06c5d6fc-2213-4ea8-9fc6-558b918260f8 f98f8a7f205f41b7894ada0ebf3ff691 a1eaa7c9fa174f42a5fac89c228689af - - default default] 199.204.45.23 "GET /v2.0/extensions HTTP/1.1" status: 200 len: 16980 time: 0.0089147
2026-06-26 04:45:48.941 11 INFO neutron.wsgi [req-58db7157-3014-4e8f-8112-a577590da64a req-c7711655-1a96-4d6c-a862-cba7370d41b7 3cee948bdd5640ffa4efa3e3bd53e4bf e6373723048343c5985f96baf324c9b7 - - default default] 10.0.0.239 "GET /v2.0/security-groups?name=tempest-securitygroup--1589941107&fields=id&tenant_id=e6373723048343c5985f96baf324c9b7 HTTP/1.1" status: 200 len: 267 time: 0.0579531
2026-06-26 04:45:48.961 10 INFO neutron.wsgi [req-2dc56df4-d502-4f11-a893-f330095ff459 req-e6d1d112-8af8-4813-ae56-fc43fb20c507 2792274a7d4242c187fcec61911abb6c e285f4ae60db4e68865db4924ca72e37 - - default default] 10.0.0.239 "DELETE /v2.0/security-groups/5f94b56b-48a3-45b1-8f32-4d49c9a39282 HTTP/1.1" status: 204 len: 173 time: 0.1317763
2026-06-26 04:45:49.016 11 INFO neutron.wsgi [req-58db7157-3014-4e8f-8112-a577590da64a req-e00053b5-762c-4c91-8b0a-af6304354a8b 3cee948bdd5640ffa4efa3e3bd53e4bf e6373723048343c5985f96baf324c9b7 - - default default] 10.0.0.239 "GET /v2.0/networks?id=70b7a409-d08b-41d3-a60f-0b31581d1055 HTTP/1.1" status: 200 len: 875 time: 0.0664604
2026-06-26 04:45:49.020 10 INFO neutron.wsgi [req-661e1621-d888-49ad-9bd3-c2cdb4711499 req-0ba9bbb8-f995-4f4e-b9e9-bd029379372f 2792274a7d4242c187fcec61911abb6c e285f4ae60db4e68865db4924ca72e37 - - default default] 10.0.0.239 "GET /v2.0/security-groups/f7df9210-61bd-493a-8a09-e8b9d8409ade HTTP/1.1" status: 200 len: 2415 time: 0.0382874
2026-06-26 04:45:49.038 11 INFO neutron.wsgi [req-58db7157-3014-4e8f-8112-a577590da64a req-b65f981d-cc4e-45e2-bd93-a252086d1818 3cee948bdd5640ffa4efa3e3bd53e4bf e6373723048343c5985f96baf324c9b7 - - default default] 10.0.0.239 "GET /v2.0/quotas/e6373723048343c5985f96baf324c9b7 HTTP/1.1" status: 200 len: 386 time: 0.0132828
2026-06-26 04:45:49.123 11 INFO neutron.wsgi [req-58db7157-3014-4e8f-8112-a577590da64a req-40353bb0-074a-4e88-99eb-32b5bd3460ca 3cee948bdd5640ffa4efa3e3bd53e4bf e6373723048343c5985f96baf324c9b7 - - default default] 10.0.0.239 "GET /v2.0/ports?tenant_id=e6373723048343c5985f96baf324c9b7&fields=id HTTP/1.1" status: 200 len: 302 time: 0.0801680
2026-06-26 04:45:49.146 10 INFO neutron.wsgi [req-661e1621-d888-49ad-9bd3-c2cdb4711499 req-6fa86aa5-5b3e-412a-a40d-7048d734a083 2792274a7d4242c187fcec61911abb6c e285f4ae60db4e68865db4924ca72e37 - - default default] 10.0.0.239 "DELETE /v2.0/security-groups/f7df9210-61bd-493a-8a09-e8b9d8409ade HTTP/1.1" status: 204 len: 173 time: 0.1138556
2026-06-26 04:45:49.192 11 INFO neutron.wsgi [req-58db7157-3014-4e8f-8112-a577590da64a req-a3e857ca-36d0-413e-aeff-5050562dff3c d314d15e814d449199dcea8348f71246 9eb1c5eba02b4822af306e49c0425440 - - 9dd2a3d6d4b044059814358e15a07fe0 9dd2a3d6d4b044059814358e15a07fe0] 10.0.0.239 "GET /v2.0/networks/70b7a409-d08b-41d3-a60f-0b31581d1055?fields=segments HTTP/1.1" status: 200 len: 212 time: 0.0549140
2026-06-26 04:45:49.252 11 WARNING neutron_lib.context [None req-ea0b8f93-babb-4760-9d76-ddbe09a48c2c ec14bfffbc764f5eb270d9ff26f6348a 01b89014ee6242878f9ae8fd6687eb9e - - default default] Method 'is_advsvc' is deprecated since 2023.2 release (neutron-lib 3.8.0) and will be removed once support for the old RBAC API policies will be removed from Neutron. Please use method 'is_service_role' instead.
2026-06-26 04:45:49.277 11 INFO neutron.wsgi [req-58db7157-3014-4e8f-8112-a577590da64a req-48c31b42-87ec-49fe-a9de-23b28b013f64 d314d15e814d449199dcea8348f71246 9eb1c5eba02b4822af306e49c0425440 - - 9dd2a3d6d4b044059814358e15a07fe0 9dd2a3d6d4b044059814358e15a07fe0] 10.0.0.239 "GET /v2.0/networks/70b7a409-d08b-41d3-a60f-0b31581d1055?fields=provider%3Aphysical_network&fields=provider%3Anetwork_type HTTP/1.1" status: 200 len: 277 time: 0.0722232
2026-06-26 04:45:49.352 11 INFO neutron.db.ovn_revision_numbers_db [None req-ea0b8f93-babb-4760-9d76-ddbe09a48c2c ec14bfffbc764f5eb270d9ff26f6348a 01b89014ee6242878f9ae8fd6687eb9e - - default default] Successfully bumped revision number for resource 0e694bde-c7c5-42b9-9809-0ff75760a77c (type: security_groups) to 1
2026-06-26 04:45:49.362 11 INFO neutron.db.ovn_revision_numbers_db [None req-ea0b8f93-babb-4760-9d76-ddbe09a48c2c ec14bfffbc764f5eb270d9ff26f6348a 01b89014ee6242878f9ae8fd6687eb9e - - default default] Successfully bumped revision number for resource 455c717c-a517-4a20-961f-e7fb8f0d8161 (type: security_group_rules) to 0
2026-06-26 04:45:49.373 11 INFO neutron.db.ovn_revision_numbers_db [None req-ea0b8f93-babb-4760-9d76-ddbe09a48c2c ec14bfffbc764f5eb270d9ff26f6348a 01b89014ee6242878f9ae8fd6687eb9e - - default default] Successfully bumped revision number for resource 83d6f8bf-78e9-4445-860b-0e137c4b91d7 (type: security_group_rules) to 0
2026-06-26 04:45:49.390 11 INFO neutron.wsgi [None req-ea0b8f93-babb-4760-9d76-ddbe09a48c2c ec14bfffbc764f5eb270d9ff26f6348a 01b89014ee6242878f9ae8fd6687eb9e - - default default] 10.0.0.211 "POST /v2.0/security-groups HTTP/1.1" status: 201 len: 1796 time: 0.1430433
2026-06-26 04:45:49.406 11 WARNING neutron_lib.context [None req-386d6751-ea57-494d-9bc2-08fd098db7b7 ec14bfffbc764f5eb270d9ff26f6348a 01b89014ee6242878f9ae8fd6687eb9e - - default default] Method 'is_advsvc' is deprecated since 2023.2 release (neutron-lib 3.8.0) and will be removed once support for the old RBAC API policies will be removed from Neutron. Please use method 'is_service_role' instead.
2026-06-26 04:45:49.434 10 INFO neutron.wsgi [req-ccaf705b-e3d5-4da7-9ea2-cad87d69828f req-0c40195e-db9b-4605-a71a-10dd65d3ed26 3cee948bdd5640ffa4efa3e3bd53e4bf e6373723048343c5985f96baf324c9b7 - - default default] 10.0.0.239 "GET /v2.0/ports?device_id=7a448fb2-c521-4ddf-afd4-7dbab056588a HTTP/1.1" status: 200 len: 210 time: 0.0423920
2026-06-26 04:45:49.498 11 INFO neutron.db.ovn_revision_numbers_db [None req-386d6751-ea57-494d-9bc2-08fd098db7b7 ec14bfffbc764f5eb270d9ff26f6348a 01b89014ee6242878f9ae8fd6687eb9e - - default default] Successfully bumped revision number for resource 808f0a52-9d0b-4f42-9e39-4f18fca4772a (type: security_group_rules) to 0
2026-06-26 04:45:49.518 11 INFO neutron.wsgi [None req-386d6751-ea57-494d-9bc2-08fd098db7b7 ec14bfffbc764f5eb270d9ff26f6348a 01b89014ee6242878f9ae8fd6687eb9e - - default default] 10.0.0.211 "POST /v2.0/security-group-rules HTTP/1.1" status: 201 len: 764 time: 0.1155484
2026-06-26 04:45:49.531 11 WARNING neutron_lib.context [None req-910525cf-a5b5-44da-afb7-caadcf950124 ec14bfffbc764f5eb270d9ff26f6348a 01b89014ee6242878f9ae8fd6687eb9e - - default default] Method 'is_advsvc' is deprecated since 2023.2 release (neutron-lib 3.8.0) and will be removed once support for the old RBAC API policies will be removed from Neutron. Please use method 'is_service_role' instead.
2026-06-26 04:45:49.612 11 INFO neutron.db.ovn_revision_numbers_db [None req-910525cf-a5b5-44da-afb7-caadcf950124 ec14bfffbc764f5eb270d9ff26f6348a 01b89014ee6242878f9ae8fd6687eb9e - - default default] Successfully bumped revision number for resource ba8cdc2d-feb0-409a-ae5f-503914c3af1b (type: security_group_rules) to 0
2026-06-26 04:45:49.638 11 INFO neutron.wsgi [None req-910525cf-a5b5-44da-afb7-caadcf950124 ec14bfffbc764f5eb270d9ff26f6348a 01b89014ee6242878f9ae8fd6687eb9e - - default default] 10.0.0.211 "POST /v2.0/security-group-rules HTTP/1.1" status: 201 len: 769 time: 0.1100450
2026-06-26 04:45:49.656 11 WARNING neutron_lib.context [None req-30fcccbc-f7a7-4f1a-bf5f-1f2447227047 ec14bfffbc764f5eb270d9ff26f6348a 01b89014ee6242878f9ae8fd6687eb9e - - default default] Method 'is_advsvc' is deprecated since 2023.2 release (neutron-lib 3.8.0) and will be removed once support for the old RBAC API policies will be removed from Neutron. Please use method 'is_service_role' instead.
2026-06-26 04:45:49.670 11 WARNING neutron.plugins.ml2.drivers.ovn.mech_driver.ovsdb.ovn_client [None req-f217a9be-5b29-464f-9a5a-5afee2642517 - - - - - -] No hosting information found for port 522bc7e0-9f3e-4178-8588-059db028c1ef: RuntimeError: No hosting information found for port 522bc7e0-9f3e-4178-8588-059db028c1ef
2026-06-26 04:45:49.670 11 INFO neutron.plugins.ml2.drivers.ovn.mech_driver.mech_driver [None req-f217a9be-5b29-464f-9a5a-5afee2642517 - - - - - -] OVN reports status up for port: 510ba69b-8dfc-420a-a3f4-e27a299d6fec
2026-06-26 04:45:49.683 11 INFO neutron.plugins.ml2.plugin [None req-f217a9be-5b29-464f-9a5a-5afee2642517 - - - - - -] Attempt 1 to provision port 510ba69b-8dfc-420a-a3f4-e27a299d6fec
2026-06-26 04:45:49.846 11 INFO neutron.plugins.ml2.drivers.ovn.mech_driver.mech_driver [None req-f217a9be-5b29-464f-9a5a-5afee2642517 - - - - - -] OVN reports status up for port: acb10886-beab-4ed3-ad9c-1b8de8891bcb
2026-06-26 04:45:49.856 11 INFO neutron.plugins.ml2.plugin [None req-f217a9be-5b29-464f-9a5a-5afee2642517 - - - - - -] Attempt 1 to provision port acb10886-beab-4ed3-ad9c-1b8de8891bcb
2026-06-26 04:45:49.939 11 INFO neutron.wsgi [req-653ca07d-f632-497f-a196-12a806800d80 req-5b5f0959-a3ca-4501-84ad-80650af68f80 f98f8a7f205f41b7894ada0ebf3ff691 a1eaa7c9fa174f42a5fac89c228689af - - default default] 10.0.0.239 "GET /v2.0/ports?device_id=903394c9-944e-4909-8b7d-f5a1e44ada64 HTTP/1.1" status: 200 len: 1172 time: 0.0563657
2026-06-26 04:45:49.985 10 INFO neutron.db.ovn_revision_numbers_db [req-842eff4b-93bb-4ea9-b7b1-e9f4a5553866 req-638a0f9a-abbf-401d-9144-34d39cf0da1d d314d15e814d449199dcea8348f71246 9eb1c5eba02b4822af306e49c0425440 - - 9dd2a3d6d4b044059814358e15a07fe0 9dd2a3d6d4b044059814358e15a07fe0] Successfully bumped revision number for resource cac745b5-a541-4a29-b4d7-4eb67d8d55d5 (type: ports) to 2
2026-06-26 04:45:50.014 11 INFO neutron.wsgi [req-653ca07d-f632-497f-a196-12a806800d80 req-7b62f503-ccd0-453a-8b5b-e433592232d5 f98f8a7f205f41b7894ada0ebf3ff691 a1eaa7c9fa174f42a5fac89c228689af - - default default] 10.0.0.239 "GET /v2.0/security-groups?id=ca31737b-f7a5-4f03-b446-1de02a291959&fields=id&fields=name HTTP/1.1" status: 200 len: 286 time: 0.0651610
2026-06-26 04:45:50.032 11 WARNING neutron.scheduler.dhcp_agent_scheduler [None req-30fcccbc-f7a7-4f1a-bf5f-1f2447227047 ec14bfffbc764f5eb270d9ff26f6348a 01b89014ee6242878f9ae8fd6687eb9e - - default default] No more DHCP agents
2026-06-26 04:45:50.039 11 WARNING neutron.api.rpc.agentnotifiers.dhcp_rpc_agent_api [None req-30fcccbc-f7a7-4f1a-bf5f-1f2447227047 ec14bfffbc764f5eb270d9ff26f6348a 01b89014ee6242878f9ae8fd6687eb9e - - default default] Unable to schedule network 343a9edb-8ec8-4aef-b6e3-8eda2ecc2105: no agents available; will retry on subsequent port and subnet creation events.
2026-06-26 04:45:50.283 10 INFO neutron.db.ovn_revision_numbers_db [req-842eff4b-93bb-4ea9-b7b1-e9f4a5553866 req-638a0f9a-abbf-401d-9144-34d39cf0da1d d314d15e814d449199dcea8348f71246 9eb1c5eba02b4822af306e49c0425440 - - 9dd2a3d6d4b044059814358e15a07fe0 9dd2a3d6d4b044059814358e15a07fe0] Successfully bumped revision number for resource cac745b5-a541-4a29-b4d7-4eb67d8d55d5 (type: ports) to 2
2026-06-26 04:45:50.302 10 INFO neutron.wsgi [req-842eff4b-93bb-4ea9-b7b1-e9f4a5553866 req-638a0f9a-abbf-401d-9144-34d39cf0da1d d314d15e814d449199dcea8348f71246 9eb1c5eba02b4822af306e49c0425440 - - 9dd2a3d6d4b044059814358e15a07fe0 9dd2a3d6d4b044059814358e15a07fe0] 199.204.45.23 "PUT /v2.0/ports/cac745b5-a541-4a29-b4d7-4eb67d8d55d5 HTTP/1.1" status: 200 len: 1380 time: 1.0913069 /var/lib/openstack/lib/python3.10/site-packages/pycadf/identifier.py:71: UserWarning: Invalid uuid: neutron. To ensure interoperability, identifiers should be a valid uuid. warnings.warn(('Invalid uuid: %s. To ensure interoperability, '
2026-06-26 04:45:50.380 11 INFO neutron.db.ovn_revision_numbers_db [None req-f217a9be-5b29-464f-9a5a-5afee2642517 - - - - - -] Successfully bumped revision number for resource acb10886-beab-4ed3-ad9c-1b8de8891bcb (type: ports) to 2
2026-06-26 04:45:50.418 10 INFO neutron.wsgi [req-842eff4b-93bb-4ea9-b7b1-e9f4a5553866 req-a49c1b29-d7c5-4760-a5c4-96e1a9e1d4e8 d314d15e814d449199dcea8348f71246 9eb1c5eba02b4822af306e49c0425440 - - 9dd2a3d6d4b044059814358e15a07fe0 9dd2a3d6d4b044059814358e15a07fe0] 199.204.45.23 "GET /v2.0/ports?tenant_id=a1eaa7c9fa174f42a5fac89c228689af&device_id=903394c9-944e-4909-8b7d-f5a1e44ada64 HTTP/1.1" status: 200 len: 1411 time: 0.0579195
2026-06-26 04:45:50.472 10 INFO neutron.wsgi [req-842eff4b-93bb-4ea9-b7b1-e9f4a5553866 req-5606d5b4-d2b4-4792-ac2d-5c19321590fc d314d15e814d449199dcea8348f71246 9eb1c5eba02b4822af306e49c0425440 - - 9dd2a3d6d4b044059814358e15a07fe0 9dd2a3d6d4b044059814358e15a07fe0] 199.204.45.23 "GET /v2.0/floatingips?fixed_ip_address=10.100.0.11&port_id=cac745b5-a541-4a29-b4d7-4eb67d8d55d5 HTTP/1.1" status: 200 len: 217 time: 0.0426209
2026-06-26 04:45:50.489 11 INFO neutron.db.ovn_revision_numbers_db [None req-f217a9be-5b29-464f-9a5a-5afee2642517 - - - - - -] Successfully bumped revision number for resource acb10886-beab-4ed3-ad9c-1b8de8891bcb (type: router_ports) to 2
2026-06-26 04:45:50.524 11 INFO neutron.db.ovn_revision_numbers_db [None req-30fcccbc-f7a7-4f1a-bf5f-1f2447227047 ec14bfffbc764f5eb270d9ff26f6348a 01b89014ee6242878f9ae8fd6687eb9e - - default default] Successfully bumped revision number for resource ddeac5e0-eaf3-46ea-895c-2db25e4a5cee (type: floatingips) to 0
2026-06-26 04:45:50.556 11 INFO neutron.wsgi [None req-30fcccbc-f7a7-4f1a-bf5f-1f2447227047 ec14bfffbc764f5eb270d9ff26f6348a 01b89014ee6242878f9ae8fd6687eb9e - - default default] 10.0.0.211 "POST /v2.0/floatingips HTTP/1.1" status: 201 len: 751 time: 0.9072044
2026-06-26 04:45:50.557 10 INFO neutron.wsgi [req-842eff4b-93bb-4ea9-b7b1-e9f4a5553866 req-e0921381-52fc-4b36-9e51-fbee5d5670e4 d314d15e814d449199dcea8348f71246 9eb1c5eba02b4822af306e49c0425440 - - 9dd2a3d6d4b044059814358e15a07fe0 9dd2a3d6d4b044059814358e15a07fe0] 199.204.45.23 "GET /v2.0/subnets?id=c1b50399-f582-4fca-9ef0-762b41315acc HTTP/1.1" status: 200 len: 871 time: 0.0599804
2026-06-26 04:45:50.602 10 INFO neutron.wsgi [req-842eff4b-93bb-4ea9-b7b1-e9f4a5553866 req-296e0b3c-1636-4736-93d6-04212930ce29 d314d15e814d449199dcea8348f71246 9eb1c5eba02b4822af306e49c0425440 - - 9dd2a3d6d4b044059814358e15a07fe0 9dd2a3d6d4b044059814358e15a07fe0] 199.204.45.23 "GET /v2.0/ports?network_id=aa8c1a58-1474-4e51-ac12-0ee276210846&device_owner=network%3Adhcp HTTP/1.1" status: 200 len: 210 time: 0.0361645
2026-06-26 04:45:50.610 10 INFO neutron.wsgi [req-58db7157-3014-4e8f-8112-a577590da64a req-a4996d11-1501-4295-b654-5fbeab1e081c 3cee948bdd5640ffa4efa3e3bd53e4bf e6373723048343c5985f96baf324c9b7 - - default default] 199.204.45.23 "GET /v2.0/networks?id=70b7a409-d08b-41d3-a60f-0b31581d1055 HTTP/1.1" status: 200 len: 875 time: 0.1122253
2026-06-26 04:45:50.709 10 INFO neutron.wsgi [req-58db7157-3014-4e8f-8112-a577590da64a req-d59a9656-e484-4f7d-a8e1-0dbf2acc4970 3cee948bdd5640ffa4efa3e3bd53e4bf e6373723048343c5985f96baf324c9b7 - - default default] 199.204.45.23 "GET /v2.0/security-groups?fields=id&fields=name&tenant_id=e6373723048343c5985f96baf324c9b7 HTTP/1.1" status: 200 len: 380 time: 0.0899868
2026-06-26 04:45:50.729 10 INFO neutron.wsgi [req-842eff4b-93bb-4ea9-b7b1-e9f4a5553866 req-9ad6a8b8-cbcd-4fbd-a68f-73f32b57eba2 d314d15e814d449199dcea8348f71246 9eb1c5eba02b4822af306e49c0425440 - - 9dd2a3d6d4b044059814358e15a07fe0 9dd2a3d6d4b044059814358e15a07fe0] 199.204.45.23 "GET /v2.0/networks/aa8c1a58-1474-4e51-ac12-0ee276210846?fields=segments HTTP/1.1" status: 200 len: 212 time: 0.1083283
2026-06-26 04:45:50.743 10 WARNING neutron_lib.context [req-58db7157-3014-4e8f-8112-a577590da64a req-007345f4-772d-44d0-87b8-78babea4c4a3 3cee948bdd5640ffa4efa3e3bd53e4bf e6373723048343c5985f96baf324c9b7 - - default default] Method 'is_advsvc' is deprecated since 2023.2 release (neutron-lib 3.8.0) and will be removed once support for the old RBAC API policies will be removed from Neutron. Please use method 'is_service_role' instead.
2026-06-26 04:45:50.746 10 INFO neutron.wsgi [req-7c6a779d-ab6c-410b-adba-f059d27b9c66 req-5c230286-92c7-4e3d-a6f5-4762a6964edd 3cee948bdd5640ffa4efa3e3bd53e4bf e6373723048343c5985f96baf324c9b7 - - default default] 10.0.0.239 "GET /v2.0/ports?device_id=7a448fb2-c521-4ddf-afd4-7dbab056588a HTTP/1.1" status: 200 len: 210 time: 0.0555341
2026-06-26 04:45:50.747 10 INFO neutron.notifiers.nova [-] Nova event matching ['req-2b359bcd-a9f1-4ea2-99b0-ad20b667c438'] response: {'name': 'network-changed', 'server_uuid': '903394c9-944e-4909-8b7d-f5a1e44ada64', 'tag': 'cac745b5-a541-4a29-b4d7-4eb67d8d55d5', 'status': 'completed', 'code': 200}
2026-06-26 04:45:50.863 10 INFO neutron.wsgi [req-842eff4b-93bb-4ea9-b7b1-e9f4a5553866 req-fdbcb3c2-1008-44ae-bc70-42bfdf53383c d314d15e814d449199dcea8348f71246 9eb1c5eba02b4822af306e49c0425440 - - 9dd2a3d6d4b044059814358e15a07fe0 9dd2a3d6d4b044059814358e15a07fe0] 199.204.45.23 "GET /v2.0/networks/aa8c1a58-1474-4e51-ac12-0ee276210846?fields=provider%3Aphysical_network&fields=provider%3Anetwork_type HTTP/1.1" status: 200 len: 277 time: 0.1133623
2026-06-26 04:45:51.022 11 INFO neutron.wsgi [req-88afca69-df98-44d8-8e7e-ed4a6e9f5fc1 req-62398622-bc85-4ee2-88fe-841df7c9ef98 ec14bfffbc764f5eb270d9ff26f6348a 01b89014ee6242878f9ae8fd6687eb9e - - default default] 10.0.0.239 "GET /v2.0/security-groups?name=tempest-securitygroup--112889580&fields=id&tenant_id=01b89014ee6242878f9ae8fd6687eb9e HTTP/1.1" status: 200 len: 267 time: 0.0396736
2026-06-26 04:45:51.095 11 INFO neutron.wsgi [req-88afca69-df98-44d8-8e7e-ed4a6e9f5fc1 req-83f1b921-51bc-45ec-927d-c4914a206bea ec14bfffbc764f5eb270d9ff26f6348a 01b89014ee6242878f9ae8fd6687eb9e - - default default] 10.0.0.239 "GET /v2.0/networks?id=5ea84c2c-3ecc-441d-ae8c-339f48a93381 HTTP/1.1" status: 200 len: 883 time: 0.0672765
2026-06-26 04:45:51.101 10 INFO neutron.wsgi [req-aa368978-c2a0-46fc-bd4f-650cbf1537c4 req-c120a562-75cc-408d-9ad6-7bfd4ad35a9a d314d15e814d449199dcea8348f71246 9eb1c5eba02b4822af306e49c0425440 - - 9dd2a3d6d4b044059814358e15a07fe0 9dd2a3d6d4b044059814358e15a07fe0] 199.204.45.23 "GET /v2.0/ports?tenant_id=a1eaa7c9fa174f42a5fac89c228689af&device_id=903394c9-944e-4909-8b7d-f5a1e44ada64 HTTP/1.1" status: 200 len: 1411 time: 0.0537961
2026-06-26 04:45:51.114 11 INFO neutron.wsgi [req-88afca69-df98-44d8-8e7e-ed4a6e9f5fc1 req-a1bd1ed0-ade2-4dda-9634-9de7b90a9a8c ec14bfffbc764f5eb270d9ff26f6348a 01b89014ee6242878f9ae8fd6687eb9e - - default default] 10.0.0.239 "GET /v2.0/quotas/01b89014ee6242878f9ae8fd6687eb9e HTTP/1.1" status: 200 len: 386 time: 0.0107613
2026-06-26 04:45:51.219 11 INFO neutron.wsgi [req-88afca69-df98-44d8-8e7e-ed4a6e9f5fc1 req-d1a19ea1-9a80-46f7-bebe-a3368158d659 ec14bfffbc764f5eb270d9ff26f6348a 01b89014ee6242878f9ae8fd6687eb9e - - default default] 10.0.0.239 "GET /v2.0/ports?tenant_id=01b89014ee6242878f9ae8fd6687eb9e&fields=id HTTP/1.1" status: 200 len: 302 time: 0.0970542
2026-06-26 04:45:51.276 11 INFO neutron.wsgi [req-88afca69-df98-44d8-8e7e-ed4a6e9f5fc1 req-6e69f4c8-5694-415d-b5bd-8523567bd658 d314d15e814d449199dcea8348f71246 9eb1c5eba02b4822af306e49c0425440 - - 9dd2a3d6d4b044059814358e15a07fe0 9dd2a3d6d4b044059814358e15a07fe0] 10.0.0.239 "GET /v2.0/networks/5ea84c2c-3ecc-441d-ae8c-339f48a93381?fields=segments HTTP/1.1" status: 200 len: 212 time: 0.0452847
2026-06-26 04:45:51.281 10 INFO neutron.wsgi [req-aa368978-c2a0-46fc-bd4f-650cbf1537c4 req-72c9f2e2-7ed8-4064-85cf-8cf23707f6a2 d314d15e814d449199dcea8348f71246 9eb1c5eba02b4822af306e49c0425440 - - 9dd2a3d6d4b044059814358e15a07fe0 9dd2a3d6d4b044059814358e15a07fe0] 199.204.45.23 "GET /v2.0/networks?id=aa8c1a58-1474-4e51-ac12-0ee276210846 HTTP/1.1" status: 200 len: 976 time: 0.1376336
2026-06-26 04:45:51.285 10 INFO neutron.wsgi [req-91456816-86c8-4848-bb68-9dd6fdc85a7b req-12531dca-8e6a-4c81-8c1f-c6eb52bb55a4 f98f8a7f205f41b7894ada0ebf3ff691 a1eaa7c9fa174f42a5fac89c228689af - - default default] 10.0.0.239 "GET /v2.0/ports?device_id=903394c9-944e-4909-8b7d-f5a1e44ada64 HTTP/1.1" status: 200 len: 1172 time: 0.1950076
2026-06-26 04:45:51.324 10 INFO neutron.wsgi [req-aa368978-c2a0-46fc-bd4f-650cbf1537c4 req-f9f26135-21a7-4ca3-8b48-f41df47e1b6d d314d15e814d449199dcea8348f71246 9eb1c5eba02b4822af306e49c0425440 - - 9dd2a3d6d4b044059814358e15a07fe0 9dd2a3d6d4b044059814358e15a07fe0] 199.204.45.23 "GET /v2.0/floatingips?fixed_ip_address=10.100.0.11&port_id=cac745b5-a541-4a29-b4d7-4eb67d8d55d5 HTTP/1.1" status: 200 len: 217 time: 0.0364015
2026-06-26 04:45:51.337 11 INFO neutron.wsgi [req-88afca69-df98-44d8-8e7e-ed4a6e9f5fc1 req-262d43c4-610c-436a-a319-2173d5cc6a84 d314d15e814d449199dcea8348f71246 9eb1c5eba02b4822af306e49c0425440 - - 9dd2a3d6d4b044059814358e15a07fe0 9dd2a3d6d4b044059814358e15a07fe0] 10.0.0.239 "GET /v2.0/networks/5ea84c2c-3ecc-441d-ae8c-339f48a93381?fields=provider%3Aphysical_network&fields=provider%3Anetwork_type HTTP/1.1" status: 200 len: 277 time: 0.0561817
2026-06-26 04:45:51.390 10 INFO neutron.wsgi [req-91456816-86c8-4848-bb68-9dd6fdc85a7b req-ecff8eff-c79c-4df8-a643-c425138b8a5a f98f8a7f205f41b7894ada0ebf3ff691 a1eaa7c9fa174f42a5fac89c228689af - - default default] 10.0.0.239 "GET /v2.0/security-groups?id=ca31737b-f7a5-4f03-b446-1de02a291959&fields=id&fields=name HTTP/1.1" status: 200 len: 286 time: 0.0915453
2026-06-26 04:45:51.401 10 INFO neutron.wsgi [req-aa368978-c2a0-46fc-bd4f-650cbf1537c4 req-0f994fec-45d4-4b3b-87c1-e8002c2f4217 d314d15e814d449199dcea8348f71246 9eb1c5eba02b4822af306e49c0425440 - - 9dd2a3d6d4b044059814358e15a07fe0 9dd2a3d6d4b044059814358e15a07fe0] 199.204.45.23 "GET /v2.0/subnets?id=c1b50399-f582-4fca-9ef0-762b41315acc HTTP/1.1" status: 200 len: 871 time: 0.0664611 /var/lib/openstack/lib/python3.10/site-packages/pycadf/identifier.py:71: UserWarning: Invalid uuid: neutron. To ensure interoperability, identifiers should be a valid uuid. warnings.warn(('Invalid uuid: %s. To ensure interoperability, '
2026-06-26 04:45:51.425 10 INFO neutron.wsgi [req-aa368978-c2a0-46fc-bd4f-650cbf1537c4 req-2b4a7717-049e-4bdc-8c02-242b6b67668b d314d15e814d449199dcea8348f71246 9eb1c5eba02b4822af306e49c0425440 - - 9dd2a3d6d4b044059814358e15a07fe0 9dd2a3d6d4b044059814358e15a07fe0] 199.204.45.23 "GET /v2.0/ports?network_id=aa8c1a58-1474-4e51-ac12-0ee276210846&device_owner=network%3Adhcp HTTP/1.1" status: 200 len: 210 time: 0.0164385 /var/lib/openstack/lib/python3.10/site-packages/pycadf/identifier.py:71: UserWarning: Invalid uuid: neutron. To ensure interoperability, identifiers should be a valid uuid. warnings.warn(('Invalid uuid: %s. To ensure interoperability, '
2026-06-26 04:45:51.500 10 INFO neutron.wsgi [req-e456f786-4eb7-4c76-b5d3-d286c3474e2f req-aacc2e1f-c453-4df5-8fb0-b9c32e8ae720 ec14bfffbc764f5eb270d9ff26f6348a 01b89014ee6242878f9ae8fd6687eb9e - - default default] 10.0.0.239 "GET /v2.0/ports?device_id=1e9f06fb-b61e-4893-ae45-38c963e613ff HTTP/1.1" status: 200 len: 210 time: 0.0422463
2026-06-26 04:45:51.503 10 WARNING neutron.scheduler.dhcp_agent_scheduler [req-58db7157-3014-4e8f-8112-a577590da64a req-007345f4-772d-44d0-87b8-78babea4c4a3 3cee948bdd5640ffa4efa3e3bd53e4bf e6373723048343c5985f96baf324c9b7 - - default default] No more DHCP agents
2026-06-26 04:45:51.505 10 INFO neutron.wsgi [None req-e4936f10-0330-418a-843b-3f197d5391c6 0f19afc84ac44417a7a52e56bdcd6b44 35178ba0f0ad412f91ef319bf0c23b38 - - default default] 10.0.0.211 "PUT /v2.0/routers/9e9e5a0f-81a9-47a0-929a-d9c8e244ec13/remove_router_interface HTTP/1.1" status: 200 len: 503 time: 2.3510175
2026-06-26 04:45:51.508 10 WARNING neutron.api.rpc.agentnotifiers.dhcp_rpc_agent_api [req-58db7157-3014-4e8f-8112-a577590da64a req-007345f4-772d-44d0-87b8-78babea4c4a3 3cee948bdd5640ffa4efa3e3bd53e4bf e6373723048343c5985f96baf324c9b7 - - default default] Unable to schedule network 70b7a409-d08b-41d3-a60f-0b31581d1055: no agents available; will retry on subsequent port and subnet creation events.
2026-06-26 04:45:51.559 10 INFO neutron.wsgi [req-aa368978-c2a0-46fc-bd4f-650cbf1537c4 req-9728078b-108a-499d-aabd-8d5275f81fa0 d314d15e814d449199dcea8348f71246 9eb1c5eba02b4822af306e49c0425440 - - 9dd2a3d6d4b044059814358e15a07fe0 9dd2a3d6d4b044059814358e15a07fe0] 199.204.45.23 "GET /v2.0/networks/aa8c1a58-1474-4e51-ac12-0ee276210846?fields=segments HTTP/1.1" status: 200 len: 212 time: 0.1033714 /var/lib/openstack/lib/python3.10/site-packages/pycadf/identifier.py:71: UserWarning: Invalid uuid: neutron. To ensure interoperability, identifiers should be a valid uuid. warnings.warn(('Invalid uuid: %s. To ensure interoperability, '
2026-06-26 04:45:51.630 10 INFO neutron.wsgi [req-aa368978-c2a0-46fc-bd4f-650cbf1537c4 req-8c9e5d77-620f-4a38-b82d-59d9b76ce01d d314d15e814d449199dcea8348f71246 9eb1c5eba02b4822af306e49c0425440 - - 9dd2a3d6d4b044059814358e15a07fe0 9dd2a3d6d4b044059814358e15a07fe0] 199.204.45.23 "GET /v2.0/networks/aa8c1a58-1474-4e51-ac12-0ee276210846?fields=provider%3Aphysical_network&fields=provider%3Anetwork_type HTTP/1.1" status: 200 len: 277 time: 0.0662627
2026-06-26 04:45:51.664 10 INFO neutron.db.ovn_revision_numbers_db [req-58db7157-3014-4e8f-8112-a577590da64a req-007345f4-772d-44d0-87b8-78babea4c4a3 3cee948bdd5640ffa4efa3e3bd53e4bf e6373723048343c5985f96baf324c9b7 - - default default] Successfully bumped revision number for resource c166c39d-d3e4-4339-bc76-2801f8b89f29 (type: ports) to 1
2026-06-26 04:45:51.689 10 INFO neutron.wsgi [req-58db7157-3014-4e8f-8112-a577590da64a req-007345f4-772d-44d0-87b8-78babea4c4a3 3cee948bdd5640ffa4efa3e3bd53e4bf e6373723048343c5985f96baf324c9b7 - - default default] 199.204.45.23 "POST /v2.0/ports HTTP/1.1" status: 201 len: 1162 time: 0.9706187
2026-06-26 04:45:51.848 11 INFO neutron.wsgi [req-370bb5e5-8162-4143-a187-e4006cc111d6 req-0e8e7dfc-542b-4a7a-96c5-0a67bd4afef9 3cee948bdd5640ffa4efa3e3bd53e4bf e6373723048343c5985f96baf324c9b7 - - default default] 10.0.0.239 "GET /v2.0/ports?device_id=7a448fb2-c521-4ddf-afd4-7dbab056588a HTTP/1.1" status: 200 len: 1160 time: 0.0369711
2026-06-26 04:45:51.899 11 INFO neutron.wsgi [req-370bb5e5-8162-4143-a187-e4006cc111d6 req-1babe840-af5d-4877-8702-693ce3892281 3cee948bdd5640ffa4efa3e3bd53e4bf e6373723048343c5985f96baf324c9b7 - - default default] 10.0.0.239 "GET /v2.0/security-groups?id=d9d7f9b8-a2d8-420d-93e6-1a12620c690d&fields=id&fields=name HTTP/1.1" status: 200 len: 313 time: 0.0450919
2026-06-26 04:45:52.048 10 INFO neutron.db.ovn_revision_numbers_db [req-58db7157-3014-4e8f-8112-a577590da64a req-f1d73432-7ba2-4659-8364-45ac1daffb4d d314d15e814d449199dcea8348f71246 9eb1c5eba02b4822af306e49c0425440 - - 9dd2a3d6d4b044059814358e15a07fe0 9dd2a3d6d4b044059814358e15a07fe0] Successfully bumped revision number for resource c166c39d-d3e4-4339-bc76-2801f8b89f29 (type: ports) to 2 /var/lib/openstack/lib/python3.10/site-packages/pycadf/identifier.py:71: UserWarning: Invalid uuid: neutron. To ensure interoperability, identifiers should be a valid uuid. warnings.warn(('Invalid uuid: %s. To ensure interoperability, '
2026-06-26 04:45:52.182 10 INFO neutron.wsgi [req-88afca69-df98-44d8-8e7e-ed4a6e9f5fc1 req-46ca70aa-e207-4a2a-a031-21d730431d8f ec14bfffbc764f5eb270d9ff26f6348a 01b89014ee6242878f9ae8fd6687eb9e - - default default] 199.204.45.23 "GET /v2.0/networks?id=5ea84c2c-3ecc-441d-ae8c-339f48a93381 HTTP/1.1" status: 200 len: 883 time: 0.0757136
2026-06-26 04:45:52.242 10 INFO neutron.wsgi [req-88afca69-df98-44d8-8e7e-ed4a6e9f5fc1 req-cd60b154-7766-47eb-b37c-9a4ae7105753 ec14bfffbc764f5eb270d9ff26f6348a 01b89014ee6242878f9ae8fd6687eb9e - - default default] 199.204.45.23 "GET /v2.0/security-groups?fields=id&fields=name&tenant_id=01b89014ee6242878f9ae8fd6687eb9e HTTP/1.1" status: 200 len: 379 time: 0.0550294 /var/lib/openstack/lib/python3.10/site-packages/pycadf/identifier.py:71: UserWarning: Invalid uuid: neutron. To ensure interoperability, identifiers should be a valid uuid. warnings.warn(('Invalid uuid: %s. To ensure interoperability, '
2026-06-26 04:45:52.255 10 WARNING neutron_lib.context [req-88afca69-df98-44d8-8e7e-ed4a6e9f5fc1 req-48664575-0e02-40c1-b613-2bc888ef0d6e ec14bfffbc764f5eb270d9ff26f6348a 01b89014ee6242878f9ae8fd6687eb9e - - default default] Method 'is_advsvc' is deprecated since 2023.2 release (neutron-lib 3.8.0) and will be removed once support for the old RBAC API policies will be removed from Neutron. Please use method 'is_service_role' instead.
2026-06-26 04:45:52.305 10 INFO neutron.db.ovn_revision_numbers_db [req-58db7157-3014-4e8f-8112-a577590da64a req-f1d73432-7ba2-4659-8364-45ac1daffb4d d314d15e814d449199dcea8348f71246 9eb1c5eba02b4822af306e49c0425440 - - 9dd2a3d6d4b044059814358e15a07fe0 9dd2a3d6d4b044059814358e15a07fe0] Successfully bumped revision number for resource c166c39d-d3e4-4339-bc76-2801f8b89f29 (type: ports) to 2
2026-06-26 04:45:52.324 10 INFO neutron.wsgi [req-58db7157-3014-4e8f-8112-a577590da64a req-f1d73432-7ba2-4659-8364-45ac1daffb4d d314d15e814d449199dcea8348f71246 9eb1c5eba02b4822af306e49c0425440 - - 9dd2a3d6d4b044059814358e15a07fe0 9dd2a3d6d4b044059814358e15a07fe0] 199.204.45.23 "PUT /v2.0/ports/c166c39d-d3e4-4339-bc76-2801f8b89f29 HTTP/1.1" status: 200 len: 1380 time: 0.6292355
2026-06-26 04:45:52.339 11 INFO neutron.wsgi [None req-9c864647-615a-4ef2-a447-220e5af99754 0f19afc84ac44417a7a52e56bdcd6b44 35178ba0f0ad412f91ef319bf0c23b38 - - default default] 10.0.0.211 "DELETE /v2.0/routers/9e9e5a0f-81a9-47a0-929a-d9c8e244ec13 HTTP/1.1" status: 204 len: 168 time: 0.8295696
2026-06-26 04:45:52.382 10 WARNING neutron.plugins.ml2.drivers.ovn.mech_driver.ovsdb.ovn_client [None req-f81445b7-0796-430c-8397-97ef11356779 - - - - - -] No port found with ID 911f5861-c297-46c8-b023-cefd69014171: RuntimeError: No port found with ID 911f5861-c297-46c8-b023-cefd69014171
2026-06-26 04:45:52.382 10 INFO neutron.plugins.ml2.drivers.ovn.mech_driver.mech_driver [None req-f81445b7-0796-430c-8397-97ef11356779 - - - - - -] OVN reports status up for port: c82f0694-7e4c-4b2f-8edc-3a84da30c3cc
2026-06-26 04:45:52.391 10 INFO neutron.plugins.ml2.plugin [None req-f81445b7-0796-430c-8397-97ef11356779 - - - - - -] Attempt 1 to provision port c82f0694-7e4c-4b2f-8edc-3a84da30c3cc
2026-06-26 04:45:52.450 10 INFO neutron.wsgi [req-58db7157-3014-4e8f-8112-a577590da64a req-4ae8225e-5727-4c9e-ba38-7fe70912825f d314d15e814d449199dcea8348f71246 9eb1c5eba02b4822af306e49c0425440 - - 9dd2a3d6d4b044059814358e15a07fe0 9dd2a3d6d4b044059814358e15a07fe0] 199.204.45.23 "GET /v2.0/ports?tenant_id=e6373723048343c5985f96baf324c9b7&device_id=7a448fb2-c521-4ddf-afd4-7dbab056588a HTTP/1.1" status: 200 len: 1411 time: 0.0487933
2026-06-26 04:45:52.493 10 INFO neutron.wsgi [req-58db7157-3014-4e8f-8112-a577590da64a req-ccc19d41-53fe-4a12-aac3-48fff2c6dacc d314d15e814d449199dcea8348f71246 9eb1c5eba02b4822af306e49c0425440 - - 9dd2a3d6d4b044059814358e15a07fe0 9dd2a3d6d4b044059814358e15a07fe0] 199.204.45.23 "GET /v2.0/floatingips?fixed_ip_address=10.100.0.10&port_id=c166c39d-d3e4-4339-bc76-2801f8b89f29 HTTP/1.1" status: 200 len: 217 time: 0.0329463
2026-06-26 04:45:52.523 10 INFO neutron.wsgi [req-2416074e-19a0-4700-b3bb-919e78ceecf2 req-0c17f9c8-f6d6-439c-af0f-d9ee4d01c782 f98f8a7f205f41b7894ada0ebf3ff691 a1eaa7c9fa174f42a5fac89c228689af - - default default] 10.0.0.239 "GET /v2.0/ports?device_id=903394c9-944e-4909-8b7d-f5a1e44ada64 HTTP/1.1" status: 200 len: 1172 time: 0.0676677
2026-06-26 04:45:52.583 10 INFO neutron.wsgi [req-58db7157-3014-4e8f-8112-a577590da64a req-21f93b59-c0f7-4c43-8adf-389464bcd548 d314d15e814d449199dcea8348f71246 9eb1c5eba02b4822af306e49c0425440 - - 9dd2a3d6d4b044059814358e15a07fe0 9dd2a3d6d4b044059814358e15a07fe0] 199.204.45.23 "GET /v2.0/subnets?id=2082569a-c16b-48b6-8cf0-383fd049c01a HTTP/1.1" status: 200 len: 869 time: 0.0802681
2026-06-26 04:45:52.616 11 INFO neutron.wsgi [req-bc79f048-fb62-44ca-99f2-112110f1f046 req-ff6c907d-1f84-483d-9aa7-2b56156440fb ec14bfffbc764f5eb270d9ff26f6348a 01b89014ee6242878f9ae8fd6687eb9e - - default default] 10.0.0.239 "GET /v2.0/ports?device_id=1e9f06fb-b61e-4893-ae45-38c963e613ff HTTP/1.1" status: 200 len: 210 time: 0.0217490
2026-06-26 04:45:52.625 10 INFO neutron.wsgi [req-2416074e-19a0-4700-b3bb-919e78ceecf2 req-ac9aec80-c93e-428c-b518-33b0c1dd07b1 f98f8a7f205f41b7894ada0ebf3ff691 a1eaa7c9fa174f42a5fac89c228689af - - default default] 10.0.0.239 "GET /v2.0/security-groups?id=ca31737b-f7a5-4f03-b446-1de02a291959&fields=id&fields=name HTTP/1.1" status: 200 len: 286 time: 0.0861065
