2026-06-26 04:46:49.399 10 INFO neutron.wsgi [req-bc116053-fc2d-4f57-ad9d-f7254f723eb6 req-667f1e7a-6ed3-4d59-853a-3af5c3d1bca8 d314d15e814d449199dcea8348f71246 9eb1c5eba02b4822af306e49c0425440 - - 9dd2a3d6d4b044059814358e15a07fe0 9dd2a3d6d4b044059814358e15a07fe0] 199.204.45.23 "GET /v2.0/subnets?id=26cc47aa-03d2-47ba-9180-1e16c6155d3e HTTP/1.1" status: 200 len: 872 time: 0.0602400
2026-06-26 04:46:49.447 10 INFO neutron.wsgi [req-bc116053-fc2d-4f57-ad9d-f7254f723eb6 req-542bd430-906f-4314-b91e-53548e7c5e58 d314d15e814d449199dcea8348f71246 9eb1c5eba02b4822af306e49c0425440 - - 9dd2a3d6d4b044059814358e15a07fe0 9dd2a3d6d4b044059814358e15a07fe0] 199.204.45.23 "GET /v2.0/ports?network_id=8f4d841e-8c0b-4597-bd5e-e00c752135b5&device_owner=network%3Adhcp HTTP/1.1" status: 200 len: 210 time: 0.0229423
2026-06-26 04:46:49.536 10 INFO neutron.wsgi [req-bc116053-fc2d-4f57-ad9d-f7254f723eb6 req-7b281ada-76bc-4bde-aace-826b77342227 d314d15e814d449199dcea8348f71246 9eb1c5eba02b4822af306e49c0425440 - - 9dd2a3d6d4b044059814358e15a07fe0 9dd2a3d6d4b044059814358e15a07fe0] 199.204.45.23 "GET /v2.0/networks/8f4d841e-8c0b-4597-bd5e-e00c752135b5?fields=segments HTTP/1.1" status: 200 len: 212 time: 0.0833223
2026-06-26 04:46:49.539 10 INFO neutron.db.ovn_revision_numbers_db [None req-f81445b7-0796-430c-8397-97ef11356779 - - - - - -] Successfully bumped revision number for resource 345ee41a-66c7-462b-a6dd-89c0fb0a0151 (type: ports) to 5
2026-06-26 04:46:49.628 10 INFO neutron.wsgi [req-bc116053-fc2d-4f57-ad9d-f7254f723eb6 req-a9abb952-f271-4749-aaff-ae11cc57c48f d314d15e814d449199dcea8348f71246 9eb1c5eba02b4822af306e49c0425440 - - 9dd2a3d6d4b044059814358e15a07fe0 9dd2a3d6d4b044059814358e15a07fe0] 199.204.45.23 "GET /v2.0/networks/8f4d841e-8c0b-4597-bd5e-e00c752135b5?fields=provider%3Aphysical_network&fields=provider%3Anetwork_type HTTP/1.1" status: 200 len: 277 time: 0.0842309
2026-06-26 04:46:49.808 10 INFO neutron.db.l3_db [req-b34b4fd0-c7e7-4a43-a5a1-81f481712f73 req-bf521bbe-3a33-45f1-bf5b-d7a0a4ee2b00 d141baccaf58434b95a45f922cec0dd2 cd2cee41bf074594a8ed238bb2312ba3 - - default default] Floating IP 5e378f78-dc38-4ad1-89e0-22449ed97476 disassociated. External IP: 10.96.250.218, port: 345ee41a-66c7-462b-a6dd-89c0fb0a0151. /var/lib/openstack/lib/python3.10/site-packages/pycadf/identifier.py:71: UserWarning: Invalid uuid: neutron. To ensure interoperability, identifiers should be a valid uuid. warnings.warn(('Invalid uuid: %s. To ensure interoperability, '
2026-06-26 04:46:49.952 10 INFO neutron.wsgi [req-16c69522-896c-44f6-9144-2a6c96a27dc2 req-8fc5593e-0e68-4420-8669-1b08aae76596 2919a9c53ac443b4b22b3442716327d7 4806ed6cba2d431ca6a78ebcc7282518 - - default default] 10.0.0.239 "GET /v2.0/ports?device_id=6ba376f0-ebe1-4373-9599-03819aebf887 HTTP/1.1" status: 200 len: 1168 time: 0.1415024
2026-06-26 04:46:50.018 10 INFO neutron.wsgi [req-16c69522-896c-44f6-9144-2a6c96a27dc2 req-a24c3e30-913d-4cb0-885d-f8748fc14c7c 2919a9c53ac443b4b22b3442716327d7 4806ed6cba2d431ca6a78ebcc7282518 - - default default] 10.0.0.239 "GET /v2.0/security-groups?id=c28051d8-6682-49ef-9602-b7d18f80e033&fields=id&fields=name HTTP/1.1" status: 200 len: 313 time: 0.0598896
2026-06-26 04:46:50.038 10 INFO neutron.wsgi [req-b34b4fd0-c7e7-4a43-a5a1-81f481712f73 req-bf521bbe-3a33-45f1-bf5b-d7a0a4ee2b00 d141baccaf58434b95a45f922cec0dd2 cd2cee41bf074594a8ed238bb2312ba3 - - default default] 199.204.45.23 "DELETE /v2.0/ports/345ee41a-66c7-462b-a6dd-89c0fb0a0151 HTTP/1.1" status: 204 len: 173 time: 0.6530721 /var/lib/openstack/lib/python3.10/site-packages/pycadf/identifier.py:71: UserWarning: Invalid uuid: neutron. To ensure interoperability, identifiers should be a valid uuid. warnings.warn(('Invalid uuid: %s. To ensure interoperability, '
2026-06-26 04:46:50.237 11 INFO neutron.db.ovn_revision_numbers_db [None req-a3041474-8275-488a-b2ec-c0d24a5da44c 0f19afc84ac44417a7a52e56bdcd6b44 35178ba0f0ad412f91ef319bf0c23b38 - - default default] Successfully bumped revision number for resource ca36769c-9b64-46f6-8b81-82f69d34cb80 (type: security_groups) to 1
2026-06-26 04:46:50.242 10 WARNING neutron_lib.context [None req-9cc94b24-00cf-47b3-99c0-a6fe1ae68d63 33c7b9b3b3b94ef98782bb46dd078760 27f5cfb579e546d6ab7570959322236b - - default default] Method 'is_advsvc' is deprecated since 2023.2 release (neutron-lib 3.8.0) and will be removed once support for the old RBAC API policies will be removed from Neutron. Please use method 'is_service_role' instead.
2026-06-26 04:46:50.253 11 INFO neutron.db.ovn_revision_numbers_db [None req-a3041474-8275-488a-b2ec-c0d24a5da44c 0f19afc84ac44417a7a52e56bdcd6b44 35178ba0f0ad412f91ef319bf0c23b38 - - default default] Successfully bumped revision number for resource 3b6331ad-96a4-4c59-b8db-27eca035eb16 (type: security_group_rules) to 0
2026-06-26 04:46:50.265 11 INFO neutron.db.ovn_revision_numbers_db [None req-a3041474-8275-488a-b2ec-c0d24a5da44c 0f19afc84ac44417a7a52e56bdcd6b44 35178ba0f0ad412f91ef319bf0c23b38 - - default default] Successfully bumped revision number for resource 8673c0fb-7963-4335-9d42-502c8f2ea4b7 (type: security_group_rules) to 0
2026-06-26 04:46:50.279 11 INFO neutron.db.ovn_revision_numbers_db [None req-a3041474-8275-488a-b2ec-c0d24a5da44c 0f19afc84ac44417a7a52e56bdcd6b44 35178ba0f0ad412f91ef319bf0c23b38 - - default default] Successfully bumped revision number for resource 950e12bb-4030-45cf-90ab-f1924cdeb773 (type: security_group_rules) to 0
2026-06-26 04:46:50.291 11 INFO neutron.db.ovn_revision_numbers_db [None req-a3041474-8275-488a-b2ec-c0d24a5da44c 0f19afc84ac44417a7a52e56bdcd6b44 35178ba0f0ad412f91ef319bf0c23b38 - - default default] Successfully bumped revision number for resource 9610ba06-c889-4e61-b24c-1d914ede7b63 (type: security_group_rules) to 0
2026-06-26 04:46:50.324 11 INFO neutron.wsgi [req-60b4648a-d070-478f-b15d-b8fd6a3346e9 req-f30a8882-d639-4bf2-bc41-64b90107e7a9 d141baccaf58434b95a45f922cec0dd2 cd2cee41bf074594a8ed238bb2312ba3 - - default default] 10.0.0.239 "GET /v2.0/ports?device_id=3dfe6e80-6d51-4aeb-99ec-8f6338a0197b HTTP/1.1" status: 200 len: 210 time: 0.0268660
2026-06-26 04:46:50.327 11 INFO neutron.wsgi [None req-a3041474-8275-488a-b2ec-c0d24a5da44c 0f19afc84ac44417a7a52e56bdcd6b44 35178ba0f0ad412f91ef319bf0c23b38 - - default default] 10.0.0.211 "GET /v2.0/security-groups?tenant_id=89128f6647b34b64a9c6faa66cadd994&name=default HTTP/1.1" status: 200 len: 2996 time: 0.3525836
2026-06-26 04:46:50.359 10 INFO neutron.db.ovn_revision_numbers_db [None req-9cc94b24-00cf-47b3-99c0-a6fe1ae68d63 33c7b9b3b3b94ef98782bb46dd078760 27f5cfb579e546d6ab7570959322236b - - default default] Successfully bumped revision number for resource 235ffe06-478a-4982-9853-749a3fc488f0 (type: security_groups) to 1
2026-06-26 04:46:50.370 10 INFO neutron.db.ovn_revision_numbers_db [None req-9cc94b24-00cf-47b3-99c0-a6fe1ae68d63 33c7b9b3b3b94ef98782bb46dd078760 27f5cfb579e546d6ab7570959322236b - - default default] Successfully bumped revision number for resource 7ba5d269-a04b-47a3-9562-ca924b9f91ce (type: security_group_rules) to 0
2026-06-26 04:46:50.382 10 INFO neutron.db.ovn_revision_numbers_db [None req-9cc94b24-00cf-47b3-99c0-a6fe1ae68d63 33c7b9b3b3b94ef98782bb46dd078760 27f5cfb579e546d6ab7570959322236b - - default default] Successfully bumped revision number for resource a14fac87-1586-4000-a6a4-21aac1ae802a (type: security_group_rules) to 0
2026-06-26 04:46:50.392 10 INFO neutron.db.ovn_revision_numbers_db [None req-9cc94b24-00cf-47b3-99c0-a6fe1ae68d63 33c7b9b3b3b94ef98782bb46dd078760 27f5cfb579e546d6ab7570959322236b - - default default] Successfully bumped revision number for resource c490eec0-5fba-4664-87f3-3b15e2e39092 (type: security_group_rules) to 0
2026-06-26 04:46:50.404 10 INFO neutron.db.ovn_revision_numbers_db [None req-9cc94b24-00cf-47b3-99c0-a6fe1ae68d63 33c7b9b3b3b94ef98782bb46dd078760 27f5cfb579e546d6ab7570959322236b - - default default] Successfully bumped revision number for resource fe3ad7cd-d9db-4f24-9106-ae21c764e521 (type: security_group_rules) to 0
2026-06-26 04:46:50.459 10 INFO neutron.db.segments_db [None req-9cc94b24-00cf-47b3-99c0-a6fe1ae68d63 33c7b9b3b3b94ef98782bb46dd078760 27f5cfb579e546d6ab7570959322236b - - default default] Added segment 3bd78879-7a19-4762-a7ca-42e4e177e971 of type geneve for network 300c5eb8-84f7-4827-9bc9-4263767b91d0
2026-06-26 04:46:50.496 10 INFO neutron.plugins.ml2.drivers.ovn.mech_driver.mech_driver [None req-f81445b7-0796-430c-8397-97ef11356779 - - - - - -] OVN reports status up for port: d5f2a26c-d98f-4b56-bddf-e89205a9e39a
2026-06-26 04:46:50.520 10 INFO neutron.plugins.ml2.plugin [None req-f81445b7-0796-430c-8397-97ef11356779 - - - - - -] Attempt 1 to provision port d5f2a26c-d98f-4b56-bddf-e89205a9e39a
2026-06-26 04:46:50.531 11 INFO neutron.wsgi [None req-bcdabdaf-0faf-46f0-a5cd-a8cb8ffcd34d 0f19afc84ac44417a7a52e56bdcd6b44 35178ba0f0ad412f91ef319bf0c23b38 - - default default] 10.0.0.211 "DELETE /v2.0/security-groups/ca36769c-9b64-46f6-8b81-82f69d34cb80 HTTP/1.1" status: 204 len: 168 time: 0.1979725
2026-06-26 04:46:50.621 10 INFO neutron.db.ovn_revision_numbers_db [None req-9cc94b24-00cf-47b3-99c0-a6fe1ae68d63 33c7b9b3b3b94ef98782bb46dd078760 27f5cfb579e546d6ab7570959322236b - - default default] Successfully bumped revision number for resource 300c5eb8-84f7-4827-9bc9-4263767b91d0 (type: networks) to 1
2026-06-26 04:46:50.624 10 INFO neutron.notifiers.nova [-] Nova event matching ['req-cbedcc95-bdbb-48d7-9b7d-b9a108ea0f8f'] response: {'server_uuid': '3dfe6e80-6d51-4aeb-99ec-8f6338a0197b', 'name': 'network-vif-unplugged', 'status': 'completed', 'tag': '345ee41a-66c7-462b-a6dd-89c0fb0a0151', 'code': 200}
2026-06-26 04:46:50.625 10 INFO neutron.notifiers.nova [-] Nova event matching ['req-cbedcc95-bdbb-48d7-9b7d-b9a108ea0f8f'] response: {'name': 'network-changed', 'server_uuid': '6ba376f0-ebe1-4373-9599-03819aebf887', 'tag': 'd5f2a26c-d98f-4b56-bddf-e89205a9e39a', 'status': 'completed', 'code': 200}
2026-06-26 04:46:50.625 10 INFO neutron.notifiers.nova [-] Nova event matching ['req-cbedcc95-bdbb-48d7-9b7d-b9a108ea0f8f'] response: {'server_uuid': '3dfe6e80-6d51-4aeb-99ec-8f6338a0197b', 'name': 'network-vif-plugged', 'status': 'completed', 'tag': '345ee41a-66c7-462b-a6dd-89c0fb0a0151', 'code': 200}
2026-06-26 04:46:50.625 10 INFO neutron.notifiers.nova [-] Nova event matching ['req-cbedcc95-bdbb-48d7-9b7d-b9a108ea0f8f'] response: {'server_uuid': '3dfe6e80-6d51-4aeb-99ec-8f6338a0197b', 'name': 'network-vif-deleted', 'tag': '345ee41a-66c7-462b-a6dd-89c0fb0a0151', 'status': 'completed', 'code': 200}
2026-06-26 04:46:50.713 10 INFO neutron.wsgi [req-2c72fb8b-fc57-4414-b74c-2362adaf5bda req-5162c61d-5159-4977-b11c-262a85312cf4 d314d15e814d449199dcea8348f71246 9eb1c5eba02b4822af306e49c0425440 - - 9dd2a3d6d4b044059814358e15a07fe0 9dd2a3d6d4b044059814358e15a07fe0] 199.204.45.23 "GET /v2.0/ports?tenant_id=4806ed6cba2d431ca6a78ebcc7282518&device_id=6ba376f0-ebe1-4373-9599-03819aebf887 HTTP/1.1" status: 200 len: 1407 time: 0.0716619
2026-06-26 04:46:50.803 11 INFO neutron.db.ovn_revision_numbers_db [None req-03d52db6-5ca7-4018-95a3-b22e62027a11 0f19afc84ac44417a7a52e56bdcd6b44 35178ba0f0ad412f91ef319bf0c23b38 - - default default] Successfully bumped revision number for resource 402cafe4-2b4a-4093-829f-41c31b618a5b (type: security_groups) to 1
2026-06-26 04:46:50.818 11 INFO neutron.db.ovn_revision_numbers_db [None req-03d52db6-5ca7-4018-95a3-b22e62027a11 0f19afc84ac44417a7a52e56bdcd6b44 35178ba0f0ad412f91ef319bf0c23b38 - - default default] Successfully bumped revision number for resource 4567ff8c-9bb3-4433-b84c-d6c4f808dc5e (type: security_group_rules) to 0
2026-06-26 04:46:50.828 11 INFO neutron.db.ovn_revision_numbers_db [None req-03d52db6-5ca7-4018-95a3-b22e62027a11 0f19afc84ac44417a7a52e56bdcd6b44 35178ba0f0ad412f91ef319bf0c23b38 - - default default] Successfully bumped revision number for resource a9d8ba9d-fc3a-49a8-9ede-49d4785b926f (type: security_group_rules) to 0
2026-06-26 04:46:50.841 11 INFO neutron.db.ovn_revision_numbers_db [None req-03d52db6-5ca7-4018-95a3-b22e62027a11 0f19afc84ac44417a7a52e56bdcd6b44 35178ba0f0ad412f91ef319bf0c23b38 - - default default] Successfully bumped revision number for resource ae3dff54-c07d-43d1-a3e1-0498168cd3c9 (type: security_group_rules) to 0
2026-06-26 04:46:50.850 10 INFO neutron.wsgi [req-2c72fb8b-fc57-4414-b74c-2362adaf5bda req-e080721d-3108-4e28-8015-d3cac7a9b14d d314d15e814d449199dcea8348f71246 9eb1c5eba02b4822af306e49c0425440 - - 9dd2a3d6d4b044059814358e15a07fe0 9dd2a3d6d4b044059814358e15a07fe0] 199.204.45.23 "GET /v2.0/networks?id=8f4d841e-8c0b-4597-bd5e-e00c752135b5 HTTP/1.1" status: 200 len: 977 time: 0.1269901
2026-06-26 04:46:50.851 11 INFO neutron.db.ovn_revision_numbers_db [None req-03d52db6-5ca7-4018-95a3-b22e62027a11 0f19afc84ac44417a7a52e56bdcd6b44 35178ba0f0ad412f91ef319bf0c23b38 - - default default] Successfully bumped revision number for resource b7ce7d11-16de-47bd-ae28-bff8e1cd73f9 (type: security_group_rules) to 0
2026-06-26 04:46:50.875 11 INFO neutron.wsgi [None req-03d52db6-5ca7-4018-95a3-b22e62027a11 0f19afc84ac44417a7a52e56bdcd6b44 35178ba0f0ad412f91ef319bf0c23b38 - - default default] 10.0.0.211 "GET /v2.0/security-groups?tenant_id=77980b4d9c374e6a82535c881e038347&name=default HTTP/1.1" status: 200 len: 2996 time: 0.2072558
2026-06-26 04:46:50.889 10 INFO neutron.wsgi [req-2c72fb8b-fc57-4414-b74c-2362adaf5bda req-0ff9766d-64e1-467e-bf68-6e7b74a59847 d314d15e814d449199dcea8348f71246 9eb1c5eba02b4822af306e49c0425440 - - 9dd2a3d6d4b044059814358e15a07fe0 9dd2a3d6d4b044059814358e15a07fe0] 199.204.45.23 "GET /v2.0/floatingips?fixed_ip_address=10.100.0.9&port_id=d5f2a26c-d98f-4b56-bddf-e89205a9e39a HTTP/1.1" status: 200 len: 217 time: 0.0313795
2026-06-26 04:46:50.965 10 INFO neutron.wsgi [req-2c72fb8b-fc57-4414-b74c-2362adaf5bda req-4e2fd768-71a5-4633-ab23-e285d6c3fa77 d314d15e814d449199dcea8348f71246 9eb1c5eba02b4822af306e49c0425440 - - 9dd2a3d6d4b044059814358e15a07fe0 9dd2a3d6d4b044059814358e15a07fe0] 199.204.45.23 "GET /v2.0/subnets?id=26cc47aa-03d2-47ba-9180-1e16c6155d3e HTTP/1.1" status: 200 len: 872 time: 0.0630774
2026-06-26 04:46:51.017 10 INFO neutron.wsgi [req-2c72fb8b-fc57-4414-b74c-2362adaf5bda req-1ef9cacb-a5ba-4d8a-bd01-e51677e1a1c1 d314d15e814d449199dcea8348f71246 9eb1c5eba02b4822af306e49c0425440 - - 9dd2a3d6d4b044059814358e15a07fe0 9dd2a3d6d4b044059814358e15a07fe0] 199.204.45.23 "GET /v2.0/ports?network_id=8f4d841e-8c0b-4597-bd5e-e00c752135b5&device_owner=network%3Adhcp HTTP/1.1" status: 200 len: 210 time: 0.0464299
2026-06-26 04:46:51.028 10 WARNING neutron.scheduler.dhcp_agent_scheduler [None req-9cc94b24-00cf-47b3-99c0-a6fe1ae68d63 33c7b9b3b3b94ef98782bb46dd078760 27f5cfb579e546d6ab7570959322236b - - default default] No more DHCP agents
2026-06-26 04:46:51.037 10 WARNING neutron.api.rpc.agentnotifiers.dhcp_rpc_agent_api [None req-9cc94b24-00cf-47b3-99c0-a6fe1ae68d63 33c7b9b3b3b94ef98782bb46dd078760 27f5cfb579e546d6ab7570959322236b - - default default] Unable to schedule network 300c5eb8-84f7-4827-9bc9-4263767b91d0: no agents available; will retry on subsequent port and subnet creation events.
2026-06-26 04:46:51.116 10 INFO neutron.db.ovn_revision_numbers_db [None req-f81445b7-0796-430c-8397-97ef11356779 - - - - - -] Successfully bumped revision number for resource d5f2a26c-d98f-4b56-bddf-e89205a9e39a (type: ports) to 4
2026-06-26 04:46:51.131 10 INFO neutron.wsgi [req-2c72fb8b-fc57-4414-b74c-2362adaf5bda req-ac1ab847-4cd7-49a4-8181-70845a829e03 d314d15e814d449199dcea8348f71246 9eb1c5eba02b4822af306e49c0425440 - - 9dd2a3d6d4b044059814358e15a07fe0 9dd2a3d6d4b044059814358e15a07fe0] 199.204.45.23 "GET /v2.0/networks/8f4d841e-8c0b-4597-bd5e-e00c752135b5?fields=segments HTTP/1.1" status: 200 len: 212 time: 0.1039603
2026-06-26 04:46:51.172 11 INFO neutron.wsgi [req-2ad98953-e283-4669-b091-7385a754f2fa req-4f5a6d33-dd74-49c6-b5e3-e1f2ce378854 2919a9c53ac443b4b22b3442716327d7 4806ed6cba2d431ca6a78ebcc7282518 - - default default] 10.0.0.239 "GET /v2.0/ports?device_id=6ba376f0-ebe1-4373-9599-03819aebf887 HTTP/1.1" status: 200 len: 1170 time: 0.0903127
2026-06-26 04:46:51.228 11 INFO neutron.wsgi [req-2ad98953-e283-4669-b091-7385a754f2fa req-195e5154-5c21-4e29-8082-e579f348682d 2919a9c53ac443b4b22b3442716327d7 4806ed6cba2d431ca6a78ebcc7282518 - - default default] 10.0.0.239 "GET /v2.0/security-groups?id=c28051d8-6682-49ef-9602-b7d18f80e033&fields=id&fields=name HTTP/1.1" status: 200 len: 313 time: 0.0489192
2026-06-26 04:46:51.232 10 INFO neutron.db.ovn_revision_numbers_db [None req-9cc94b24-00cf-47b3-99c0-a6fe1ae68d63 33c7b9b3b3b94ef98782bb46dd078760 27f5cfb579e546d6ab7570959322236b - - default default] Successfully bumped revision number for resource b2c5aa25-24b0-4d60-9739-25fd64e9cdcc (type: ports) to 1
2026-06-26 04:46:51.245 10 INFO neutron.wsgi [req-2c72fb8b-fc57-4414-b74c-2362adaf5bda req-8dc3cd02-e18c-4a9c-8cd5-673eed924af3 d314d15e814d449199dcea8348f71246 9eb1c5eba02b4822af306e49c0425440 - - 9dd2a3d6d4b044059814358e15a07fe0 9dd2a3d6d4b044059814358e15a07fe0] 199.204.45.23 "GET /v2.0/networks/8f4d841e-8c0b-4597-bd5e-e00c752135b5?fields=provider%3Aphysical_network&fields=provider%3Anetwork_type HTTP/1.1" status: 200 len: 277 time: 0.1039670
2026-06-26 04:46:51.264 10 INFO neutron.wsgi [None req-9cc94b24-00cf-47b3-99c0-a6fe1ae68d63 33c7b9b3b3b94ef98782bb46dd078760 27f5cfb579e546d6ab7570959322236b - - default default] 10.0.0.211 "POST /v2.0/networks HTTP/1.1" status: 201 len: 847 time: 1.0753472
2026-06-26 04:46:51.337 10 INFO neutron.wsgi [None req-3efe522d-359a-495d-91bd-36dc67e57aa7 0f19afc84ac44417a7a52e56bdcd6b44 35178ba0f0ad412f91ef319bf0c23b38 - - default default] 10.0.0.211 "DELETE /v2.0/security-groups/402cafe4-2b4a-4093-829f-41c31b618a5b HTTP/1.1" status: 204 len: 168 time: 0.4504950 /var/lib/openstack/lib/python3.10/site-packages/pycadf/identifier.py:71: UserWarning: Invalid uuid: neutron. To ensure interoperability, identifiers should be a valid uuid. warnings.warn(('Invalid uuid: %s. To ensure interoperability, '
2026-06-26 04:46:51.530 10 INFO neutron.wsgi [None req-22203c49-2657-4300-b701-32075b8d0659 d141baccaf58434b95a45f922cec0dd2 cd2cee41bf074594a8ed238bb2312ba3 - - default default] 10.0.0.211 "DELETE /v2.0/security-groups/5742e415-db85-44c8-b10c-c390a2dcb358 HTTP/1.1" status: 204 len: 168 time: 0.1255639
2026-06-26 04:46:51.551 10 INFO neutron.api.v2.resource [None req-cbbbcfc4-2842-4abd-9216-379f7ec1b63b d141baccaf58434b95a45f922cec0dd2 cd2cee41bf074594a8ed238bb2312ba3 - - default default] show failed (client error): The resource could not be found.
2026-06-26 04:46:51.553 10 INFO neutron.wsgi [None req-cbbbcfc4-2842-4abd-9216-379f7ec1b63b d141baccaf58434b95a45f922cec0dd2 cd2cee41bf074594a8ed238bb2312ba3 - - default default] 10.0.0.211 "GET /v2.0/security-groups/5742e415-db85-44c8-b10c-c390a2dcb358 HTTP/1.1" status: 404 len: 347 time: 0.0154045
2026-06-26 04:46:51.722 11 WARNING neutron_lib.context [None req-ff0adc1b-7182-424d-a2ba-a691da6ef2d0 33c7b9b3b3b94ef98782bb46dd078760 27f5cfb579e546d6ab7570959322236b - - default default] Method 'is_advsvc' is deprecated since 2023.2 release (neutron-lib 3.8.0) and will be removed once support for the old RBAC API policies will be removed from Neutron. Please use method 'is_service_role' instead.
2026-06-26 04:46:51.981 11 WARNING neutron.scheduler.dhcp_agent_scheduler [None req-ff0adc1b-7182-424d-a2ba-a691da6ef2d0 33c7b9b3b3b94ef98782bb46dd078760 27f5cfb579e546d6ab7570959322236b - - default default] No more DHCP agents
2026-06-26 04:46:51.984 11 WARNING neutron.api.rpc.agentnotifiers.dhcp_rpc_agent_api [None req-ff0adc1b-7182-424d-a2ba-a691da6ef2d0 33c7b9b3b3b94ef98782bb46dd078760 27f5cfb579e546d6ab7570959322236b - - default default] Unable to schedule network 300c5eb8-84f7-4827-9bc9-4263767b91d0: no agents available; will retry on subsequent port and subnet creation events.
2026-06-26 04:46:52.014 11 INFO neutron.db.ovn_revision_numbers_db [None req-ff0adc1b-7182-424d-a2ba-a691da6ef2d0 33c7b9b3b3b94ef98782bb46dd078760 27f5cfb579e546d6ab7570959322236b - - default default] Successfully bumped revision number for resource ce159c77-c467-478a-8580-682de8ea581b (type: subnets) to 0
2026-06-26 04:46:52.027 11 INFO neutron.wsgi [None req-ff0adc1b-7182-424d-a2ba-a691da6ef2d0 33c7b9b3b3b94ef98782bb46dd078760 27f5cfb579e546d6ab7570959322236b - - default default] 10.0.0.211 "POST /v2.0/subnets HTTP/1.1" status: 201 len: 848 time: 0.3129785
2026-06-26 04:46:52.039 11 WARNING neutron_lib.context [None req-419ce5f3-518a-4d66-9c79-6b0495675597 33c7b9b3b3b94ef98782bb46dd078760 27f5cfb579e546d6ab7570959322236b - - default default] Method 'is_advsvc' is deprecated since 2023.2 release (neutron-lib 3.8.0) and will be removed once support for the old RBAC API policies will be removed from Neutron. Please use method 'is_service_role' instead.
2026-06-26 04:46:52.124 11 INFO neutron.db.segments_db [None req-419ce5f3-518a-4d66-9c79-6b0495675597 33c7b9b3b3b94ef98782bb46dd078760 27f5cfb579e546d6ab7570959322236b - - default default] Added segment 9368e262-006c-4e23-912c-2493a29947e5 of type geneve for network 0b244a6c-06da-4ec6-aedc-59b768cd0654
2026-06-26 04:46:52.130 10 INFO neutron.wsgi [None req-f3d76e98-9dc9-416b-8554-951eda7f7988 d141baccaf58434b95a45f922cec0dd2 cd2cee41bf074594a8ed238bb2312ba3 - - default default] 10.0.0.211 "DELETE /v2.0/floatingips/5e378f78-dc38-4ad1-89e0-22449ed97476 HTTP/1.1" status: 204 len: 168 time: 0.5712938
2026-06-26 04:46:52.263 11 INFO neutron.db.ovn_revision_numbers_db [None req-419ce5f3-518a-4d66-9c79-6b0495675597 33c7b9b3b3b94ef98782bb46dd078760 27f5cfb579e546d6ab7570959322236b - - default default] Successfully bumped revision number for resource 0b244a6c-06da-4ec6-aedc-59b768cd0654 (type: networks) to 1
2026-06-26 04:46:52.333 10 INFO neutron.wsgi [req-fa092d9b-2a78-4fc6-b9e7-546aa53be6fa req-5b7ca4c5-6034-4e80-8205-b21c1b9a2a5f 2919a9c53ac443b4b22b3442716327d7 4806ed6cba2d431ca6a78ebcc7282518 - - default default] 10.0.0.239 "GET /v2.0/ports?device_id=6ba376f0-ebe1-4373-9599-03819aebf887 HTTP/1.1" status: 200 len: 1170 time: 0.0385237
2026-06-26 04:46:52.384 10 INFO neutron.wsgi [req-fa092d9b-2a78-4fc6-b9e7-546aa53be6fa req-561f7662-b13c-41d1-aab0-1f972abfeff5 2919a9c53ac443b4b22b3442716327d7 4806ed6cba2d431ca6a78ebcc7282518 - - default default] 10.0.0.239 "GET /v2.0/security-groups?id=c28051d8-6682-49ef-9602-b7d18f80e033&fields=id&fields=name HTTP/1.1" status: 200 len: 313 time: 0.0425835
2026-06-26 04:46:52.446 11 WARNING neutron.scheduler.dhcp_agent_scheduler [None req-419ce5f3-518a-4d66-9c79-6b0495675597 33c7b9b3b3b94ef98782bb46dd078760 27f5cfb579e546d6ab7570959322236b - - default default] No more DHCP agents
2026-06-26 04:46:52.448 11 WARNING neutron.api.rpc.agentnotifiers.dhcp_rpc_agent_api [None req-419ce5f3-518a-4d66-9c79-6b0495675597 33c7b9b3b3b94ef98782bb46dd078760 27f5cfb579e546d6ab7570959322236b - - default default] Unable to schedule network 0b244a6c-06da-4ec6-aedc-59b768cd0654: no agents available; will retry on subsequent port and subnet creation events.
2026-06-26 04:46:52.523 11 INFO neutron.db.ovn_revision_numbers_db [None req-419ce5f3-518a-4d66-9c79-6b0495675597 33c7b9b3b3b94ef98782bb46dd078760 27f5cfb579e546d6ab7570959322236b - - default default] Successfully bumped revision number for resource 86b72826-6d57-444e-a25d-966cc1935e9b (type: ports) to 1
2026-06-26 04:46:52.548 11 INFO neutron.wsgi [None req-419ce5f3-518a-4d66-9c79-6b0495675597 33c7b9b3b3b94ef98782bb46dd078760 27f5cfb579e546d6ab7570959322236b - - default default] 10.0.0.211 "POST /v2.0/networks HTTP/1.1" status: 201 len: 847 time: 0.5137732
2026-06-26 04:46:52.658 10 INFO neutron.notifiers.nova [-] Nova event matching ['req-7f46f1e0-2b78-479f-98c2-71802ad41ffa'] response: {'server_uuid': '6ba376f0-ebe1-4373-9599-03819aebf887', 'name': 'network-vif-plugged', 'status': 'completed', 'tag': 'd5f2a26c-d98f-4b56-bddf-e89205a9e39a', 'code': 200}
2026-06-26 04:46:52.658 10 INFO neutron.notifiers.nova [-] Nova event matching ['req-7f46f1e0-2b78-479f-98c2-71802ad41ffa'] response: {'server_uuid': '6ba376f0-ebe1-4373-9599-03819aebf887', 'name': 'network-vif-plugged', 'status': 'completed', 'tag': 'd5f2a26c-d98f-4b56-bddf-e89205a9e39a', 'code': 200}
2026-06-26 04:46:52.770 11 INFO neutron.db.ovn_revision_numbers_db [None req-53ca6947-7a47-46ad-a79b-a5acc250af3c 33c7b9b3b3b94ef98782bb46dd078760 27f5cfb579e546d6ab7570959322236b - - default default] Successfully bumped revision number for resource 0b244a6c-06da-4ec6-aedc-59b768cd0654 (type: networks) to 2
2026-06-26 04:46:52.773 11 INFO neutron.wsgi [None req-53ca6947-7a47-46ad-a79b-a5acc250af3c 33c7b9b3b3b94ef98782bb46dd078760 27f5cfb579e546d6ab7570959322236b - - default default] 10.0.0.211 "PUT /v2.0/networks/0b244a6c-06da-4ec6-aedc-59b768cd0654 HTTP/1.1" status: 200 len: 792 time: 0.2198260
2026-06-26 04:46:52.784 11 WARNING neutron_lib.context [None req-9c45bb42-042c-4c2d-9d58-cdc0f3b16764 33c7b9b3b3b94ef98782bb46dd078760 27f5cfb579e546d6ab7570959322236b - - default default] Method 'is_advsvc' is deprecated since 2023.2 release (neutron-lib 3.8.0) and will be removed once support for the old RBAC API policies will be removed from Neutron. Please use method 'is_service_role' instead.
2026-06-26 04:46:53.016 11 WARNING neutron.scheduler.dhcp_agent_scheduler [None req-9c45bb42-042c-4c2d-9d58-cdc0f3b16764 33c7b9b3b3b94ef98782bb46dd078760 27f5cfb579e546d6ab7570959322236b - - default default] No more DHCP agents
2026-06-26 04:46:53.017 11 WARNING neutron.api.rpc.agentnotifiers.dhcp_rpc_agent_api [None req-9c45bb42-042c-4c2d-9d58-cdc0f3b16764 33c7b9b3b3b94ef98782bb46dd078760 27f5cfb579e546d6ab7570959322236b - - default default] Unable to schedule network 0b244a6c-06da-4ec6-aedc-59b768cd0654: no agents available; will retry on subsequent port and subnet creation events.
2026-06-26 04:46:53.069 11 INFO neutron.db.ovn_revision_numbers_db [None req-9c45bb42-042c-4c2d-9d58-cdc0f3b16764 33c7b9b3b3b94ef98782bb46dd078760 27f5cfb579e546d6ab7570959322236b - - default default] Successfully bumped revision number for resource 6185ab21-e7e4-4138-9da2-84e3c08bb62d (type: subnets) to 0
2026-06-26 04:46:53.086 11 INFO neutron.wsgi [None req-9c45bb42-042c-4c2d-9d58-cdc0f3b16764 33c7b9b3b3b94ef98782bb46dd078760 27f5cfb579e546d6ab7570959322236b - - default default] 10.0.0.211 "POST /v2.0/subnets HTTP/1.1" status: 201 len: 821 time: 0.3070192
2026-06-26 04:46:53.182 10 INFO neutron.wsgi [None req-c46081be-b4f9-4c19-873d-d57c613ef230 0f19afc84ac44417a7a52e56bdcd6b44 35178ba0f0ad412f91ef319bf0c23b38 - - default default] 10.0.0.211 "PUT /v2.0/routers/53b84035-bafb-4154-8c8d-09836c8ff13d/remove_router_interface HTTP/1.1" status: 200 len: 503 time: 1.0456607 /var/lib/openstack/lib/python3.10/site-packages/pycadf/identifier.py:71: UserWarning: Invalid uuid: neutron. To ensure interoperability, identifiers should be a valid uuid. warnings.warn(('Invalid uuid: %s. To ensure interoperability, '
2026-06-26 04:46:53.502 10 INFO neutron.wsgi [req-b13668ec-b968-42f9-94f6-3b096ee4f412 req-846bbc89-b563-4979-9144-70e2998f2b2e 2919a9c53ac443b4b22b3442716327d7 4806ed6cba2d431ca6a78ebcc7282518 - - default default] 10.0.0.239 "GET /v2.0/ports?device_id=6ba376f0-ebe1-4373-9599-03819aebf887 HTTP/1.1" status: 200 len: 1170 time: 0.0464931
2026-06-26 04:46:53.559 10 INFO neutron.wsgi [req-b13668ec-b968-42f9-94f6-3b096ee4f412 req-9e2817c4-a77f-4628-a41c-f0ef535afa01 2919a9c53ac443b4b22b3442716327d7 4806ed6cba2d431ca6a78ebcc7282518 - - default default] 10.0.0.239 "GET /v2.0/security-groups?id=c28051d8-6682-49ef-9602-b7d18f80e033&fields=id&fields=name HTTP/1.1" status: 200 len: 313 time: 0.0469940
2026-06-26 04:46:53.691 11 INFO neutron.wsgi [req-b45bc959-28e7-48cc-9bdc-40edd8f5b760 req-57d36dea-f641-405e-b664-2a859586c83e 2919a9c53ac443b4b22b3442716327d7 4806ed6cba2d431ca6a78ebcc7282518 - - default default] 10.0.0.239 "GET /v2.0/ports?device_id=6ba376f0-ebe1-4373-9599-03819aebf887 HTTP/1.1" status: 200 len: 1170 time: 0.0678444
2026-06-26 04:46:53.932 11 INFO neutron.db.ovn_revision_numbers_db [None req-28403794-278e-46dc-b417-0f7db1dfdf23 33c7b9b3b3b94ef98782bb46dd078760 27f5cfb579e546d6ab7570959322236b - - default default] Successfully bumped revision number for resource 86b72826-6d57-444e-a25d-966cc1935e9b (type: ports) to 2
2026-06-26 04:46:53.990 11 INFO neutron.db.ovn_revision_numbers_db [None req-28403794-278e-46dc-b417-0f7db1dfdf23 33c7b9b3b3b94ef98782bb46dd078760 27f5cfb579e546d6ab7570959322236b - - default default] Successfully bumped revision number for resource 6185ab21-e7e4-4138-9da2-84e3c08bb62d (type: subnets) to 1
2026-06-26 04:46:53.993 11 INFO neutron.wsgi [None req-28403794-278e-46dc-b417-0f7db1dfdf23 33c7b9b3b3b94ef98782bb46dd078760 27f5cfb579e546d6ab7570959322236b - - default default] 10.0.0.211 "PUT /v2.0/subnets/6185ab21-e7e4-4138-9da2-84e3c08bb62d HTTP/1.1" status: 200 len: 826 time: 0.9011235
2026-06-26 04:46:53.994 11 INFO neutron.db.l3_db [None req-80f2d236-158f-47c2-8d3e-2bca1a9fff09 2919a9c53ac443b4b22b3442716327d7 4806ed6cba2d431ca6a78ebcc7282518 - - default default] Floating IP a3b83deb-24aa-4f49-a168-65f21ee1ab44 associated. External IP: 10.96.250.214, port: d5f2a26c-d98f-4b56-bddf-e89205a9e39a.
2026-06-26 04:46:54.145 11 INFO neutron.db.ovn_revision_numbers_db [None req-80f2d236-158f-47c2-8d3e-2bca1a9fff09 2919a9c53ac443b4b22b3442716327d7 4806ed6cba2d431ca6a78ebcc7282518 - - default default] Successfully bumped revision number for resource a3b83deb-24aa-4f49-a168-65f21ee1ab44 (type: floatingips) to 1
2026-06-26 04:46:54.247 11 INFO neutron.db.ovn_revision_numbers_db [None req-80f2d236-158f-47c2-8d3e-2bca1a9fff09 2919a9c53ac443b4b22b3442716327d7 4806ed6cba2d431ca6a78ebcc7282518 - - default default] Successfully bumped revision number for resource a3b83deb-24aa-4f49-a168-65f21ee1ab44 (type: floatingips) to 2
2026-06-26 04:46:54.274 11 INFO neutron.wsgi [None req-80f2d236-158f-47c2-8d3e-2bca1a9fff09 2919a9c53ac443b4b22b3442716327d7 4806ed6cba2d431ca6a78ebcc7282518 - - default default] 10.0.0.211 "PUT /v2.0/floatingips/a3b83deb-24aa-4f49-a168-65f21ee1ab44 HTTP/1.1" status: 200 len: 1049 time: 0.5749223
2026-06-26 04:46:54.312 11 INFO neutron.notifiers.nova [-] Nova event matching ['req-ecd4ab56-334c-47f4-8b66-2f73399bb8ac'] response: {'name': 'network-changed', 'server_uuid': '6ba376f0-ebe1-4373-9599-03819aebf887', 'tag': 'd5f2a26c-d98f-4b56-bddf-e89205a9e39a', 'status': 'completed', 'code': 200}
2026-06-26 04:46:54.337 10 INFO neutron.wsgi [None req-d75ca348-3d42-46ed-89df-53795867bbd4 0f19afc84ac44417a7a52e56bdcd6b44 35178ba0f0ad412f91ef319bf0c23b38 - - default default] 10.0.0.211 "DELETE /v2.0/routers/53b84035-bafb-4154-8c8d-09836c8ff13d HTTP/1.1" status: 204 len: 168 time: 1.1475196 /var/lib/openstack/lib/python3.10/site-packages/pycadf/identifier.py:71: UserWarning: Invalid uuid: neutron. To ensure interoperability, identifiers should be a valid uuid. warnings.warn(('Invalid uuid: %s. To ensure interoperability, '
2026-06-26 04:46:54.395 10 INFO neutron.wsgi [req-6254d0e8-6984-4c50-bcf6-03d3d28030d6 req-6330caf6-ffb7-4d50-a1f1-5215569e54a8 2919a9c53ac443b4b22b3442716327d7 4806ed6cba2d431ca6a78ebcc7282518 - - default default] 10.0.0.239 "GET /v2.0/ports?device_id=6ba376f0-ebe1-4373-9599-03819aebf887 HTTP/1.1" status: 200 len: 1170 time: 0.0617821
2026-06-26 04:46:54.407 10 INFO neutron.wsgi [req-027984aa-0f84-4817-ae36-c4e8c2c62bb6 req-28e11fcb-16af-4f2f-b50f-5b67247a5e6d d314d15e814d449199dcea8348f71246 9eb1c5eba02b4822af306e49c0425440 - - 9dd2a3d6d4b044059814358e15a07fe0 9dd2a3d6d4b044059814358e15a07fe0] 199.204.45.23 "GET /v2.0/ports?tenant_id=4806ed6cba2d431ca6a78ebcc7282518&device_id=6ba376f0-ebe1-4373-9599-03819aebf887 HTTP/1.1" status: 200 len: 1409 time: 0.0588951
2026-06-26 04:46:54.477 10 INFO neutron.wsgi [req-6254d0e8-6984-4c50-bcf6-03d3d28030d6 req-239b194f-ca91-4b92-9161-56975f2bddde 2919a9c53ac443b4b22b3442716327d7 4806ed6cba2d431ca6a78ebcc7282518 - - default default] 10.0.0.239 "GET /v2.0/security-groups?id=c28051d8-6682-49ef-9602-b7d18f80e033&fields=id&fields=name HTTP/1.1" status: 200 len: 313 time: 0.0674016
2026-06-26 04:46:54.495 10 INFO neutron.wsgi [req-027984aa-0f84-4817-ae36-c4e8c2c62bb6 req-cb42956b-a508-4c37-bf72-6f68fa3b1f7d d314d15e814d449199dcea8348f71246 9eb1c5eba02b4822af306e49c0425440 - - 9dd2a3d6d4b044059814358e15a07fe0 9dd2a3d6d4b044059814358e15a07fe0] 199.204.45.23 "GET /v2.0/networks?id=8f4d841e-8c0b-4597-bd5e-e00c752135b5 HTTP/1.1" status: 200 len: 977 time: 0.0805776
2026-06-26 04:46:54.550 11 INFO neutron.wsgi [None req-4c52347f-5e78-4209-92b9-75c00b89e323 0f19afc84ac44417a7a52e56bdcd6b44 35178ba0f0ad412f91ef319bf0c23b38 - - default default] 10.0.0.211 "DELETE /v2.0/subnets/463ae78a-0832-44c4-99ca-a8b67246ffa6 HTTP/1.1" status: 204 len: 168 time: 0.2068059
2026-06-26 04:46:54.556 10 INFO neutron.wsgi [req-027984aa-0f84-4817-ae36-c4e8c2c62bb6 req-179d5200-be72-4afb-86dd-977389ab0d4a d314d15e814d449199dcea8348f71246 9eb1c5eba02b4822af306e49c0425440 - - 9dd2a3d6d4b044059814358e15a07fe0 9dd2a3d6d4b044059814358e15a07fe0] 199.204.45.23 "GET /v2.0/floatingips?fixed_ip_address=10.100.0.9&port_id=d5f2a26c-d98f-4b56-bddf-e89205a9e39a HTTP/1.1" status: 200 len: 1059 time: 0.0540481
2026-06-26 04:46:54.601 10 INFO neutron.wsgi [req-027984aa-0f84-4817-ae36-c4e8c2c62bb6 req-e7e24179-533b-4334-b3df-d4b578c1e68b d314d15e814d449199dcea8348f71246 9eb1c5eba02b4822af306e49c0425440 - - 9dd2a3d6d4b044059814358e15a07fe0 9dd2a3d6d4b044059814358e15a07fe0] 199.204.45.23 "GET /v2.0/subnets?id=26cc47aa-03d2-47ba-9180-1e16c6155d3e HTTP/1.1" status: 200 len: 872 time: 0.0376530
2026-06-26 04:46:54.627 10 INFO neutron.wsgi [req-027984aa-0f84-4817-ae36-c4e8c2c62bb6 req-b43807b3-e852-4c19-8bd0-570b2775e896 d314d15e814d449199dcea8348f71246 9eb1c5eba02b4822af306e49c0425440 - - 9dd2a3d6d4b044059814358e15a07fe0 9dd2a3d6d4b044059814358e15a07fe0] 199.204.45.23 "GET /v2.0/ports?network_id=8f4d841e-8c0b-4597-bd5e-e00c752135b5&device_owner=network%3Adhcp HTTP/1.1" status: 200 len: 210 time: 0.0210032
2026-06-26 04:46:54.721 10 INFO neutron.wsgi [req-027984aa-0f84-4817-ae36-c4e8c2c62bb6 req-8e3f1a5a-3d6b-4194-9597-88ac5e51d662 d314d15e814d449199dcea8348f71246 9eb1c5eba02b4822af306e49c0425440 - - 9dd2a3d6d4b044059814358e15a07fe0 9dd2a3d6d4b044059814358e15a07fe0] 199.204.45.23 "GET /v2.0/networks/8f4d841e-8c0b-4597-bd5e-e00c752135b5?fields=segments HTTP/1.1" status: 200 len: 212 time: 0.0883496
2026-06-26 04:46:54.806 10 INFO neutron.plugins.ml2.drivers.ovn.mech_driver.mech_driver [None req-f81445b7-0796-430c-8397-97ef11356779 - - - - - -] OVN reports status down for port: d5f2a26c-d98f-4b56-bddf-e89205a9e39a
2026-06-26 04:46:54.812 11 INFO neutron.wsgi [req-0d25456f-693a-4646-a31f-efe13ad134bd req-07d76b19-fb54-467b-b847-ef01c709ca3b 2919a9c53ac443b4b22b3442716327d7 4806ed6cba2d431ca6a78ebcc7282518 - - default default] 10.0.0.239 "GET /v2.0/ports?device_id=6ba376f0-ebe1-4373-9599-03819aebf887 HTTP/1.1" status: 200 len: 1170 time: 0.0534070
2026-06-26 04:46:54.851 10 INFO neutron.wsgi [req-027984aa-0f84-4817-ae36-c4e8c2c62bb6 req-152cce75-0751-438c-bda1-6d0c0270cefd d314d15e814d449199dcea8348f71246 9eb1c5eba02b4822af306e49c0425440 - - 9dd2a3d6d4b044059814358e15a07fe0 9dd2a3d6d4b044059814358e15a07fe0] 199.204.45.23 "GET /v2.0/networks/8f4d841e-8c0b-4597-bd5e-e00c752135b5?fields=provider%3Aphysical_network&fields=provider%3Anetwork_type HTTP/1.1" status: 200 len: 277 time: 0.1235166
2026-06-26 04:46:54.855 10 INFO neutron.services.segments.plugin [-] Segment 9368e262-006c-4e23-912c-2493a29947e5 resource provider aggregate not found
2026-06-26 04:46:54.875 10 INFO neutron.services.segments.plugin [-] Segment 9368e262-006c-4e23-912c-2493a29947e5 resource provider aggregate not found
2026-06-26 04:46:54.882 10 INFO neutron.services.segments.plugin [-] Segment 9368e262-006c-4e23-912c-2493a29947e5 resource provider not found; error: Placement Client Error (4xx): {"errors": [{"status": 404, "title": "Not Found", "detail": "The resource could not be found.\n\n No resource provider with uuid 9368e262-006c-4e23-912c-2493a29947e5 found for delete ", "request_id": "req-4cf1eb31-9cd4-44b7-b4b2-37afd90f4095"}]}
2026-06-26 04:46:54.898 10 INFO neutron.services.segments.plugin [-] Segment 9368e262-006c-4e23-912c-2493a29947e5 resource provider not found; error: Placement Client Error (4xx): {"errors": [{"status": 404, "title": "Not Found", "detail": "The resource could not be found.\n\n No resource provider with uuid 9368e262-006c-4e23-912c-2493a29947e5 found for delete ", "request_id": "req-1efc614f-b2ad-401e-b64f-e84a83efcf99"}]}
2026-06-26 04:46:54.925 10 INFO neutron.wsgi [None req-d08b221f-a427-40f3-a128-175fa9ece4c7 33c7b9b3b3b94ef98782bb46dd078760 27f5cfb579e546d6ab7570959322236b - - default default] 10.0.0.211 "DELETE /v2.0/networks/0b244a6c-06da-4ec6-aedc-59b768cd0654 HTTP/1.1" status: 204 len: 168 time: 0.9283581
2026-06-26 04:46:54.955 10 INFO neutron.pecan_wsgi.hooks.translation [None req-e0c3d147-248e-4f56-8872-f5ad4e503b50 33c7b9b3b3b94ef98782bb46dd078760 27f5cfb579e546d6ab7570959322236b - - default default] DELETE failed (client error): The resource could not be found.
2026-06-26 04:46:54.957 10 INFO neutron.wsgi [None req-e0c3d147-248e-4f56-8872-f5ad4e503b50 33c7b9b3b3b94ef98782bb46dd078760 27f5cfb579e546d6ab7570959322236b - - default default] 10.0.0.211 "DELETE /v2.0/networks/0b244a6c-06da-4ec6-aedc-59b768cd0654 HTTP/1.1" status: 404 len: 339 time: 0.0205386
2026-06-26 04:46:55.053 11 INFO neutron.wsgi [req-0d25456f-693a-4646-a31f-efe13ad134bd req-b8c56bcb-47f2-4dca-b67a-3b8ed1c26e5f 2919a9c53ac443b4b22b3442716327d7 4806ed6cba2d431ca6a78ebcc7282518 - - default default] 10.0.0.239 "GET /v2.0/security-groups?id=c28051d8-6682-49ef-9602-b7d18f80e033&fields=id&fields=name HTTP/1.1" status: 200 len: 313 time: 0.2354002
2026-06-26 04:46:55.060 10 INFO neutron.notifiers.nova [-] Nova event matching ['req-e58b002a-fcc4-4dc8-b5c7-2ee56739096a'] response: {'server_uuid': '6ba376f0-ebe1-4373-9599-03819aebf887', 'name': 'network-vif-unplugged', 'status': 'completed', 'tag': 'd5f2a26c-d98f-4b56-bddf-e89205a9e39a', 'code': 200}
2026-06-26 04:46:55.102 11 INFO neutron.services.segments.plugin [-] Segment d0de2d28-9ec2-41e0-86cc-d76068b070f0 resource provider aggregate not found
2026-06-26 04:46:55.107 11 INFO neutron.services.segments.plugin [-] Segment d0de2d28-9ec2-41e0-86cc-d76068b070f0 resource provider aggregate not found
2026-06-26 04:46:55.118 11 INFO neutron.services.segments.plugin [-] Segment d0de2d28-9ec2-41e0-86cc-d76068b070f0 resource provider not found; error: Placement Client Error (4xx): {"errors": [{"status": 404, "title": "Not Found", "detail": "The resource could not be found.\n\n No resource provider with uuid d0de2d28-9ec2-41e0-86cc-d76068b070f0 found for delete ", "request_id": "req-da09c39b-8baa-4c89-bbaa-c001f1d8d7d3"}]}
2026-06-26 04:46:55.123 10 INFO neutron.wsgi [None req-47552e14-c877-44b5-a079-654f515c0abb 33c7b9b3b3b94ef98782bb46dd078760 27f5cfb579e546d6ab7570959322236b - - default default] 10.0.0.211 "GET /v2.0/networks?router%3Aexternal=True HTTP/1.1" status: 200 len: 845 time: 0.1595855
2026-06-26 04:46:55.135 11 INFO neutron.services.segments.plugin [-] Segment d0de2d28-9ec2-41e0-86cc-d76068b070f0 resource provider not found; error: Placement Client Error (4xx): {"errors": [{"status": 404, "title": "Not Found", "detail": "The resource could not be found.\n\n No resource provider with uuid d0de2d28-9ec2-41e0-86cc-d76068b070f0 found for delete ", "request_id": "req-286ccbe3-5b9d-47e8-ab1c-51b5076a39a2"}]}
2026-06-26 04:46:55.174 11 INFO neutron.wsgi [None req-2a9cf05e-0b79-49a6-b0c6-9173589d96c7 33c7b9b3b3b94ef98782bb46dd078760 27f5cfb579e546d6ab7570959322236b - - default default] 10.0.0.211 "GET /v2.0/subnets?network_id=343a9edb-8ec8-4aef-b6e3-8eda2ecc2105 HTTP/1.1" status: 200 len: 820 time: 0.0469251
2026-06-26 04:46:55.179 11 INFO neutron.wsgi [None req-ad9aff34-58fc-47e1-8769-f14341abb694 0f19afc84ac44417a7a52e56bdcd6b44 35178ba0f0ad412f91ef319bf0c23b38 - - default default] 10.0.0.211 "DELETE /v2.0/networks/0093edf9-3865-4766-af45-3020907303f7 HTTP/1.1" status: 204 len: 168 time: 0.6253014
2026-06-26 04:46:55.185 11 INFO neutron.wsgi [None req-5e94414b-451d-4fe0-88a1-7a06f0f56fbe 33c7b9b3b3b94ef98782bb46dd078760 27f5cfb579e546d6ab7570959322236b - - default default] 10.0.0.211 "GET /v2.0/extensions HTTP/1.1" status: 200 len: 16975 time: 0.0041704
2026-06-26 04:46:55.284 11 INFO neutron.wsgi [None req-ccd30065-9ba4-4ba4-8f78-82e2403b092e 33c7b9b3b3b94ef98782bb46dd078760 27f5cfb579e546d6ab7570959322236b - - default default] 10.0.0.211 "GET /v2.0/networks HTTP/1.1" status: 200 len: 1508 time: 0.0937641
2026-06-26 04:46:55.345 11 INFO neutron.wsgi [None req-f4aee0ef-03f0-469c-a515-92b36b00e9f5 33c7b9b3b3b94ef98782bb46dd078760 27f5cfb579e546d6ab7570959322236b - - default default] 10.0.0.211 "GET /v2.0/subnets HTTP/1.1" status: 200 len: 1460 time: 0.0555050
2026-06-26 04:46:55.421 10 INFO neutron.wsgi [req-6a515cfb-640b-401b-86c2-df744d4fdcbe req-e1ec42a7-2e8f-462b-846a-781b3463db57 2919a9c53ac443b4b22b3442716327d7 4806ed6cba2d431ca6a78ebcc7282518 - - default default] 199.204.45.23 "GET /v2.0/ports?device_id=6ba376f0-ebe1-4373-9599-03819aebf887 HTTP/1.1" status: 200 len: 1168 time: 0.3569708
2026-06-26 04:46:55.422 11 INFO neutron.wsgi [None req-896fcac9-a139-4c25-9199-56b0118fc625 33c7b9b3b3b94ef98782bb46dd078760 27f5cfb579e546d6ab7570959322236b - - default default] 10.0.0.211 "GET /v2.0/networks/300c5eb8-84f7-4827-9bc9-4263767b91d0 HTTP/1.1" status: 200 len: 867 time: 0.0706675
2026-06-26 04:46:55.452 11 INFO neutron.wsgi [None req-f7580bd3-2698-4b12-8ed3-5ff4d122b7ae 0f19afc84ac44417a7a52e56bdcd6b44 35178ba0f0ad412f91ef319bf0c23b38 - - default default] 10.0.0.211 "GET /v2.0/security-groups?tenant_id=cd2cee41bf074594a8ed238bb2312ba3&name=default HTTP/1.1" status: 200 len: 2996 time: 0.0470166
2026-06-26 04:46:55.464 11 INFO neutron.wsgi [None req-fdb2a50b-17c9-4b8b-a817-0241fa5d47e6 33c7b9b3b3b94ef98782bb46dd078760 27f5cfb579e546d6ab7570959322236b - - default default] 10.0.0.211 "GET /v2.0/subnets/ce159c77-c467-478a-8580-682de8ea581b HTTP/1.1" status: 200 len: 843 time: 0.0361588
2026-06-26 04:46:55.496 10 INFO neutron.pecan_wsgi.hooks.translation [None req-f577e7a3-0706-4f87-98d1-c8e572139f8c 33c7b9b3b3b94ef98782bb46dd078760 27f5cfb579e546d6ab7570959322236b - - default default] DELETE failed (client error): The resource could not be found.
2026-06-26 04:46:55.498 10 INFO neutron.wsgi [None req-f577e7a3-0706-4f87-98d1-c8e572139f8c 33c7b9b3b3b94ef98782bb46dd078760 27f5cfb579e546d6ab7570959322236b - - default default] 10.0.0.211 "DELETE /v2.0/subnets/6185ab21-e7e4-4138-9da2-84e3c08bb62d HTTP/1.1" status: 404 len: 337 time: 0.0277586
2026-06-26 04:46:55.524 11 INFO neutron.pecan_wsgi.hooks.translation [None req-b0df3183-85b6-400a-a400-1eb8b88cef5d 33c7b9b3b3b94ef98782bb46dd078760 27f5cfb579e546d6ab7570959322236b - - default default] DELETE failed (client error): The resource could not be found.
2026-06-26 04:46:55.526 11 INFO neutron.wsgi [None req-b0df3183-85b6-400a-a400-1eb8b88cef5d 33c7b9b3b3b94ef98782bb46dd078760 27f5cfb579e546d6ab7570959322236b - - default default] 10.0.0.211 "DELETE /v2.0/networks/0b244a6c-06da-4ec6-aedc-59b768cd0654 HTTP/1.1" status: 404 len: 339 time: 0.0220416
2026-06-26 04:46:55.568 10 INFO neutron.db.ovn_revision_numbers_db [None req-f81445b7-0796-430c-8397-97ef11356779 - - - - - -] Successfully bumped revision number for resource d5f2a26c-d98f-4b56-bddf-e89205a9e39a (type: ports) to 5
2026-06-26 04:46:55.619 11 INFO neutron.wsgi [None req-120c8705-f90a-4571-8426-e959cd3fadba 0f19afc84ac44417a7a52e56bdcd6b44 35178ba0f0ad412f91ef319bf0c23b38 - - default default] 10.0.0.211 "DELETE /v2.0/security-groups/5ae3334f-b312-4b99-8895-9570ee8bbce0 HTTP/1.1" status: 204 len: 168 time: 0.1626945
2026-06-26 04:46:55.796 10 INFO neutron.wsgi [None req-27c0de8d-dd35-46fa-9dc2-5d9b492e193b 33c7b9b3b3b94ef98782bb46dd078760 27f5cfb579e546d6ab7570959322236b - - default default] 10.0.0.211 "DELETE /v2.0/subnets/ce159c77-c467-478a-8580-682de8ea581b HTTP/1.1" status: 204 len: 168 time: 0.2650516
2026-06-26 04:46:55.847 10 INFO neutron.db.l3_db [req-6a515cfb-640b-401b-86c2-df744d4fdcbe req-fbc90624-887b-42ee-a8b9-1c8c77529d5e 2919a9c53ac443b4b22b3442716327d7 4806ed6cba2d431ca6a78ebcc7282518 - - default default] Floating IP a3b83deb-24aa-4f49-a168-65f21ee1ab44 disassociated. External IP: 10.96.250.214, port: d5f2a26c-d98f-4b56-bddf-e89205a9e39a.
2026-06-26 04:46:56.073 10 INFO neutron.wsgi [req-6a515cfb-640b-401b-86c2-df744d4fdcbe req-fbc90624-887b-42ee-a8b9-1c8c77529d5e 2919a9c53ac443b4b22b3442716327d7 4806ed6cba2d431ca6a78ebcc7282518 - - default default] 199.204.45.23 "DELETE /v2.0/ports/d5f2a26c-d98f-4b56-bddf-e89205a9e39a HTTP/1.1" status: 204 len: 173 time: 0.6477537
2026-06-26 04:46:56.159 11 INFO neutron.wsgi [req-e1c84eca-c60c-4372-a550-25573ad58eb7 req-81001002-abc6-43d6-a09b-78a87a7e6854 2919a9c53ac443b4b22b3442716327d7 4806ed6cba2d431ca6a78ebcc7282518 - - default default] 10.0.0.239 "GET /v2.0/ports?device_id=6ba376f0-ebe1-4373-9599-03819aebf887 HTTP/1.1" status: 200 len: 210 time: 0.0292835
2026-06-26 04:46:56.237 11 INFO neutron.wsgi [None req-97b2d4b6-b946-42fe-86d1-fb71249715d1 33c7b9b3b3b94ef98782bb46dd078760 27f5cfb579e546d6ab7570959322236b - - default default] 10.0.0.211 "DELETE /v2.0/networks/300c5eb8-84f7-4827-9bc9-4263767b91d0 HTTP/1.1" status: 204 len: 168 time: 0.4368780 /var/lib/openstack/lib/python3.10/site-packages/pycadf/identifier.py:71: UserWarning: Invalid uuid: neutron. To ensure interoperability, identifiers should be a valid uuid. warnings.warn(('Invalid uuid: %s. To ensure interoperability, '
2026-06-26 04:46:57.104 10 INFO neutron.notifiers.nova [-] Nova event matching ['req-ad796ab2-9ee3-40cf-99e0-f7b57f67c907'] response: {'server_uuid': '6ba376f0-ebe1-4373-9599-03819aebf887', 'name': 'network-vif-plugged', 'status': 'completed', 'tag': 'd5f2a26c-d98f-4b56-bddf-e89205a9e39a', 'code': 200}
2026-06-26 04:46:57.105 10 INFO neutron.notifiers.nova [-] Nova event matching ['req-ad796ab2-9ee3-40cf-99e0-f7b57f67c907'] response: {'server_uuid': '6ba376f0-ebe1-4373-9599-03819aebf887', 'name': 'network-vif-deleted', 'tag': 'd5f2a26c-d98f-4b56-bddf-e89205a9e39a', 'status': 'completed', 'code': 200}
2026-06-26 04:46:57.130 10 INFO neutron.wsgi [None req-2e6ef08f-72bd-4e31-b9ad-cf63371d0fd7 0f19afc84ac44417a7a52e56bdcd6b44 35178ba0f0ad412f91ef319bf0c23b38 - - default default] 10.0.0.211 "GET /v2.0/security-groups?tenant_id=27f5cfb579e546d6ab7570959322236b&name=default HTTP/1.1" status: 200 len: 2996 time: 0.2298605
2026-06-26 04:46:57.143 11 INFO neutron.services.segments.plugin [-] Segment 3bd78879-7a19-4762-a7ca-42e4e177e971 resource provider aggregate not found
2026-06-26 04:46:57.157 11 INFO neutron.services.segments.plugin [-] Segment 3bd78879-7a19-4762-a7ca-42e4e177e971 resource provider aggregate not found
2026-06-26 04:46:57.161 11 INFO neutron.services.segments.plugin [-] Segment 3bd78879-7a19-4762-a7ca-42e4e177e971 resource provider not found; error: Placement Client Error (4xx): {"errors": [{"status": 404, "title": "Not Found", "detail": "The resource could not be found.\n\n No resource provider with uuid 3bd78879-7a19-4762-a7ca-42e4e177e971 found for delete ", "request_id": "req-8354e8a9-730c-42c4-a1ea-a1c5d862da44"}]}
2026-06-26 04:46:57.170 11 INFO neutron.services.segments.plugin [-] Segment 3bd78879-7a19-4762-a7ca-42e4e177e971 resource provider not found; error: Placement Client Error (4xx): {"errors": [{"status": 404, "title": "Not Found", "detail": "The resource could not be found.\n\n No resource provider with uuid 3bd78879-7a19-4762-a7ca-42e4e177e971 found for delete ", "request_id": "req-25bf8fec-77f3-4cf4-b477-fa35a0f38c94"}]}
2026-06-26 04:46:57.388 10 INFO neutron.wsgi [None req-798322ad-a63b-45b0-8f91-c331bc869f2f 0f19afc84ac44417a7a52e56bdcd6b44 35178ba0f0ad412f91ef319bf0c23b38 - - default default] 10.0.0.211 "DELETE /v2.0/security-groups/235ffe06-478a-4982-9853-749a3fc488f0 HTTP/1.1" status: 204 len: 168 time: 0.2508178
2026-06-26 04:46:57.402 10 INFO neutron.wsgi [None req-22433402-d84f-4ce4-b482-e55b8de00e21 2919a9c53ac443b4b22b3442716327d7 4806ed6cba2d431ca6a78ebcc7282518 - - default default] 10.0.0.211 "DELETE /v2.0/security-groups/c28051d8-6682-49ef-9602-b7d18f80e033 HTTP/1.1" status: 204 len: 168 time: 0.1499372
2026-06-26 04:46:57.418 10 INFO neutron.api.v2.resource [None req-92ec9526-a38f-40cb-aed8-6484772b6d06 2919a9c53ac443b4b22b3442716327d7 4806ed6cba2d431ca6a78ebcc7282518 - - default default] show failed (client error): The resource could not be found.
2026-06-26 04:46:57.419 10 INFO neutron.wsgi [None req-92ec9526-a38f-40cb-aed8-6484772b6d06 2919a9c53ac443b4b22b3442716327d7 4806ed6cba2d431ca6a78ebcc7282518 - - default default] 10.0.0.211 "GET /v2.0/security-groups/c28051d8-6682-49ef-9602-b7d18f80e033 HTTP/1.1" status: 404 len: 347 time: 0.0112793
2026-06-26 04:46:57.753 10 INFO neutron.wsgi [None req-d10d556a-ead7-4036-9c60-2ec61b3bd65e 2919a9c53ac443b4b22b3442716327d7 4806ed6cba2d431ca6a78ebcc7282518 - - default default] 10.0.0.211 "DELETE /v2.0/floatingips/a3b83deb-24aa-4f49-a168-65f21ee1ab44 HTTP/1.1" status: 204 len: 168 time: 0.3308651
2026-06-26 04:46:57.964 11 INFO neutron.wsgi [-] 10.0.0.102 "GET / HTTP/1.1" status: 200 len: 247 time: 0.0027230
2026-06-26 04:46:57.967 11 INFO neutron.wsgi [-] 10.0.0.102 "GET / HTTP/1.1" status: 200 len: 247 time: 0.0014961
2026-06-26 04:46:58.719 10 INFO neutron.wsgi [None req-ac13e529-6a46-4315-a24b-319351d5060d 0f19afc84ac44417a7a52e56bdcd6b44 35178ba0f0ad412f91ef319bf0c23b38 - - default default] 10.0.0.211 "PUT /v2.0/routers/c221fce2-884e-4709-8b04-0bc2f49b55e1/remove_router_interface HTTP/1.1" status: 200 len: 503 time: 0.9530025
