2026-06-26 04:48:12.377 10 INFO neutron.wsgi [req-7d1fedca-019e-4833-879f-a9115239117c req-e34d87a6-0807-4869-8015-9d905a440bf2 d314d15e814d449199dcea8348f71246 9eb1c5eba02b4822af306e49c0425440 - - 9dd2a3d6d4b044059814358e15a07fe0 9dd2a3d6d4b044059814358e15a07fe0] 199.204.45.23 "GET /v2.0/ports?tenant_id=7ae3886e92a8404192a41cd7ba04c130&device_id=3214bccb-2ab8-41bd-a1c2-ade009035802 HTTP/1.1" status: 200 len: 1411 time: 0.0482662
2026-06-26 04:48:12.412 10 INFO neutron.wsgi [req-7d1fedca-019e-4833-879f-a9115239117c req-789e1217-4226-4184-97da-7e0f06210984 d314d15e814d449199dcea8348f71246 9eb1c5eba02b4822af306e49c0425440 - - 9dd2a3d6d4b044059814358e15a07fe0 9dd2a3d6d4b044059814358e15a07fe0] 199.204.45.23 "GET /v2.0/floatingips?fixed_ip_address=10.100.0.10&port_id=97c830f9-2e3d-450f-9791-0e02ca6f3fc4 HTTP/1.1" status: 200 len: 217 time: 0.0261028
2026-06-26 04:48:12.443 10 INFO neutron.wsgi [req-7d1fedca-019e-4833-879f-a9115239117c req-6460759e-e7ac-42da-8156-34fc05e45177 d314d15e814d449199dcea8348f71246 9eb1c5eba02b4822af306e49c0425440 - - 9dd2a3d6d4b044059814358e15a07fe0 9dd2a3d6d4b044059814358e15a07fe0] 199.204.45.23 "GET /v2.0/subnets?id=c109a48d-c85b-4964-9a7b-3a0ccf87013c HTTP/1.1" status: 200 len: 866 time: 0.0272422
2026-06-26 04:48:12.475 10 INFO neutron.wsgi [req-7d1fedca-019e-4833-879f-a9115239117c req-97ea54e4-c160-4fa9-95c8-37e337cea07a d314d15e814d449199dcea8348f71246 9eb1c5eba02b4822af306e49c0425440 - - 9dd2a3d6d4b044059814358e15a07fe0 9dd2a3d6d4b044059814358e15a07fe0] 199.204.45.23 "GET /v2.0/ports?network_id=6de2db2f-9218-48dc-a9d9-3fe69428f1fc&device_owner=network%3Adhcp HTTP/1.1" status: 200 len: 210 time: 0.0218225
2026-06-26 04:48:12.549 10 INFO neutron.wsgi [req-7d1fedca-019e-4833-879f-a9115239117c req-e3d45710-6741-4538-967d-b216ddd325aa d314d15e814d449199dcea8348f71246 9eb1c5eba02b4822af306e49c0425440 - - 9dd2a3d6d4b044059814358e15a07fe0 9dd2a3d6d4b044059814358e15a07fe0] 199.204.45.23 "GET /v2.0/networks/6de2db2f-9218-48dc-a9d9-3fe69428f1fc?fields=segments HTTP/1.1" status: 200 len: 212 time: 0.0689685
2026-06-26 04:48:12.624 10 INFO neutron.wsgi [req-370fd5fa-dd37-48d5-a154-d09a8b201c7c req-42287728-b7c5-4cfc-8a8c-5caee20436cd 5952b64a96894d93a9556c31170db504 035df0bfb6484afda99f8152c19947b9 - - default default] 199.204.45.23 "GET /v2.0/networks?id=d9c24e3e-5682-4326-bbaa-79c111fe7556 HTTP/1.1" status: 200 len: 904 time: 0.1005638
2026-06-26 04:48:12.656 10 INFO neutron.wsgi [req-7d1fedca-019e-4833-879f-a9115239117c req-ad46ad87-4a04-40d7-a1f2-b73b9b6d5368 d314d15e814d449199dcea8348f71246 9eb1c5eba02b4822af306e49c0425440 - - 9dd2a3d6d4b044059814358e15a07fe0 9dd2a3d6d4b044059814358e15a07fe0] 199.204.45.23 "GET /v2.0/networks/6de2db2f-9218-48dc-a9d9-3fe69428f1fc?fields=provider%3Aphysical_network&fields=provider%3Anetwork_type HTTP/1.1" status: 200 len: 277 time: 0.0937741
2026-06-26 04:48:12.675 11 INFO neutron.wsgi [None req-fda72925-a7d6-4319-9d2d-e4b338f51c5c 98704d82db2848089ef910f24f7a43e1 f1e0a196a9fa447e90a10e26668ee535 - - default default] 10.0.0.211 "PUT /v2.0/routers/e9d83ceb-881e-4635-a7d1-d5f687d6f20a/remove_router_interface HTTP/1.1" status: 200 len: 503 time: 0.7824934 /var/lib/openstack/lib/python3.10/site-packages/pycadf/identifier.py:71: UserWarning: Invalid uuid: neutron. To ensure interoperability, identifiers should be a valid uuid. warnings.warn(('Invalid uuid: %s. To ensure interoperability, '
2026-06-26 04:48:12.696 10 INFO neutron.wsgi [req-370fd5fa-dd37-48d5-a154-d09a8b201c7c req-d95869ed-c8bd-490e-9584-1716e172959e 5952b64a96894d93a9556c31170db504 035df0bfb6484afda99f8152c19947b9 - - default default] 199.204.45.23 "GET /v2.0/security-groups?fields=id&fields=name&tenant_id=035df0bfb6484afda99f8152c19947b9 HTTP/1.1" status: 200 len: 377 time: 0.0660293
2026-06-26 04:48:12.725 10 WARNING neutron_lib.context [req-370fd5fa-dd37-48d5-a154-d09a8b201c7c req-168bf2d7-0d9b-445f-9d69-a8adafc0d636 5952b64a96894d93a9556c31170db504 035df0bfb6484afda99f8152c19947b9 - - default default] Method 'is_advsvc' is deprecated since 2023.2 release (neutron-lib 3.8.0) and will be removed once support for the old RBAC API policies will be removed from Neutron. Please use method 'is_service_role' instead.
2026-06-26 04:48:12.759 11 INFO neutron.api.v2.resource [None req-a4e21921-96f3-451d-944a-eb317307fac8 98704d82db2848089ef910f24f7a43e1 f1e0a196a9fa447e90a10e26668ee535 - - default default] remove_router_interface failed (client error): The resource could not be found.
2026-06-26 04:48:12.761 11 INFO neutron.wsgi [None req-a4e21921-96f3-451d-944a-eb317307fac8 98704d82db2848089ef910f24f7a43e1 f1e0a196a9fa447e90a10e26668ee535 - - default default] 10.0.0.211 "PUT /v2.0/routers/e9d83ceb-881e-4635-a7d1-d5f687d6f20a/remove_router_interface HTTP/1.1" status: 404 len: 398 time: 0.0767202
2026-06-26 04:48:12.784 10 INFO neutron.wsgi [req-7996f3b3-515c-49f1-b8ab-18e2bd66496e req-60a4fe87-5dea-4b45-aebd-6c604406b1df d314d15e814d449199dcea8348f71246 9eb1c5eba02b4822af306e49c0425440 - - 9dd2a3d6d4b044059814358e15a07fe0 9dd2a3d6d4b044059814358e15a07fe0] 199.204.45.23 "GET /v2.0/ports?tenant_id=7ae3886e92a8404192a41cd7ba04c130&device_id=3214bccb-2ab8-41bd-a1c2-ade009035802 HTTP/1.1" status: 200 len: 1411 time: 0.0559428
2026-06-26 04:48:12.794 11 INFO neutron.wsgi [None req-d651fa66-3588-453f-bb2d-e7ba452fcde0 98704d82db2848089ef910f24f7a43e1 f1e0a196a9fa447e90a10e26668ee535 - - default default] 10.0.0.211 "GET /v2.0/ports?device_id=e9d83ceb-881e-4635-a7d1-d5f687d6f20a HTTP/1.1" status: 200 len: 205 time: 0.0258882
2026-06-26 04:48:12.881 10 INFO neutron.wsgi [req-7996f3b3-515c-49f1-b8ab-18e2bd66496e req-35b08c2d-d559-4eeb-a304-cc82e35d1abc d314d15e814d449199dcea8348f71246 9eb1c5eba02b4822af306e49c0425440 - - 9dd2a3d6d4b044059814358e15a07fe0 9dd2a3d6d4b044059814358e15a07fe0] 199.204.45.23 "GET /v2.0/networks?id=6de2db2f-9218-48dc-a9d9-3fe69428f1fc HTTP/1.1" status: 200 len: 971 time: 0.0804670
2026-06-26 04:48:12.917 10 INFO neutron.wsgi [req-7996f3b3-515c-49f1-b8ab-18e2bd66496e req-6c3be6bf-2fd7-4675-9b20-1b8dbfb6b1b8 d314d15e814d449199dcea8348f71246 9eb1c5eba02b4822af306e49c0425440 - - 9dd2a3d6d4b044059814358e15a07fe0 9dd2a3d6d4b044059814358e15a07fe0] 199.204.45.23 "GET /v2.0/floatingips?fixed_ip_address=10.100.0.10&port_id=97c830f9-2e3d-450f-9791-0e02ca6f3fc4 HTTP/1.1" status: 200 len: 217 time: 0.0279694
2026-06-26 04:48:12.967 10 INFO neutron.wsgi [-] 10.0.0.102 "GET / HTTP/1.1" status: 200 len: 247 time: 0.0046277
2026-06-26 04:48:12.973 10 INFO neutron.wsgi [-] 10.0.0.102 "GET / HTTP/1.1" status: 200 len: 247 time: 0.0011628
2026-06-26 04:48:13.106 11 INFO neutron.wsgi [None req-d46c7862-0a7a-4470-a208-df72fd94f5aa 98704d82db2848089ef910f24f7a43e1 f1e0a196a9fa447e90a10e26668ee535 - - default default] 10.0.0.211 "DELETE /v2.0/routers/e9d83ceb-881e-4635-a7d1-d5f687d6f20a HTTP/1.1" status: 204 len: 168 time: 0.3073618
2026-06-26 04:48:13.254 10 INFO neutron.wsgi [req-7996f3b3-515c-49f1-b8ab-18e2bd66496e req-76c008d2-0dfe-4b06-a9de-ef4fec96c234 d314d15e814d449199dcea8348f71246 9eb1c5eba02b4822af306e49c0425440 - - 9dd2a3d6d4b044059814358e15a07fe0 9dd2a3d6d4b044059814358e15a07fe0] 199.204.45.23 "GET /v2.0/subnets?id=c109a48d-c85b-4964-9a7b-3a0ccf87013c HTTP/1.1" status: 200 len: 866 time: 0.3225911
2026-06-26 04:48:13.291 10 INFO neutron.wsgi [req-7996f3b3-515c-49f1-b8ab-18e2bd66496e req-3d9f3fb8-886a-4e03-8a40-44b150a914bc d314d15e814d449199dcea8348f71246 9eb1c5eba02b4822af306e49c0425440 - - 9dd2a3d6d4b044059814358e15a07fe0 9dd2a3d6d4b044059814358e15a07fe0] 199.204.45.23 "GET /v2.0/ports?network_id=6de2db2f-9218-48dc-a9d9-3fe69428f1fc&device_owner=network%3Adhcp HTTP/1.1" status: 200 len: 210 time: 0.0269516
2026-06-26 04:48:13.313 10 INFO neutron.wsgi [req-da942dd1-c58d-4467-9108-83b6d999563c req-318a79c6-825f-409f-b2d9-3da5bca2f632 9147ae0295b94f3a90793c2c9603e71c 7ae3886e92a8404192a41cd7ba04c130 - - default default] 10.0.0.239 "GET /v2.0/ports?device_id=3214bccb-2ab8-41bd-a1c2-ade009035802 HTTP/1.1" status: 200 len: 1172 time: 0.0655937
2026-06-26 04:48:13.334 11 INFO neutron.wsgi [None req-569031fe-df19-40eb-9694-60e25cc618de 98704d82db2848089ef910f24f7a43e1 f1e0a196a9fa447e90a10e26668ee535 - - default default] 10.0.0.211 "DELETE /v2.0/subnets/3e35ef31-1fd0-40fb-88f7-abcb874991ac HTTP/1.1" status: 204 len: 168 time: 0.2178602
2026-06-26 04:48:13.390 10 INFO neutron.wsgi [req-da942dd1-c58d-4467-9108-83b6d999563c req-a08962fc-153e-45f4-b2b3-829940c5a82e 9147ae0295b94f3a90793c2c9603e71c 7ae3886e92a8404192a41cd7ba04c130 - - default default] 10.0.0.239 "GET /v2.0/security-groups?id=0d615a51-13d4-4d09-ae23-b7cc5084150f&fields=id&fields=name HTTP/1.1" status: 200 len: 286 time: 0.0716014
2026-06-26 04:48:13.407 10 INFO neutron.wsgi [req-7996f3b3-515c-49f1-b8ab-18e2bd66496e req-2d879331-9554-45ad-bf3a-fc5e04fa33d2 d314d15e814d449199dcea8348f71246 9eb1c5eba02b4822af306e49c0425440 - - 9dd2a3d6d4b044059814358e15a07fe0 9dd2a3d6d4b044059814358e15a07fe0] 199.204.45.23 "GET /v2.0/networks/6de2db2f-9218-48dc-a9d9-3fe69428f1fc?fields=segments HTTP/1.1" status: 200 len: 212 time: 0.1095233
2026-06-26 04:48:13.488 10 INFO neutron.wsgi [req-7996f3b3-515c-49f1-b8ab-18e2bd66496e req-a5ac997d-ac08-468a-bc83-d34303d5f7ec d314d15e814d449199dcea8348f71246 9eb1c5eba02b4822af306e49c0425440 - - 9dd2a3d6d4b044059814358e15a07fe0 9dd2a3d6d4b044059814358e15a07fe0] 199.204.45.23 "GET /v2.0/networks/6de2db2f-9218-48dc-a9d9-3fe69428f1fc?fields=provider%3Aphysical_network&fields=provider%3Anetwork_type HTTP/1.1" status: 200 len: 277 time: 0.0708501
2026-06-26 04:48:13.509 10 WARNING neutron.scheduler.dhcp_agent_scheduler [req-370fd5fa-dd37-48d5-a154-d09a8b201c7c req-168bf2d7-0d9b-445f-9d69-a8adafc0d636 5952b64a96894d93a9556c31170db504 035df0bfb6484afda99f8152c19947b9 - - default default] No more DHCP agents
2026-06-26 04:48:13.511 10 WARNING neutron.api.rpc.agentnotifiers.dhcp_rpc_agent_api [req-370fd5fa-dd37-48d5-a154-d09a8b201c7c req-168bf2d7-0d9b-445f-9d69-a8adafc0d636 5952b64a96894d93a9556c31170db504 035df0bfb6484afda99f8152c19947b9 - - default default] Unable to schedule network d9c24e3e-5682-4326-bbaa-79c111fe7556: no agents available; will retry on subsequent port and subnet creation events.
2026-06-26 04:48:13.544 10 WARNING neutron.plugins.ml2.drivers.ovn.mech_driver.ovsdb.ovn_client [None req-f81445b7-0796-430c-8397-97ef11356779 - - - - - -] No hosting information found for port c19c661f-7cd9-46db-9686-70ee8f733aa7: RuntimeError: No hosting information found for port c19c661f-7cd9-46db-9686-70ee8f733aa7
2026-06-26 04:48:13.545 10 INFO neutron.plugins.ml2.drivers.ovn.mech_driver.mech_driver [None req-f81445b7-0796-430c-8397-97ef11356779 - - - - - -] OVN reports status up for port: 97c830f9-2e3d-450f-9791-0e02ca6f3fc4
2026-06-26 04:48:13.568 10 INFO neutron.plugins.ml2.plugin [None req-f81445b7-0796-430c-8397-97ef11356779 - - - - - -] Attempt 1 to provision port 97c830f9-2e3d-450f-9791-0e02ca6f3fc4
2026-06-26 04:48:13.728 10 INFO neutron.db.ovn_revision_numbers_db [req-370fd5fa-dd37-48d5-a154-d09a8b201c7c req-168bf2d7-0d9b-445f-9d69-a8adafc0d636 5952b64a96894d93a9556c31170db504 035df0bfb6484afda99f8152c19947b9 - - default default] Successfully bumped revision number for resource 8a49910f-50b4-4233-8082-d2e7a6baa42a (type: ports) to 1
2026-06-26 04:48:13.742 11 INFO neutron.services.segments.plugin [-] Segment 9136bb01-90b8-4674-8f06-a33730464b34 resource provider aggregate not found
2026-06-26 04:48:13.749 11 INFO neutron.services.segments.plugin [-] Segment 9136bb01-90b8-4674-8f06-a33730464b34 resource provider aggregate not found
2026-06-26 04:48:13.757 10 INFO neutron.wsgi [req-370fd5fa-dd37-48d5-a154-d09a8b201c7c req-168bf2d7-0d9b-445f-9d69-a8adafc0d636 5952b64a96894d93a9556c31170db504 035df0bfb6484afda99f8152c19947b9 - - default default] 199.204.45.23 "POST /v2.0/ports HTTP/1.1" status: 201 len: 1384 time: 1.0437799
2026-06-26 04:48:13.765 11 INFO neutron.services.segments.plugin [-] Segment 9136bb01-90b8-4674-8f06-a33730464b34 resource provider not found; error: Placement Client Error (4xx): {"errors": [{"status": 404, "title": "Not Found", "detail": "The resource could not be found.\n\n No resource provider with uuid 9136bb01-90b8-4674-8f06-a33730464b34 found for delete ", "request_id": "req-b716d77d-2fe9-4ced-a1ab-307a1643e4b2"}]}
2026-06-26 04:48:13.766 11 INFO neutron.services.segments.plugin [-] Segment 9136bb01-90b8-4674-8f06-a33730464b34 resource provider not found; error: Placement Client Error (4xx): {"errors": [{"status": 404, "title": "Not Found", "detail": "The resource could not be found.\n\n No resource provider with uuid 9136bb01-90b8-4674-8f06-a33730464b34 found for delete ", "request_id": "req-2faf5fbc-ba4d-4eb7-bbc2-c80d66a77d4b"}]} /var/lib/openstack/lib/python3.10/site-packages/pycadf/identifier.py:71: UserWarning: Invalid uuid: neutron. To ensure interoperability, identifiers should be a valid uuid. warnings.warn(('Invalid uuid: %s. To ensure interoperability, '
2026-06-26 04:48:13.793 11 INFO neutron.wsgi [None req-f68a7910-318b-4388-95a9-ba63aaa05542 98704d82db2848089ef910f24f7a43e1 f1e0a196a9fa447e90a10e26668ee535 - - default default] 10.0.0.211 "DELETE /v2.0/networks/fbe50289-2c76-49a4-a61d-c9ebabed3625 HTTP/1.1" status: 204 len: 168 time: 0.4539459
2026-06-26 04:48:13.804 11 WARNING neutron_lib.context [None req-d2bc1dde-4ee3-4e4f-8dca-4984e072b07e 98704d82db2848089ef910f24f7a43e1 f1e0a196a9fa447e90a10e26668ee535 - - default default] Method 'is_advsvc' is deprecated since 2023.2 release (neutron-lib 3.8.0) and will be removed once support for the old RBAC API policies will be removed from Neutron. Please use method 'is_service_role' instead.
2026-06-26 04:48:13.885 11 INFO neutron.db.segments_db [None req-d2bc1dde-4ee3-4e4f-8dca-4984e072b07e 98704d82db2848089ef910f24f7a43e1 f1e0a196a9fa447e90a10e26668ee535 - - default default] Added segment 9c00533a-f5fe-43d5-8018-1221e672d604 of type geneve for network 454e2248-0b89-4bf0-848e-f6fc8cc85ecf
2026-06-26 04:48:13.914 10 INFO neutron.db.ovn_revision_numbers_db [None req-f81445b7-0796-430c-8397-97ef11356779 - - - - - -] Successfully bumped revision number for resource 97c830f9-2e3d-450f-9791-0e02ca6f3fc4 (type: ports) to 4
2026-06-26 04:48:14.055 11 INFO neutron.db.ovn_revision_numbers_db [None req-d2bc1dde-4ee3-4e4f-8dca-4984e072b07e 98704d82db2848089ef910f24f7a43e1 f1e0a196a9fa447e90a10e26668ee535 - - default default] Successfully bumped revision number for resource 454e2248-0b89-4bf0-848e-f6fc8cc85ecf (type: networks) to 1
2026-06-26 04:48:14.195 10 INFO neutron.db.ovn_revision_numbers_db [req-370fd5fa-dd37-48d5-a154-d09a8b201c7c req-01b30b12-6e23-4905-8c19-6b640c861ca6 d314d15e814d449199dcea8348f71246 9eb1c5eba02b4822af306e49c0425440 - - 9dd2a3d6d4b044059814358e15a07fe0 9dd2a3d6d4b044059814358e15a07fe0] Successfully bumped revision number for resource 8a49910f-50b4-4233-8082-d2e7a6baa42a (type: ports) to 2
2026-06-26 04:48:14.226 11 WARNING neutron.scheduler.dhcp_agent_scheduler [None req-d2bc1dde-4ee3-4e4f-8dca-4984e072b07e 98704d82db2848089ef910f24f7a43e1 f1e0a196a9fa447e90a10e26668ee535 - - default default] No more DHCP agents
2026-06-26 04:48:14.227 11 WARNING neutron.api.rpc.agentnotifiers.dhcp_rpc_agent_api [None req-d2bc1dde-4ee3-4e4f-8dca-4984e072b07e 98704d82db2848089ef910f24f7a43e1 f1e0a196a9fa447e90a10e26668ee535 - - default default] Unable to schedule network 454e2248-0b89-4bf0-848e-f6fc8cc85ecf: no agents available; will retry on subsequent port and subnet creation events.
2026-06-26 04:48:14.309 11 INFO neutron.db.ovn_revision_numbers_db [None req-d2bc1dde-4ee3-4e4f-8dca-4984e072b07e 98704d82db2848089ef910f24f7a43e1 f1e0a196a9fa447e90a10e26668ee535 - - default default] Successfully bumped revision number for resource db2bf4d0-256f-4038-8700-c732409e2024 (type: ports) to 1
2026-06-26 04:48:14.330 11 INFO neutron.wsgi [None req-d2bc1dde-4ee3-4e4f-8dca-4984e072b07e 98704d82db2848089ef910f24f7a43e1 f1e0a196a9fa447e90a10e26668ee535 - - default default] 10.0.0.211 "POST /v2.0/networks HTTP/1.1" status: 201 len: 829 time: 0.5310323 /var/lib/openstack/lib/python3.10/site-packages/pycadf/identifier.py:71: UserWarning: Invalid uuid: neutron. To ensure interoperability, identifiers should be a valid uuid. warnings.warn(('Invalid uuid: %s. To ensure interoperability, '
2026-06-26 04:48:14.343 10 WARNING neutron_lib.context [None req-ee605cf6-2544-4d59-a42c-4afbe506d96f 98704d82db2848089ef910f24f7a43e1 f1e0a196a9fa447e90a10e26668ee535 - - default default] Method 'is_advsvc' is deprecated since 2023.2 release (neutron-lib 3.8.0) and will be removed once support for the old RBAC API policies will be removed from Neutron. Please use method 'is_service_role' instead.
2026-06-26 04:48:14.387 10 INFO neutron.notifiers.nova [-] Nova event matching ['req-0d51bdb0-1fe6-4210-b263-611419d3f75b'] response: {'server_uuid': '3214bccb-2ab8-41bd-a1c2-ade009035802', 'name': 'network-vif-plugged', 'status': 'completed', 'tag': '97c830f9-2e3d-450f-9791-0e02ca6f3fc4', 'code': 200}
2026-06-26 04:48:14.387 10 INFO neutron.notifiers.nova [-] Nova event matching ['req-0d51bdb0-1fe6-4210-b263-611419d3f75b'] response: {'server_uuid': '3214bccb-2ab8-41bd-a1c2-ade009035802', 'name': 'network-vif-plugged', 'status': 'completed', 'tag': '97c830f9-2e3d-450f-9791-0e02ca6f3fc4', 'code': 200}
2026-06-26 04:48:14.429 10 INFO neutron.db.ovn_revision_numbers_db [req-370fd5fa-dd37-48d5-a154-d09a8b201c7c req-01b30b12-6e23-4905-8c19-6b640c861ca6 d314d15e814d449199dcea8348f71246 9eb1c5eba02b4822af306e49c0425440 - - 9dd2a3d6d4b044059814358e15a07fe0 9dd2a3d6d4b044059814358e15a07fe0] Successfully bumped revision number for resource 8a49910f-50b4-4233-8082-d2e7a6baa42a (type: ports) to 2
2026-06-26 04:48:14.473 10 INFO neutron.wsgi [req-370fd5fa-dd37-48d5-a154-d09a8b201c7c req-01b30b12-6e23-4905-8c19-6b640c861ca6 d314d15e814d449199dcea8348f71246 9eb1c5eba02b4822af306e49c0425440 - - 9dd2a3d6d4b044059814358e15a07fe0 9dd2a3d6d4b044059814358e15a07fe0] 199.204.45.23 "PUT /v2.0/ports/8a49910f-50b4-4233-8082-d2e7a6baa42a HTTP/1.1" status: 200 len: 1601 time: 0.7049422
2026-06-26 04:48:14.502 10 INFO neutron.wsgi [req-4ecd6def-8f2b-41f7-9274-12d16ebd625a req-4790f00d-71df-4540-8d34-e555c3319f7f 9147ae0295b94f3a90793c2c9603e71c 7ae3886e92a8404192a41cd7ba04c130 - - default default] 10.0.0.239 "GET /v2.0/ports?device_id=3214bccb-2ab8-41bd-a1c2-ade009035802 HTTP/1.1" status: 200 len: 1174 time: 0.0478435
2026-06-26 04:48:14.559 10 INFO neutron.wsgi [req-370fd5fa-dd37-48d5-a154-d09a8b201c7c req-2a3da2c2-74d3-45cc-8f47-3585e8cfc380 d314d15e814d449199dcea8348f71246 9eb1c5eba02b4822af306e49c0425440 - - 9dd2a3d6d4b044059814358e15a07fe0 9dd2a3d6d4b044059814358e15a07fe0] 199.204.45.23 "GET /v2.0/ports?tenant_id=035df0bfb6484afda99f8152c19947b9&device_id=94a687e9-8ebe-4ad5-93da-0aac4f60c992 HTTP/1.1" status: 200 len: 1632 time: 0.0479617
2026-06-26 04:48:14.581 10 INFO neutron.wsgi [req-4ecd6def-8f2b-41f7-9274-12d16ebd625a req-0f72e413-6268-48f2-8e64-dd52df834cac 9147ae0295b94f3a90793c2c9603e71c 7ae3886e92a8404192a41cd7ba04c130 - - default default] 10.0.0.239 "GET /v2.0/security-groups?id=0d615a51-13d4-4d09-ae23-b7cc5084150f&fields=id&fields=name HTTP/1.1" status: 200 len: 286 time: 0.0688028
2026-06-26 04:48:14.594 10 INFO neutron.wsgi [req-370fd5fa-dd37-48d5-a154-d09a8b201c7c req-9fb96f66-fc3e-4f78-b78a-724023c60d65 d314d15e814d449199dcea8348f71246 9eb1c5eba02b4822af306e49c0425440 - - 9dd2a3d6d4b044059814358e15a07fe0 9dd2a3d6d4b044059814358e15a07fe0] 199.204.45.23 "GET /v2.0/floatingips?fixed_ip_address=10.2.2.87&port_id=8a49910f-50b4-4233-8082-d2e7a6baa42a HTTP/1.1" status: 200 len: 217 time: 0.0255716
2026-06-26 04:48:14.624 10 INFO neutron.wsgi [req-370fd5fa-dd37-48d5-a154-d09a8b201c7c req-04891b21-293c-40c9-baa9-79b537558a62 d314d15e814d449199dcea8348f71246 9eb1c5eba02b4822af306e49c0425440 - - 9dd2a3d6d4b044059814358e15a07fe0 9dd2a3d6d4b044059814358e15a07fe0] 199.204.45.23 "GET /v2.0/floatingips?fixed_ip_address=fd77%3A1457%3A4cf0%3A26a8%3A%3A33&port_id=8a49910f-50b4-4233-8082-d2e7a6baa42a HTTP/1.1" status: 200 len: 217 time: 0.0200660
2026-06-26 04:48:14.675 10 INFO neutron.wsgi [req-370fd5fa-dd37-48d5-a154-d09a8b201c7c req-aaaf1049-09fe-44fc-ba42-22c20b6f60f0 d314d15e814d449199dcea8348f71246 9eb1c5eba02b4822af306e49c0425440 - - 9dd2a3d6d4b044059814358e15a07fe0 9dd2a3d6d4b044059814358e15a07fe0] 199.204.45.23 "GET /v2.0/subnets?id=57f744e1-3f2d-494c-a354-0a44cd06e3ae&id=3cf84e4d-6c62-41b4-8729-011643c0d1bd HTTP/1.1" status: 200 len: 1566 time: 0.0351727
2026-06-26 04:48:14.709 10 WARNING neutron.scheduler.dhcp_agent_scheduler [None req-ee605cf6-2544-4d59-a42c-4afbe506d96f 98704d82db2848089ef910f24f7a43e1 f1e0a196a9fa447e90a10e26668ee535 - - default default] No more DHCP agents
2026-06-26 04:48:14.712 10 INFO neutron.wsgi [req-370fd5fa-dd37-48d5-a154-d09a8b201c7c req-4f9c7e01-4961-40b0-ae34-cc864a610d6e d314d15e814d449199dcea8348f71246 9eb1c5eba02b4822af306e49c0425440 - - 9dd2a3d6d4b044059814358e15a07fe0 9dd2a3d6d4b044059814358e15a07fe0] 199.204.45.23 "GET /v2.0/ports?network_id=d9c24e3e-5682-4326-bbaa-79c111fe7556&device_owner=network%3Adhcp HTTP/1.1" status: 200 len: 210 time: 0.0273917
2026-06-26 04:48:14.713 10 WARNING neutron.api.rpc.agentnotifiers.dhcp_rpc_agent_api [None req-ee605cf6-2544-4d59-a42c-4afbe506d96f 98704d82db2848089ef910f24f7a43e1 f1e0a196a9fa447e90a10e26668ee535 - - default default] Unable to schedule network 454e2248-0b89-4bf0-848e-f6fc8cc85ecf: no agents available; will retry on subsequent port and subnet creation events.
2026-06-26 04:48:14.770 10 INFO neutron.wsgi [req-370fd5fa-dd37-48d5-a154-d09a8b201c7c req-d5b6a030-27a3-4689-b18d-0573574b2463 d314d15e814d449199dcea8348f71246 9eb1c5eba02b4822af306e49c0425440 - - 9dd2a3d6d4b044059814358e15a07fe0 9dd2a3d6d4b044059814358e15a07fe0] 199.204.45.23 "GET /v2.0/ports?network_id=d9c24e3e-5682-4326-bbaa-79c111fe7556&device_owner=network%3Adhcp HTTP/1.1" status: 200 len: 210 time: 0.0461998
2026-06-26 04:48:14.839 10 INFO neutron.wsgi [req-370fd5fa-dd37-48d5-a154-d09a8b201c7c req-405abee1-0fbd-44a5-89cd-1eb913fbb8ac d314d15e814d449199dcea8348f71246 9eb1c5eba02b4822af306e49c0425440 - - 9dd2a3d6d4b044059814358e15a07fe0 9dd2a3d6d4b044059814358e15a07fe0] 199.204.45.23 "GET /v2.0/networks/d9c24e3e-5682-4326-bbaa-79c111fe7556?fields=segments HTTP/1.1" status: 200 len: 212 time: 0.0613196
2026-06-26 04:48:14.918 10 INFO neutron.wsgi [req-370fd5fa-dd37-48d5-a154-d09a8b201c7c req-66b7247d-9a73-4b48-bf60-1cff1ea0fbbc d314d15e814d449199dcea8348f71246 9eb1c5eba02b4822af306e49c0425440 - - 9dd2a3d6d4b044059814358e15a07fe0 9dd2a3d6d4b044059814358e15a07fe0] 199.204.45.23 "GET /v2.0/networks/d9c24e3e-5682-4326-bbaa-79c111fe7556?fields=provider%3Aphysical_network&fields=provider%3Anetwork_type HTTP/1.1" status: 200 len: 277 time: 0.0694933
2026-06-26 04:48:15.096 10 INFO neutron.plugins.ml2.drivers.ovn.mech_driver.mech_driver [None req-f81445b7-0796-430c-8397-97ef11356779 - - - - - -] OVN reports status up for port: 8a49910f-50b4-4233-8082-d2e7a6baa42a
2026-06-26 04:48:15.126 10 INFO neutron.plugins.ml2.plugin [None req-f81445b7-0796-430c-8397-97ef11356779 - - - - - -] Attempt 1 to provision port 8a49910f-50b4-4233-8082-d2e7a6baa42a
2026-06-26 04:48:15.438 10 INFO neutron.db.ovn_revision_numbers_db [None req-ee605cf6-2544-4d59-a42c-4afbe506d96f 98704d82db2848089ef910f24f7a43e1 f1e0a196a9fa447e90a10e26668ee535 - - default default] Successfully bumped revision number for resource db2bf4d0-256f-4038-8700-c732409e2024 (type: ports) to 2
2026-06-26 04:48:15.491 10 INFO neutron.db.ovn_revision_numbers_db [None req-ee605cf6-2544-4d59-a42c-4afbe506d96f 98704d82db2848089ef910f24f7a43e1 f1e0a196a9fa447e90a10e26668ee535 - - default default] Successfully bumped revision number for resource 2219f594-f997-47bd-ae64-32ddda833a40 (type: subnets) to 0
2026-06-26 04:48:15.495 10 INFO neutron.db.ovn_revision_numbers_db [None req-f81445b7-0796-430c-8397-97ef11356779 - - - - - -] Successfully bumped revision number for resource 8a49910f-50b4-4233-8082-d2e7a6baa42a (type: ports) to 4
2026-06-26 04:48:15.521 10 INFO neutron.wsgi [None req-ee605cf6-2544-4d59-a42c-4afbe506d96f 98704d82db2848089ef910f24f7a43e1 f1e0a196a9fa447e90a10e26668ee535 - - default default] 10.0.0.211 "POST /v2.0/subnets HTTP/1.1" status: 201 len: 801 time: 1.1849244
2026-06-26 04:48:15.532 11 WARNING neutron_lib.context [None req-34d82e07-045e-4602-93ee-11538733bc81 98704d82db2848089ef910f24f7a43e1 f1e0a196a9fa447e90a10e26668ee535 - - default default] Method 'is_advsvc' is deprecated since 2023.2 release (neutron-lib 3.8.0) and will be removed once support for the old RBAC API policies will be removed from Neutron. Please use method 'is_service_role' instead. /var/lib/openstack/lib/python3.10/site-packages/pycadf/identifier.py:71: UserWarning: Invalid uuid: neutron. To ensure interoperability, identifiers should be a valid uuid. warnings.warn(('Invalid uuid: %s. To ensure interoperability, '
2026-06-26 04:48:15.701 11 INFO neutron.db.ovn_revision_numbers_db [None req-34d82e07-045e-4602-93ee-11538733bc81 98704d82db2848089ef910f24f7a43e1 f1e0a196a9fa447e90a10e26668ee535 - - default default] Successfully bumped revision number for resource fd980a00-526f-44f0-a500-652af310e060 (type: routers) to 1
2026-06-26 04:48:15.719 11 INFO neutron.wsgi [None req-34d82e07-045e-4602-93ee-11538733bc81 98704d82db2848089ef910f24f7a43e1 f1e0a196a9fa447e90a10e26668ee535 - - default default] 10.0.0.211 "POST /v2.0/routers HTTP/1.1" status: 201 len: 686 time: 0.1911116
2026-06-26 04:48:15.720 10 INFO neutron.wsgi [req-422aa975-81d5-4756-8f66-eebc7277d84b req-b680179c-4489-42de-8aa8-ed4599a73e5b 9147ae0295b94f3a90793c2c9603e71c 7ae3886e92a8404192a41cd7ba04c130 - - default default] 10.0.0.239 "GET /v2.0/ports?device_id=3214bccb-2ab8-41bd-a1c2-ade009035802 HTTP/1.1" status: 200 len: 1174 time: 0.0601397
2026-06-26 04:48:15.769 10 INFO neutron.wsgi [req-422aa975-81d5-4756-8f66-eebc7277d84b req-ec3b073d-a3f3-4768-a3c6-7b4a61e3ac9b 9147ae0295b94f3a90793c2c9603e71c 7ae3886e92a8404192a41cd7ba04c130 - - default default] 10.0.0.239 "GET /v2.0/security-groups?id=0d615a51-13d4-4d09-ae23-b7cc5084150f&fields=id&fields=name HTTP/1.1" status: 200 len: 286 time: 0.0430584
2026-06-26 04:48:16.176 11 WARNING neutron.scheduler.dhcp_agent_scheduler [None req-7eca4913-3ab9-4e94-9bdd-7ef04e09b897 98704d82db2848089ef910f24f7a43e1 f1e0a196a9fa447e90a10e26668ee535 - - default default] No more DHCP agents
2026-06-26 04:48:16.178 11 WARNING neutron.api.rpc.agentnotifiers.dhcp_rpc_agent_api [None req-7eca4913-3ab9-4e94-9bdd-7ef04e09b897 98704d82db2848089ef910f24f7a43e1 f1e0a196a9fa447e90a10e26668ee535 - - default default] Unable to schedule network 454e2248-0b89-4bf0-848e-f6fc8cc85ecf: no agents available; will retry on subsequent port and subnet creation events.
2026-06-26 04:48:16.227 11 WARNING neutron.plugins.ml2.drivers.ovn.mech_driver.ovsdb.ovn_client [None req-f217a9be-5b29-464f-9a5a-5afee2642517 - - - - - -] No port found with ID f591626a-5d75-4545-8e52-14d66b845bcf: RuntimeError: No port found with ID f591626a-5d75-4545-8e52-14d66b845bcf
2026-06-26 04:48:16.294 10 INFO neutron.plugins.ml2.drivers.ovn.mech_driver.mech_driver [None req-f81445b7-0796-430c-8397-97ef11356779 - - - - - -] OVN reports status down for port: 97c830f9-2e3d-450f-9791-0e02ca6f3fc4
2026-06-26 04:48:16.316 10 INFO neutron.wsgi [req-3e52664a-6de2-4eb9-a071-fc97d13cac96 req-05f9d179-b668-4d20-95d7-c186ba23fe1d 9147ae0295b94f3a90793c2c9603e71c 7ae3886e92a8404192a41cd7ba04c130 - - default default] 10.0.0.239 "GET /v2.0/ports?device_id=3214bccb-2ab8-41bd-a1c2-ade009035802 HTTP/1.1" status: 200 len: 1174 time: 0.0671871
2026-06-26 04:48:16.362 10 INFO neutron.wsgi [req-3e52664a-6de2-4eb9-a071-fc97d13cac96 req-2526a33c-95bd-4ce2-a79a-05dc03ae27da 9147ae0295b94f3a90793c2c9603e71c 7ae3886e92a8404192a41cd7ba04c130 - - default default] 10.0.0.239 "GET /v2.0/security-groups?id=0d615a51-13d4-4d09-ae23-b7cc5084150f&fields=id&fields=name HTTP/1.1" status: 200 len: 286 time: 0.0400393
2026-06-26 04:48:16.394 11 INFO neutron.db.ovn_revision_numbers_db [None req-7eca4913-3ab9-4e94-9bdd-7ef04e09b897 98704d82db2848089ef910f24f7a43e1 f1e0a196a9fa447e90a10e26668ee535 - - default default] Successfully bumped revision number for resource 98f4d8a0-faa0-4bea-bf90-dfb25db6be19 (type: ports) to 1
2026-06-26 04:48:16.428 10 INFO neutron.notifiers.nova [-] Nova event matching ['req-61a55e3d-c3e5-4a41-8813-2d142874029a'] response: {'name': 'network-changed', 'server_uuid': '94a687e9-8ebe-4ad5-93da-0aac4f60c992', 'tag': '8a49910f-50b4-4233-8082-d2e7a6baa42a', 'status': 'completed', 'code': 200}
2026-06-26 04:48:16.428 10 INFO neutron.notifiers.nova [-] Nova event matching ['req-61a55e3d-c3e5-4a41-8813-2d142874029a'] response: {'server_uuid': '94a687e9-8ebe-4ad5-93da-0aac4f60c992', 'name': 'network-vif-plugged', 'status': 'completed', 'tag': '8a49910f-50b4-4233-8082-d2e7a6baa42a', 'code': 200}
2026-06-26 04:48:16.428 10 INFO neutron.notifiers.nova [-] Nova event matching ['req-61a55e3d-c3e5-4a41-8813-2d142874029a'] response: {'server_uuid': '94a687e9-8ebe-4ad5-93da-0aac4f60c992', 'name': 'network-vif-plugged', 'status': 'completed', 'tag': '8a49910f-50b4-4233-8082-d2e7a6baa42a', 'code': 200}
2026-06-26 04:48:16.499 10 INFO neutron.wsgi [req-cd5d3f9c-4eef-4e23-829b-624864133454 req-d2accc55-066f-4ecc-bdfa-07210b31819f d314d15e814d449199dcea8348f71246 9eb1c5eba02b4822af306e49c0425440 - - 9dd2a3d6d4b044059814358e15a07fe0 9dd2a3d6d4b044059814358e15a07fe0] 199.204.45.23 "GET /v2.0/ports?tenant_id=035df0bfb6484afda99f8152c19947b9&device_id=94a687e9-8ebe-4ad5-93da-0aac4f60c992 HTTP/1.1" status: 200 len: 1634 time: 0.0458724
2026-06-26 04:48:16.574 10 INFO neutron.wsgi [req-cd5d3f9c-4eef-4e23-829b-624864133454 req-bcf3145d-ec0e-468e-965e-2928ed6a8df4 d314d15e814d449199dcea8348f71246 9eb1c5eba02b4822af306e49c0425440 - - 9dd2a3d6d4b044059814358e15a07fe0 9dd2a3d6d4b044059814358e15a07fe0] 199.204.45.23 "GET /v2.0/networks?id=d9c24e3e-5682-4326-bbaa-79c111fe7556 HTTP/1.1" status: 200 len: 1003 time: 0.0691798
2026-06-26 04:48:16.624 10 INFO neutron.wsgi [req-cd5d3f9c-4eef-4e23-829b-624864133454 req-9fbf25db-4799-490c-9ac5-7033bfd30e69 d314d15e814d449199dcea8348f71246 9eb1c5eba02b4822af306e49c0425440 - - 9dd2a3d6d4b044059814358e15a07fe0 9dd2a3d6d4b044059814358e15a07fe0] 199.204.45.23 "GET /v2.0/floatingips?fixed_ip_address=10.2.2.87&port_id=8a49910f-50b4-4233-8082-d2e7a6baa42a HTTP/1.1" status: 200 len: 217 time: 0.0386517
2026-06-26 04:48:16.671 10 INFO neutron.wsgi [req-cd5d3f9c-4eef-4e23-829b-624864133454 req-45f3378c-d3ee-4ac8-82e3-c9848fd3019c d314d15e814d449199dcea8348f71246 9eb1c5eba02b4822af306e49c0425440 - - 9dd2a3d6d4b044059814358e15a07fe0 9dd2a3d6d4b044059814358e15a07fe0] 199.204.45.23 "GET /v2.0/floatingips?fixed_ip_address=fd77%3A1457%3A4cf0%3A26a8%3A%3A33&port_id=8a49910f-50b4-4233-8082-d2e7a6baa42a HTTP/1.1" status: 200 len: 217 time: 0.0377994
2026-06-26 04:48:16.680 10 INFO neutron.wsgi [req-5f397c4e-8ab2-4c8e-928d-c1bed8ad9d09 req-5f03df54-c589-4955-9f46-2dc6b7abefcc 9147ae0295b94f3a90793c2c9603e71c 7ae3886e92a8404192a41cd7ba04c130 - - default default] 199.204.45.23 "GET /v2.0/ports?device_id=3214bccb-2ab8-41bd-a1c2-ade009035802 HTTP/1.1" status: 200 len: 1172 time: 0.0823085
2026-06-26 04:48:16.767 10 INFO neutron.wsgi [req-cd5d3f9c-4eef-4e23-829b-624864133454 req-7ade5bc9-3d76-4c7e-b26b-38763986d6f2 d314d15e814d449199dcea8348f71246 9eb1c5eba02b4822af306e49c0425440 - - 9dd2a3d6d4b044059814358e15a07fe0 9dd2a3d6d4b044059814358e15a07fe0] 199.204.45.23 "GET /v2.0/subnets?id=57f744e1-3f2d-494c-a354-0a44cd06e3ae&id=3cf84e4d-6c62-41b4-8729-011643c0d1bd HTTP/1.1" status: 200 len: 1566 time: 0.0863044
2026-06-26 04:48:16.800 10 INFO neutron.db.ovn_revision_numbers_db [None req-f81445b7-0796-430c-8397-97ef11356779 - - - - - -] Successfully bumped revision number for resource 97c830f9-2e3d-450f-9791-0e02ca6f3fc4 (type: ports) to 5
2026-06-26 04:48:16.815 10 INFO neutron.wsgi [req-cd5d3f9c-4eef-4e23-829b-624864133454 req-43e7f3d0-2de2-4de7-b354-c482f69c44d9 d314d15e814d449199dcea8348f71246 9eb1c5eba02b4822af306e49c0425440 - - 9dd2a3d6d4b044059814358e15a07fe0 9dd2a3d6d4b044059814358e15a07fe0] 199.204.45.23 "GET /v2.0/ports?network_id=d9c24e3e-5682-4326-bbaa-79c111fe7556&device_owner=network%3Adhcp HTTP/1.1" status: 200 len: 210 time: 0.0412061
2026-06-26 04:48:16.826 11 INFO neutron.db.ovn_revision_numbers_db [None req-7eca4913-3ab9-4e94-9bdd-7ef04e09b897 98704d82db2848089ef910f24f7a43e1 f1e0a196a9fa447e90a10e26668ee535 - - default default] Successfully bumped revision number for resource 98f4d8a0-faa0-4bea-bf90-dfb25db6be19 (type: router_ports) to 1
2026-06-26 04:48:16.849 10 INFO neutron.wsgi [req-cd5d3f9c-4eef-4e23-829b-624864133454 req-64a30afb-74ec-4a2c-b319-2255076cd345 d314d15e814d449199dcea8348f71246 9eb1c5eba02b4822af306e49c0425440 - - 9dd2a3d6d4b044059814358e15a07fe0 9dd2a3d6d4b044059814358e15a07fe0] 199.204.45.23 "GET /v2.0/ports?network_id=d9c24e3e-5682-4326-bbaa-79c111fe7556&device_owner=network%3Adhcp HTTP/1.1" status: 200 len: 210 time: 0.0262215
2026-06-26 04:48:16.862 10 INFO neutron.plugins.ml2.drivers.ovn.mech_driver.mech_driver [None req-f81445b7-0796-430c-8397-97ef11356779 - - - - - -] OVN reports status up for port: 98f4d8a0-faa0-4bea-bf90-dfb25db6be19
2026-06-26 04:48:16.889 10 INFO neutron.plugins.ml2.plugin [None req-f81445b7-0796-430c-8397-97ef11356779 - - - - - -] Attempt 1 to provision port 98f4d8a0-faa0-4bea-bf90-dfb25db6be19 /var/lib/openstack/lib/python3.10/site-packages/pycadf/identifier.py:71: UserWarning: Invalid uuid: neutron. To ensure interoperability, identifiers should be a valid uuid. warnings.warn(('Invalid uuid: %s. To ensure interoperability, '
2026-06-26 04:48:16.987 11 INFO neutron.db.ovn_revision_numbers_db [None req-7eca4913-3ab9-4e94-9bdd-7ef04e09b897 98704d82db2848089ef910f24f7a43e1 f1e0a196a9fa447e90a10e26668ee535 - - default default] Successfully bumped revision number for resource 98f4d8a0-faa0-4bea-bf90-dfb25db6be19 (type: ports) to 1
2026-06-26 04:48:16.994 10 INFO neutron.wsgi [req-cd5d3f9c-4eef-4e23-829b-624864133454 req-c564fa66-c4a0-4a9d-bdaa-f73e0f244389 d314d15e814d449199dcea8348f71246 9eb1c5eba02b4822af306e49c0425440 - - 9dd2a3d6d4b044059814358e15a07fe0 9dd2a3d6d4b044059814358e15a07fe0] 199.204.45.23 "GET /v2.0/networks/d9c24e3e-5682-4326-bbaa-79c111fe7556?fields=segments HTTP/1.1" status: 200 len: 212 time: 0.1337860
2026-06-26 04:48:17.050 11 WARNING neutron.scheduler.dhcp_agent_scheduler [None req-7eca4913-3ab9-4e94-9bdd-7ef04e09b897 98704d82db2848089ef910f24f7a43e1 f1e0a196a9fa447e90a10e26668ee535 - - default default] No more DHCP agents
2026-06-26 04:48:17.051 11 WARNING neutron.api.rpc.agentnotifiers.dhcp_rpc_agent_api [None req-7eca4913-3ab9-4e94-9bdd-7ef04e09b897 98704d82db2848089ef910f24f7a43e1 f1e0a196a9fa447e90a10e26668ee535 - - default default] Unable to schedule network 454e2248-0b89-4bf0-848e-f6fc8cc85ecf: no agents available; will retry on subsequent port and subnet creation events.
2026-06-26 04:48:17.121 10 INFO neutron.wsgi [req-cd5d3f9c-4eef-4e23-829b-624864133454 req-0641397f-32ab-4571-9543-79eb0fc5e98e d314d15e814d449199dcea8348f71246 9eb1c5eba02b4822af306e49c0425440 - - 9dd2a3d6d4b044059814358e15a07fe0 9dd2a3d6d4b044059814358e15a07fe0] 199.204.45.23 "GET /v2.0/networks/d9c24e3e-5682-4326-bbaa-79c111fe7556?fields=provider%3Aphysical_network&fields=provider%3Anetwork_type HTTP/1.1" status: 200 len: 277 time: 0.1175587
2026-06-26 04:48:17.138 10 INFO neutron.wsgi [req-7ea38999-4cf8-4083-837f-a3cfd8fbcfe4 req-14c56c9e-c3ac-4410-9dfb-a3c00aad8243 5952b64a96894d93a9556c31170db504 035df0bfb6484afda99f8152c19947b9 - - default default] 10.0.0.239 "GET /v2.0/ports?device_id=94a687e9-8ebe-4ad5-93da-0aac4f60c992 HTTP/1.1" status: 200 len: 1396 time: 0.1931660
2026-06-26 04:48:17.180 11 INFO neutron.db.ovn_revision_numbers_db [None req-7eca4913-3ab9-4e94-9bdd-7ef04e09b897 98704d82db2848089ef910f24f7a43e1 f1e0a196a9fa447e90a10e26668ee535 - - default default] Successfully bumped revision number for resource 98f4d8a0-faa0-4bea-bf90-dfb25db6be19 (type: router_ports) to 1
2026-06-26 04:48:17.183 11 INFO neutron.wsgi [None req-7eca4913-3ab9-4e94-9bdd-7ef04e09b897 98704d82db2848089ef910f24f7a43e1 f1e0a196a9fa447e90a10e26668ee535 - - default default] 10.0.0.211 "PUT /v2.0/routers/fd980a00-526f-44f0-a500-652af310e060/add_router_interface HTTP/1.1" status: 200 len: 503 time: 1.4542627 /var/lib/openstack/lib/python3.10/site-packages/pycadf/identifier.py:71: UserWarning: Invalid uuid: neutron. To ensure interoperability, identifiers should be a valid uuid. warnings.warn(('Invalid uuid: %s. To ensure interoperability, '
2026-06-26 04:48:17.215 10 INFO neutron.wsgi [req-7ea38999-4cf8-4083-837f-a3cfd8fbcfe4 req-da9e984f-494c-4aa6-8be1-4f535711299f 5952b64a96894d93a9556c31170db504 035df0bfb6484afda99f8152c19947b9 - - default default] 10.0.0.239 "GET /v2.0/security-groups?id=0a24b9a6-dc4b-44e0-9d0c-486cda9fec9a&fields=id&fields=name HTTP/1.1" status: 200 len: 310 time: 0.0644433
2026-06-26 04:48:17.278 11 INFO neutron.wsgi [None req-23ef6ede-7f5a-4f53-bfca-41c6e978a696 98704d82db2848089ef910f24f7a43e1 f1e0a196a9fa447e90a10e26668ee535 - - default default] 10.0.0.211 "GET /v2.0/ports/98f4d8a0-faa0-4bea-bf90-dfb25db6be19 HTTP/1.1" status: 200 len: 1137 time: 0.0895739
2026-06-26 04:48:17.297 10 INFO neutron.wsgi [req-5f397c4e-8ab2-4c8e-928d-c1bed8ad9d09 req-77cf0c84-53c0-49f7-bfd7-87f9e53b83b9 9147ae0295b94f3a90793c2c9603e71c 7ae3886e92a8404192a41cd7ba04c130 - - default default] 199.204.45.23 "DELETE /v2.0/ports/97c830f9-2e3d-450f-9791-0e02ca6f3fc4 HTTP/1.1" status: 204 len: 173 time: 0.6123695
2026-06-26 04:48:17.316 11 INFO neutron.wsgi [None req-71a8c3be-31b7-4c13-99a8-7500a2730d3c 98704d82db2848089ef910f24f7a43e1 f1e0a196a9fa447e90a10e26668ee535 - - default default] 10.0.0.211 "GET /v2.0/ports/98f4d8a0-faa0-4bea-bf90-dfb25db6be19 HTTP/1.1" status: 200 len: 1137 time: 0.0326169
2026-06-26 04:48:17.372 10 INFO neutron.db.ovn_revision_numbers_db [None req-f81445b7-0796-430c-8397-97ef11356779 - - - - - -] Successfully bumped revision number for resource 98f4d8a0-faa0-4bea-bf90-dfb25db6be19 (type: ports) to 2
2026-06-26 04:48:17.661 11 INFO neutron.wsgi [req-a45a6401-64b4-4261-87a3-eeb9c554881d req-25a66f7a-c545-4711-9712-675f5f6060fc 9147ae0295b94f3a90793c2c9603e71c 7ae3886e92a8404192a41cd7ba04c130 - - default default] 10.0.0.239 "GET /v2.0/ports?device_id=3214bccb-2ab8-41bd-a1c2-ade009035802 HTTP/1.1" status: 200 len: 210 time: 0.2172375
2026-06-26 04:48:17.698 10 INFO neutron.db.ovn_revision_numbers_db [None req-f81445b7-0796-430c-8397-97ef11356779 - - - - - -] Successfully bumped revision number for resource 98f4d8a0-faa0-4bea-bf90-dfb25db6be19 (type: router_ports) to 2
2026-06-26 04:48:18.243 11 INFO neutron.wsgi [None req-172fd8a1-c3cd-4c2c-a8a4-baefe10f2093 98704d82db2848089ef910f24f7a43e1 f1e0a196a9fa447e90a10e26668ee535 - - default default] 10.0.0.211 "PUT /v2.0/routers/fd980a00-526f-44f0-a500-652af310e060/remove_router_interface HTTP/1.1" status: 200 len: 503 time: 0.9215422 /var/lib/openstack/lib/python3.10/site-packages/pycadf/identifier.py:71: UserWarning: Invalid uuid: neutron. To ensure interoperability, identifiers should be a valid uuid. warnings.warn(('Invalid uuid: %s. To ensure interoperability, '
2026-06-26 04:48:18.271 11 INFO neutron.wsgi [None req-8fa85e44-91cd-4ef5-9808-5c496de738aa 98704d82db2848089ef910f24f7a43e1 f1e0a196a9fa447e90a10e26668ee535 - - default default] 10.0.0.211 "GET /v2.0/ports?device_id=fd980a00-526f-44f0-a500-652af310e060 HTTP/1.1" status: 200 len: 205 time: 0.0229001
2026-06-26 04:48:18.475 10 INFO neutron.notifiers.nova [-] Nova event matching ['req-da037b93-d54b-4378-b270-20882d4c48d4'] response: {'server_uuid': '3214bccb-2ab8-41bd-a1c2-ade009035802', 'name': 'network-vif-unplugged', 'status': 'completed', 'tag': '97c830f9-2e3d-450f-9791-0e02ca6f3fc4', 'code': 200}
2026-06-26 04:48:18.476 10 INFO neutron.notifiers.nova [-] Nova event matching ['req-da037b93-d54b-4378-b270-20882d4c48d4'] response: {'server_uuid': '3214bccb-2ab8-41bd-a1c2-ade009035802', 'name': 'network-vif-plugged', 'status': 'completed', 'tag': '97c830f9-2e3d-450f-9791-0e02ca6f3fc4', 'code': 200}
2026-06-26 04:48:18.476 10 INFO neutron.notifiers.nova [-] Nova event matching ['req-da037b93-d54b-4378-b270-20882d4c48d4'] response: {'server_uuid': '3214bccb-2ab8-41bd-a1c2-ade009035802', 'name': 'network-vif-deleted', 'tag': '97c830f9-2e3d-450f-9791-0e02ca6f3fc4', 'status': 'completed', 'code': 200}
2026-06-26 04:48:18.551 11 INFO neutron.wsgi [None req-595f7623-3284-47b0-8981-99c1e41ca264 98704d82db2848089ef910f24f7a43e1 f1e0a196a9fa447e90a10e26668ee535 - - default default] 10.0.0.211 "DELETE /v2.0/routers/fd980a00-526f-44f0-a500-652af310e060 HTTP/1.1" status: 204 len: 168 time: 0.2751932
2026-06-26 04:48:18.759 11 INFO neutron.wsgi [None req-4c7fb1a6-f4e3-4473-a3e8-9fd7ccca357b 98704d82db2848089ef910f24f7a43e1 f1e0a196a9fa447e90a10e26668ee535 - - default default] 10.0.0.211 "DELETE /v2.0/subnets/2219f594-f997-47bd-ae64-32ddda833a40 HTTP/1.1" status: 204 len: 168 time: 0.2024715
2026-06-26 04:48:19.138 10 INFO neutron.services.segments.plugin [-] Segment 9c00533a-f5fe-43d5-8018-1221e672d604 resource provider aggregate not found
2026-06-26 04:48:19.143 10 INFO neutron.services.segments.plugin [-] Segment 9c00533a-f5fe-43d5-8018-1221e672d604 resource provider aggregate not found
2026-06-26 04:48:19.151 10 INFO neutron.services.segments.plugin [-] Segment 9c00533a-f5fe-43d5-8018-1221e672d604 resource provider not found; error: Placement Client Error (4xx): {"errors": [{"status": 404, "title": "Not Found", "detail": "The resource could not be found.\n\n No resource provider with uuid 9c00533a-f5fe-43d5-8018-1221e672d604 found for delete ", "request_id": "req-01416311-9687-4d56-bd1e-fe5fed6c8d0a"}]}
2026-06-26 04:48:19.156 10 INFO neutron.services.segments.plugin [-] Segment 9c00533a-f5fe-43d5-8018-1221e672d604 resource provider not found; error: Placement Client Error (4xx): {"errors": [{"status": 404, "title": "Not Found", "detail": "The resource could not be found.\n\n No resource provider with uuid 9c00533a-f5fe-43d5-8018-1221e672d604 found for delete ", "request_id": "req-3a1e1a5a-b91b-4a4a-8d50-f37cb35a23e1"}]}
2026-06-26 04:48:19.180 10 INFO neutron.wsgi [None req-4026d51b-1ecb-4412-89d8-b924c478e026 98704d82db2848089ef910f24f7a43e1 f1e0a196a9fa447e90a10e26668ee535 - - default default] 10.0.0.211 "DELETE /v2.0/networks/454e2248-0b89-4bf0-848e-f6fc8cc85ecf HTTP/1.1" status: 204 len: 168 time: 0.4141765
2026-06-26 04:48:19.190 10 WARNING neutron_lib.context [None req-e0ab8e1c-52b7-43ff-a686-e955ed3184e7 98704d82db2848089ef910f24f7a43e1 f1e0a196a9fa447e90a10e26668ee535 - - default default] Method 'is_advsvc' is deprecated since 2023.2 release (neutron-lib 3.8.0) and will be removed once support for the old RBAC API policies will be removed from Neutron. Please use method 'is_service_role' instead.
2026-06-26 04:48:19.602 10 INFO neutron.wsgi [req-fe7784e1-1d46-4e88-9763-09da44114c79 req-a46a90ca-5847-4a94-9808-d2d0116b3995 d314d15e814d449199dcea8348f71246 9eb1c5eba02b4822af306e49c0425440 - - 9dd2a3d6d4b044059814358e15a07fe0 9dd2a3d6d4b044059814358e15a07fe0] 10.0.0.224 "GET /v2.0/ports?device_id=b4a20c96-6b56-468a-ac2f-ea4875124413 HTTP/1.1" status: 200 len: 1638 time: 0.0513029
2026-06-26 04:48:19.659 10 INFO neutron.wsgi [req-fe7784e1-1d46-4e88-9763-09da44114c79 req-a8f6e933-628c-467f-8e51-24cb8d953c23 d314d15e814d449199dcea8348f71246 9eb1c5eba02b4822af306e49c0425440 - - 9dd2a3d6d4b044059814358e15a07fe0 9dd2a3d6d4b044059814358e15a07fe0] 10.0.0.224 "GET /v2.0/security-groups?id=0a24b9a6-dc4b-44e0-9d0c-486cda9fec9a&fields=id&fields=name HTTP/1.1" status: 200 len: 310 time: 0.0494366
2026-06-26 04:48:19.691 10 WARNING neutron.scheduler.dhcp_agent_scheduler [None req-e0ab8e1c-52b7-43ff-a686-e955ed3184e7 98704d82db2848089ef910f24f7a43e1 f1e0a196a9fa447e90a10e26668ee535 - - default default] No more DHCP agents
2026-06-26 04:48:19.694 10 WARNING neutron.api.rpc.agentnotifiers.dhcp_rpc_agent_api [None req-e0ab8e1c-52b7-43ff-a686-e955ed3184e7 98704d82db2848089ef910f24f7a43e1 f1e0a196a9fa447e90a10e26668ee535 - - default default] Unable to schedule network 343a9edb-8ec8-4aef-b6e3-8eda2ecc2105: no agents available; will retry on subsequent port and subnet creation events.
2026-06-26 04:48:19.882 10 INFO neutron.db.ovn_revision_numbers_db [None req-e0ab8e1c-52b7-43ff-a686-e955ed3184e7 98704d82db2848089ef910f24f7a43e1 f1e0a196a9fa447e90a10e26668ee535 - - default default] Successfully bumped revision number for resource 04efbf39-be57-4979-beea-d4c1f52facc2 (type: ports) to 1
2026-06-26 04:48:20.574 10 INFO neutron.db.ovn_revision_numbers_db [None req-e0ab8e1c-52b7-43ff-a686-e955ed3184e7 98704d82db2848089ef910f24f7a43e1 f1e0a196a9fa447e90a10e26668ee535 - - default default] Successfully bumped revision number for resource 04efbf39-be57-4979-beea-d4c1f52facc2 (type: router_ports) to 1
2026-06-26 04:48:20.946 10 INFO neutron.db.ovn_revision_numbers_db [None req-e0ab8e1c-52b7-43ff-a686-e955ed3184e7 98704d82db2848089ef910f24f7a43e1 f1e0a196a9fa447e90a10e26668ee535 - - default default] Successfully bumped revision number for resource fbe64fe0-fc99-4bc7-83bd-85d228b59592 (type: routers) to 2
2026-06-26 04:48:20.986 10 INFO neutron.wsgi [None req-e0ab8e1c-52b7-43ff-a686-e955ed3184e7 98704d82db2848089ef910f24f7a43e1 f1e0a196a9fa447e90a10e26668ee535 - - default default] 10.0.0.211 "POST /v2.0/routers HTTP/1.1" status: 201 len: 868 time: 1.7993641
2026-06-26 04:48:21.092 10 INFO neutron.wsgi [None req-c5bc71c4-0e71-45af-ba0e-b9b467770efb 98704d82db2848089ef910f24f7a43e1 f1e0a196a9fa447e90a10e26668ee535 - - default default] 10.0.0.211 "GET /v2.0/routers/fbe64fe0-fc99-4bc7-83bd-85d228b59592 HTTP/1.1" status: 200 len: 869 time: 0.1008611
2026-06-26 04:48:21.224 11 INFO neutron.wsgi [None req-59d2ebd7-114f-44ac-a954-4b3979f711d9 98704d82db2848089ef910f24f7a43e1 f1e0a196a9fa447e90a10e26668ee535 - - default default] 10.0.0.211 "GET /v2.0/routers HTTP/1.1" status: 200 len: 872 time: 0.1270115
2026-06-26 04:48:21.512 10 INFO neutron.wsgi [None req-7b8e6379-1f30-4313-be98-82325604289d 0f19afc84ac44417a7a52e56bdcd6b44 35178ba0f0ad412f91ef319bf0c23b38 - - default default] 10.0.0.211 "PUT /v2.0/routers/6f4085bb-7e95-42c5-959b-24d5bfa8edc4/remove_router_interface HTTP/1.1" status: 200 len: 503 time: 1.6072426 /var/lib/openstack/lib/python3.10/site-packages/pycadf/identifier.py:71: UserWarning: Invalid uuid: neutron. To ensure interoperability, identifiers should be a valid uuid. warnings.warn(('Invalid uuid: %s. To ensure interoperability, '
2026-06-26 04:48:21.650 11 INFO neutron.db.ovn_revision_numbers_db [None req-653dec3c-c98a-4fda-8421-e71cdee0bc04 98704d82db2848089ef910f24f7a43e1 f1e0a196a9fa447e90a10e26668ee535 - - default default] Successfully bumped revision number for resource fbe64fe0-fc99-4bc7-83bd-85d228b59592 (type: routers) to 3
2026-06-26 04:48:21.654 11 INFO neutron.wsgi [None req-653dec3c-c98a-4fda-8421-e71cdee0bc04 98704d82db2848089ef910f24f7a43e1 f1e0a196a9fa447e90a10e26668ee535 - - default default] 10.0.0.211 "PUT /v2.0/routers/fbe64fe0-fc99-4bc7-83bd-85d228b59592 HTTP/1.1" status: 200 len: 876 time: 0.4253070
2026-06-26 04:48:21.760 10 INFO neutron.wsgi [None req-49f2e81b-f4c1-4c63-b1a3-361e94ae8bf6 98704d82db2848089ef910f24f7a43e1 f1e0a196a9fa447e90a10e26668ee535 - - default default] 10.0.0.211 "GET /v2.0/routers/fbe64fe0-fc99-4bc7-83bd-85d228b59592 HTTP/1.1" status: 200 len: 876 time: 0.0996380
2026-06-26 04:48:21.795 10 INFO neutron.wsgi [None req-71cd039b-aed5-46e0-a5bc-5a649ff56f55 98704d82db2848089ef910f24f7a43e1 f1e0a196a9fa447e90a10e26668ee535 - - default default] 10.0.0.211 "GET /v2.0/ports?device_id=fbe64fe0-fc99-4bc7-83bd-85d228b59592 HTTP/1.1" status: 200 len: 205 time: 0.0314441
2026-06-26 04:48:22.473 10 INFO neutron.wsgi [req-7de97301-c0f9-4fec-859a-1976ff39c9af req-f679abe1-15f3-48ff-8c71-a67639a591e2 5952b64a96894d93a9556c31170db504 035df0bfb6484afda99f8152c19947b9 - - default default] 10.0.0.239 "GET /v2.0/ports?device_id=94a687e9-8ebe-4ad5-93da-0aac4f60c992 HTTP/1.1" status: 200 len: 1396 time: 0.1772878
2026-06-26 04:48:22.557 10 INFO neutron.wsgi [req-7de97301-c0f9-4fec-859a-1976ff39c9af req-cac572dd-0fdb-48cd-8220-87bf7d10f1a4 5952b64a96894d93a9556c31170db504 035df0bfb6484afda99f8152c19947b9 - - default default] 10.0.0.239 "GET /v2.0/security-groups?id=0a24b9a6-dc4b-44e0-9d0c-486cda9fec9a&fields=id&fields=name HTTP/1.1" status: 200 len: 310 time: 0.0748801
2026-06-26 04:48:22.585 10 INFO neutron.wsgi [None req-30d32de6-65f3-422b-984f-6ba8f36f6d36 0f19afc84ac44417a7a52e56bdcd6b44 35178ba0f0ad412f91ef319bf0c23b38 - - default default] 10.0.0.211 "DELETE /v2.0/routers/6f4085bb-7e95-42c5-959b-24d5bfa8edc4 HTTP/1.1" status: 204 len: 168 time: 1.0670133
2026-06-26 04:48:22.627 10 WARNING neutron.plugins.ml2.drivers.ovn.mech_driver.ovsdb.ovn_client [None req-f81445b7-0796-430c-8397-97ef11356779 - - - - - -] No port found with ID 98f4d8a0-faa0-4bea-bf90-dfb25db6be19: RuntimeError: No port found with ID 98f4d8a0-faa0-4bea-bf90-dfb25db6be19
2026-06-26 04:48:22.628 10 INFO neutron.plugins.ml2.drivers.ovn.mech_driver.mech_driver [None req-f81445b7-0796-430c-8397-97ef11356779 - - - - - -] OVN reports status up for port: 04efbf39-be57-4979-beea-d4c1f52facc2
2026-06-26 04:48:22.686 11 INFO neutron.wsgi [None req-0fa29d25-cf41-44eb-81e5-c5ab6bcfb99e 5952b64a96894d93a9556c31170db504 035df0bfb6484afda99f8152c19947b9 - - default default] 10.0.0.211 "GET /v2.0/ports?network_id=d9c24e3e-5682-4326-bbaa-79c111fe7556&mac_address=fa%3A16%3A3e%3Aca%3A08%3Ad9 HTTP/1.1" status: 200 len: 1391 time: 0.0871186
2026-06-26 04:48:22.698 11 WARNING neutron_lib.context [None req-9f6791aa-e698-4814-9ad1-12abb926faa3 5952b64a96894d93a9556c31170db504 035df0bfb6484afda99f8152c19947b9 - - default default] Method 'is_advsvc' is deprecated since 2023.2 release (neutron-lib 3.8.0) and will be removed once support for the old RBAC API policies will be removed from Neutron. Please use method 'is_service_role' instead.
