2026-06-26 04:47:53.917 11 INFO neutron.wsgi [req-eeb410fd-32a0-48da-a0a9-a74a985f036d req-4f17b9b6-9247-45b0-b8f8-8a31ca9064f1 5952b64a96894d93a9556c31170db504 035df0bfb6484afda99f8152c19947b9 - - default default] 10.0.0.239 "GET /v2.0/ports?device_id=b4a20c96-6b56-468a-ac2f-ea4875124413 HTTP/1.1" status: 200 len: 1398 time: 0.0970716
2026-06-26 04:47:53.967 11 INFO neutron.wsgi [req-eeb410fd-32a0-48da-a0a9-a74a985f036d req-c0b2e5b4-39ad-4186-9b1c-ae83217bd67b 5952b64a96894d93a9556c31170db504 035df0bfb6484afda99f8152c19947b9 - - default default] 10.0.0.239 "GET /v2.0/security-groups?id=0a24b9a6-dc4b-44e0-9d0c-486cda9fec9a&fields=id&fields=name HTTP/1.1" status: 200 len: 310 time: 0.0423343
2026-06-26 04:47:54.000 10 INFO neutron.services.segments.plugin [-] Segment cd6d10ee-69da-4f55-963f-a2176adfb08d resource provider aggregate not found
2026-06-26 04:47:54.007 10 INFO neutron.services.segments.plugin [-] Segment cd6d10ee-69da-4f55-963f-a2176adfb08d resource provider aggregate not found
2026-06-26 04:47:54.021 10 INFO neutron.services.segments.plugin [-] Segment cd6d10ee-69da-4f55-963f-a2176adfb08d resource provider not found; error: Placement Client Error (4xx): {"errors": [{"status": 404, "title": "Not Found", "detail": "The resource could not be found.\n\n No resource provider with uuid cd6d10ee-69da-4f55-963f-a2176adfb08d found for delete ", "request_id": "req-71b6533f-7e8a-46e3-8efd-a3e4a326868e"}]}
2026-06-26 04:47:54.023 10 INFO neutron.services.segments.plugin [-] Segment cd6d10ee-69da-4f55-963f-a2176adfb08d resource provider not found; error: Placement Client Error (4xx): {"errors": [{"status": 404, "title": "Not Found", "detail": "The resource could not be found.\n\n No resource provider with uuid cd6d10ee-69da-4f55-963f-a2176adfb08d found for delete ", "request_id": "req-1bc0503d-15a1-43de-81c5-6374ff0c63f5"}]}
2026-06-26 04:47:54.049 10 INFO neutron.wsgi [None req-931a8617-15f5-4fbf-99a2-52e7f748d97f 738a3d2895b14df0991a04e7db23efec 06e4f181efcf43e68845cc52f3976388 - - default default] 10.0.0.211 "DELETE /v2.0/networks/dddc3045-a922-4d45-b28c-b6407adeea29 HTTP/1.1" status: 204 len: 168 time: 0.4163468
2026-06-26 04:47:54.742 11 INFO neutron.wsgi [None req-15017a58-083c-4c95-bf53-961604ef37b5 0f19afc84ac44417a7a52e56bdcd6b44 35178ba0f0ad412f91ef319bf0c23b38 - - default default] 10.0.0.211 "GET /v2.0/security-groups?tenant_id=06e4f181efcf43e68845cc52f3976388&name=default HTTP/1.1" status: 200 len: 2996 time: 0.2443588
2026-06-26 04:47:54.759 11 INFO neutron.wsgi [None req-b923a1ed-8ba0-4568-9cc4-d889b1db58ff 98704d82db2848089ef910f24f7a43e1 f1e0a196a9fa447e90a10e26668ee535 - - default default] 10.0.0.211 "GET /v2.0/ports/4868fa4c-3488-4ab0-9b20-0ce2f3649c78 HTTP/1.1" status: 200 len: 1135 time: 0.0421963
2026-06-26 04:47:54.945 11 INFO neutron.wsgi [None req-a33a995a-a25d-4177-ae4d-6d23e29b1673 0f19afc84ac44417a7a52e56bdcd6b44 35178ba0f0ad412f91ef319bf0c23b38 - - default default] 10.0.0.211 "DELETE /v2.0/security-groups/7ac6ff98-ee05-4bc3-b409-7b57f0493fc2 HTTP/1.1" status: 204 len: 168 time: 0.1966119
2026-06-26 04:47:55.018 11 WARNING neutron_lib.context [None req-dce4c563-95d0-41e6-9d40-50af4ece6830 884532f12d924382adea5df5f8dea901 48cbcdf1f5cb4c17b773edc1a9f4b155 - - default default] Method 'is_advsvc' is deprecated since 2023.2 release (neutron-lib 3.8.0) and will be removed once support for the old RBAC API policies will be removed from Neutron. Please use method 'is_service_role' instead.
2026-06-26 04:47:55.145 11 INFO neutron.db.ovn_revision_numbers_db [None req-dce4c563-95d0-41e6-9d40-50af4ece6830 884532f12d924382adea5df5f8dea901 48cbcdf1f5cb4c17b773edc1a9f4b155 - - default default] Successfully bumped revision number for resource 59697dd6-85ce-4af7-970a-564a4126c573 (type: security_groups) to 1
2026-06-26 04:47:55.159 11 INFO neutron.db.ovn_revision_numbers_db [None req-dce4c563-95d0-41e6-9d40-50af4ece6830 884532f12d924382adea5df5f8dea901 48cbcdf1f5cb4c17b773edc1a9f4b155 - - default default] Successfully bumped revision number for resource 2c9fa176-9707-47b6-bcfb-51339b6ee11f (type: security_group_rules) to 0
2026-06-26 04:47:55.172 11 INFO neutron.db.ovn_revision_numbers_db [None req-dce4c563-95d0-41e6-9d40-50af4ece6830 884532f12d924382adea5df5f8dea901 48cbcdf1f5cb4c17b773edc1a9f4b155 - - default default] Successfully bumped revision number for resource b70b9f38-b1f2-4187-bee9-6d2b23117a9b (type: security_group_rules) to 0
2026-06-26 04:47:55.184 11 INFO neutron.db.ovn_revision_numbers_db [None req-dce4c563-95d0-41e6-9d40-50af4ece6830 884532f12d924382adea5df5f8dea901 48cbcdf1f5cb4c17b773edc1a9f4b155 - - default default] Successfully bumped revision number for resource cea197d6-67dc-4561-923b-aa52aec732da (type: security_group_rules) to 0
2026-06-26 04:47:55.197 11 INFO neutron.db.ovn_revision_numbers_db [None req-dce4c563-95d0-41e6-9d40-50af4ece6830 884532f12d924382adea5df5f8dea901 48cbcdf1f5cb4c17b773edc1a9f4b155 - - default default] Successfully bumped revision number for resource d44df39f-18cf-40d2-897b-c58b2cc1fe89 (type: security_group_rules) to 0
2026-06-26 04:47:55.278 11 INFO neutron.db.ovn_revision_numbers_db [None req-dce4c563-95d0-41e6-9d40-50af4ece6830 884532f12d924382adea5df5f8dea901 48cbcdf1f5cb4c17b773edc1a9f4b155 - - default default] Successfully bumped revision number for resource 0bfac95c-f29b-4f93-9107-5fbd466bfc57 (type: security_groups) to 1
2026-06-26 04:47:55.290 11 INFO neutron.db.ovn_revision_numbers_db [None req-dce4c563-95d0-41e6-9d40-50af4ece6830 884532f12d924382adea5df5f8dea901 48cbcdf1f5cb4c17b773edc1a9f4b155 - - default default] Successfully bumped revision number for resource 4ec5af6b-99b3-4e05-afee-1b805e8dad3e (type: security_group_rules) to 0
2026-06-26 04:47:55.304 11 INFO neutron.db.ovn_revision_numbers_db [None req-dce4c563-95d0-41e6-9d40-50af4ece6830 884532f12d924382adea5df5f8dea901 48cbcdf1f5cb4c17b773edc1a9f4b155 - - default default] Successfully bumped revision number for resource f26ddd88-6064-4978-9988-02907ddc2b5e (type: security_group_rules) to 0
2026-06-26 04:47:55.322 11 INFO neutron.wsgi [None req-dce4c563-95d0-41e6-9d40-50af4ece6830 884532f12d924382adea5df5f8dea901 48cbcdf1f5cb4c17b773edc1a9f4b155 - - default default] 10.0.0.211 "POST /v2.0/security-groups HTTP/1.1" status: 201 len: 1761 time: 0.3438354
2026-06-26 04:47:55.369 11 INFO neutron.wsgi [None req-6af0c2e6-aed0-4445-90da-3922ead9c68a 884532f12d924382adea5df5f8dea901 48cbcdf1f5cb4c17b773edc1a9f4b155 - - default default] 10.0.0.211 "GET /v2.0/security-groups HTTP/1.1" status: 200 len: 4539 time: 0.0414503
2026-06-26 04:47:55.457 11 INFO neutron.db.ovn_revision_numbers_db [None req-ba0bbc70-6afa-4035-ac5e-45367f9ec581 884532f12d924382adea5df5f8dea901 48cbcdf1f5cb4c17b773edc1a9f4b155 - - default default] Successfully bumped revision number for resource 0bfac95c-f29b-4f93-9107-5fbd466bfc57 (type: security_groups) to 2
2026-06-26 04:47:55.460 11 INFO neutron.wsgi [None req-ba0bbc70-6afa-4035-ac5e-45367f9ec581 884532f12d924382adea5df5f8dea901 48cbcdf1f5cb4c17b773edc1a9f4b155 - - default default] 10.0.0.211 "PUT /v2.0/security-groups/0bfac95c-f29b-4f93-9107-5fbd466bfc57 HTTP/1.1" status: 200 len: 1794 time: 0.0861700
2026-06-26 04:47:55.497 10 INFO neutron.wsgi [None req-75b2dd8d-994b-40b9-95a7-a8e3dd393c78 884532f12d924382adea5df5f8dea901 48cbcdf1f5cb4c17b773edc1a9f4b155 - - default default] 10.0.0.211 "GET /v2.0/security-groups/0bfac95c-f29b-4f93-9107-5fbd466bfc57 HTTP/1.1" status: 200 len: 1794 time: 0.0310962
2026-06-26 04:47:55.607 11 INFO neutron.wsgi [None req-7310ec71-198a-425c-aae5-345bbf34667f 884532f12d924382adea5df5f8dea901 48cbcdf1f5cb4c17b773edc1a9f4b155 - - default default] 10.0.0.211 "DELETE /v2.0/security-groups/0bfac95c-f29b-4f93-9107-5fbd466bfc57 HTTP/1.1" status: 204 len: 168 time: 0.1040533
2026-06-26 04:47:55.644 11 INFO neutron.wsgi [None req-af08514c-f8d8-492a-a14d-d48bed0ac200 884532f12d924382adea5df5f8dea901 48cbcdf1f5cb4c17b773edc1a9f4b155 - - default default] 10.0.0.211 "GET /v2.0/security-groups HTTP/1.1" status: 200 len: 2996 time: 0.0320878
2026-06-26 04:47:55.656 11 INFO neutron.api.v2.resource [None req-22635ee7-914e-4e5f-bbc2-ff33efb5a9ee 884532f12d924382adea5df5f8dea901 48cbcdf1f5cb4c17b773edc1a9f4b155 - - default default] delete failed (client error): The resource could not be found.
2026-06-26 04:47:55.657 11 INFO neutron.wsgi [None req-22635ee7-914e-4e5f-bbc2-ff33efb5a9ee 884532f12d924382adea5df5f8dea901 48cbcdf1f5cb4c17b773edc1a9f4b155 - - default default] 10.0.0.211 "DELETE /v2.0/security-groups/0bfac95c-f29b-4f93-9107-5fbd466bfc57 HTTP/1.1" status: 404 len: 347 time: 0.0082688
2026-06-26 04:47:55.667 10 WARNING neutron_lib.context [None req-0eeb77cf-0c09-405b-a3ce-01932a374a9b 884532f12d924382adea5df5f8dea901 48cbcdf1f5cb4c17b773edc1a9f4b155 - - default default] Method 'is_advsvc' is deprecated since 2023.2 release (neutron-lib 3.8.0) and will be removed once support for the old RBAC API policies will be removed from Neutron. Please use method 'is_service_role' instead.
2026-06-26 04:47:55.797 10 INFO neutron.db.ovn_revision_numbers_db [None req-0eeb77cf-0c09-405b-a3ce-01932a374a9b 884532f12d924382adea5df5f8dea901 48cbcdf1f5cb4c17b773edc1a9f4b155 - - default default] Successfully bumped revision number for resource 2f8f0f09-bc87-4872-bb30-acb7131dc72b (type: security_groups) to 1
2026-06-26 04:47:55.814 11 INFO neutron.wsgi [None req-e7979380-2b26-490b-ad3d-8647eb655cc2 98704d82db2848089ef910f24f7a43e1 f1e0a196a9fa447e90a10e26668ee535 - - default default] 10.0.0.211 "GET /v2.0/ports/4868fa4c-3488-4ab0-9b20-0ce2f3649c78 HTTP/1.1" status: 200 len: 1135 time: 0.0486946
2026-06-26 04:47:55.815 10 INFO neutron.db.ovn_revision_numbers_db [None req-0eeb77cf-0c09-405b-a3ce-01932a374a9b 884532f12d924382adea5df5f8dea901 48cbcdf1f5cb4c17b773edc1a9f4b155 - - default default] Successfully bumped revision number for resource 8d7c4a43-1492-4ac8-aad3-7e5a47c426cc (type: security_group_rules) to 0
2026-06-26 04:47:55.828 10 INFO neutron.db.ovn_revision_numbers_db [None req-0eeb77cf-0c09-405b-a3ce-01932a374a9b 884532f12d924382adea5df5f8dea901 48cbcdf1f5cb4c17b773edc1a9f4b155 - - default default] Successfully bumped revision number for resource b88b8cd3-7275-4f92-87f5-d7f15063167b (type: security_group_rules) to 0
2026-06-26 04:47:55.853 10 INFO neutron.wsgi [None req-0eeb77cf-0c09-405b-a3ce-01932a374a9b 884532f12d924382adea5df5f8dea901 48cbcdf1f5cb4c17b773edc1a9f4b155 - - default default] 10.0.0.211 "POST /v2.0/security-groups HTTP/1.1" status: 201 len: 1760 time: 0.1908269
2026-06-26 04:47:55.862 10 WARNING neutron_lib.context [None req-ca93a809-cdc3-4fd1-9f36-ce827621024a 884532f12d924382adea5df5f8dea901 48cbcdf1f5cb4c17b773edc1a9f4b155 - - default default] Method 'is_advsvc' is deprecated since 2023.2 release (neutron-lib 3.8.0) and will be removed once support for the old RBAC API policies will be removed from Neutron. Please use method 'is_service_role' instead.
2026-06-26 04:47:55.967 10 INFO neutron.db.ovn_revision_numbers_db [None req-ca93a809-cdc3-4fd1-9f36-ce827621024a 884532f12d924382adea5df5f8dea901 48cbcdf1f5cb4c17b773edc1a9f4b155 - - default default] Successfully bumped revision number for resource f4ea20db-d6ed-47b7-9e22-8ca9ce201299 (type: security_group_rules) to 0
2026-06-26 04:47:55.991 10 INFO neutron.wsgi [None req-ca93a809-cdc3-4fd1-9f36-ce827621024a 884532f12d924382adea5df5f8dea901 48cbcdf1f5cb4c17b773edc1a9f4b155 - - default default] 10.0.0.211 "POST /v2.0/security-group-rules HTTP/1.1" status: 201 len: 768 time: 0.1329319
2026-06-26 04:47:56.013 10 INFO neutron.wsgi [None req-9d900ed5-92ad-4610-961b-a8a04ed815c9 884532f12d924382adea5df5f8dea901 48cbcdf1f5cb4c17b773edc1a9f4b155 - - default default] 10.0.0.211 "GET /v2.0/security-group-rules/f4ea20db-d6ed-47b7-9e22-8ca9ce201299 HTTP/1.1" status: 200 len: 763 time: 0.0174391
2026-06-26 04:47:56.072 10 INFO neutron.wsgi [None req-e423c328-1716-4872-9eef-905c5348f174 884532f12d924382adea5df5f8dea901 48cbcdf1f5cb4c17b773edc1a9f4b155 - - default default] 10.0.0.211 "GET /v2.0/security-group-rules HTTP/1.1" status: 200 len: 4113 time: 0.0547590
2026-06-26 04:47:56.125 11 WARNING neutron.plugins.ml2.drivers.ovn.mech_driver.ovsdb.ovn_client [None req-f217a9be-5b29-464f-9a5a-5afee2642517 - - - - - -] No port found with ID 48725374-a291-45e2-aa5a-62c673bd5210: RuntimeError: No port found with ID 48725374-a291-45e2-aa5a-62c673bd5210
2026-06-26 04:47:56.126 11 INFO neutron.plugins.ml2.drivers.ovn.mech_driver.mech_driver [None req-f217a9be-5b29-464f-9a5a-5afee2642517 - - - - - -] OVN reports status down for port: e444f153-c579-4b5a-a527-d3733a11ea97
2026-06-26 04:47:56.189 10 INFO neutron.wsgi [None req-200bfa54-1294-494b-80f3-43f10ea5ef6b 884532f12d924382adea5df5f8dea901 48cbcdf1f5cb4c17b773edc1a9f4b155 - - default default] 10.0.0.211 "DELETE /v2.0/security-group-rules/f4ea20db-d6ed-47b7-9e22-8ca9ce201299 HTTP/1.1" status: 204 len: 168 time: 0.1122613
2026-06-26 04:47:56.226 10 INFO neutron.wsgi [None req-07d528d7-355d-4bbc-802c-4f3a1c1bc575 884532f12d924382adea5df5f8dea901 48cbcdf1f5cb4c17b773edc1a9f4b155 - - default default] 10.0.0.211 "GET /v2.0/security-group-rules HTTP/1.1" status: 200 len: 3567 time: 0.0325794
2026-06-26 04:47:56.234 10 WARNING neutron_lib.context [None req-ca4f3a8f-3e2d-4a03-88d2-5113edcc7637 884532f12d924382adea5df5f8dea901 48cbcdf1f5cb4c17b773edc1a9f4b155 - - default default] Method 'is_advsvc' is deprecated since 2023.2 release (neutron-lib 3.8.0) and will be removed once support for the old RBAC API policies will be removed from Neutron. Please use method 'is_service_role' instead.
2026-06-26 04:47:56.326 10 INFO neutron.db.ovn_revision_numbers_db [None req-ca4f3a8f-3e2d-4a03-88d2-5113edcc7637 884532f12d924382adea5df5f8dea901 48cbcdf1f5cb4c17b773edc1a9f4b155 - - default default] Successfully bumped revision number for resource ffaba153-e47d-4176-ae4e-13e69d98ab5c (type: security_group_rules) to 0
2026-06-26 04:47:56.349 10 INFO neutron.wsgi [None req-ca4f3a8f-3e2d-4a03-88d2-5113edcc7637 884532f12d924382adea5df5f8dea901 48cbcdf1f5cb4c17b773edc1a9f4b155 - - default default] 10.0.0.211 "POST /v2.0/security-group-rules HTTP/1.1" status: 201 len: 768 time: 0.1190882
2026-06-26 04:47:56.366 10 INFO neutron.wsgi [None req-883772b6-94e8-40b2-9332-b17eff92ea4c 884532f12d924382adea5df5f8dea901 48cbcdf1f5cb4c17b773edc1a9f4b155 - - default default] 10.0.0.211 "GET /v2.0/security-group-rules/ffaba153-e47d-4176-ae4e-13e69d98ab5c HTTP/1.1" status: 200 len: 763 time: 0.0117810
2026-06-26 04:47:56.402 10 INFO neutron.wsgi [None req-bc705601-f947-471c-81e5-6f863b2f2953 884532f12d924382adea5df5f8dea901 48cbcdf1f5cb4c17b773edc1a9f4b155 - - default default] 10.0.0.211 "GET /v2.0/security-group-rules HTTP/1.1" status: 200 len: 4113 time: 0.0321832
2026-06-26 04:47:56.506 10 INFO neutron.wsgi [None req-9396adc8-3f3f-4780-b279-a03ad22f2f0c 884532f12d924382adea5df5f8dea901 48cbcdf1f5cb4c17b773edc1a9f4b155 - - default default] 10.0.0.211 "DELETE /v2.0/security-group-rules/ffaba153-e47d-4176-ae4e-13e69d98ab5c HTTP/1.1" status: 204 len: 168 time: 0.0996616
2026-06-26 04:47:56.542 10 INFO neutron.wsgi [None req-c33787f0-24ae-4b4c-a93a-1bbffa9d76ae 884532f12d924382adea5df5f8dea901 48cbcdf1f5cb4c17b773edc1a9f4b155 - - default default] 10.0.0.211 "GET /v2.0/security-group-rules HTTP/1.1" status: 200 len: 3567 time: 0.0316601
2026-06-26 04:47:56.551 10 WARNING neutron_lib.context [None req-213bf221-54d8-40e1-818f-6fad030b9acc 884532f12d924382adea5df5f8dea901 48cbcdf1f5cb4c17b773edc1a9f4b155 - - default default] Method 'is_advsvc' is deprecated since 2023.2 release (neutron-lib 3.8.0) and will be removed once support for the old RBAC API policies will be removed from Neutron. Please use method 'is_service_role' instead.
2026-06-26 04:47:56.576 10 INFO neutron.db.securitygroups_db [None req-213bf221-54d8-40e1-818f-6fad030b9acc 884532f12d924382adea5df5f8dea901 48cbcdf1f5cb4c17b773edc1a9f4b155 - - default default] Project 48cbcdf1f5cb4c17b773edc1a9f4b155 added a security group rule with legacy IPv6 ICMP protocol name icmp, ipv6-icmp should be used instead. It was automatically converted.
2026-06-26 04:47:56.660 10 INFO neutron.db.ovn_revision_numbers_db [None req-213bf221-54d8-40e1-818f-6fad030b9acc 884532f12d924382adea5df5f8dea901 48cbcdf1f5cb4c17b773edc1a9f4b155 - - default default] Successfully bumped revision number for resource f32a2b44-e43f-4e0d-9d27-2da43cfc6e7e (type: security_group_rules) to 0
2026-06-26 04:47:56.684 10 INFO neutron.wsgi [None req-213bf221-54d8-40e1-818f-6fad030b9acc 884532f12d924382adea5df5f8dea901 48cbcdf1f5cb4c17b773edc1a9f4b155 - - default default] 10.0.0.211 "POST /v2.0/security-group-rules HTTP/1.1" status: 201 len: 774 time: 0.1370015
2026-06-26 04:47:56.703 10 INFO neutron.wsgi [None req-f03f18d8-ed2f-4ecd-a0b2-fcc41ba882d4 884532f12d924382adea5df5f8dea901 48cbcdf1f5cb4c17b773edc1a9f4b155 - - default default] 10.0.0.211 "GET /v2.0/security-group-rules/f32a2b44-e43f-4e0d-9d27-2da43cfc6e7e HTTP/1.1" status: 200 len: 769 time: 0.0140581
2026-06-26 04:47:56.725 11 WARNING neutron_lib.context [None req-23df7798-241f-425a-b09c-4dd060ee9c74 668195933c9e460d8c5d75c520abaaab fe6a47a378aa487fb8fdb30be7439a5e - - default default] Method 'is_advsvc' is deprecated since 2023.2 release (neutron-lib 3.8.0) and will be removed once support for the old RBAC API policies will be removed from Neutron. Please use method 'is_service_role' instead.
2026-06-26 04:47:56.743 10 INFO neutron.wsgi [None req-8bb7ef8b-314b-4b9e-9b20-6a44949a312a 884532f12d924382adea5df5f8dea901 48cbcdf1f5cb4c17b773edc1a9f4b155 - - default default] 10.0.0.211 "GET /v2.0/security-group-rules HTTP/1.1" status: 200 len: 4119 time: 0.0354457
2026-06-26 04:47:56.868 11 INFO neutron.db.ovn_revision_numbers_db [None req-23df7798-241f-425a-b09c-4dd060ee9c74 668195933c9e460d8c5d75c520abaaab fe6a47a378aa487fb8fdb30be7439a5e - - default default] Successfully bumped revision number for resource 1c1df482-a7c0-4e86-b664-73c9a13270c3 (type: security_groups) to 1
2026-06-26 04:47:56.880 11 INFO neutron.db.ovn_revision_numbers_db [None req-23df7798-241f-425a-b09c-4dd060ee9c74 668195933c9e460d8c5d75c520abaaab fe6a47a378aa487fb8fdb30be7439a5e - - default default] Successfully bumped revision number for resource 97f03eb4-50ee-47a4-bb5b-9c5efe807d73 (type: security_group_rules) to 0
2026-06-26 04:47:56.893 11 INFO neutron.db.ovn_revision_numbers_db [None req-23df7798-241f-425a-b09c-4dd060ee9c74 668195933c9e460d8c5d75c520abaaab fe6a47a378aa487fb8fdb30be7439a5e - - default default] Successfully bumped revision number for resource b5250d9d-9c28-40ab-b825-d12eb76a5ab7 (type: security_group_rules) to 0
2026-06-26 04:47:56.906 11 INFO neutron.db.ovn_revision_numbers_db [None req-23df7798-241f-425a-b09c-4dd060ee9c74 668195933c9e460d8c5d75c520abaaab fe6a47a378aa487fb8fdb30be7439a5e - - default default] Successfully bumped revision number for resource b6c8c3c3-e2b2-40bf-bb33-bdfd14deaa36 (type: security_group_rules) to 0
2026-06-26 04:47:56.908 10 INFO neutron.wsgi [None req-16ccaba0-bd2d-4803-97a2-69ecece69a24 98704d82db2848089ef910f24f7a43e1 f1e0a196a9fa447e90a10e26668ee535 - - default default] 10.0.0.211 "GET /v2.0/ports/4868fa4c-3488-4ab0-9b20-0ce2f3649c78 HTTP/1.1" status: 200 len: 1135 time: 0.0876181
2026-06-26 04:47:56.913 10 INFO neutron.wsgi [None req-c2c0462b-bfd3-402d-98cc-d8347c61881d 884532f12d924382adea5df5f8dea901 48cbcdf1f5cb4c17b773edc1a9f4b155 - - default default] 10.0.0.211 "DELETE /v2.0/security-group-rules/f32a2b44-e43f-4e0d-9d27-2da43cfc6e7e HTTP/1.1" status: 204 len: 168 time: 0.1642289
2026-06-26 04:47:56.921 11 INFO neutron.db.ovn_revision_numbers_db [None req-23df7798-241f-425a-b09c-4dd060ee9c74 668195933c9e460d8c5d75c520abaaab fe6a47a378aa487fb8fdb30be7439a5e - - default default] Successfully bumped revision number for resource bcbf0489-023c-4ee9-bcfb-516283fbf039 (type: security_group_rules) to 0
2026-06-26 04:47:56.949 10 INFO neutron.wsgi [None req-bde6342e-1a45-427f-9bab-6b6f89e5ccdd 884532f12d924382adea5df5f8dea901 48cbcdf1f5cb4c17b773edc1a9f4b155 - - default default] 10.0.0.211 "GET /v2.0/security-group-rules HTTP/1.1" status: 200 len: 3567 time: 0.0308266
2026-06-26 04:47:57.001 11 INFO neutron.db.ovn_revision_numbers_db [None req-23df7798-241f-425a-b09c-4dd060ee9c74 668195933c9e460d8c5d75c520abaaab fe6a47a378aa487fb8fdb30be7439a5e - - default default] Successfully bumped revision number for resource a0910670-593e-46be-b49c-24c189ec2e4e (type: security_groups) to 1
2026-06-26 04:47:57.019 11 INFO neutron.db.ovn_revision_numbers_db [None req-23df7798-241f-425a-b09c-4dd060ee9c74 668195933c9e460d8c5d75c520abaaab fe6a47a378aa487fb8fdb30be7439a5e - - default default] Successfully bumped revision number for resource 7291765d-b311-4c77-b6c3-2811e28058ef (type: security_group_rules) to 0
2026-06-26 04:47:57.033 11 INFO neutron.db.ovn_revision_numbers_db [None req-23df7798-241f-425a-b09c-4dd060ee9c74 668195933c9e460d8c5d75c520abaaab fe6a47a378aa487fb8fdb30be7439a5e - - default default] Successfully bumped revision number for resource a5452efb-cae9-436b-b660-756618727742 (type: security_group_rules) to 0
2026-06-26 04:47:57.061 11 INFO neutron.wsgi [None req-23df7798-241f-425a-b09c-4dd060ee9c74 668195933c9e460d8c5d75c520abaaab fe6a47a378aa487fb8fdb30be7439a5e - - default default] 10.0.0.211 "POST /v2.0/security-groups HTTP/1.1" status: 201 len: 1761 time: 0.5070517
2026-06-26 04:47:57.070 10 INFO neutron.wsgi [None req-0e066a03-cb68-4474-888c-039f6542d49d 884532f12d924382adea5df5f8dea901 48cbcdf1f5cb4c17b773edc1a9f4b155 - - default default] 10.0.0.211 "DELETE /v2.0/security-groups/2f8f0f09-bc87-4872-bb30-acb7131dc72b HTTP/1.1" status: 204 len: 168 time: 0.1169398
2026-06-26 04:47:57.097 11 INFO neutron.wsgi [None req-b78d6795-fbd3-41bf-baca-393ca0288277 668195933c9e460d8c5d75c520abaaab fe6a47a378aa487fb8fdb30be7439a5e - - default default] 10.0.0.211 "GET /v2.0/security-groups HTTP/1.1" status: 200 len: 4539 time: 0.0306976
2026-06-26 04:47:57.110 10 INFO neutron.wsgi [None req-055a53bf-208d-4852-93b2-4e0d849513c9 884532f12d924382adea5df5f8dea901 48cbcdf1f5cb4c17b773edc1a9f4b155 - - default default] 10.0.0.211 "GET /v2.0/security-groups HTTP/1.1" status: 200 len: 2996 time: 0.0352628
2026-06-26 04:47:57.153 10 INFO neutron.wsgi [None req-81113e82-3ec4-49dd-875d-f7cd58986e13 884532f12d924382adea5df5f8dea901 48cbcdf1f5cb4c17b773edc1a9f4b155 - - default default] 10.0.0.211 "GET /v2.0/security-groups HTTP/1.1" status: 200 len: 2996 time: 0.0353658
2026-06-26 04:47:57.175 11 INFO neutron.db.ovn_revision_numbers_db [None req-5de44327-9ce0-4d88-bebc-c5caea41f9a6 668195933c9e460d8c5d75c520abaaab fe6a47a378aa487fb8fdb30be7439a5e - - default default] Successfully bumped revision number for resource a0910670-593e-46be-b49c-24c189ec2e4e (type: security_groups) to 2
2026-06-26 04:47:57.178 11 INFO neutron.wsgi [None req-5de44327-9ce0-4d88-bebc-c5caea41f9a6 668195933c9e460d8c5d75c520abaaab fe6a47a378aa487fb8fdb30be7439a5e - - default default] 10.0.0.211 "PUT /v2.0/security-groups/a0910670-593e-46be-b49c-24c189ec2e4e HTTP/1.1" status: 200 len: 1793 time: 0.0769818
2026-06-26 04:47:57.217 10 WARNING neutron.plugins.ml2.drivers.ovn.mech_driver.ovsdb.ovn_client [None req-f81445b7-0796-430c-8397-97ef11356779 - - - - - -] No hosting information found for port 9e927bd0-7042-4612-b09e-181f568a17ea: RuntimeError: No hosting information found for port 9e927bd0-7042-4612-b09e-181f568a17ea
2026-06-26 04:47:57.217 10 INFO neutron.plugins.ml2.drivers.ovn.mech_driver.mech_driver [None req-f81445b7-0796-430c-8397-97ef11356779 - - - - - -] OVN reports status up for port: 1dda95a2-b8f6-4da0-9b0d-ddabcae92fd6
2026-06-26 04:47:57.222 10 INFO neutron.wsgi [None req-a6631382-5227-42cf-b079-ee56a61fb81d 668195933c9e460d8c5d75c520abaaab fe6a47a378aa487fb8fdb30be7439a5e - - default default] 10.0.0.211 "GET /v2.0/security-groups/a0910670-593e-46be-b49c-24c189ec2e4e HTTP/1.1" status: 200 len: 1793 time: 0.0393353
2026-06-26 04:47:57.225 10 INFO neutron.plugins.ml2.plugin [None req-f81445b7-0796-430c-8397-97ef11356779 - - - - - -] Attempt 1 to provision port 1dda95a2-b8f6-4da0-9b0d-ddabcae92fd6
2026-06-26 04:47:57.326 11 INFO neutron.wsgi [None req-f03a4fe7-fa27-4f34-81ca-167ceef3090a 668195933c9e460d8c5d75c520abaaab fe6a47a378aa487fb8fdb30be7439a5e - - default default] 10.0.0.211 "DELETE /v2.0/security-groups/a0910670-593e-46be-b49c-24c189ec2e4e HTTP/1.1" status: 204 len: 168 time: 0.0988178
2026-06-26 04:47:57.358 11 INFO neutron.wsgi [None req-91daecb5-a704-40dd-8958-426bba8c2620 668195933c9e460d8c5d75c520abaaab fe6a47a378aa487fb8fdb30be7439a5e - - default default] 10.0.0.211 "GET /v2.0/security-groups HTTP/1.1" status: 200 len: 2996 time: 0.0270724
2026-06-26 04:47:57.372 11 INFO neutron.api.v2.resource [None req-cab02fbc-2025-45a3-806b-5b9293df8a8e 668195933c9e460d8c5d75c520abaaab fe6a47a378aa487fb8fdb30be7439a5e - - default default] delete failed (client error): The resource could not be found.
2026-06-26 04:47:57.373 11 INFO neutron.wsgi [None req-cab02fbc-2025-45a3-806b-5b9293df8a8e 668195933c9e460d8c5d75c520abaaab fe6a47a378aa487fb8fdb30be7439a5e - - default default] 10.0.0.211 "DELETE /v2.0/security-groups/a0910670-593e-46be-b49c-24c189ec2e4e HTTP/1.1" status: 404 len: 347 time: 0.0079668
2026-06-26 04:47:57.385 11 WARNING neutron_lib.context [None req-c24e3899-ca9b-4506-b71b-a02220373be0 668195933c9e460d8c5d75c520abaaab fe6a47a378aa487fb8fdb30be7439a5e - - default default] Method 'is_advsvc' is deprecated since 2023.2 release (neutron-lib 3.8.0) and will be removed once support for the old RBAC API policies will be removed from Neutron. Please use method 'is_service_role' instead.
2026-06-26 04:47:57.495 11 INFO neutron.db.ovn_revision_numbers_db [None req-c24e3899-ca9b-4506-b71b-a02220373be0 668195933c9e460d8c5d75c520abaaab fe6a47a378aa487fb8fdb30be7439a5e - - default default] Successfully bumped revision number for resource afea9d87-af93-4add-9ef5-0f883627e8dd (type: security_groups) to 1
2026-06-26 04:47:57.508 11 INFO neutron.db.ovn_revision_numbers_db [None req-c24e3899-ca9b-4506-b71b-a02220373be0 668195933c9e460d8c5d75c520abaaab fe6a47a378aa487fb8fdb30be7439a5e - - default default] Successfully bumped revision number for resource b15ace69-3a1b-4498-8288-e32db8424803 (type: security_group_rules) to 0
2026-06-26 04:47:57.519 11 INFO neutron.db.ovn_revision_numbers_db [None req-c24e3899-ca9b-4506-b71b-a02220373be0 668195933c9e460d8c5d75c520abaaab fe6a47a378aa487fb8fdb30be7439a5e - - default default] Successfully bumped revision number for resource c7b2cae4-4cf6-49a0-8b04-1ef54b7ff895 (type: security_group_rules) to 0
2026-06-26 04:47:57.533 10 INFO neutron.db.ovn_revision_numbers_db [None req-f81445b7-0796-430c-8397-97ef11356779 - - - - - -] Successfully bumped revision number for resource 1dda95a2-b8f6-4da0-9b0d-ddabcae92fd6 (type: ports) to 2
2026-06-26 04:47:57.537 11 INFO neutron.wsgi [None req-c24e3899-ca9b-4506-b71b-a02220373be0 668195933c9e460d8c5d75c520abaaab fe6a47a378aa487fb8fdb30be7439a5e - - default default] 10.0.0.211 "POST /v2.0/security-groups HTTP/1.1" status: 201 len: 1761 time: 0.1556304
2026-06-26 04:47:57.547 11 WARNING neutron_lib.context [None req-3c29c2a5-4f39-4135-ac25-0c9bf7119a21 668195933c9e460d8c5d75c520abaaab fe6a47a378aa487fb8fdb30be7439a5e - - default default] Method 'is_advsvc' is deprecated since 2023.2 release (neutron-lib 3.8.0) and will be removed once support for the old RBAC API policies will be removed from Neutron. Please use method 'is_service_role' instead.
2026-06-26 04:47:57.630 10 INFO neutron.db.ovn_revision_numbers_db [None req-f81445b7-0796-430c-8397-97ef11356779 - - - - - -] Successfully bumped revision number for resource 1dda95a2-b8f6-4da0-9b0d-ddabcae92fd6 (type: router_ports) to 2
2026-06-26 04:47:57.684 11 INFO neutron.db.ovn_revision_numbers_db [None req-3c29c2a5-4f39-4135-ac25-0c9bf7119a21 668195933c9e460d8c5d75c520abaaab fe6a47a378aa487fb8fdb30be7439a5e - - default default] Successfully bumped revision number for resource f55b9fcf-9d34-43e7-98e3-1de37f7413c4 (type: security_group_rules) to 0
2026-06-26 04:47:57.710 11 INFO neutron.wsgi [None req-3c29c2a5-4f39-4135-ac25-0c9bf7119a21 668195933c9e460d8c5d75c520abaaab fe6a47a378aa487fb8fdb30be7439a5e - - default default] 10.0.0.211 "POST /v2.0/security-group-rules HTTP/1.1" status: 201 len: 768 time: 0.1661847
2026-06-26 04:47:57.745 10 INFO neutron.wsgi [None req-c85bc556-88e9-47cb-ae82-db1929136543 668195933c9e460d8c5d75c520abaaab fe6a47a378aa487fb8fdb30be7439a5e - - default default] 10.0.0.211 "GET /v2.0/security-group-rules/f55b9fcf-9d34-43e7-98e3-1de37f7413c4 HTTP/1.1" status: 200 len: 763 time: 0.0303388
2026-06-26 04:47:57.806 10 INFO neutron.wsgi [None req-74734b95-4f98-493d-9ebe-68469f309a5d 0f19afc84ac44417a7a52e56bdcd6b44 35178ba0f0ad412f91ef319bf0c23b38 - - default default] 10.0.0.211 "GET /v2.0/security-groups?tenant_id=48cbcdf1f5cb4c17b773edc1a9f4b155&name=default HTTP/1.1" status: 200 len: 2996 time: 0.1564374
2026-06-26 04:47:57.818 11 INFO neutron.wsgi [None req-53e8eba0-ac94-4b60-af89-7b993ab5796b 668195933c9e460d8c5d75c520abaaab fe6a47a378aa487fb8fdb30be7439a5e - - default default] 10.0.0.211 "GET /v2.0/security-group-rules HTTP/1.1" status: 200 len: 4113 time: 0.0675828
2026-06-26 04:47:57.923 11 INFO neutron.wsgi [None req-f752b7fe-7d4c-48f6-a1a5-376ccdb3b36c 668195933c9e460d8c5d75c520abaaab fe6a47a378aa487fb8fdb30be7439a5e - - default default] 10.0.0.211 "DELETE /v2.0/security-group-rules/f55b9fcf-9d34-43e7-98e3-1de37f7413c4 HTTP/1.1" status: 204 len: 168 time: 0.1004250
2026-06-26 04:47:57.952 11 INFO neutron.wsgi [None req-2adfcb9d-9b9a-4c61-b45a-05c5232c8ae5 98704d82db2848089ef910f24f7a43e1 f1e0a196a9fa447e90a10e26668ee535 - - default default] 10.0.0.211 "GET /v2.0/ports/4868fa4c-3488-4ab0-9b20-0ce2f3649c78 HTTP/1.1" status: 200 len: 1135 time: 0.0389981
2026-06-26 04:47:57.962 10 INFO neutron.wsgi [-] 10.0.0.102 "GET / HTTP/1.1" status: 200 len: 247 time: 0.0011775
2026-06-26 04:47:57.964 10 INFO neutron.wsgi [-] 10.0.0.102 "GET / HTTP/1.1" status: 200 len: 247 time: 0.0008984
2026-06-26 04:47:57.989 10 INFO neutron.wsgi [None req-aeff8ee9-ef45-487e-a7f4-18fb7454b627 668195933c9e460d8c5d75c520abaaab fe6a47a378aa487fb8fdb30be7439a5e - - default default] 10.0.0.211 "GET /v2.0/security-group-rules HTTP/1.1" status: 200 len: 3567 time: 0.0595677
2026-06-26 04:47:58.000 11 WARNING neutron_lib.context [None req-ddd582b5-6743-4fcd-b4d5-c30adcd5a989 668195933c9e460d8c5d75c520abaaab fe6a47a378aa487fb8fdb30be7439a5e - - default default] Method 'is_advsvc' is deprecated since 2023.2 release (neutron-lib 3.8.0) and will be removed once support for the old RBAC API policies will be removed from Neutron. Please use method 'is_service_role' instead.
2026-06-26 04:47:58.006 10 INFO neutron.wsgi [None req-7a0ac096-394e-49fa-8783-6795d2328e40 0f19afc84ac44417a7a52e56bdcd6b44 35178ba0f0ad412f91ef319bf0c23b38 - - default default] 10.0.0.211 "DELETE /v2.0/security-groups/59697dd6-85ce-4af7-970a-564a4126c573 HTTP/1.1" status: 204 len: 168 time: 0.1956768
2026-06-26 04:47:58.108 11 INFO neutron.db.ovn_revision_numbers_db [None req-ddd582b5-6743-4fcd-b4d5-c30adcd5a989 668195933c9e460d8c5d75c520abaaab fe6a47a378aa487fb8fdb30be7439a5e - - default default] Successfully bumped revision number for resource baac96fa-37d3-470f-b84a-d9ed8b49880a (type: security_group_rules) to 0
2026-06-26 04:47:58.130 11 INFO neutron.wsgi [None req-ddd582b5-6743-4fcd-b4d5-c30adcd5a989 668195933c9e460d8c5d75c520abaaab fe6a47a378aa487fb8fdb30be7439a5e - - default default] 10.0.0.211 "POST /v2.0/security-group-rules HTTP/1.1" status: 201 len: 768 time: 0.1354470
2026-06-26 04:47:58.147 11 INFO neutron.wsgi [None req-e4d6ebce-79cb-45a9-8a13-e613a52cbfff 668195933c9e460d8c5d75c520abaaab fe6a47a378aa487fb8fdb30be7439a5e - - default default] 10.0.0.211 "GET /v2.0/security-group-rules/baac96fa-37d3-470f-b84a-d9ed8b49880a HTTP/1.1" status: 200 len: 763 time: 0.0125711
2026-06-26 04:47:58.183 11 INFO neutron.wsgi [None req-e13e3465-3427-44aa-8f8b-c95130da24db 668195933c9e460d8c5d75c520abaaab fe6a47a378aa487fb8fdb30be7439a5e - - default default] 10.0.0.211 "GET /v2.0/security-group-rules HTTP/1.1" status: 200 len: 4113 time: 0.0340087
2026-06-26 04:47:58.285 11 INFO neutron.wsgi [None req-4eddf314-4650-49b8-b0da-cbdc829f96a6 668195933c9e460d8c5d75c520abaaab fe6a47a378aa487fb8fdb30be7439a5e - - default default] 10.0.0.211 "DELETE /v2.0/security-group-rules/baac96fa-37d3-470f-b84a-d9ed8b49880a HTTP/1.1" status: 204 len: 168 time: 0.0972564
2026-06-26 04:47:58.326 11 INFO neutron.wsgi [None req-6be08967-b014-44f3-aae2-0489dbe8a2a8 668195933c9e460d8c5d75c520abaaab fe6a47a378aa487fb8fdb30be7439a5e - - default default] 10.0.0.211 "GET /v2.0/security-group-rules HTTP/1.1" status: 200 len: 3567 time: 0.0357816
2026-06-26 04:47:58.334 11 WARNING neutron_lib.context [None req-f8669eea-3bf4-4364-aeda-d28390b37f41 668195933c9e460d8c5d75c520abaaab fe6a47a378aa487fb8fdb30be7439a5e - - default default] Method 'is_advsvc' is deprecated since 2023.2 release (neutron-lib 3.8.0) and will be removed once support for the old RBAC API policies will be removed from Neutron. Please use method 'is_service_role' instead.
2026-06-26 04:47:58.444 11 INFO neutron.db.ovn_revision_numbers_db [None req-f8669eea-3bf4-4364-aeda-d28390b37f41 668195933c9e460d8c5d75c520abaaab fe6a47a378aa487fb8fdb30be7439a5e - - default default] Successfully bumped revision number for resource 6cb31048-9ef2-4146-928a-60ad7c2e721a (type: security_group_rules) to 0
2026-06-26 04:47:58.471 11 INFO neutron.wsgi [None req-f8669eea-3bf4-4364-aeda-d28390b37f41 668195933c9e460d8c5d75c520abaaab fe6a47a378aa487fb8fdb30be7439a5e - - default default] 10.0.0.211 "POST /v2.0/security-group-rules HTTP/1.1" status: 201 len: 769 time: 0.1402743
2026-06-26 04:47:58.490 11 INFO neutron.wsgi [None req-0ae648f1-2d98-49dd-a839-663113d506d6 668195933c9e460d8c5d75c520abaaab fe6a47a378aa487fb8fdb30be7439a5e - - default default] 10.0.0.211 "GET /v2.0/security-group-rules/6cb31048-9ef2-4146-928a-60ad7c2e721a HTTP/1.1" status: 200 len: 764 time: 0.0147247
2026-06-26 04:47:58.521 11 INFO neutron.wsgi [None req-6476ee67-9c7d-431e-8b91-525ef6bf1051 668195933c9e460d8c5d75c520abaaab fe6a47a378aa487fb8fdb30be7439a5e - - default default] 10.0.0.211 "GET /v2.0/security-group-rules HTTP/1.1" status: 200 len: 4114 time: 0.0280347
2026-06-26 04:47:58.608 11 INFO neutron.wsgi [None req-edea392b-8031-4392-be01-49ea06e9e230 668195933c9e460d8c5d75c520abaaab fe6a47a378aa487fb8fdb30be7439a5e - - default default] 10.0.0.211 "DELETE /v2.0/security-group-rules/6cb31048-9ef2-4146-928a-60ad7c2e721a HTTP/1.1" status: 204 len: 168 time: 0.0830424
2026-06-26 04:47:58.641 11 INFO neutron.wsgi [None req-312edbe2-d123-4b62-be94-0c1ff0399d5c 668195933c9e460d8c5d75c520abaaab fe6a47a378aa487fb8fdb30be7439a5e - - default default] 10.0.0.211 "GET /v2.0/security-group-rules HTTP/1.1" status: 200 len: 3567 time: 0.0276554
2026-06-26 04:47:58.741 11 INFO neutron.wsgi [None req-650f339d-392f-4b56-b4dc-91916a2127a7 668195933c9e460d8c5d75c520abaaab fe6a47a378aa487fb8fdb30be7439a5e - - default default] 10.0.0.211 "DELETE /v2.0/security-groups/afea9d87-af93-4add-9ef5-0f883627e8dd HTTP/1.1" status: 204 len: 168 time: 0.0956128
2026-06-26 04:47:58.790 11 INFO neutron.wsgi [None req-82d6aeec-95eb-4926-87cb-5d3ab044ee83 668195933c9e460d8c5d75c520abaaab fe6a47a378aa487fb8fdb30be7439a5e - - default default] 10.0.0.211 "GET /v2.0/security-groups HTTP/1.1" status: 200 len: 2996 time: 0.0443568
2026-06-26 04:47:58.841 11 INFO neutron.wsgi [None req-ba6d2123-7f63-4bc9-a166-32a3c94f95bc 668195933c9e460d8c5d75c520abaaab fe6a47a378aa487fb8fdb30be7439a5e - - default default] 10.0.0.211 "GET /v2.0/security-groups HTTP/1.1" status: 200 len: 2996 time: 0.0433300
2026-06-26 04:47:58.996 10 INFO neutron.wsgi [None req-865f18d6-a300-4a19-bc5e-a2099f8ef4d8 98704d82db2848089ef910f24f7a43e1 f1e0a196a9fa447e90a10e26668ee535 - - default default] 10.0.0.211 "GET /v2.0/ports/4868fa4c-3488-4ab0-9b20-0ce2f3649c78 HTTP/1.1" status: 200 len: 1135 time: 0.0375755
2026-06-26 04:47:59.094 11 INFO neutron.wsgi [req-f384f4c7-3fff-47b7-b64d-d3d23e58fe3a req-bfb87087-4698-4455-b8b4-2e11004de441 5952b64a96894d93a9556c31170db504 035df0bfb6484afda99f8152c19947b9 - - default default] 10.0.0.239 "GET /v2.0/ports?device_id=b4a20c96-6b56-468a-ac2f-ea4875124413 HTTP/1.1" status: 200 len: 1398 time: 0.0708869
2026-06-26 04:47:59.133 11 INFO neutron.wsgi [req-f384f4c7-3fff-47b7-b64d-d3d23e58fe3a req-6722a8cd-fe8e-49ec-a7c3-9b199db96f22 5952b64a96894d93a9556c31170db504 035df0bfb6484afda99f8152c19947b9 - - default default] 10.0.0.239 "GET /v2.0/security-groups?id=0a24b9a6-dc4b-44e0-9d0c-486cda9fec9a&fields=id&fields=name HTTP/1.1" status: 200 len: 310 time: 0.0352523
2026-06-26 04:47:59.545 10 INFO neutron.wsgi [None req-7dc4eb7c-81ae-4100-ba70-4fb9eaae8df9 0f19afc84ac44417a7a52e56bdcd6b44 35178ba0f0ad412f91ef319bf0c23b38 - - default default] 10.0.0.211 "GET /v2.0/security-groups?tenant_id=fe6a47a378aa487fb8fdb30be7439a5e&name=default HTTP/1.1" status: 200 len: 2996 time: 0.2524636
2026-06-26 04:47:59.757 10 INFO neutron.wsgi [None req-35e5c3cf-b119-47d2-823c-be4fcbaf93a6 0f19afc84ac44417a7a52e56bdcd6b44 35178ba0f0ad412f91ef319bf0c23b38 - - default default] 10.0.0.211 "DELETE /v2.0/security-groups/1c1df482-a7c0-4e86-b664-73c9a13270c3 HTTP/1.1" status: 204 len: 168 time: 0.2079477
2026-06-26 04:47:59.831 10 WARNING neutron_lib.context [None req-63627092-99d4-4dbd-9e93-a61b604e7c04 4bed078e04cd421698fcb2f3f1910285 a38215a5fbe84e21bd31dae1ebc81b74 - - default default] Method 'is_advsvc' is deprecated since 2023.2 release (neutron-lib 3.8.0) and will be removed once support for the old RBAC API policies will be removed from Neutron. Please use method 'is_service_role' instead.
2026-06-26 04:47:59.881 10 INFO neutron.wsgi [None req-63627092-99d4-4dbd-9e93-a61b604e7c04 4bed078e04cd421698fcb2f3f1910285 a38215a5fbe84e21bd31dae1ebc81b74 - - default default] 10.0.0.211 "POST /v2.0/subnetpools HTTP/1.1" status: 201 len: 748 time: 0.1674299
2026-06-26 04:47:59.911 10 INFO neutron.wsgi [None req-69e62dea-c699-42a1-986c-a67dab53bb6f 4bed078e04cd421698fcb2f3f1910285 a38215a5fbe84e21bd31dae1ebc81b74 - - default default] 10.0.0.211 "GET /v2.0/subnetpools/975f858b-6d56-4b5e-8455-d46e12061c71 HTTP/1.1" status: 200 len: 743 time: 0.0253248
2026-06-26 04:47:59.971 10 INFO neutron.wsgi [None req-ff130d0e-0d06-45e3-8353-7e360340dcb2 4bed078e04cd421698fcb2f3f1910285 a38215a5fbe84e21bd31dae1ebc81b74 - - default default] 10.0.0.211 "PUT /v2.0/subnetpools/975f858b-6d56-4b5e-8455-d46e12061c71 HTTP/1.1" status: 200 len: 695 time: 0.0564728
2026-06-26 04:48:00.035 10 INFO neutron.wsgi [None req-a4e7d355-d275-480f-ba67-cbc1c465379c 4bed078e04cd421698fcb2f3f1910285 a38215a5fbe84e21bd31dae1ebc81b74 - - default default] 10.0.0.211 "DELETE /v2.0/subnetpools/975f858b-6d56-4b5e-8455-d46e12061c71 HTTP/1.1" status: 204 len: 168 time: 0.0598838
2026-06-26 04:48:00.050 10 INFO neutron.api.v2.resource [None req-802e1805-97e3-41a7-832d-35467e764901 4bed078e04cd421698fcb2f3f1910285 a38215a5fbe84e21bd31dae1ebc81b74 - - default default] show failed (client error): The resource could not be found.
2026-06-26 04:48:00.052 10 INFO neutron.wsgi [None req-802e1805-97e3-41a7-832d-35467e764901 4bed078e04cd421698fcb2f3f1910285 a38215a5fbe84e21bd31dae1ebc81b74 - - default default] 10.0.0.211 "GET /v2.0/subnetpools/975f858b-6d56-4b5e-8455-d46e12061c71 HTTP/1.1" status: 404 len: 346 time: 0.0117180
2026-06-26 04:48:00.077 11 INFO neutron.api.v2.resource [None req-8ff5b8e1-5fea-44cd-91b3-808c6c8868b5 4bed078e04cd421698fcb2f3f1910285 a38215a5fbe84e21bd31dae1ebc81b74 - - default default] delete failed (client error): The resource could not be found.
2026-06-26 04:48:00.078 11 INFO neutron.wsgi [None req-8ff5b8e1-5fea-44cd-91b3-808c6c8868b5 4bed078e04cd421698fcb2f3f1910285 a38215a5fbe84e21bd31dae1ebc81b74 - - default default] 10.0.0.211 "DELETE /v2.0/subnetpools/975f858b-6d56-4b5e-8455-d46e12061c71 HTTP/1.1" status: 404 len: 346 time: 0.0226550
2026-06-26 04:48:00.103 11 INFO neutron.wsgi [None req-68bcea32-08a3-4c46-8501-ac86f8bbee6e 98704d82db2848089ef910f24f7a43e1 f1e0a196a9fa447e90a10e26668ee535 - - default default] 10.0.0.211 "GET /v2.0/ports/4868fa4c-3488-4ab0-9b20-0ce2f3649c78 HTTP/1.1" status: 200 len: 1135 time: 0.1012926
2026-06-26 04:48:00.814 11 INFO neutron.db.ovn_revision_numbers_db [None req-3f64c736-9a3f-4d38-a513-47f417f8dc87 0f19afc84ac44417a7a52e56bdcd6b44 35178ba0f0ad412f91ef319bf0c23b38 - - default default] Successfully bumped revision number for resource e9d6e80f-7b90-41a5-a4c4-eee2f256a238 (type: security_groups) to 1
2026-06-26 04:48:00.828 11 INFO neutron.db.ovn_revision_numbers_db [None req-3f64c736-9a3f-4d38-a513-47f417f8dc87 0f19afc84ac44417a7a52e56bdcd6b44 35178ba0f0ad412f91ef319bf0c23b38 - - default default] Successfully bumped revision number for resource 17602054-eca5-42d2-bfa6-036a8d845422 (type: security_group_rules) to 0
2026-06-26 04:48:00.840 11 INFO neutron.db.ovn_revision_numbers_db [None req-3f64c736-9a3f-4d38-a513-47f417f8dc87 0f19afc84ac44417a7a52e56bdcd6b44 35178ba0f0ad412f91ef319bf0c23b38 - - default default] Successfully bumped revision number for resource 29f0fa2d-4241-4e7a-a3b2-cdf4d8b4f4ed (type: security_group_rules) to 0
2026-06-26 04:48:00.854 11 INFO neutron.db.ovn_revision_numbers_db [None req-3f64c736-9a3f-4d38-a513-47f417f8dc87 0f19afc84ac44417a7a52e56bdcd6b44 35178ba0f0ad412f91ef319bf0c23b38 - - default default] Successfully bumped revision number for resource 93042e05-a0c2-46ed-8ccc-a4211af36796 (type: security_group_rules) to 0
2026-06-26 04:48:00.867 11 INFO neutron.db.ovn_revision_numbers_db [None req-3f64c736-9a3f-4d38-a513-47f417f8dc87 0f19afc84ac44417a7a52e56bdcd6b44 35178ba0f0ad412f91ef319bf0c23b38 - - default default] Successfully bumped revision number for resource bec0d466-a053-4188-9841-998dbdced50c (type: security_group_rules) to 0
2026-06-26 04:48:00.888 11 INFO neutron.wsgi [None req-3f64c736-9a3f-4d38-a513-47f417f8dc87 0f19afc84ac44417a7a52e56bdcd6b44 35178ba0f0ad412f91ef319bf0c23b38 - - default default] 10.0.0.211 "GET /v2.0/security-groups?tenant_id=a38215a5fbe84e21bd31dae1ebc81b74&name=default HTTP/1.1" status: 200 len: 2996 time: 0.3156774
2026-06-26 04:48:01.080 11 INFO neutron.wsgi [None req-9da14fab-40d1-4eae-a7f7-6ed98128c003 0f19afc84ac44417a7a52e56bdcd6b44 35178ba0f0ad412f91ef319bf0c23b38 - - default default] 10.0.0.211 "DELETE /v2.0/security-groups/e9d6e80f-7b90-41a5-a4c4-eee2f256a238 HTTP/1.1" status: 204 len: 168 time: 0.1870422
2026-06-26 04:48:01.160 10 INFO neutron.wsgi [None req-49aa1eff-4eee-49d9-aedf-82f9141cd9ae 98704d82db2848089ef910f24f7a43e1 f1e0a196a9fa447e90a10e26668ee535 - - default default] 10.0.0.211 "GET /v2.0/ports/4868fa4c-3488-4ab0-9b20-0ce2f3649c78 HTTP/1.1" status: 200 len: 1135 time: 0.0498242
2026-06-26 04:48:01.736 11 INFO neutron.db.ovn_revision_numbers_db [None req-7902854b-8100-45b5-98da-193a231cb753 0f19afc84ac44417a7a52e56bdcd6b44 35178ba0f0ad412f91ef319bf0c23b38 - - default default] Successfully bumped revision number for resource 0d615a51-13d4-4d09-ae23-b7cc5084150f (type: security_groups) to 1
2026-06-26 04:48:01.752 11 INFO neutron.db.ovn_revision_numbers_db [None req-7902854b-8100-45b5-98da-193a231cb753 0f19afc84ac44417a7a52e56bdcd6b44 35178ba0f0ad412f91ef319bf0c23b38 - - default default] Successfully bumped revision number for resource 4c0a35ef-4bd8-46c7-9992-3802f4ef5353 (type: security_group_rules) to 0
2026-06-26 04:48:01.772 11 INFO neutron.db.ovn_revision_numbers_db [None req-7902854b-8100-45b5-98da-193a231cb753 0f19afc84ac44417a7a52e56bdcd6b44 35178ba0f0ad412f91ef319bf0c23b38 - - default default] Successfully bumped revision number for resource b83634d0-070c-48bd-aa47-16a414c0b5f3 (type: security_group_rules) to 0
2026-06-26 04:48:01.789 11 INFO neutron.db.ovn_revision_numbers_db [None req-7902854b-8100-45b5-98da-193a231cb753 0f19afc84ac44417a7a52e56bdcd6b44 35178ba0f0ad412f91ef319bf0c23b38 - - default default] Successfully bumped revision number for resource e9829e89-9e91-4a39-9732-d88582df213b (type: security_group_rules) to 0
2026-06-26 04:48:01.812 11 INFO neutron.db.ovn_revision_numbers_db [None req-7902854b-8100-45b5-98da-193a231cb753 0f19afc84ac44417a7a52e56bdcd6b44 35178ba0f0ad412f91ef319bf0c23b38 - - default default] Successfully bumped revision number for resource fb2d4c5b-2103-4bd4-8dec-2a0ffc285f27 (type: security_group_rules) to 0
2026-06-26 04:48:01.865 11 INFO neutron.db.segments_db [None req-7902854b-8100-45b5-98da-193a231cb753 0f19afc84ac44417a7a52e56bdcd6b44 35178ba0f0ad412f91ef319bf0c23b38 - - default default] Added segment d3e92ee1-e37a-49a8-bd0b-37123e42bb65 of type geneve for network 6de2db2f-9218-48dc-a9d9-3fe69428f1fc
2026-06-26 04:48:01.999 11 INFO neutron.db.ovn_revision_numbers_db [None req-7902854b-8100-45b5-98da-193a231cb753 0f19afc84ac44417a7a52e56bdcd6b44 35178ba0f0ad412f91ef319bf0c23b38 - - default default] Successfully bumped revision number for resource 6de2db2f-9218-48dc-a9d9-3fe69428f1fc (type: networks) to 1
2026-06-26 04:48:02.152 11 WARNING neutron.scheduler.dhcp_agent_scheduler [None req-7902854b-8100-45b5-98da-193a231cb753 0f19afc84ac44417a7a52e56bdcd6b44 35178ba0f0ad412f91ef319bf0c23b38 - - default default] No more DHCP agents
2026-06-26 04:48:02.155 11 WARNING neutron.api.rpc.agentnotifiers.dhcp_rpc_agent_api [None req-7902854b-8100-45b5-98da-193a231cb753 0f19afc84ac44417a7a52e56bdcd6b44 35178ba0f0ad412f91ef319bf0c23b38 - - default default] Unable to schedule network 6de2db2f-9218-48dc-a9d9-3fe69428f1fc: no agents available; will retry on subsequent port and subnet creation events.
2026-06-26 04:48:02.234 11 INFO neutron.db.ovn_revision_numbers_db [None req-7902854b-8100-45b5-98da-193a231cb753 0f19afc84ac44417a7a52e56bdcd6b44 35178ba0f0ad412f91ef319bf0c23b38 - - default default] Successfully bumped revision number for resource 1b285a31-a291-4635-844d-f68b70ed028f (type: ports) to 1
2026-06-26 04:48:02.262 11 INFO neutron.wsgi [None req-7902854b-8100-45b5-98da-193a231cb753 0f19afc84ac44417a7a52e56bdcd6b44 35178ba0f0ad412f91ef319bf0c23b38 - - default default] 10.0.0.211 "POST /v2.0/networks HTTP/1.1" status: 201 len: 943 time: 0.8536031
2026-06-26 04:48:02.270 10 INFO neutron.wsgi [None req-ebb93198-9a34-48e9-9236-6cd4cde87dac 98704d82db2848089ef910f24f7a43e1 f1e0a196a9fa447e90a10e26668ee535 - - default default] 10.0.0.211 "GET /v2.0/ports/4868fa4c-3488-4ab0-9b20-0ce2f3649c78 HTTP/1.1" status: 200 len: 1135 time: 0.1048558
2026-06-26 04:48:02.336 10 WARNING neutron.plugins.ml2.drivers.ovn.mech_driver.ovsdb.ovn_client [None req-f81445b7-0796-430c-8397-97ef11356779 - - - - - -] No hosting information found for port 1dda95a2-b8f6-4da0-9b0d-ddabcae92fd6: RuntimeError: No hosting information found for port 1dda95a2-b8f6-4da0-9b0d-ddabcae92fd6
2026-06-26 04:48:02.337 10 INFO neutron.plugins.ml2.drivers.ovn.mech_driver.mech_driver [None req-f81445b7-0796-430c-8397-97ef11356779 - - - - - -] OVN reports status up for port: 4868fa4c-3488-4ab0-9b20-0ce2f3649c78
2026-06-26 04:48:02.343 10 INFO neutron.plugins.ml2.plugin [None req-f81445b7-0796-430c-8397-97ef11356779 - - - - - -] Attempt 1 to provision port 4868fa4c-3488-4ab0-9b20-0ce2f3649c78
2026-06-26 04:48:02.401 11 WARNING neutron.scheduler.dhcp_agent_scheduler [None req-cdc7b819-47cb-40db-907f-ba4ee8ee4b49 0f19afc84ac44417a7a52e56bdcd6b44 35178ba0f0ad412f91ef319bf0c23b38 - - default default] No more DHCP agents
2026-06-26 04:48:02.404 11 WARNING neutron.api.rpc.agentnotifiers.dhcp_rpc_agent_api [None req-cdc7b819-47cb-40db-907f-ba4ee8ee4b49 0f19afc84ac44417a7a52e56bdcd6b44 35178ba0f0ad412f91ef319bf0c23b38 - - default default] Unable to schedule network 6de2db2f-9218-48dc-a9d9-3fe69428f1fc: no agents available; will retry on subsequent port and subnet creation events.
2026-06-26 04:48:02.608 10 INFO neutron.db.ovn_revision_numbers_db [None req-f81445b7-0796-430c-8397-97ef11356779 - - - - - -] Successfully bumped revision number for resource 4868fa4c-3488-4ab0-9b20-0ce2f3649c78 (type: ports) to 2
2026-06-26 04:48:02.685 10 INFO neutron.db.ovn_revision_numbers_db [None req-f81445b7-0796-430c-8397-97ef11356779 - - - - - -] Successfully bumped revision number for resource 4868fa4c-3488-4ab0-9b20-0ce2f3649c78 (type: router_ports) to 2
2026-06-26 04:48:02.862 11 INFO neutron.db.ovn_revision_numbers_db [None req-cdc7b819-47cb-40db-907f-ba4ee8ee4b49 0f19afc84ac44417a7a52e56bdcd6b44 35178ba0f0ad412f91ef319bf0c23b38 - - default default] Successfully bumped revision number for resource 1b285a31-a291-4635-844d-f68b70ed028f (type: ports) to 2
2026-06-26 04:48:02.898 11 INFO neutron.db.ovn_revision_numbers_db [None req-cdc7b819-47cb-40db-907f-ba4ee8ee4b49 0f19afc84ac44417a7a52e56bdcd6b44 35178ba0f0ad412f91ef319bf0c23b38 - - default default] Successfully bumped revision number for resource c109a48d-c85b-4964-9a7b-3a0ccf87013c (type: subnets) to 0
2026-06-26 04:48:02.917 11 INFO neutron.wsgi [None req-cdc7b819-47cb-40db-907f-ba4ee8ee4b49 0f19afc84ac44417a7a52e56bdcd6b44 35178ba0f0ad412f91ef319bf0c23b38 - - default default] 10.0.0.211 "POST /v2.0/subnets HTTP/1.1" status: 201 len: 863 time: 0.6507838
2026-06-26 04:48:03.326 11 INFO neutron.wsgi [None req-afe75754-2666-4f4c-806c-72ce6eec0dd2 98704d82db2848089ef910f24f7a43e1 f1e0a196a9fa447e90a10e26668ee535 - - default default] 10.0.0.211 "GET /v2.0/ports/4868fa4c-3488-4ab0-9b20-0ce2f3649c78 HTTP/1.1" status: 200 len: 1137 time: 0.0493755
2026-06-26 04:48:03.413 11 WARNING neutron.scheduler.dhcp_agent_scheduler [None req-9c47baab-ee23-41bc-b8b9-b388e9956a92 0f19afc84ac44417a7a52e56bdcd6b44 35178ba0f0ad412f91ef319bf0c23b38 - - default default] No more DHCP agents
