2026-06-26 04:47:25.323 10 INFO neutron.db.ovn_revision_numbers_db [None req-1f0dd21b-1748-4a64-bb21-66656005d01c 8909f3a9171b4f06b4279eba8e331273 962f908764414c17a99d8e671512f3ae - - default default] Successfully bumped revision number for resource f161af38-370c-46ca-b668-5cd33d3eba9d (type: router_ports) to 1
2026-06-26 04:47:25.325 10 INFO neutron.wsgi [None req-1f0dd21b-1748-4a64-bb21-66656005d01c 8909f3a9171b4f06b4279eba8e331273 962f908764414c17a99d8e671512f3ae - - default default] 10.0.0.211 "PUT /v2.0/routers/ee652ccb-4535-4848-80d5-a166a06e05f7/add_router_interface HTTP/1.1" status: 200 len: 503 time: 2.5736020
2026-06-26 04:47:25.345 11 INFO neutron.wsgi [None req-717027ce-8eae-4c71-90d7-28142ffaf5d5 5952b64a96894d93a9556c31170db504 035df0bfb6484afda99f8152c19947b9 - - default default] 10.0.0.211 "POST /v2.0/networks HTTP/1.1" status: 201 len: 835 time: 0.9953461
2026-06-26 04:47:25.361 10 WARNING neutron_lib.context [None req-74442093-05e6-4375-bee4-3fba427ca6d2 5952b64a96894d93a9556c31170db504 035df0bfb6484afda99f8152c19947b9 - - default default] Method 'is_advsvc' is deprecated since 2023.2 release (neutron-lib 3.8.0) and will be removed once support for the old RBAC API policies will be removed from Neutron. Please use method 'is_service_role' instead.
2026-06-26 04:47:25.367 10 INFO neutron.wsgi [None req-ccda45ed-7084-425f-a1a0-96a5a448a338 8909f3a9171b4f06b4279eba8e331273 962f908764414c17a99d8e671512f3ae - - default default] 10.0.0.211 "GET /v2.0/ports/f161af38-370c-46ca-b668-5cd33d3eba9d HTTP/1.1" status: 200 len: 1149 time: 0.0374601
2026-06-26 04:47:25.516 11 INFO neutron.wsgi [None req-383283dd-90aa-46b8-a3d0-b12adb6a449b 8909f3a9171b4f06b4279eba8e331273 962f908764414c17a99d8e671512f3ae - - default default] 10.0.0.211 "GET /v2.0/ports/f161af38-370c-46ca-b668-5cd33d3eba9d HTTP/1.1" status: 200 len: 1149 time: 0.1425309
2026-06-26 04:47:25.532 10 INFO neutron.services.segments.plugin [-] Segment 7d20b3c2-6a52-4a81-8129-822f1a1768ca resource provider aggregate not found
2026-06-26 04:47:25.550 10 INFO neutron.services.segments.plugin [-] Segment 7d20b3c2-6a52-4a81-8129-822f1a1768ca resource provider aggregate not found
2026-06-26 04:47:25.557 10 INFO neutron.services.segments.plugin [-] Segment 7d20b3c2-6a52-4a81-8129-822f1a1768ca resource provider not found; error: Placement Client Error (4xx): {"errors": [{"status": 404, "title": "Not Found", "detail": "The resource could not be found.\n\n No resource provider with uuid 7d20b3c2-6a52-4a81-8129-822f1a1768ca found for delete ", "request_id": "req-020cd8bd-fa56-497c-a4c5-c917288827a2"}]}
2026-06-26 04:47:25.568 10 INFO neutron.services.segments.plugin [-] Segment 7d20b3c2-6a52-4a81-8129-822f1a1768ca resource provider not found; error: Placement Client Error (4xx): {"errors": [{"status": 404, "title": "Not Found", "detail": "The resource could not be found.\n\n No resource provider with uuid 7d20b3c2-6a52-4a81-8129-822f1a1768ca found for delete ", "request_id": "req-6af38dfd-59cf-4f8f-92cc-d6ce5b8f692e"}]}
2026-06-26 04:47:25.589 10 INFO neutron.wsgi [None req-87cf084e-dff2-46b8-a992-a4327f52f107 309aef06df9047ad9c2eebc35ba227f3 cb0b2cf5819346deacf23116250a2136 - - default default] 10.0.0.211 "DELETE /v2.0/networks/54fffc42-63ef-4864-bb32-1dec95c7a777 HTTP/1.1" status: 204 len: 168 time: 0.4831734
2026-06-26 04:47:25.602 11 INFO neutron.db.ovn_revision_numbers_db [None req-f217a9be-5b29-464f-9a5a-5afee2642517 - - - - - -] Successfully bumped revision number for resource f161af38-370c-46ca-b668-5cd33d3eba9d (type: ports) to 2
2026-06-26 04:47:25.663 10 WARNING neutron.scheduler.dhcp_agent_scheduler [None req-74442093-05e6-4375-bee4-3fba427ca6d2 5952b64a96894d93a9556c31170db504 035df0bfb6484afda99f8152c19947b9 - - default default] No more DHCP agents
2026-06-26 04:47:25.666 10 WARNING neutron.api.rpc.agentnotifiers.dhcp_rpc_agent_api [None req-74442093-05e6-4375-bee4-3fba427ca6d2 5952b64a96894d93a9556c31170db504 035df0bfb6484afda99f8152c19947b9 - - default default] Unable to schedule network 8b7eeee0-0a05-485b-bdaa-aac5fe07c577: no agents available; will retry on subsequent port and subnet creation events.
2026-06-26 04:47:25.742 11 INFO neutron.db.ovn_revision_numbers_db [None req-f217a9be-5b29-464f-9a5a-5afee2642517 - - - - - -] Successfully bumped revision number for resource f161af38-370c-46ca-b668-5cd33d3eba9d (type: router_ports) to 2
2026-06-26 04:47:25.867 11 INFO neutron.db.ovn_revision_numbers_db [None req-65060d99-0d46-4d6a-85f6-bf489c1a8aac 68c8230c72264247a3eaf9da9884f732 de8ea1bbf4d54322a8326932e6365168 - - default default] Successfully bumped revision number for resource 478d111f-713e-4788-95b0-cbcbaf0a7d50 (type: ports) to 2
2026-06-26 04:47:25.900 11 INFO neutron.db.ovn_revision_numbers_db [None req-65060d99-0d46-4d6a-85f6-bf489c1a8aac 68c8230c72264247a3eaf9da9884f732 de8ea1bbf4d54322a8326932e6365168 - - default default] Successfully bumped revision number for resource 738ad5e9-5946-42a7-b14e-c2795df3a952 (type: subnets) to 0
2026-06-26 04:47:25.915 11 INFO neutron.wsgi [None req-65060d99-0d46-4d6a-85f6-bf489c1a8aac 68c8230c72264247a3eaf9da9884f732 de8ea1bbf4d54322a8326932e6365168 - - default default] 10.0.0.211 "POST /v2.0/subnets HTTP/1.1" status: 201 len: 801 time: 1.4307621
2026-06-26 04:47:25.926 10 WARNING neutron_lib.context [None req-2f98e440-a77c-44ca-abb6-02c0854a1397 68c8230c72264247a3eaf9da9884f732 de8ea1bbf4d54322a8326932e6365168 - - default default] Method 'is_advsvc' is deprecated since 2023.2 release (neutron-lib 3.8.0) and will be removed once support for the old RBAC API policies will be removed from Neutron. Please use method 'is_service_role' instead.
2026-06-26 04:47:26.264 11 INFO neutron.wsgi [None req-4f43f3f2-a23f-4296-91c6-7a492c54d9ce 0f19afc84ac44417a7a52e56bdcd6b44 35178ba0f0ad412f91ef319bf0c23b38 - - default default] 10.0.0.211 "GET /v2.0/security-groups?tenant_id=cb0b2cf5819346deacf23116250a2136&name=default HTTP/1.1" status: 200 len: 2996 time: 0.1388404
2026-06-26 04:47:26.277 10 INFO neutron.db.ovn_revision_numbers_db [None req-74442093-05e6-4375-bee4-3fba427ca6d2 5952b64a96894d93a9556c31170db504 035df0bfb6484afda99f8152c19947b9 - - default default] Successfully bumped revision number for resource 8a2f8195-99a9-47e2-b1e6-2f9ecfce1739 (type: ports) to 2
2026-06-26 04:47:26.285 10 WARNING neutron.scheduler.dhcp_agent_scheduler [None req-2f98e440-a77c-44ca-abb6-02c0854a1397 68c8230c72264247a3eaf9da9884f732 de8ea1bbf4d54322a8326932e6365168 - - default default] No more DHCP agents
2026-06-26 04:47:26.288 10 WARNING neutron.api.rpc.agentnotifiers.dhcp_rpc_agent_api [None req-2f98e440-a77c-44ca-abb6-02c0854a1397 68c8230c72264247a3eaf9da9884f732 de8ea1bbf4d54322a8326932e6365168 - - default default] Unable to schedule network ca329dd6-008f-48e7-a6b8-8759f3844efa: no agents available; will retry on subsequent port and subnet creation events.
2026-06-26 04:47:26.306 11 INFO neutron.wsgi [None req-7adb1abe-da33-4f67-984c-33948c83c579 8909f3a9171b4f06b4279eba8e331273 962f908764414c17a99d8e671512f3ae - - default default] 10.0.0.211 "PUT /v2.0/routers/ee652ccb-4535-4848-80d5-a166a06e05f7/remove_router_interface HTTP/1.1" status: 200 len: 503 time: 0.7775018
2026-06-26 04:47:26.356 10 INFO neutron.db.ovn_revision_numbers_db [None req-74442093-05e6-4375-bee4-3fba427ca6d2 5952b64a96894d93a9556c31170db504 035df0bfb6484afda99f8152c19947b9 - - default default] Successfully bumped revision number for resource 9697537a-9dfa-48c2-aa4e-f830fab75890 (type: subnets) to 0
2026-06-26 04:47:26.381 10 INFO neutron.wsgi [None req-74442093-05e6-4375-bee4-3fba427ca6d2 5952b64a96894d93a9556c31170db504 035df0bfb6484afda99f8152c19947b9 - - default default] 10.0.0.211 "POST /v2.0/subnets HTTP/1.1" status: 201 len: 830 time: 1.0246592 /var/lib/openstack/lib/python3.10/site-packages/pycadf/identifier.py:71: UserWarning: Invalid uuid: neutron. To ensure interoperability, identifiers should be a valid uuid. warnings.warn(('Invalid uuid: %s. To ensure interoperability, '
2026-06-26 04:47:26.393 11 WARNING neutron_lib.context [None req-0cf1a232-56c8-4d04-bd83-4802a788c5d3 5952b64a96894d93a9556c31170db504 035df0bfb6484afda99f8152c19947b9 - - default default] Method 'is_advsvc' is deprecated since 2023.2 release (neutron-lib 3.8.0) and will be removed once support for the old RBAC API policies will be removed from Neutron. Please use method 'is_service_role' instead.
2026-06-26 04:47:26.443 10 INFO neutron.wsgi [None req-28ab9d12-1381-422e-b83b-cad7ebb85c05 8909f3a9171b4f06b4279eba8e331273 962f908764414c17a99d8e671512f3ae - - default default] 10.0.0.211 "GET /v2.0/ports/24f9dfdd-8ac9-4be8-89b2-d10e74739d8e HTTP/1.1" status: 200 len: 1141 time: 0.1252234
2026-06-26 04:47:26.499 10 INFO neutron.db.ovn_revision_numbers_db [None req-2f98e440-a77c-44ca-abb6-02c0854a1397 68c8230c72264247a3eaf9da9884f732 de8ea1bbf4d54322a8326932e6365168 - - default default] Successfully bumped revision number for resource 7d8ac669-7a6a-4e84-98e0-236e0895dfb7 (type: ports) to 1
2026-06-26 04:47:26.521 10 INFO neutron.wsgi [None req-2f98e440-a77c-44ca-abb6-02c0854a1397 68c8230c72264247a3eaf9da9884f732 de8ea1bbf4d54322a8326932e6365168 - - default default] 10.0.0.211 "POST /v2.0/ports HTTP/1.1" status: 201 len: 1115 time: 0.6010683
2026-06-26 04:47:26.659 11 INFO neutron.wsgi [None req-e5e61148-4116-41db-81d8-b3d70cf4c418 0f19afc84ac44417a7a52e56bdcd6b44 35178ba0f0ad412f91ef319bf0c23b38 - - default default] 10.0.0.211 "DELETE /v2.0/security-groups/6432b579-565c-4c66-94a2-03e4c42f88d3 HTTP/1.1" status: 204 len: 168 time: 0.3899682
2026-06-26 04:47:26.834 11 WARNING neutron.scheduler.dhcp_agent_scheduler [None req-0cf1a232-56c8-4d04-bd83-4802a788c5d3 5952b64a96894d93a9556c31170db504 035df0bfb6484afda99f8152c19947b9 - - default default] No more DHCP agents
2026-06-26 04:47:26.837 11 WARNING neutron.api.rpc.agentnotifiers.dhcp_rpc_agent_api [None req-0cf1a232-56c8-4d04-bd83-4802a788c5d3 5952b64a96894d93a9556c31170db504 035df0bfb6484afda99f8152c19947b9 - - default default] Unable to schedule network 8b7eeee0-0a05-485b-bdaa-aac5fe07c577: no agents available; will retry on subsequent port and subnet creation events.
2026-06-26 04:47:26.854 10 INFO neutron.wsgi [None req-682d5874-ca31-44d7-9fbc-4d7c2fedd202 68c8230c72264247a3eaf9da9884f732 de8ea1bbf4d54322a8326932e6365168 - - default default] 10.0.0.211 "DELETE /v2.0/ports/7d8ac669-7a6a-4e84-98e0-236e0895dfb7 HTTP/1.1" status: 204 len: 168 time: 0.3252661
2026-06-26 04:47:26.874 10 INFO neutron.pecan_wsgi.hooks.translation [None req-59238f02-f44e-4b37-bdd7-672ff4ee20ce 68c8230c72264247a3eaf9da9884f732 de8ea1bbf4d54322a8326932e6365168 - - default default] GET failed (client error): The resource could not be found.
2026-06-26 04:47:26.875 10 INFO neutron.wsgi [None req-59238f02-f44e-4b37-bdd7-672ff4ee20ce 68c8230c72264247a3eaf9da9884f732 de8ea1bbf4d54322a8326932e6365168 - - default default] 10.0.0.211 "GET /v2.0/ports/7d8ac669-7a6a-4e84-98e0-236e0895dfb7 HTTP/1.1" status: 404 len: 333 time: 0.0174160
2026-06-26 04:47:26.886 11 INFO neutron.db.ovn_revision_numbers_db [None req-0cf1a232-56c8-4d04-bd83-4802a788c5d3 5952b64a96894d93a9556c31170db504 035df0bfb6484afda99f8152c19947b9 - - default default] Successfully bumped revision number for resource 9068badc-59fd-46ac-a012-727cff240da1 (type: subnets) to 0
2026-06-26 04:47:26.910 11 INFO neutron.wsgi [None req-0cf1a232-56c8-4d04-bd83-4802a788c5d3 5952b64a96894d93a9556c31170db504 035df0bfb6484afda99f8152c19947b9 - - default default] 10.0.0.211 "POST /v2.0/subnets HTTP/1.1" status: 201 len: 900 time: 0.5234337
2026-06-26 04:47:26.928 10 WARNING neutron_lib.context [None req-234ab7a4-e196-43e8-add1-6688bd1200ce 5952b64a96894d93a9556c31170db504 035df0bfb6484afda99f8152c19947b9 - - default default] Method 'is_advsvc' is deprecated since 2023.2 release (neutron-lib 3.8.0) and will be removed once support for the old RBAC API policies will be removed from Neutron. Please use method 'is_service_role' instead.
2026-06-26 04:47:27.049 10 INFO neutron.db.segments_db [None req-234ab7a4-e196-43e8-add1-6688bd1200ce 5952b64a96894d93a9556c31170db504 035df0bfb6484afda99f8152c19947b9 - - default default] Added segment 56eb6841-71a8-4184-8301-10d1020f63dc of type geneve for network d9c24e3e-5682-4326-bbaa-79c111fe7556
2026-06-26 04:47:27.198 11 INFO neutron.wsgi [None req-0cb6c7ed-49c3-4f7d-8845-57f0edad571d 8909f3a9171b4f06b4279eba8e331273 962f908764414c17a99d8e671512f3ae - - default default] 10.0.0.211 "PUT /v2.0/routers/ee652ccb-4535-4848-80d5-a166a06e05f7/remove_router_interface HTTP/1.1" status: 200 len: 503 time: 0.7500603 /var/lib/openstack/lib/python3.10/site-packages/pycadf/identifier.py:71: UserWarning: Invalid uuid: neutron. To ensure interoperability, identifiers should be a valid uuid. warnings.warn(('Invalid uuid: %s. To ensure interoperability, '
2026-06-26 04:47:27.213 10 INFO neutron.wsgi [None req-fea95fe0-5bc6-4645-89cb-d070e7dc5cc2 68c8230c72264247a3eaf9da9884f732 de8ea1bbf4d54322a8326932e6365168 - - default default] 10.0.0.211 "DELETE /v2.0/subnets/738ad5e9-5946-42a7-b14e-c2795df3a952 HTTP/1.1" status: 204 len: 168 time: 0.3289299
2026-06-26 04:47:27.237 11 INFO neutron.wsgi [None req-2d442e71-4b7c-43ec-8ac4-11cb069d3d14 8909f3a9171b4f06b4279eba8e331273 962f908764414c17a99d8e671512f3ae - - default default] 10.0.0.211 "GET /v2.0/ports?device_id=ee652ccb-4535-4848-80d5-a166a06e05f7 HTTP/1.1" status: 200 len: 205 time: 0.0338089
2026-06-26 04:47:27.271 10 INFO neutron.db.ovn_revision_numbers_db [None req-234ab7a4-e196-43e8-add1-6688bd1200ce 5952b64a96894d93a9556c31170db504 035df0bfb6484afda99f8152c19947b9 - - default default] Successfully bumped revision number for resource d9c24e3e-5682-4326-bbaa-79c111fe7556 (type: networks) to 1
2026-06-26 04:47:27.677 10 WARNING neutron.scheduler.dhcp_agent_scheduler [None req-234ab7a4-e196-43e8-add1-6688bd1200ce 5952b64a96894d93a9556c31170db504 035df0bfb6484afda99f8152c19947b9 - - default default] No more DHCP agents
2026-06-26 04:47:27.679 10 WARNING neutron.api.rpc.agentnotifiers.dhcp_rpc_agent_api [None req-234ab7a4-e196-43e8-add1-6688bd1200ce 5952b64a96894d93a9556c31170db504 035df0bfb6484afda99f8152c19947b9 - - default default] Unable to schedule network d9c24e3e-5682-4326-bbaa-79c111fe7556: no agents available; will retry on subsequent port and subnet creation events.
2026-06-26 04:47:27.780 10 INFO neutron.db.ovn_revision_numbers_db [None req-234ab7a4-e196-43e8-add1-6688bd1200ce 5952b64a96894d93a9556c31170db504 035df0bfb6484afda99f8152c19947b9 - - default default] Successfully bumped revision number for resource 088c71ab-717a-408c-ab86-d3e3911f2dfa (type: ports) to 1
2026-06-26 04:47:27.786 11 INFO neutron.wsgi [None req-397dd33d-e915-4692-b3aa-ec0565db32ca 8909f3a9171b4f06b4279eba8e331273 962f908764414c17a99d8e671512f3ae - - default default] 10.0.0.211 "DELETE /v2.0/routers/ee652ccb-4535-4848-80d5-a166a06e05f7 HTTP/1.1" status: 204 len: 168 time: 0.5447021
2026-06-26 04:47:27.820 10 INFO neutron.wsgi [None req-234ab7a4-e196-43e8-add1-6688bd1200ce 5952b64a96894d93a9556c31170db504 035df0bfb6484afda99f8152c19947b9 - - default default] 10.0.0.211 "POST /v2.0/networks HTTP/1.1" status: 201 len: 837 time: 0.8981113
2026-06-26 04:47:27.832 11 WARNING neutron_lib.context [None req-c2750e4f-a226-4c28-99e5-c154193b47c9 5952b64a96894d93a9556c31170db504 035df0bfb6484afda99f8152c19947b9 - - default default] Method 'is_advsvc' is deprecated since 2023.2 release (neutron-lib 3.8.0) and will be removed once support for the old RBAC API policies will be removed from Neutron. Please use method 'is_service_role' instead.
2026-06-26 04:47:27.963 10 INFO neutron.wsgi [-] 10.0.0.102 "GET / HTTP/1.1" status: 200 len: 247 time: 0.0017300
2026-06-26 04:47:27.966 10 INFO neutron.wsgi [-] 10.0.0.102 "GET / HTTP/1.1" status: 200 len: 247 time: 0.0018287
2026-06-26 04:47:27.978 10 INFO neutron.wsgi [None req-856dd965-58d0-41c0-9b52-0f3f283998a5 8909f3a9171b4f06b4279eba8e331273 962f908764414c17a99d8e671512f3ae - - default default] 10.0.0.211 "DELETE /v2.0/subnets/89293fa8-4593-4821-90bd-6ddc70c716fc HTTP/1.1" status: 204 len: 168 time: 0.1831186
2026-06-26 04:47:27.979 11 INFO neutron.services.segments.plugin [-] Segment 6dc45a8f-6f88-4409-9479-0b05bd4b3b8f resource provider aggregate not found
2026-06-26 04:47:27.984 11 INFO neutron.services.segments.plugin [-] Segment 6dc45a8f-6f88-4409-9479-0b05bd4b3b8f resource provider aggregate not found
2026-06-26 04:47:28.003 11 INFO neutron.services.segments.plugin [-] Segment 6dc45a8f-6f88-4409-9479-0b05bd4b3b8f resource provider not found; error: Placement Client Error (4xx): {"errors": [{"status": 404, "title": "Not Found", "detail": "The resource could not be found.\n\n No resource provider with uuid 6dc45a8f-6f88-4409-9479-0b05bd4b3b8f found for delete ", "request_id": "req-bc3e9647-28cf-43eb-94b0-9a33ea4eb8ac"}]}
2026-06-26 04:47:28.004 11 INFO neutron.services.segments.plugin [-] Segment 6dc45a8f-6f88-4409-9479-0b05bd4b3b8f resource provider not found; error: Placement Client Error (4xx): {"errors": [{"status": 404, "title": "Not Found", "detail": "The resource could not be found.\n\n No resource provider with uuid 6dc45a8f-6f88-4409-9479-0b05bd4b3b8f found for delete ", "request_id": "req-018dc0e3-a0ec-4806-8d6d-86b2aac7e7f3"}]}
2026-06-26 04:47:28.049 11 INFO neutron.wsgi [None req-ac026b79-36c7-4595-bdcc-82335e65f62f 68c8230c72264247a3eaf9da9884f732 de8ea1bbf4d54322a8326932e6365168 - - default default] 10.0.0.211 "DELETE /v2.0/networks/ca329dd6-008f-48e7-a6b8-8759f3844efa HTTP/1.1" status: 204 len: 168 time: 0.8318748
2026-06-26 04:47:28.059 11 WARNING neutron_lib.context [None req-64db4d06-59ff-4a66-b8b5-3622e9f89713 68c8230c72264247a3eaf9da9884f732 de8ea1bbf4d54322a8326932e6365168 - - default default] Method 'is_advsvc' is deprecated since 2023.2 release (neutron-lib 3.8.0) and will be removed once support for the old RBAC API policies will be removed from Neutron. Please use method 'is_service_role' instead.
2026-06-26 04:47:28.161 10 INFO neutron.wsgi [None req-75c38508-b52b-4d07-8544-1ce832f6af89 8909f3a9171b4f06b4279eba8e331273 962f908764414c17a99d8e671512f3ae - - default default] 10.0.0.211 "DELETE /v2.0/subnets/c93b1ddb-c7fb-4543-a0fb-d446ad5ab225 HTTP/1.1" status: 204 len: 168 time: 0.1790109
2026-06-26 04:47:28.177 11 WARNING neutron.scheduler.dhcp_agent_scheduler [None req-c2750e4f-a226-4c28-99e5-c154193b47c9 5952b64a96894d93a9556c31170db504 035df0bfb6484afda99f8152c19947b9 - - default default] No more DHCP agents
2026-06-26 04:47:28.181 11 WARNING neutron.api.rpc.agentnotifiers.dhcp_rpc_agent_api [None req-c2750e4f-a226-4c28-99e5-c154193b47c9 5952b64a96894d93a9556c31170db504 035df0bfb6484afda99f8152c19947b9 - - default default] Unable to schedule network d9c24e3e-5682-4326-bbaa-79c111fe7556: no agents available; will retry on subsequent port and subnet creation events.
2026-06-26 04:47:28.370 11 WARNING neutron.scheduler.dhcp_agent_scheduler [None req-64db4d06-59ff-4a66-b8b5-3622e9f89713 68c8230c72264247a3eaf9da9884f732 de8ea1bbf4d54322a8326932e6365168 - - default default] No more DHCP agents
2026-06-26 04:47:28.372 11 WARNING neutron.api.rpc.agentnotifiers.dhcp_rpc_agent_api [None req-64db4d06-59ff-4a66-b8b5-3622e9f89713 68c8230c72264247a3eaf9da9884f732 de8ea1bbf4d54322a8326932e6365168 - - default default] Unable to schedule network 55f39730-b747-4bfd-a689-303a8026d10b: no agents available; will retry on subsequent port and subnet creation events.
2026-06-26 04:47:28.479 11 INFO neutron.db.ovn_revision_numbers_db [None req-64db4d06-59ff-4a66-b8b5-3622e9f89713 68c8230c72264247a3eaf9da9884f732 de8ea1bbf4d54322a8326932e6365168 - - default default] Successfully bumped revision number for resource df2b439e-12e7-4b35-9705-318660c33f0f (type: ports) to 1
2026-06-26 04:47:28.496 10 INFO neutron.services.segments.plugin [-] Segment 7bad9857-ad37-49aa-b122-406d21554cb8 resource provider aggregate not found
2026-06-26 04:47:28.501 10 INFO neutron.services.segments.plugin [-] Segment 7bad9857-ad37-49aa-b122-406d21554cb8 resource provider aggregate not found
2026-06-26 04:47:28.506 11 INFO neutron.wsgi [None req-64db4d06-59ff-4a66-b8b5-3622e9f89713 68c8230c72264247a3eaf9da9884f732 de8ea1bbf4d54322a8326932e6365168 - - default default] 10.0.0.211 "POST /v2.0/ports HTTP/1.1" status: 201 len: 974 time: 0.4504671
2026-06-26 04:47:28.510 10 WARNING neutron_lib.context [None req-5426043a-824f-48cf-9724-c5c09a9ac236 c580fc6b086443a6a06a5b9a8c9a3966 dc100e39821c4ca0b2682d2bb5c0ae04 - - default default] Method 'is_advsvc' is deprecated since 2023.2 release (neutron-lib 3.8.0) and will be removed once support for the old RBAC API policies will be removed from Neutron. Please use method 'is_service_role' instead.
2026-06-26 04:47:28.510 10 WARNING neutron_lib.context [None req-5426043a-824f-48cf-9724-c5c09a9ac236 c580fc6b086443a6a06a5b9a8c9a3966 dc100e39821c4ca0b2682d2bb5c0ae04 - - default default] Method 'is_advsvc' is deprecated since 2023.2 release (neutron-lib 3.8.0) and will be removed once support for the old RBAC API policies will be removed from Neutron. Please use method 'is_service_role' instead. /var/lib/openstack/lib/python3.10/site-packages/pycadf/identifier.py:71: UserWarning: Invalid uuid: neutron. To ensure interoperability, identifiers should be a valid uuid. warnings.warn(('Invalid uuid: %s. To ensure interoperability, '
2026-06-26 04:47:28.516 10 INFO neutron.services.segments.plugin [-] Segment 7bad9857-ad37-49aa-b122-406d21554cb8 resource provider not found; error: Placement Client Error (4xx): {"errors": [{"status": 404, "title": "Not Found", "detail": "The resource could not be found.\n\n No resource provider with uuid 7bad9857-ad37-49aa-b122-406d21554cb8 found for delete ", "request_id": "req-490e9af4-9edd-4804-a1b6-cd160369836e"}]}
2026-06-26 04:47:28.520 10 INFO neutron.services.segments.plugin [-] Segment 7bad9857-ad37-49aa-b122-406d21554cb8 resource provider not found; error: Placement Client Error (4xx): {"errors": [{"status": 404, "title": "Not Found", "detail": "The resource could not be found.\n\n No resource provider with uuid 7bad9857-ad37-49aa-b122-406d21554cb8 found for delete ", "request_id": "req-98d3c335-bc12-4437-a0cf-db4d0a9ea244"}]}
2026-06-26 04:47:28.545 10 INFO neutron.wsgi [None req-bfceb041-3f4c-4cd0-975e-e42e7fcc56c6 8909f3a9171b4f06b4279eba8e331273 962f908764414c17a99d8e671512f3ae - - default default] 10.0.0.211 "DELETE /v2.0/networks/97731350-a955-477e-abd6-c19164bc1b6f HTTP/1.1" status: 204 len: 168 time: 0.3782856
2026-06-26 04:47:28.702 10 INFO neutron.db.ovn_revision_numbers_db [None req-5426043a-824f-48cf-9724-c5c09a9ac236 c580fc6b086443a6a06a5b9a8c9a3966 dc100e39821c4ca0b2682d2bb5c0ae04 - - default default] Successfully bumped revision number for resource a432d0b2-a4d3-4875-9aff-fbe6a1a8bfcd (type: security_groups) to 1
2026-06-26 04:47:28.738 10 INFO neutron.db.ovn_revision_numbers_db [None req-5426043a-824f-48cf-9724-c5c09a9ac236 c580fc6b086443a6a06a5b9a8c9a3966 dc100e39821c4ca0b2682d2bb5c0ae04 - - default default] Successfully bumped revision number for resource 1ca5da9b-808b-40fa-bd1a-50b44acf3974 (type: security_group_rules) to 0
2026-06-26 04:47:28.752 10 INFO neutron.db.ovn_revision_numbers_db [None req-5426043a-824f-48cf-9724-c5c09a9ac236 c580fc6b086443a6a06a5b9a8c9a3966 dc100e39821c4ca0b2682d2bb5c0ae04 - - default default] Successfully bumped revision number for resource c49a1c84-a6b2-4b34-b93c-8a94f9b0955b (type: security_group_rules) to 0
2026-06-26 04:47:28.768 10 INFO neutron.db.ovn_revision_numbers_db [None req-5426043a-824f-48cf-9724-c5c09a9ac236 c580fc6b086443a6a06a5b9a8c9a3966 dc100e39821c4ca0b2682d2bb5c0ae04 - - default default] Successfully bumped revision number for resource c9538061-5d17-4070-bdde-f43d3f05ad69 (type: security_group_rules) to 0
2026-06-26 04:47:28.795 10 INFO neutron.db.ovn_revision_numbers_db [None req-5426043a-824f-48cf-9724-c5c09a9ac236 c580fc6b086443a6a06a5b9a8c9a3966 dc100e39821c4ca0b2682d2bb5c0ae04 - - default default] Successfully bumped revision number for resource e4fbfafe-5063-4819-b275-746692b52b29 (type: security_group_rules) to 0
2026-06-26 04:47:28.839 11 INFO neutron.db.ovn_revision_numbers_db [None req-c2750e4f-a226-4c28-99e5-c154193b47c9 5952b64a96894d93a9556c31170db504 035df0bfb6484afda99f8152c19947b9 - - default default] Successfully bumped revision number for resource 088c71ab-717a-408c-ab86-d3e3911f2dfa (type: ports) to 2
2026-06-26 04:47:28.853 11 INFO neutron.db.ovn_revision_numbers_db [None req-613d7407-a003-4b0d-8674-a92ecaec3578 68c8230c72264247a3eaf9da9884f732 de8ea1bbf4d54322a8326932e6365168 - - default default] Successfully bumped revision number for resource df2b439e-12e7-4b35-9705-318660c33f0f (type: ports) to 2
2026-06-26 04:47:28.864 11 INFO neutron.wsgi [None req-613d7407-a003-4b0d-8674-a92ecaec3578 68c8230c72264247a3eaf9da9884f732 de8ea1bbf4d54322a8326932e6365168 - - default default] 10.0.0.211 "PUT /v2.0/ports/df2b439e-12e7-4b35-9705-318660c33f0f HTTP/1.1" status: 200 len: 946 time: 0.3518012 /var/lib/openstack/lib/python3.10/site-packages/pycadf/identifier.py:71: UserWarning: Invalid uuid: neutron. To ensure interoperability, identifiers should be a valid uuid. warnings.warn(('Invalid uuid: %s. To ensure interoperability, '
2026-06-26 04:47:28.872 10 INFO neutron.db.segments_db [None req-5426043a-824f-48cf-9724-c5c09a9ac236 c580fc6b086443a6a06a5b9a8c9a3966 dc100e39821c4ca0b2682d2bb5c0ae04 - - default default] Added segment b2ef4dc1-404e-46f8-9faa-82954b740e12 of type geneve for network 356e8357-5bda-4390-aaff-759de3fe31b5
2026-06-26 04:47:28.883 11 INFO neutron.db.ovn_revision_numbers_db [None req-c2750e4f-a226-4c28-99e5-c154193b47c9 5952b64a96894d93a9556c31170db504 035df0bfb6484afda99f8152c19947b9 - - default default] Successfully bumped revision number for resource 57f744e1-3f2d-494c-a354-0a44cd06e3ae (type: subnets) to 0
2026-06-26 04:47:28.899 11 INFO neutron.wsgi [None req-c2750e4f-a226-4c28-99e5-c154193b47c9 5952b64a96894d93a9556c31170db504 035df0bfb6484afda99f8152c19947b9 - - default default] 10.0.0.211 "POST /v2.0/subnets HTTP/1.1" status: 201 len: 831 time: 1.0725880
2026-06-26 04:47:28.907 11 WARNING neutron_lib.context [None req-cffe0d95-65cd-416a-83e8-a790f0915027 5952b64a96894d93a9556c31170db504 035df0bfb6484afda99f8152c19947b9 - - default default] Method 'is_advsvc' is deprecated since 2023.2 release (neutron-lib 3.8.0) and will be removed once support for the old RBAC API policies will be removed from Neutron. Please use method 'is_service_role' instead.
2026-06-26 04:47:28.977 10 INFO neutron.wsgi [None req-6bac687c-7523-43ff-909c-18eb73e7eab8 8909f3a9171b4f06b4279eba8e331273 962f908764414c17a99d8e671512f3ae - - default default] 10.0.0.211 "DELETE /v2.0/networks/49c211ae-41ff-4f45-8b30-107bd01a6566 HTTP/1.1" status: 204 len: 168 time: 0.4253676
2026-06-26 04:47:28.987 10 WARNING neutron_lib.context [None req-615a6873-3087-4eba-b271-afbe8443e311 8909f3a9171b4f06b4279eba8e331273 962f908764414c17a99d8e671512f3ae - - default default] Method 'is_advsvc' is deprecated since 2023.2 release (neutron-lib 3.8.0) and will be removed once support for the old RBAC API policies will be removed from Neutron. Please use method 'is_service_role' instead.
2026-06-26 04:47:29.004 10 INFO neutron.db.segments_db [None req-5426043a-824f-48cf-9724-c5c09a9ac236 c580fc6b086443a6a06a5b9a8c9a3966 dc100e39821c4ca0b2682d2bb5c0ae04 - - default default] Added segment 10e2540a-abe1-4c21-9167-2cddc4efa579 of type geneve for network b47484c2-75c9-43ed-888a-fb84d3f5c373
2026-06-26 04:47:29.076 10 INFO neutron.db.segments_db [None req-615a6873-3087-4eba-b271-afbe8443e311 8909f3a9171b4f06b4279eba8e331273 962f908764414c17a99d8e671512f3ae - - default default] Added segment 23862ac7-8bf6-4c85-a524-e373fdefb2b7 of type geneve for network e78eaadf-f8ec-44ee-975e-884f7b196861
2026-06-26 04:47:29.127 11 INFO neutron.wsgi [None req-569f2c62-1779-47b9-a74e-7e4225ca1250 68c8230c72264247a3eaf9da9884f732 de8ea1bbf4d54322a8326932e6365168 - - default default] 10.0.0.211 "DELETE /v2.0/ports/df2b439e-12e7-4b35-9705-318660c33f0f HTTP/1.1" status: 204 len: 168 time: 0.2586575
2026-06-26 04:47:29.193 11 WARNING neutron.scheduler.dhcp_agent_scheduler [None req-cffe0d95-65cd-416a-83e8-a790f0915027 5952b64a96894d93a9556c31170db504 035df0bfb6484afda99f8152c19947b9 - - default default] No more DHCP agents
2026-06-26 04:47:29.195 11 WARNING neutron.api.rpc.agentnotifiers.dhcp_rpc_agent_api [None req-cffe0d95-65cd-416a-83e8-a790f0915027 5952b64a96894d93a9556c31170db504 035df0bfb6484afda99f8152c19947b9 - - default default] Unable to schedule network d9c24e3e-5682-4326-bbaa-79c111fe7556: no agents available; will retry on subsequent port and subnet creation events.
2026-06-26 04:47:29.195 10 WARNING neutron.plugins.ml2.drivers.ovn.mech_driver.ovsdb.ovn_client [None req-f81445b7-0796-430c-8397-97ef11356779 - - - - - -] No port found with ID 24f9dfdd-8ac9-4be8-89b2-d10e74739d8e: RuntimeError: No port found with ID 24f9dfdd-8ac9-4be8-89b2-d10e74739d8e
2026-06-26 04:47:29.196 10 INFO neutron.plugins.ml2.drivers.ovn.mech_driver.mech_driver [None req-f81445b7-0796-430c-8397-97ef11356779 - - - - - -] OVN reports status down for port: df2b439e-12e7-4b35-9705-318660c33f0f
2026-06-26 04:47:29.217 10 INFO neutron.db.ovn_revision_numbers_db [None req-5426043a-824f-48cf-9724-c5c09a9ac236 c580fc6b086443a6a06a5b9a8c9a3966 dc100e39821c4ca0b2682d2bb5c0ae04 - - default default] Successfully bumped revision number for resource 356e8357-5bda-4390-aaff-759de3fe31b5 (type: networks) to 1
2026-06-26 04:47:29.229 11 INFO neutron.db.ovn_revision_numbers_db [None req-cffe0d95-65cd-416a-83e8-a790f0915027 5952b64a96894d93a9556c31170db504 035df0bfb6484afda99f8152c19947b9 - - default default] Successfully bumped revision number for resource 3cf84e4d-6c62-41b4-8729-011643c0d1bd (type: subnets) to 0
2026-06-26 04:47:29.242 11 INFO neutron.wsgi [None req-cffe0d95-65cd-416a-83e8-a790f0915027 5952b64a96894d93a9556c31170db504 035df0bfb6484afda99f8152c19947b9 - - default default] 10.0.0.211 "POST /v2.0/subnets HTTP/1.1" status: 201 len: 904 time: 0.3384240
2026-06-26 04:47:29.252 11 WARNING neutron_lib.context [None req-8f9d75de-479f-464e-9856-f65c31fb5ef2 5952b64a96894d93a9556c31170db504 035df0bfb6484afda99f8152c19947b9 - - default default] Method 'is_advsvc' is deprecated since 2023.2 release (neutron-lib 3.8.0) and will be removed once support for the old RBAC API policies will be removed from Neutron. Please use method 'is_service_role' instead.
2026-06-26 04:47:29.314 10 INFO neutron.wsgi [None req-263085df-30d6-4ae3-a37a-ac897587bb25 68c8230c72264247a3eaf9da9884f732 de8ea1bbf4d54322a8326932e6365168 - - default default] 10.0.0.211 "GET /v2.0/ports HTTP/1.1" status: 200 len: 1729 time: 0.1817296
2026-06-26 04:47:29.337 11 INFO neutron.pecan_wsgi.hooks.translation [None req-0241692d-87ab-465a-a7b4-05f9fc6a0a4c 68c8230c72264247a3eaf9da9884f732 de8ea1bbf4d54322a8326932e6365168 - - default default] GET failed (client error): The resource could not be found.
2026-06-26 04:47:29.338 11 INFO neutron.wsgi [None req-0241692d-87ab-465a-a7b4-05f9fc6a0a4c 68c8230c72264247a3eaf9da9884f732 de8ea1bbf4d54322a8326932e6365168 - - default default] 10.0.0.211 "GET /v2.0/ports/df2b439e-12e7-4b35-9705-318660c33f0f HTTP/1.1" status: 404 len: 333 time: 0.0173542
2026-06-26 04:47:29.353 10 INFO neutron.db.ovn_revision_numbers_db [None req-615a6873-3087-4eba-b271-afbe8443e311 8909f3a9171b4f06b4279eba8e331273 962f908764414c17a99d8e671512f3ae - - default default] Successfully bumped revision number for resource e78eaadf-f8ec-44ee-975e-884f7b196861 (type: networks) to 1
2026-06-26 04:47:29.402 10 INFO neutron.wsgi [None req-2682f3bd-243e-43cf-a4fa-ff8a3e437d41 68c8230c72264247a3eaf9da9884f732 de8ea1bbf4d54322a8326932e6365168 - - default default] 10.0.0.211 "GET /v2.0/ports HTTP/1.1" status: 200 len: 1729 time: 0.0568361
2026-06-26 04:47:29.464 10 INFO neutron.wsgi [None req-778a402a-b879-4827-891a-d92920556568 68c8230c72264247a3eaf9da9884f732 de8ea1bbf4d54322a8326932e6365168 - - default default] 10.0.0.211 "GET /v2.0/ports/4ea24a91-c90f-4b8c-96db-ea044aab3ec2 HTTP/1.1" status: 200 len: 969 time: 0.0532472
2026-06-26 04:47:29.487 11 INFO neutron.pecan_wsgi.hooks.translation [None req-719d8cf5-4b21-448c-af53-553767218000 68c8230c72264247a3eaf9da9884f732 de8ea1bbf4d54322a8326932e6365168 - - default default] DELETE failed (client error): The resource could not be found.
2026-06-26 04:47:29.489 11 INFO neutron.wsgi [None req-719d8cf5-4b21-448c-af53-553767218000 68c8230c72264247a3eaf9da9884f732 de8ea1bbf4d54322a8326932e6365168 - - default default] 10.0.0.211 "DELETE /v2.0/ports/7d8ac669-7a6a-4e84-98e0-236e0895dfb7 HTTP/1.1" status: 404 len: 333 time: 0.0175972
2026-06-26 04:47:29.522 10 INFO neutron.pecan_wsgi.hooks.translation [None req-d9468d06-29ee-449a-8b00-831895ac5ce4 68c8230c72264247a3eaf9da9884f732 de8ea1bbf4d54322a8326932e6365168 - - default default] DELETE failed (client error): The resource could not be found.
2026-06-26 04:47:29.524 10 INFO neutron.wsgi [None req-d9468d06-29ee-449a-8b00-831895ac5ce4 68c8230c72264247a3eaf9da9884f732 de8ea1bbf4d54322a8326932e6365168 - - default default] 10.0.0.211 "DELETE /v2.0/subnets/738ad5e9-5946-42a7-b14e-c2795df3a952 HTTP/1.1" status: 404 len: 337 time: 0.0302999
2026-06-26 04:47:29.548 10 WARNING neutron.scheduler.dhcp_agent_scheduler [None req-5426043a-824f-48cf-9724-c5c09a9ac236 c580fc6b086443a6a06a5b9a8c9a3966 dc100e39821c4ca0b2682d2bb5c0ae04 - - default default] No more DHCP agents
2026-06-26 04:47:29.548 11 INFO neutron.pecan_wsgi.hooks.translation [None req-9b8d3853-5d66-4e77-b332-ccc8d0c12f8a 68c8230c72264247a3eaf9da9884f732 de8ea1bbf4d54322a8326932e6365168 - - default default] DELETE failed (client error): The resource could not be found.
2026-06-26 04:47:29.550 11 INFO neutron.wsgi [None req-9b8d3853-5d66-4e77-b332-ccc8d0c12f8a 68c8230c72264247a3eaf9da9884f732 de8ea1bbf4d54322a8326932e6365168 - - default default] 10.0.0.211 "DELETE /v2.0/subnets/dc72b975-deda-4992-97c4-6331c66413e9 HTTP/1.1" status: 404 len: 337 time: 0.0191531
2026-06-26 04:47:29.552 10 WARNING neutron.api.rpc.agentnotifiers.dhcp_rpc_agent_api [None req-5426043a-824f-48cf-9724-c5c09a9ac236 c580fc6b086443a6a06a5b9a8c9a3966 dc100e39821c4ca0b2682d2bb5c0ae04 - - default default] Unable to schedule network 356e8357-5bda-4390-aaff-759de3fe31b5: no agents available; will retry on subsequent port and subnet creation events.
2026-06-26 04:47:29.626 10 WARNING neutron.scheduler.dhcp_agent_scheduler [None req-615a6873-3087-4eba-b271-afbe8443e311 8909f3a9171b4f06b4279eba8e331273 962f908764414c17a99d8e671512f3ae - - default default] No more DHCP agents
2026-06-26 04:47:29.632 10 WARNING neutron.api.rpc.agentnotifiers.dhcp_rpc_agent_api [None req-615a6873-3087-4eba-b271-afbe8443e311 8909f3a9171b4f06b4279eba8e331273 962f908764414c17a99d8e671512f3ae - - default default] Unable to schedule network e78eaadf-f8ec-44ee-975e-884f7b196861: no agents available; will retry on subsequent port and subnet creation events.
2026-06-26 04:47:29.682 10 INFO neutron.db.ovn_revision_numbers_db [None req-5426043a-824f-48cf-9724-c5c09a9ac236 c580fc6b086443a6a06a5b9a8c9a3966 dc100e39821c4ca0b2682d2bb5c0ae04 - - default default] Successfully bumped revision number for resource 34c196be-9e11-41fe-9f16-8346a580dd35 (type: ports) to 1
2026-06-26 04:47:29.771 10 INFO neutron.db.ovn_revision_numbers_db [None req-615a6873-3087-4eba-b271-afbe8443e311 8909f3a9171b4f06b4279eba8e331273 962f908764414c17a99d8e671512f3ae - - default default] Successfully bumped revision number for resource 587bcd9c-1821-46a7-b50e-56c3c584fd16 (type: ports) to 1
2026-06-26 04:47:29.788 11 WARNING neutron.scheduler.dhcp_agent_scheduler [None req-8f9d75de-479f-464e-9856-f65c31fb5ef2 5952b64a96894d93a9556c31170db504 035df0bfb6484afda99f8152c19947b9 - - default default] No more DHCP agents
2026-06-26 04:47:29.789 10 INFO neutron.db.ovn_revision_numbers_db [None req-5426043a-824f-48cf-9724-c5c09a9ac236 c580fc6b086443a6a06a5b9a8c9a3966 dc100e39821c4ca0b2682d2bb5c0ae04 - - default default] Successfully bumped revision number for resource b47484c2-75c9-43ed-888a-fb84d3f5c373 (type: networks) to 1
2026-06-26 04:47:29.792 11 WARNING neutron.api.rpc.agentnotifiers.dhcp_rpc_agent_api [None req-8f9d75de-479f-464e-9856-f65c31fb5ef2 5952b64a96894d93a9556c31170db504 035df0bfb6484afda99f8152c19947b9 - - default default] Unable to schedule network 343a9edb-8ec8-4aef-b6e3-8eda2ecc2105: no agents available; will retry on subsequent port and subnet creation events.
2026-06-26 04:47:29.804 10 INFO neutron.wsgi [None req-615a6873-3087-4eba-b271-afbe8443e311 8909f3a9171b4f06b4279eba8e331273 962f908764414c17a99d8e671512f3ae - - default default] 10.0.0.211 "POST /v2.0/networks HTTP/1.1" status: 201 len: 832 time: 0.8207958
2026-06-26 04:47:29.816 11 WARNING neutron_lib.context [None req-42f22872-4ff9-4f4a-8bdf-caa9a8384b8f 8909f3a9171b4f06b4279eba8e331273 962f908764414c17a99d8e671512f3ae - - default default] Method 'is_advsvc' is deprecated since 2023.2 release (neutron-lib 3.8.0) and will be removed once support for the old RBAC API policies will be removed from Neutron. Please use method 'is_service_role' instead.
2026-06-26 04:47:29.888 11 INFO neutron.wsgi [None req-d5d7a623-d520-4722-a677-2b82d934c8fe 68c8230c72264247a3eaf9da9884f732 de8ea1bbf4d54322a8326932e6365168 - - default default] 10.0.0.211 "DELETE /v2.0/ports/4ea24a91-c90f-4b8c-96db-ea044aab3ec2 HTTP/1.1" status: 204 len: 168 time: 0.3314793
2026-06-26 04:47:29.991 10 WARNING neutron.scheduler.dhcp_agent_scheduler [None req-5426043a-824f-48cf-9724-c5c09a9ac236 c580fc6b086443a6a06a5b9a8c9a3966 dc100e39821c4ca0b2682d2bb5c0ae04 - - default default] No more DHCP agents
2026-06-26 04:47:29.993 10 WARNING neutron.api.rpc.agentnotifiers.dhcp_rpc_agent_api [None req-5426043a-824f-48cf-9724-c5c09a9ac236 c580fc6b086443a6a06a5b9a8c9a3966 dc100e39821c4ca0b2682d2bb5c0ae04 - - default default] Unable to schedule network b47484c2-75c9-43ed-888a-fb84d3f5c373: no agents available; will retry on subsequent port and subnet creation events.
2026-06-26 04:47:30.101 10 INFO neutron.db.ovn_revision_numbers_db [None req-5426043a-824f-48cf-9724-c5c09a9ac236 c580fc6b086443a6a06a5b9a8c9a3966 dc100e39821c4ca0b2682d2bb5c0ae04 - - default default] Successfully bumped revision number for resource 68a4ee69-9e30-45f3-90eb-e67735228a51 (type: ports) to 1
2026-06-26 04:47:30.124 10 INFO neutron.wsgi [None req-5426043a-824f-48cf-9724-c5c09a9ac236 c580fc6b086443a6a06a5b9a8c9a3966 dc100e39821c4ca0b2682d2bb5c0ae04 - - default default] 10.0.0.211 "POST /v2.0/networks HTTP/1.1" status: 201 len: 1445 time: 1.7714117
2026-06-26 04:47:30.203 11 INFO neutron.db.ovn_revision_numbers_db [None req-8f9d75de-479f-464e-9856-f65c31fb5ef2 5952b64a96894d93a9556c31170db504 035df0bfb6484afda99f8152c19947b9 - - default default] Successfully bumped revision number for resource dc1e0f57-d607-41f4-8de7-f38b535bdae5 (type: ports) to 1
2026-06-26 04:47:30.249 10 INFO neutron.wsgi [None req-11ff9612-f0b9-4f5b-86a6-22dc39033b80 c580fc6b086443a6a06a5b9a8c9a3966 dc100e39821c4ca0b2682d2bb5c0ae04 - - default default] 10.0.0.211 "GET /v2.0/networks HTTP/1.1" status: 200 len: 2051 time: 0.1206255
2026-06-26 04:47:30.332 11 WARNING neutron.scheduler.dhcp_agent_scheduler [None req-42f22872-4ff9-4f4a-8bdf-caa9a8384b8f 8909f3a9171b4f06b4279eba8e331273 962f908764414c17a99d8e671512f3ae - - default default] No more DHCP agents
2026-06-26 04:47:30.335 11 WARNING neutron.api.rpc.agentnotifiers.dhcp_rpc_agent_api [None req-42f22872-4ff9-4f4a-8bdf-caa9a8384b8f 8909f3a9171b4f06b4279eba8e331273 962f908764414c17a99d8e671512f3ae - - default default] Unable to schedule network e78eaadf-f8ec-44ee-975e-884f7b196861: no agents available; will retry on subsequent port and subnet creation events.
2026-06-26 04:47:30.369 11 INFO neutron.db.ovn_revision_numbers_db [None req-42f22872-4ff9-4f4a-8bdf-caa9a8384b8f 8909f3a9171b4f06b4279eba8e331273 962f908764414c17a99d8e671512f3ae - - default default] Successfully bumped revision number for resource 16e13a4c-958c-437a-8ab3-b35190ba7952 (type: subnets) to 0
2026-06-26 04:47:30.386 10 INFO neutron.wsgi [None req-d439a9a4-c895-49db-9e24-a39d6a93f050 68c8230c72264247a3eaf9da9884f732 de8ea1bbf4d54322a8326932e6365168 - - default default] 10.0.0.211 "DELETE /v2.0/networks/55f39730-b747-4bfd-a689-303a8026d10b HTTP/1.1" status: 204 len: 168 time: 0.4933190
2026-06-26 04:47:30.402 11 INFO neutron.wsgi [None req-42f22872-4ff9-4f4a-8bdf-caa9a8384b8f 8909f3a9171b4f06b4279eba8e331273 962f908764414c17a99d8e671512f3ae - - default default] 10.0.0.211 "POST /v2.0/subnets HTTP/1.1" status: 201 len: 821 time: 0.5901465
2026-06-26 04:47:30.414 11 WARNING neutron_lib.context [None req-f1377324-1bb8-474b-a328-d445812db496 8909f3a9171b4f06b4279eba8e331273 962f908764414c17a99d8e671512f3ae - - default default] Method 'is_advsvc' is deprecated since 2023.2 release (neutron-lib 3.8.0) and will be removed once support for the old RBAC API policies will be removed from Neutron. Please use method 'is_service_role' instead.
2026-06-26 04:47:30.500 11 WARNING neutron.plugins.ml2.drivers.ovn.mech_driver.ovsdb.ovn_client [None req-f217a9be-5b29-464f-9a5a-5afee2642517 - - - - - -] No port found with ID f161af38-370c-46ca-b668-5cd33d3eba9d: RuntimeError: No port found with ID f161af38-370c-46ca-b668-5cd33d3eba9d
2026-06-26 04:47:30.534 10 INFO neutron.services.segments.plugin [-] Segment 8d28e257-b7fe-44f2-b91a-16ecc5b9e5aa resource provider aggregate not found
2026-06-26 04:47:30.540 10 INFO neutron.services.segments.plugin [-] Segment 8d28e257-b7fe-44f2-b91a-16ecc5b9e5aa resource provider aggregate not found
2026-06-26 04:47:30.554 10 INFO neutron.services.segments.plugin [-] Segment 8d28e257-b7fe-44f2-b91a-16ecc5b9e5aa resource provider not found; error: Placement Client Error (4xx): {"errors": [{"status": 404, "title": "Not Found", "detail": "The resource could not be found.\n\n No resource provider with uuid 8d28e257-b7fe-44f2-b91a-16ecc5b9e5aa found for delete ", "request_id": "req-66ff7bef-b8f2-45d8-9cef-5a9b2d2b9dff"}]}
2026-06-26 04:47:30.560 10 INFO neutron.services.segments.plugin [-] Segment 8d28e257-b7fe-44f2-b91a-16ecc5b9e5aa resource provider not found; error: Placement Client Error (4xx): {"errors": [{"status": 404, "title": "Not Found", "detail": "The resource could not be found.\n\n No resource provider with uuid 8d28e257-b7fe-44f2-b91a-16ecc5b9e5aa found for delete ", "request_id": "req-0c45b3d8-5298-46a3-b82e-40a75343b0e3"}]}
2026-06-26 04:47:30.569 10 INFO neutron.services.segments.plugin [-] Segment 26aa1fe0-aee1-49c1-989c-714e92420f1e resource provider aggregate not found
2026-06-26 04:47:30.577 10 INFO neutron.services.segments.plugin [-] Segment 26aa1fe0-aee1-49c1-989c-714e92420f1e resource provider aggregate not found
2026-06-26 04:47:30.584 10 INFO neutron.services.segments.plugin [-] Segment 26aa1fe0-aee1-49c1-989c-714e92420f1e resource provider not found; error: Placement Client Error (4xx): {"errors": [{"status": 404, "title": "Not Found", "detail": "The resource could not be found.\n\n No resource provider with uuid 26aa1fe0-aee1-49c1-989c-714e92420f1e found for delete ", "request_id": "req-8d5af81f-1401-4dd2-aebc-86b3ea7ec728"}]}
2026-06-26 04:47:30.598 10 INFO neutron.services.segments.plugin [-] Segment 26aa1fe0-aee1-49c1-989c-714e92420f1e resource provider not found; error: Placement Client Error (4xx): {"errors": [{"status": 404, "title": "Not Found", "detail": "The resource could not be found.\n\n No resource provider with uuid 26aa1fe0-aee1-49c1-989c-714e92420f1e found for delete ", "request_id": "req-939ca1be-fe0e-45e4-a16c-7daf3748e212"}]}
2026-06-26 04:47:30.615 11 INFO neutron.db.ovn_revision_numbers_db [None req-f1377324-1bb8-474b-a328-d445812db496 8909f3a9171b4f06b4279eba8e331273 962f908764414c17a99d8e671512f3ae - - default default] Successfully bumped revision number for resource 2ad8001b-f3e6-4e27-8c93-1db39cfc33e9 (type: routers) to 1
2026-06-26 04:47:30.639 11 INFO neutron.wsgi [None req-f1377324-1bb8-474b-a328-d445812db496 8909f3a9171b4f06b4279eba8e331273 962f908764414c17a99d8e671512f3ae - - default default] 10.0.0.211 "POST /v2.0/routers HTTP/1.1" status: 201 len: 690 time: 0.2302027
2026-06-26 04:47:30.648 11 WARNING neutron_lib.context [None req-d3aa3cc9-21e4-4f0c-96fa-f685934b1aa6 8909f3a9171b4f06b4279eba8e331273 962f908764414c17a99d8e671512f3ae - - default default] Method 'is_advsvc' is deprecated since 2023.2 release (neutron-lib 3.8.0) and will be removed once support for the old RBAC API policies will be removed from Neutron. Please use method 'is_service_role' instead.
2026-06-26 04:47:30.905 10 INFO neutron.wsgi [None req-a4636629-6547-477c-9449-5f7899a0fdae c580fc6b086443a6a06a5b9a8c9a3966 dc100e39821c4ca0b2682d2bb5c0ae04 - - default default] 10.0.0.211 "DELETE /v2.0/networks/356e8357-5bda-4390-aaff-759de3fe31b5 HTTP/1.1" status: 204 len: 168 time: 0.6508281
2026-06-26 04:47:30.975 10 INFO neutron.plugins.ml2.drivers.ovn.mech_driver.ovsdb.ovsdb_monitor [None req-b1537d26-9290-4c0d-aad2-c395af22659f - - - - - -] Router b1ab73ab-a985-4964-b834-a229b85c7400 is bound to host instance
2026-06-26 04:47:30.986 11 INFO neutron.plugins.ml2.drivers.ovn.mech_driver.mech_driver [None req-f217a9be-5b29-464f-9a5a-5afee2642517 - - - - - -] OVN reports status up for port: dc1e0f57-d607-41f4-8de7-f38b535bdae5
2026-06-26 04:47:31.018 11 INFO neutron.plugins.ml2.plugin [None req-f217a9be-5b29-464f-9a5a-5afee2642517 - - - - - -] Attempt 1 to provision port dc1e0f57-d607-41f4-8de7-f38b535bdae5
2026-06-26 04:47:31.060 11 INFO neutron.db.ovn_revision_numbers_db [None req-8f9d75de-479f-464e-9856-f65c31fb5ef2 5952b64a96894d93a9556c31170db504 035df0bfb6484afda99f8152c19947b9 - - default default] Successfully bumped revision number for resource dc1e0f57-d607-41f4-8de7-f38b535bdae5 (type: router_ports) to 1
2026-06-26 04:47:31.140 10 INFO neutron.wsgi [None req-6c26a294-afd8-49ff-acd8-46bafb69c45a 0f19afc84ac44417a7a52e56bdcd6b44 35178ba0f0ad412f91ef319bf0c23b38 - - default default] 10.0.0.211 "GET /v2.0/security-groups?tenant_id=de8ea1bbf4d54322a8326932e6365168&name=default HTTP/1.1" status: 200 len: 2996 time: 0.1876869
2026-06-26 04:47:31.160 11 WARNING neutron.scheduler.dhcp_agent_scheduler [None req-d3aa3cc9-21e4-4f0c-96fa-f685934b1aa6 8909f3a9171b4f06b4279eba8e331273 962f908764414c17a99d8e671512f3ae - - default default] No more DHCP agents
2026-06-26 04:47:31.166 11 WARNING neutron.api.rpc.agentnotifiers.dhcp_rpc_agent_api [None req-d3aa3cc9-21e4-4f0c-96fa-f685934b1aa6 8909f3a9171b4f06b4279eba8e331273 962f908764414c17a99d8e671512f3ae - - default default] Unable to schedule network e78eaadf-f8ec-44ee-975e-884f7b196861: no agents available; will retry on subsequent port and subnet creation events.
2026-06-26 04:47:31.193 11 INFO neutron.db.ovn_revision_numbers_db [None req-8f9d75de-479f-464e-9856-f65c31fb5ef2 5952b64a96894d93a9556c31170db504 035df0bfb6484afda99f8152c19947b9 - - default default] Successfully bumped revision number for resource b1ab73ab-a985-4964-b834-a229b85c7400 (type: routers) to 2
2026-06-26 04:47:31.220 11 INFO neutron.wsgi [None req-8f9d75de-479f-464e-9856-f65c31fb5ef2 5952b64a96894d93a9556c31170db504 035df0bfb6484afda99f8152c19947b9 - - default default] 10.0.0.211 "POST /v2.0/routers HTTP/1.1" status: 201 len: 865 time: 1.9732413
2026-06-26 04:47:31.292 11 INFO neutron.db.ovn_revision_numbers_db [None req-d3aa3cc9-21e4-4f0c-96fa-f685934b1aa6 8909f3a9171b4f06b4279eba8e331273 962f908764414c17a99d8e671512f3ae - - default default] Successfully bumped revision number for resource 09698306-0a3b-4ab5-9687-aa63540da7cd (type: ports) to 1
2026-06-26 04:47:31.315 11 INFO neutron.wsgi [None req-d3aa3cc9-21e4-4f0c-96fa-f685934b1aa6 8909f3a9171b4f06b4279eba8e331273 962f908764414c17a99d8e671512f3ae - - default default] 10.0.0.211 "POST /v2.0/ports HTTP/1.1" status: 201 len: 1162 time: 0.6718395 /var/lib/openstack/lib/python3.10/site-packages/pycadf/identifier.py:71: UserWarning: Invalid uuid: neutron. To ensure interoperability, identifiers should be a valid uuid. warnings.warn(('Invalid uuid: %s. To ensure interoperability, '
2026-06-26 04:47:31.598 10 INFO neutron.wsgi [None req-1d9eb2f3-ff1d-434c-9d21-280f2d460b36 c580fc6b086443a6a06a5b9a8c9a3966 dc100e39821c4ca0b2682d2bb5c0ae04 - - default default] 10.0.0.211 "DELETE /v2.0/networks/b47484c2-75c9-43ed-888a-fb84d3f5c373 HTTP/1.1" status: 204 len: 168 time: 0.6872144
2026-06-26 04:47:31.690 11 INFO neutron.wsgi [None req-2813ac9d-c1ab-4e9b-8433-42b92262b783 c580fc6b086443a6a06a5b9a8c9a3966 dc100e39821c4ca0b2682d2bb5c0ae04 - - default default] 10.0.0.211 "GET /v2.0/networks HTTP/1.1" status: 200 len: 845 time: 0.0854623
2026-06-26 04:47:31.703 10 WARNING neutron_lib.context [None req-87457feb-6760-48a9-9558-68a4dbf71929 c580fc6b086443a6a06a5b9a8c9a3966 dc100e39821c4ca0b2682d2bb5c0ae04 - - default default] Method 'is_advsvc' is deprecated since 2023.2 release (neutron-lib 3.8.0) and will be removed once support for the old RBAC API policies will be removed from Neutron. Please use method 'is_service_role' instead.
2026-06-26 04:47:31.731 10 INFO neutron.wsgi [None req-007f3759-0570-47ee-9d08-dfa2c8573517 0f19afc84ac44417a7a52e56bdcd6b44 35178ba0f0ad412f91ef319bf0c23b38 - - default default] 10.0.0.211 "DELETE /v2.0/security-groups/80d50411-dd38-4162-95e5-4936b66539d0 HTTP/1.1" status: 204 len: 168 time: 0.5839581
2026-06-26 04:47:31.737 11 INFO neutron.db.ovn_revision_numbers_db [None req-4d1249b9-3e99-4362-8c14-0e6c7ff2c3d4 8909f3a9171b4f06b4279eba8e331273 962f908764414c17a99d8e671512f3ae - - default default] Successfully bumped revision number for resource 09698306-0a3b-4ab5-9687-aa63540da7cd (type: router_ports) to 2
2026-06-26 04:47:31.853 10 INFO neutron.db.segments_db [None req-87457feb-6760-48a9-9558-68a4dbf71929 c580fc6b086443a6a06a5b9a8c9a3966 dc100e39821c4ca0b2682d2bb5c0ae04 - - default default] Added segment 208bc5fc-3f9a-4568-8597-80cc4dd585bc of type geneve for network 3845d1ef-35d3-4c70-9cff-69b2827da3ec
