2026-06-26 04:13:34.201 11 INFO neutron.db.ovn_revision_numbers_db [None req-4af0858c-70c8-404d-a226-b1711023f585 0f19afc84ac44417a7a52e56bdcd6b44 35178ba0f0ad412f91ef319bf0c23b38 - - default default] Successfully bumped revision number for resource e58423b5-a495-4aa5-8a25-924a3bdf0d49 (type: subnets) to 0
2026-06-26 04:13:34.220 11 INFO neutron.wsgi [None req-4af0858c-70c8-404d-a226-b1711023f585 0f19afc84ac44417a7a52e56bdcd6b44 35178ba0f0ad412f91ef319bf0c23b38 - - default default] 199.204.45.23,10.0.0.102 "POST /v2.0/subnets HTTP/1.1" status: 201 len: 821 time: 0.8690951
2026-06-26 04:13:37.695 16 INFO neutron.plugins.ml2.drivers.ovn.mech_driver.ovsdb.extensions.qos [None req-df280c25-ad7f-4c70-8d0a-b1685f7602bf - - - - - -] Starting OVNClientQosExtension
2026-06-26 04:13:37.716 16 INFO neutron.plugins.ml2.drivers.ovn.mech_driver.ovsdb.extensions.qos [None req-df280c25-ad7f-4c70-8d0a-b1685f7602bf - - - - - -] Starting OVNClientQosExtension
2026-06-26 04:13:42.963 10 INFO neutron.wsgi [-] 10.0.0.102 "GET / HTTP/1.1" status: 200 len: 247 time: 0.0018795
2026-06-26 04:13:57.966 10 INFO neutron.wsgi [-] 10.0.0.102 "GET / HTTP/1.1" status: 200 len: 247 time: 0.0043609
2026-06-26 04:14:12.964 10 INFO neutron.wsgi [-] 10.0.0.102 "GET / HTTP/1.1" status: 200 len: 247 time: 0.0025277
2026-06-26 04:14:27.963 10 INFO neutron.wsgi [-] 10.0.0.102 "GET / HTTP/1.1" status: 200 len: 247 time: 0.0019681
2026-06-26 04:14:27.964 10 INFO neutron.wsgi [-] 10.0.0.102 "GET / HTTP/1.1" status: 200 len: 247 time: 0.0010133
2026-06-26 04:14:42.964 11 INFO neutron.wsgi [-] 10.0.0.102 "GET / HTTP/1.1" status: 200 len: 247 time: 0.0027316
2026-06-26 04:14:42.965 10 INFO neutron.wsgi [-] 10.0.0.102 "GET / HTTP/1.1" status: 200 len: 247 time: 0.0031612
2026-06-26 04:14:57.964 10 INFO neutron.wsgi [-] 10.0.0.102 "GET / HTTP/1.1" status: 200 len: 247 time: 0.0023239
2026-06-26 04:14:57.964 11 INFO neutron.wsgi [-] 10.0.0.102 "GET / HTTP/1.1" status: 200 len: 247 time: 0.0024486
2026-06-26 04:15:12.964 10 INFO neutron.wsgi [-] 10.0.0.102 "GET / HTTP/1.1" status: 200 len: 247 time: 0.0024829
2026-06-26 04:15:12.965 11 INFO neutron.wsgi [-] 10.0.0.102 "GET / HTTP/1.1" status: 200 len: 247 time: 0.0038769
2026-06-26 04:15:27.963 10 INFO neutron.wsgi [-] 10.0.0.102 "GET / HTTP/1.1" status: 200 len: 247 time: 0.0017359
2026-06-26 04:15:27.965 11 INFO neutron.wsgi [-] 10.0.0.102 "GET / HTTP/1.1" status: 200 len: 247 time: 0.0032730
2026-06-26 04:15:42.962 10 INFO neutron.wsgi [-] 10.0.0.102 "GET / HTTP/1.1" status: 200 len: 247 time: 0.0014720
2026-06-26 04:15:42.965 10 INFO neutron.wsgi [-] 10.0.0.102 "GET / HTTP/1.1" status: 200 len: 247 time: 0.0022049
2026-06-26 04:15:57.963 11 INFO neutron.wsgi [-] 10.0.0.102 "GET / HTTP/1.1" status: 200 len: 247 time: 0.0023222
2026-06-26 04:15:57.965 10 INFO neutron.wsgi [-] 10.0.0.102 "GET / HTTP/1.1" status: 200 len: 247 time: 0.0033066
2026-06-26 04:16:12.963 11 INFO neutron.wsgi [-] 10.0.0.102 "GET / HTTP/1.1" status: 200 len: 247 time: 0.0017238
2026-06-26 04:16:12.964 10 INFO neutron.wsgi [-] 10.0.0.102 "GET / HTTP/1.1" status: 200 len: 247 time: 0.0024579
2026-06-26 04:16:27.962 11 INFO neutron.wsgi [-] 10.0.0.102 "GET / HTTP/1.1" status: 200 len: 247 time: 0.0014763
2026-06-26 04:16:27.963 10 INFO neutron.wsgi [-] 10.0.0.102 "GET / HTTP/1.1" status: 200 len: 247 time: 0.0018835
2026-06-26 04:16:42.962 11 INFO neutron.wsgi [-] 10.0.0.102 "GET / HTTP/1.1" status: 200 len: 247 time: 0.0019734
2026-06-26 04:16:42.963 10 INFO neutron.wsgi [-] 10.0.0.102 "GET / HTTP/1.1" status: 200 len: 247 time: 0.0026040
2026-06-26 04:16:57.962 10 INFO neutron.wsgi [-] 10.0.0.102 "GET / HTTP/1.1" status: 200 len: 247 time: 0.0016260
2026-06-26 04:16:57.963 11 INFO neutron.wsgi [-] 10.0.0.102 "GET / HTTP/1.1" status: 200 len: 247 time: 0.0027006
2026-06-26 04:17:12.962 10 INFO neutron.wsgi [-] 10.0.0.102 "GET / HTTP/1.1" status: 200 len: 247 time: 0.0016687
2026-06-26 04:17:12.965 10 INFO neutron.wsgi [-] 10.0.0.102 "GET / HTTP/1.1" status: 200 len: 247 time: 0.0021629
2026-06-26 04:17:27.966 11 INFO neutron.wsgi [-] 10.0.0.102 "GET / HTTP/1.1" status: 200 len: 247 time: 0.0050712
2026-06-26 04:17:27.968 11 INFO neutron.wsgi [-] 10.0.0.102 "GET / HTTP/1.1" status: 200 len: 247 time: 0.0013931
2026-06-26 04:17:42.964 11 INFO neutron.wsgi [-] 10.0.0.102 "GET / HTTP/1.1" status: 200 len: 247 time: 0.0022423
2026-06-26 04:17:42.964 10 INFO neutron.wsgi [-] 10.0.0.102 "GET / HTTP/1.1" status: 200 len: 247 time: 0.0030472
2026-06-26 04:17:57.962 11 INFO neutron.wsgi [-] 10.0.0.102 "GET / HTTP/1.1" status: 200 len: 247 time: 0.0017681
2026-06-26 04:17:57.962 10 INFO neutron.wsgi [-] 10.0.0.102 "GET / HTTP/1.1" status: 200 len: 247 time: 0.0017655 /var/lib/openstack/lib/python3.10/site-packages/memcache.py:1303: SyntaxWarning: "is" with a literal. Did you mean "=="? if key is '': /var/lib/openstack/lib/python3.10/site-packages/memcache.py:1304: SyntaxWarning: "is" with a literal. Did you mean "=="? if key_extra_len is 0: /var/lib/openstack/lib/python3.10/site-packages/pycadf/identifier.py:71: UserWarning: Invalid uuid: unknown. To ensure interoperability, identifiers should be a valid uuid. warnings.warn(('Invalid uuid: %s. To ensure interoperability, '
2026-06-26 04:18:03.525 10 INFO neutron.pecan_wsgi.hooks.translation [None req-a57e2338-73c6-4c67-be8b-2e3aa18efca5 0f19afc84ac44417a7a52e56bdcd6b44 35178ba0f0ad412f91ef319bf0c23b38 - - default default] GET failed (client error): The resource could not be found.
2026-06-26 04:18:03.527 10 INFO neutron.wsgi [None req-a57e2338-73c6-4c67-be8b-2e3aa18efca5 0f19afc84ac44417a7a52e56bdcd6b44 35178ba0f0ad412f91ef319bf0c23b38 - - default default] 199.204.45.23,10.0.0.102 "GET /v2.0/networks/lb-mgmt-net HTTP/1.1" status: 404 len: 295 time: 0.6339073
2026-06-26 04:18:03.547 10 INFO neutron.wsgi [None req-3d76bd16-3b0b-4127-a731-550beaf221af 0f19afc84ac44417a7a52e56bdcd6b44 35178ba0f0ad412f91ef319bf0c23b38 - - default default] 199.204.45.23,10.0.0.102 "GET /v2.0/networks?name=lb-mgmt-net HTTP/1.1" status: 200 len: 189 time: 0.0151937
2026-06-26 04:18:03.689 10 WARNING oslo_policy.policy [None req-8a534673-4df3-44e4-a260-d5b0f29f23df 0f19afc84ac44417a7a52e56bdcd6b44 35178ba0f0ad412f91ef319bf0c23b38 - - default default] Policies ['get_subnets_tags'] reference a rule that is not defined.
2026-06-26 04:18:03.809 10 INFO neutron.db.segments_db [None req-8a534673-4df3-44e4-a260-d5b0f29f23df 0f19afc84ac44417a7a52e56bdcd6b44 35178ba0f0ad412f91ef319bf0c23b38 - - default default] Added segment 3e523f76-9630-467d-996f-25f04f370661 of type geneve for network ffb999f5-8543-4a8c-aa7d-970de48fcb5b
2026-06-26 04:18:03.915 10 INFO neutron.plugins.ml2.drivers.ovn.mech_driver.ovsdb.extensions.qos [None req-8a534673-4df3-44e4-a260-d5b0f29f23df 0f19afc84ac44417a7a52e56bdcd6b44 35178ba0f0ad412f91ef319bf0c23b38 - - default default] Starting OVNClientQosExtension
2026-06-26 04:18:03.916 10 INFO neutron.plugins.ml2.drivers.ovn.mech_driver.ovsdb.extensions.placement [None req-8a534673-4df3-44e4-a260-d5b0f29f23df 0f19afc84ac44417a7a52e56bdcd6b44 35178ba0f0ad412f91ef319bf0c23b38 - - default default] Starting OVNClientPlacementExtension
2026-06-26 04:18:04.032 10 INFO neutron.db.ovn_revision_numbers_db [None req-8a534673-4df3-44e4-a260-d5b0f29f23df 0f19afc84ac44417a7a52e56bdcd6b44 35178ba0f0ad412f91ef319bf0c23b38 - - default default] Successfully bumped revision number for resource ffb999f5-8543-4a8c-aa7d-970de48fcb5b (type: networks) to 1
2026-06-26 04:18:04.212 10 WARNING neutron.scheduler.dhcp_agent_scheduler [None req-8a534673-4df3-44e4-a260-d5b0f29f23df 0f19afc84ac44417a7a52e56bdcd6b44 35178ba0f0ad412f91ef319bf0c23b38 - - default default] No more DHCP agents
2026-06-26 04:18:04.213 10 WARNING neutron.api.rpc.agentnotifiers.dhcp_rpc_agent_api [None req-8a534673-4df3-44e4-a260-d5b0f29f23df 0f19afc84ac44417a7a52e56bdcd6b44 35178ba0f0ad412f91ef319bf0c23b38 - - default default] Unable to schedule network ffb999f5-8543-4a8c-aa7d-970de48fcb5b: no agents available; will retry on subsequent port and subnet creation events.
2026-06-26 04:18:04.328 10 INFO neutron.db.ovn_revision_numbers_db [None req-8a534673-4df3-44e4-a260-d5b0f29f23df 0f19afc84ac44417a7a52e56bdcd6b44 35178ba0f0ad412f91ef319bf0c23b38 - - default default] Successfully bumped revision number for resource 11b9d3ca-360d-48bc-b263-e23356c34988 (type: ports) to 1
2026-06-26 04:18:04.353 10 INFO neutron.wsgi [None req-8a534673-4df3-44e4-a260-d5b0f29f23df 0f19afc84ac44417a7a52e56bdcd6b44 35178ba0f0ad412f91ef319bf0c23b38 - - default default] 199.204.45.23,10.0.0.102 "POST /v2.0/networks HTTP/1.1" status: 201 len: 890 time: 0.7996922
2026-06-26 04:18:05.293 10 INFO neutron.pecan_wsgi.hooks.translation [None req-d68adefe-0848-4f3e-88d3-8dc3a449d0fb 0f19afc84ac44417a7a52e56bdcd6b44 35178ba0f0ad412f91ef319bf0c23b38 - - default default] GET failed (client error): The resource could not be found.
2026-06-26 04:18:05.295 10 INFO neutron.wsgi [None req-d68adefe-0848-4f3e-88d3-8dc3a449d0fb 0f19afc84ac44417a7a52e56bdcd6b44 35178ba0f0ad412f91ef319bf0c23b38 - - default default] 199.204.45.23,10.0.0.102 "GET /v2.0/networks/lb-mgmt-net HTTP/1.1" status: 404 len: 295 time: 0.0531707
2026-06-26 04:18:05.349 10 INFO neutron.wsgi [None req-e1c74ec9-4e7c-4779-a4af-2bb9041f5ee1 0f19afc84ac44417a7a52e56bdcd6b44 35178ba0f0ad412f91ef319bf0c23b38 - - default default] 199.204.45.23,10.0.0.102 "GET /v2.0/networks?name=lb-mgmt-net HTTP/1.1" status: 200 len: 875 time: 0.0504658
2026-06-26 04:18:05.374 10 INFO neutron.pecan_wsgi.hooks.translation [None req-d068aec8-f87b-417f-91ad-b235a7d556f1 0f19afc84ac44417a7a52e56bdcd6b44 35178ba0f0ad412f91ef319bf0c23b38 - - default default] GET failed (client error): The resource could not be found.
2026-06-26 04:18:05.376 10 INFO neutron.wsgi [None req-d068aec8-f87b-417f-91ad-b235a7d556f1 0f19afc84ac44417a7a52e56bdcd6b44 35178ba0f0ad412f91ef319bf0c23b38 - - default default] 199.204.45.23,10.0.0.102 "GET /v2.0/subnets/lb-mgmt-subnet?network_id=ffb999f5-8543-4a8c-aa7d-970de48fcb5b HTTP/1.1" status: 404 len: 296 time: 0.0202994
2026-06-26 04:18:05.395 10 INFO neutron.wsgi [None req-b2a98ae9-0c06-49fd-b499-6a247ec571fb 0f19afc84ac44417a7a52e56bdcd6b44 35178ba0f0ad412f91ef319bf0c23b38 - - default default] 199.204.45.23,10.0.0.102 "GET /v2.0/subnets?name=lb-mgmt-subnet&network_id=ffb999f5-8543-4a8c-aa7d-970de48fcb5b HTTP/1.1" status: 200 len: 188 time: 0.0166013
2026-06-26 04:18:05.572 10 WARNING neutron.scheduler.dhcp_agent_scheduler [None req-4af3c546-f892-4a31-93fa-54ed1b7fd1e5 0f19afc84ac44417a7a52e56bdcd6b44 35178ba0f0ad412f91ef319bf0c23b38 - - default default] No more DHCP agents
2026-06-26 04:18:05.574 10 WARNING neutron.api.rpc.agentnotifiers.dhcp_rpc_agent_api [None req-4af3c546-f892-4a31-93fa-54ed1b7fd1e5 0f19afc84ac44417a7a52e56bdcd6b44 35178ba0f0ad412f91ef319bf0c23b38 - - default default] Unable to schedule network ffb999f5-8543-4a8c-aa7d-970de48fcb5b: no agents available; will retry on subsequent port and subnet creation events.
2026-06-26 04:18:06.096 10 INFO neutron.db.ovn_revision_numbers_db [None req-4af3c546-f892-4a31-93fa-54ed1b7fd1e5 0f19afc84ac44417a7a52e56bdcd6b44 35178ba0f0ad412f91ef319bf0c23b38 - - default default] Successfully bumped revision number for resource 11b9d3ca-360d-48bc-b263-e23356c34988 (type: ports) to 2
2026-06-26 04:18:06.137 10 INFO neutron.db.ovn_revision_numbers_db [None req-4af3c546-f892-4a31-93fa-54ed1b7fd1e5 0f19afc84ac44417a7a52e56bdcd6b44 35178ba0f0ad412f91ef319bf0c23b38 - - default default] Successfully bumped revision number for resource 5017af9a-311e-45ff-8be1-1583c5844059 (type: subnets) to 0
2026-06-26 04:18:06.153 10 INFO neutron.wsgi [None req-4af3c546-f892-4a31-93fa-54ed1b7fd1e5 0f19afc84ac44417a7a52e56bdcd6b44 35178ba0f0ad412f91ef319bf0c23b38 - - default default] 199.204.45.23,10.0.0.102 "POST /v2.0/subnets HTTP/1.1" status: 201 len: 807 time: 0.7514007
2026-06-26 04:18:07.293 11 INFO neutron.api.v2.resource [None req-a6aed2fb-9f69-4236-8eba-414ca13ad286 0f19afc84ac44417a7a52e56bdcd6b44 35178ba0f0ad412f91ef319bf0c23b38 - - default default] show failed (client error): The resource could not be found.
2026-06-26 04:18:07.295 11 INFO neutron.wsgi [None req-a6aed2fb-9f69-4236-8eba-414ca13ad286 0f19afc84ac44417a7a52e56bdcd6b44 35178ba0f0ad412f91ef319bf0c23b38 - - default default] 199.204.45.23,10.0.0.102 "GET /v2.0/security-groups/lb-health-mgr-sec-grp HTTP/1.1" status: 404 len: 313 time: 0.0544133
2026-06-26 04:18:07.320 11 INFO neutron.wsgi [None req-67602299-c866-40ff-8e6b-201d31401963 0f19afc84ac44417a7a52e56bdcd6b44 35178ba0f0ad412f91ef319bf0c23b38 - - default default] 199.204.45.23,10.0.0.102 "GET /v2.0/security-groups?name=lb-health-mgr-sec-grp HTTP/1.1" status: 200 len: 197 time: 0.0205607
2026-06-26 04:18:07.426 11 INFO neutron.db.ovn_revision_numbers_db [None req-620e16df-1685-4d6c-82fa-d171fdbf1bca 0f19afc84ac44417a7a52e56bdcd6b44 35178ba0f0ad412f91ef319bf0c23b38 - - default default] Successfully bumped revision number for resource 6ad2b907-6999-44a6-963b-032be3cb7d40 (type: security_groups) to 1
2026-06-26 04:18:07.438 11 INFO neutron.db.ovn_revision_numbers_db [None req-620e16df-1685-4d6c-82fa-d171fdbf1bca 0f19afc84ac44417a7a52e56bdcd6b44 35178ba0f0ad412f91ef319bf0c23b38 - - default default] Successfully bumped revision number for resource 03d283bb-f7d3-46a7-b046-5140af562696 (type: security_group_rules) to 0
2026-06-26 04:18:07.450 11 INFO neutron.db.ovn_revision_numbers_db [None req-620e16df-1685-4d6c-82fa-d171fdbf1bca 0f19afc84ac44417a7a52e56bdcd6b44 35178ba0f0ad412f91ef319bf0c23b38 - - default default] Successfully bumped revision number for resource 03e51361-4907-4fc5-9278-03f816dfebdb (type: security_group_rules) to 0
2026-06-26 04:18:07.466 11 INFO neutron.wsgi [None req-620e16df-1685-4d6c-82fa-d171fdbf1bca 0f19afc84ac44417a7a52e56bdcd6b44 35178ba0f0ad412f91ef319bf0c23b38 - - default default] 199.204.45.23,10.0.0.102 "POST /v2.0/security-groups HTTP/1.1" status: 201 len: 1733 time: 0.1399720
2026-06-26 04:18:08.646 10 INFO neutron.wsgi [None req-8265a987-9255-436b-96e6-01ae03f9317e 0f19afc84ac44417a7a52e56bdcd6b44 35178ba0f0ad412f91ef319bf0c23b38 - - default default] 199.204.45.23,10.0.0.102 "GET /v2.0/security-groups/6ad2b907-6999-44a6-963b-032be3cb7d40 HTTP/1.1" status: 200 len: 1728 time: 0.0760326
2026-06-26 04:18:08.684 10 INFO neutron.wsgi [None req-d6741a80-5a80-4b60-9140-3a25e76b82b0 0f19afc84ac44417a7a52e56bdcd6b44 35178ba0f0ad412f91ef319bf0c23b38 - - default default] 199.204.45.23,10.0.0.102 "GET /v2.0/security-groups/6ad2b907-6999-44a6-963b-032be3cb7d40 HTTP/1.1" status: 200 len: 1728 time: 0.0314782
2026-06-26 04:18:08.727 10 INFO neutron.wsgi [None req-faf5ff9a-25f5-4be1-a50e-b2eb4aa6cf97 0f19afc84ac44417a7a52e56bdcd6b44 35178ba0f0ad412f91ef319bf0c23b38 - - default default] 199.204.45.23,10.0.0.102 "GET /v2.0/security-groups/6ad2b907-6999-44a6-963b-032be3cb7d40 HTTP/1.1" status: 200 len: 1728 time: 0.0369334
2026-06-26 04:18:08.863 10 INFO neutron.db.ovn_revision_numbers_db [None req-9c07a1a2-7d76-4769-b803-4868419a3a56 0f19afc84ac44417a7a52e56bdcd6b44 35178ba0f0ad412f91ef319bf0c23b38 - - default default] Successfully bumped revision number for resource d2c27b88-b1dd-4c9b-8576-3c138f6af496 (type: security_group_rules) to 0
2026-06-26 04:18:08.887 10 INFO neutron.wsgi [None req-9c07a1a2-7d76-4769-b803-4868419a3a56 0f19afc84ac44417a7a52e56bdcd6b44 35178ba0f0ad412f91ef319bf0c23b38 - - default default] 199.204.45.23,10.0.0.102 "POST /v2.0/security-group-rules HTTP/1.1" status: 201 len: 749 time: 0.1539619
2026-06-26 04:18:09.856 11 INFO neutron.wsgi [None req-f00a41e1-8832-42fa-8471-5cf068ca6b08 0f19afc84ac44417a7a52e56bdcd6b44 35178ba0f0ad412f91ef319bf0c23b38 - - default default] 199.204.45.23,10.0.0.102 "GET /v2.0/security-groups/6ad2b907-6999-44a6-963b-032be3cb7d40 HTTP/1.1" status: 200 len: 2310 time: 0.0830250
2026-06-26 04:18:09.893 11 INFO neutron.wsgi [None req-99ed448f-aa06-4d17-a358-5f4d8ea08ce9 0f19afc84ac44417a7a52e56bdcd6b44 35178ba0f0ad412f91ef319bf0c23b38 - - default default] 199.204.45.23,10.0.0.102 "GET /v2.0/security-groups/6ad2b907-6999-44a6-963b-032be3cb7d40 HTTP/1.1" status: 200 len: 2310 time: 0.0320706
2026-06-26 04:18:09.926 11 INFO neutron.wsgi [None req-d7cface5-ffe0-489d-bbad-7bdda88d1d50 0f19afc84ac44417a7a52e56bdcd6b44 35178ba0f0ad412f91ef319bf0c23b38 - - default default] 199.204.45.23,10.0.0.102 "GET /v2.0/security-groups/6ad2b907-6999-44a6-963b-032be3cb7d40 HTTP/1.1" status: 200 len: 2310 time: 0.0266416
2026-06-26 04:18:10.040 11 INFO neutron.db.ovn_revision_numbers_db [None req-8e039865-7a07-4fd8-84ea-7490942598ab 0f19afc84ac44417a7a52e56bdcd6b44 35178ba0f0ad412f91ef319bf0c23b38 - - default default] Successfully bumped revision number for resource 40581c72-b660-4209-bdef-2b05dc259e41 (type: security_group_rules) to 0
2026-06-26 04:18:10.065 11 INFO neutron.wsgi [None req-8e039865-7a07-4fd8-84ea-7490942598ab 0f19afc84ac44417a7a52e56bdcd6b44 35178ba0f0ad412f91ef319bf0c23b38 - - default default] 199.204.45.23,10.0.0.102 "POST /v2.0/security-group-rules HTTP/1.1" status: 201 len: 751 time: 0.1310213
2026-06-26 04:18:10.939 11 INFO neutron.wsgi [None req-50ea1fd5-4b0a-416f-bf89-c6aba55dcd12 0f19afc84ac44417a7a52e56bdcd6b44 35178ba0f0ad412f91ef319bf0c23b38 - - default default] 199.204.45.23,10.0.0.102 "GET /v2.0/security-groups/6ad2b907-6999-44a6-963b-032be3cb7d40 HTTP/1.1" status: 200 len: 2894 time: 0.0660415
2026-06-26 04:18:10.971 11 INFO neutron.wsgi [None req-d9c3c100-0d87-4022-acd3-c95fd22373a1 0f19afc84ac44417a7a52e56bdcd6b44 35178ba0f0ad412f91ef319bf0c23b38 - - default default] 199.204.45.23,10.0.0.102 "GET /v2.0/security-groups/6ad2b907-6999-44a6-963b-032be3cb7d40 HTTP/1.1" status: 200 len: 2894 time: 0.0239882
2026-06-26 04:18:11.003 11 INFO neutron.wsgi [None req-c4587fbe-9d8e-42a5-b705-b2a85a7ce0bc 0f19afc84ac44417a7a52e56bdcd6b44 35178ba0f0ad412f91ef319bf0c23b38 - - default default] 199.204.45.23,10.0.0.102 "GET /v2.0/security-groups/6ad2b907-6999-44a6-963b-032be3cb7d40 HTTP/1.1" status: 200 len: 2894 time: 0.0271578
2026-06-26 04:18:11.107 11 INFO neutron.db.ovn_revision_numbers_db [None req-caf9e1be-1fde-4702-9fa9-91535b430d17 0f19afc84ac44417a7a52e56bdcd6b44 35178ba0f0ad412f91ef319bf0c23b38 - - default default] Successfully bumped revision number for resource ed9f9511-eab8-49e0-a5d5-443d125b687f (type: security_group_rules) to 0
2026-06-26 04:18:11.127 11 INFO neutron.wsgi [None req-caf9e1be-1fde-4702-9fa9-91535b430d17 0f19afc84ac44417a7a52e56bdcd6b44 35178ba0f0ad412f91ef319bf0c23b38 - - default default] 199.204.45.23,10.0.0.102 "POST /v2.0/security-group-rules HTTP/1.1" status: 201 len: 751 time: 0.1158166
2026-06-26 04:18:12.038 11 INFO neutron.wsgi [None req-0401683e-7b7c-42b2-a985-ff6d98a46ddb 0f19afc84ac44417a7a52e56bdcd6b44 35178ba0f0ad412f91ef319bf0c23b38 - - default default] 199.204.45.23,10.0.0.102 "GET /v2.0/security-groups/6ad2b907-6999-44a6-963b-032be3cb7d40 HTTP/1.1" status: 200 len: 3478 time: 0.0750513
2026-06-26 04:18:12.073 11 INFO neutron.wsgi [None req-33783e01-ff21-4ee0-91b2-d9ce32d8f8cc 0f19afc84ac44417a7a52e56bdcd6b44 35178ba0f0ad412f91ef319bf0c23b38 - - default default] 199.204.45.23,10.0.0.102 "GET /v2.0/security-groups/6ad2b907-6999-44a6-963b-032be3cb7d40 HTTP/1.1" status: 200 len: 3478 time: 0.0271513
2026-06-26 04:18:12.112 11 INFO neutron.wsgi [None req-27f36b0a-82bf-47f0-a4c5-969e84da47cd 0f19afc84ac44417a7a52e56bdcd6b44 35178ba0f0ad412f91ef319bf0c23b38 - - default default] 199.204.45.23,10.0.0.102 "GET /v2.0/security-groups/6ad2b907-6999-44a6-963b-032be3cb7d40 HTTP/1.1" status: 200 len: 3478 time: 0.0319190
2026-06-26 04:18:12.209 11 INFO neutron.db.ovn_revision_numbers_db [None req-ef0aa2aa-466d-466a-b6a4-f8fca176ac8c 0f19afc84ac44417a7a52e56bdcd6b44 35178ba0f0ad412f91ef319bf0c23b38 - - default default] Successfully bumped revision number for resource 676abe1d-0d32-450c-8faf-39a8ef071260 (type: security_group_rules) to 0
2026-06-26 04:18:12.231 11 INFO neutron.wsgi [None req-ef0aa2aa-466d-466a-b6a4-f8fca176ac8c 0f19afc84ac44417a7a52e56bdcd6b44 35178ba0f0ad412f91ef319bf0c23b38 - - default default] 199.204.45.23,10.0.0.102 "POST /v2.0/security-group-rules HTTP/1.1" status: 201 len: 751 time: 0.1112266
2026-06-26 04:18:12.965 11 INFO neutron.wsgi [-] 10.0.0.102 "GET / HTTP/1.1" status: 200 len: 247 time: 0.0032861
2026-06-26 04:18:12.966 10 INFO neutron.wsgi [-] 10.0.0.102 "GET / HTTP/1.1" status: 200 len: 247 time: 0.0038333
2026-06-26 04:18:13.089 11 INFO neutron.wsgi [None req-15377090-585d-4d9b-ace7-4e72a041e3fb 0f19afc84ac44417a7a52e56bdcd6b44 35178ba0f0ad412f91ef319bf0c23b38 - - default default] 199.204.45.23,10.0.0.102 "GET /v2.0/security-groups/6ad2b907-6999-44a6-963b-032be3cb7d40 HTTP/1.1" status: 200 len: 4062 time: 0.0650542
2026-06-26 04:18:13.131 11 INFO neutron.wsgi [None req-80dc2c72-78b6-485f-9d37-55892e4938b9 0f19afc84ac44417a7a52e56bdcd6b44 35178ba0f0ad412f91ef319bf0c23b38 - - default default] 199.204.45.23,10.0.0.102 "GET /v2.0/security-groups/6ad2b907-6999-44a6-963b-032be3cb7d40 HTTP/1.1" status: 200 len: 4062 time: 0.0348275
2026-06-26 04:18:13.165 11 INFO neutron.wsgi [None req-f5c0ccbc-58bc-4962-b334-b478f5fbb460 0f19afc84ac44417a7a52e56bdcd6b44 35178ba0f0ad412f91ef319bf0c23b38 - - default default] 199.204.45.23,10.0.0.102 "GET /v2.0/security-groups/6ad2b907-6999-44a6-963b-032be3cb7d40 HTTP/1.1" status: 200 len: 4062 time: 0.0281813
2026-06-26 04:18:13.285 11 INFO neutron.db.ovn_revision_numbers_db [None req-4ea58745-bdee-4aa5-9596-f8bf71637e45 0f19afc84ac44417a7a52e56bdcd6b44 35178ba0f0ad412f91ef319bf0c23b38 - - default default] Successfully bumped revision number for resource 558771ad-b9f9-4849-bd75-c7610dac1aaa (type: security_group_rules) to 0
2026-06-26 04:18:13.309 11 INFO neutron.wsgi [None req-4ea58745-bdee-4aa5-9596-f8bf71637e45 0f19afc84ac44417a7a52e56bdcd6b44 35178ba0f0ad412f91ef319bf0c23b38 - - default default] 199.204.45.23,10.0.0.102 "POST /v2.0/security-group-rules HTTP/1.1" status: 201 len: 751 time: 0.1368580
2026-06-26 04:18:14.528 10 INFO neutron.wsgi [None req-c787f927-6d0d-46ca-8d27-9c961cf1451d 0f19afc84ac44417a7a52e56bdcd6b44 35178ba0f0ad412f91ef319bf0c23b38 - - default default] 199.204.45.23,10.0.0.102 "GET /v2.0/networks/ffb999f5-8543-4a8c-aa7d-970de48fcb5b HTTP/1.1" status: 200 len: 910 time: 0.0919225
2026-06-26 04:18:14.556 10 INFO neutron.pecan_wsgi.hooks.translation [None req-0390e49b-e842-4811-a311-9796d6887c59 0f19afc84ac44417a7a52e56bdcd6b44 35178ba0f0ad412f91ef319bf0c23b38 - - default default] GET failed (client error): The resource could not be found.
2026-06-26 04:18:14.559 10 INFO neutron.wsgi [None req-0390e49b-e842-4811-a311-9796d6887c59 0f19afc84ac44417a7a52e56bdcd6b44 35178ba0f0ad412f91ef319bf0c23b38 - - default default] 199.204.45.23,10.0.0.102 "GET /v2.0/ports/octavia-health-manager-port-instance?network_id=ffb999f5-8543-4a8c-aa7d-970de48fcb5b HTTP/1.1" status: 404 len: 314 time: 0.0202830
2026-06-26 04:18:14.592 10 INFO neutron.wsgi [None req-875fc0ec-07b3-4813-b6b2-106652ce4127 0f19afc84ac44417a7a52e56bdcd6b44 35178ba0f0ad412f91ef319bf0c23b38 - - default default] 199.204.45.23,10.0.0.102 "GET /v2.0/ports?name=octavia-health-manager-port-instance&network_id=ffb999f5-8543-4a8c-aa7d-970de48fcb5b HTTP/1.1" status: 200 len: 186 time: 0.0295644
2026-06-26 04:18:14.626 10 INFO neutron.wsgi [None req-d37307b9-bb2b-4c56-87e2-e70dc9e03414 0f19afc84ac44417a7a52e56bdcd6b44 35178ba0f0ad412f91ef319bf0c23b38 - - default default] 199.204.45.23,10.0.0.102 "GET /v2.0/security-groups/6ad2b907-6999-44a6-963b-032be3cb7d40 HTTP/1.1" status: 200 len: 4646 time: 0.0287504
2026-06-26 04:18:14.953 10 WARNING neutron.scheduler.dhcp_agent_scheduler [None req-016ae8a8-4a79-48c7-9d76-4d2155bb5a5a 0f19afc84ac44417a7a52e56bdcd6b44 35178ba0f0ad412f91ef319bf0c23b38 - - default default] No more DHCP agents
2026-06-26 04:18:14.955 10 WARNING neutron.api.rpc.agentnotifiers.dhcp_rpc_agent_api [None req-016ae8a8-4a79-48c7-9d76-4d2155bb5a5a 0f19afc84ac44417a7a52e56bdcd6b44 35178ba0f0ad412f91ef319bf0c23b38 - - default default] Unable to schedule network ffb999f5-8543-4a8c-aa7d-970de48fcb5b: no agents available; will retry on subsequent port and subnet creation events.
2026-06-26 04:18:15.099 10 INFO neutron.db.ovn_revision_numbers_db [None req-016ae8a8-4a79-48c7-9d76-4d2155bb5a5a 0f19afc84ac44417a7a52e56bdcd6b44 35178ba0f0ad412f91ef319bf0c23b38 - - default default] Successfully bumped revision number for resource 58f39a49-30ef-46af-b5eb-71f095bb28de (type: ports) to 1
2026-06-26 04:18:15.122 10 INFO neutron.wsgi [None req-016ae8a8-4a79-48c7-9d76-4d2155bb5a5a 0f19afc84ac44417a7a52e56bdcd6b44 35178ba0f0ad412f91ef319bf0c23b38 - - default default] 199.204.45.23,10.0.0.102 "POST /v2.0/ports HTTP/1.1" status: 201 len: 1281 time: 0.4873455
2026-06-26 04:18:21.810 11 INFO neutron.pecan_wsgi.hooks.translation [None req-f23248e3-3e42-4bfd-9314-4c44389b9ede 0f19afc84ac44417a7a52e56bdcd6b44 35178ba0f0ad412f91ef319bf0c23b38 - - default default] GET failed (client error): The resource could not be found.
2026-06-26 04:18:21.811 11 INFO neutron.wsgi [None req-f23248e3-3e42-4bfd-9314-4c44389b9ede 0f19afc84ac44417a7a52e56bdcd6b44 35178ba0f0ad412f91ef319bf0c23b38 - - default default] 199.204.45.23,10.0.0.102 "GET /v2.0/ports/octavia-health-manager-port-instance HTTP/1.1" status: 404 len: 314 time: 0.0594437
2026-06-26 04:18:21.863 11 INFO neutron.wsgi [None req-6d6dcd9e-5734-47c8-858a-102367f27f81 0f19afc84ac44417a7a52e56bdcd6b44 35178ba0f0ad412f91ef319bf0c23b38 - - default default] 199.204.45.23,10.0.0.102 "GET /v2.0/ports?name=octavia-health-manager-port-instance HTTP/1.1" status: 200 len: 1279 time: 0.0473218
2026-06-26 04:18:22.301 11 INFO neutron.db.ovn_revision_numbers_db [None req-d8aef29a-9e10-4e7b-b824-4b6dc876280d 0f19afc84ac44417a7a52e56bdcd6b44 35178ba0f0ad412f91ef319bf0c23b38 - - default default] Successfully bumped revision number for resource 58f39a49-30ef-46af-b5eb-71f095bb28de (type: ports) to 1
2026-06-26 04:18:22.516 11 INFO neutron.db.ovn_revision_numbers_db [None req-d8aef29a-9e10-4e7b-b824-4b6dc876280d 0f19afc84ac44417a7a52e56bdcd6b44 35178ba0f0ad412f91ef319bf0c23b38 - - default default] Successfully bumped revision number for resource 58f39a49-30ef-46af-b5eb-71f095bb28de (type: ports) to 2
2026-06-26 04:18:22.535 11 INFO neutron.wsgi [None req-d8aef29a-9e10-4e7b-b824-4b6dc876280d 0f19afc84ac44417a7a52e56bdcd6b44 35178ba0f0ad412f91ef319bf0c23b38 - - default default] 199.204.45.23,10.0.0.102 "PUT /v2.0/ports/58f39a49-30ef-46af-b5eb-71f095bb28de HTTP/1.1" status: 200 len: 1366 time: 0.6644149 /var/lib/openstack/lib/python3.10/site-packages/pycadf/identifier.py:71: UserWarning: Invalid uuid: unknown. To ensure interoperability, identifiers should be a valid uuid. warnings.warn(('Invalid uuid: %s. To ensure interoperability, '
2026-06-26 04:18:23.933 10 INFO neutron.wsgi [None req-2d095d93-dc4e-40d5-90c7-49d81ab60a30 0f19afc84ac44417a7a52e56bdcd6b44 35178ba0f0ad412f91ef319bf0c23b38 - - default default] 199.204.45.23,10.0.0.102 "GET /v2.0/ports HTTP/1.1" status: 200 len: 3511 time: 0.0992880 /var/lib/openstack/lib/python3.10/site-packages/pycadf/identifier.py:71: UserWarning: Invalid uuid: unknown. To ensure interoperability, identifiers should be a valid uuid. warnings.warn(('Invalid uuid: %s. To ensure interoperability, '
2026-06-26 04:18:24.946 11 INFO neutron.api.v2.resource [None req-dbb15247-08fc-4ef1-b8c0-84ccaa95ee66 0f19afc84ac44417a7a52e56bdcd6b44 35178ba0f0ad412f91ef319bf0c23b38 - - default default] show failed (client error): The resource could not be found.
2026-06-26 04:18:24.948 11 INFO neutron.wsgi [None req-dbb15247-08fc-4ef1-b8c0-84ccaa95ee66 0f19afc84ac44417a7a52e56bdcd6b44 35178ba0f0ad412f91ef319bf0c23b38 - - default default] 199.204.45.23,10.0.0.102 "GET /v2.0/security-groups/lb-mgmt-sec-grp HTTP/1.1" status: 404 len: 307 time: 0.0432882
2026-06-26 04:18:24.978 11 INFO neutron.wsgi [None req-301ea4ba-5450-4e6e-b496-776cd45fdacc 0f19afc84ac44417a7a52e56bdcd6b44 35178ba0f0ad412f91ef319bf0c23b38 - - default default] 199.204.45.23,10.0.0.102 "GET /v2.0/security-groups?name=lb-mgmt-sec-grp HTTP/1.1" status: 200 len: 197 time: 0.0268905
2026-06-26 04:18:25.102 11 INFO neutron.db.ovn_revision_numbers_db [None req-45d8ba04-a37c-4994-b78b-c840d691d166 0f19afc84ac44417a7a52e56bdcd6b44 35178ba0f0ad412f91ef319bf0c23b38 - - default default] Successfully bumped revision number for resource 8ff230f7-ea7d-4a23-8ba9-e9b6e86eb693 (type: security_groups) to 1
2026-06-26 04:18:25.118 11 INFO neutron.db.ovn_revision_numbers_db [None req-45d8ba04-a37c-4994-b78b-c840d691d166 0f19afc84ac44417a7a52e56bdcd6b44 35178ba0f0ad412f91ef319bf0c23b38 - - default default] Successfully bumped revision number for resource 06e7f6af-13e9-44ac-9661-a76c3ca6ba24 (type: security_group_rules) to 0
2026-06-26 04:18:25.132 11 INFO neutron.db.ovn_revision_numbers_db [None req-45d8ba04-a37c-4994-b78b-c840d691d166 0f19afc84ac44417a7a52e56bdcd6b44 35178ba0f0ad412f91ef319bf0c23b38 - - default default] Successfully bumped revision number for resource d16cffac-4ef2-4aed-b927-f369c9ef09c2 (type: security_group_rules) to 0
2026-06-26 04:18:25.156 11 INFO neutron.wsgi [None req-45d8ba04-a37c-4994-b78b-c840d691d166 0f19afc84ac44417a7a52e56bdcd6b44 35178ba0f0ad412f91ef319bf0c23b38 - - default default] 199.204.45.23,10.0.0.102 "POST /v2.0/security-groups HTTP/1.1" status: 201 len: 1727 time: 0.1752360
2026-06-26 04:18:26.105 10 INFO neutron.wsgi [None req-f746c111-e772-429b-871e-5857e5c9efe7 0f19afc84ac44417a7a52e56bdcd6b44 35178ba0f0ad412f91ef319bf0c23b38 - - default default] 199.204.45.23,10.0.0.102 "GET /v2.0/security-groups/8ff230f7-ea7d-4a23-8ba9-e9b6e86eb693 HTTP/1.1" status: 200 len: 1722 time: 0.0685797
2026-06-26 04:18:26.137 10 INFO neutron.wsgi [None req-3a238ab0-87fd-4f6a-8b9d-939a5865a4e1 0f19afc84ac44417a7a52e56bdcd6b44 35178ba0f0ad412f91ef319bf0c23b38 - - default default] 199.204.45.23,10.0.0.102 "GET /v2.0/security-groups/8ff230f7-ea7d-4a23-8ba9-e9b6e86eb693 HTTP/1.1" status: 200 len: 1722 time: 0.0263748
2026-06-26 04:18:26.173 10 INFO neutron.wsgi [None req-843497d6-264d-42c8-8a3f-71dc2641fdca 0f19afc84ac44417a7a52e56bdcd6b44 35178ba0f0ad412f91ef319bf0c23b38 - - default default] 199.204.45.23,10.0.0.102 "GET /v2.0/security-groups/8ff230f7-ea7d-4a23-8ba9-e9b6e86eb693 HTTP/1.1" status: 200 len: 1722 time: 0.0290687
2026-06-26 04:18:26.300 10 INFO neutron.db.ovn_revision_numbers_db [None req-bd5034a7-aed2-41a9-9ef6-caea05930403 0f19afc84ac44417a7a52e56bdcd6b44 35178ba0f0ad412f91ef319bf0c23b38 - - default default] Successfully bumped revision number for resource 13023ef1-644e-4ef7-9977-b5512d9d2188 (type: security_group_rules) to 0
2026-06-26 04:18:26.323 10 INFO neutron.wsgi [None req-bd5034a7-aed2-41a9-9ef6-caea05930403 0f19afc84ac44417a7a52e56bdcd6b44 35178ba0f0ad412f91ef319bf0c23b38 - - default default] 199.204.45.23,10.0.0.102 "POST /v2.0/security-group-rules HTTP/1.1" status: 201 len: 771 time: 0.1446745
2026-06-26 04:18:27.273 10 INFO neutron.wsgi [None req-9096ecc9-1bff-4917-86b6-1aa128837c78 0f19afc84ac44417a7a52e56bdcd6b44 35178ba0f0ad412f91ef319bf0c23b38 - - default default] 199.204.45.23,10.0.0.102 "GET /v2.0/security-groups/8ff230f7-ea7d-4a23-8ba9-e9b6e86eb693 HTTP/1.1" status: 200 len: 2326 time: 0.0815589
2026-06-26 04:18:27.313 10 INFO neutron.wsgi [None req-8bead4da-2f46-4783-a7fc-2d5d28bfac76 0f19afc84ac44417a7a52e56bdcd6b44 35178ba0f0ad412f91ef319bf0c23b38 - - default default] 199.204.45.23,10.0.0.102 "GET /v2.0/security-groups/8ff230f7-ea7d-4a23-8ba9-e9b6e86eb693 HTTP/1.1" status: 200 len: 2326 time: 0.0317729
2026-06-26 04:18:27.340 10 INFO neutron.wsgi [None req-7b1b26bf-61ee-4fd0-b004-8c444963971f 0f19afc84ac44417a7a52e56bdcd6b44 35178ba0f0ad412f91ef319bf0c23b38 - - default default] 199.204.45.23,10.0.0.102 "GET /v2.0/security-groups/8ff230f7-ea7d-4a23-8ba9-e9b6e86eb693 HTTP/1.1" status: 200 len: 2326 time: 0.0212548
2026-06-26 04:18:27.449 10 INFO neutron.db.ovn_revision_numbers_db [None req-26d83fc1-79b3-44fc-9e7e-2dd8ce60bca8 0f19afc84ac44417a7a52e56bdcd6b44 35178ba0f0ad412f91ef319bf0c23b38 - - default default] Successfully bumped revision number for resource 4d6aa922-2be9-49b6-a37a-b3996697ad2d (type: security_group_rules) to 0
2026-06-26 04:18:27.472 10 INFO neutron.wsgi [None req-26d83fc1-79b3-44fc-9e7e-2dd8ce60bca8 0f19afc84ac44417a7a52e56bdcd6b44 35178ba0f0ad412f91ef319bf0c23b38 - - default default] 199.204.45.23,10.0.0.102 "POST /v2.0/security-group-rules HTTP/1.1" status: 201 len: 775 time: 0.1271901
2026-06-26 04:18:27.507 16 INFO neutron.db.ovn_revision_numbers_db [None req-a9307868-8cb0-481a-a861-2754889762c1 - - - - - -] Successfully bumped revision number for resource 343a9edb-8ec8-4aef-b6e3-8eda2ecc2105 (type: networks) to 2
2026-06-26 04:18:27.507 16 INFO neutron.plugins.ml2.drivers.ovn.mech_driver.ovsdb.maintenance [None req-a9307868-8cb0-481a-a861-2754889762c1 - - - - - -] Maintenance task: Synchronization finished (took 0.13 seconds)
2026-06-26 04:18:27.962 11 INFO neutron.wsgi [-] 10.0.0.102 "GET / HTTP/1.1" status: 200 len: 247 time: 0.0017068
2026-06-26 04:18:27.962 10 INFO neutron.wsgi [-] 10.0.0.102 "GET / HTTP/1.1" status: 200 len: 247 time: 0.0019772
2026-06-26 04:18:42.964 10 INFO neutron.wsgi [-] 10.0.0.102 "GET / HTTP/1.1" status: 200 len: 247 time: 0.0024247
2026-06-26 04:18:42.966 10 INFO neutron.wsgi [-] 10.0.0.102 "GET / HTTP/1.1" status: 200 len: 247 time: 0.0013599
2026-06-26 04:18:57.964 10 INFO neutron.wsgi [-] 10.0.0.102 "GET / HTTP/1.1" status: 200 len: 247 time: 0.0022218
2026-06-26 04:18:57.965 11 INFO neutron.wsgi [-] 10.0.0.102 "GET / HTTP/1.1" status: 200 len: 247 time: 0.0025852
2026-06-26 04:19:12.964 10 INFO neutron.wsgi [-] 10.0.0.102 "GET / HTTP/1.1" status: 200 len: 247 time: 0.0021479
2026-06-26 04:19:12.966 10 INFO neutron.wsgi [-] 10.0.0.102 "GET / HTTP/1.1" status: 200 len: 247 time: 0.0016141
2026-06-26 04:19:27.963 11 INFO neutron.wsgi [-] 10.0.0.102 "GET / HTTP/1.1" status: 200 len: 247 time: 0.0013721
2026-06-26 04:19:27.965 11 INFO neutron.wsgi [-] 10.0.0.102 "GET / HTTP/1.1" status: 200 len: 247 time: 0.0017717
2026-06-26 04:19:29.817 10 INFO neutron.wsgi [None req-8d15a1b7-f6e8-42de-984f-68dc91909c62 0f19afc84ac44417a7a52e56bdcd6b44 35178ba0f0ad412f91ef319bf0c23b38 - - default default] 199.204.45.23,10.0.0.102 "GET /v2.0/quotas/35178ba0f0ad412f91ef319bf0c23b38 HTTP/1.1" status: 200 len: 362 time: 0.0124073 /var/lib/openstack/lib/python3.10/site-packages/neutron/extensions/quotasv2.py:139: UserWarning: Neutron quota engine will require "--force" parameter to set a quota limit without checking the resource usage. warnings.warn('Neutron quota engine will require "--force" '
2026-06-26 04:19:30.477 10 INFO neutron.wsgi [None req-bc07fb18-b238-476e-80fe-022b337121b3 0f19afc84ac44417a7a52e56bdcd6b44 35178ba0f0ad412f91ef319bf0c23b38 - - default default] 199.204.45.23,10.0.0.102 "PUT /v2.0/quotas/35178ba0f0ad412f91ef319bf0c23b38 HTTP/1.1" status: 200 len: 361 time: 0.0320983
2026-06-26 04:19:42.966 11 INFO neutron.wsgi [-] 10.0.0.102 "GET / HTTP/1.1" status: 200 len: 247 time: 0.0053482
2026-06-26 04:19:42.969 11 INFO neutron.wsgi [-] 10.0.0.102 "GET / HTTP/1.1" status: 200 len: 247 time: 0.0015764
2026-06-26 04:19:57.963 11 INFO neutron.wsgi [-] 10.0.0.102 "GET / HTTP/1.1" status: 200 len: 247 time: 0.0015767
2026-06-26 04:19:57.965 11 INFO neutron.wsgi [-] 10.0.0.102 "GET / HTTP/1.1" status: 200 len: 247 time: 0.0018189
2026-06-26 04:20:12.963 10 INFO neutron.wsgi [-] 10.0.0.102 "GET / HTTP/1.1" status: 200 len: 247 time: 0.0017760
2026-06-26 04:20:12.965 10 INFO neutron.wsgi [-] 10.0.0.102 "GET / HTTP/1.1" status: 200 len: 247 time: 0.0012114
2026-06-26 04:20:27.963 10 INFO neutron.wsgi [-] 10.0.0.102 "GET / HTTP/1.1" status: 200 len: 247 time: 0.0017958
2026-06-26 04:20:27.964 11 INFO neutron.wsgi [-] 10.0.0.102 "GET / HTTP/1.1" status: 200 len: 247 time: 0.0029550
2026-06-26 04:20:42.964 10 INFO neutron.wsgi [-] 10.0.0.102 "GET / HTTP/1.1" status: 200 len: 247 time: 0.0025275
2026-06-26 04:20:42.967 10 INFO neutron.wsgi [-] 10.0.0.102 "GET / HTTP/1.1" status: 200 len: 247 time: 0.0019677
2026-06-26 04:20:57.964 10 INFO neutron.wsgi [-] 10.0.0.102 "GET / HTTP/1.1" status: 200 len: 247 time: 0.0025532
2026-06-26 04:20:57.967 10 INFO neutron.wsgi [-] 10.0.0.102 "GET / HTTP/1.1" status: 200 len: 247 time: 0.0019736
2026-06-26 04:21:12.963 10 INFO neutron.wsgi [-] 10.0.0.102 "GET / HTTP/1.1" status: 200 len: 247 time: 0.0022888
2026-06-26 04:21:12.963 11 INFO neutron.wsgi [-] 10.0.0.102 "GET / HTTP/1.1" status: 200 len: 247 time: 0.0024326
2026-06-26 04:21:27.964 11 INFO neutron.wsgi [-] 10.0.0.102 "GET / HTTP/1.1" status: 200 len: 247 time: 0.0026236
2026-06-26 04:21:27.964 10 INFO neutron.wsgi [-] 10.0.0.102 "GET / HTTP/1.1" status: 200 len: 247 time: 0.0026696 /var/lib/openstack/lib/python3.10/site-packages/pycadf/identifier.py:71: UserWarning: Invalid uuid: neutron. To ensure interoperability, identifiers should be a valid uuid. warnings.warn(('Invalid uuid: %s. To ensure interoperability, '
2026-06-26 04:21:39.782 10 INFO neutron.pecan_wsgi.hooks.translation [None req-4acb34d6-b411-47e3-bb82-f4acfabe0e60 0f19afc84ac44417a7a52e56bdcd6b44 35178ba0f0ad412f91ef319bf0c23b38 - - default default] GET failed (client error): The resource could not be found.
2026-06-26 04:21:39.785 10 INFO neutron.wsgi [None req-4acb34d6-b411-47e3-bb82-f4acfabe0e60 0f19afc84ac44417a7a52e56bdcd6b44 35178ba0f0ad412f91ef319bf0c23b38 - - default default] 199.204.45.23 "GET /v2.0/ports/octavia-health-manager-port-instance HTTP/1.1" status: 404 len: 338 time: 0.2457345
2026-06-26 04:21:39.888 10 INFO neutron.wsgi [None req-1ceea915-4e6f-4e20-9482-0e1e2c9d7102 0f19afc84ac44417a7a52e56bdcd6b44 35178ba0f0ad412f91ef319bf0c23b38 - - default default] 199.204.45.23 "GET /v2.0/ports?name=octavia-health-manager-port-instance HTTP/1.1" status: 200 len: 1421 time: 0.1003406
2026-06-26 04:21:41.578 10 INFO neutron.pecan_wsgi.hooks.translation [None req-7f7f0175-2521-4108-8cf9-4ab5061520be 0f19afc84ac44417a7a52e56bdcd6b44 35178ba0f0ad412f91ef319bf0c23b38 - - default default] GET failed (client error): The resource could not be found.
2026-06-26 04:21:41.580 10 INFO neutron.wsgi [None req-7f7f0175-2521-4108-8cf9-4ab5061520be 0f19afc84ac44417a7a52e56bdcd6b44 35178ba0f0ad412f91ef319bf0c23b38 - - default default] 199.204.45.23 "GET /v2.0/ports/octavia-health-manager-port-instance HTTP/1.1" status: 404 len: 338 time: 0.0568907
2026-06-26 04:21:41.618 10 INFO neutron.wsgi [None req-8a67d825-0203-4566-bb84-7b98245fa3e1 0f19afc84ac44417a7a52e56bdcd6b44 35178ba0f0ad412f91ef319bf0c23b38 - - default default] 199.204.45.23 "GET /v2.0/ports?name=octavia-health-manager-port-instance HTTP/1.1" status: 200 len: 1421 time: 0.0323012
2026-06-26 04:21:42.588 11 INFO neutron.plugins.ml2.drivers.ovn.mech_driver.mech_driver [-] OVN reports status up for port: 58f39a49-30ef-46af-b5eb-71f095bb28de
2026-06-26 04:21:42.598 11 INFO neutron.plugins.ml2.plugin [None req-f217a9be-5b29-464f-9a5a-5afee2642517 - - - - - -] Attempt 1 to provision port 58f39a49-30ef-46af-b5eb-71f095bb28de
2026-06-26 04:21:42.886 11 INFO neutron.db.ovn_revision_numbers_db [None req-f217a9be-5b29-464f-9a5a-5afee2642517 - - - - - -] Successfully bumped revision number for resource 58f39a49-30ef-46af-b5eb-71f095bb28de (type: ports) to 4
2026-06-26 04:21:42.963 11 INFO neutron.wsgi [-] 10.0.0.102 "GET / HTTP/1.1" status: 200 len: 247 time: 0.0011961
2026-06-26 04:21:42.964 11 INFO neutron.wsgi [-] 10.0.0.102 "GET / HTTP/1.1" status: 200 len: 247 time: 0.0008547
2026-06-26 04:21:57.964 11 INFO neutron.wsgi [-] 10.0.0.102 "GET / HTTP/1.1" status: 200 len: 247 time: 0.0024369
2026-06-26 04:21:57.964 10 INFO neutron.wsgi [-] 10.0.0.102 "GET / HTTP/1.1" status: 200 len: 247 time: 0.0029495
2026-06-26 04:22:12.963 10 INFO neutron.wsgi [-] 10.0.0.102 "GET / HTTP/1.1" status: 200 len: 247 time: 0.0017509
2026-06-26 04:22:12.965 10 INFO neutron.wsgi [-] 10.0.0.102 "GET / HTTP/1.1" status: 200 len: 247 time: 0.0017617
2026-06-26 04:22:27.964 10 INFO neutron.wsgi [-] 10.0.0.102 "GET / HTTP/1.1" status: 200 len: 247 time: 0.0015056
2026-06-26 04:22:27.977 11 INFO neutron.wsgi [-] 10.0.0.102 "GET / HTTP/1.1" status: 200 len: 247 time: 0.0088360
2026-06-26 04:22:42.961 11 INFO neutron.wsgi [-] 10.0.0.102 "GET / HTTP/1.1" status: 200 len: 247 time: 0.0013340
2026-06-26 04:22:42.963 11 INFO neutron.wsgi [-] 10.0.0.102 "GET / HTTP/1.1" status: 200 len: 247 time: 0.0008945
2026-06-26 04:22:57.962 10 INFO neutron.wsgi [-] 10.0.0.102 "GET / HTTP/1.1" status: 200 len: 247 time: 0.0018728
2026-06-26 04:22:57.968 11 INFO neutron.wsgi [-] 10.0.0.102 "GET / HTTP/1.1" status: 200 len: 247 time: 0.0073094
2026-06-26 04:23:12.963 10 INFO neutron.wsgi [-] 10.0.0.102 "GET / HTTP/1.1" status: 200 len: 247 time: 0.0016305
2026-06-26 04:23:12.966 11 INFO neutron.wsgi [-] 10.0.0.102 "GET / HTTP/1.1" status: 200 len: 247 time: 0.0044339
2026-06-26 04:23:27.531 16 INFO neutron.db.ovn_revision_numbers_db [None req-a9307868-8cb0-481a-a861-2754889762c1 - - - - - -] Successfully bumped revision number for resource ffb999f5-8543-4a8c-aa7d-970de48fcb5b (type: networks) to 2
2026-06-26 04:23:27.578 16 INFO neutron.db.ovn_revision_numbers_db [None req-a9307868-8cb0-481a-a861-2754889762c1 - - - - - -] Successfully bumped revision number for resource 8ff230f7-ea7d-4a23-8ba9-e9b6e86eb693 (type: security_groups) to 3
2026-06-26 04:23:27.622 16 INFO neutron.db.ovn_revision_numbers_db [None req-a9307868-8cb0-481a-a861-2754889762c1 - - - - - -] Successfully bumped revision number for resource 6ad2b907-6999-44a6-963b-032be3cb7d40 (type: security_groups) to 6
2026-06-26 04:23:27.622 16 INFO neutron.plugins.ml2.drivers.ovn.mech_driver.ovsdb.maintenance [None req-a9307868-8cb0-481a-a861-2754889762c1 - - - - - -] Maintenance task: Synchronization finished (took 0.20 seconds)
2026-06-26 04:23:27.964 10 INFO neutron.wsgi [-] 10.0.0.102 "GET / HTTP/1.1" status: 200 len: 247 time: 0.0018494
2026-06-26 04:23:27.966 10 INFO neutron.wsgi [-] 10.0.0.102 "GET / HTTP/1.1" status: 200 len: 247 time: 0.0013001
2026-06-26 04:23:42.965 11 INFO neutron.wsgi [-] 10.0.0.102 "GET / HTTP/1.1" status: 200 len: 247 time: 0.0030503
2026-06-26 04:23:42.969 11 INFO neutron.wsgi [-] 10.0.0.102 "GET / HTTP/1.1" status: 200 len: 247 time: 0.0022957
2026-06-26 04:23:57.963 11 INFO neutron.wsgi [-] 10.0.0.102 "GET / HTTP/1.1" status: 200 len: 247 time: 0.0020914
2026-06-26 04:23:57.966 10 INFO neutron.wsgi [-] 10.0.0.102 "GET / HTTP/1.1" status: 200 len: 247 time: 0.0048804
2026-06-26 04:24:12.962 10 INFO neutron.wsgi [-] 10.0.0.102 "GET / HTTP/1.1" status: 200 len: 247 time: 0.0017245
2026-06-26 04:24:12.962 11 INFO neutron.wsgi [-] 10.0.0.102 "GET / HTTP/1.1" status: 200 len: 247 time: 0.0020115
2026-06-26 04:24:27.962 11 INFO neutron.wsgi [-] 10.0.0.102 "GET / HTTP/1.1" status: 200 len: 247 time: 0.0017264
2026-06-26 04:24:27.963 10 INFO neutron.wsgi [-] 10.0.0.102 "GET / HTTP/1.1" status: 200 len: 247 time: 0.0023541
2026-06-26 04:24:42.965 10 INFO neutron.wsgi [-] 10.0.0.102 "GET / HTTP/1.1" status: 200 len: 247 time: 0.0039163
2026-06-26 04:24:42.965 11 INFO neutron.wsgi [-] 10.0.0.102 "GET / HTTP/1.1" status: 200 len: 247 time: 0.0040159
2026-06-26 04:24:57.964 10 INFO neutron.wsgi [-] 10.0.0.102 "GET / HTTP/1.1" status: 200 len: 247 time: 0.0028286
2026-06-26 04:24:57.968 10 INFO neutron.wsgi [-] 10.0.0.102 "GET / HTTP/1.1" status: 200 len: 247 time: 0.0034969
2026-06-26 04:25:12.965 11 INFO neutron.wsgi [-] 10.0.0.102 "GET / HTTP/1.1" status: 200 len: 247 time: 0.0029781
2026-06-26 04:25:12.965 10 INFO neutron.wsgi [-] 10.0.0.102 "GET / HTTP/1.1" status: 200 len: 247 time: 0.0035806
2026-06-26 04:25:27.962 10 INFO neutron.wsgi [-] 10.0.0.102 "GET / HTTP/1.1" status: 200 len: 247 time: 0.0015550
2026-06-26 04:25:27.962 11 INFO neutron.wsgi [-] 10.0.0.102 "GET / HTTP/1.1" status: 200 len: 247 time: 0.0018644
2026-06-26 04:25:42.964 10 INFO neutron.wsgi [-] 10.0.0.102 "GET / HTTP/1.1" status: 200 len: 247 time: 0.0025785
2026-06-26 04:25:42.968 10 INFO neutron.wsgi [-] 10.0.0.102 "GET / HTTP/1.1" status: 200 len: 247 time: 0.0030885
2026-06-26 04:25:57.963 10 INFO neutron.wsgi [-] 10.0.0.102 "GET / HTTP/1.1" status: 200 len: 247 time: 0.0016456
2026-06-26 04:25:57.971 11 INFO neutron.wsgi [-] 10.0.0.102 "GET / HTTP/1.1" status: 200 len: 247 time: 0.0086627
2026-06-26 04:26:12.963 10 INFO neutron.wsgi [-] 10.0.0.102 "GET / HTTP/1.1" status: 200 len: 247 time: 0.0015898
2026-06-26 04:26:12.964 11 INFO neutron.wsgi [-] 10.0.0.102 "GET / HTTP/1.1" status: 200 len: 247 time: 0.0021629
2026-06-26 04:26:27.962 11 INFO neutron.wsgi [-] 10.0.0.102 "GET / HTTP/1.1" status: 200 len: 247 time: 0.0017033
2026-06-26 04:26:27.964 10 INFO neutron.wsgi [-] 10.0.0.102 "GET / HTTP/1.1" status: 200 len: 247 time: 0.0034666
2026-06-26 04:26:42.962 10 INFO neutron.wsgi [-] 10.0.0.102 "GET / HTTP/1.1" status: 200 len: 247 time: 0.0012059
2026-06-26 04:26:42.963 11 INFO neutron.wsgi [-] 10.0.0.102 "GET / HTTP/1.1" status: 200 len: 247 time: 0.0024261
2026-06-26 04:26:57.964 11 INFO neutron.wsgi [-] 10.0.0.102 "GET / HTTP/1.1" status: 200 len: 247 time: 0.0028000
2026-06-26 04:26:57.966 10 INFO neutron.wsgi [-] 10.0.0.102 "GET / HTTP/1.1" status: 200 len: 247 time: 0.0039194
2026-06-26 04:27:12.965 10 INFO neutron.wsgi [-] 10.0.0.102 "GET / HTTP/1.1" status: 200 len: 247 time: 0.0035553
2026-06-26 04:27:12.965 11 INFO neutron.wsgi [-] 10.0.0.102 "GET / HTTP/1.1" status: 200 len: 247 time: 0.0032284
2026-06-26 04:27:27.961 11 INFO neutron.wsgi [-] 10.0.0.102 "GET / HTTP/1.1" status: 200 len: 247 time: 0.0013075
2026-06-26 04:27:27.963 11 INFO neutron.wsgi [-] 10.0.0.102 "GET / HTTP/1.1" status: 200 len: 247 time: 0.0012350
2026-06-26 04:27:42.963 10 INFO neutron.wsgi [-] 10.0.0.102 "GET / HTTP/1.1" status: 200 len: 247 time: 0.0025637
2026-06-26 04:27:42.966 10 INFO neutron.wsgi [-] 10.0.0.102 "GET / HTTP/1.1" status: 200 len: 247 time: 0.0018690
2026-06-26 04:27:57.963 11 INFO neutron.wsgi [-] 10.0.0.102 "GET / HTTP/1.1" status: 200 len: 247 time: 0.0016422
2026-06-26 04:27:57.965 11 INFO neutron.wsgi [-] 10.0.0.102 "GET / HTTP/1.1" status: 200 len: 247 time: 0.0015826
2026-06-26 04:28:07.933 10 INFO neutron.api.v2.resource [None req-60de2df1-265e-4174-adae-fd5c6c68e8a2 0f19afc84ac44417a7a52e56bdcd6b44 35178ba0f0ad412f91ef319bf0c23b38 - - default default] show failed (client error): The resource could not be found.
2026-06-26 04:28:07.935 10 INFO neutron.wsgi [None req-60de2df1-265e-4174-adae-fd5c6c68e8a2 0f19afc84ac44417a7a52e56bdcd6b44 35178ba0f0ad412f91ef319bf0c23b38 - - default default] 199.204.45.23,10.0.0.102 "GET /v2.0/security-groups/manila-service-security-group?project_id=9eb1c5eba02b4822af306e49c0425440 HTTP/1.1" status: 404 len: 321 time: 0.1688840
2026-06-26 04:28:08.110 10 INFO neutron.db.ovn_revision_numbers_db [None req-127f1f2f-6cbb-4fdb-823b-0a1e2db2ef9b 0f19afc84ac44417a7a52e56bdcd6b44 35178ba0f0ad412f91ef319bf0c23b38 - - default default] Successfully bumped revision number for resource 638a77cb-574d-4586-9e8f-b5a7bb732d50 (type: security_groups) to 1
2026-06-26 04:28:08.121 10 INFO neutron.db.ovn_revision_numbers_db [None req-127f1f2f-6cbb-4fdb-823b-0a1e2db2ef9b 0f19afc84ac44417a7a52e56bdcd6b44 35178ba0f0ad412f91ef319bf0c23b38 - - default default] Successfully bumped revision number for resource 28b6c7c1-d744-448f-8116-45b39c0e3fee (type: security_group_rules) to 0
2026-06-26 04:28:08.133 10 INFO neutron.db.ovn_revision_numbers_db [None req-127f1f2f-6cbb-4fdb-823b-0a1e2db2ef9b 0f19afc84ac44417a7a52e56bdcd6b44 35178ba0f0ad412f91ef319bf0c23b38 - - default default] Successfully bumped revision number for resource 47c30a0f-4f50-421f-bda9-9e05b63cf77a (type: security_group_rules) to 0
2026-06-26 04:28:08.146 10 INFO neutron.db.ovn_revision_numbers_db [None req-127f1f2f-6cbb-4fdb-823b-0a1e2db2ef9b 0f19afc84ac44417a7a52e56bdcd6b44 35178ba0f0ad412f91ef319bf0c23b38 - - default default] Successfully bumped revision number for resource 5a1cff9c-692f-4b08-b83e-b74567110c71 (type: security_group_rules) to 0
2026-06-26 04:28:08.158 10 INFO neutron.db.ovn_revision_numbers_db [None req-127f1f2f-6cbb-4fdb-823b-0a1e2db2ef9b 0f19afc84ac44417a7a52e56bdcd6b44 35178ba0f0ad412f91ef319bf0c23b38 - - default default] Successfully bumped revision number for resource 66cdcea1-5f64-41b9-ab1f-729845e7e563 (type: security_group_rules) to 0
2026-06-26 04:28:08.173 10 INFO neutron.wsgi [None req-127f1f2f-6cbb-4fdb-823b-0a1e2db2ef9b 0f19afc84ac44417a7a52e56bdcd6b44 35178ba0f0ad412f91ef319bf0c23b38 - - default default] 199.204.45.23,10.0.0.102 "GET /v2.0/security-groups?name=manila-service-security-group&project_id=9eb1c5eba02b4822af306e49c0425440 HTTP/1.1" status: 200 len: 197 time: 0.2336681
2026-06-26 04:28:08.350 10 INFO neutron.db.ovn_revision_numbers_db [None req-58bb9776-95b8-4c32-9731-a23b7866775d 0f19afc84ac44417a7a52e56bdcd6b44 35178ba0f0ad412f91ef319bf0c23b38 - - default default] Successfully bumped revision number for resource 46166022-92ee-4f09-8900-59534966d2d8 (type: security_groups) to 1
2026-06-26 04:28:08.363 10 INFO neutron.db.ovn_revision_numbers_db [None req-58bb9776-95b8-4c32-9731-a23b7866775d 0f19afc84ac44417a7a52e56bdcd6b44 35178ba0f0ad412f91ef319bf0c23b38 - - default default] Successfully bumped revision number for resource 5950ba13-1db4-418e-9510-12936e474ea4 (type: security_group_rules) to 0
2026-06-26 04:28:08.376 10 INFO neutron.db.ovn_revision_numbers_db [None req-58bb9776-95b8-4c32-9731-a23b7866775d 0f19afc84ac44417a7a52e56bdcd6b44 35178ba0f0ad412f91ef319bf0c23b38 - - default default] Successfully bumped revision number for resource f1f54b7d-d6c1-466a-a36c-7b1f29b5334b (type: security_group_rules) to 0
2026-06-26 04:28:08.393 10 INFO neutron.wsgi [None req-58bb9776-95b8-4c32-9731-a23b7866775d 0f19afc84ac44417a7a52e56bdcd6b44 35178ba0f0ad412f91ef319bf0c23b38 - - default default] 199.204.45.23,10.0.0.102 "POST /v2.0/security-groups HTTP/1.1" status: 201 len: 1741 time: 0.1516881
