2026-06-26 04:49:38.999 11 INFO neutron.wsgi [None req-62911bb8-a54c-4523-8e82-234c3d52fa7f 95675d44d6ab46fc91014dbe41ec54f5 b16c718a9355490fba7baeaeb0111494 - - default default] 10.0.0.211 "DELETE /v2.0/security-groups/9096af9a-fc21-46c4-a11b-d76e80c9e22c HTTP/1.1" status: 204 len: 168 time: 0.1263452
2026-06-26 04:49:39.370 11 INFO neutron.wsgi [None req-8c3ebced-66b0-45ce-a4fd-dd68ed07f25d 95675d44d6ab46fc91014dbe41ec54f5 b16c718a9355490fba7baeaeb0111494 - - default default] 10.0.0.211 "DELETE /v2.0/floatingips/2c286c68-2ba0-437b-93b4-76ead2452b89 HTTP/1.1" status: 204 len: 168 time: 0.3411913 /var/lib/openstack/lib/python3.10/site-packages/pycadf/identifier.py:71: UserWarning: Invalid uuid: neutron. To ensure interoperability, identifiers should be a valid uuid. warnings.warn(('Invalid uuid: %s. To ensure interoperability, '
2026-06-26 04:49:39.554 10 INFO neutron.wsgi [req-af414063-8600-4eb4-9e47-2ab9e9a019fe req-29641575-085b-4a47-9d97-9055f4f74c35 95675d44d6ab46fc91014dbe41ec54f5 b16c718a9355490fba7baeaeb0111494 - - default default] 10.0.0.239 "GET /v2.0/ports?device_id=b518c8d4-58ed-4ecc-91b4-fdd2b1f495ef HTTP/1.1" status: 200 len: 1170 time: 0.0407631
2026-06-26 04:49:39.580 11 INFO neutron.plugins.ml2.drivers.ovn.mech_driver.mech_driver [None req-f217a9be-5b29-464f-9a5a-5afee2642517 - - - - - -] OVN reports status down for port: fa8a4a45-cf17-4fe3-8259-5492c61c5c45
2026-06-26 04:49:39.623 10 INFO neutron.wsgi [req-af414063-8600-4eb4-9e47-2ab9e9a019fe req-201c13ca-70ba-4329-bb31-a693b3c1d653 95675d44d6ab46fc91014dbe41ec54f5 b16c718a9355490fba7baeaeb0111494 - - default default] 10.0.0.239 "GET /v2.0/security-groups?id=1ec69ee6-8f8e-46bf-a9c1-6f05a8655de6&fields=id&fields=name HTTP/1.1" status: 200 len: 313 time: 0.0636575
2026-06-26 04:49:39.766 11 INFO neutron.notifiers.nova [-] Nova event matching ['req-0a970974-3279-4c0b-9ed0-610642b5848c'] response: {'server_uuid': 'b518c8d4-58ed-4ecc-91b4-fdd2b1f495ef', 'name': 'network-vif-unplugged', 'status': 'completed', 'tag': 'fa8a4a45-cf17-4fe3-8259-5492c61c5c45', 'code': 200}
2026-06-26 04:49:39.904 10 INFO neutron.wsgi [req-713f2311-35d9-4d30-9852-bfc4a83a2594 req-cad663e4-fcda-44cf-bcab-154908178e86 95675d44d6ab46fc91014dbe41ec54f5 b16c718a9355490fba7baeaeb0111494 - - default default] 199.204.45.23 "GET /v2.0/ports?device_id=b518c8d4-58ed-4ecc-91b4-fdd2b1f495ef HTTP/1.1" status: 200 len: 1168 time: 0.0386233
2026-06-26 04:49:39.948 11 INFO neutron.db.ovn_revision_numbers_db [None req-f217a9be-5b29-464f-9a5a-5afee2642517 - - - - - -] Successfully bumped revision number for resource fa8a4a45-cf17-4fe3-8259-5492c61c5c45 (type: ports) to 5
2026-06-26 04:49:40.192 10 INFO neutron.wsgi [req-713f2311-35d9-4d30-9852-bfc4a83a2594 req-bf372fa7-9b75-437a-9654-bb9c6df3390f 95675d44d6ab46fc91014dbe41ec54f5 b16c718a9355490fba7baeaeb0111494 - - default default] 199.204.45.23 "DELETE /v2.0/ports/fa8a4a45-cf17-4fe3-8259-5492c61c5c45 HTTP/1.1" status: 204 len: 173 time: 0.2825878
2026-06-26 04:49:40.227 10 INFO neutron.notifiers.nova [-] Nova event matching ['req-585ae8ca-5112-46fe-b4a6-5b3f2ff6c10d'] response: {'server_uuid': 'b518c8d4-58ed-4ecc-91b4-fdd2b1f495ef', 'name': 'network-vif-deleted', 'tag': 'fa8a4a45-cf17-4fe3-8259-5492c61c5c45', 'status': 'completed', 'code': 200}
2026-06-26 04:49:40.835 10 INFO neutron.wsgi [None req-6686c51a-db0b-44be-b3ad-46968e230481 95675d44d6ab46fc91014dbe41ec54f5 b16c718a9355490fba7baeaeb0111494 - - default default] 10.0.0.211 "DELETE /v2.0/security-groups/1ec69ee6-8f8e-46bf-a9c1-6f05a8655de6 HTTP/1.1" status: 204 len: 168 time: 0.1407046 /var/lib/openstack/lib/python3.10/site-packages/pycadf/identifier.py:71: UserWarning: Invalid uuid: neutron. To ensure interoperability, identifiers should be a valid uuid. warnings.warn(('Invalid uuid: %s. To ensure interoperability, '
2026-06-26 04:49:41.805 11 INFO neutron.notifiers.nova [-] Nova event matching ['req-6f4d86c5-84ac-46c1-a8d4-d5a40731ffd6'] response: {'server_uuid': 'b518c8d4-58ed-4ecc-91b4-fdd2b1f495ef', 'name': 'network-vif-plugged', 'status': 'completed', 'tag': 'fa8a4a45-cf17-4fe3-8259-5492c61c5c45', 'code': 200}
2026-06-26 04:49:41.941 11 INFO neutron.wsgi [None req-7c30cff6-674d-4493-a071-c918ac048014 95675d44d6ab46fc91014dbe41ec54f5 b16c718a9355490fba7baeaeb0111494 - - default default] 10.0.0.211 "PUT /v2.0/routers/df022437-ca41-4d80-8741-0ce7a3f6e435/remove_router_interface HTTP/1.1" status: 200 len: 503 time: 1.0750937
2026-06-26 04:49:42.167 10 INFO neutron.wsgi [None req-614586e7-0ecf-4a8e-9536-9bd17c2ba769 95675d44d6ab46fc91014dbe41ec54f5 b16c718a9355490fba7baeaeb0111494 - - default default] 10.0.0.211 "DELETE /v2.0/subnets/9151ba74-9f69-4df4-9a8d-3e6b047ae5cc HTTP/1.1" status: 204 len: 168 time: 0.2201858
2026-06-26 04:49:42.963 11 INFO neutron.wsgi [-] 10.0.0.102 "GET / HTTP/1.1" status: 200 len: 247 time: 0.0027494
2026-06-26 04:49:42.966 11 INFO neutron.wsgi [-] 10.0.0.102 "GET / HTTP/1.1" status: 200 len: 247 time: 0.0021594
2026-06-26 04:49:43.062 10 INFO neutron.wsgi [None req-74bbdcda-0109-4709-9a86-28d17356facc 95675d44d6ab46fc91014dbe41ec54f5 b16c718a9355490fba7baeaeb0111494 - - default default] 10.0.0.211 "DELETE /v2.0/routers/df022437-ca41-4d80-8741-0ce7a3f6e435 HTTP/1.1" status: 204 len: 168 time: 0.8911393 /var/lib/openstack/lib/python3.10/site-packages/pycadf/identifier.py:71: UserWarning: Invalid uuid: neutron. To ensure interoperability, identifiers should be a valid uuid. warnings.warn(('Invalid uuid: %s. To ensure interoperability, '
2026-06-26 04:49:43.417 11 INFO neutron.services.segments.plugin [-] Segment 17f61308-c581-452d-8a88-d91552c375d9 resource provider aggregate not found
2026-06-26 04:49:43.423 11 INFO neutron.services.segments.plugin [-] Segment 17f61308-c581-452d-8a88-d91552c375d9 resource provider aggregate not found
2026-06-26 04:49:43.438 11 INFO neutron.services.segments.plugin [-] Segment 17f61308-c581-452d-8a88-d91552c375d9 resource provider not found; error: Placement Client Error (4xx): {"errors": [{"status": 404, "title": "Not Found", "detail": "The resource could not be found.\n\n No resource provider with uuid 17f61308-c581-452d-8a88-d91552c375d9 found for delete ", "request_id": "req-cd478ed7-ca0a-477b-b829-0df05d6f87de"}]}
2026-06-26 04:49:43.439 11 INFO neutron.services.segments.plugin [-] Segment 17f61308-c581-452d-8a88-d91552c375d9 resource provider not found; error: Placement Client Error (4xx): {"errors": [{"status": 404, "title": "Not Found", "detail": "The resource could not be found.\n\n No resource provider with uuid 17f61308-c581-452d-8a88-d91552c375d9 found for delete ", "request_id": "req-b559f64a-61ff-405f-81ff-72a90e465842"}]}
2026-06-26 04:49:43.456 11 INFO neutron.wsgi [None req-b44b8259-65de-4285-af51-ef857293c1c8 95675d44d6ab46fc91014dbe41ec54f5 b16c718a9355490fba7baeaeb0111494 - - default default] 10.0.0.211 "DELETE /v2.0/networks/e5679f7d-e641-4b07-b410-d2c05347d31b HTTP/1.1" status: 204 len: 168 time: 0.3894024
2026-06-26 04:49:44.438 11 INFO neutron.db.ovn_revision_numbers_db [None req-87affad8-793b-48af-8db5-310216328e85 0f19afc84ac44417a7a52e56bdcd6b44 35178ba0f0ad412f91ef319bf0c23b38 - - default default] Successfully bumped revision number for resource 945a13e1-5802-49fe-a708-e2aa7bb30d7a (type: security_groups) to 1
2026-06-26 04:49:44.453 11 INFO neutron.db.ovn_revision_numbers_db [None req-87affad8-793b-48af-8db5-310216328e85 0f19afc84ac44417a7a52e56bdcd6b44 35178ba0f0ad412f91ef319bf0c23b38 - - default default] Successfully bumped revision number for resource 0d15d4c9-f322-4314-9077-3aa824b12427 (type: security_group_rules) to 0
2026-06-26 04:49:44.467 11 INFO neutron.db.ovn_revision_numbers_db [None req-87affad8-793b-48af-8db5-310216328e85 0f19afc84ac44417a7a52e56bdcd6b44 35178ba0f0ad412f91ef319bf0c23b38 - - default default] Successfully bumped revision number for resource 5d7f718c-a118-445f-9309-a0465a4ea702 (type: security_group_rules) to 0
2026-06-26 04:49:44.482 11 INFO neutron.db.ovn_revision_numbers_db [None req-87affad8-793b-48af-8db5-310216328e85 0f19afc84ac44417a7a52e56bdcd6b44 35178ba0f0ad412f91ef319bf0c23b38 - - default default] Successfully bumped revision number for resource 5dceee5f-2770-4b75-9ef6-842c2dbbc2f5 (type: security_group_rules) to 0
2026-06-26 04:49:44.495 11 INFO neutron.db.ovn_revision_numbers_db [None req-87affad8-793b-48af-8db5-310216328e85 0f19afc84ac44417a7a52e56bdcd6b44 35178ba0f0ad412f91ef319bf0c23b38 - - default default] Successfully bumped revision number for resource b2f0be18-4d90-4c3d-bcb8-4b620fdca922 (type: security_group_rules) to 0
2026-06-26 04:49:44.519 11 INFO neutron.wsgi [None req-87affad8-793b-48af-8db5-310216328e85 0f19afc84ac44417a7a52e56bdcd6b44 35178ba0f0ad412f91ef319bf0c23b38 - - default default] 10.0.0.211 "GET /v2.0/security-groups?tenant_id=9520ec59d34e4b38ae60a99b672b4215&name=default HTTP/1.1" status: 200 len: 2996 time: 0.3482325
2026-06-26 04:49:44.734 11 INFO neutron.wsgi [None req-2c6826ad-9c86-4f1d-8f9e-43adcd61fe29 0f19afc84ac44417a7a52e56bdcd6b44 35178ba0f0ad412f91ef319bf0c23b38 - - default default] 10.0.0.211 "DELETE /v2.0/security-groups/945a13e1-5802-49fe-a708-e2aa7bb30d7a HTTP/1.1" status: 204 len: 168 time: 0.2097316
2026-06-26 04:49:44.876 11 INFO neutron.wsgi [None req-7566454f-ae22-43c9-ac2e-78216db9e034 0f19afc84ac44417a7a52e56bdcd6b44 35178ba0f0ad412f91ef319bf0c23b38 - - default default] 10.0.0.211 "GET /v2.0/security-groups?tenant_id=b16c718a9355490fba7baeaeb0111494&name=default HTTP/1.1" status: 200 len: 2996 time: 0.0311489
2026-06-26 04:49:45.090 11 INFO neutron.wsgi [None req-05dd80a1-2107-46cf-8a8d-e9620b09004c 0f19afc84ac44417a7a52e56bdcd6b44 35178ba0f0ad412f91ef319bf0c23b38 - - default default] 10.0.0.211 "DELETE /v2.0/security-groups/82858eca-4a46-4e39-8bfc-c00082369658 HTTP/1.1" status: 204 len: 168 time: 0.2096207
2026-06-26 04:49:45.766 11 WARNING neutron_lib.context [None req-f154ba37-e37d-4717-8d06-0e3e13564652 5952b64a96894d93a9556c31170db504 035df0bfb6484afda99f8152c19947b9 - - default default] Method 'is_advsvc' is deprecated since 2023.2 release (neutron-lib 3.8.0) and will be removed once support for the old RBAC API policies will be removed from Neutron. Please use method 'is_service_role' instead.
2026-06-26 04:49:46.092 11 WARNING neutron.scheduler.dhcp_agent_scheduler [None req-f154ba37-e37d-4717-8d06-0e3e13564652 5952b64a96894d93a9556c31170db504 035df0bfb6484afda99f8152c19947b9 - - default default] No more DHCP agents
2026-06-26 04:49:46.093 11 WARNING neutron.api.rpc.agentnotifiers.dhcp_rpc_agent_api [None req-f154ba37-e37d-4717-8d06-0e3e13564652 5952b64a96894d93a9556c31170db504 035df0bfb6484afda99f8152c19947b9 - - default default] Unable to schedule network 343a9edb-8ec8-4aef-b6e3-8eda2ecc2105: no agents available; will retry on subsequent port and subnet creation events.
2026-06-26 04:49:46.542 11 INFO neutron.db.l3_db [None req-f154ba37-e37d-4717-8d06-0e3e13564652 5952b64a96894d93a9556c31170db504 035df0bfb6484afda99f8152c19947b9 - - default default] Floating IP 1e0b6a0f-5d65-4ad4-9fb0-914b4ec77e8c associated. External IP: 10.96.250.211, port: 7c32f8f8-de90-49e2-970c-e35239667ab7.
2026-06-26 04:49:46.793 11 INFO neutron.db.ovn_revision_numbers_db [None req-f154ba37-e37d-4717-8d06-0e3e13564652 5952b64a96894d93a9556c31170db504 035df0bfb6484afda99f8152c19947b9 - - default default] Successfully bumped revision number for resource 1e0b6a0f-5d65-4ad4-9fb0-914b4ec77e8c (type: floatingips) to 0
2026-06-26 04:49:46.897 11 INFO neutron.db.ovn_revision_numbers_db [None req-f154ba37-e37d-4717-8d06-0e3e13564652 5952b64a96894d93a9556c31170db504 035df0bfb6484afda99f8152c19947b9 - - default default] Successfully bumped revision number for resource 1e0b6a0f-5d65-4ad4-9fb0-914b4ec77e8c (type: floatingips) to 1
2026-06-26 04:49:46.945 11 INFO neutron.wsgi [None req-f154ba37-e37d-4717-8d06-0e3e13564652 5952b64a96894d93a9556c31170db504 035df0bfb6484afda99f8152c19947b9 - - default default] 10.0.0.211 "POST /v2.0/floatingips HTTP/1.1" status: 201 len: 1098 time: 1.1847856
2026-06-26 04:49:47.173 10 INFO neutron.db.ovn_revision_numbers_db [None req-22575c27-238d-45e1-81b8-b364673b00e6 0f19afc84ac44417a7a52e56bdcd6b44 35178ba0f0ad412f91ef319bf0c23b38 - - default default] Successfully bumped revision number for resource 70e1351c-f05c-47b8-ade1-f9ace6d25a12 (type: security_groups) to 1
2026-06-26 04:49:47.189 10 INFO neutron.db.ovn_revision_numbers_db [None req-22575c27-238d-45e1-81b8-b364673b00e6 0f19afc84ac44417a7a52e56bdcd6b44 35178ba0f0ad412f91ef319bf0c23b38 - - default default] Successfully bumped revision number for resource 3ad38641-d051-4834-aca4-4ef42eaeb0e6 (type: security_group_rules) to 0
2026-06-26 04:49:47.217 10 INFO neutron.db.ovn_revision_numbers_db [None req-22575c27-238d-45e1-81b8-b364673b00e6 0f19afc84ac44417a7a52e56bdcd6b44 35178ba0f0ad412f91ef319bf0c23b38 - - default default] Successfully bumped revision number for resource 46ce6c99-41e9-4253-9fc3-e3de05cfe16e (type: security_group_rules) to 0
2026-06-26 04:49:47.239 10 INFO neutron.db.ovn_revision_numbers_db [None req-22575c27-238d-45e1-81b8-b364673b00e6 0f19afc84ac44417a7a52e56bdcd6b44 35178ba0f0ad412f91ef319bf0c23b38 - - default default] Successfully bumped revision number for resource d82c6176-8d67-4835-90ea-aef81cfdeacf (type: security_group_rules) to 0
2026-06-26 04:49:47.252 10 INFO neutron.db.ovn_revision_numbers_db [None req-22575c27-238d-45e1-81b8-b364673b00e6 0f19afc84ac44417a7a52e56bdcd6b44 35178ba0f0ad412f91ef319bf0c23b38 - - default default] Successfully bumped revision number for resource fb59d6af-8368-4a86-a8fd-de5fb456830e (type: security_group_rules) to 0
2026-06-26 04:49:47.302 10 INFO neutron.db.segments_db [None req-22575c27-238d-45e1-81b8-b364673b00e6 0f19afc84ac44417a7a52e56bdcd6b44 35178ba0f0ad412f91ef319bf0c23b38 - - default default] Added segment 260b6471-765d-4d8b-85b1-3911789267f5 of type geneve for network 19d4289d-0e5d-460b-b0f0-3a56c0e222c4
2026-06-26 04:49:47.679 10 INFO neutron.db.ovn_revision_numbers_db [None req-22575c27-238d-45e1-81b8-b364673b00e6 0f19afc84ac44417a7a52e56bdcd6b44 35178ba0f0ad412f91ef319bf0c23b38 - - default default] Successfully bumped revision number for resource 19d4289d-0e5d-460b-b0f0-3a56c0e222c4 (type: networks) to 1
2026-06-26 04:49:47.856 10 WARNING neutron.scheduler.dhcp_agent_scheduler [None req-22575c27-238d-45e1-81b8-b364673b00e6 0f19afc84ac44417a7a52e56bdcd6b44 35178ba0f0ad412f91ef319bf0c23b38 - - default default] No more DHCP agents
2026-06-26 04:49:47.859 10 WARNING neutron.api.rpc.agentnotifiers.dhcp_rpc_agent_api [None req-22575c27-238d-45e1-81b8-b364673b00e6 0f19afc84ac44417a7a52e56bdcd6b44 35178ba0f0ad412f91ef319bf0c23b38 - - default default] Unable to schedule network 19d4289d-0e5d-460b-b0f0-3a56c0e222c4: no agents available; will retry on subsequent port and subnet creation events.
2026-06-26 04:49:47.970 10 INFO neutron.db.ovn_revision_numbers_db [None req-22575c27-238d-45e1-81b8-b364673b00e6 0f19afc84ac44417a7a52e56bdcd6b44 35178ba0f0ad412f91ef319bf0c23b38 - - default default] Successfully bumped revision number for resource 3ebf9a26-1ff0-4ba0-9f39-1522fbd3056d (type: ports) to 1
2026-06-26 04:49:47.999 10 INFO neutron.wsgi [None req-22575c27-238d-45e1-81b8-b364673b00e6 0f19afc84ac44417a7a52e56bdcd6b44 35178ba0f0ad412f91ef319bf0c23b38 - - default default] 10.0.0.211 "POST /v2.0/networks HTTP/1.1" status: 201 len: 942 time: 1.1531372
2026-06-26 04:49:48.165 10 WARNING neutron.scheduler.dhcp_agent_scheduler [None req-4744a9ba-c307-481c-8fff-9980bcbb82fe 0f19afc84ac44417a7a52e56bdcd6b44 35178ba0f0ad412f91ef319bf0c23b38 - - default default] No more DHCP agents
2026-06-26 04:49:48.168 10 WARNING neutron.api.rpc.agentnotifiers.dhcp_rpc_agent_api [None req-4744a9ba-c307-481c-8fff-9980bcbb82fe 0f19afc84ac44417a7a52e56bdcd6b44 35178ba0f0ad412f91ef319bf0c23b38 - - default default] Unable to schedule network 19d4289d-0e5d-460b-b0f0-3a56c0e222c4: no agents available; will retry on subsequent port and subnet creation events.
2026-06-26 04:49:48.654 10 INFO neutron.db.ovn_revision_numbers_db [None req-4744a9ba-c307-481c-8fff-9980bcbb82fe 0f19afc84ac44417a7a52e56bdcd6b44 35178ba0f0ad412f91ef319bf0c23b38 - - default default] Successfully bumped revision number for resource 3ebf9a26-1ff0-4ba0-9f39-1522fbd3056d (type: ports) to 2
2026-06-26 04:49:48.702 10 INFO neutron.db.ovn_revision_numbers_db [None req-4744a9ba-c307-481c-8fff-9980bcbb82fe 0f19afc84ac44417a7a52e56bdcd6b44 35178ba0f0ad412f91ef319bf0c23b38 - - default default] Successfully bumped revision number for resource 03d9db4c-9ead-4e71-ae6e-d0c0e74d4982 (type: subnets) to 0
2026-06-26 04:49:48.724 10 INFO neutron.wsgi [None req-4744a9ba-c307-481c-8fff-9980bcbb82fe 0f19afc84ac44417a7a52e56bdcd6b44 35178ba0f0ad412f91ef319bf0c23b38 - - default default] 10.0.0.211 "POST /v2.0/subnets HTTP/1.1" status: 201 len: 863 time: 0.7207668 /var/lib/openstack/lib/python3.10/site-packages/pycadf/identifier.py:71: UserWarning: Invalid uuid: neutron. To ensure interoperability, identifiers should be a valid uuid. warnings.warn(('Invalid uuid: %s. To ensure interoperability, '
2026-06-26 04:49:49.455 11 WARNING neutron.scheduler.dhcp_agent_scheduler [None req-f5f38068-9e84-4e6d-891f-694fdb6c1b24 0f19afc84ac44417a7a52e56bdcd6b44 35178ba0f0ad412f91ef319bf0c23b38 - - default default] No more DHCP agents
2026-06-26 04:49:49.457 11 WARNING neutron.api.rpc.agentnotifiers.dhcp_rpc_agent_api [None req-f5f38068-9e84-4e6d-891f-694fdb6c1b24 0f19afc84ac44417a7a52e56bdcd6b44 35178ba0f0ad412f91ef319bf0c23b38 - - default default] Unable to schedule network 343a9edb-8ec8-4aef-b6e3-8eda2ecc2105: no agents available; will retry on subsequent port and subnet creation events.
2026-06-26 04:49:49.631 11 INFO neutron.db.ovn_revision_numbers_db [None req-f5f38068-9e84-4e6d-891f-694fdb6c1b24 0f19afc84ac44417a7a52e56bdcd6b44 35178ba0f0ad412f91ef319bf0c23b38 - - default default] Successfully bumped revision number for resource 6f11f4ea-2fe9-4d7f-842d-d6e308204ba8 (type: ports) to 1
2026-06-26 04:49:50.277 11 INFO neutron.plugins.ml2.drivers.ovn.mech_driver.mech_driver [None req-f217a9be-5b29-464f-9a5a-5afee2642517 - - - - - -] OVN reports status up for port: 6f11f4ea-2fe9-4d7f-842d-d6e308204ba8
2026-06-26 04:49:50.294 10 INFO neutron.plugins.ml2.drivers.ovn.mech_driver.ovsdb.ovsdb_monitor [None req-b1537d26-9290-4c0d-aad2-c395af22659f - - - - - -] Router 93196c45-7564-499c-8224-e9c417003ae2 is bound to host instance
2026-06-26 04:49:50.295 11 INFO neutron.plugins.ml2.plugin [None req-f217a9be-5b29-464f-9a5a-5afee2642517 - - - - - -] Attempt 1 to provision port 6f11f4ea-2fe9-4d7f-842d-d6e308204ba8
2026-06-26 04:49:50.309 11 INFO neutron.db.ovn_revision_numbers_db [None req-f5f38068-9e84-4e6d-891f-694fdb6c1b24 0f19afc84ac44417a7a52e56bdcd6b44 35178ba0f0ad412f91ef319bf0c23b38 - - default default] Successfully bumped revision number for resource 6f11f4ea-2fe9-4d7f-842d-d6e308204ba8 (type: router_ports) to 1
2026-06-26 04:49:50.397 11 INFO neutron.db.ovn_revision_numbers_db [None req-f5f38068-9e84-4e6d-891f-694fdb6c1b24 0f19afc84ac44417a7a52e56bdcd6b44 35178ba0f0ad412f91ef319bf0c23b38 - - default default] Successfully bumped revision number for resource 93196c45-7564-499c-8224-e9c417003ae2 (type: routers) to 2
2026-06-26 04:49:50.410 11 INFO neutron.wsgi [None req-f5f38068-9e84-4e6d-891f-694fdb6c1b24 0f19afc84ac44417a7a52e56bdcd6b44 35178ba0f0ad412f91ef319bf0c23b38 - - default default] 10.0.0.211 "POST /v2.0/routers HTTP/1.1" status: 201 len: 874 time: 1.6767905
2026-06-26 04:49:50.808 11 WARNING neutron.scheduler.dhcp_agent_scheduler [None req-d4e02e85-95ad-493d-a916-b291a38f0267 0f19afc84ac44417a7a52e56bdcd6b44 35178ba0f0ad412f91ef319bf0c23b38 - - default default] No more DHCP agents
2026-06-26 04:49:50.810 11 WARNING neutron.api.rpc.agentnotifiers.dhcp_rpc_agent_api [None req-d4e02e85-95ad-493d-a916-b291a38f0267 0f19afc84ac44417a7a52e56bdcd6b44 35178ba0f0ad412f91ef319bf0c23b38 - - default default] Unable to schedule network 19d4289d-0e5d-460b-b0f0-3a56c0e222c4: no agents available; will retry on subsequent port and subnet creation events.
2026-06-26 04:49:50.824 10 INFO neutron.db.ovn_revision_numbers_db [None req-b1537d26-9290-4c0d-aad2-c395af22659f - - - - - -] Successfully bumped revision number for resource 6f11f4ea-2fe9-4d7f-842d-d6e308204ba8 (type: ports) to 1
2026-06-26 04:49:50.934 11 INFO neutron.db.ovn_revision_numbers_db [None req-d4e02e85-95ad-493d-a916-b291a38f0267 0f19afc84ac44417a7a52e56bdcd6b44 35178ba0f0ad412f91ef319bf0c23b38 - - default default] Successfully bumped revision number for resource 3dd629ae-ab26-4ed8-b50c-d7c85b1cce11 (type: ports) to 1
2026-06-26 04:49:51.058 10 INFO neutron.db.ovn_revision_numbers_db [None req-b1537d26-9290-4c0d-aad2-c395af22659f - - - - - -] Successfully bumped revision number for resource 6f11f4ea-2fe9-4d7f-842d-d6e308204ba8 (type: router_ports) to 3
2026-06-26 04:49:51.218 10 INFO neutron.db.ovn_revision_numbers_db [None req-b1537d26-9290-4c0d-aad2-c395af22659f - - - - - -] Successfully bumped revision number for resource 6f11f4ea-2fe9-4d7f-842d-d6e308204ba8 (type: ports) to 2
2026-06-26 04:49:51.309 11 INFO neutron.wsgi [None req-950f60c4-6109-48ba-9a6a-45c90581e56d 0f19afc84ac44417a7a52e56bdcd6b44 35178ba0f0ad412f91ef319bf0c23b38 - - default default] 199.204.45.23 "GET /v2.0/extensions/security-group HTTP/1.1" status: 200 len: 369 time: 0.0573320
2026-06-26 04:49:51.321 11 INFO neutron.wsgi [None req-76bf47c7-ae00-4f09-b408-b6e9f900a139 0f19afc84ac44417a7a52e56bdcd6b44 35178ba0f0ad412f91ef319bf0c23b38 - - default default] 199.204.45.23 "GET /v2.0/extensions/dns-integration HTTP/1.1" status: 200 len: 371 time: 0.0039918
2026-06-26 04:49:51.337 11 INFO neutron.wsgi [None req-3496c177-8b46-4480-8ce8-367d39ef769e 0f19afc84ac44417a7a52e56bdcd6b44 35178ba0f0ad412f91ef319bf0c23b38 - - default default] 199.204.45.23 "GET /v2.0/extensions/qos HTTP/1.1" status: 200 len: 365 time: 0.0051241
2026-06-26 04:49:51.348 11 INFO neutron.wsgi [None req-342b16a1-43de-49de-ae31-b8042dd456bd 0f19afc84ac44417a7a52e56bdcd6b44 35178ba0f0ad412f91ef319bf0c23b38 - - default default] 199.204.45.23 "GET /v2.0/extensions/allowed-address-pairs HTTP/1.1" status: 200 len: 383 time: 0.0053530
2026-06-26 04:49:51.363 11 INFO neutron.db.ovn_revision_numbers_db [None req-d4e02e85-95ad-493d-a916-b291a38f0267 0f19afc84ac44417a7a52e56bdcd6b44 35178ba0f0ad412f91ef319bf0c23b38 - - default default] Successfully bumped revision number for resource 3dd629ae-ab26-4ed8-b50c-d7c85b1cce11 (type: router_ports) to 1
2026-06-26 04:49:51.470 11 INFO neutron.api.v2.resource [None req-63756542-d0eb-454d-8731-aed87a957ca8 0f19afc84ac44417a7a52e56bdcd6b44 35178ba0f0ad412f91ef319bf0c23b38 - - default default] show failed (client error): The resource could not be found.
2026-06-26 04:49:51.470 10 INFO neutron.db.ovn_revision_numbers_db [None req-b1537d26-9290-4c0d-aad2-c395af22659f - - - - - -] Successfully bumped revision number for resource 6f11f4ea-2fe9-4d7f-842d-d6e308204ba8 (type: ports) to 4
2026-06-26 04:49:51.471 11 INFO neutron.wsgi [None req-63756542-d0eb-454d-8731-aed87a957ca8 0f19afc84ac44417a7a52e56bdcd6b44 35178ba0f0ad412f91ef319bf0c23b38 - - default default] 199.204.45.23 "GET /v2.0/security-groups/lb-8f8b6124-d6e9-4b7b-8722-fae94cb5161d HTTP/1.1" status: 404 len: 355 time: 0.0213470
2026-06-26 04:49:51.519 11 INFO neutron.wsgi [None req-4b10e2bd-558b-4035-b51b-f5e6875f2a39 0f19afc84ac44417a7a52e56bdcd6b44 35178ba0f0ad412f91ef319bf0c23b38 - - default default] 199.204.45.23 "GET /v2.0/security-groups?name=lb-8f8b6124-d6e9-4b7b-8722-fae94cb5161d HTTP/1.1" status: 200 len: 1775 time: 0.0432866
2026-06-26 04:49:51.535 11 INFO neutron.db.ovn_revision_numbers_db [None req-d4e02e85-95ad-493d-a916-b291a38f0267 0f19afc84ac44417a7a52e56bdcd6b44 35178ba0f0ad412f91ef319bf0c23b38 - - default default] Successfully bumped revision number for resource 3dd629ae-ab26-4ed8-b50c-d7c85b1cce11 (type: ports) to 1
2026-06-26 04:49:51.559 11 INFO neutron.wsgi [None req-14e712c1-da85-4dbe-8826-95fcba1bbf5f 0f19afc84ac44417a7a52e56bdcd6b44 35178ba0f0ad412f91ef319bf0c23b38 - - default default] 199.204.45.23 "GET /v2.0/security-group-rules?security_group_id=8d9562f5-408f-4eaa-940a-88d55bd8d861 HTTP/1.1" status: 200 len: 1318 time: 0.0345919
2026-06-26 04:49:51.628 11 WARNING neutron.scheduler.dhcp_agent_scheduler [None req-d4e02e85-95ad-493d-a916-b291a38f0267 0f19afc84ac44417a7a52e56bdcd6b44 35178ba0f0ad412f91ef319bf0c23b38 - - default default] No more DHCP agents
2026-06-26 04:49:51.630 11 WARNING neutron.api.rpc.agentnotifiers.dhcp_rpc_agent_api [None req-d4e02e85-95ad-493d-a916-b291a38f0267 0f19afc84ac44417a7a52e56bdcd6b44 35178ba0f0ad412f91ef319bf0c23b38 - - default default] Unable to schedule network 19d4289d-0e5d-460b-b0f0-3a56c0e222c4: no agents available; will retry on subsequent port and subnet creation events.
2026-06-26 04:49:51.678 10 INFO neutron.db.ovn_revision_numbers_db [None req-b1537d26-9290-4c0d-aad2-c395af22659f - - - - - -] Successfully bumped revision number for resource 6f11f4ea-2fe9-4d7f-842d-d6e308204ba8 (type: router_ports) to 4
2026-06-26 04:49:51.884 10 INFO neutron.db.ovn_revision_numbers_db [None req-b1537d26-9290-4c0d-aad2-c395af22659f - - - - - -] Successfully bumped revision number for resource 7c32f8f8-de90-49e2-970c-e35239667ab7 (type: ports) to 4
2026-06-26 04:49:52.025 11 INFO neutron.db.ovn_revision_numbers_db [None req-87d7588c-2e1c-4fc4-a62e-c98eecb96c7c 0f19afc84ac44417a7a52e56bdcd6b44 35178ba0f0ad412f91ef319bf0c23b38 - - default default] Successfully bumped revision number for resource 93770213-761c-4c69-bcd2-af6f1505536b (type: security_group_rules) to 0
2026-06-26 04:49:52.057 11 INFO neutron.wsgi [None req-87d7588c-2e1c-4fc4-a62e-c98eecb96c7c 0f19afc84ac44417a7a52e56bdcd6b44 35178ba0f0ad412f91ef319bf0c23b38 - - default default] 199.204.45.23 "POST /v2.0/security-group-rules HTTP/1.1" status: 201 len: 773 time: 0.4857409
2026-06-26 04:49:52.254 11 INFO neutron.db.ovn_revision_numbers_db [None req-9f874300-80f0-4449-b630-f211c6bd65fb 0f19afc84ac44417a7a52e56bdcd6b44 35178ba0f0ad412f91ef319bf0c23b38 - - default default] Successfully bumped revision number for resource ae2d396b-285f-4dc6-9228-5c76f41663aa (type: security_group_rules) to 0
2026-06-26 04:49:52.300 11 INFO neutron.wsgi [None req-9f874300-80f0-4449-b630-f211c6bd65fb 0f19afc84ac44417a7a52e56bdcd6b44 35178ba0f0ad412f91ef319bf0c23b38 - - default default] 199.204.45.23 "POST /v2.0/security-group-rules HTTP/1.1" status: 201 len: 769 time: 0.2350080
2026-06-26 04:49:52.509 11 INFO neutron.db.ovn_revision_numbers_db [None req-d4e02e85-95ad-493d-a916-b291a38f0267 0f19afc84ac44417a7a52e56bdcd6b44 35178ba0f0ad412f91ef319bf0c23b38 - - default default] Successfully bumped revision number for resource 3dd629ae-ab26-4ed8-b50c-d7c85b1cce11 (type: router_ports) to 1
2026-06-26 04:49:52.513 11 INFO neutron.wsgi [None req-d4e02e85-95ad-493d-a916-b291a38f0267 0f19afc84ac44417a7a52e56bdcd6b44 35178ba0f0ad412f91ef319bf0c23b38 - - default default] 10.0.0.211 "PUT /v2.0/routers/93196c45-7564-499c-8224-e9c417003ae2/add_router_interface HTTP/1.1" status: 200 len: 503 time: 2.0973170
2026-06-26 04:49:52.629 11 INFO neutron.plugins.ml2.drivers.ovn.mech_driver.mech_driver [None req-f217a9be-5b29-464f-9a5a-5afee2642517 - - - - - -] OVN reports status up for port: 3dd629ae-ab26-4ed8-b50c-d7c85b1cce11
2026-06-26 04:49:52.636 11 INFO neutron.plugins.ml2.plugin [None req-f217a9be-5b29-464f-9a5a-5afee2642517 - - - - - -] Attempt 1 to provision port 3dd629ae-ab26-4ed8-b50c-d7c85b1cce11
2026-06-26 04:49:52.935 11 INFO neutron.db.ovn_revision_numbers_db [None req-f217a9be-5b29-464f-9a5a-5afee2642517 - - - - - -] Successfully bumped revision number for resource 3dd629ae-ab26-4ed8-b50c-d7c85b1cce11 (type: ports) to 2
2026-06-26 04:49:53.010 11 INFO neutron.db.ovn_revision_numbers_db [None req-f217a9be-5b29-464f-9a5a-5afee2642517 - - - - - -] Successfully bumped revision number for resource 3dd629ae-ab26-4ed8-b50c-d7c85b1cce11 (type: router_ports) to 2
2026-06-26 04:49:53.676 10 INFO neutron.db.ovn_revision_numbers_db [None req-685a21cd-9e8b-44a6-a973-3f8e7fe7d7a9 0f19afc84ac44417a7a52e56bdcd6b44 35178ba0f0ad412f91ef319bf0c23b38 - - default default] Successfully bumped revision number for resource 4a9dca4e-e790-44c2-85e7-8767a17bc444 (type: security_groups) to 1
2026-06-26 04:49:53.691 10 INFO neutron.db.ovn_revision_numbers_db [None req-685a21cd-9e8b-44a6-a973-3f8e7fe7d7a9 0f19afc84ac44417a7a52e56bdcd6b44 35178ba0f0ad412f91ef319bf0c23b38 - - default default] Successfully bumped revision number for resource 1395e1c0-3e22-49cc-8914-e950d6c19fb8 (type: security_group_rules) to 0
2026-06-26 04:49:53.714 10 INFO neutron.db.ovn_revision_numbers_db [None req-685a21cd-9e8b-44a6-a973-3f8e7fe7d7a9 0f19afc84ac44417a7a52e56bdcd6b44 35178ba0f0ad412f91ef319bf0c23b38 - - default default] Successfully bumped revision number for resource 5c8c5eae-ec79-4cd9-a599-157af42d7630 (type: security_group_rules) to 0
2026-06-26 04:49:53.729 10 INFO neutron.db.ovn_revision_numbers_db [None req-685a21cd-9e8b-44a6-a973-3f8e7fe7d7a9 0f19afc84ac44417a7a52e56bdcd6b44 35178ba0f0ad412f91ef319bf0c23b38 - - default default] Successfully bumped revision number for resource a28348e7-4d5f-4401-a209-d9fc4e000b88 (type: security_group_rules) to 0
2026-06-26 04:49:53.744 10 INFO neutron.db.ovn_revision_numbers_db [None req-685a21cd-9e8b-44a6-a973-3f8e7fe7d7a9 0f19afc84ac44417a7a52e56bdcd6b44 35178ba0f0ad412f91ef319bf0c23b38 - - default default] Successfully bumped revision number for resource ab737061-010e-4f16-a23e-7910bcc25c4a (type: security_group_rules) to 0
2026-06-26 04:49:53.811 10 INFO neutron.db.segments_db [None req-685a21cd-9e8b-44a6-a973-3f8e7fe7d7a9 0f19afc84ac44417a7a52e56bdcd6b44 35178ba0f0ad412f91ef319bf0c23b38 - - default default] Added segment f8d120dd-7411-4a5d-a6a3-b15a186e7d53 of type geneve for network 758df02f-a388-4ca5-af58-235c506522ab
2026-06-26 04:49:53.953 10 INFO neutron.db.ovn_revision_numbers_db [None req-685a21cd-9e8b-44a6-a973-3f8e7fe7d7a9 0f19afc84ac44417a7a52e56bdcd6b44 35178ba0f0ad412f91ef319bf0c23b38 - - default default] Successfully bumped revision number for resource 758df02f-a388-4ca5-af58-235c506522ab (type: networks) to 1
2026-06-26 04:49:54.130 10 WARNING neutron.scheduler.dhcp_agent_scheduler [None req-685a21cd-9e8b-44a6-a973-3f8e7fe7d7a9 0f19afc84ac44417a7a52e56bdcd6b44 35178ba0f0ad412f91ef319bf0c23b38 - - default default] No more DHCP agents
2026-06-26 04:49:54.134 10 WARNING neutron.api.rpc.agentnotifiers.dhcp_rpc_agent_api [None req-685a21cd-9e8b-44a6-a973-3f8e7fe7d7a9 0f19afc84ac44417a7a52e56bdcd6b44 35178ba0f0ad412f91ef319bf0c23b38 - - default default] Unable to schedule network 758df02f-a388-4ca5-af58-235c506522ab: no agents available; will retry on subsequent port and subnet creation events.
2026-06-26 04:49:54.232 10 INFO neutron.db.ovn_revision_numbers_db [None req-685a21cd-9e8b-44a6-a973-3f8e7fe7d7a9 0f19afc84ac44417a7a52e56bdcd6b44 35178ba0f0ad412f91ef319bf0c23b38 - - default default] Successfully bumped revision number for resource 0e736d41-5c04-434b-ab8c-1fac57a1836b (type: ports) to 1
2026-06-26 04:49:54.254 10 INFO neutron.wsgi [None req-685a21cd-9e8b-44a6-a973-3f8e7fe7d7a9 0f19afc84ac44417a7a52e56bdcd6b44 35178ba0f0ad412f91ef319bf0c23b38 - - default default] 10.0.0.211 "POST /v2.0/networks HTTP/1.1" status: 201 len: 943 time: 0.7190018
2026-06-26 04:49:54.424 10 WARNING neutron.scheduler.dhcp_agent_scheduler [None req-367b2ac7-4e8a-49e9-b230-c61a36075d75 0f19afc84ac44417a7a52e56bdcd6b44 35178ba0f0ad412f91ef319bf0c23b38 - - default default] No more DHCP agents
2026-06-26 04:49:54.426 10 WARNING neutron.api.rpc.agentnotifiers.dhcp_rpc_agent_api [None req-367b2ac7-4e8a-49e9-b230-c61a36075d75 0f19afc84ac44417a7a52e56bdcd6b44 35178ba0f0ad412f91ef319bf0c23b38 - - default default] Unable to schedule network 758df02f-a388-4ca5-af58-235c506522ab: no agents available; will retry on subsequent port and subnet creation events.
2026-06-26 04:49:54.960 10 INFO neutron.db.ovn_revision_numbers_db [None req-367b2ac7-4e8a-49e9-b230-c61a36075d75 0f19afc84ac44417a7a52e56bdcd6b44 35178ba0f0ad412f91ef319bf0c23b38 - - default default] Successfully bumped revision number for resource 0e736d41-5c04-434b-ab8c-1fac57a1836b (type: ports) to 2
2026-06-26 04:49:54.994 10 INFO neutron.db.ovn_revision_numbers_db [None req-367b2ac7-4e8a-49e9-b230-c61a36075d75 0f19afc84ac44417a7a52e56bdcd6b44 35178ba0f0ad412f91ef319bf0c23b38 - - default default] Successfully bumped revision number for resource 95d25e51-574e-455e-a5ee-35a96a02def4 (type: subnets) to 0
2026-06-26 04:49:55.015 10 INFO neutron.wsgi [None req-367b2ac7-4e8a-49e9-b230-c61a36075d75 0f19afc84ac44417a7a52e56bdcd6b44 35178ba0f0ad412f91ef319bf0c23b38 - - default default] 10.0.0.211 "POST /v2.0/subnets HTTP/1.1" status: 201 len: 863 time: 0.7555790
2026-06-26 04:49:55.436 10 WARNING neutron.scheduler.dhcp_agent_scheduler [None req-0de48c7e-ec1a-4df0-8fbb-379d894e9336 0f19afc84ac44417a7a52e56bdcd6b44 35178ba0f0ad412f91ef319bf0c23b38 - - default default] No more DHCP agents
2026-06-26 04:49:55.438 10 WARNING neutron.api.rpc.agentnotifiers.dhcp_rpc_agent_api [None req-0de48c7e-ec1a-4df0-8fbb-379d894e9336 0f19afc84ac44417a7a52e56bdcd6b44 35178ba0f0ad412f91ef319bf0c23b38 - - default default] Unable to schedule network 343a9edb-8ec8-4aef-b6e3-8eda2ecc2105: no agents available; will retry on subsequent port and subnet creation events.
2026-06-26 04:49:55.586 10 INFO neutron.db.ovn_revision_numbers_db [None req-0de48c7e-ec1a-4df0-8fbb-379d894e9336 0f19afc84ac44417a7a52e56bdcd6b44 35178ba0f0ad412f91ef319bf0c23b38 - - default default] Successfully bumped revision number for resource 4617e7e9-b763-435f-bce9-6a2e69c28946 (type: ports) to 1
2026-06-26 04:49:56.409 10 INFO neutron.plugins.ml2.drivers.ovn.mech_driver.ovsdb.ovsdb_monitor [None req-b1537d26-9290-4c0d-aad2-c395af22659f - - - - - -] Router c09cb8f2-75ac-4dfe-a127-001a03a0f848 is bound to host instance
2026-06-26 04:49:56.433 10 INFO neutron.db.ovn_revision_numbers_db [None req-0de48c7e-ec1a-4df0-8fbb-379d894e9336 0f19afc84ac44417a7a52e56bdcd6b44 35178ba0f0ad412f91ef319bf0c23b38 - - default default] Successfully bumped revision number for resource 4617e7e9-b763-435f-bce9-6a2e69c28946 (type: router_ports) to 1
2026-06-26 04:49:56.518 10 INFO neutron.db.ovn_revision_numbers_db [None req-0de48c7e-ec1a-4df0-8fbb-379d894e9336 0f19afc84ac44417a7a52e56bdcd6b44 35178ba0f0ad412f91ef319bf0c23b38 - - default default] Successfully bumped revision number for resource c09cb8f2-75ac-4dfe-a127-001a03a0f848 (type: routers) to 2
2026-06-26 04:49:56.533 10 INFO neutron.wsgi [None req-0de48c7e-ec1a-4df0-8fbb-379d894e9336 0f19afc84ac44417a7a52e56bdcd6b44 35178ba0f0ad412f91ef319bf0c23b38 - - default default] 10.0.0.211 "POST /v2.0/routers HTTP/1.1" status: 201 len: 874 time: 1.5128038
2026-06-26 04:49:56.908 10 INFO neutron.db.ovn_revision_numbers_db [None req-b1537d26-9290-4c0d-aad2-c395af22659f - - - - - -] Successfully bumped revision number for resource 4617e7e9-b763-435f-bce9-6a2e69c28946 (type: ports) to 1
2026-06-26 04:49:56.960 11 WARNING neutron.scheduler.dhcp_agent_scheduler [None req-6bbbffec-bce0-4546-99ea-778422eebe57 0f19afc84ac44417a7a52e56bdcd6b44 35178ba0f0ad412f91ef319bf0c23b38 - - default default] No more DHCP agents
2026-06-26 04:49:56.961 11 WARNING neutron.api.rpc.agentnotifiers.dhcp_rpc_agent_api [None req-6bbbffec-bce0-4546-99ea-778422eebe57 0f19afc84ac44417a7a52e56bdcd6b44 35178ba0f0ad412f91ef319bf0c23b38 - - default default] Unable to schedule network 758df02f-a388-4ca5-af58-235c506522ab: no agents available; will retry on subsequent port and subnet creation events.
2026-06-26 04:49:57.081 10 INFO neutron.db.ovn_revision_numbers_db [None req-b1537d26-9290-4c0d-aad2-c395af22659f - - - - - -] Successfully bumped revision number for resource 4617e7e9-b763-435f-bce9-6a2e69c28946 (type: router_ports) to 3
2026-06-26 04:49:57.091 11 INFO neutron.db.ovn_revision_numbers_db [None req-6bbbffec-bce0-4546-99ea-778422eebe57 0f19afc84ac44417a7a52e56bdcd6b44 35178ba0f0ad412f91ef319bf0c23b38 - - default default] Successfully bumped revision number for resource f342c32f-d7ee-49e3-9509-cc6fb6d96b74 (type: ports) to 1
2026-06-26 04:49:57.243 10 INFO neutron.db.ovn_revision_numbers_db [None req-b1537d26-9290-4c0d-aad2-c395af22659f - - - - - -] Successfully bumped revision number for resource 4617e7e9-b763-435f-bce9-6a2e69c28946 (type: ports) to 2
2026-06-26 04:49:57.445 10 INFO neutron.plugins.ml2.drivers.ovn.mech_driver.mech_driver [None req-f81445b7-0796-430c-8397-97ef11356779 - - - - - -] OVN reports status up for port: f342c32f-d7ee-49e3-9509-cc6fb6d96b74
2026-06-26 04:49:57.455 10 INFO neutron.plugins.ml2.plugin [None req-f81445b7-0796-430c-8397-97ef11356779 - - - - - -] Attempt 1 to provision port f342c32f-d7ee-49e3-9509-cc6fb6d96b74
2026-06-26 04:49:57.472 11 INFO neutron.db.ovn_revision_numbers_db [None req-6bbbffec-bce0-4546-99ea-778422eebe57 0f19afc84ac44417a7a52e56bdcd6b44 35178ba0f0ad412f91ef319bf0c23b38 - - default default] Successfully bumped revision number for resource f342c32f-d7ee-49e3-9509-cc6fb6d96b74 (type: router_ports) to 1
2026-06-26 04:49:57.503 10 INFO neutron.db.ovn_revision_numbers_db [None req-b1537d26-9290-4c0d-aad2-c395af22659f - - - - - -] Successfully bumped revision number for resource 4617e7e9-b763-435f-bce9-6a2e69c28946 (type: ports) to 4
2026-06-26 04:49:57.619 11 INFO neutron.db.ovn_revision_numbers_db [None req-6bbbffec-bce0-4546-99ea-778422eebe57 0f19afc84ac44417a7a52e56bdcd6b44 35178ba0f0ad412f91ef319bf0c23b38 - - default default] Successfully bumped revision number for resource f342c32f-d7ee-49e3-9509-cc6fb6d96b74 (type: ports) to 1
2026-06-26 04:49:57.685 11 WARNING neutron.scheduler.dhcp_agent_scheduler [None req-6bbbffec-bce0-4546-99ea-778422eebe57 0f19afc84ac44417a7a52e56bdcd6b44 35178ba0f0ad412f91ef319bf0c23b38 - - default default] No more DHCP agents
2026-06-26 04:49:57.686 11 WARNING neutron.api.rpc.agentnotifiers.dhcp_rpc_agent_api [None req-6bbbffec-bce0-4546-99ea-778422eebe57 0f19afc84ac44417a7a52e56bdcd6b44 35178ba0f0ad412f91ef319bf0c23b38 - - default default] Unable to schedule network 758df02f-a388-4ca5-af58-235c506522ab: no agents available; will retry on subsequent port and subnet creation events.
2026-06-26 04:49:57.772 10 INFO neutron.db.ovn_revision_numbers_db [None req-b1537d26-9290-4c0d-aad2-c395af22659f - - - - - -] Successfully bumped revision number for resource 4617e7e9-b763-435f-bce9-6a2e69c28946 (type: router_ports) to 4
2026-06-26 04:49:57.844 10 INFO neutron.db.ovn_revision_numbers_db [None req-f81445b7-0796-430c-8397-97ef11356779 - - - - - -] Successfully bumped revision number for resource f342c32f-d7ee-49e3-9509-cc6fb6d96b74 (type: ports) to 2
2026-06-26 04:49:57.915 10 INFO neutron.db.ovn_revision_numbers_db [None req-f81445b7-0796-430c-8397-97ef11356779 - - - - - -] Successfully bumped revision number for resource f342c32f-d7ee-49e3-9509-cc6fb6d96b74 (type: router_ports) to 2
2026-06-26 04:49:57.963 11 INFO neutron.wsgi [-] 10.0.0.102 "GET / HTTP/1.1" status: 200 len: 247 time: 0.0013058
2026-06-26 04:49:57.963 10 INFO neutron.wsgi [-] 10.0.0.102 "GET / HTTP/1.1" status: 200 len: 247 time: 0.0020609
2026-06-26 04:49:58.314 11 INFO neutron.db.ovn_revision_numbers_db [None req-6bbbffec-bce0-4546-99ea-778422eebe57 0f19afc84ac44417a7a52e56bdcd6b44 35178ba0f0ad412f91ef319bf0c23b38 - - default default] Successfully bumped revision number for resource f342c32f-d7ee-49e3-9509-cc6fb6d96b74 (type: router_ports) to 2
2026-06-26 04:49:58.317 11 INFO neutron.wsgi [None req-6bbbffec-bce0-4546-99ea-778422eebe57 0f19afc84ac44417a7a52e56bdcd6b44 35178ba0f0ad412f91ef319bf0c23b38 - - default default] 10.0.0.211 "PUT /v2.0/routers/c09cb8f2-75ac-4dfe-a127-001a03a0f848/add_router_interface HTTP/1.1" status: 200 len: 503 time: 1.7770545
2026-06-26 04:49:58.964 11 WARNING neutron.plugins.ml2.drivers.ovn.mech_driver.ovsdb.ovn_client [None req-f217a9be-5b29-464f-9a5a-5afee2642517 - - - - - -] No hosting information found for port 3dd629ae-ab26-4ed8-b50c-d7c85b1cce11: RuntimeError: No hosting information found for port 3dd629ae-ab26-4ed8-b50c-d7c85b1cce11
2026-06-26 04:49:58.964 11 INFO neutron.plugins.ml2.drivers.ovn.mech_driver.mech_driver [None req-f217a9be-5b29-464f-9a5a-5afee2642517 - - - - - -] OVN reports status up for port: 4617e7e9-b763-435f-bce9-6a2e69c28946
2026-06-26 04:49:58.977 11 INFO neutron.plugins.ml2.plugin [None req-f217a9be-5b29-464f-9a5a-5afee2642517 - - - - - -] Attempt 1 to provision port 4617e7e9-b763-435f-bce9-6a2e69c28946
2026-06-26 04:49:59.013 11 WARNING neutron_lib.context [None req-d56aeca1-bf3e-4039-a6a7-d2e31d0ae4ba 6bacc8457d524552b4ccbb70fe85a0ae 56a1d987907f4db29bd771081d9284c9 - - default default] Method 'is_advsvc' is deprecated since 2023.2 release (neutron-lib 3.8.0) and will be removed once support for the old RBAC API policies will be removed from Neutron. Please use method 'is_service_role' instead.
2026-06-26 04:49:59.129 11 INFO neutron.db.ovn_revision_numbers_db [None req-d56aeca1-bf3e-4039-a6a7-d2e31d0ae4ba 6bacc8457d524552b4ccbb70fe85a0ae 56a1d987907f4db29bd771081d9284c9 - - default default] Successfully bumped revision number for resource 7c12b5e7-bf31-4b2f-ad98-7306d77968eb (type: security_groups) to 1
2026-06-26 04:49:59.144 11 INFO neutron.db.ovn_revision_numbers_db [None req-d56aeca1-bf3e-4039-a6a7-d2e31d0ae4ba 6bacc8457d524552b4ccbb70fe85a0ae 56a1d987907f4db29bd771081d9284c9 - - default default] Successfully bumped revision number for resource 7c589a15-01e7-4ec9-94c2-37a546f07848 (type: security_group_rules) to 0
2026-06-26 04:49:59.161 11 INFO neutron.db.ovn_revision_numbers_db [None req-d56aeca1-bf3e-4039-a6a7-d2e31d0ae4ba 6bacc8457d524552b4ccbb70fe85a0ae 56a1d987907f4db29bd771081d9284c9 - - default default] Successfully bumped revision number for resource bd0943f0-e843-41f0-a6b6-44fd82a7a4c5 (type: security_group_rules) to 0
2026-06-26 04:49:59.180 11 INFO neutron.wsgi [None req-d56aeca1-bf3e-4039-a6a7-d2e31d0ae4ba 6bacc8457d524552b4ccbb70fe85a0ae 56a1d987907f4db29bd771081d9284c9 - - default default] 10.0.0.211 "POST /v2.0/security-groups HTTP/1.1" status: 201 len: 1809 time: 0.1705050
2026-06-26 04:49:59.190 11 WARNING neutron_lib.context [None req-ed166c51-e19a-4b49-b46b-197b6f00bcea 6bacc8457d524552b4ccbb70fe85a0ae 56a1d987907f4db29bd771081d9284c9 - - default default] Method 'is_advsvc' is deprecated since 2023.2 release (neutron-lib 3.8.0) and will be removed once support for the old RBAC API policies will be removed from Neutron. Please use method 'is_service_role' instead.
2026-06-26 04:49:59.305 11 INFO neutron.db.ovn_revision_numbers_db [None req-ed166c51-e19a-4b49-b46b-197b6f00bcea 6bacc8457d524552b4ccbb70fe85a0ae 56a1d987907f4db29bd771081d9284c9 - - default default] Successfully bumped revision number for resource d5838b3a-28b3-481c-a04c-838abcfd59df (type: security_group_rules) to 0
2026-06-26 04:49:59.330 11 INFO neutron.wsgi [None req-ed166c51-e19a-4b49-b46b-197b6f00bcea 6bacc8457d524552b4ccbb70fe85a0ae 56a1d987907f4db29bd771081d9284c9 - - default default] 10.0.0.211 "POST /v2.0/security-group-rules HTTP/1.1" status: 201 len: 764 time: 0.1453004
2026-06-26 04:49:59.341 11 WARNING neutron_lib.context [None req-c955bd5d-cb52-4031-be19-100ec62c289a 6bacc8457d524552b4ccbb70fe85a0ae 56a1d987907f4db29bd771081d9284c9 - - default default] Method 'is_advsvc' is deprecated since 2023.2 release (neutron-lib 3.8.0) and will be removed once support for the old RBAC API policies will be removed from Neutron. Please use method 'is_service_role' instead.
2026-06-26 04:49:59.455 11 INFO neutron.db.ovn_revision_numbers_db [None req-c955bd5d-cb52-4031-be19-100ec62c289a 6bacc8457d524552b4ccbb70fe85a0ae 56a1d987907f4db29bd771081d9284c9 - - default default] Successfully bumped revision number for resource 88b69440-9dc4-4da4-8a57-4989c00399be (type: security_group_rules) to 0
2026-06-26 04:49:59.465 10 INFO neutron.wsgi [req-91ad10bf-2681-48d6-8f99-7ec9b5435e19 req-a9c408e6-511c-4804-ba27-d5d8e69be18a d314d15e814d449199dcea8348f71246 9eb1c5eba02b4822af306e49c0425440 - - 9dd2a3d6d4b044059814358e15a07fe0 9dd2a3d6d4b044059814358e15a07fe0] 199.204.45.23 "GET /v2.0/ports?device_id=94a687e9-8ebe-4ad5-93da-0aac4f60c992&fields=binding%3Ahost_id&fields=binding%3Avif_type HTTP/1.1" status: 200 len: 265 time: 0.0382776
2026-06-26 04:49:59.479 11 INFO neutron.wsgi [None req-c955bd5d-cb52-4031-be19-100ec62c289a 6bacc8457d524552b4ccbb70fe85a0ae 56a1d987907f4db29bd771081d9284c9 - - default default] 10.0.0.211 "POST /v2.0/security-group-rules HTTP/1.1" status: 201 len: 763 time: 0.1429317
2026-06-26 04:49:59.494 11 WARNING neutron_lib.context [None req-eff209bb-a801-4e38-87e9-ade621eee6a5 6bacc8457d524552b4ccbb70fe85a0ae 56a1d987907f4db29bd771081d9284c9 - - default default] Method 'is_advsvc' is deprecated since 2023.2 release (neutron-lib 3.8.0) and will be removed once support for the old RBAC API policies will be removed from Neutron. Please use method 'is_service_role' instead.
2026-06-26 04:49:59.518 10 INFO neutron.wsgi [req-91ad10bf-2681-48d6-8f99-7ec9b5435e19 req-bc4fdb3c-1144-4723-b0bc-be7f18e6cfee d314d15e814d449199dcea8348f71246 9eb1c5eba02b4822af306e49c0425440 - - 9dd2a3d6d4b044059814358e15a07fe0 9dd2a3d6d4b044059814358e15a07fe0] 199.204.45.23 "GET /v2.0/ports?tenant_id=035df0bfb6484afda99f8152c19947b9&device_id=94a687e9-8ebe-4ad5-93da-0aac4f60c992 HTTP/1.1" status: 200 len: 1634 time: 0.0337164
2026-06-26 04:49:59.581 10 INFO neutron.wsgi [req-91ad10bf-2681-48d6-8f99-7ec9b5435e19 req-28c0ec45-dd5f-459a-99d3-499c7a93403d d314d15e814d449199dcea8348f71246 9eb1c5eba02b4822af306e49c0425440 - - 9dd2a3d6d4b044059814358e15a07fe0 9dd2a3d6d4b044059814358e15a07fe0] 199.204.45.23 "GET /v2.0/networks?id=d9c24e3e-5682-4326-bbaa-79c111fe7556 HTTP/1.1" status: 200 len: 1003 time: 0.0489817
2026-06-26 04:49:59.596 11 INFO neutron.db.ovn_revision_numbers_db [None req-eff209bb-a801-4e38-87e9-ade621eee6a5 6bacc8457d524552b4ccbb70fe85a0ae 56a1d987907f4db29bd771081d9284c9 - - default default] Successfully bumped revision number for resource 2f7363c1-fff5-4b97-8df0-b8670ffa29af (type: security_group_rules) to 0
2026-06-26 04:49:59.617 11 INFO neutron.wsgi [None req-eff209bb-a801-4e38-87e9-ade621eee6a5 6bacc8457d524552b4ccbb70fe85a0ae 56a1d987907f4db29bd771081d9284c9 - - default default] 10.0.0.211 "POST /v2.0/security-group-rules HTTP/1.1" status: 201 len: 769 time: 0.1312466
2026-06-26 04:49:59.625 11 WARNING neutron_lib.context [None req-ce6801ac-bd56-4cc6-89b6-b5cd08099c3a 6bacc8457d524552b4ccbb70fe85a0ae 56a1d987907f4db29bd771081d9284c9 - - default default] Method 'is_advsvc' is deprecated since 2023.2 release (neutron-lib 3.8.0) and will be removed once support for the old RBAC API policies will be removed from Neutron. Please use method 'is_service_role' instead.
2026-06-26 04:49:59.627 10 INFO neutron.wsgi [req-91ad10bf-2681-48d6-8f99-7ec9b5435e19 req-e933ffa6-017e-4f63-9222-0c5c3f70af7b d314d15e814d449199dcea8348f71246 9eb1c5eba02b4822af306e49c0425440 - - 9dd2a3d6d4b044059814358e15a07fe0 9dd2a3d6d4b044059814358e15a07fe0] 199.204.45.23 "GET /v2.0/floatingips?fixed_ip_address=10.2.2.87&port_id=8a49910f-50b4-4233-8082-d2e7a6baa42a HTTP/1.1" status: 200 len: 1058 time: 0.0418086
2026-06-26 04:49:59.653 10 INFO neutron.wsgi [req-91ad10bf-2681-48d6-8f99-7ec9b5435e19 req-5966661b-5a02-4df4-92b5-900871bd08ab d314d15e814d449199dcea8348f71246 9eb1c5eba02b4822af306e49c0425440 - - 9dd2a3d6d4b044059814358e15a07fe0 9dd2a3d6d4b044059814358e15a07fe0] 199.204.45.23 "GET /v2.0/floatingips?fixed_ip_address=fd77%3A1457%3A4cf0%3A26a8%3A%3A33&port_id=8a49910f-50b4-4233-8082-d2e7a6baa42a HTTP/1.1" status: 200 len: 217 time: 0.0199461
2026-06-26 04:49:59.698 10 INFO neutron.wsgi [req-91ad10bf-2681-48d6-8f99-7ec9b5435e19 req-fc5a2f7d-516c-4221-8ab4-d5209f4f3043 d314d15e814d449199dcea8348f71246 9eb1c5eba02b4822af306e49c0425440 - - 9dd2a3d6d4b044059814358e15a07fe0 9dd2a3d6d4b044059814358e15a07fe0] 199.204.45.23 "GET /v2.0/subnets?id=57f744e1-3f2d-494c-a354-0a44cd06e3ae&id=3cf84e4d-6c62-41b4-8729-011643c0d1bd HTTP/1.1" status: 200 len: 1566 time: 0.0377111
2026-06-26 04:49:59.725 10 INFO neutron.wsgi [req-91ad10bf-2681-48d6-8f99-7ec9b5435e19 req-2c383ee7-6dcd-4a3a-b724-c211e7688663 d314d15e814d449199dcea8348f71246 9eb1c5eba02b4822af306e49c0425440 - - 9dd2a3d6d4b044059814358e15a07fe0 9dd2a3d6d4b044059814358e15a07fe0] 199.204.45.23 "GET /v2.0/ports?network_id=d9c24e3e-5682-4326-bbaa-79c111fe7556&device_owner=network%3Adhcp HTTP/1.1" status: 200 len: 210 time: 0.0229471
2026-06-26 04:49:59.741 11 INFO neutron.db.ovn_revision_numbers_db [None req-ce6801ac-bd56-4cc6-89b6-b5cd08099c3a 6bacc8457d524552b4ccbb70fe85a0ae 56a1d987907f4db29bd771081d9284c9 - - default default] Successfully bumped revision number for resource 8dbafafd-252e-4408-8086-410e672c7c17 (type: security_group_rules) to 0
2026-06-26 04:49:59.750 10 INFO neutron.wsgi [req-91ad10bf-2681-48d6-8f99-7ec9b5435e19 req-97489f8c-711e-46ac-8211-4ff3dec3b364 d314d15e814d449199dcea8348f71246 9eb1c5eba02b4822af306e49c0425440 - - 9dd2a3d6d4b044059814358e15a07fe0 9dd2a3d6d4b044059814358e15a07fe0] 199.204.45.23 "GET /v2.0/ports?network_id=d9c24e3e-5682-4326-bbaa-79c111fe7556&device_owner=network%3Adhcp HTTP/1.1" status: 200 len: 210 time: 0.0210931
2026-06-26 04:49:59.773 11 INFO neutron.wsgi [None req-ce6801ac-bd56-4cc6-89b6-b5cd08099c3a 6bacc8457d524552b4ccbb70fe85a0ae 56a1d987907f4db29bd771081d9284c9 - - default default] 10.0.0.211 "POST /v2.0/security-group-rules HTTP/1.1" status: 201 len: 768 time: 0.1514878
2026-06-26 04:49:59.788 11 WARNING neutron_lib.context [None req-570ea7bb-3eac-44b4-8f26-8daa12bb7e79 6bacc8457d524552b4ccbb70fe85a0ae 56a1d987907f4db29bd771081d9284c9 - - default default] Method 'is_advsvc' is deprecated since 2023.2 release (neutron-lib 3.8.0) and will be removed once support for the old RBAC API policies will be removed from Neutron. Please use method 'is_service_role' instead.
