2026-06-26 04:47:45.896 11 INFO neutron.db.ovn_revision_numbers_db [None req-e638fcf6-db83-4d70-9b5d-b7fb54611e75 738a3d2895b14df0991a04e7db23efec 06e4f181efcf43e68845cc52f3976388 - - default default] Successfully bumped revision number for resource ce6bd8fe-dcdb-48e5-9146-19f876bf2383 (type: security_group_rules) to 0
2026-06-26 04:47:45.905 10 INFO neutron.wsgi [req-aa11358e-99ce-4306-b8d3-0ea2329f466e req-c787c48a-8292-4e4e-b0a9-a5b1807c5e2c d314d15e814d449199dcea8348f71246 9eb1c5eba02b4822af306e49c0425440 - - 9dd2a3d6d4b044059814358e15a07fe0 9dd2a3d6d4b044059814358e15a07fe0] 199.204.45.23 "GET /v2.0/networks?id=8b7eeee0-0a05-485b-bdaa-aac5fe07c577 HTTP/1.1" status: 200 len: 1001 time: 0.0686677
2026-06-26 04:47:45.923 11 INFO neutron.db.ovn_revision_numbers_db [None req-e638fcf6-db83-4d70-9b5d-b7fb54611e75 738a3d2895b14df0991a04e7db23efec 06e4f181efcf43e68845cc52f3976388 - - default default] Successfully bumped revision number for resource daa74b85-33e1-437d-9931-de2e534d9635 (type: security_group_rules) to 0
2026-06-26 04:47:45.941 10 INFO neutron.wsgi [req-aa11358e-99ce-4306-b8d3-0ea2329f466e req-c3094a88-0c49-4dfb-ab0c-86b853eeb8aa d314d15e814d449199dcea8348f71246 9eb1c5eba02b4822af306e49c0425440 - - 9dd2a3d6d4b044059814358e15a07fe0 9dd2a3d6d4b044059814358e15a07fe0] 199.204.45.23 "GET /v2.0/floatingips?fixed_ip_address=10.2.1.151&port_id=6f440d67-dd45-4848-af19-49f53bc810de HTTP/1.1" status: 200 len: 217 time: 0.0292902
2026-06-26 04:47:45.967 10 INFO neutron.wsgi [req-aa11358e-99ce-4306-b8d3-0ea2329f466e req-db3adc8d-af51-405e-b251-da4c6ff84382 d314d15e814d449199dcea8348f71246 9eb1c5eba02b4822af306e49c0425440 - - 9dd2a3d6d4b044059814358e15a07fe0 9dd2a3d6d4b044059814358e15a07fe0] 199.204.45.23 "GET /v2.0/floatingips?fixed_ip_address=fd7b%3Af9f7%3Afff%3A4eca%3A%3A12c&port_id=6f440d67-dd45-4848-af19-49f53bc810de HTTP/1.1" status: 200 len: 217 time: 0.0187924
2026-06-26 04:47:45.986 11 INFO neutron.db.segments_db [None req-e638fcf6-db83-4d70-9b5d-b7fb54611e75 738a3d2895b14df0991a04e7db23efec 06e4f181efcf43e68845cc52f3976388 - - default default] Added segment cd6d10ee-69da-4f55-963f-a2176adfb08d of type geneve for network dddc3045-a922-4d45-b28c-b6407adeea29
2026-06-26 04:47:46.010 10 WARNING neutron.plugins.ml2.drivers.ovn.mech_driver.ovsdb.ovn_client [None req-f81445b7-0796-430c-8397-97ef11356779 - - - - - -] No hosting information found for port 7faae603-37fd-4a9a-96d0-48466ac4e0e9: RuntimeError: No hosting information found for port 7faae603-37fd-4a9a-96d0-48466ac4e0e9
2026-06-26 04:47:46.011 10 INFO neutron.plugins.ml2.drivers.ovn.mech_driver.mech_driver [None req-f81445b7-0796-430c-8397-97ef11356779 - - - - - -] OVN reports status up for port: cad3cb84-853d-4fcf-bdee-1e1f51d8379f
2026-06-26 04:47:46.021 10 INFO neutron.plugins.ml2.plugin [None req-f81445b7-0796-430c-8397-97ef11356779 - - - - - -] Attempt 1 to provision port cad3cb84-853d-4fcf-bdee-1e1f51d8379f
2026-06-26 04:47:46.025 10 INFO neutron.wsgi [req-aa11358e-99ce-4306-b8d3-0ea2329f466e req-0fccb72b-965a-450d-8bad-ab4489bcb7d4 d314d15e814d449199dcea8348f71246 9eb1c5eba02b4822af306e49c0425440 - - 9dd2a3d6d4b044059814358e15a07fe0 9dd2a3d6d4b044059814358e15a07fe0] 199.204.45.23 "GET /v2.0/subnets?id=9697537a-9dfa-48c2-aa4e-f830fab75890&id=9068badc-59fd-46ac-a012-727cff240da1 HTTP/1.1" status: 200 len: 1561 time: 0.0475125
2026-06-26 04:47:46.058 10 INFO neutron.wsgi [req-aa11358e-99ce-4306-b8d3-0ea2329f466e req-9b2a34d4-2bb0-40f4-8560-ae3ca3acd50f d314d15e814d449199dcea8348f71246 9eb1c5eba02b4822af306e49c0425440 - - 9dd2a3d6d4b044059814358e15a07fe0 9dd2a3d6d4b044059814358e15a07fe0] 199.204.45.23 "GET /v2.0/ports?network_id=8b7eeee0-0a05-485b-bdaa-aac5fe07c577&device_owner=network%3Adhcp HTTP/1.1" status: 200 len: 210 time: 0.0276010
2026-06-26 04:47:46.093 10 INFO neutron.wsgi [req-aa11358e-99ce-4306-b8d3-0ea2329f466e req-20aff074-5d43-4f34-a5f9-5db8ffe16da8 d314d15e814d449199dcea8348f71246 9eb1c5eba02b4822af306e49c0425440 - - 9dd2a3d6d4b044059814358e15a07fe0 9dd2a3d6d4b044059814358e15a07fe0] 199.204.45.23 "GET /v2.0/ports?network_id=8b7eeee0-0a05-485b-bdaa-aac5fe07c577&device_owner=network%3Adhcp HTTP/1.1" status: 200 len: 210 time: 0.0270898
2026-06-26 04:47:46.165 11 INFO neutron.wsgi [None req-cbe2b338-84d4-468f-baf3-28cf7537639f 98704d82db2848089ef910f24f7a43e1 f1e0a196a9fa447e90a10e26668ee535 - - default default] 10.0.0.211 "GET /v2.0/ports/4868fa4c-3488-4ab0-9b20-0ce2f3649c78 HTTP/1.1" status: 200 len: 1135 time: 0.0491080
2026-06-26 04:47:46.166 10 INFO neutron.wsgi [req-aa11358e-99ce-4306-b8d3-0ea2329f466e req-82d2f6ed-9bf0-4124-a11c-e63b22503c9d d314d15e814d449199dcea8348f71246 9eb1c5eba02b4822af306e49c0425440 - - 9dd2a3d6d4b044059814358e15a07fe0 9dd2a3d6d4b044059814358e15a07fe0] 199.204.45.23 "GET /v2.0/networks/8b7eeee0-0a05-485b-bdaa-aac5fe07c577?fields=segments HTTP/1.1" status: 200 len: 212 time: 0.0683646
2026-06-26 04:47:46.166 11 INFO neutron.db.ovn_revision_numbers_db [None req-e638fcf6-db83-4d70-9b5d-b7fb54611e75 738a3d2895b14df0991a04e7db23efec 06e4f181efcf43e68845cc52f3976388 - - default default] Successfully bumped revision number for resource dddc3045-a922-4d45-b28c-b6407adeea29 (type: networks) to 1
2026-06-26 04:47:46.259 10 INFO neutron.wsgi [req-aa11358e-99ce-4306-b8d3-0ea2329f466e req-7c012ddd-5982-4d0b-bf43-c772d3722739 d314d15e814d449199dcea8348f71246 9eb1c5eba02b4822af306e49c0425440 - - 9dd2a3d6d4b044059814358e15a07fe0 9dd2a3d6d4b044059814358e15a07fe0] 199.204.45.23 "GET /v2.0/networks/8b7eeee0-0a05-485b-bdaa-aac5fe07c577?fields=provider%3Aphysical_network&fields=provider%3Anetwork_type HTTP/1.1" status: 200 len: 277 time: 0.0857046
2026-06-26 04:47:46.355 11 WARNING neutron.scheduler.dhcp_agent_scheduler [None req-e638fcf6-db83-4d70-9b5d-b7fb54611e75 738a3d2895b14df0991a04e7db23efec 06e4f181efcf43e68845cc52f3976388 - - default default] No more DHCP agents
2026-06-26 04:47:46.357 11 WARNING neutron.api.rpc.agentnotifiers.dhcp_rpc_agent_api [None req-e638fcf6-db83-4d70-9b5d-b7fb54611e75 738a3d2895b14df0991a04e7db23efec 06e4f181efcf43e68845cc52f3976388 - - default default] Unable to schedule network dddc3045-a922-4d45-b28c-b6407adeea29: no agents available; will retry on subsequent port and subnet creation events.
2026-06-26 04:47:46.403 10 INFO neutron.db.ovn_revision_numbers_db [None req-f81445b7-0796-430c-8397-97ef11356779 - - - - - -] Successfully bumped revision number for resource cad3cb84-853d-4fcf-bdee-1e1f51d8379f (type: ports) to 2
2026-06-26 04:47:46.455 11 INFO neutron.db.ovn_revision_numbers_db [None req-e638fcf6-db83-4d70-9b5d-b7fb54611e75 738a3d2895b14df0991a04e7db23efec 06e4f181efcf43e68845cc52f3976388 - - default default] Successfully bumped revision number for resource 80ca3bc2-ca0e-4665-b9f9-dfca16a86c3c (type: ports) to 1
2026-06-26 04:47:46.477 11 INFO neutron.wsgi [None req-e638fcf6-db83-4d70-9b5d-b7fb54611e75 738a3d2895b14df0991a04e7db23efec 06e4f181efcf43e68845cc52f3976388 - - default default] 10.0.0.211 "POST /v2.0/networks HTTP/1.1" status: 201 len: 846 time: 0.9513466
2026-06-26 04:47:46.480 10 INFO neutron.db.ovn_revision_numbers_db [None req-f81445b7-0796-430c-8397-97ef11356779 - - - - - -] Successfully bumped revision number for resource cad3cb84-853d-4fcf-bdee-1e1f51d8379f (type: router_ports) to 2
2026-06-26 04:47:46.487 11 WARNING neutron_lib.context [None req-6ac12c03-23eb-4f66-90d4-00e588655923 738a3d2895b14df0991a04e7db23efec 06e4f181efcf43e68845cc52f3976388 - - default default] Method 'is_advsvc' is deprecated since 2023.2 release (neutron-lib 3.8.0) and will be removed once support for the old RBAC API policies will be removed from Neutron. Please use method 'is_service_role' instead.
2026-06-26 04:47:46.718 10 INFO neutron.wsgi [None req-9be09aab-6751-4584-af93-43e6dd6a651a 8909f3a9171b4f06b4279eba8e331273 962f908764414c17a99d8e671512f3ae - - default default] 10.0.0.211 "GET /v2.0/ports/cad3cb84-853d-4fcf-bdee-1e1f51d8379f HTTP/1.1" status: 200 len: 1141 time: 0.1306725
2026-06-26 04:47:46.750 11 WARNING neutron.scheduler.dhcp_agent_scheduler [None req-6ac12c03-23eb-4f66-90d4-00e588655923 738a3d2895b14df0991a04e7db23efec 06e4f181efcf43e68845cc52f3976388 - - default default] No more DHCP agents
2026-06-26 04:47:46.753 11 WARNING neutron.api.rpc.agentnotifiers.dhcp_rpc_agent_api [None req-6ac12c03-23eb-4f66-90d4-00e588655923 738a3d2895b14df0991a04e7db23efec 06e4f181efcf43e68845cc52f3976388 - - default default] Unable to schedule network dddc3045-a922-4d45-b28c-b6407adeea29: no agents available; will retry on subsequent port and subnet creation events.
2026-06-26 04:47:46.856 11 INFO neutron.db.ovn_revision_numbers_db [None req-6ac12c03-23eb-4f66-90d4-00e588655923 738a3d2895b14df0991a04e7db23efec 06e4f181efcf43e68845cc52f3976388 - - default default] Successfully bumped revision number for resource e0c39e9b-1690-48eb-8712-587b5e33f64c (type: ports) to 1
2026-06-26 04:47:46.887 11 INFO neutron.wsgi [None req-6ac12c03-23eb-4f66-90d4-00e588655923 738a3d2895b14df0991a04e7db23efec 06e4f181efcf43e68845cc52f3976388 - - default default] 10.0.0.211 "POST /v2.0/ports HTTP/1.1" status: 201 len: 977 time: 0.4057286 /var/lib/openstack/lib/python3.10/site-packages/pycadf/identifier.py:71: UserWarning: Invalid uuid: neutron. To ensure interoperability, identifiers should be a valid uuid. warnings.warn(('Invalid uuid: %s. To ensure interoperability, '
2026-06-26 04:47:46.901 11 WARNING neutron_lib.context [None req-4049f1c9-cf8b-4317-b6f2-d77b2f716133 738a3d2895b14df0991a04e7db23efec 06e4f181efcf43e68845cc52f3976388 - - default default] Method 'is_advsvc' is deprecated since 2023.2 release (neutron-lib 3.8.0) and will be removed once support for the old RBAC API policies will be removed from Neutron. Please use method 'is_service_role' instead.
2026-06-26 04:47:46.977 11 INFO neutron.db.segments_db [None req-4049f1c9-cf8b-4317-b6f2-d77b2f716133 738a3d2895b14df0991a04e7db23efec 06e4f181efcf43e68845cc52f3976388 - - default default] Added segment 855847bc-da99-4570-a971-bba84de5e7f8 of type geneve for network 534656d7-3a53-4ad7-881f-fef61fbf93d0
2026-06-26 04:47:47.096 11 INFO neutron.db.ovn_revision_numbers_db [None req-4049f1c9-cf8b-4317-b6f2-d77b2f716133 738a3d2895b14df0991a04e7db23efec 06e4f181efcf43e68845cc52f3976388 - - default default] Successfully bumped revision number for resource 534656d7-3a53-4ad7-881f-fef61fbf93d0 (type: networks) to 1
2026-06-26 04:47:47.230 11 INFO neutron.wsgi [None req-4c385e97-45d9-4152-9cd5-b8414297330a 98704d82db2848089ef910f24f7a43e1 f1e0a196a9fa447e90a10e26668ee535 - - default default] 10.0.0.211 "GET /v2.0/ports/4868fa4c-3488-4ab0-9b20-0ce2f3649c78 HTTP/1.1" status: 200 len: 1135 time: 0.0559943
2026-06-26 04:47:47.294 11 WARNING neutron.scheduler.dhcp_agent_scheduler [None req-4049f1c9-cf8b-4317-b6f2-d77b2f716133 738a3d2895b14df0991a04e7db23efec 06e4f181efcf43e68845cc52f3976388 - - default default] No more DHCP agents
2026-06-26 04:47:47.298 11 WARNING neutron.api.rpc.agentnotifiers.dhcp_rpc_agent_api [None req-4049f1c9-cf8b-4317-b6f2-d77b2f716133 738a3d2895b14df0991a04e7db23efec 06e4f181efcf43e68845cc52f3976388 - - default default] Unable to schedule network 534656d7-3a53-4ad7-881f-fef61fbf93d0: no agents available; will retry on subsequent port and subnet creation events.
2026-06-26 04:47:47.392 11 INFO neutron.db.ovn_revision_numbers_db [None req-4049f1c9-cf8b-4317-b6f2-d77b2f716133 738a3d2895b14df0991a04e7db23efec 06e4f181efcf43e68845cc52f3976388 - - default default] Successfully bumped revision number for resource f37cc94a-a4ae-4ffa-9598-12529246dcb8 (type: ports) to 1
2026-06-26 04:47:47.412 11 INFO neutron.wsgi [None req-4049f1c9-cf8b-4317-b6f2-d77b2f716133 738a3d2895b14df0991a04e7db23efec 06e4f181efcf43e68845cc52f3976388 - - default default] 10.0.0.211 "POST /v2.0/networks HTTP/1.1" status: 201 len: 834 time: 0.5168977
2026-06-26 04:47:47.421 11 WARNING neutron_lib.context [None req-da06bb27-841c-41a6-8241-9880d11e0aff 738a3d2895b14df0991a04e7db23efec 06e4f181efcf43e68845cc52f3976388 - - default default] Method 'is_advsvc' is deprecated since 2023.2 release (neutron-lib 3.8.0) and will be removed once support for the old RBAC API policies will be removed from Neutron. Please use method 'is_service_role' instead.
2026-06-26 04:47:47.636 11 WARNING neutron.scheduler.dhcp_agent_scheduler [None req-da06bb27-841c-41a6-8241-9880d11e0aff 738a3d2895b14df0991a04e7db23efec 06e4f181efcf43e68845cc52f3976388 - - default default] No more DHCP agents
2026-06-26 04:47:47.639 11 WARNING neutron.api.rpc.agentnotifiers.dhcp_rpc_agent_api [None req-da06bb27-841c-41a6-8241-9880d11e0aff 738a3d2895b14df0991a04e7db23efec 06e4f181efcf43e68845cc52f3976388 - - default default] Unable to schedule network 534656d7-3a53-4ad7-881f-fef61fbf93d0: no agents available; will retry on subsequent port and subnet creation events.
2026-06-26 04:47:47.670 11 INFO neutron.db.ovn_revision_numbers_db [None req-da06bb27-841c-41a6-8241-9880d11e0aff 738a3d2895b14df0991a04e7db23efec 06e4f181efcf43e68845cc52f3976388 - - default default] Successfully bumped revision number for resource 4482b8a4-eb8f-447b-97b0-dfda890c27b8 (type: subnets) to 0
2026-06-26 04:47:47.683 10 INFO neutron.wsgi [None req-0ca5ca18-5897-4619-b0e9-72acbc401cbc 8909f3a9171b4f06b4279eba8e331273 962f908764414c17a99d8e671512f3ae - - default default] 10.0.0.211 "PUT /v2.0/routers/03632b11-60b1-42b1-b656-886dd61c6368/remove_router_interface HTTP/1.1" status: 200 len: 503 time: 0.9592154
2026-06-26 04:47:47.687 11 INFO neutron.wsgi [None req-da06bb27-841c-41a6-8241-9880d11e0aff 738a3d2895b14df0991a04e7db23efec 06e4f181efcf43e68845cc52f3976388 - - default default] 10.0.0.211 "POST /v2.0/subnets HTTP/1.1" status: 201 len: 821 time: 0.2704210 /var/lib/openstack/lib/python3.10/site-packages/pycadf/identifier.py:71: UserWarning: Invalid uuid: neutron. To ensure interoperability, identifiers should be a valid uuid. warnings.warn(('Invalid uuid: %s. To ensure interoperability, '
2026-06-26 04:47:47.701 10 WARNING neutron_lib.context [None req-79a5fa2e-fadc-453b-824d-c5aeb98f063c 738a3d2895b14df0991a04e7db23efec 06e4f181efcf43e68845cc52f3976388 - - default default] Method 'is_advsvc' is deprecated since 2023.2 release (neutron-lib 3.8.0) and will be removed once support for the old RBAC API policies will be removed from Neutron. Please use method 'is_service_role' instead.
2026-06-26 04:47:47.705 11 INFO neutron.wsgi [None req-843647ca-0902-4f0c-9cde-09ada0e386e8 8909f3a9171b4f06b4279eba8e331273 962f908764414c17a99d8e671512f3ae - - default default] 10.0.0.211 "GET /v2.0/ports?device_id=03632b11-60b1-42b1-b656-886dd61c6368 HTTP/1.1" status: 200 len: 205 time: 0.0169857
2026-06-26 04:47:47.982 11 INFO neutron.wsgi [None req-c7f97cb2-9197-46da-a748-9463b82893de 8909f3a9171b4f06b4279eba8e331273 962f908764414c17a99d8e671512f3ae - - default default] 10.0.0.211 "DELETE /v2.0/routers/03632b11-60b1-42b1-b656-886dd61c6368 HTTP/1.1" status: 204 len: 168 time: 0.2709687
2026-06-26 04:47:48.128 10 WARNING neutron.scheduler.dhcp_agent_scheduler [None req-79a5fa2e-fadc-453b-824d-c5aeb98f063c 738a3d2895b14df0991a04e7db23efec 06e4f181efcf43e68845cc52f3976388 - - default default] No more DHCP agents
2026-06-26 04:47:48.131 10 WARNING neutron.api.rpc.agentnotifiers.dhcp_rpc_agent_api [None req-79a5fa2e-fadc-453b-824d-c5aeb98f063c 738a3d2895b14df0991a04e7db23efec 06e4f181efcf43e68845cc52f3976388 - - default default] Unable to schedule network 534656d7-3a53-4ad7-881f-fef61fbf93d0: no agents available; will retry on subsequent port and subnet creation events.
2026-06-26 04:47:48.162 11 INFO neutron.wsgi [None req-c2745395-3c80-4ffd-9398-49d98e6621db 8909f3a9171b4f06b4279eba8e331273 962f908764414c17a99d8e671512f3ae - - default default] 10.0.0.211 "DELETE /v2.0/subnets/f2d09c79-fbc6-482b-ac60-4b1f083b202c HTTP/1.1" status: 204 len: 168 time: 0.1763041
2026-06-26 04:47:48.244 10 INFO neutron.db.ovn_revision_numbers_db [None req-79a5fa2e-fadc-453b-824d-c5aeb98f063c 738a3d2895b14df0991a04e7db23efec 06e4f181efcf43e68845cc52f3976388 - - default default] Successfully bumped revision number for resource fc506b5f-85f2-4f9a-b4ee-8274a3273b5d (type: ports) to 1
2026-06-26 04:47:48.274 10 INFO neutron.wsgi [None req-79a5fa2e-fadc-453b-824d-c5aeb98f063c 738a3d2895b14df0991a04e7db23efec 06e4f181efcf43e68845cc52f3976388 - - default default] 10.0.0.211 "POST /v2.0/ports HTTP/1.1" status: 201 len: 1161 time: 0.5826051 /var/lib/openstack/lib/python3.10/site-packages/pycadf/identifier.py:71: UserWarning: Invalid uuid: neutron. To ensure interoperability, identifiers should be a valid uuid. warnings.warn(('Invalid uuid: %s. To ensure interoperability, '
2026-06-26 04:47:48.346 11 INFO neutron.wsgi [None req-b10ee576-28bf-44f0-bcfc-034a992054aa 98704d82db2848089ef910f24f7a43e1 f1e0a196a9fa447e90a10e26668ee535 - - default default] 10.0.0.211 "GET /v2.0/ports/4868fa4c-3488-4ab0-9b20-0ce2f3649c78 HTTP/1.1" status: 200 len: 1135 time: 0.1107910
2026-06-26 04:47:48.502 11 INFO neutron.services.segments.plugin [-] Segment 093a645e-052d-4d00-8216-91f43b79514e resource provider aggregate not found
2026-06-26 04:47:48.506 11 INFO neutron.services.segments.plugin [-] Segment 093a645e-052d-4d00-8216-91f43b79514e resource provider aggregate not found
2026-06-26 04:47:48.518 11 INFO neutron.services.segments.plugin [-] Segment 093a645e-052d-4d00-8216-91f43b79514e resource provider not found; error: Placement Client Error (4xx): {"errors": [{"status": 404, "title": "Not Found", "detail": "The resource could not be found.\n\n No resource provider with uuid 093a645e-052d-4d00-8216-91f43b79514e found for delete ", "request_id": "req-e96d16bf-1089-4bb4-8e3f-bdfa5fb8273d"}]}
2026-06-26 04:47:48.520 11 INFO neutron.services.segments.plugin [-] Segment 093a645e-052d-4d00-8216-91f43b79514e resource provider not found; error: Placement Client Error (4xx): {"errors": [{"status": 404, "title": "Not Found", "detail": "The resource could not be found.\n\n No resource provider with uuid 093a645e-052d-4d00-8216-91f43b79514e found for delete ", "request_id": "req-fc31d228-491d-43ed-8b01-6a849b5ff9b0"}]}
2026-06-26 04:47:48.538 11 INFO neutron.wsgi [None req-0ff77c65-c7dd-4dd3-a219-d7dceab0e31b 8909f3a9171b4f06b4279eba8e331273 962f908764414c17a99d8e671512f3ae - - default default] 10.0.0.211 "DELETE /v2.0/networks/e1f8c91e-732b-4e19-b294-aee2993a26d1 HTTP/1.1" status: 204 len: 168 time: 0.3706753
2026-06-26 04:47:48.546 11 WARNING neutron_lib.context [None req-f5c66ce4-4f5c-470a-81e1-9d786892d4ea 8909f3a9171b4f06b4279eba8e331273 962f908764414c17a99d8e671512f3ae - - default default] Method 'is_advsvc' is deprecated since 2023.2 release (neutron-lib 3.8.0) and will be removed once support for the old RBAC API policies will be removed from Neutron. Please use method 'is_service_role' instead.
2026-06-26 04:47:48.565 10 INFO neutron.wsgi [None req-61440ece-1d49-443e-96da-3d28f0e1f560 738a3d2895b14df0991a04e7db23efec 06e4f181efcf43e68845cc52f3976388 - - default default] 10.0.0.211 "DELETE /v2.0/ports/fc506b5f-85f2-4f9a-b4ee-8274a3273b5d HTTP/1.1" status: 204 len: 168 time: 0.2863781
2026-06-26 04:47:48.587 10 INFO neutron.pecan_wsgi.hooks.translation [None req-3c5d26ec-16d4-4ccd-9759-ace86a2e17d4 738a3d2895b14df0991a04e7db23efec 06e4f181efcf43e68845cc52f3976388 - - default default] DELETE failed (client error): The resource could not be found.
2026-06-26 04:47:48.589 10 INFO neutron.wsgi [None req-3c5d26ec-16d4-4ccd-9759-ace86a2e17d4 738a3d2895b14df0991a04e7db23efec 06e4f181efcf43e68845cc52f3976388 - - default default] 10.0.0.211 "DELETE /v2.0/ports/fc506b5f-85f2-4f9a-b4ee-8274a3273b5d HTTP/1.1" status: 404 len: 333 time: 0.0197310
2026-06-26 04:47:48.618 10 INFO neutron.pecan_wsgi.hooks.translation [None req-877fa7a9-1611-4541-9f9d-2ae274f6b159 738a3d2895b14df0991a04e7db23efec 06e4f181efcf43e68845cc52f3976388 - - default default] GET failed (client error): The resource could not be found.
2026-06-26 04:47:48.619 10 INFO neutron.wsgi [None req-877fa7a9-1611-4541-9f9d-2ae274f6b159 738a3d2895b14df0991a04e7db23efec 06e4f181efcf43e68845cc52f3976388 - - default default] 10.0.0.211 "GET /v2.0/ports/fc506b5f-85f2-4f9a-b4ee-8274a3273b5d HTTP/1.1" status: 404 len: 333 time: 0.0254207
2026-06-26 04:47:48.705 10 INFO neutron.wsgi [req-c75f474d-97d9-4591-b632-d51682c74b85 req-245dfc8d-3bc5-4529-b2e6-a9162ecdb919 5952b64a96894d93a9556c31170db504 035df0bfb6484afda99f8152c19947b9 - - default default] 10.0.0.239 "GET /v2.0/ports?device_id=b4a20c96-6b56-468a-ac2f-ea4875124413 HTTP/1.1" status: 200 len: 1398 time: 0.1060917
2026-06-26 04:47:48.757 10 INFO neutron.wsgi [req-c75f474d-97d9-4591-b632-d51682c74b85 req-0f553ede-a5e1-48fd-8a20-c48f770f6b72 5952b64a96894d93a9556c31170db504 035df0bfb6484afda99f8152c19947b9 - - default default] 10.0.0.239 "GET /v2.0/security-groups?id=0a24b9a6-dc4b-44e0-9d0c-486cda9fec9a&fields=id&fields=name HTTP/1.1" status: 200 len: 310 time: 0.0467920
2026-06-26 04:47:49.168 11 INFO neutron.wsgi [None req-f4ca96a4-6410-4e1b-992e-ecc76e9e6a9d 738a3d2895b14df0991a04e7db23efec 06e4f181efcf43e68845cc52f3976388 - - default default] 10.0.0.211 "DELETE /v2.0/subnets/4482b8a4-eb8f-447b-97b0-dfda890c27b8 HTTP/1.1" status: 204 len: 168 time: 0.5438042
2026-06-26 04:47:49.304 11 WARNING neutron.scheduler.dhcp_agent_scheduler [None req-f5c66ce4-4f5c-470a-81e1-9d786892d4ea 8909f3a9171b4f06b4279eba8e331273 962f908764414c17a99d8e671512f3ae - - default default] No more DHCP agents
2026-06-26 04:47:49.307 11 WARNING neutron.api.rpc.agentnotifiers.dhcp_rpc_agent_api [None req-f5c66ce4-4f5c-470a-81e1-9d786892d4ea 8909f3a9171b4f06b4279eba8e331273 962f908764414c17a99d8e671512f3ae - - default default] Unable to schedule network 343a9edb-8ec8-4aef-b6e3-8eda2ecc2105: no agents available; will retry on subsequent port and subnet creation events.
2026-06-26 04:47:49.472 10 INFO neutron.wsgi [None req-827cef41-a0e6-4cc0-a88e-d96b7da036a2 98704d82db2848089ef910f24f7a43e1 f1e0a196a9fa447e90a10e26668ee535 - - default default] 10.0.0.211 "GET /v2.0/ports/4868fa4c-3488-4ab0-9b20-0ce2f3649c78 HTTP/1.1" status: 200 len: 1135 time: 0.1205466
2026-06-26 04:47:49.473 11 INFO neutron.db.ovn_revision_numbers_db [None req-f5c66ce4-4f5c-470a-81e1-9d786892d4ea 8909f3a9171b4f06b4279eba8e331273 962f908764414c17a99d8e671512f3ae - - default default] Successfully bumped revision number for resource 48725374-a291-45e2-aa5a-62c673bd5210 (type: ports) to 1
2026-06-26 04:47:49.600 10 INFO neutron.services.segments.plugin [-] Segment 855847bc-da99-4570-a971-bba84de5e7f8 resource provider aggregate not found
2026-06-26 04:47:49.605 10 INFO neutron.services.segments.plugin [-] Segment 855847bc-da99-4570-a971-bba84de5e7f8 resource provider aggregate not found
2026-06-26 04:47:49.622 10 INFO neutron.services.segments.plugin [-] Segment 855847bc-da99-4570-a971-bba84de5e7f8 resource provider not found; error: Placement Client Error (4xx): {"errors": [{"status": 404, "title": "Not Found", "detail": "The resource could not be found.\n\n No resource provider with uuid 855847bc-da99-4570-a971-bba84de5e7f8 found for delete ", "request_id": "req-e6d677ba-8324-42c1-aab1-d23f40b5d983"}]}
2026-06-26 04:47:49.624 10 INFO neutron.services.segments.plugin [-] Segment 855847bc-da99-4570-a971-bba84de5e7f8 resource provider not found; error: Placement Client Error (4xx): {"errors": [{"status": 404, "title": "Not Found", "detail": "The resource could not be found.\n\n No resource provider with uuid 855847bc-da99-4570-a971-bba84de5e7f8 found for delete ", "request_id": "req-94cad3e1-ab22-4eeb-8ba5-4fee8e5e8cc0"}]}
2026-06-26 04:47:49.650 10 INFO neutron.wsgi [None req-a2c23bdb-cbf0-4319-90bd-39133210e1d9 738a3d2895b14df0991a04e7db23efec 06e4f181efcf43e68845cc52f3976388 - - default default] 10.0.0.211 "DELETE /v2.0/networks/534656d7-3a53-4ad7-881f-fef61fbf93d0 HTTP/1.1" status: 204 len: 168 time: 0.4757335
2026-06-26 04:47:49.662 10 WARNING neutron_lib.context [None req-7640ad1a-d4f9-4ad1-af90-249d938d58c8 738a3d2895b14df0991a04e7db23efec 06e4f181efcf43e68845cc52f3976388 - - default default] Method 'is_advsvc' is deprecated since 2023.2 release (neutron-lib 3.8.0) and will be removed once support for the old RBAC API policies will be removed from Neutron. Please use method 'is_service_role' instead.
2026-06-26 04:47:49.746 10 INFO neutron.db.segments_db [None req-7640ad1a-d4f9-4ad1-af90-249d938d58c8 738a3d2895b14df0991a04e7db23efec 06e4f181efcf43e68845cc52f3976388 - - default default] Added segment e7db1ad4-70b4-42b7-a3c8-5eb6c898f69e of type geneve for network 4ec57794-d13b-4f5e-a345-a933b8a3ce5a
2026-06-26 04:47:49.918 10 INFO neutron.db.ovn_revision_numbers_db [None req-7640ad1a-d4f9-4ad1-af90-249d938d58c8 738a3d2895b14df0991a04e7db23efec 06e4f181efcf43e68845cc52f3976388 - - default default] Successfully bumped revision number for resource 4ec57794-d13b-4f5e-a345-a933b8a3ce5a (type: networks) to 1
2026-06-26 04:47:50.073 11 INFO neutron.plugins.ml2.drivers.ovn.mech_driver.mech_driver [None req-f217a9be-5b29-464f-9a5a-5afee2642517 - - - - - -] OVN reports status up for port: 48725374-a291-45e2-aa5a-62c673bd5210
2026-06-26 04:47:50.091 11 INFO neutron.plugins.ml2.plugin [None req-f217a9be-5b29-464f-9a5a-5afee2642517 - - - - - -] Attempt 1 to provision port 48725374-a291-45e2-aa5a-62c673bd5210
2026-06-26 04:47:50.102 10 WARNING neutron.scheduler.dhcp_agent_scheduler [None req-7640ad1a-d4f9-4ad1-af90-249d938d58c8 738a3d2895b14df0991a04e7db23efec 06e4f181efcf43e68845cc52f3976388 - - default default] No more DHCP agents
2026-06-26 04:47:50.105 10 WARNING neutron.api.rpc.agentnotifiers.dhcp_rpc_agent_api [None req-7640ad1a-d4f9-4ad1-af90-249d938d58c8 738a3d2895b14df0991a04e7db23efec 06e4f181efcf43e68845cc52f3976388 - - default default] Unable to schedule network 4ec57794-d13b-4f5e-a345-a933b8a3ce5a: no agents available; will retry on subsequent port and subnet creation events.
2026-06-26 04:47:50.111 11 INFO neutron.db.ovn_revision_numbers_db [None req-f5c66ce4-4f5c-470a-81e1-9d786892d4ea 8909f3a9171b4f06b4279eba8e331273 962f908764414c17a99d8e671512f3ae - - default default] Successfully bumped revision number for resource 48725374-a291-45e2-aa5a-62c673bd5210 (type: router_ports) to 1
2026-06-26 04:47:50.180 10 INFO neutron.db.ovn_revision_numbers_db [None req-7640ad1a-d4f9-4ad1-af90-249d938d58c8 738a3d2895b14df0991a04e7db23efec 06e4f181efcf43e68845cc52f3976388 - - default default] Successfully bumped revision number for resource 66f147f1-b1ee-48de-81a3-ae8cdd6b01fd (type: ports) to 1
2026-06-26 04:47:50.183 11 INFO neutron.db.ovn_revision_numbers_db [None req-f5c66ce4-4f5c-470a-81e1-9d786892d4ea 8909f3a9171b4f06b4279eba8e331273 962f908764414c17a99d8e671512f3ae - - default default] Successfully bumped revision number for resource 45df516c-19f0-49ca-a332-414c33d8ab55 (type: routers) to 2
2026-06-26 04:47:50.194 11 INFO neutron.wsgi [None req-f5c66ce4-4f5c-470a-81e1-9d786892d4ea 8909f3a9171b4f06b4279eba8e331273 962f908764414c17a99d8e671512f3ae - - default default] 10.0.0.211 "POST /v2.0/routers HTTP/1.1" status: 201 len: 871 time: 1.6512058
2026-06-26 04:47:50.204 10 INFO neutron.wsgi [None req-7640ad1a-d4f9-4ad1-af90-249d938d58c8 738a3d2895b14df0991a04e7db23efec 06e4f181efcf43e68845cc52f3976388 - - default default] 10.0.0.211 "POST /v2.0/networks HTTP/1.1" status: 201 len: 834 time: 0.5450284
2026-06-26 04:47:50.215 10 WARNING neutron_lib.context [None req-69172a60-5d48-46a7-9280-90e3275771b5 738a3d2895b14df0991a04e7db23efec 06e4f181efcf43e68845cc52f3976388 - - default default] Method 'is_advsvc' is deprecated since 2023.2 release (neutron-lib 3.8.0) and will be removed once support for the old RBAC API policies will be removed from Neutron. Please use method 'is_service_role' instead.
2026-06-26 04:47:50.269 11 INFO neutron.wsgi [None req-bddb4067-327c-468d-8f26-9190d22ba646 8909f3a9171b4f06b4279eba8e331273 962f908764414c17a99d8e671512f3ae - - default default] 10.0.0.211 "GET /v2.0/routers/45df516c-19f0-49ca-a332-414c33d8ab55 HTTP/1.1" status: 200 len: 872 time: 0.0716429
2026-06-26 04:47:50.426 10 INFO neutron.wsgi [None req-9d07c241-a031-4b1f-a3a3-8d25ce9a5865 8909f3a9171b4f06b4279eba8e331273 962f908764414c17a99d8e671512f3ae - - default default] 10.0.0.211 "GET /v2.0/routers HTTP/1.1" status: 200 len: 875 time: 0.1524491
2026-06-26 04:47:50.509 11 INFO neutron.wsgi [None req-bb0a8769-ca4c-4b86-9873-f198ce601880 98704d82db2848089ef910f24f7a43e1 f1e0a196a9fa447e90a10e26668ee535 - - default default] 10.0.0.211 "GET /v2.0/ports/4868fa4c-3488-4ab0-9b20-0ce2f3649c78 HTTP/1.1" status: 200 len: 1135 time: 0.0296652
2026-06-26 04:47:50.534 10 WARNING neutron.scheduler.dhcp_agent_scheduler [None req-69172a60-5d48-46a7-9280-90e3275771b5 738a3d2895b14df0991a04e7db23efec 06e4f181efcf43e68845cc52f3976388 - - default default] No more DHCP agents
2026-06-26 04:47:50.540 10 WARNING neutron.api.rpc.agentnotifiers.dhcp_rpc_agent_api [None req-69172a60-5d48-46a7-9280-90e3275771b5 738a3d2895b14df0991a04e7db23efec 06e4f181efcf43e68845cc52f3976388 - - default default] Unable to schedule network 4ec57794-d13b-4f5e-a345-a933b8a3ce5a: no agents available; will retry on subsequent port and subnet creation events.
2026-06-26 04:47:50.591 10 INFO neutron.db.ovn_revision_numbers_db [None req-69172a60-5d48-46a7-9280-90e3275771b5 738a3d2895b14df0991a04e7db23efec 06e4f181efcf43e68845cc52f3976388 - - default default] Successfully bumped revision number for resource 98241da9-b984-446f-a112-1427dbe041fd (type: subnets) to 0
2026-06-26 04:47:50.606 10 INFO neutron.wsgi [None req-69172a60-5d48-46a7-9280-90e3275771b5 738a3d2895b14df0991a04e7db23efec 06e4f181efcf43e68845cc52f3976388 - - default default] 10.0.0.211 "POST /v2.0/subnets HTTP/1.1" status: 201 len: 821 time: 0.3975759
2026-06-26 04:47:50.617 10 WARNING neutron_lib.context [None req-b8a1542b-5935-4af5-a062-74b91a589426 738a3d2895b14df0991a04e7db23efec 06e4f181efcf43e68845cc52f3976388 - - default default] Method 'is_advsvc' is deprecated since 2023.2 release (neutron-lib 3.8.0) and will be removed once support for the old RBAC API policies will be removed from Neutron. Please use method 'is_service_role' instead.
2026-06-26 04:47:50.894 11 INFO neutron.db.ovn_revision_numbers_db [None req-dba3c760-aa3f-4394-8031-7ab8b81ca7bd 8909f3a9171b4f06b4279eba8e331273 962f908764414c17a99d8e671512f3ae - - default default] Successfully bumped revision number for resource 45df516c-19f0-49ca-a332-414c33d8ab55 (type: routers) to 3
2026-06-26 04:47:50.898 11 INFO neutron.wsgi [None req-dba3c760-aa3f-4394-8031-7ab8b81ca7bd 8909f3a9171b4f06b4279eba8e331273 962f908764414c17a99d8e671512f3ae - - default default] 10.0.0.211 "PUT /v2.0/routers/45df516c-19f0-49ca-a332-414c33d8ab55 HTTP/1.1" status: 200 len: 879 time: 0.4657366
2026-06-26 04:47:50.950 10 WARNING neutron.scheduler.dhcp_agent_scheduler [None req-b8a1542b-5935-4af5-a062-74b91a589426 738a3d2895b14df0991a04e7db23efec 06e4f181efcf43e68845cc52f3976388 - - default default] No more DHCP agents
2026-06-26 04:47:50.952 10 WARNING neutron.api.rpc.agentnotifiers.dhcp_rpc_agent_api [None req-b8a1542b-5935-4af5-a062-74b91a589426 738a3d2895b14df0991a04e7db23efec 06e4f181efcf43e68845cc52f3976388 - - default default] Unable to schedule network 4ec57794-d13b-4f5e-a345-a933b8a3ce5a: no agents available; will retry on subsequent port and subnet creation events.
2026-06-26 04:47:50.970 11 INFO neutron.wsgi [None req-9396b129-74f0-4ccf-b1b1-f60f223645b0 8909f3a9171b4f06b4279eba8e331273 962f908764414c17a99d8e671512f3ae - - default default] 10.0.0.211 "GET /v2.0/routers/45df516c-19f0-49ca-a332-414c33d8ab55 HTTP/1.1" status: 200 len: 879 time: 0.0681653
2026-06-26 04:47:50.991 11 INFO neutron.wsgi [None req-1e1117f8-990c-4501-9811-53f0c3edf508 8909f3a9171b4f06b4279eba8e331273 962f908764414c17a99d8e671512f3ae - - default default] 10.0.0.211 "GET /v2.0/ports?device_id=45df516c-19f0-49ca-a332-414c33d8ab55 HTTP/1.1" status: 200 len: 205 time: 0.0157046
2026-06-26 04:47:51.060 10 INFO neutron.db.ovn_revision_numbers_db [None req-b8a1542b-5935-4af5-a062-74b91a589426 738a3d2895b14df0991a04e7db23efec 06e4f181efcf43e68845cc52f3976388 - - default default] Successfully bumped revision number for resource a7d52d7e-9c3b-466f-a33b-833e076f9efd (type: ports) to 1
2026-06-26 04:47:51.082 10 INFO neutron.wsgi [None req-b8a1542b-5935-4af5-a062-74b91a589426 738a3d2895b14df0991a04e7db23efec 06e4f181efcf43e68845cc52f3976388 - - default default] 10.0.0.211 "POST /v2.0/ports HTTP/1.1" status: 201 len: 1127 time: 0.4702034
2026-06-26 04:47:51.333 10 INFO neutron.wsgi [None req-d01f0328-3baf-482a-99c9-f3fe1995668e 738a3d2895b14df0991a04e7db23efec 06e4f181efcf43e68845cc52f3976388 - - default default] 10.0.0.211 "DELETE /v2.0/ports/a7d52d7e-9c3b-466f-a33b-833e076f9efd HTTP/1.1" status: 204 len: 168 time: 0.2452507
2026-06-26 04:47:51.355 10 INFO neutron.pecan_wsgi.hooks.translation [None req-f66ef51c-4c70-4d4b-8f60-57e286cb312b 738a3d2895b14df0991a04e7db23efec 06e4f181efcf43e68845cc52f3976388 - - default default] GET failed (client error): The resource could not be found.
2026-06-26 04:47:51.356 10 INFO neutron.wsgi [None req-f66ef51c-4c70-4d4b-8f60-57e286cb312b 738a3d2895b14df0991a04e7db23efec 06e4f181efcf43e68845cc52f3976388 - - default default] 10.0.0.211 "GET /v2.0/ports/a7d52d7e-9c3b-466f-a33b-833e076f9efd HTTP/1.1" status: 404 len: 333 time: 0.0183053
2026-06-26 04:47:51.530 10 INFO neutron.wsgi [None req-9628533a-626b-4d7d-858b-887e8788edd0 738a3d2895b14df0991a04e7db23efec 06e4f181efcf43e68845cc52f3976388 - - default default] 10.0.0.211 "DELETE /v2.0/subnets/98241da9-b984-446f-a112-1427dbe041fd HTTP/1.1" status: 204 len: 168 time: 0.1705823
2026-06-26 04:47:51.558 11 INFO neutron.wsgi [None req-24ab2582-7f69-4958-ba52-973fda82a88d 98704d82db2848089ef910f24f7a43e1 f1e0a196a9fa447e90a10e26668ee535 - - default default] 10.0.0.211 "GET /v2.0/ports/4868fa4c-3488-4ab0-9b20-0ce2f3649c78 HTTP/1.1" status: 200 len: 1135 time: 0.0437148
2026-06-26 04:47:51.771 10 WARNING neutron.plugins.ml2.drivers.ovn.mech_driver.ovsdb.ovn_client [None req-f81445b7-0796-430c-8397-97ef11356779 - - - - - -] No port found with ID cad3cb84-853d-4fcf-bdee-1e1f51d8379f: RuntimeError: No port found with ID cad3cb84-853d-4fcf-bdee-1e1f51d8379f
2026-06-26 04:47:51.772 10 INFO neutron.plugins.ml2.drivers.ovn.mech_driver.mech_driver [None req-f81445b7-0796-430c-8397-97ef11356779 - - - - - -] OVN reports status up for port: 9e927bd0-7042-4612-b09e-181f568a17ea
2026-06-26 04:47:51.792 10 INFO neutron.plugins.ml2.plugin [None req-f81445b7-0796-430c-8397-97ef11356779 - - - - - -] Attempt 1 to provision port 9e927bd0-7042-4612-b09e-181f568a17ea
2026-06-26 04:47:51.926 10 INFO neutron.services.segments.plugin [-] Segment e7db1ad4-70b4-42b7-a3c8-5eb6c898f69e resource provider aggregate not found
2026-06-26 04:47:51.930 10 INFO neutron.services.segments.plugin [-] Segment e7db1ad4-70b4-42b7-a3c8-5eb6c898f69e resource provider aggregate not found
2026-06-26 04:47:51.944 10 INFO neutron.services.segments.plugin [-] Segment e7db1ad4-70b4-42b7-a3c8-5eb6c898f69e resource provider not found; error: Placement Client Error (4xx): {"errors": [{"status": 404, "title": "Not Found", "detail": "The resource could not be found.\n\n No resource provider with uuid e7db1ad4-70b4-42b7-a3c8-5eb6c898f69e found for delete ", "request_id": "req-2afdd8fd-aa84-4d3e-8977-66391629dbea"}]}
2026-06-26 04:47:51.946 10 INFO neutron.services.segments.plugin [-] Segment e7db1ad4-70b4-42b7-a3c8-5eb6c898f69e resource provider not found; error: Placement Client Error (4xx): {"errors": [{"status": 404, "title": "Not Found", "detail": "The resource could not be found.\n\n No resource provider with uuid e7db1ad4-70b4-42b7-a3c8-5eb6c898f69e found for delete ", "request_id": "req-a8b0ef5f-a3a2-4829-bc24-72d581876bfd"}]}
2026-06-26 04:47:51.979 10 INFO neutron.wsgi [None req-089bf007-a549-4214-9542-a7d14fbc9d1f 738a3d2895b14df0991a04e7db23efec 06e4f181efcf43e68845cc52f3976388 - - default default] 10.0.0.211 "DELETE /v2.0/networks/4ec57794-d13b-4f5e-a345-a933b8a3ce5a HTTP/1.1" status: 204 len: 168 time: 0.4431791
2026-06-26 04:47:51.990 10 WARNING neutron_lib.context [None req-13996e73-13e7-4e39-bf8a-3e10b46624b4 738a3d2895b14df0991a04e7db23efec 06e4f181efcf43e68845cc52f3976388 - - default default] Method 'is_advsvc' is deprecated since 2023.2 release (neutron-lib 3.8.0) and will be removed once support for the old RBAC API policies will be removed from Neutron. Please use method 'is_service_role' instead.
2026-06-26 04:47:52.039 11 INFO neutron.wsgi [None req-ae28a952-4f7f-48ea-a94a-2eefa8a72750 8909f3a9171b4f06b4279eba8e331273 962f908764414c17a99d8e671512f3ae - - default default] 10.0.0.211 "DELETE /v2.0/routers/45df516c-19f0-49ca-a332-414c33d8ab55 HTTP/1.1" status: 204 len: 168 time: 1.0427706
2026-06-26 04:47:52.064 11 INFO neutron.wsgi [None req-5d971812-3a14-4b1c-9291-7e1e25485ee3 8909f3a9171b4f06b4279eba8e331273 962f908764414c17a99d8e671512f3ae - - default default] 10.0.0.211 "GET /v2.0/ports?device_id=45df516c-19f0-49ca-a332-414c33d8ab55 HTTP/1.1" status: 200 len: 205 time: 0.0189714
2026-06-26 04:47:52.089 11 INFO neutron.api.v2.resource [None req-a3ef15c5-ea66-4db9-b194-c81eb6ae2b26 8909f3a9171b4f06b4279eba8e331273 962f908764414c17a99d8e671512f3ae - - default default] delete failed (client error): The resource could not be found.
2026-06-26 04:47:52.090 11 INFO neutron.wsgi [None req-a3ef15c5-ea66-4db9-b194-c81eb6ae2b26 8909f3a9171b4f06b4279eba8e331273 962f908764414c17a99d8e671512f3ae - - default default] 10.0.0.211 "DELETE /v2.0/routers/45df516c-19f0-49ca-a332-414c33d8ab55 HTTP/1.1" status: 404 len: 336 time: 0.0214474
2026-06-26 04:47:52.110 11 INFO neutron.wsgi [None req-fc21d3c6-5b64-4195-84ba-6e95a256e417 8909f3a9171b4f06b4279eba8e331273 962f908764414c17a99d8e671512f3ae - - default default] 10.0.0.211 "GET /v2.0/ports?device_id=03632b11-60b1-42b1-b656-886dd61c6368 HTTP/1.1" status: 200 len: 205 time: 0.0163772
2026-06-26 04:47:52.134 11 INFO neutron.api.v2.resource [None req-6a39829d-131d-4718-b425-c5979c88302a 8909f3a9171b4f06b4279eba8e331273 962f908764414c17a99d8e671512f3ae - - default default] delete failed (client error): The resource could not be found.
2026-06-26 04:47:52.135 11 INFO neutron.wsgi [None req-6a39829d-131d-4718-b425-c5979c88302a 8909f3a9171b4f06b4279eba8e331273 962f908764414c17a99d8e671512f3ae - - default default] 10.0.0.211 "DELETE /v2.0/routers/03632b11-60b1-42b1-b656-886dd61c6368 HTTP/1.1" status: 404 len: 336 time: 0.0205925
2026-06-26 04:47:52.155 11 INFO neutron.pecan_wsgi.hooks.translation [None req-00086a1f-8057-4cbe-b6f7-e7a8b96d3f9a 8909f3a9171b4f06b4279eba8e331273 962f908764414c17a99d8e671512f3ae - - default default] DELETE failed (client error): The resource could not be found.
2026-06-26 04:47:52.157 11 INFO neutron.wsgi [None req-00086a1f-8057-4cbe-b6f7-e7a8b96d3f9a 8909f3a9171b4f06b4279eba8e331273 962f908764414c17a99d8e671512f3ae - - default default] 10.0.0.211 "DELETE /v2.0/subnets/f2d09c79-fbc6-482b-ac60-4b1f083b202c HTTP/1.1" status: 404 len: 337 time: 0.0177751
2026-06-26 04:47:52.178 11 INFO neutron.wsgi [None req-7874046c-d38d-46c7-851d-49700fb3ce72 8909f3a9171b4f06b4279eba8e331273 962f908764414c17a99d8e671512f3ae - - default default] 10.0.0.211 "GET /v2.0/ports?device_id=2ad8001b-f3e6-4e27-8c93-1db39cfc33e9 HTTP/1.1" status: 200 len: 205 time: 0.0170465
2026-06-26 04:47:52.195 10 INFO neutron.db.ovn_revision_numbers_db [None req-f81445b7-0796-430c-8397-97ef11356779 - - - - - -] Successfully bumped revision number for resource 9e927bd0-7042-4612-b09e-181f568a17ea (type: ports) to 2
2026-06-26 04:47:52.201 11 INFO neutron.api.v2.resource [None req-429892ea-1ddd-4728-847f-18bd9f70180d 8909f3a9171b4f06b4279eba8e331273 962f908764414c17a99d8e671512f3ae - - default default] delete failed (client error): The resource could not be found.
2026-06-26 04:47:52.202 11 INFO neutron.wsgi [None req-429892ea-1ddd-4728-847f-18bd9f70180d 8909f3a9171b4f06b4279eba8e331273 962f908764414c17a99d8e671512f3ae - - default default] 10.0.0.211 "DELETE /v2.0/routers/2ad8001b-f3e6-4e27-8c93-1db39cfc33e9 HTTP/1.1" status: 404 len: 336 time: 0.0209899
2026-06-26 04:47:52.224 11 INFO neutron.pecan_wsgi.hooks.translation [None req-02d35f4b-d874-4a5a-8ff6-67d2d6147db7 8909f3a9171b4f06b4279eba8e331273 962f908764414c17a99d8e671512f3ae - - default default] DELETE failed (client error): The resource could not be found.
2026-06-26 04:47:52.226 11 INFO neutron.wsgi [None req-02d35f4b-d874-4a5a-8ff6-67d2d6147db7 8909f3a9171b4f06b4279eba8e331273 962f908764414c17a99d8e671512f3ae - - default default] 10.0.0.211 "DELETE /v2.0/subnets/16e13a4c-958c-437a-8ab3-b35190ba7952 HTTP/1.1" status: 404 len: 337 time: 0.0184047
2026-06-26 04:47:52.247 11 INFO neutron.wsgi [None req-0fe87c4f-f89e-4b5f-a081-91557c5060f7 8909f3a9171b4f06b4279eba8e331273 962f908764414c17a99d8e671512f3ae - - default default] 10.0.0.211 "GET /v2.0/ports?device_id=ee652ccb-4535-4848-80d5-a166a06e05f7 HTTP/1.1" status: 200 len: 205 time: 0.0172768
2026-06-26 04:47:52.271 11 INFO neutron.api.v2.resource [None req-a3154127-9e1e-4bc6-b08c-3de7e6d3880c 8909f3a9171b4f06b4279eba8e331273 962f908764414c17a99d8e671512f3ae - - default default] delete failed (client error): The resource could not be found.
2026-06-26 04:47:52.272 11 INFO neutron.wsgi [None req-a3154127-9e1e-4bc6-b08c-3de7e6d3880c 8909f3a9171b4f06b4279eba8e331273 962f908764414c17a99d8e671512f3ae - - default default] 10.0.0.211 "DELETE /v2.0/routers/ee652ccb-4535-4848-80d5-a166a06e05f7 HTTP/1.1" status: 404 len: 336 time: 0.0213239
2026-06-26 04:47:52.278 10 WARNING neutron.scheduler.dhcp_agent_scheduler [None req-13996e73-13e7-4e39-bf8a-3e10b46624b4 738a3d2895b14df0991a04e7db23efec 06e4f181efcf43e68845cc52f3976388 - - default default] No more DHCP agents
2026-06-26 04:47:52.281 10 WARNING neutron.api.rpc.agentnotifiers.dhcp_rpc_agent_api [None req-13996e73-13e7-4e39-bf8a-3e10b46624b4 738a3d2895b14df0991a04e7db23efec 06e4f181efcf43e68845cc52f3976388 - - default default] Unable to schedule network dddc3045-a922-4d45-b28c-b6407adeea29: no agents available; will retry on subsequent port and subnet creation events.
2026-06-26 04:47:52.290 11 INFO neutron.pecan_wsgi.hooks.translation [None req-0ba50597-7a53-43bb-88c6-94ba3feda107 8909f3a9171b4f06b4279eba8e331273 962f908764414c17a99d8e671512f3ae - - default default] DELETE failed (client error): The resource could not be found.
2026-06-26 04:47:52.292 11 INFO neutron.wsgi [None req-0ba50597-7a53-43bb-88c6-94ba3feda107 8909f3a9171b4f06b4279eba8e331273 962f908764414c17a99d8e671512f3ae - - default default] 10.0.0.211 "DELETE /v2.0/subnets/89293fa8-4593-4821-90bd-6ddc70c716fc HTTP/1.1" status: 404 len: 337 time: 0.0156510
2026-06-26 04:47:52.304 10 INFO neutron.db.ovn_revision_numbers_db [None req-f81445b7-0796-430c-8397-97ef11356779 - - - - - -] Successfully bumped revision number for resource 9e927bd0-7042-4612-b09e-181f568a17ea (type: router_ports) to 2
2026-06-26 04:47:52.317 11 INFO neutron.pecan_wsgi.hooks.translation [None req-0c4df64a-3a69-4593-91cd-44dc4a18e148 8909f3a9171b4f06b4279eba8e331273 962f908764414c17a99d8e671512f3ae - - default default] DELETE failed (client error): The resource could not be found.
2026-06-26 04:47:52.319 11 INFO neutron.wsgi [None req-0c4df64a-3a69-4593-91cd-44dc4a18e148 8909f3a9171b4f06b4279eba8e331273 962f908764414c17a99d8e671512f3ae - - default default] 10.0.0.211 "DELETE /v2.0/subnets/c93b1ddb-c7fb-4543-a0fb-d446ad5ab225 HTTP/1.1" status: 404 len: 337 time: 0.0231450
2026-06-26 04:47:52.376 10 INFO neutron.db.ovn_revision_numbers_db [None req-13996e73-13e7-4e39-bf8a-3e10b46624b4 738a3d2895b14df0991a04e7db23efec 06e4f181efcf43e68845cc52f3976388 - - default default] Successfully bumped revision number for resource e444f153-c579-4b5a-a527-d3733a11ea97 (type: ports) to 1
2026-06-26 04:47:52.397 10 INFO neutron.wsgi [None req-13996e73-13e7-4e39-bf8a-3e10b46624b4 738a3d2895b14df0991a04e7db23efec 06e4f181efcf43e68845cc52f3976388 - - default default] 10.0.0.211 "POST /v2.0/ports HTTP/1.1" status: 201 len: 977 time: 0.4105413 /var/lib/openstack/lib/python3.10/site-packages/pycadf/identifier.py:71: UserWarning: Invalid uuid: neutron. To ensure interoperability, identifiers should be a valid uuid. warnings.warn(('Invalid uuid: %s. To ensure interoperability, '
2026-06-26 04:47:52.601 10 INFO neutron.db.ovn_revision_numbers_db [None req-3fca19dd-d944-4097-80a2-dbb119a74d98 738a3d2895b14df0991a04e7db23efec 06e4f181efcf43e68845cc52f3976388 - - default default] Successfully bumped revision number for resource e444f153-c579-4b5a-a527-d3733a11ea97 (type: ports) to 2
2026-06-26 04:47:52.609 10 INFO neutron.wsgi [None req-3fca19dd-d944-4097-80a2-dbb119a74d98 738a3d2895b14df0991a04e7db23efec 06e4f181efcf43e68845cc52f3976388 - - default default] 10.0.0.211 "PUT /v2.0/ports/e444f153-c579-4b5a-a527-d3733a11ea97 HTTP/1.1" status: 200 len: 946 time: 0.2071488 /var/lib/openstack/lib/python3.10/site-packages/pycadf/identifier.py:71: UserWarning: Invalid uuid: neutron. To ensure interoperability, identifiers should be a valid uuid. warnings.warn(('Invalid uuid: %s. To ensure interoperability, '
2026-06-26 04:47:52.616 11 INFO neutron.wsgi [None req-be2b512f-d5ed-4f98-a18a-eec58e3d5e86 98704d82db2848089ef910f24f7a43e1 f1e0a196a9fa447e90a10e26668ee535 - - default default] 10.0.0.211 "GET /v2.0/ports/4868fa4c-3488-4ab0-9b20-0ce2f3649c78 HTTP/1.1" status: 200 len: 1135 time: 0.0500968
2026-06-26 04:47:52.837 10 INFO neutron.wsgi [None req-e3162cf8-2363-43c0-ae3a-ff958bec4120 738a3d2895b14df0991a04e7db23efec 06e4f181efcf43e68845cc52f3976388 - - default default] 10.0.0.211 "DELETE /v2.0/ports/e444f153-c579-4b5a-a527-d3733a11ea97 HTTP/1.1" status: 204 len: 168 time: 0.2235963
2026-06-26 04:47:52.924 10 INFO neutron.wsgi [None req-faa23ef0-f741-4887-96ef-63c31fe642f2 738a3d2895b14df0991a04e7db23efec 06e4f181efcf43e68845cc52f3976388 - - default default] 10.0.0.211 "GET /v2.0/ports HTTP/1.1" status: 200 len: 1732 time: 0.0821321
2026-06-26 04:47:52.952 11 INFO neutron.pecan_wsgi.hooks.translation [None req-418d35df-728e-462a-afca-5db6c79e624f 738a3d2895b14df0991a04e7db23efec 06e4f181efcf43e68845cc52f3976388 - - default default] GET failed (client error): The resource could not be found.
2026-06-26 04:47:52.954 11 INFO neutron.wsgi [None req-418d35df-728e-462a-afca-5db6c79e624f 738a3d2895b14df0991a04e7db23efec 06e4f181efcf43e68845cc52f3976388 - - default default] 10.0.0.211 "GET /v2.0/ports/e444f153-c579-4b5a-a527-d3733a11ea97 HTTP/1.1" status: 404 len: 333 time: 0.0249863
2026-06-26 04:47:52.977 10 INFO neutron.wsgi [None req-3a0c6b2d-4ff6-4d70-ad04-9df1a6f16069 0f19afc84ac44417a7a52e56bdcd6b44 35178ba0f0ad412f91ef319bf0c23b38 - - default default] 10.0.0.211 "GET /v2.0/security-groups?tenant_id=962f908764414c17a99d8e671512f3ae&name=default HTTP/1.1" status: 200 len: 2996 time: 0.1522796
2026-06-26 04:47:53.051 11 INFO neutron.wsgi [None req-bc1f5970-6529-4b14-954f-1f2e7f27f8d4 738a3d2895b14df0991a04e7db23efec 06e4f181efcf43e68845cc52f3976388 - - default default] 10.0.0.211 "GET /v2.0/ports HTTP/1.1" status: 200 len: 1732 time: 0.0908539
2026-06-26 04:47:53.091 11 INFO neutron.wsgi [None req-e1953d3c-7f34-4bd5-a58c-bc2e99eef776 738a3d2895b14df0991a04e7db23efec 06e4f181efcf43e68845cc52f3976388 - - default default] 10.0.0.211 "GET /v2.0/ports/e0c39e9b-1690-48eb-8712-587b5e33f64c HTTP/1.1" status: 200 len: 972 time: 0.0330958
2026-06-26 04:47:53.114 11 INFO neutron.pecan_wsgi.hooks.translation [None req-d78429a5-84d0-4315-a6e1-9a4fce73b4af 738a3d2895b14df0991a04e7db23efec 06e4f181efcf43e68845cc52f3976388 - - default default] DELETE failed (client error): The resource could not be found.
2026-06-26 04:47:53.117 11 INFO neutron.wsgi [None req-d78429a5-84d0-4315-a6e1-9a4fce73b4af 738a3d2895b14df0991a04e7db23efec 06e4f181efcf43e68845cc52f3976388 - - default default] 10.0.0.211 "DELETE /v2.0/ports/a7d52d7e-9c3b-466f-a33b-833e076f9efd HTTP/1.1" status: 404 len: 333 time: 0.0189495
2026-06-26 04:47:53.139 10 INFO neutron.pecan_wsgi.hooks.translation [None req-38b8cdf7-9cbe-4630-8343-6c654f93d0c2 738a3d2895b14df0991a04e7db23efec 06e4f181efcf43e68845cc52f3976388 - - default default] DELETE failed (client error): The resource could not be found.
2026-06-26 04:47:53.141 10 INFO neutron.wsgi [None req-38b8cdf7-9cbe-4630-8343-6c654f93d0c2 738a3d2895b14df0991a04e7db23efec 06e4f181efcf43e68845cc52f3976388 - - default default] 10.0.0.211 "DELETE /v2.0/subnets/98241da9-b984-446f-a112-1427dbe041fd HTTP/1.1" status: 404 len: 337 time: 0.0193293
2026-06-26 04:47:53.158 10 INFO neutron.pecan_wsgi.hooks.translation [None req-cd136d24-8934-4463-9249-44d53aa1e40f 738a3d2895b14df0991a04e7db23efec 06e4f181efcf43e68845cc52f3976388 - - default default] DELETE failed (client error): The resource could not be found.
2026-06-26 04:47:53.160 10 INFO neutron.wsgi [None req-cd136d24-8934-4463-9249-44d53aa1e40f 738a3d2895b14df0991a04e7db23efec 06e4f181efcf43e68845cc52f3976388 - - default default] 10.0.0.211 "DELETE /v2.0/subnets/4482b8a4-eb8f-447b-97b0-dfda890c27b8 HTTP/1.1" status: 404 len: 337 time: 0.0146422
2026-06-26 04:47:53.197 10 INFO neutron.wsgi [None req-8c9413bd-a579-435d-9307-04b6636e744f 0f19afc84ac44417a7a52e56bdcd6b44 35178ba0f0ad412f91ef319bf0c23b38 - - default default] 10.0.0.211 "DELETE /v2.0/security-groups/a8de3e0e-8eaa-48d7-b398-516052ed2f0b HTTP/1.1" status: 204 len: 168 time: 0.2152433
2026-06-26 04:47:53.624 10 INFO neutron.wsgi [None req-a8642817-215d-470d-9401-5a850b8d3d69 738a3d2895b14df0991a04e7db23efec 06e4f181efcf43e68845cc52f3976388 - - default default] 10.0.0.211 "DELETE /v2.0/ports/e0c39e9b-1690-48eb-8712-587b5e33f64c HTTP/1.1" status: 204 len: 168 time: 0.4603601
2026-06-26 04:47:53.709 11 INFO neutron.wsgi [None req-ef3d33d0-f524-4058-b5a5-ddf73d395ed2 98704d82db2848089ef910f24f7a43e1 f1e0a196a9fa447e90a10e26668ee535 - - default default] 10.0.0.211 "GET /v2.0/ports/4868fa4c-3488-4ab0-9b20-0ce2f3649c78 HTTP/1.1" status: 200 len: 1135 time: 0.0885279
