2026-06-26 04:48:03.415 11 WARNING neutron.api.rpc.agentnotifiers.dhcp_rpc_agent_api [None req-9c47baab-ee23-41bc-b8b9-b388e9956a92 0f19afc84ac44417a7a52e56bdcd6b44 35178ba0f0ad412f91ef319bf0c23b38 - - default default] Unable to schedule network 343a9edb-8ec8-4aef-b6e3-8eda2ecc2105: no agents available; will retry on subsequent port and subnet creation events.
2026-06-26 04:48:03.568 11 INFO neutron.db.ovn_revision_numbers_db [None req-9c47baab-ee23-41bc-b8b9-b388e9956a92 0f19afc84ac44417a7a52e56bdcd6b44 35178ba0f0ad412f91ef319bf0c23b38 - - default default] Successfully bumped revision number for resource 260813dc-e82b-4553-967f-460b165139b5 (type: ports) to 1
2026-06-26 04:48:04.081 10 INFO neutron.wsgi [None req-32a80db6-98eb-4b25-a6a5-68b33e4dc9c2 98704d82db2848089ef910f24f7a43e1 f1e0a196a9fa447e90a10e26668ee535 - - default default] 10.0.0.211 "PUT /v2.0/routers/faa4487a-813e-4c91-a4c6-6965dc654450/remove_router_interface HTTP/1.1" status: 200 len: 503 time: 0.7507441 /var/lib/openstack/lib/python3.10/site-packages/pycadf/identifier.py:71: UserWarning: Invalid uuid: neutron. To ensure interoperability, identifiers should be a valid uuid. warnings.warn(('Invalid uuid: %s. To ensure interoperability, '
2026-06-26 04:48:04.181 10 INFO neutron.wsgi [None req-a2efd6b7-d9ca-4790-9eec-e9641871e4a1 98704d82db2848089ef910f24f7a43e1 f1e0a196a9fa447e90a10e26668ee535 - - default default] 10.0.0.211 "GET /v2.0/ports/1dda95a2-b8f6-4da0-9b0d-ddabcae92fd6 HTTP/1.1" status: 200 len: 1137 time: 0.0957630
2026-06-26 04:48:04.343 10 INFO neutron.wsgi [req-761ca22a-89fb-4455-ab37-4e1b8fc5c92c req-fe23a42d-d006-4e36-8e30-20928a67564d 5952b64a96894d93a9556c31170db504 035df0bfb6484afda99f8152c19947b9 - - default default] 10.0.0.239 "GET /v2.0/ports?device_id=b4a20c96-6b56-468a-ac2f-ea4875124413 HTTP/1.1" status: 200 len: 1398 time: 0.1362519
2026-06-26 04:48:04.389 10 INFO neutron.plugins.ml2.drivers.ovn.mech_driver.ovsdb.ovsdb_monitor [None req-b1537d26-9290-4c0d-aad2-c395af22659f - - - - - -] Router 6f4085bb-7e95-42c5-959b-24d5bfa8edc4 is bound to host instance
2026-06-26 04:48:04.402 11 INFO neutron.db.ovn_revision_numbers_db [None req-9c47baab-ee23-41bc-b8b9-b388e9956a92 0f19afc84ac44417a7a52e56bdcd6b44 35178ba0f0ad412f91ef319bf0c23b38 - - default default] Successfully bumped revision number for resource 260813dc-e82b-4553-967f-460b165139b5 (type: router_ports) to 1
2026-06-26 04:48:04.441 10 INFO neutron.wsgi [req-761ca22a-89fb-4455-ab37-4e1b8fc5c92c req-7b371fb4-e825-4249-b3f0-2aebd67aa470 5952b64a96894d93a9556c31170db504 035df0bfb6484afda99f8152c19947b9 - - default default] 10.0.0.239 "GET /v2.0/security-groups?id=0a24b9a6-dc4b-44e0-9d0c-486cda9fec9a&fields=id&fields=name HTTP/1.1" status: 200 len: 310 time: 0.0916905
2026-06-26 04:48:04.475 11 INFO neutron.db.ovn_revision_numbers_db [None req-9c47baab-ee23-41bc-b8b9-b388e9956a92 0f19afc84ac44417a7a52e56bdcd6b44 35178ba0f0ad412f91ef319bf0c23b38 - - default default] Successfully bumped revision number for resource 6f4085bb-7e95-42c5-959b-24d5bfa8edc4 (type: routers) to 2
2026-06-26 04:48:04.489 11 INFO neutron.wsgi [None req-9c47baab-ee23-41bc-b8b9-b388e9956a92 0f19afc84ac44417a7a52e56bdcd6b44 35178ba0f0ad412f91ef319bf0c23b38 - - default default] 10.0.0.211 "POST /v2.0/routers HTTP/1.1" status: 201 len: 874 time: 1.5655797
2026-06-26 04:48:04.922 11 WARNING neutron.scheduler.dhcp_agent_scheduler [None req-46446565-1a9b-4ceb-b4e0-f6c3042d0ca5 0f19afc84ac44417a7a52e56bdcd6b44 35178ba0f0ad412f91ef319bf0c23b38 - - default default] No more DHCP agents
2026-06-26 04:48:04.924 11 WARNING neutron.api.rpc.agentnotifiers.dhcp_rpc_agent_api [None req-46446565-1a9b-4ceb-b4e0-f6c3042d0ca5 0f19afc84ac44417a7a52e56bdcd6b44 35178ba0f0ad412f91ef319bf0c23b38 - - default default] Unable to schedule network 6de2db2f-9218-48dc-a9d9-3fe69428f1fc: no agents available; will retry on subsequent port and subnet creation events.
2026-06-26 04:48:05.073 11 INFO neutron.db.ovn_revision_numbers_db [None req-46446565-1a9b-4ceb-b4e0-f6c3042d0ca5 0f19afc84ac44417a7a52e56bdcd6b44 35178ba0f0ad412f91ef319bf0c23b38 - - default default] Successfully bumped revision number for resource c19c661f-7cd9-46db-9686-70ee8f733aa7 (type: ports) to 1
2026-06-26 04:48:05.354 10 INFO neutron.wsgi [None req-a245658f-859d-4c7e-aef7-4901f519c9f1 98704d82db2848089ef910f24f7a43e1 f1e0a196a9fa447e90a10e26668ee535 - - default default] 10.0.0.211 "PUT /v2.0/routers/faa4487a-813e-4c91-a4c6-6965dc654450/remove_router_interface HTTP/1.1" status: 200 len: 503 time: 1.1685705
2026-06-26 04:48:05.385 11 INFO neutron.wsgi [None req-4cf6bb89-c3cb-400e-abe0-0b3d98c078ce 98704d82db2848089ef910f24f7a43e1 f1e0a196a9fa447e90a10e26668ee535 - - default default] 10.0.0.211 "GET /v2.0/ports?device_id=faa4487a-813e-4c91-a4c6-6965dc654450 HTTP/1.1" status: 200 len: 205 time: 0.0264606 /var/lib/openstack/lib/python3.10/site-packages/pycadf/identifier.py:71: UserWarning: Invalid uuid: neutron. To ensure interoperability, identifiers should be a valid uuid. warnings.warn(('Invalid uuid: %s. To ensure interoperability, '
2026-06-26 04:48:05.399 10 INFO neutron.db.ovn_revision_numbers_db [None req-b1537d26-9290-4c0d-aad2-c395af22659f - - - - - -] Successfully bumped revision number for resource 260813dc-e82b-4553-967f-460b165139b5 (type: ports) to 1
2026-06-26 04:48:05.469 11 INFO neutron.db.ovn_revision_numbers_db [None req-46446565-1a9b-4ceb-b4e0-f6c3042d0ca5 0f19afc84ac44417a7a52e56bdcd6b44 35178ba0f0ad412f91ef319bf0c23b38 - - default default] Successfully bumped revision number for resource c19c661f-7cd9-46db-9686-70ee8f733aa7 (type: router_ports) to 1
2026-06-26 04:48:05.617 11 INFO neutron.db.ovn_revision_numbers_db [None req-46446565-1a9b-4ceb-b4e0-f6c3042d0ca5 0f19afc84ac44417a7a52e56bdcd6b44 35178ba0f0ad412f91ef319bf0c23b38 - - default default] Successfully bumped revision number for resource c19c661f-7cd9-46db-9686-70ee8f733aa7 (type: ports) to 1
2026-06-26 04:48:05.685 11 WARNING neutron.scheduler.dhcp_agent_scheduler [None req-46446565-1a9b-4ceb-b4e0-f6c3042d0ca5 0f19afc84ac44417a7a52e56bdcd6b44 35178ba0f0ad412f91ef319bf0c23b38 - - default default] No more DHCP agents
2026-06-26 04:48:05.686 11 WARNING neutron.api.rpc.agentnotifiers.dhcp_rpc_agent_api [None req-46446565-1a9b-4ceb-b4e0-f6c3042d0ca5 0f19afc84ac44417a7a52e56bdcd6b44 35178ba0f0ad412f91ef319bf0c23b38 - - default default] Unable to schedule network 6de2db2f-9218-48dc-a9d9-3fe69428f1fc: no agents available; will retry on subsequent port and subnet creation events.
2026-06-26 04:48:05.729 10 INFO neutron.wsgi [None req-540103fe-98d5-4017-b0fe-e14beba3a44e 98704d82db2848089ef910f24f7a43e1 f1e0a196a9fa447e90a10e26668ee535 - - default default] 10.0.0.211 "DELETE /v2.0/routers/faa4487a-813e-4c91-a4c6-6965dc654450 HTTP/1.1" status: 204 len: 168 time: 0.3372035
2026-06-26 04:48:05.900 10 INFO neutron.db.ovn_revision_numbers_db [None req-b1537d26-9290-4c0d-aad2-c395af22659f - - - - - -] Successfully bumped revision number for resource 260813dc-e82b-4553-967f-460b165139b5 (type: router_ports) to 3
2026-06-26 04:48:05.997 10 INFO neutron.wsgi [None req-15132b15-36ba-497e-865e-d600274469dd 98704d82db2848089ef910f24f7a43e1 f1e0a196a9fa447e90a10e26668ee535 - - default default] 10.0.0.211 "DELETE /v2.0/subnets/99ec9266-c981-45f8-a4b4-73dbcad62bd9 HTTP/1.1" status: 204 len: 168 time: 0.2633433
2026-06-26 04:48:06.089 10 INFO neutron.db.ovn_revision_numbers_db [None req-b1537d26-9290-4c0d-aad2-c395af22659f - - - - - -] Successfully bumped revision number for resource 260813dc-e82b-4553-967f-460b165139b5 (type: ports) to 2
2026-06-26 04:48:06.347 10 INFO neutron.db.ovn_revision_numbers_db [None req-b1537d26-9290-4c0d-aad2-c395af22659f - - - - - -] Successfully bumped revision number for resource 260813dc-e82b-4553-967f-460b165139b5 (type: ports) to 4
2026-06-26 04:48:06.507 11 INFO neutron.wsgi [None req-6391752b-307a-4d89-bfc2-1f0d5dff2d64 98704d82db2848089ef910f24f7a43e1 f1e0a196a9fa447e90a10e26668ee535 - - default default] 10.0.0.211 "DELETE /v2.0/subnets/cff99d6e-b7f5-4978-a1de-6531d3289dac HTTP/1.1" status: 204 len: 168 time: 0.5040286
2026-06-26 04:48:06.509 11 INFO neutron.db.ovn_revision_numbers_db [None req-97213958-a0bc-485d-b035-ffcd7a6f23a3 0f19afc84ac44417a7a52e56bdcd6b44 35178ba0f0ad412f91ef319bf0c23b38 - - default default] Successfully bumped revision number for resource e99e7c0e-866d-451a-9854-f6e1cbf63fdb (type: security_groups) to 1
2026-06-26 04:48:06.519 11 INFO neutron.db.ovn_revision_numbers_db [None req-46446565-1a9b-4ceb-b4e0-f6c3042d0ca5 0f19afc84ac44417a7a52e56bdcd6b44 35178ba0f0ad412f91ef319bf0c23b38 - - default default] Successfully bumped revision number for resource c19c661f-7cd9-46db-9686-70ee8f733aa7 (type: router_ports) to 1
2026-06-26 04:48:06.521 11 INFO neutron.wsgi [None req-46446565-1a9b-4ceb-b4e0-f6c3042d0ca5 0f19afc84ac44417a7a52e56bdcd6b44 35178ba0f0ad412f91ef319bf0c23b38 - - default default] 10.0.0.211 "PUT /v2.0/routers/6f4085bb-7e95-42c5-959b-24d5bfa8edc4/add_router_interface HTTP/1.1" status: 200 len: 503 time: 2.0255389
2026-06-26 04:48:06.544 11 INFO neutron.db.ovn_revision_numbers_db [None req-97213958-a0bc-485d-b035-ffcd7a6f23a3 0f19afc84ac44417a7a52e56bdcd6b44 35178ba0f0ad412f91ef319bf0c23b38 - - default default] Successfully bumped revision number for resource 141e0c10-ab19-4d89-a132-28e68a615a38 (type: security_group_rules) to 0
2026-06-26 04:48:06.569 11 INFO neutron.db.ovn_revision_numbers_db [None req-97213958-a0bc-485d-b035-ffcd7a6f23a3 0f19afc84ac44417a7a52e56bdcd6b44 35178ba0f0ad412f91ef319bf0c23b38 - - default default] Successfully bumped revision number for resource b9df8929-bad0-4405-a4f2-29aa73c1bf60 (type: security_group_rules) to 0
2026-06-26 04:48:06.587 10 INFO neutron.db.ovn_revision_numbers_db [None req-b1537d26-9290-4c0d-aad2-c395af22659f - - - - - -] Successfully bumped revision number for resource 260813dc-e82b-4553-967f-460b165139b5 (type: router_ports) to 4
2026-06-26 04:48:06.596 11 INFO neutron.db.ovn_revision_numbers_db [None req-97213958-a0bc-485d-b035-ffcd7a6f23a3 0f19afc84ac44417a7a52e56bdcd6b44 35178ba0f0ad412f91ef319bf0c23b38 - - default default] Successfully bumped revision number for resource c5f58dc8-ebb1-475b-ae36-25a70d226f10 (type: security_group_rules) to 0
2026-06-26 04:48:06.612 11 INFO neutron.db.ovn_revision_numbers_db [None req-97213958-a0bc-485d-b035-ffcd7a6f23a3 0f19afc84ac44417a7a52e56bdcd6b44 35178ba0f0ad412f91ef319bf0c23b38 - - default default] Successfully bumped revision number for resource dbcb0b1d-3b62-4b13-aa9d-a47429ae301e (type: security_group_rules) to 0
2026-06-26 04:48:06.640 11 INFO neutron.wsgi [None req-97213958-a0bc-485d-b035-ffcd7a6f23a3 0f19afc84ac44417a7a52e56bdcd6b44 35178ba0f0ad412f91ef319bf0c23b38 - - default default] 10.0.0.211 "GET /v2.0/security-groups?tenant_id=ff83843b038545fba1802ac36137aeca&name=default HTTP/1.1" status: 200 len: 2996 time: 0.5582445
2026-06-26 04:48:06.851 10 INFO neutron.wsgi [None req-9392a08c-0e33-48a9-89a7-16b7a2bacdb0 0f19afc84ac44417a7a52e56bdcd6b44 35178ba0f0ad412f91ef319bf0c23b38 - - default default] 10.0.0.211 "DELETE /v2.0/security-groups/e99e7c0e-866d-451a-9854-f6e1cbf63fdb HTTP/1.1" status: 204 len: 168 time: 0.2068555
2026-06-26 04:48:06.889 11 INFO neutron.services.segments.plugin [-] Segment eceb7e9a-dc12-4503-b70e-cd4bce9a579a resource provider aggregate not found
2026-06-26 04:48:06.897 11 INFO neutron.services.segments.plugin [-] Segment eceb7e9a-dc12-4503-b70e-cd4bce9a579a resource provider aggregate not found
2026-06-26 04:48:06.909 11 INFO neutron.services.segments.plugin [-] Segment eceb7e9a-dc12-4503-b70e-cd4bce9a579a resource provider not found; error: Placement Client Error (4xx): {"errors": [{"status": 404, "title": "Not Found", "detail": "The resource could not be found.\n\n No resource provider with uuid eceb7e9a-dc12-4503-b70e-cd4bce9a579a found for delete ", "request_id": "req-316448b0-60c9-4b51-836c-d0415c693a0c"}]}
2026-06-26 04:48:06.915 11 INFO neutron.services.segments.plugin [-] Segment eceb7e9a-dc12-4503-b70e-cd4bce9a579a resource provider not found; error: Placement Client Error (4xx): {"errors": [{"status": 404, "title": "Not Found", "detail": "The resource could not be found.\n\n No resource provider with uuid eceb7e9a-dc12-4503-b70e-cd4bce9a579a found for delete ", "request_id": "req-3e307b7a-69f7-40b2-8bd6-648b3e1b16ac"}]}
2026-06-26 04:48:06.926 11 INFO neutron.wsgi [None req-67735365-c631-40f5-ab74-9f76f3880ba6 98704d82db2848089ef910f24f7a43e1 f1e0a196a9fa447e90a10e26668ee535 - - default default] 10.0.0.211 "DELETE /v2.0/networks/655f9283-9c39-4e22-ac0f-616f298f2765 HTTP/1.1" status: 204 len: 168 time: 0.4151535
2026-06-26 04:48:07.073 10 INFO neutron.db.ovn_revision_numbers_db [None req-c5d27c53-633d-4b26-bb5d-0325d1dd1ae3 0f19afc84ac44417a7a52e56bdcd6b44 35178ba0f0ad412f91ef319bf0c23b38 - - default default] Successfully bumped revision number for resource 7b5e9c02-c90e-4b54-a687-bb2d5d374ef6 (type: security_groups) to 1
2026-06-26 04:48:07.084 10 INFO neutron.db.ovn_revision_numbers_db [None req-c5d27c53-633d-4b26-bb5d-0325d1dd1ae3 0f19afc84ac44417a7a52e56bdcd6b44 35178ba0f0ad412f91ef319bf0c23b38 - - default default] Successfully bumped revision number for resource 312d6fd4-ff74-4724-b63d-9f0436143a77 (type: security_group_rules) to 0
2026-06-26 04:48:07.097 10 INFO neutron.db.ovn_revision_numbers_db [None req-c5d27c53-633d-4b26-bb5d-0325d1dd1ae3 0f19afc84ac44417a7a52e56bdcd6b44 35178ba0f0ad412f91ef319bf0c23b38 - - default default] Successfully bumped revision number for resource 4573fcb6-27dc-4bfc-9c58-25929601f000 (type: security_group_rules) to 0
2026-06-26 04:48:07.110 10 INFO neutron.db.ovn_revision_numbers_db [None req-c5d27c53-633d-4b26-bb5d-0325d1dd1ae3 0f19afc84ac44417a7a52e56bdcd6b44 35178ba0f0ad412f91ef319bf0c23b38 - - default default] Successfully bumped revision number for resource 4c8f5936-243e-4052-a23f-b1e0206e29fc (type: security_group_rules) to 0
2026-06-26 04:48:07.124 10 INFO neutron.db.ovn_revision_numbers_db [None req-c5d27c53-633d-4b26-bb5d-0325d1dd1ae3 0f19afc84ac44417a7a52e56bdcd6b44 35178ba0f0ad412f91ef319bf0c23b38 - - default default] Successfully bumped revision number for resource 7f980c1c-c7c5-4af9-9148-8b41dd6e8783 (type: security_group_rules) to 0
2026-06-26 04:48:07.145 10 INFO neutron.wsgi [None req-c5d27c53-633d-4b26-bb5d-0325d1dd1ae3 0f19afc84ac44417a7a52e56bdcd6b44 35178ba0f0ad412f91ef319bf0c23b38 - - default default] 10.0.0.211 "GET /v2.0/security-groups?tenant_id=e19056bff4074e36921d684a04e12a67&name=default HTTP/1.1" status: 200 len: 2996 time: 0.1859262
2026-06-26 04:48:07.298 11 INFO neutron.wsgi [None req-a772793c-1ea6-4e80-92db-7c5d31723116 98704d82db2848089ef910f24f7a43e1 f1e0a196a9fa447e90a10e26668ee535 - - default default] 10.0.0.211 "DELETE /v2.0/networks/d676b6bc-bc8b-447f-97db-9e20e900be66 HTTP/1.1" status: 204 len: 168 time: 0.3658900
2026-06-26 04:48:07.313 11 WARNING neutron_lib.context [None req-783484f5-6245-4a74-b12c-fa9748c7d723 98704d82db2848089ef910f24f7a43e1 f1e0a196a9fa447e90a10e26668ee535 - - default default] Method 'is_advsvc' is deprecated since 2023.2 release (neutron-lib 3.8.0) and will be removed once support for the old RBAC API policies will be removed from Neutron. Please use method 'is_service_role' instead.
2026-06-26 04:48:07.390 10 WARNING neutron.plugins.ml2.drivers.ovn.mech_driver.ovsdb.ovn_client [None req-f81445b7-0796-430c-8397-97ef11356779 - - - - - -] No port found with ID 4868fa4c-3488-4ab0-9b20-0ce2f3649c78: RuntimeError: No port found with ID 4868fa4c-3488-4ab0-9b20-0ce2f3649c78
2026-06-26 04:48:07.391 10 INFO neutron.plugins.ml2.drivers.ovn.mech_driver.mech_driver [None req-f81445b7-0796-430c-8397-97ef11356779 - - - - - -] OVN reports status up for port: 6f440d67-dd45-4848-af19-49f53bc810de
2026-06-26 04:48:07.400 10 INFO neutron.plugins.ml2.plugin [None req-f81445b7-0796-430c-8397-97ef11356779 - - - - - -] Attempt 1 to provision port 6f440d67-dd45-4848-af19-49f53bc810de
2026-06-26 04:48:07.402 11 INFO neutron.wsgi [None req-366c4645-5a7b-4c5b-b9b2-e1895af50673 0f19afc84ac44417a7a52e56bdcd6b44 35178ba0f0ad412f91ef319bf0c23b38 - - default default] 10.0.0.211 "DELETE /v2.0/security-groups/7b5e9c02-c90e-4b54-a687-bb2d5d374ef6 HTTP/1.1" status: 204 len: 168 time: 0.2520156
2026-06-26 04:48:07.403 11 INFO neutron.db.segments_db [None req-783484f5-6245-4a74-b12c-fa9748c7d723 98704d82db2848089ef910f24f7a43e1 f1e0a196a9fa447e90a10e26668ee535 - - default default] Added segment 9136bb01-90b8-4674-8f06-a33730464b34 of type geneve for network fbe50289-2c76-49a4-a61d-c9ebabed3625
2026-06-26 04:48:07.522 10 INFO neutron.notifiers.nova [-] Nova event matching ['req-02ff19ee-9e0a-4e1f-96d5-ed8ea69731f7'] response: {'server_uuid': 'b4a20c96-6b56-468a-ac2f-ea4875124413', 'name': 'network-vif-plugged', 'status': 'completed', 'tag': '6f440d67-dd45-4848-af19-49f53bc810de', 'code': 200}
2026-06-26 04:48:07.564 11 INFO neutron.db.ovn_revision_numbers_db [None req-783484f5-6245-4a74-b12c-fa9748c7d723 98704d82db2848089ef910f24f7a43e1 f1e0a196a9fa447e90a10e26668ee535 - - default default] Successfully bumped revision number for resource fbe50289-2c76-49a4-a61d-c9ebabed3625 (type: networks) to 1
2026-06-26 04:48:07.727 10 INFO neutron.db.ovn_revision_numbers_db [None req-f81445b7-0796-430c-8397-97ef11356779 - - - - - -] Successfully bumped revision number for resource 6f440d67-dd45-4848-af19-49f53bc810de (type: ports) to 4
2026-06-26 04:48:07.793 11 WARNING neutron.scheduler.dhcp_agent_scheduler [None req-783484f5-6245-4a74-b12c-fa9748c7d723 98704d82db2848089ef910f24f7a43e1 f1e0a196a9fa447e90a10e26668ee535 - - default default] No more DHCP agents
2026-06-26 04:48:07.796 11 WARNING neutron.api.rpc.agentnotifiers.dhcp_rpc_agent_api [None req-783484f5-6245-4a74-b12c-fa9748c7d723 98704d82db2848089ef910f24f7a43e1 f1e0a196a9fa447e90a10e26668ee535 - - default default] Unable to schedule network fbe50289-2c76-49a4-a61d-c9ebabed3625: no agents available; will retry on subsequent port and subnet creation events.
2026-06-26 04:48:07.809 10 INFO neutron.plugins.ml2.drivers.ovn.mech_driver.mech_driver [None req-f81445b7-0796-430c-8397-97ef11356779 - - - - - -] OVN reports status up for port: 260813dc-e82b-4553-967f-460b165139b5
2026-06-26 04:48:07.821 10 INFO neutron.plugins.ml2.plugin [None req-f81445b7-0796-430c-8397-97ef11356779 - - - - - -] Attempt 1 to provision port 260813dc-e82b-4553-967f-460b165139b5
2026-06-26 04:48:07.875 11 INFO neutron.db.ovn_revision_numbers_db [None req-783484f5-6245-4a74-b12c-fa9748c7d723 98704d82db2848089ef910f24f7a43e1 f1e0a196a9fa447e90a10e26668ee535 - - default default] Successfully bumped revision number for resource 2bdd4684-c8db-44a9-8988-0904cc042d0b (type: ports) to 1
2026-06-26 04:48:07.896 11 INFO neutron.wsgi [None req-783484f5-6245-4a74-b12c-fa9748c7d723 98704d82db2848089ef910f24f7a43e1 f1e0a196a9fa447e90a10e26668ee535 - - default default] 10.0.0.211 "POST /v2.0/networks HTTP/1.1" status: 201 len: 828 time: 0.5878117
2026-06-26 04:48:07.899 10 INFO neutron.plugins.ml2.drivers.ovn.mech_driver.mech_driver [None req-f81445b7-0796-430c-8397-97ef11356779 - - - - - -] OVN reports status up for port: c19c661f-7cd9-46db-9686-70ee8f733aa7
2026-06-26 04:48:07.905 10 INFO neutron.plugins.ml2.plugin [None req-f81445b7-0796-430c-8397-97ef11356779 - - - - - -] Attempt 1 to provision port c19c661f-7cd9-46db-9686-70ee8f733aa7
2026-06-26 04:48:07.906 11 WARNING neutron_lib.context [None req-3c9f1661-0310-492b-b144-3b3301f61f5b 98704d82db2848089ef910f24f7a43e1 f1e0a196a9fa447e90a10e26668ee535 - - default default] Method 'is_advsvc' is deprecated since 2023.2 release (neutron-lib 3.8.0) and will be removed once support for the old RBAC API policies will be removed from Neutron. Please use method 'is_service_role' instead.
2026-06-26 04:48:08.125 11 WARNING neutron.scheduler.dhcp_agent_scheduler [None req-3c9f1661-0310-492b-b144-3b3301f61f5b 98704d82db2848089ef910f24f7a43e1 f1e0a196a9fa447e90a10e26668ee535 - - default default] No more DHCP agents
2026-06-26 04:48:08.127 11 WARNING neutron.api.rpc.agentnotifiers.dhcp_rpc_agent_api [None req-3c9f1661-0310-492b-b144-3b3301f61f5b 98704d82db2848089ef910f24f7a43e1 f1e0a196a9fa447e90a10e26668ee535 - - default default] Unable to schedule network fbe50289-2c76-49a4-a61d-c9ebabed3625: no agents available; will retry on subsequent port and subnet creation events.
2026-06-26 04:48:08.207 10 INFO neutron.db.ovn_revision_numbers_db [None req-f81445b7-0796-430c-8397-97ef11356779 - - - - - -] Successfully bumped revision number for resource c19c661f-7cd9-46db-9686-70ee8f733aa7 (type: ports) to 2
2026-06-26 04:48:08.288 10 INFO neutron.db.ovn_revision_numbers_db [None req-f81445b7-0796-430c-8397-97ef11356779 - - - - - -] Successfully bumped revision number for resource c19c661f-7cd9-46db-9686-70ee8f733aa7 (type: router_ports) to 2
2026-06-26 04:48:08.599 11 INFO neutron.db.ovn_revision_numbers_db [None req-3c9f1661-0310-492b-b144-3b3301f61f5b 98704d82db2848089ef910f24f7a43e1 f1e0a196a9fa447e90a10e26668ee535 - - default default] Successfully bumped revision number for resource 2bdd4684-c8db-44a9-8988-0904cc042d0b (type: ports) to 2
2026-06-26 04:48:08.652 11 INFO neutron.db.ovn_revision_numbers_db [None req-3c9f1661-0310-492b-b144-3b3301f61f5b 98704d82db2848089ef910f24f7a43e1 f1e0a196a9fa447e90a10e26668ee535 - - default default] Successfully bumped revision number for resource 3e35ef31-1fd0-40fb-88f7-abcb874991ac (type: subnets) to 0
2026-06-26 04:48:08.668 11 INFO neutron.wsgi [None req-3c9f1661-0310-492b-b144-3b3301f61f5b 98704d82db2848089ef910f24f7a43e1 f1e0a196a9fa447e90a10e26668ee535 - - default default] 10.0.0.211 "POST /v2.0/subnets HTTP/1.1" status: 201 len: 801 time: 0.7650418
2026-06-26 04:48:08.681 11 WARNING neutron_lib.context [None req-94e2bb5c-ec5c-4fc3-bdd4-0dc7f23ab6ad 98704d82db2848089ef910f24f7a43e1 f1e0a196a9fa447e90a10e26668ee535 - - default default] Method 'is_advsvc' is deprecated since 2023.2 release (neutron-lib 3.8.0) and will be removed once support for the old RBAC API policies will be removed from Neutron. Please use method 'is_service_role' instead.
2026-06-26 04:48:08.853 11 INFO neutron.db.ovn_revision_numbers_db [None req-94e2bb5c-ec5c-4fc3-bdd4-0dc7f23ab6ad 98704d82db2848089ef910f24f7a43e1 f1e0a196a9fa447e90a10e26668ee535 - - default default] Successfully bumped revision number for resource e9d83ceb-881e-4635-a7d1-d5f687d6f20a (type: routers) to 1
2026-06-26 04:48:08.876 11 INFO neutron.wsgi [None req-94e2bb5c-ec5c-4fc3-bdd4-0dc7f23ab6ad 98704d82db2848089ef910f24f7a43e1 f1e0a196a9fa447e90a10e26668ee535 - - default default] 10.0.0.211 "POST /v2.0/routers HTTP/1.1" status: 201 len: 686 time: 0.2038515 /var/lib/openstack/lib/python3.10/site-packages/pycadf/identifier.py:71: UserWarning: Invalid uuid: neutron. To ensure interoperability, identifiers should be a valid uuid. warnings.warn(('Invalid uuid: %s. To ensure interoperability, '
2026-06-26 04:48:08.891 10 WARNING neutron_lib.context [None req-851939d3-0afd-4c82-a2d0-9e21926e7808 98704d82db2848089ef910f24f7a43e1 f1e0a196a9fa447e90a10e26668ee535 - - default default] Method 'is_advsvc' is deprecated since 2023.2 release (neutron-lib 3.8.0) and will be removed once support for the old RBAC API policies will be removed from Neutron. Please use method 'is_service_role' instead.
2026-06-26 04:48:08.911 11 INFO neutron.wsgi [req-7d1fedca-019e-4833-879f-a9115239117c req-d86a2f84-8340-4ed6-a5d4-2dcb838f667e 9147ae0295b94f3a90793c2c9603e71c 7ae3886e92a8404192a41cd7ba04c130 - - default default] 10.0.0.239 "GET /v2.0/networks?id=6de2db2f-9218-48dc-a9d9-3fe69428f1fc HTTP/1.1" status: 200 len: 872 time: 0.0714037
2026-06-26 04:48:08.934 11 INFO neutron.services.segments.plugin [-] Segment 954b3bbb-c41c-4fca-a406-dedb56b885a6 resource provider aggregate not found
2026-06-26 04:48:08.940 11 INFO neutron.services.segments.plugin [-] Segment 954b3bbb-c41c-4fca-a406-dedb56b885a6 resource provider aggregate not found
2026-06-26 04:48:08.948 11 INFO neutron.wsgi [req-7d1fedca-019e-4833-879f-a9115239117c req-3b53de48-8f4b-44f5-9a4b-2b0f69d2ad6e 9147ae0295b94f3a90793c2c9603e71c 7ae3886e92a8404192a41cd7ba04c130 - - default default] 10.0.0.239 "GET /v2.0/quotas/7ae3886e92a8404192a41cd7ba04c130 HTTP/1.1" status: 200 len: 386 time: 0.0266271
2026-06-26 04:48:08.965 11 INFO neutron.services.segments.plugin [-] Segment 954b3bbb-c41c-4fca-a406-dedb56b885a6 resource provider not found; error: Placement Client Error (4xx): {"errors": [{"status": 404, "title": "Not Found", "detail": "The resource could not be found.\n\n No resource provider with uuid 954b3bbb-c41c-4fca-a406-dedb56b885a6 found for delete ", "request_id": "req-676d3e5f-f702-46ad-b8be-f86126f85152"}]}
2026-06-26 04:48:08.966 11 INFO neutron.services.segments.plugin [-] Segment 954b3bbb-c41c-4fca-a406-dedb56b885a6 resource provider not found; error: Placement Client Error (4xx): {"errors": [{"status": 404, "title": "Not Found", "detail": "The resource could not be found.\n\n No resource provider with uuid 954b3bbb-c41c-4fca-a406-dedb56b885a6 found for delete ", "request_id": "req-13f81720-377a-4aae-9603-30bd19a4b228"}]}
2026-06-26 04:48:09.053 11 INFO neutron.wsgi [req-7d1fedca-019e-4833-879f-a9115239117c req-a3b352c8-3431-40d6-9e5b-c0488e312073 9147ae0295b94f3a90793c2c9603e71c 7ae3886e92a8404192a41cd7ba04c130 - - default default] 10.0.0.239 "GET /v2.0/ports?tenant_id=7ae3886e92a8404192a41cd7ba04c130&fields=id HTTP/1.1" status: 200 len: 302 time: 0.0973313
2026-06-26 04:48:09.127 11 INFO neutron.wsgi [req-7d1fedca-019e-4833-879f-a9115239117c req-a2ab157f-23cc-4cf0-ae1b-2046d196b3b6 d314d15e814d449199dcea8348f71246 9eb1c5eba02b4822af306e49c0425440 - - 9dd2a3d6d4b044059814358e15a07fe0 9dd2a3d6d4b044059814358e15a07fe0] 10.0.0.239 "GET /v2.0/networks/6de2db2f-9218-48dc-a9d9-3fe69428f1fc?fields=segments HTTP/1.1" status: 200 len: 212 time: 0.0628963
2026-06-26 04:48:09.192 11 INFO neutron.wsgi [req-7d1fedca-019e-4833-879f-a9115239117c req-ef40b765-3732-4ec8-b704-6d7eb14810dc d314d15e814d449199dcea8348f71246 9eb1c5eba02b4822af306e49c0425440 - - 9dd2a3d6d4b044059814358e15a07fe0 9dd2a3d6d4b044059814358e15a07fe0] 10.0.0.239 "GET /v2.0/networks/6de2db2f-9218-48dc-a9d9-3fe69428f1fc?fields=provider%3Aphysical_network&fields=provider%3Anetwork_type HTTP/1.1" status: 200 len: 277 time: 0.0598118
2026-06-26 04:48:09.266 10 WARNING neutron.scheduler.dhcp_agent_scheduler [None req-851939d3-0afd-4c82-a2d0-9e21926e7808 98704d82db2848089ef910f24f7a43e1 f1e0a196a9fa447e90a10e26668ee535 - - default default] No more DHCP agents
2026-06-26 04:48:09.267 10 WARNING neutron.api.rpc.agentnotifiers.dhcp_rpc_agent_api [None req-851939d3-0afd-4c82-a2d0-9e21926e7808 98704d82db2848089ef910f24f7a43e1 f1e0a196a9fa447e90a10e26668ee535 - - default default] Unable to schedule network fbe50289-2c76-49a4-a61d-c9ebabed3625: no agents available; will retry on subsequent port and subnet creation events. /var/lib/openstack/lib/python3.10/site-packages/pycadf/identifier.py:71: UserWarning: Invalid uuid: neutron. To ensure interoperability, identifiers should be a valid uuid. warnings.warn(('Invalid uuid: %s. To ensure interoperability, '
2026-06-26 04:48:09.330 10 INFO neutron.wsgi [req-119742ec-f5d7-4b46-936b-43abb903971c req-bdd89bb2-ee45-41d0-a107-c6cd597aaccb 9147ae0295b94f3a90793c2c9603e71c 7ae3886e92a8404192a41cd7ba04c130 - - default default] 10.0.0.239 "GET /v2.0/ports?device_id=3214bccb-2ab8-41bd-a1c2-ade009035802 HTTP/1.1" status: 200 len: 210 time: 0.0196166
2026-06-26 04:48:09.426 10 INFO neutron.db.ovn_revision_numbers_db [None req-851939d3-0afd-4c82-a2d0-9e21926e7808 98704d82db2848089ef910f24f7a43e1 f1e0a196a9fa447e90a10e26668ee535 - - default default] Successfully bumped revision number for resource f591626a-5d75-4545-8e52-14d66b845bcf (type: ports) to 1
2026-06-26 04:48:09.452 10 INFO neutron.wsgi [None req-851939d3-0afd-4c82-a2d0-9e21926e7808 98704d82db2848089ef910f24f7a43e1 f1e0a196a9fa447e90a10e26668ee535 - - default default] 10.0.0.211 "POST /v2.0/ports HTTP/1.1" status: 201 len: 1150 time: 0.5675411
2026-06-26 04:48:09.572 10 INFO neutron.notifiers.nova [-] Nova event matching ['req-3d21ff76-2eae-412d-be35-1c4bd7ba81b1'] response: {'server_uuid': 'b4a20c96-6b56-468a-ac2f-ea4875124413', 'name': 'network-vif-plugged', 'status': 'completed', 'tag': '6f440d67-dd45-4848-af19-49f53bc810de', 'code': 200}
2026-06-26 04:48:09.609 11 INFO neutron.wsgi [req-0b87e8c3-0962-4676-b703-6d72790b78f1 req-fefff739-4ddd-452d-b7b8-442dc42bf87c 5952b64a96894d93a9556c31170db504 035df0bfb6484afda99f8152c19947b9 - - default default] 10.0.0.239 "GET /v2.0/ports?device_id=b4a20c96-6b56-468a-ac2f-ea4875124413 HTTP/1.1" status: 200 len: 1400 time: 0.1030047
2026-06-26 04:48:09.694 11 INFO neutron.wsgi [req-0b87e8c3-0962-4676-b703-6d72790b78f1 req-b34731b0-553d-4236-9f05-68ce8c48a1eb 5952b64a96894d93a9556c31170db504 035df0bfb6484afda99f8152c19947b9 - - default default] 10.0.0.239 "GET /v2.0/security-groups?id=0a24b9a6-dc4b-44e0-9d0c-486cda9fec9a&fields=id&fields=name HTTP/1.1" status: 200 len: 310 time: 0.0770197
2026-06-26 04:48:09.787 11 INFO neutron.wsgi [None req-960e9e02-96a9-4536-837d-3f24b16f562e 5952b64a96894d93a9556c31170db504 035df0bfb6484afda99f8152c19947b9 - - default default] 10.0.0.211 "GET /v2.0/ports?network_id=8b7eeee0-0a05-485b-bdaa-aac5fe07c577&mac_address=fa%3A16%3A3e%3Ac7%3Ab8%3A82 HTTP/1.1" status: 200 len: 1395 time: 0.0679607
2026-06-26 04:48:09.801 11 WARNING neutron_lib.context [None req-6f0e1bdc-ba7a-4c13-8704-045caa120bcd 5952b64a96894d93a9556c31170db504 035df0bfb6484afda99f8152c19947b9 - - default default] Method 'is_advsvc' is deprecated since 2023.2 release (neutron-lib 3.8.0) and will be removed once support for the old RBAC API policies will be removed from Neutron. Please use method 'is_service_role' instead.
2026-06-26 04:48:09.910 11 INFO neutron.plugins.ml2.drivers.ovn.mech_driver.mech_driver [None req-f217a9be-5b29-464f-9a5a-5afee2642517 - - - - - -] OVN reports status up for port: f591626a-5d75-4545-8e52-14d66b845bcf
2026-06-26 04:48:09.921 11 INFO neutron.plugins.ml2.plugin [None req-f217a9be-5b29-464f-9a5a-5afee2642517 - - - - - -] Attempt 1 to provision port f591626a-5d75-4545-8e52-14d66b845bcf
2026-06-26 04:48:09.944 10 INFO neutron.db.ovn_revision_numbers_db [None req-889c421a-27dc-446d-82bc-7bd30a34fea8 98704d82db2848089ef910f24f7a43e1 f1e0a196a9fa447e90a10e26668ee535 - - default default] Successfully bumped revision number for resource f591626a-5d75-4545-8e52-14d66b845bcf (type: router_ports) to 2 /var/lib/openstack/lib/python3.10/site-packages/pycadf/identifier.py:71: UserWarning: Invalid uuid: neutron. To ensure interoperability, identifiers should be a valid uuid. warnings.warn(('Invalid uuid: %s. To ensure interoperability, '
2026-06-26 04:48:10.128 11 WARNING neutron.scheduler.dhcp_agent_scheduler [None req-6f0e1bdc-ba7a-4c13-8704-045caa120bcd 5952b64a96894d93a9556c31170db504 035df0bfb6484afda99f8152c19947b9 - - default default] No more DHCP agents
2026-06-26 04:48:10.133 11 WARNING neutron.api.rpc.agentnotifiers.dhcp_rpc_agent_api [None req-6f0e1bdc-ba7a-4c13-8704-045caa120bcd 5952b64a96894d93a9556c31170db504 035df0bfb6484afda99f8152c19947b9 - - default default] Unable to schedule network 343a9edb-8ec8-4aef-b6e3-8eda2ecc2105: no agents available; will retry on subsequent port and subnet creation events.
2026-06-26 04:48:10.167 10 INFO neutron.wsgi [req-7d1fedca-019e-4833-879f-a9115239117c req-059db432-4395-4ab5-896b-4da9ac10fa4e 9147ae0295b94f3a90793c2c9603e71c 7ae3886e92a8404192a41cd7ba04c130 - - default default] 199.204.45.23 "GET /v2.0/networks?id=6de2db2f-9218-48dc-a9d9-3fe69428f1fc HTTP/1.1" status: 200 len: 872 time: 0.1216877
2026-06-26 04:48:10.185 10 WARNING neutron_lib.context [req-7d1fedca-019e-4833-879f-a9115239117c req-ba076def-4075-46ed-9e97-c6544d04bf8d 9147ae0295b94f3a90793c2c9603e71c 7ae3886e92a8404192a41cd7ba04c130 - - default default] Method 'is_advsvc' is deprecated since 2023.2 release (neutron-lib 3.8.0) and will be removed once support for the old RBAC API policies will be removed from Neutron. Please use method 'is_service_role' instead.
2026-06-26 04:48:10.238 10 INFO neutron.db.ovn_revision_numbers_db [None req-889c421a-27dc-446d-82bc-7bd30a34fea8 98704d82db2848089ef910f24f7a43e1 f1e0a196a9fa447e90a10e26668ee535 - - default default] Successfully bumped revision number for resource f591626a-5d75-4545-8e52-14d66b845bcf (type: ports) to 2
2026-06-26 04:48:10.547 11 INFO neutron.db.ovn_revision_numbers_db [None req-f217a9be-5b29-464f-9a5a-5afee2642517 - - - - - -] Successfully bumped revision number for resource f591626a-5d75-4545-8e52-14d66b845bcf (type: ports) to 3
2026-06-26 04:48:10.666 11 INFO neutron.db.ovn_revision_numbers_db [None req-f217a9be-5b29-464f-9a5a-5afee2642517 - - - - - -] Successfully bumped revision number for resource f591626a-5d75-4545-8e52-14d66b845bcf (type: router_ports) to 3
2026-06-26 04:48:10.678 10 INFO neutron.wsgi [req-74261964-a3a5-4e94-96b6-78ef89c2d65e req-02ddca96-3fd5-44d2-a386-58497289d05e 9147ae0295b94f3a90793c2c9603e71c 7ae3886e92a8404192a41cd7ba04c130 - - default default] 10.0.0.239 "GET /v2.0/ports?device_id=3214bccb-2ab8-41bd-a1c2-ade009035802 HTTP/1.1" status: 200 len: 210 time: 0.0343218
2026-06-26 04:48:10.887 11 INFO neutron.db.l3_db [None req-6f0e1bdc-ba7a-4c13-8704-045caa120bcd 5952b64a96894d93a9556c31170db504 035df0bfb6484afda99f8152c19947b9 - - default default] Floating IP cc01dea9-a494-4ccc-8651-41e74d7752d1 associated. External IP: 10.96.250.204, port: 6f440d67-dd45-4848-af19-49f53bc810de.
2026-06-26 04:48:10.931 10 WARNING neutron.scheduler.dhcp_agent_scheduler [req-7d1fedca-019e-4833-879f-a9115239117c req-ba076def-4075-46ed-9e97-c6544d04bf8d 9147ae0295b94f3a90793c2c9603e71c 7ae3886e92a8404192a41cd7ba04c130 - - default default] No more DHCP agents
2026-06-26 04:48:10.943 10 WARNING neutron.api.rpc.agentnotifiers.dhcp_rpc_agent_api [req-7d1fedca-019e-4833-879f-a9115239117c req-ba076def-4075-46ed-9e97-c6544d04bf8d 9147ae0295b94f3a90793c2c9603e71c 7ae3886e92a8404192a41cd7ba04c130 - - default default] Unable to schedule network 6de2db2f-9218-48dc-a9d9-3fe69428f1fc: no agents available; will retry on subsequent port and subnet creation events. /var/lib/openstack/lib/python3.10/site-packages/pycadf/identifier.py:71: UserWarning: Invalid uuid: neutron. To ensure interoperability, identifiers should be a valid uuid. warnings.warn(('Invalid uuid: %s. To ensure interoperability, '
2026-06-26 04:48:11.094 11 INFO neutron.db.ovn_revision_numbers_db [None req-6f0e1bdc-ba7a-4c13-8704-045caa120bcd 5952b64a96894d93a9556c31170db504 035df0bfb6484afda99f8152c19947b9 - - default default] Successfully bumped revision number for resource cc01dea9-a494-4ccc-8651-41e74d7752d1 (type: floatingips) to 0
2026-06-26 04:48:11.194 11 INFO neutron.db.ovn_revision_numbers_db [None req-6f0e1bdc-ba7a-4c13-8704-045caa120bcd 5952b64a96894d93a9556c31170db504 035df0bfb6484afda99f8152c19947b9 - - default default] Successfully bumped revision number for resource cc01dea9-a494-4ccc-8651-41e74d7752d1 (type: floatingips) to 1
2026-06-26 04:48:11.216 10 INFO neutron.db.ovn_revision_numbers_db [req-7d1fedca-019e-4833-879f-a9115239117c req-ba076def-4075-46ed-9e97-c6544d04bf8d 9147ae0295b94f3a90793c2c9603e71c 7ae3886e92a8404192a41cd7ba04c130 - - default default] Successfully bumped revision number for resource 97c830f9-2e3d-450f-9791-0e02ca6f3fc4 (type: ports) to 1
2026-06-26 04:48:11.222 10 INFO neutron.db.ovn_revision_numbers_db [None req-7a1b423f-a09a-4604-8279-a134c8f2c693 0f19afc84ac44417a7a52e56bdcd6b44 35178ba0f0ad412f91ef319bf0c23b38 - - default default] Successfully bumped revision number for resource b290d62c-f608-4260-83f3-e42244844ec4 (type: security_groups) to 1
2026-06-26 04:48:11.235 11 INFO neutron.wsgi [None req-6f0e1bdc-ba7a-4c13-8704-045caa120bcd 5952b64a96894d93a9556c31170db504 035df0bfb6484afda99f8152c19947b9 - - default default] 10.0.0.211 "POST /v2.0/floatingips HTTP/1.1" status: 201 len: 1054 time: 1.4440274
2026-06-26 04:48:11.255 10 INFO neutron.wsgi [req-7d1fedca-019e-4833-879f-a9115239117c req-ba076def-4075-46ed-9e97-c6544d04bf8d 9147ae0295b94f3a90793c2c9603e71c 7ae3886e92a8404192a41cd7ba04c130 - - default default] 199.204.45.23 "POST /v2.0/ports HTTP/1.1" status: 201 len: 1162 time: 1.0823011
2026-06-26 04:48:11.257 10 INFO neutron.db.ovn_revision_numbers_db [None req-7a1b423f-a09a-4604-8279-a134c8f2c693 0f19afc84ac44417a7a52e56bdcd6b44 35178ba0f0ad412f91ef319bf0c23b38 - - default default] Successfully bumped revision number for resource 48bcb186-7856-43eb-a1c9-2ec928f8cab1 (type: security_group_rules) to 0 /var/lib/openstack/lib/python3.10/site-packages/pycadf/identifier.py:71: UserWarning: Invalid uuid: neutron. To ensure interoperability, identifiers should be a valid uuid. warnings.warn(('Invalid uuid: %s. To ensure interoperability, '
2026-06-26 04:48:11.281 11 INFO neutron.notifiers.nova [-] Nova event matching ['req-edc7620c-8392-48c6-925a-ac4ddea3c614'] response: {'name': 'network-changed', 'server_uuid': 'b4a20c96-6b56-468a-ac2f-ea4875124413', 'tag': '6f440d67-dd45-4848-af19-49f53bc810de', 'status': 'completed', 'code': 200}
2026-06-26 04:48:11.300 10 INFO neutron.db.ovn_revision_numbers_db [None req-7a1b423f-a09a-4604-8279-a134c8f2c693 0f19afc84ac44417a7a52e56bdcd6b44 35178ba0f0ad412f91ef319bf0c23b38 - - default default] Successfully bumped revision number for resource af6884bf-44f9-4989-aa39-d2fb21d4defb (type: security_group_rules) to 0 /var/lib/openstack/lib/python3.10/site-packages/pycadf/identifier.py:71: UserWarning: Invalid uuid: neutron. To ensure interoperability, identifiers should be a valid uuid. warnings.warn(('Invalid uuid: %s. To ensure interoperability, '
2026-06-26 04:48:11.331 11 INFO neutron.wsgi [req-370fd5fa-dd37-48d5-a154-d09a8b201c7c req-b2eb294a-2ed5-45c8-a1a6-b9d14228dbc7 5952b64a96894d93a9556c31170db504 035df0bfb6484afda99f8152c19947b9 - - default default] 10.0.0.239 "GET /v2.0/security-groups?name=tempest-lb_member_SG-374212318&fields=id&tenant_id=035df0bfb6484afda99f8152c19947b9 HTTP/1.1" status: 200 len: 267 time: 0.0300367
2026-06-26 04:48:11.337 10 INFO neutron.db.ovn_revision_numbers_db [None req-7a1b423f-a09a-4604-8279-a134c8f2c693 0f19afc84ac44417a7a52e56bdcd6b44 35178ba0f0ad412f91ef319bf0c23b38 - - default default] Successfully bumped revision number for resource de991338-a5af-44b5-8e4e-05a7ee303bf8 (type: security_group_rules) to 0
2026-06-26 04:48:11.365 10 INFO neutron.db.ovn_revision_numbers_db [None req-889c421a-27dc-446d-82bc-7bd30a34fea8 98704d82db2848089ef910f24f7a43e1 f1e0a196a9fa447e90a10e26668ee535 - - default default] Successfully bumped revision number for resource f591626a-5d75-4545-8e52-14d66b845bcf (type: ports) to 3
2026-06-26 04:48:11.373 10 INFO neutron.db.ovn_revision_numbers_db [None req-7a1b423f-a09a-4604-8279-a134c8f2c693 0f19afc84ac44417a7a52e56bdcd6b44 35178ba0f0ad412f91ef319bf0c23b38 - - default default] Successfully bumped revision number for resource f842f2f0-7521-4c03-ac2d-f9f6fd321452 (type: security_group_rules) to 0
2026-06-26 04:48:11.381 10 INFO neutron.wsgi [req-acbf8b5e-0bd0-49a4-829b-17e71708faf9 req-2c8a66b7-d34c-4407-bde8-2681dbb61d11 d314d15e814d449199dcea8348f71246 9eb1c5eba02b4822af306e49c0425440 - - 9dd2a3d6d4b044059814358e15a07fe0 9dd2a3d6d4b044059814358e15a07fe0] 199.204.45.23 "GET /v2.0/ports?tenant_id=035df0bfb6484afda99f8152c19947b9&device_id=b4a20c96-6b56-468a-ac2f-ea4875124413 HTTP/1.1" status: 200 len: 1638 time: 0.0613728
2026-06-26 04:48:11.402 11 INFO neutron.wsgi [req-370fd5fa-dd37-48d5-a154-d09a8b201c7c req-fc1e8c63-ff08-449c-86b7-92c886151f19 5952b64a96894d93a9556c31170db504 035df0bfb6484afda99f8152c19947b9 - - default default] 10.0.0.239 "GET /v2.0/networks?id=d9c24e3e-5682-4326-bbaa-79c111fe7556 HTTP/1.1" status: 200 len: 904 time: 0.0666265
2026-06-26 04:48:11.417 11 INFO neutron.wsgi [req-370fd5fa-dd37-48d5-a154-d09a8b201c7c req-acf2d98d-cd8e-4374-b99a-d9defe48820b 5952b64a96894d93a9556c31170db504 035df0bfb6484afda99f8152c19947b9 - - default default] 10.0.0.239 "GET /v2.0/quotas/035df0bfb6484afda99f8152c19947b9 HTTP/1.1" status: 200 len: 386 time: 0.0101871
2026-06-26 04:48:11.420 10 INFO neutron.wsgi [None req-7a1b423f-a09a-4604-8279-a134c8f2c693 0f19afc84ac44417a7a52e56bdcd6b44 35178ba0f0ad412f91ef319bf0c23b38 - - default default] 10.0.0.211 "GET /v2.0/security-groups?tenant_id=13253e2d1d594134856f83997f6ecb7c&name=default HTTP/1.1" status: 200 len: 2996 time: 0.5650241
2026-06-26 04:48:11.505 10 INFO neutron.wsgi [req-acbf8b5e-0bd0-49a4-829b-17e71708faf9 req-83b14187-a311-45d8-93c4-6b761e80f90b d314d15e814d449199dcea8348f71246 9eb1c5eba02b4822af306e49c0425440 - - 9dd2a3d6d4b044059814358e15a07fe0 9dd2a3d6d4b044059814358e15a07fe0] 199.204.45.23 "GET /v2.0/networks?id=8b7eeee0-0a05-485b-bdaa-aac5fe07c577 HTTP/1.1" status: 200 len: 1001 time: 0.1153631
2026-06-26 04:48:11.535 10 WARNING neutron.scheduler.dhcp_agent_scheduler [None req-889c421a-27dc-446d-82bc-7bd30a34fea8 98704d82db2848089ef910f24f7a43e1 f1e0a196a9fa447e90a10e26668ee535 - - default default] No more DHCP agents
2026-06-26 04:48:11.541 10 WARNING neutron.api.rpc.agentnotifiers.dhcp_rpc_agent_api [None req-889c421a-27dc-446d-82bc-7bd30a34fea8 98704d82db2848089ef910f24f7a43e1 f1e0a196a9fa447e90a10e26668ee535 - - default default] Unable to schedule network fbe50289-2c76-49a4-a61d-c9ebabed3625: no agents available; will retry on subsequent port and subnet creation events.
2026-06-26 04:48:11.577 11 INFO neutron.wsgi [req-370fd5fa-dd37-48d5-a154-d09a8b201c7c req-feda75be-fc5b-498f-9236-cd01b1d2d086 5952b64a96894d93a9556c31170db504 035df0bfb6484afda99f8152c19947b9 - - default default] 10.0.0.239 "GET /v2.0/ports?tenant_id=035df0bfb6484afda99f8152c19947b9&fields=id HTTP/1.1" status: 200 len: 532 time: 0.1543670
2026-06-26 04:48:11.583 10 INFO neutron.wsgi [req-acbf8b5e-0bd0-49a4-829b-17e71708faf9 req-0c3d2f94-20f3-488d-bf01-cccbc08a715b d314d15e814d449199dcea8348f71246 9eb1c5eba02b4822af306e49c0425440 - - 9dd2a3d6d4b044059814358e15a07fe0 9dd2a3d6d4b044059814358e15a07fe0] 199.204.45.23 "GET /v2.0/floatingips?fixed_ip_address=10.2.1.151&port_id=6f440d67-dd45-4848-af19-49f53bc810de HTTP/1.1" status: 200 len: 1059 time: 0.0703421
2026-06-26 04:48:11.632 10 INFO neutron.wsgi [req-acbf8b5e-0bd0-49a4-829b-17e71708faf9 req-4372c5c9-57bf-4b25-bb39-7843ab4a7b49 d314d15e814d449199dcea8348f71246 9eb1c5eba02b4822af306e49c0425440 - - 9dd2a3d6d4b044059814358e15a07fe0 9dd2a3d6d4b044059814358e15a07fe0] 199.204.45.23 "GET /v2.0/floatingips?fixed_ip_address=fd7b%3Af9f7%3Afff%3A4eca%3A%3A12c&port_id=6f440d67-dd45-4848-af19-49f53bc810de HTTP/1.1" status: 200 len: 217 time: 0.0341513
2026-06-26 04:48:11.663 11 INFO neutron.wsgi [req-370fd5fa-dd37-48d5-a154-d09a8b201c7c req-d87c6c3a-46eb-4060-916f-12ab4c7922a8 d314d15e814d449199dcea8348f71246 9eb1c5eba02b4822af306e49c0425440 - - 9dd2a3d6d4b044059814358e15a07fe0 9dd2a3d6d4b044059814358e15a07fe0] 10.0.0.239 "GET /v2.0/networks/d9c24e3e-5682-4326-bbaa-79c111fe7556?fields=segments HTTP/1.1" status: 200 len: 212 time: 0.0742900
2026-06-26 04:48:11.693 10 INFO neutron.wsgi [req-acbf8b5e-0bd0-49a4-829b-17e71708faf9 req-dd25865a-21e5-4521-b0db-9355c6d25e08 d314d15e814d449199dcea8348f71246 9eb1c5eba02b4822af306e49c0425440 - - 9dd2a3d6d4b044059814358e15a07fe0 9dd2a3d6d4b044059814358e15a07fe0] 199.204.45.23 "GET /v2.0/subnets?id=9697537a-9dfa-48c2-aa4e-f830fab75890&id=9068badc-59fd-46ac-a012-727cff240da1 HTTP/1.1" status: 200 len: 1561 time: 0.0526981
2026-06-26 04:48:11.724 11 INFO neutron.wsgi [None req-918ab741-d9c6-4b46-8280-5ce07f9298f7 0f19afc84ac44417a7a52e56bdcd6b44 35178ba0f0ad412f91ef319bf0c23b38 - - default default] 10.0.0.211 "DELETE /v2.0/security-groups/b290d62c-f608-4260-83f3-e42244844ec4 HTTP/1.1" status: 204 len: 168 time: 0.2995358
2026-06-26 04:48:11.727 10 INFO neutron.wsgi [req-acbf8b5e-0bd0-49a4-829b-17e71708faf9 req-2b04d9c0-598b-452b-913c-f9ff47f16bfe d314d15e814d449199dcea8348f71246 9eb1c5eba02b4822af306e49c0425440 - - 9dd2a3d6d4b044059814358e15a07fe0 9dd2a3d6d4b044059814358e15a07fe0] 199.204.45.23 "GET /v2.0/ports?network_id=8b7eeee0-0a05-485b-bdaa-aac5fe07c577&device_owner=network%3Adhcp HTTP/1.1" status: 200 len: 210 time: 0.0247359
2026-06-26 04:48:11.751 11 INFO neutron.wsgi [req-370fd5fa-dd37-48d5-a154-d09a8b201c7c req-c25e87ea-d864-4d99-8afc-624ee68582ce d314d15e814d449199dcea8348f71246 9eb1c5eba02b4822af306e49c0425440 - - 9dd2a3d6d4b044059814358e15a07fe0 9dd2a3d6d4b044059814358e15a07fe0] 10.0.0.239 "GET /v2.0/networks/d9c24e3e-5682-4326-bbaa-79c111fe7556?fields=provider%3Aphysical_network&fields=provider%3Anetwork_type HTTP/1.1" status: 200 len: 277 time: 0.0780718
2026-06-26 04:48:11.782 10 INFO neutron.wsgi [req-acbf8b5e-0bd0-49a4-829b-17e71708faf9 req-f45cd94f-0122-4568-b865-2bcce767be07 d314d15e814d449199dcea8348f71246 9eb1c5eba02b4822af306e49c0425440 - - 9dd2a3d6d4b044059814358e15a07fe0 9dd2a3d6d4b044059814358e15a07fe0] 199.204.45.23 "GET /v2.0/ports?network_id=8b7eeee0-0a05-485b-bdaa-aac5fe07c577&device_owner=network%3Adhcp HTTP/1.1" status: 200 len: 210 time: 0.0460088
2026-06-26 04:48:11.811 10 INFO neutron.db.ovn_revision_numbers_db [None req-889c421a-27dc-446d-82bc-7bd30a34fea8 98704d82db2848089ef910f24f7a43e1 f1e0a196a9fa447e90a10e26668ee535 - - default default] Successfully bumped revision number for resource f591626a-5d75-4545-8e52-14d66b845bcf (type: router_ports) to 3
2026-06-26 04:48:11.813 10 INFO neutron.wsgi [None req-889c421a-27dc-446d-82bc-7bd30a34fea8 98704d82db2848089ef910f24f7a43e1 f1e0a196a9fa447e90a10e26668ee535 - - default default] 10.0.0.211 "PUT /v2.0/routers/e9d83ceb-881e-4635-a7d1-d5f687d6f20a/add_router_interface HTTP/1.1" status: 200 len: 503 time: 2.3549974
2026-06-26 04:48:11.882 11 INFO neutron.wsgi [req-3df5f750-c829-4b26-81b6-4f99ad0ad217 req-bf378290-37ec-4974-81c3-ca015f99571a 5952b64a96894d93a9556c31170db504 035df0bfb6484afda99f8152c19947b9 - - default default] 10.0.0.239 "GET /v2.0/ports?device_id=94a687e9-8ebe-4ad5-93da-0aac4f60c992 HTTP/1.1" status: 200 len: 210 time: 0.0348186
2026-06-26 04:48:11.887 11 INFO neutron.wsgi [None req-edeacc3f-d10b-4eb2-92bb-a8021bf153a6 98704d82db2848089ef910f24f7a43e1 f1e0a196a9fa447e90a10e26668ee535 - - default default] 10.0.0.211 "GET /v2.0/ports/f591626a-5d75-4545-8e52-14d66b845bcf HTTP/1.1" status: 200 len: 1208 time: 0.0622504
2026-06-26 04:48:11.920 10 INFO neutron.wsgi [req-acbf8b5e-0bd0-49a4-829b-17e71708faf9 req-661292d5-cff2-497e-b015-3993fed99254 d314d15e814d449199dcea8348f71246 9eb1c5eba02b4822af306e49c0425440 - - 9dd2a3d6d4b044059814358e15a07fe0 9dd2a3d6d4b044059814358e15a07fe0] 199.204.45.23 "GET /v2.0/networks/8b7eeee0-0a05-485b-bdaa-aac5fe07c577?fields=segments HTTP/1.1" status: 200 len: 212 time: 0.1290653
2026-06-26 04:48:11.929 10 INFO neutron.wsgi [req-56189307-4d6d-497b-a146-2f8312af78a5 req-25a8bdbf-f6df-4533-bd55-93904b389a3f 9147ae0295b94f3a90793c2c9603e71c 7ae3886e92a8404192a41cd7ba04c130 - - default default] 10.0.0.239 "GET /v2.0/ports?device_id=3214bccb-2ab8-41bd-a1c2-ade009035802 HTTP/1.1" status: 200 len: 1160 time: 0.1843355 /var/lib/openstack/lib/python3.10/site-packages/pycadf/identifier.py:71: UserWarning: Invalid uuid: neutron. To ensure interoperability, identifiers should be a valid uuid. warnings.warn(('Invalid uuid: %s. To ensure interoperability, '
2026-06-26 04:48:12.011 10 INFO neutron.wsgi [req-56189307-4d6d-497b-a146-2f8312af78a5 req-ea74f073-f86b-4d7d-8897-2fe899551c97 9147ae0295b94f3a90793c2c9603e71c 7ae3886e92a8404192a41cd7ba04c130 - - default default] 10.0.0.239 "GET /v2.0/security-groups?id=0d615a51-13d4-4d09-ae23-b7cc5084150f&fields=id&fields=name HTTP/1.1" status: 200 len: 286 time: 0.0723093
2026-06-26 04:48:12.049 10 INFO neutron.wsgi [req-acbf8b5e-0bd0-49a4-829b-17e71708faf9 req-0b426fb8-5b87-4bca-97ef-533f2a10176d d314d15e814d449199dcea8348f71246 9eb1c5eba02b4822af306e49c0425440 - - 9dd2a3d6d4b044059814358e15a07fe0 9dd2a3d6d4b044059814358e15a07fe0] 199.204.45.23 "GET /v2.0/networks/8b7eeee0-0a05-485b-bdaa-aac5fe07c577?fields=provider%3Aphysical_network&fields=provider%3Anetwork_type HTTP/1.1" status: 200 len: 277 time: 0.1189179
2026-06-26 04:48:12.081 10 INFO neutron.db.ovn_revision_numbers_db [req-7d1fedca-019e-4833-879f-a9115239117c req-06f5bb62-e4e6-4ea8-ac32-0278488c16de d314d15e814d449199dcea8348f71246 9eb1c5eba02b4822af306e49c0425440 - - 9dd2a3d6d4b044059814358e15a07fe0 9dd2a3d6d4b044059814358e15a07fe0] Successfully bumped revision number for resource 97c830f9-2e3d-450f-9791-0e02ca6f3fc4 (type: ports) to 2
2026-06-26 04:48:12.277 10 INFO neutron.db.ovn_revision_numbers_db [req-7d1fedca-019e-4833-879f-a9115239117c req-06f5bb62-e4e6-4ea8-ac32-0278488c16de d314d15e814d449199dcea8348f71246 9eb1c5eba02b4822af306e49c0425440 - - 9dd2a3d6d4b044059814358e15a07fe0 9dd2a3d6d4b044059814358e15a07fe0] Successfully bumped revision number for resource 97c830f9-2e3d-450f-9791-0e02ca6f3fc4 (type: ports) to 2
2026-06-26 04:48:12.293 10 INFO neutron.wsgi [req-7d1fedca-019e-4833-879f-a9115239117c req-06f5bb62-e4e6-4ea8-ac32-0278488c16de d314d15e814d449199dcea8348f71246 9eb1c5eba02b4822af306e49c0425440 - - 9dd2a3d6d4b044059814358e15a07fe0 9dd2a3d6d4b044059814358e15a07fe0] 199.204.45.23 "PUT /v2.0/ports/97c830f9-2e3d-450f-9791-0e02ca6f3fc4 HTTP/1.1" status: 200 len: 1380 time: 1.0259588 /var/lib/openstack/lib/python3.10/site-packages/pycadf/identifier.py:71: UserWarning: Invalid uuid: neutron. To ensure interoperability, identifiers should be a valid uuid. warnings.warn(('Invalid uuid: %s. To ensure interoperability, '
2026-06-26 04:48:12.341 10 INFO neutron.notifiers.nova [-] Nova event matching ['req-150d3097-a1f3-4eeb-a7e8-9740c7b2135a'] response: {'name': 'network-changed', 'server_uuid': '3214bccb-2ab8-41bd-a1c2-ade009035802', 'tag': '97c830f9-2e3d-450f-9791-0e02ca6f3fc4', 'status': 'completed', 'code': 200}
