2026-06-26 04:48:34.299 11 INFO neutron.db.ovn_revision_numbers_db [None req-649497c4-80d3-4297-9bdc-8caf1bfdfd34 5b66fe9898bf448f859564523787c466 13fbf5524a43419fae94715d94b7f6a2 - - default default] Successfully bumped revision number for resource af052851-4409-4ed8-8710-d8dde78ccecc (type: ports) to 1
2026-06-26 04:48:34.323 11 INFO neutron.wsgi [None req-649497c4-80d3-4297-9bdc-8caf1bfdfd34 5b66fe9898bf448f859564523787c466 13fbf5524a43419fae94715d94b7f6a2 - - default default] 10.0.0.211 "POST /v2.0/ports HTTP/1.1" status: 201 len: 942 time: 0.3732002
2026-06-26 04:48:34.331 10 WARNING neutron_lib.context [None req-8121422f-f05b-4138-96a0-11f18a7063b7 5b66fe9898bf448f859564523787c466 13fbf5524a43419fae94715d94b7f6a2 - - default default] Method 'is_advsvc' is deprecated since 2023.2 release (neutron-lib 3.8.0) and will be removed once support for the old RBAC API policies will be removed from Neutron. Please use method 'is_service_role' instead.
2026-06-26 04:48:34.349 10 INFO neutron.wsgi [None req-bae739b2-6431-483a-92fb-4989d1d0abd5 0f19afc84ac44417a7a52e56bdcd6b44 35178ba0f0ad412f91ef319bf0c23b38 - - default default] 10.0.0.211 "DELETE /v2.0/security-groups/02919a8c-57f5-489c-81b7-3f573f8d6e87 HTTP/1.1" status: 204 len: 168 time: 0.2093749
2026-06-26 04:48:34.389 10 INFO neutron.wsgi [-] 10.0.0.110 "GET / HTTP/1.1" status: 200 len: 284 time: 0.0017314
2026-06-26 04:48:34.433 10 INFO neutron.db.segments_db [None req-8121422f-f05b-4138-96a0-11f18a7063b7 5b66fe9898bf448f859564523787c466 13fbf5524a43419fae94715d94b7f6a2 - - default default] Added segment 371f1f38-03b0-4045-8751-989865a9313f of type geneve for network 5460c6c1-4a87-4f3a-951c-8a61a51d4774
2026-06-26 04:48:34.441 10 INFO neutron.wsgi [None req-40c511c0-4862-45e8-a4c4-3f211893b9c8 5952b64a96894d93a9556c31170db504 035df0bfb6484afda99f8152c19947b9 - - default default] 10.0.0.110 "GET /v2.0/subnets/acacf9c3-9a8f-499f-a41c-9ad0522d4e1f HTTP/1.1" status: 200 len: 832 time: 0.0406773
2026-06-26 04:48:34.456 10 INFO neutron.wsgi [None req-2f1a4d46-e417-4dba-9bb2-801699d377e2 0f19afc84ac44417a7a52e56bdcd6b44 35178ba0f0ad412f91ef319bf0c23b38 - - default default] 10.0.0.110 "GET /v2.0/extensions/security-group HTTP/1.1" status: 200 len: 369 time: 0.0046461
2026-06-26 04:48:34.466 10 INFO neutron.wsgi [None req-6b34dde6-46ed-4d28-8299-d65353940fc8 0f19afc84ac44417a7a52e56bdcd6b44 35178ba0f0ad412f91ef319bf0c23b38 - - default default] 10.0.0.110 "GET /v2.0/extensions/dns-integration HTTP/1.1" status: 200 len: 371 time: 0.0060086
2026-06-26 04:48:34.482 10 INFO neutron.wsgi [None req-d17b045d-b601-49c1-92af-d6577443dbd7 0f19afc84ac44417a7a52e56bdcd6b44 35178ba0f0ad412f91ef319bf0c23b38 - - default default] 10.0.0.110 "GET /v2.0/extensions/qos HTTP/1.1" status: 200 len: 365 time: 0.0074174
2026-06-26 04:48:34.498 10 INFO neutron.wsgi [None req-05b4750a-6b3d-41c7-a195-8e031f434226 0f19afc84ac44417a7a52e56bdcd6b44 35178ba0f0ad412f91ef319bf0c23b38 - - default default] 10.0.0.110 "GET /v2.0/extensions/allowed-address-pairs HTTP/1.1" status: 200 len: 383 time: 0.0089583
2026-06-26 04:48:34.544 10 INFO neutron.wsgi [None req-b64be973-abca-48bf-88c1-2b8f96720e29 0f19afc84ac44417a7a52e56bdcd6b44 35178ba0f0ad412f91ef319bf0c23b38 - - default default] 10.0.0.110 "GET /v2.0/subnets/acacf9c3-9a8f-499f-a41c-9ad0522d4e1f HTTP/1.1" status: 200 len: 850 time: 0.0338666
2026-06-26 04:48:34.596 10 INFO neutron.db.ovn_revision_numbers_db [None req-8121422f-f05b-4138-96a0-11f18a7063b7 5b66fe9898bf448f859564523787c466 13fbf5524a43419fae94715d94b7f6a2 - - default default] Successfully bumped revision number for resource 5460c6c1-4a87-4f3a-951c-8a61a51d4774 (type: networks) to 1
2026-06-26 04:48:34.635 10 INFO neutron.wsgi [None req-7b0c17b5-2824-4aee-a20b-77ace941e810 0f19afc84ac44417a7a52e56bdcd6b44 35178ba0f0ad412f91ef319bf0c23b38 - - default default] 10.0.0.110 "GET /v2.0/extensions/security-group HTTP/1.1" status: 200 len: 369 time: 0.0060983
2026-06-26 04:48:34.648 10 INFO neutron.wsgi [None req-df15ee5c-4097-4329-a080-cb4a5980acc7 0f19afc84ac44417a7a52e56bdcd6b44 35178ba0f0ad412f91ef319bf0c23b38 - - default default] 10.0.0.110 "GET /v2.0/extensions/dns-integration HTTP/1.1" status: 200 len: 371 time: 0.0066681
2026-06-26 04:48:34.659 10 INFO neutron.wsgi [None req-487b94e9-cdff-4b72-949d-34b2cb64cb34 0f19afc84ac44417a7a52e56bdcd6b44 35178ba0f0ad412f91ef319bf0c23b38 - - default default] 10.0.0.110 "GET /v2.0/extensions/qos HTTP/1.1" status: 200 len: 365 time: 0.0031061
2026-06-26 04:48:34.667 10 INFO neutron.wsgi [None req-6e2d604c-0d3e-4ca3-8471-0c018b968856 0f19afc84ac44417a7a52e56bdcd6b44 35178ba0f0ad412f91ef319bf0c23b38 - - default default] 10.0.0.110 "GET /v2.0/extensions/allowed-address-pairs HTTP/1.1" status: 200 len: 383 time: 0.0039616
2026-06-26 04:48:34.792 10 INFO neutron.wsgi [None req-144f0ec6-97f0-4115-97e7-8e271e21659b 0f19afc84ac44417a7a52e56bdcd6b44 35178ba0f0ad412f91ef319bf0c23b38 - - default default] 10.0.0.110 "GET /v2.0/networks/466bfb1c-38ce-4b9d-a068-cbe734cf7bf5 HTTP/1.1" status: 200 len: 1001 time: 0.1148877
2026-06-26 04:48:34.812 10 INFO neutron.wsgi [None req-129b6505-64c0-47d1-9f10-e73bd94c0155 0f19afc84ac44417a7a52e56bdcd6b44 35178ba0f0ad412f91ef319bf0c23b38 - - default default] 10.0.0.110 "GET /v2.0/extensions/project-id HTTP/1.1" status: 200 len: 403 time: 0.0051386
2026-06-26 04:48:34.871 10 WARNING neutron.scheduler.dhcp_agent_scheduler [None req-8121422f-f05b-4138-96a0-11f18a7063b7 5b66fe9898bf448f859564523787c466 13fbf5524a43419fae94715d94b7f6a2 - - default default] No more DHCP agents
2026-06-26 04:48:34.880 10 WARNING neutron.api.rpc.agentnotifiers.dhcp_rpc_agent_api [None req-8121422f-f05b-4138-96a0-11f18a7063b7 5b66fe9898bf448f859564523787c466 13fbf5524a43419fae94715d94b7f6a2 - - default default] Unable to schedule network 5460c6c1-4a87-4f3a-951c-8a61a51d4774: no agents available; will retry on subsequent port and subnet creation events.
2026-06-26 04:48:34.987 10 INFO neutron.db.ovn_revision_numbers_db [None req-8121422f-f05b-4138-96a0-11f18a7063b7 5b66fe9898bf448f859564523787c466 13fbf5524a43419fae94715d94b7f6a2 - - default default] Successfully bumped revision number for resource 31fbac1f-cc20-4db3-8979-2334cf6a7364 (type: ports) to 1
2026-06-26 04:48:35.015 10 INFO neutron.wsgi [None req-8121422f-f05b-4138-96a0-11f18a7063b7 5b66fe9898bf448f859564523787c466 13fbf5524a43419fae94715d94b7f6a2 - - default default] 10.0.0.211 "POST /v2.0/networks HTTP/1.1" status: 201 len: 830 time: 0.6881373 /var/lib/openstack/lib/python3.10/site-packages/pycadf/identifier.py:71: UserWarning: Invalid uuid: neutron. To ensure interoperability, identifiers should be a valid uuid. warnings.warn(('Invalid uuid: %s. To ensure interoperability, '
2026-06-26 04:48:35.025 11 WARNING neutron_lib.context [None req-caf35dab-9836-44ac-afdc-6de224b3b2af 5b66fe9898bf448f859564523787c466 13fbf5524a43419fae94715d94b7f6a2 - - default default] Method 'is_advsvc' is deprecated since 2023.2 release (neutron-lib 3.8.0) and will be removed once support for the old RBAC API policies will be removed from Neutron. Please use method 'is_service_role' instead.
2026-06-26 04:48:35.196 10 WARNING neutron.scheduler.dhcp_agent_scheduler [None req-af8c7dae-21c3-4b8e-afc9-51729e9635e9 0f19afc84ac44417a7a52e56bdcd6b44 35178ba0f0ad412f91ef319bf0c23b38 - - default default] No more DHCP agents
2026-06-26 04:48:35.199 10 WARNING neutron.api.rpc.agentnotifiers.dhcp_rpc_agent_api [None req-af8c7dae-21c3-4b8e-afc9-51729e9635e9 0f19afc84ac44417a7a52e56bdcd6b44 35178ba0f0ad412f91ef319bf0c23b38 - - default default] Unable to schedule network 466bfb1c-38ce-4b9d-a068-cbe734cf7bf5: no agents available; will retry on subsequent port and subnet creation events.
2026-06-26 04:48:35.272 11 WARNING neutron.scheduler.dhcp_agent_scheduler [None req-caf35dab-9836-44ac-afdc-6de224b3b2af 5b66fe9898bf448f859564523787c466 13fbf5524a43419fae94715d94b7f6a2 - - default default] No more DHCP agents
2026-06-26 04:48:35.274 11 WARNING neutron.api.rpc.agentnotifiers.dhcp_rpc_agent_api [None req-caf35dab-9836-44ac-afdc-6de224b3b2af 5b66fe9898bf448f859564523787c466 13fbf5524a43419fae94715d94b7f6a2 - - default default] Unable to schedule network 5460c6c1-4a87-4f3a-951c-8a61a51d4774: no agents available; will retry on subsequent port and subnet creation events.
2026-06-26 04:48:35.352 10 INFO neutron.db.ovn_revision_numbers_db [None req-af8c7dae-21c3-4b8e-afc9-51729e9635e9 0f19afc84ac44417a7a52e56bdcd6b44 35178ba0f0ad412f91ef319bf0c23b38 - - default default] Successfully bumped revision number for resource 7c32f8f8-de90-49e2-970c-e35239667ab7 (type: ports) to 1
2026-06-26 04:48:35.359 11 INFO neutron.db.ovn_revision_numbers_db [None req-caf35dab-9836-44ac-afdc-6de224b3b2af 5b66fe9898bf448f859564523787c466 13fbf5524a43419fae94715d94b7f6a2 - - default default] Successfully bumped revision number for resource 16a2ddbb-bcc7-4d0d-bb34-c8a67205f429 (type: ports) to 1
2026-06-26 04:48:35.372 10 INFO neutron.wsgi [None req-af8c7dae-21c3-4b8e-afc9-51729e9635e9 0f19afc84ac44417a7a52e56bdcd6b44 35178ba0f0ad412f91ef319bf0c23b38 - - default default] 10.0.0.110 "POST /v2.0/ports HTTP/1.1" status: 201 len: 1337 time: 0.5542624
2026-06-26 04:48:35.401 11 INFO neutron.wsgi [None req-caf35dab-9836-44ac-afdc-6de224b3b2af 5b66fe9898bf448f859564523787c466 13fbf5524a43419fae94715d94b7f6a2 - - default default] 10.0.0.211 "POST /v2.0/ports HTTP/1.1" status: 201 len: 942 time: 0.3811471 /var/lib/openstack/lib/python3.10/site-packages/pycadf/identifier.py:71: UserWarning: Invalid uuid: neutron. To ensure interoperability, identifiers should be a valid uuid. warnings.warn(('Invalid uuid: %s. To ensure interoperability, '
2026-06-26 04:48:35.447 11 INFO neutron.wsgi [None req-f0c85688-4cf4-4ac3-af4b-ddd34e198595 5b66fe9898bf448f859564523787c466 13fbf5524a43419fae94715d94b7f6a2 - - default default] 10.0.0.211 "PUT /v2.0/ports/1bd9bdf2-0bb6-4d87-bc98-a06e211539ba/tags HTTP/1.1" status: 200 len: 210 time: 0.0411851
2026-06-26 04:48:35.491 11 INFO neutron.wsgi [None req-ec1f97dc-903b-41b3-951f-c2b9d763ea40 5b66fe9898bf448f859564523787c466 13fbf5524a43419fae94715d94b7f6a2 - - default default] 10.0.0.211 "PUT /v2.0/ports/91722900-7d3b-4717-9a50-b305bfcd2abe/tags HTTP/1.1" status: 200 len: 218 time: 0.0395412
2026-06-26 04:48:35.535 11 INFO neutron.wsgi [None req-0f2bda1e-c075-43f5-9de0-1c09e2ab9600 5b66fe9898bf448f859564523787c466 13fbf5524a43419fae94715d94b7f6a2 - - default default] 10.0.0.211 "PUT /v2.0/ports/35cece98-3ce0-49c7-a61a-ffd9d02f8bb7/tags HTTP/1.1" status: 200 len: 227 time: 0.0404651 /var/lib/openstack/lib/python3.10/site-packages/pycadf/identifier.py:71: UserWarning: Invalid uuid: neutron. To ensure interoperability, identifiers should be a valid uuid. warnings.warn(('Invalid uuid: %s. To ensure interoperability, '
2026-06-26 04:48:35.581 10 INFO neutron.wsgi [None req-75f7ec75-033b-4e3d-aa4c-993306d5084f 5b66fe9898bf448f859564523787c466 13fbf5524a43419fae94715d94b7f6a2 - - default default] 10.0.0.211 "PUT /v2.0/ports/af052851-4409-4ed8-8710-d8dde78ccecc/tags HTTP/1.1" status: 200 len: 212 time: 0.0408971
2026-06-26 04:48:36.056 10 INFO neutron.wsgi [None req-fa2bbde6-d34b-4c33-a2fa-8f7d5cfb84b2 5b66fe9898bf448f859564523787c466 13fbf5524a43419fae94715d94b7f6a2 - - default default] 10.0.0.211 "GET /v2.0/ports?tags=red HTTP/1.1" status: 200 len: 2448 time: 0.4708223
2026-06-26 04:48:36.114 10 INFO neutron.wsgi [None req-0abe3ba6-6d85-40aa-a0f5-81faead70827 5b66fe9898bf448f859564523787c466 13fbf5524a43419fae94715d94b7f6a2 - - default default] 10.0.0.211 "GET /v2.0/ports?tags=red%2Cblue HTTP/1.1" status: 200 len: 1708 time: 0.0513253
2026-06-26 04:48:36.187 10 INFO neutron.wsgi [None req-cf0b9406-7948-4e41-b3a9-a02dcf3c2356 5b66fe9898bf448f859564523787c466 13fbf5524a43419fae94715d94b7f6a2 - - default default] 10.0.0.211 "GET /v2.0/ports?tags-any=blue HTTP/1.1" status: 200 len: 1708 time: 0.0677841
2026-06-26 04:48:36.242 10 INFO neutron.wsgi [None req-d6d25364-37c6-4434-9be1-4da84a566ff9 5b66fe9898bf448f859564523787c466 13fbf5524a43419fae94715d94b7f6a2 - - default default] 10.0.0.211 "GET /v2.0/ports?tags-any=red%2Cblue HTTP/1.1" status: 200 len: 2448 time: 0.0492601
2026-06-26 04:48:36.390 10 INFO neutron.wsgi [None req-d2675f9b-5d63-4bd8-8d05-14f6e2279d80 5b66fe9898bf448f859564523787c466 13fbf5524a43419fae94715d94b7f6a2 - - default default] 10.0.0.211 "GET /v2.0/ports?not-tags=red HTTP/1.1" status: 200 len: 5463 time: 0.1432858
2026-06-26 04:48:36.467 10 INFO neutron.wsgi [None req-a7cc5712-f3db-444d-80b8-ded3112b2510 5b66fe9898bf448f859564523787c466 13fbf5524a43419fae94715d94b7f6a2 - - default default] 10.0.0.211 "GET /v2.0/ports?not-tags=red%2Cblue HTTP/1.1" status: 200 len: 6203 time: 0.0710685
2026-06-26 04:48:36.540 10 INFO neutron.wsgi [None req-fe4163ae-91ff-4172-bf46-d3f37debf3b8 5b66fe9898bf448f859564523787c466 13fbf5524a43419fae94715d94b7f6a2 - - default default] 10.0.0.211 "GET /v2.0/ports?not-tags-any=blue HTTP/1.1" status: 200 len: 6203 time: 0.0693281
2026-06-26 04:48:36.590 10 INFO neutron.wsgi [None req-9b02c883-d12d-4972-a8ff-5f03d19ed2fb 5b66fe9898bf448f859564523787c466 13fbf5524a43419fae94715d94b7f6a2 - - default default] 10.0.0.211 "GET /v2.0/ports?not-tags-any=red%2Cblue HTTP/1.1" status: 200 len: 5463 time: 0.0448003
2026-06-26 04:48:36.846 10 INFO neutron.wsgi [None req-1d62050d-e789-41a1-bd69-e8cad8cd7500 5b66fe9898bf448f859564523787c466 13fbf5524a43419fae94715d94b7f6a2 - - default default] 10.0.0.211 "DELETE /v2.0/ports/1bd9bdf2-0bb6-4d87-bc98-a06e211539ba HTTP/1.1" status: 204 len: 168 time: 0.2505035
2026-06-26 04:48:37.103 11 INFO neutron.wsgi [None req-232aa03c-d9cc-4365-a874-9caa6c340503 5b66fe9898bf448f859564523787c466 13fbf5524a43419fae94715d94b7f6a2 - - default default] 10.0.0.211 "DELETE /v2.0/ports/91722900-7d3b-4717-9a50-b305bfcd2abe HTTP/1.1" status: 204 len: 168 time: 0.2501419
2026-06-26 04:48:37.334 11 INFO neutron.wsgi [None req-58e35542-7492-4cb8-bce1-174ac4f99254 5b66fe9898bf448f859564523787c466 13fbf5524a43419fae94715d94b7f6a2 - - default default] 10.0.0.211 "DELETE /v2.0/ports/35cece98-3ce0-49c7-a61a-ffd9d02f8bb7 HTTP/1.1" status: 204 len: 168 time: 0.2279754
2026-06-26 04:48:37.573 11 INFO neutron.wsgi [None req-3e2f3f32-4c72-466c-9548-bbaa4a0dc639 5b66fe9898bf448f859564523787c466 13fbf5524a43419fae94715d94b7f6a2 - - default default] 10.0.0.211 "DELETE /v2.0/ports/af052851-4409-4ed8-8710-d8dde78ccecc HTTP/1.1" status: 204 len: 168 time: 0.2326083
2026-06-26 04:48:37.807 11 INFO neutron.wsgi [None req-010cb055-63e3-4044-a170-b5131f4bd884 5b66fe9898bf448f859564523787c466 13fbf5524a43419fae94715d94b7f6a2 - - default default] 10.0.0.211 "DELETE /v2.0/ports/16a2ddbb-bcc7-4d0d-bb34-c8a67205f429 HTTP/1.1" status: 204 len: 168 time: 0.2294023
2026-06-26 04:48:37.833 10 INFO neutron.db.ovn_revision_numbers_db [None req-d80f0647-501f-407c-9afb-add8cbfa5256 0f19afc84ac44417a7a52e56bdcd6b44 35178ba0f0ad412f91ef319bf0c23b38 - - default default] Successfully bumped revision number for resource fdb8cba9-5826-4a77-a4fc-cae99320b964 (type: security_groups) to 1
2026-06-26 04:48:37.846 10 INFO neutron.db.ovn_revision_numbers_db [None req-d80f0647-501f-407c-9afb-add8cbfa5256 0f19afc84ac44417a7a52e56bdcd6b44 35178ba0f0ad412f91ef319bf0c23b38 - - default default] Successfully bumped revision number for resource 5c97586a-340d-4a03-8c3e-6017e622d0ef (type: security_group_rules) to 0
2026-06-26 04:48:37.862 10 INFO neutron.db.ovn_revision_numbers_db [None req-d80f0647-501f-407c-9afb-add8cbfa5256 0f19afc84ac44417a7a52e56bdcd6b44 35178ba0f0ad412f91ef319bf0c23b38 - - default default] Successfully bumped revision number for resource 8f7d351d-84a7-4cf1-9604-c116a217538f (type: security_group_rules) to 0
2026-06-26 04:48:37.878 10 INFO neutron.db.ovn_revision_numbers_db [None req-d80f0647-501f-407c-9afb-add8cbfa5256 0f19afc84ac44417a7a52e56bdcd6b44 35178ba0f0ad412f91ef319bf0c23b38 - - default default] Successfully bumped revision number for resource d0447921-2bc0-417e-aa6e-0f08d94858e4 (type: security_group_rules) to 0
2026-06-26 04:48:37.891 10 INFO neutron.db.ovn_revision_numbers_db [None req-d80f0647-501f-407c-9afb-add8cbfa5256 0f19afc84ac44417a7a52e56bdcd6b44 35178ba0f0ad412f91ef319bf0c23b38 - - default default] Successfully bumped revision number for resource d7971628-2502-43bc-bdbe-2c2638615ea2 (type: security_group_rules) to 0
2026-06-26 04:48:37.916 10 INFO neutron.wsgi [None req-d80f0647-501f-407c-9afb-add8cbfa5256 0f19afc84ac44417a7a52e56bdcd6b44 35178ba0f0ad412f91ef319bf0c23b38 - - default default] 10.0.0.211 "GET /v2.0/security-groups?tenant_id=6dec99dd45974497a372883ad079f5d1&name=default HTTP/1.1" status: 200 len: 2996 time: 0.3132384
2026-06-26 04:48:37.989 10 INFO neutron.wsgi [None req-e13d90e1-c568-42fa-b1e8-08a53ef5f886 0f19afc84ac44417a7a52e56bdcd6b44 35178ba0f0ad412f91ef319bf0c23b38 - - default default] 199.204.45.23 "GET /v2.0/extensions/security-group HTTP/1.1" status: 200 len: 369 time: 0.0593071
2026-06-26 04:48:38.008 10 INFO neutron.wsgi [None req-29dde0f5-0894-4dad-83a5-b150bf06e2bc 0f19afc84ac44417a7a52e56bdcd6b44 35178ba0f0ad412f91ef319bf0c23b38 - - default default] 199.204.45.23 "GET /v2.0/extensions/dns-integration HTTP/1.1" status: 200 len: 371 time: 0.0082047
2026-06-26 04:48:38.031 10 INFO neutron.wsgi [None req-0e4c26be-63db-432a-83e4-b272859b4a11 0f19afc84ac44417a7a52e56bdcd6b44 35178ba0f0ad412f91ef319bf0c23b38 - - default default] 199.204.45.23 "GET /v2.0/extensions/qos HTTP/1.1" status: 200 len: 365 time: 0.0111523
2026-06-26 04:48:38.043 10 INFO neutron.wsgi [None req-c33aae5b-bb88-4aac-ae82-d2d20766cdcf 0f19afc84ac44417a7a52e56bdcd6b44 35178ba0f0ad412f91ef319bf0c23b38 - - default default] 199.204.45.23 "GET /v2.0/extensions/allowed-address-pairs HTTP/1.1" status: 200 len: 383 time: 0.0051641
2026-06-26 04:48:38.083 10 INFO neutron.wsgi [None req-3585a149-d459-44af-9634-b89f1b8414e9 0f19afc84ac44417a7a52e56bdcd6b44 35178ba0f0ad412f91ef319bf0c23b38 - - default default] 199.204.45.23 "GET /v2.0/ports/7c32f8f8-de90-49e2-970c-e35239667ab7 HTTP/1.1" status: 200 len: 1332 time: 0.0335860
2026-06-26 04:48:38.165 11 INFO neutron.services.segments.plugin [-] Segment 6fd56710-31a8-44db-9d3a-a86ee6f34488 resource provider aggregate not found
2026-06-26 04:48:38.173 11 INFO neutron.services.segments.plugin [-] Segment 6fd56710-31a8-44db-9d3a-a86ee6f34488 resource provider aggregate not found
2026-06-26 04:48:38.193 11 INFO neutron.services.segments.plugin [-] Segment 6fd56710-31a8-44db-9d3a-a86ee6f34488 resource provider not found; error: Placement Client Error (4xx): {"errors": [{"status": 404, "title": "Not Found", "detail": "The resource could not be found.\n\n No resource provider with uuid 6fd56710-31a8-44db-9d3a-a86ee6f34488 found for delete ", "request_id": "req-461c21ee-a9ff-40a2-89b3-8be7f1329ce5"}]}
2026-06-26 04:48:38.203 11 INFO neutron.services.segments.plugin [-] Segment 6fd56710-31a8-44db-9d3a-a86ee6f34488 resource provider not found; error: Placement Client Error (4xx): {"errors": [{"status": 404, "title": "Not Found", "detail": "The resource could not be found.\n\n No resource provider with uuid 6fd56710-31a8-44db-9d3a-a86ee6f34488 found for delete ", "request_id": "req-2ff6cfec-7d4b-4ec7-a3f4-62ef261d4e4f"}]}
2026-06-26 04:48:38.209 10 INFO neutron.wsgi [None req-30e85f97-8ea6-47bc-8497-a3e185dae166 0f19afc84ac44417a7a52e56bdcd6b44 35178ba0f0ad412f91ef319bf0c23b38 - - default default] 10.0.0.211 "DELETE /v2.0/security-groups/fdb8cba9-5826-4a77-a4fc-cae99320b964 HTTP/1.1" status: 204 len: 168 time: 0.2881072
2026-06-26 04:48:38.216 11 INFO neutron.wsgi [None req-22beedf8-efa4-407e-acb2-d957780d035a 5b66fe9898bf448f859564523787c466 13fbf5524a43419fae94715d94b7f6a2 - - default default] 10.0.0.211 "DELETE /v2.0/networks/81c9bee9-ac7c-4ab3-9671-f4547f54f33b HTTP/1.1" status: 204 len: 168 time: 0.4009731
2026-06-26 04:48:38.338 10 INFO neutron.wsgi [None req-58065d02-069f-4d2d-8678-8189280d4cbc 0f19afc84ac44417a7a52e56bdcd6b44 35178ba0f0ad412f91ef319bf0c23b38 - - default default] 199.204.45.23 "GET /v2.0/extensions/security-group HTTP/1.1" status: 200 len: 369 time: 0.0147622
2026-06-26 04:48:38.352 10 INFO neutron.wsgi [None req-95505564-3a58-4ba8-ba84-bf1cc2abc9b9 0f19afc84ac44417a7a52e56bdcd6b44 35178ba0f0ad412f91ef319bf0c23b38 - - default default] 199.204.45.23 "GET /v2.0/extensions/dns-integration HTTP/1.1" status: 200 len: 371 time: 0.0072982
2026-06-26 04:48:38.376 10 INFO neutron.wsgi [None req-5f3e3353-5f40-4762-a376-90fbc409eb9c 0f19afc84ac44417a7a52e56bdcd6b44 35178ba0f0ad412f91ef319bf0c23b38 - - default default] 199.204.45.23 "GET /v2.0/extensions/qos HTTP/1.1" status: 200 len: 365 time: 0.0092342
2026-06-26 04:48:38.392 10 INFO neutron.wsgi [None req-85b9342a-5613-48cf-b710-acaec96f1150 0f19afc84ac44417a7a52e56bdcd6b44 35178ba0f0ad412f91ef319bf0c23b38 - - default default] 199.204.45.23 "GET /v2.0/extensions/allowed-address-pairs HTTP/1.1" status: 200 len: 383 time: 0.0103185
2026-06-26 04:48:38.424 11 INFO neutron.db.ovn_revision_numbers_db [None req-eda3f1e7-0b54-4f6d-998b-e785a81b0546 b08247345b104d4799f22aff7ecbe852 68c56934610346e5bac9a8a6c381abfc - - default default] Successfully bumped revision number for resource 7f66add4-c513-4498-b36f-7767030367c3 (type: security_groups) to 1
2026-06-26 04:48:38.426 10 INFO neutron.api.v2.resource [None req-c79efbeb-e665-41c9-b9a1-19fc75b7d4fd 0f19afc84ac44417a7a52e56bdcd6b44 35178ba0f0ad412f91ef319bf0c23b38 - - default default] show failed (client error): The resource could not be found.
2026-06-26 04:48:38.427 10 INFO neutron.wsgi [None req-c79efbeb-e665-41c9-b9a1-19fc75b7d4fd 0f19afc84ac44417a7a52e56bdcd6b44 35178ba0f0ad412f91ef319bf0c23b38 - - default default] 199.204.45.23 "GET /v2.0/security-groups/lb-8f8b6124-d6e9-4b7b-8722-fae94cb5161d HTTP/1.1" status: 404 len: 355 time: 0.0190754
2026-06-26 04:48:38.437 11 INFO neutron.db.ovn_revision_numbers_db [None req-eda3f1e7-0b54-4f6d-998b-e785a81b0546 b08247345b104d4799f22aff7ecbe852 68c56934610346e5bac9a8a6c381abfc - - default default] Successfully bumped revision number for resource 239622ae-c06c-4039-98f3-e721188bdffb (type: security_group_rules) to 0
2026-06-26 04:48:38.449 11 INFO neutron.db.ovn_revision_numbers_db [None req-eda3f1e7-0b54-4f6d-998b-e785a81b0546 b08247345b104d4799f22aff7ecbe852 68c56934610346e5bac9a8a6c381abfc - - default default] Successfully bumped revision number for resource 4413ea94-d1f4-4e77-b043-721e05ac2e55 (type: security_group_rules) to 0
2026-06-26 04:48:38.463 11 INFO neutron.db.ovn_revision_numbers_db [None req-eda3f1e7-0b54-4f6d-998b-e785a81b0546 b08247345b104d4799f22aff7ecbe852 68c56934610346e5bac9a8a6c381abfc - - default default] Successfully bumped revision number for resource e8fc6b59-4d83-4c6d-8798-df734887da06 (type: security_group_rules) to 0
2026-06-26 04:48:38.466 10 INFO neutron.wsgi [None req-641e9be8-7848-4d18-8336-a9c90510a18a 0f19afc84ac44417a7a52e56bdcd6b44 35178ba0f0ad412f91ef319bf0c23b38 - - default default] 199.204.45.23 "GET /v2.0/security-groups?name=lb-8f8b6124-d6e9-4b7b-8722-fae94cb5161d HTTP/1.1" status: 200 len: 221 time: 0.0233276
2026-06-26 04:48:38.485 11 INFO neutron.db.ovn_revision_numbers_db [None req-eda3f1e7-0b54-4f6d-998b-e785a81b0546 b08247345b104d4799f22aff7ecbe852 68c56934610346e5bac9a8a6c381abfc - - default default] Successfully bumped revision number for resource fe0635b0-4739-41ab-8b86-5cc1ae284b76 (type: security_group_rules) to 0
2026-06-26 04:48:38.537 11 INFO neutron.db.segments_db [None req-eda3f1e7-0b54-4f6d-998b-e785a81b0546 b08247345b104d4799f22aff7ecbe852 68c56934610346e5bac9a8a6c381abfc - - default default] Added segment 1329e290-a518-4679-a041-c735243bc5f2 of type geneve for network 10005dd4-36ca-483f-9f19-49814bb60591
2026-06-26 04:48:38.617 10 INFO neutron.db.ovn_revision_numbers_db [None req-a41cc0d5-01c7-4c79-b32f-3fee01210948 0f19afc84ac44417a7a52e56bdcd6b44 35178ba0f0ad412f91ef319bf0c23b38 - - default default] Successfully bumped revision number for resource 8d9562f5-408f-4eaa-940a-88d55bd8d861 (type: security_groups) to 1
2026-06-26 04:48:38.629 10 INFO neutron.services.segments.plugin [-] Segment ade7ff69-b61d-44d5-a74d-76a2eab6871c resource provider aggregate not found
2026-06-26 04:48:38.634 10 INFO neutron.services.segments.plugin [-] Segment ade7ff69-b61d-44d5-a74d-76a2eab6871c resource provider aggregate not found
2026-06-26 04:48:38.649 10 INFO neutron.services.segments.plugin [-] Segment ade7ff69-b61d-44d5-a74d-76a2eab6871c resource provider not found; error: Placement Client Error (4xx): {"errors": [{"status": 404, "title": "Not Found", "detail": "The resource could not be found.\n\n No resource provider with uuid ade7ff69-b61d-44d5-a74d-76a2eab6871c found for delete ", "request_id": "req-f2dc6703-877d-480c-8715-d8d24ea86962"}]}
2026-06-26 04:48:38.650 10 INFO neutron.db.ovn_revision_numbers_db [None req-a41cc0d5-01c7-4c79-b32f-3fee01210948 0f19afc84ac44417a7a52e56bdcd6b44 35178ba0f0ad412f91ef319bf0c23b38 - - default default] Successfully bumped revision number for resource 17e1378b-4493-462a-bc85-32b3b0cdf6d2 (type: security_group_rules) to 0
2026-06-26 04:48:38.653 10 INFO neutron.services.segments.plugin [-] Segment ade7ff69-b61d-44d5-a74d-76a2eab6871c resource provider not found; error: Placement Client Error (4xx): {"errors": [{"status": 404, "title": "Not Found", "detail": "The resource could not be found.\n\n No resource provider with uuid ade7ff69-b61d-44d5-a74d-76a2eab6871c found for delete ", "request_id": "req-e487bc8c-e30d-4875-874a-bb4ced3d6fd9"}]}
2026-06-26 04:48:38.675 10 INFO neutron.wsgi [None req-0d144995-229d-41ef-9e42-126b49131a60 5b66fe9898bf448f859564523787c466 13fbf5524a43419fae94715d94b7f6a2 - - default default] 10.0.0.211 "DELETE /v2.0/networks/32966afd-90f1-4b66-9919-bdf7df40b955 HTTP/1.1" status: 204 len: 168 time: 0.4532597
2026-06-26 04:48:38.676 10 INFO neutron.db.ovn_revision_numbers_db [None req-a41cc0d5-01c7-4c79-b32f-3fee01210948 0f19afc84ac44417a7a52e56bdcd6b44 35178ba0f0ad412f91ef319bf0c23b38 - - default default] Successfully bumped revision number for resource e7dd5925-a982-4ece-a145-ed4abe07de32 (type: security_group_rules) to 0
2026-06-26 04:48:38.710 10 INFO neutron.wsgi [None req-a41cc0d5-01c7-4c79-b32f-3fee01210948 0f19afc84ac44417a7a52e56bdcd6b44 35178ba0f0ad412f91ef319bf0c23b38 - - default default] 199.204.45.23 "POST /v2.0/security-groups HTTP/1.1" status: 201 len: 1777 time: 0.2380869
2026-06-26 04:48:38.759 10 INFO neutron.wsgi [None req-c760fb39-7dee-46cb-9b0e-705816d38591 0f19afc84ac44417a7a52e56bdcd6b44 35178ba0f0ad412f91ef319bf0c23b38 - - default default] 199.204.45.23 "GET /v2.0/security-group-rules?security_group_id=8d9562f5-408f-4eaa-940a-88d55bd8d861 HTTP/1.1" status: 200 len: 1318 time: 0.0432587
2026-06-26 04:48:38.876 11 INFO neutron.db.ovn_revision_numbers_db [None req-eda3f1e7-0b54-4f6d-998b-e785a81b0546 b08247345b104d4799f22aff7ecbe852 68c56934610346e5bac9a8a6c381abfc - - default default] Successfully bumped revision number for resource 10005dd4-36ca-483f-9f19-49814bb60591 (type: networks) to 1
2026-06-26 04:48:39.012 11 WARNING neutron.scheduler.dhcp_agent_scheduler [None req-eda3f1e7-0b54-4f6d-998b-e785a81b0546 b08247345b104d4799f22aff7ecbe852 68c56934610346e5bac9a8a6c381abfc - - default default] No more DHCP agents
2026-06-26 04:48:39.013 11 WARNING neutron.api.rpc.agentnotifiers.dhcp_rpc_agent_api [None req-eda3f1e7-0b54-4f6d-998b-e785a81b0546 b08247345b104d4799f22aff7ecbe852 68c56934610346e5bac9a8a6c381abfc - - default default] Unable to schedule network 10005dd4-36ca-483f-9f19-49814bb60591: no agents available; will retry on subsequent port and subnet creation events.
2026-06-26 04:48:39.099 11 INFO neutron.db.ovn_revision_numbers_db [None req-eda3f1e7-0b54-4f6d-998b-e785a81b0546 b08247345b104d4799f22aff7ecbe852 68c56934610346e5bac9a8a6c381abfc - - default default] Successfully bumped revision number for resource f8319bb7-15b9-4f2e-9410-592829c4fb01 (type: ports) to 1
2026-06-26 04:48:39.123 11 INFO neutron.wsgi [None req-eda3f1e7-0b54-4f6d-998b-e785a81b0546 b08247345b104d4799f22aff7ecbe852 68c56934610346e5bac9a8a6c381abfc - - default default] 10.0.0.211 "POST /v2.0/networks HTTP/1.1" status: 201 len: 928 time: 0.8841498
2026-06-26 04:48:39.145 10 INFO neutron.wsgi [None req-b77b14b4-fba7-4da9-985f-2499f9921500 5b66fe9898bf448f859564523787c466 13fbf5524a43419fae94715d94b7f6a2 - - default default] 10.0.0.211 "DELETE /v2.0/networks/895317d4-a976-4d63-9ecf-e5785649ab61 HTTP/1.1" status: 204 len: 168 time: 0.4612327 /var/lib/openstack/lib/python3.10/site-packages/pycadf/identifier.py:71: UserWarning: Invalid uuid: neutron. To ensure interoperability, identifiers should be a valid uuid. warnings.warn(('Invalid uuid: %s. To ensure interoperability, '
2026-06-26 04:48:39.208 10 INFO neutron.db.ovn_revision_numbers_db [None req-48c23258-4df3-46eb-b02e-3307c2304b94 0f19afc84ac44417a7a52e56bdcd6b44 35178ba0f0ad412f91ef319bf0c23b38 - - default default] Successfully bumped revision number for resource 7c32f8f8-de90-49e2-970c-e35239667ab7 (type: ports) to 2
2026-06-26 04:48:39.217 10 INFO neutron.wsgi [None req-48c23258-4df3-46eb-b02e-3307c2304b94 0f19afc84ac44417a7a52e56bdcd6b44 35178ba0f0ad412f91ef319bf0c23b38 - - default default] 199.204.45.23 "PUT /v2.0/ports/7c32f8f8-de90-49e2-970c-e35239667ab7 HTTP/1.1" status: 200 len: 1332 time: 0.4407845
2026-06-26 04:48:39.280 11 WARNING neutron.scheduler.dhcp_agent_scheduler [None req-7c06ad05-b3b5-4904-9a7a-baa17b525786 b08247345b104d4799f22aff7ecbe852 68c56934610346e5bac9a8a6c381abfc - - default default] No more DHCP agents
2026-06-26 04:48:39.282 11 WARNING neutron.api.rpc.agentnotifiers.dhcp_rpc_agent_api [None req-7c06ad05-b3b5-4904-9a7a-baa17b525786 b08247345b104d4799f22aff7ecbe852 68c56934610346e5bac9a8a6c381abfc - - default default] Unable to schedule network 10005dd4-36ca-483f-9f19-49814bb60591: no agents available; will retry on subsequent port and subnet creation events.
2026-06-26 04:48:39.298 10 INFO neutron.wsgi [None req-d448c55c-171b-4c9b-bd75-35994daa39b6 0f19afc84ac44417a7a52e56bdcd6b44 35178ba0f0ad412f91ef319bf0c23b38 - - default default] 199.204.45.23 "GET /v2.0/extensions/security-group HTTP/1.1" status: 200 len: 369 time: 0.0138419
2026-06-26 04:48:39.312 10 INFO neutron.wsgi [None req-a1cb0c29-7b60-434a-9cb5-6f158c7880bb 0f19afc84ac44417a7a52e56bdcd6b44 35178ba0f0ad412f91ef319bf0c23b38 - - default default] 199.204.45.23 "GET /v2.0/extensions/dns-integration HTTP/1.1" status: 200 len: 371 time: 0.0077820
2026-06-26 04:48:39.319 10 INFO neutron.wsgi [None req-09c2db0d-b016-4ebe-869a-d9613baf1902 0f19afc84ac44417a7a52e56bdcd6b44 35178ba0f0ad412f91ef319bf0c23b38 - - default default] 199.204.45.23 "GET /v2.0/extensions/qos HTTP/1.1" status: 200 len: 365 time: 0.0032239
2026-06-26 04:48:39.328 10 INFO neutron.wsgi [None req-02b2a3d3-fcee-4788-9f39-161b2a9ab929 0f19afc84ac44417a7a52e56bdcd6b44 35178ba0f0ad412f91ef319bf0c23b38 - - default default] 199.204.45.23 "GET /v2.0/extensions/allowed-address-pairs HTTP/1.1" status: 200 len: 383 time: 0.0032406
2026-06-26 04:48:39.382 10 INFO neutron.wsgi [None req-6b593826-ff2d-4ab0-bb81-d57bb324706d 0f19afc84ac44417a7a52e56bdcd6b44 35178ba0f0ad412f91ef319bf0c23b38 - - default default] 199.204.45.23 "GET /v2.0/subnets/acacf9c3-9a8f-499f-a41c-9ad0522d4e1f HTTP/1.1" status: 200 len: 850 time: 0.0497222
2026-06-26 04:48:39.549 10 INFO neutron.wsgi [None req-9c2731e7-4196-4928-bb9d-54907da39cae 5b66fe9898bf448f859564523787c466 13fbf5524a43419fae94715d94b7f6a2 - - default default] 10.0.0.211 "DELETE /v2.0/networks/ac7ec558-697e-47e6-baa5-1be232a3da97 HTTP/1.1" status: 204 len: 168 time: 0.3974755
2026-06-26 04:48:39.991 11 INFO neutron.db.ovn_revision_numbers_db [None req-7c06ad05-b3b5-4904-9a7a-baa17b525786 b08247345b104d4799f22aff7ecbe852 68c56934610346e5bac9a8a6c381abfc - - default default] Successfully bumped revision number for resource f8319bb7-15b9-4f2e-9410-592829c4fb01 (type: ports) to 2
2026-06-26 04:48:40.030 11 INFO neutron.db.ovn_revision_numbers_db [None req-7c06ad05-b3b5-4904-9a7a-baa17b525786 b08247345b104d4799f22aff7ecbe852 68c56934610346e5bac9a8a6c381abfc - - default default] Successfully bumped revision number for resource 9d5f99dc-020c-4c30-adcd-9c3c4c648550 (type: subnets) to 0
2026-06-26 04:48:40.058 11 INFO neutron.wsgi [None req-7c06ad05-b3b5-4904-9a7a-baa17b525786 b08247345b104d4799f22aff7ecbe852 68c56934610346e5bac9a8a6c381abfc - - default default] 10.0.0.211 "POST /v2.0/subnets HTTP/1.1" status: 201 len: 819 time: 0.9303346
2026-06-26 04:48:40.069 10 WARNING neutron.api.v2.base [None req-0d9c42b8-1945-4986-927e-c264f4802771 b08247345b104d4799f22aff7ecbe852 68c56934610346e5bac9a8a6c381abfc - - default default] An exception happened while processing the request body. The exception message is [Invalid input for target_tenant. Reason: 'None' is not a valid string.].: webob.exc.HTTPBadRequest: Invalid input for target_tenant. Reason: 'None' is not a valid string.
2026-06-26 04:48:40.069 10 INFO neutron.api.v2.resource [None req-0d9c42b8-1945-4986-927e-c264f4802771 b08247345b104d4799f22aff7ecbe852 68c56934610346e5bac9a8a6c381abfc - - default default] create failed (client error): Invalid input for target_tenant. Reason: 'None' is not a valid string.
2026-06-26 04:48:40.071 10 INFO neutron.wsgi [None req-0d9c42b8-1945-4986-927e-c264f4802771 b08247345b104d4799f22aff7ecbe852 68c56934610346e5bac9a8a6c381abfc - - default default] 10.0.0.211 "POST /v2.0/rbac-policies HTTP/1.1" status: 400 len: 346 time: 0.0078428
2026-06-26 04:48:40.096 11 INFO neutron.wsgi [None req-a2a4d4a4-7938-4708-942f-9d183f16d326 5b66fe9898bf448f859564523787c466 13fbf5524a43419fae94715d94b7f6a2 - - default default] 10.0.0.211 "DELETE /v2.0/networks/5460c6c1-4a87-4f3a-951c-8a61a51d4774 HTTP/1.1" status: 204 len: 168 time: 0.5421703
2026-06-26 04:48:40.216 11 INFO neutron.services.segments.plugin [-] Segment 371f1f38-03b0-4045-8751-989865a9313f resource provider aggregate not found
2026-06-26 04:48:40.223 11 INFO neutron.services.segments.plugin [-] Segment 371f1f38-03b0-4045-8751-989865a9313f resource provider aggregate not found
2026-06-26 04:48:40.238 11 INFO neutron.services.segments.plugin [-] Segment 371f1f38-03b0-4045-8751-989865a9313f resource provider not found; error: Placement Client Error (4xx): {"errors": [{"status": 404, "title": "Not Found", "detail": "The resource could not be found.\n\n No resource provider with uuid 371f1f38-03b0-4045-8751-989865a9313f found for delete ", "request_id": "req-7c673527-78a0-4504-b210-a69c6af46be0"}]}
2026-06-26 04:48:40.241 11 INFO neutron.services.segments.plugin [-] Segment 371f1f38-03b0-4045-8751-989865a9313f resource provider not found; error: Placement Client Error (4xx): {"errors": [{"status": 404, "title": "Not Found", "detail": "The resource could not be found.\n\n No resource provider with uuid 371f1f38-03b0-4045-8751-989865a9313f found for delete ", "request_id": "req-027b3360-372c-4788-815a-7f18e94948b2"}]}
2026-06-26 04:48:40.908 11 INFO neutron.db.ovn_revision_numbers_db [None req-ed05c659-28f1-4b9e-8317-5fb3aee12485 0f19afc84ac44417a7a52e56bdcd6b44 35178ba0f0ad412f91ef319bf0c23b38 - - default default] Successfully bumped revision number for resource aaf292a2-018e-4a9c-884c-7d2d848b664c (type: security_groups) to 1
2026-06-26 04:48:40.930 11 INFO neutron.db.ovn_revision_numbers_db [None req-ed05c659-28f1-4b9e-8317-5fb3aee12485 0f19afc84ac44417a7a52e56bdcd6b44 35178ba0f0ad412f91ef319bf0c23b38 - - default default] Successfully bumped revision number for resource 059699c0-0ee0-46dc-a0ec-5218a6e00ade (type: security_group_rules) to 0
2026-06-26 04:48:40.939 10 INFO neutron.services.segments.plugin [-] Segment 6dd9ad47-b83b-4dbd-8331-2bf2dba8d971 resource provider aggregate not found
2026-06-26 04:48:40.945 10 INFO neutron.services.segments.plugin [-] Segment 6dd9ad47-b83b-4dbd-8331-2bf2dba8d971 resource provider aggregate not found
2026-06-26 04:48:40.953 11 INFO neutron.db.ovn_revision_numbers_db [None req-ed05c659-28f1-4b9e-8317-5fb3aee12485 0f19afc84ac44417a7a52e56bdcd6b44 35178ba0f0ad412f91ef319bf0c23b38 - - default default] Successfully bumped revision number for resource 0fea5c75-b30d-416a-98d4-69b5c01a1a12 (type: security_group_rules) to 0
2026-06-26 04:48:40.958 11 INFO neutron.wsgi [None req-0f626ca7-0758-4305-92a1-950c6254b31c 0f19afc84ac44417a7a52e56bdcd6b44 35178ba0f0ad412f91ef319bf0c23b38 - - default default] 10.0.0.211 "GET /v2.0/security-groups?tenant_id=13fbf5524a43419fae94715d94b7f6a2&name=default HTTP/1.1" status: 200 len: 2996 time: 0.0901754
2026-06-26 04:48:40.960 10 INFO neutron.services.segments.plugin [-] Segment 6dd9ad47-b83b-4dbd-8331-2bf2dba8d971 resource provider not found; error: Placement Client Error (4xx): {"errors": [{"status": 404, "title": "Not Found", "detail": "The resource could not be found.\n\n No resource provider with uuid 6dd9ad47-b83b-4dbd-8331-2bf2dba8d971 found for delete ", "request_id": "req-1a270e44-8d40-4c4a-8eb6-f827d389b022"}]}
2026-06-26 04:48:40.969 10 INFO neutron.services.segments.plugin [-] Segment 6dd9ad47-b83b-4dbd-8331-2bf2dba8d971 resource provider not found; error: Placement Client Error (4xx): {"errors": [{"status": 404, "title": "Not Found", "detail": "The resource could not be found.\n\n No resource provider with uuid 6dd9ad47-b83b-4dbd-8331-2bf2dba8d971 found for delete ", "request_id": "req-a703a39c-c628-4aa4-b279-61cc6cba826f"}]}
2026-06-26 04:48:40.969 11 INFO neutron.db.ovn_revision_numbers_db [None req-ed05c659-28f1-4b9e-8317-5fb3aee12485 0f19afc84ac44417a7a52e56bdcd6b44 35178ba0f0ad412f91ef319bf0c23b38 - - default default] Successfully bumped revision number for resource cff2e04a-43a9-4925-9062-9a813f0bfad2 (type: security_group_rules) to 0
2026-06-26 04:48:40.984 10 INFO neutron.services.segments.plugin [-] Segment e892578e-c7cb-4846-8a8e-683457fc95ce resource provider aggregate not found
2026-06-26 04:48:40.987 11 INFO neutron.db.ovn_revision_numbers_db [None req-ed05c659-28f1-4b9e-8317-5fb3aee12485 0f19afc84ac44417a7a52e56bdcd6b44 35178ba0f0ad412f91ef319bf0c23b38 - - default default] Successfully bumped revision number for resource e92d38bb-8b9e-43e2-b0cd-ed4dafa1bb46 (type: security_group_rules) to 0
2026-06-26 04:48:40.988 10 INFO neutron.services.segments.plugin [-] Segment e892578e-c7cb-4846-8a8e-683457fc95ce resource provider aggregate not found
2026-06-26 04:48:41.003 10 INFO neutron.services.segments.plugin [-] Segment e892578e-c7cb-4846-8a8e-683457fc95ce resource provider not found; error: Placement Client Error (4xx): {"errors": [{"status": 404, "title": "Not Found", "detail": "The resource could not be found.\n\n No resource provider with uuid e892578e-c7cb-4846-8a8e-683457fc95ce found for delete ", "request_id": "req-f75ef66e-98de-4477-8c11-aa1cd4098ea6"}]}
2026-06-26 04:48:41.006 10 INFO neutron.services.segments.plugin [-] Segment e892578e-c7cb-4846-8a8e-683457fc95ce resource provider not found; error: Placement Client Error (4xx): {"errors": [{"status": 404, "title": "Not Found", "detail": "The resource could not be found.\n\n No resource provider with uuid e892578e-c7cb-4846-8a8e-683457fc95ce found for delete ", "request_id": "req-4cebbc5d-0849-4c51-82ab-3ecfb15e2a62"}]}
2026-06-26 04:48:41.017 11 INFO neutron.wsgi [None req-ed05c659-28f1-4b9e-8317-5fb3aee12485 0f19afc84ac44417a7a52e56bdcd6b44 35178ba0f0ad412f91ef319bf0c23b38 - - default default] 10.0.0.211 "GET /v2.0/security-groups?tenant_id=69337c0ae7e442c294e0077205b0b320&name=default HTTP/1.1" status: 200 len: 2996 time: 0.4336460
2026-06-26 04:48:41.025 10 INFO neutron.wsgi [None req-44970731-1c28-4031-80c0-b45d85b8817e b08247345b104d4799f22aff7ecbe852 68c56934610346e5bac9a8a6c381abfc - - default default] 10.0.0.211 "DELETE /v2.0/networks/10005dd4-36ca-483f-9f19-49814bb60591 HTTP/1.1" status: 204 len: 168 time: 0.9495287
2026-06-26 04:48:41.109 10 INFO neutron.db.segments_db [None req-e22bc04e-ad22-486d-ac4c-caee2181ce03 b08247345b104d4799f22aff7ecbe852 68c56934610346e5bac9a8a6c381abfc - - default default] Added segment b9b9d3db-1db4-443f-b31a-485818a20660 of type geneve for network be72c6f8-dca1-4dd7-9df7-bee4b2bf34fe
2026-06-26 04:48:41.184 11 INFO neutron.wsgi [None req-d1cac821-90f0-4466-afdd-40209ca7dc5e 0f19afc84ac44417a7a52e56bdcd6b44 35178ba0f0ad412f91ef319bf0c23b38 - - default default] 10.0.0.211 "DELETE /v2.0/security-groups/dd90db89-e0f0-40dc-8952-fbd8f39e057b HTTP/1.1" status: 204 len: 168 time: 0.2196243
2026-06-26 04:48:41.233 11 INFO neutron.wsgi [None req-9d8725c2-0d83-4c87-b46c-443fe8ff1430 0f19afc84ac44417a7a52e56bdcd6b44 35178ba0f0ad412f91ef319bf0c23b38 - - default default] 10.0.0.211 "DELETE /v2.0/security-groups/aaf292a2-018e-4a9c-884c-7d2d848b664c HTTP/1.1" status: 204 len: 168 time: 0.2129328
2026-06-26 04:48:41.254 10 INFO neutron.db.ovn_revision_numbers_db [None req-e22bc04e-ad22-486d-ac4c-caee2181ce03 b08247345b104d4799f22aff7ecbe852 68c56934610346e5bac9a8a6c381abfc - - default default] Successfully bumped revision number for resource be72c6f8-dca1-4dd7-9df7-bee4b2bf34fe (type: networks) to 1
2026-06-26 04:48:41.438 10 WARNING neutron.scheduler.dhcp_agent_scheduler [None req-e22bc04e-ad22-486d-ac4c-caee2181ce03 b08247345b104d4799f22aff7ecbe852 68c56934610346e5bac9a8a6c381abfc - - default default] No more DHCP agents
2026-06-26 04:48:41.444 10 WARNING neutron.api.rpc.agentnotifiers.dhcp_rpc_agent_api [None req-e22bc04e-ad22-486d-ac4c-caee2181ce03 b08247345b104d4799f22aff7ecbe852 68c56934610346e5bac9a8a6c381abfc - - default default] Unable to schedule network be72c6f8-dca1-4dd7-9df7-bee4b2bf34fe: no agents available; will retry on subsequent port and subnet creation events.
2026-06-26 04:48:41.450 11 INFO neutron.db.ovn_revision_numbers_db [None req-f88186e1-5805-4cd7-b2e8-fe85842affae 0f19afc84ac44417a7a52e56bdcd6b44 35178ba0f0ad412f91ef319bf0c23b38 - - default default] Successfully bumped revision number for resource 2130f347-5532-4489-9bc8-c534c2aa52d1 (type: security_groups) to 1
2026-06-26 04:48:41.468 11 INFO neutron.db.ovn_revision_numbers_db [None req-f88186e1-5805-4cd7-b2e8-fe85842affae 0f19afc84ac44417a7a52e56bdcd6b44 35178ba0f0ad412f91ef319bf0c23b38 - - default default] Successfully bumped revision number for resource 359bdf82-67ca-421f-a63e-3f7fa09c5d7d (type: security_group_rules) to 0
2026-06-26 04:48:41.481 11 INFO neutron.db.ovn_revision_numbers_db [None req-f88186e1-5805-4cd7-b2e8-fe85842affae 0f19afc84ac44417a7a52e56bdcd6b44 35178ba0f0ad412f91ef319bf0c23b38 - - default default] Successfully bumped revision number for resource 3642fbe1-d3cb-4e57-917e-42678623ad26 (type: security_group_rules) to 0
2026-06-26 04:48:41.494 11 INFO neutron.db.ovn_revision_numbers_db [None req-f88186e1-5805-4cd7-b2e8-fe85842affae 0f19afc84ac44417a7a52e56bdcd6b44 35178ba0f0ad412f91ef319bf0c23b38 - - default default] Successfully bumped revision number for resource a4e71d72-4894-44a7-a3cf-f388c0781ada (type: security_group_rules) to 0
2026-06-26 04:48:41.512 11 INFO neutron.db.ovn_revision_numbers_db [None req-f88186e1-5805-4cd7-b2e8-fe85842affae 0f19afc84ac44417a7a52e56bdcd6b44 35178ba0f0ad412f91ef319bf0c23b38 - - default default] Successfully bumped revision number for resource f41c2e99-71b1-4732-93f9-bbfbac43d597 (type: security_group_rules) to 0
2026-06-26 04:48:41.534 11 INFO neutron.wsgi [None req-f88186e1-5805-4cd7-b2e8-fe85842affae 0f19afc84ac44417a7a52e56bdcd6b44 35178ba0f0ad412f91ef319bf0c23b38 - - default default] 10.0.0.211 "GET /v2.0/security-groups?tenant_id=ddf1cf9f0fa74d6797564018514315c0&name=default HTTP/1.1" status: 200 len: 2996 time: 0.2364404
2026-06-26 04:48:41.568 10 INFO neutron.db.ovn_revision_numbers_db [None req-e22bc04e-ad22-486d-ac4c-caee2181ce03 b08247345b104d4799f22aff7ecbe852 68c56934610346e5bac9a8a6c381abfc - - default default] Successfully bumped revision number for resource 73f1656a-8457-4da3-8768-0cf558932ffa (type: ports) to 1
2026-06-26 04:48:41.668 10 INFO neutron.wsgi [None req-e22bc04e-ad22-486d-ac4c-caee2181ce03 b08247345b104d4799f22aff7ecbe852 68c56934610346e5bac9a8a6c381abfc - - default default] 10.0.0.211 "POST /v2.0/networks HTTP/1.1" status: 201 len: 928 time: 0.6351316
2026-06-26 04:48:41.849 10 WARNING neutron.scheduler.dhcp_agent_scheduler [None req-aadaf918-93c7-4bd8-94dc-7d3940df8948 b08247345b104d4799f22aff7ecbe852 68c56934610346e5bac9a8a6c381abfc - - default default] No more DHCP agents
2026-06-26 04:48:41.850 10 WARNING neutron.api.rpc.agentnotifiers.dhcp_rpc_agent_api [None req-aadaf918-93c7-4bd8-94dc-7d3940df8948 b08247345b104d4799f22aff7ecbe852 68c56934610346e5bac9a8a6c381abfc - - default default] Unable to schedule network be72c6f8-dca1-4dd7-9df7-bee4b2bf34fe: no agents available; will retry on subsequent port and subnet creation events.
2026-06-26 04:48:41.874 11 INFO neutron.wsgi [None req-bac74cc0-638f-48d3-b1f5-7caf13aa6fe2 0f19afc84ac44417a7a52e56bdcd6b44 35178ba0f0ad412f91ef319bf0c23b38 - - default default] 10.0.0.211 "DELETE /v2.0/security-groups/2130f347-5532-4489-9bc8-c534c2aa52d1 HTTP/1.1" status: 204 len: 168 time: 0.2950134
2026-06-26 04:48:42.095 11 INFO neutron.db.ovn_revision_numbers_db [None req-c4a8d84d-e070-4a73-bd5c-f08db5520dac 0f19afc84ac44417a7a52e56bdcd6b44 35178ba0f0ad412f91ef319bf0c23b38 - - default default] Successfully bumped revision number for resource 44ab5885-7527-44f5-96fc-37777485b85a (type: security_groups) to 1
2026-06-26 04:48:42.111 11 INFO neutron.db.ovn_revision_numbers_db [None req-c4a8d84d-e070-4a73-bd5c-f08db5520dac 0f19afc84ac44417a7a52e56bdcd6b44 35178ba0f0ad412f91ef319bf0c23b38 - - default default] Successfully bumped revision number for resource 0f26325c-64e1-42bf-a7ab-477d44b3f3d5 (type: security_group_rules) to 0
2026-06-26 04:48:42.124 11 INFO neutron.db.ovn_revision_numbers_db [None req-c4a8d84d-e070-4a73-bd5c-f08db5520dac 0f19afc84ac44417a7a52e56bdcd6b44 35178ba0f0ad412f91ef319bf0c23b38 - - default default] Successfully bumped revision number for resource 25cc66a7-ca8b-443a-8823-4200d0c74e51 (type: security_group_rules) to 0
2026-06-26 04:48:42.137 11 INFO neutron.db.ovn_revision_numbers_db [None req-c4a8d84d-e070-4a73-bd5c-f08db5520dac 0f19afc84ac44417a7a52e56bdcd6b44 35178ba0f0ad412f91ef319bf0c23b38 - - default default] Successfully bumped revision number for resource 7202934e-1e54-4ee3-9a64-ca7c5d9e5708 (type: security_group_rules) to 0
2026-06-26 04:48:42.152 11 INFO neutron.db.ovn_revision_numbers_db [None req-c4a8d84d-e070-4a73-bd5c-f08db5520dac 0f19afc84ac44417a7a52e56bdcd6b44 35178ba0f0ad412f91ef319bf0c23b38 - - default default] Successfully bumped revision number for resource bc7b01f0-8f3d-472e-9e74-b1e4c9768e1d (type: security_group_rules) to 0
2026-06-26 04:48:42.174 11 INFO neutron.wsgi [None req-c4a8d84d-e070-4a73-bd5c-f08db5520dac 0f19afc84ac44417a7a52e56bdcd6b44 35178ba0f0ad412f91ef319bf0c23b38 - - default default] 10.0.0.211 "GET /v2.0/security-groups?tenant_id=8044222b42c54ee5969597f93652256c&name=default HTTP/1.1" status: 200 len: 2996 time: 0.1947320
2026-06-26 04:48:42.376 11 INFO neutron.wsgi [None req-d4e51c75-2451-4307-8143-4337a1100b5e 0f19afc84ac44417a7a52e56bdcd6b44 35178ba0f0ad412f91ef319bf0c23b38 - - default default] 10.0.0.211 "DELETE /v2.0/security-groups/44ab5885-7527-44f5-96fc-37777485b85a HTTP/1.1" status: 204 len: 168 time: 0.1968384
2026-06-26 04:48:42.426 10 INFO neutron.db.ovn_revision_numbers_db [None req-aadaf918-93c7-4bd8-94dc-7d3940df8948 b08247345b104d4799f22aff7ecbe852 68c56934610346e5bac9a8a6c381abfc - - default default] Successfully bumped revision number for resource 73f1656a-8457-4da3-8768-0cf558932ffa (type: ports) to 2
2026-06-26 04:48:42.463 10 INFO neutron.db.ovn_revision_numbers_db [None req-aadaf918-93c7-4bd8-94dc-7d3940df8948 b08247345b104d4799f22aff7ecbe852 68c56934610346e5bac9a8a6c381abfc - - default default] Successfully bumped revision number for resource a96d440f-19e1-4509-ba60-1e519334e52b (type: subnets) to 0
2026-06-26 04:48:42.478 10 INFO neutron.wsgi [None req-aadaf918-93c7-4bd8-94dc-7d3940df8948 b08247345b104d4799f22aff7ecbe852 68c56934610346e5bac9a8a6c381abfc - - default default] 10.0.0.211 "POST /v2.0/subnets HTTP/1.1" status: 201 len: 822 time: 0.8019311
2026-06-26 04:48:42.487 10 WARNING neutron.api.v2.base [None req-22a8e413-22b2-415c-875e-5bb90095ab18 b08247345b104d4799f22aff7ecbe852 68c56934610346e5bac9a8a6c381abfc - - default default] An exception happened while processing the request body. The exception message is [Invalid input for target_tenant. Reason: '1234123412341234123412341234123412341234123412341234123412341234123412341234123412341234123412341234123412341234123412341234123412341234123412341234123412341234123412341234123412341234123412341234123412341234123412341234123412341234123412341234123412341234123412341234123412341234123412341234123412341234123412341234123412341234123412341234123412341234123412341234123412341234123412341234123412341234' exceeds maximum length of 255.].: webob.exc.HTTPBadRequest: Invalid input for target_tenant. Reason: '1234123412341234123412341234123412341234123412341234123412341234123412341234123412341234123412341234123412341234123412341234123412341234123412341234123412341234123412341234123412341234123412341234123412341234123412341234123412341234123412341234123412341234123412341234123412341234123412341234123412341234123412341234123412341234123412341234123412341234123412341234123412341234123412341234123412341234' exceeds maximum length of 255.
2026-06-26 04:48:42.487 10 INFO neutron.api.v2.resource [None req-22a8e413-22b2-415c-875e-5bb90095ab18 b08247345b104d4799f22aff7ecbe852 68c56934610346e5bac9a8a6c381abfc - - default default] create failed (client error): Invalid input for target_tenant. Reason: '1234123412341234123412341234123412341234123412341234123412341234123412341234123412341234123412341234123412341234123412341234123412341234123412341234123412341234123412341234123412341234123412341234123412341234123412341234123412341234123412341234123412341234123412341234123412341234123412341234123412341234123412341234123412341234123412341234123412341234123412341234123412341234123412341234123412341234' exceeds maximum length of 255.
