2026-06-26 04:48:42.488 10 INFO neutron.wsgi [None req-22a8e413-22b2-415c-875e-5bb90095ab18 b08247345b104d4799f22aff7ecbe852 68c56934610346e5bac9a8a6c381abfc - - default default] 10.0.0.211 "POST /v2.0/rbac-policies HTTP/1.1" status: 400 len: 750 time: 0.0054269
2026-06-26 04:48:42.965 10 INFO neutron.wsgi [-] 10.0.0.102 "GET / HTTP/1.1" status: 200 len: 247 time: 0.0034568
2026-06-26 04:48:42.967 10 INFO neutron.wsgi [-] 10.0.0.102 "GET / HTTP/1.1" status: 200 len: 247 time: 0.0013442
2026-06-26 04:48:42.986 11 INFO neutron.services.segments.plugin [-] Segment b9b9d3db-1db4-443f-b31a-485818a20660 resource provider aggregate not found
2026-06-26 04:48:42.991 11 INFO neutron.services.segments.plugin [-] Segment b9b9d3db-1db4-443f-b31a-485818a20660 resource provider aggregate not found
2026-06-26 04:48:43.003 11 INFO neutron.services.segments.plugin [-] Segment b9b9d3db-1db4-443f-b31a-485818a20660 resource provider not found; error: Placement Client Error (4xx): {"errors": [{"status": 404, "title": "Not Found", "detail": "The resource could not be found.\n\n No resource provider with uuid b9b9d3db-1db4-443f-b31a-485818a20660 found for delete ", "request_id": "req-ce03e53f-30e2-482a-85ff-31627449d0a3"}]}
2026-06-26 04:48:43.006 11 INFO neutron.services.segments.plugin [-] Segment b9b9d3db-1db4-443f-b31a-485818a20660 resource provider not found; error: Placement Client Error (4xx): {"errors": [{"status": 404, "title": "Not Found", "detail": "The resource could not be found.\n\n No resource provider with uuid b9b9d3db-1db4-443f-b31a-485818a20660 found for delete ", "request_id": "req-67892e72-2d5a-4c15-8f61-7c654e2e8be1"}]}
2026-06-26 04:48:43.032 10 INFO neutron.services.segments.plugin [-] Segment 1329e290-a518-4679-a041-c735243bc5f2 resource provider aggregate not found
2026-06-26 04:48:43.037 10 INFO neutron.services.segments.plugin [-] Segment 1329e290-a518-4679-a041-c735243bc5f2 resource provider aggregate not found
2026-06-26 04:48:43.041 11 INFO neutron.wsgi [None req-e904779d-4e35-4d1e-9318-cf2840570b1a b08247345b104d4799f22aff7ecbe852 68c56934610346e5bac9a8a6c381abfc - - default default] 10.0.0.211 "DELETE /v2.0/networks/be72c6f8-dca1-4dd7-9df7-bee4b2bf34fe HTTP/1.1" status: 204 len: 168 time: 0.5491354
2026-06-26 04:48:43.056 10 INFO neutron.services.segments.plugin [-] Segment 1329e290-a518-4679-a041-c735243bc5f2 resource provider not found; error: Placement Client Error (4xx): {"errors": [{"status": 404, "title": "Not Found", "detail": "The resource could not be found.\n\n No resource provider with uuid 1329e290-a518-4679-a041-c735243bc5f2 found for delete ", "request_id": "req-357ffaec-d8c6-4157-bac3-5f8cf1c331e7"}]}
2026-06-26 04:48:43.057 10 INFO neutron.services.segments.plugin [-] Segment 1329e290-a518-4679-a041-c735243bc5f2 resource provider not found; error: Placement Client Error (4xx): {"errors": [{"status": 404, "title": "Not Found", "detail": "The resource could not be found.\n\n No resource provider with uuid 1329e290-a518-4679-a041-c735243bc5f2 found for delete ", "request_id": "req-b62f52f3-af19-44f7-b5e8-6e1112aa8631"}]}
2026-06-26 04:48:43.128 10 INFO neutron.db.segments_db [None req-924c0b87-021e-40a4-b1ff-466746f434a3 b08247345b104d4799f22aff7ecbe852 68c56934610346e5bac9a8a6c381abfc - - default default] Added segment 8dae3291-51c3-4e59-a7c8-9f3944877f34 of type geneve for network 76efaf8d-b932-4ea3-ba53-10d2d955e577
2026-06-26 04:48:43.265 10 INFO neutron.db.ovn_revision_numbers_db [None req-924c0b87-021e-40a4-b1ff-466746f434a3 b08247345b104d4799f22aff7ecbe852 68c56934610346e5bac9a8a6c381abfc - - default default] Successfully bumped revision number for resource 76efaf8d-b932-4ea3-ba53-10d2d955e577 (type: networks) to 1
2026-06-26 04:48:43.439 10 WARNING neutron.scheduler.dhcp_agent_scheduler [None req-924c0b87-021e-40a4-b1ff-466746f434a3 b08247345b104d4799f22aff7ecbe852 68c56934610346e5bac9a8a6c381abfc - - default default] No more DHCP agents
2026-06-26 04:48:43.441 10 WARNING neutron.api.rpc.agentnotifiers.dhcp_rpc_agent_api [None req-924c0b87-021e-40a4-b1ff-466746f434a3 b08247345b104d4799f22aff7ecbe852 68c56934610346e5bac9a8a6c381abfc - - default default] Unable to schedule network 76efaf8d-b932-4ea3-ba53-10d2d955e577: no agents available; will retry on subsequent port and subnet creation events.
2026-06-26 04:48:43.531 10 INFO neutron.db.ovn_revision_numbers_db [None req-924c0b87-021e-40a4-b1ff-466746f434a3 b08247345b104d4799f22aff7ecbe852 68c56934610346e5bac9a8a6c381abfc - - default default] Successfully bumped revision number for resource 9717abd5-a579-462e-982b-13d492e86b82 (type: ports) to 1
2026-06-26 04:48:43.550 10 INFO neutron.wsgi [None req-924c0b87-021e-40a4-b1ff-466746f434a3 b08247345b104d4799f22aff7ecbe852 68c56934610346e5bac9a8a6c381abfc - - default default] 10.0.0.211 "POST /v2.0/networks HTTP/1.1" status: 201 len: 929 time: 0.5031385
2026-06-26 04:48:43.745 10 WARNING neutron.scheduler.dhcp_agent_scheduler [None req-8ba5dfd9-12c9-4ff2-8565-39b5310a8974 b08247345b104d4799f22aff7ecbe852 68c56934610346e5bac9a8a6c381abfc - - default default] No more DHCP agents
2026-06-26 04:48:43.747 10 WARNING neutron.api.rpc.agentnotifiers.dhcp_rpc_agent_api [None req-8ba5dfd9-12c9-4ff2-8565-39b5310a8974 b08247345b104d4799f22aff7ecbe852 68c56934610346e5bac9a8a6c381abfc - - default default] Unable to schedule network 76efaf8d-b932-4ea3-ba53-10d2d955e577: no agents available; will retry on subsequent port and subnet creation events.
2026-06-26 04:48:44.170 10 INFO neutron.db.ovn_revision_numbers_db [None req-8ba5dfd9-12c9-4ff2-8565-39b5310a8974 b08247345b104d4799f22aff7ecbe852 68c56934610346e5bac9a8a6c381abfc - - default default] Successfully bumped revision number for resource 9717abd5-a579-462e-982b-13d492e86b82 (type: ports) to 2
2026-06-26 04:48:44.198 10 INFO neutron.db.ovn_revision_numbers_db [None req-8ba5dfd9-12c9-4ff2-8565-39b5310a8974 b08247345b104d4799f22aff7ecbe852 68c56934610346e5bac9a8a6c381abfc - - default default] Successfully bumped revision number for resource b0790a9f-037b-4185-8a8a-42e7e00eb71c (type: subnets) to 0
2026-06-26 04:48:44.218 10 INFO neutron.wsgi [None req-8ba5dfd9-12c9-4ff2-8565-39b5310a8974 b08247345b104d4799f22aff7ecbe852 68c56934610346e5bac9a8a6c381abfc - - default default] 10.0.0.211 "POST /v2.0/subnets HTTP/1.1" status: 201 len: 822 time: 0.6622112
2026-06-26 04:48:44.528 11 INFO neutron.wsgi [None req-a528dfe0-5ccc-4d0b-88d5-c955fddfaeb9 b08247345b104d4799f22aff7ecbe852 68c56934610346e5bac9a8a6c381abfc - - default default] 10.0.0.211 "POST /v2.0/rbac-policies HTTP/1.1" status: 201 len: 523 time: 0.3034792
2026-06-26 04:48:44.531 10 WARNING neutron_lib.context [None req-1b055007-68ae-4f1f-a4fc-c3163027d166 95675d44d6ab46fc91014dbe41ec54f5 b16c718a9355490fba7baeaeb0111494 - - default default] Method 'is_advsvc' is deprecated since 2023.2 release (neutron-lib 3.8.0) and will be removed once support for the old RBAC API policies will be removed from Neutron. Please use method 'is_service_role' instead.
2026-06-26 04:48:44.646 10 INFO neutron.db.ovn_revision_numbers_db [None req-1b055007-68ae-4f1f-a4fc-c3163027d166 95675d44d6ab46fc91014dbe41ec54f5 b16c718a9355490fba7baeaeb0111494 - - default default] Successfully bumped revision number for resource 82858eca-4a46-4e39-8bfc-c00082369658 (type: security_groups) to 1
2026-06-26 04:48:44.661 10 INFO neutron.db.ovn_revision_numbers_db [None req-1b055007-68ae-4f1f-a4fc-c3163027d166 95675d44d6ab46fc91014dbe41ec54f5 b16c718a9355490fba7baeaeb0111494 - - default default] Successfully bumped revision number for resource 23a31d49-9596-4143-9f8f-1a8bd1e44eda (type: security_group_rules) to 0
2026-06-26 04:48:44.687 10 INFO neutron.db.ovn_revision_numbers_db [None req-1b055007-68ae-4f1f-a4fc-c3163027d166 95675d44d6ab46fc91014dbe41ec54f5 b16c718a9355490fba7baeaeb0111494 - - default default] Successfully bumped revision number for resource 7a14afa3-79e2-4736-b407-d2a6039b89e2 (type: security_group_rules) to 0
2026-06-26 04:48:44.707 10 INFO neutron.db.ovn_revision_numbers_db [None req-1b055007-68ae-4f1f-a4fc-c3163027d166 95675d44d6ab46fc91014dbe41ec54f5 b16c718a9355490fba7baeaeb0111494 - - default default] Successfully bumped revision number for resource 91e6e924-f09b-4379-a99c-1d7054320c5c (type: security_group_rules) to 0
2026-06-26 04:48:44.724 10 INFO neutron.db.ovn_revision_numbers_db [None req-1b055007-68ae-4f1f-a4fc-c3163027d166 95675d44d6ab46fc91014dbe41ec54f5 b16c718a9355490fba7baeaeb0111494 - - default default] Successfully bumped revision number for resource f0a75d80-ad57-4c94-b08f-bf52026ddade (type: security_group_rules) to 0
2026-06-26 04:48:44.787 10 INFO neutron.db.segments_db [None req-1b055007-68ae-4f1f-a4fc-c3163027d166 95675d44d6ab46fc91014dbe41ec54f5 b16c718a9355490fba7baeaeb0111494 - - default default] Added segment 17f61308-c581-452d-8a88-d91552c375d9 of type geneve for network e5679f7d-e641-4b07-b410-d2c05347d31b
2026-06-26 04:48:44.936 10 INFO neutron.db.ovn_revision_numbers_db [None req-1b055007-68ae-4f1f-a4fc-c3163027d166 95675d44d6ab46fc91014dbe41ec54f5 b16c718a9355490fba7baeaeb0111494 - - default default] Successfully bumped revision number for resource e5679f7d-e641-4b07-b410-d2c05347d31b (type: networks) to 1
2026-06-26 04:48:45.078 10 INFO neutron.wsgi [None req-55af639c-2642-4f20-ac52-49643550657d 48e41e8eff074161bed42f99edb185a6 006c908be5f64109a895045a9453c098 - - default default] 10.0.0.211 "GET /v2.0/networks/76efaf8d-b932-4ea3-ba53-10d2d955e577 HTTP/1.1" status: 200 len: 849 time: 0.1991863
2026-06-26 04:48:45.126 10 WARNING neutron.scheduler.dhcp_agent_scheduler [None req-1b055007-68ae-4f1f-a4fc-c3163027d166 95675d44d6ab46fc91014dbe41ec54f5 b16c718a9355490fba7baeaeb0111494 - - default default] No more DHCP agents
2026-06-26 04:48:45.127 10 WARNING neutron.api.rpc.agentnotifiers.dhcp_rpc_agent_api [None req-1b055007-68ae-4f1f-a4fc-c3163027d166 95675d44d6ab46fc91014dbe41ec54f5 b16c718a9355490fba7baeaeb0111494 - - default default] Unable to schedule network e5679f7d-e641-4b07-b410-d2c05347d31b: no agents available; will retry on subsequent port and subnet creation events.
2026-06-26 04:48:45.209 10 INFO neutron.db.ovn_revision_numbers_db [None req-1b055007-68ae-4f1f-a4fc-c3163027d166 95675d44d6ab46fc91014dbe41ec54f5 b16c718a9355490fba7baeaeb0111494 - - default default] Successfully bumped revision number for resource 998a3c71-9955-4a23-be89-3cf03d85d355 (type: ports) to 1
2026-06-26 04:48:45.229 10 INFO neutron.wsgi [None req-1b055007-68ae-4f1f-a4fc-c3163027d166 95675d44d6ab46fc91014dbe41ec54f5 b16c718a9355490fba7baeaeb0111494 - - default default] 10.0.0.211 "POST /v2.0/networks HTTP/1.1" status: 201 len: 831 time: 0.8965044
2026-06-26 04:48:45.238 10 WARNING neutron_lib.context [None req-e25139c4-8354-4856-82e9-b18d8962415e 95675d44d6ab46fc91014dbe41ec54f5 b16c718a9355490fba7baeaeb0111494 - - default default] Method 'is_advsvc' is deprecated since 2023.2 release (neutron-lib 3.8.0) and will be removed once support for the old RBAC API policies will be removed from Neutron. Please use method 'is_service_role' instead.
2026-06-26 04:48:45.461 11 INFO neutron.pecan_wsgi.hooks.translation [None req-0fa1b790-5dc7-42d8-a7f5-07584e7d8b57 4cf0b83fabbf4dbd967552bd475f86dd 83812d3a049a47d1b4a463af2a54a69e - - default default] GET failed (client error): The resource could not be found.
2026-06-26 04:48:45.462 11 INFO neutron.wsgi [None req-0fa1b790-5dc7-42d8-a7f5-07584e7d8b57 4cf0b83fabbf4dbd967552bd475f86dd 83812d3a049a47d1b4a463af2a54a69e - - default default] 10.0.0.211 "GET /v2.0/networks/76efaf8d-b932-4ea3-ba53-10d2d955e577 HTTP/1.1" status: 404 len: 339 time: 0.0515757
2026-06-26 04:48:45.606 11 WARNING neutron_lib.context [None req-9df46ce0-2a78-4b1a-9512-2167b8f244ff f8a05789fef54748b56acefac10c7d0e 6c0a01a6d88e4b609fb016915bb7d7a9 - - default default] Method 'is_advsvc' is deprecated since 2023.2 release (neutron-lib 3.8.0) and will be removed once support for the old RBAC API policies will be removed from Neutron. Please use method 'is_service_role' instead.
2026-06-26 04:48:45.687 10 WARNING neutron.scheduler.dhcp_agent_scheduler [None req-e25139c4-8354-4856-82e9-b18d8962415e 95675d44d6ab46fc91014dbe41ec54f5 b16c718a9355490fba7baeaeb0111494 - - default default] No more DHCP agents
2026-06-26 04:48:45.691 10 WARNING neutron.api.rpc.agentnotifiers.dhcp_rpc_agent_api [None req-e25139c4-8354-4856-82e9-b18d8962415e 95675d44d6ab46fc91014dbe41ec54f5 b16c718a9355490fba7baeaeb0111494 - - default default] Unable to schedule network 343a9edb-8ec8-4aef-b6e3-8eda2ecc2105: no agents available; will retry on subsequent port and subnet creation events.
2026-06-26 04:48:45.892 10 INFO neutron.db.ovn_revision_numbers_db [None req-e25139c4-8354-4856-82e9-b18d8962415e 95675d44d6ab46fc91014dbe41ec54f5 b16c718a9355490fba7baeaeb0111494 - - default default] Successfully bumped revision number for resource 5a627cca-e3e2-4084-b67a-6875677d2b61 (type: ports) to 1
2026-06-26 04:48:45.970 11 WARNING neutron.scheduler.dhcp_agent_scheduler [None req-9df46ce0-2a78-4b1a-9512-2167b8f244ff f8a05789fef54748b56acefac10c7d0e 6c0a01a6d88e4b609fb016915bb7d7a9 - - default default] No more DHCP agents
2026-06-26 04:48:45.974 11 WARNING neutron.api.rpc.agentnotifiers.dhcp_rpc_agent_api [None req-9df46ce0-2a78-4b1a-9512-2167b8f244ff f8a05789fef54748b56acefac10c7d0e 6c0a01a6d88e4b609fb016915bb7d7a9 - - default default] Unable to schedule network 343a9edb-8ec8-4aef-b6e3-8eda2ecc2105: no agents available; will retry on subsequent port and subnet creation events.
2026-06-26 04:48:46.116 11 INFO neutron.services.segments.plugin [-] Segment 8dae3291-51c3-4e59-a7c8-9f3944877f34 resource provider aggregate not found
2026-06-26 04:48:46.121 11 INFO neutron.services.segments.plugin [-] Segment 8dae3291-51c3-4e59-a7c8-9f3944877f34 resource provider aggregate not found
2026-06-26 04:48:46.143 11 INFO neutron.services.segments.plugin [-] Segment 8dae3291-51c3-4e59-a7c8-9f3944877f34 resource provider not found; error: Placement Client Error (4xx): {"errors": [{"status": 404, "title": "Not Found", "detail": "The resource could not be found.\n\n No resource provider with uuid 8dae3291-51c3-4e59-a7c8-9f3944877f34 found for delete ", "request_id": "req-2899f811-5473-4381-9b4f-d4a5376f837f"}]}
2026-06-26 04:48:46.177 11 INFO neutron.wsgi [None req-39cd7441-574f-4af4-90b0-7b23b0ef8855 b08247345b104d4799f22aff7ecbe852 68c56934610346e5bac9a8a6c381abfc - - default default] 10.0.0.211 "DELETE /v2.0/networks/76efaf8d-b932-4ea3-ba53-10d2d955e577 HTTP/1.1" status: 204 len: 168 time: 0.7097850
2026-06-26 04:48:46.197 10 INFO neutron.pecan_wsgi.hooks.translation [None req-82a159c1-5ff4-4d62-b108-303e4d581365 b08247345b104d4799f22aff7ecbe852 68c56934610346e5bac9a8a6c381abfc - - default default] DELETE failed (client error): The resource could not be found.
2026-06-26 04:48:46.199 10 INFO neutron.wsgi [None req-82a159c1-5ff4-4d62-b108-303e4d581365 b08247345b104d4799f22aff7ecbe852 68c56934610346e5bac9a8a6c381abfc - - default default] 10.0.0.211 "DELETE /v2.0/subnets/9d5f99dc-020c-4c30-adcd-9c3c4c648550 HTTP/1.1" status: 404 len: 337 time: 0.0161099
2026-06-26 04:48:46.226 10 INFO neutron.pecan_wsgi.hooks.translation [None req-64e939a1-6688-4179-aee3-c20412f0b3f5 b08247345b104d4799f22aff7ecbe852 68c56934610346e5bac9a8a6c381abfc - - default default] DELETE failed (client error): The resource could not be found.
2026-06-26 04:48:46.228 10 INFO neutron.wsgi [None req-64e939a1-6688-4179-aee3-c20412f0b3f5 b08247345b104d4799f22aff7ecbe852 68c56934610346e5bac9a8a6c381abfc - - default default] 10.0.0.211 "DELETE /v2.0/subnets/a96d440f-19e1-4509-ba60-1e519334e52b HTTP/1.1" status: 404 len: 337 time: 0.0239301
2026-06-26 04:48:46.240 11 INFO neutron.services.segments.plugin [-] Segment 8dae3291-51c3-4e59-a7c8-9f3944877f34 resource provider not found; error: Placement Client Error (4xx): {"errors": [{"status": 404, "title": "Not Found", "detail": "The resource could not be found.\n\n No resource provider with uuid 8dae3291-51c3-4e59-a7c8-9f3944877f34 found for delete ", "request_id": "req-2ba47855-dcf9-4703-8969-74b4a02736e5"}]}
2026-06-26 04:48:46.260 11 INFO neutron.pecan_wsgi.hooks.translation [None req-ac48ee15-359e-428a-8701-9bed52d5e475 b08247345b104d4799f22aff7ecbe852 68c56934610346e5bac9a8a6c381abfc - - default default] DELETE failed (client error): The resource could not be found.
2026-06-26 04:48:46.262 11 INFO neutron.wsgi [None req-ac48ee15-359e-428a-8701-9bed52d5e475 b08247345b104d4799f22aff7ecbe852 68c56934610346e5bac9a8a6c381abfc - - default default] 10.0.0.211 "DELETE /v2.0/subnets/b0790a9f-037b-4185-8a8a-42e7e00eb71c HTTP/1.1" status: 404 len: 337 time: 0.0287530
2026-06-26 04:48:46.350 11 INFO neutron.db.ovn_revision_numbers_db [None req-9df46ce0-2a78-4b1a-9512-2167b8f244ff f8a05789fef54748b56acefac10c7d0e 6c0a01a6d88e4b609fb016915bb7d7a9 - - default default] Successfully bumped revision number for resource d577234a-fa62-457c-aaa1-9cba149c5d01 (type: floatingips) to 0
2026-06-26 04:48:46.364 11 INFO neutron.wsgi [None req-9df46ce0-2a78-4b1a-9512-2167b8f244ff f8a05789fef54748b56acefac10c7d0e 6c0a01a6d88e4b609fb016915bb7d7a9 - - default default] 10.0.0.211 "POST /v2.0/floatingips HTTP/1.1" status: 201 len: 751 time: 0.8011916
2026-06-26 04:48:46.429 11 INFO neutron.wsgi [None req-a9dd599c-bb57-4a63-bbe5-335d95e4f80e f8a05789fef54748b56acefac10c7d0e 6c0a01a6d88e4b609fb016915bb7d7a9 - - default default] 10.0.0.211 "PUT /v2.0/floatingips/d577234a-fa62-457c-aaa1-9cba149c5d01/tags HTTP/1.1" status: 200 len: 218 time: 0.0597842
2026-06-26 04:48:46.465 11 INFO neutron.wsgi [None req-23e20be0-13de-4c8b-97bd-418a049b27db f8a05789fef54748b56acefac10c7d0e 6c0a01a6d88e4b609fb016915bb7d7a9 - - default default] 10.0.0.211 "GET /v2.0/floatingips/d577234a-fa62-457c-aaa1-9cba149c5d01/tags HTTP/1.1" status: 200 len: 218 time: 0.0304768
2026-06-26 04:48:46.509 11 INFO neutron.wsgi [None req-fdcce268-652c-4590-b074-e11b62f4ca96 f8a05789fef54748b56acefac10c7d0e 6c0a01a6d88e4b609fb016915bb7d7a9 - - default default] 10.0.0.211 "PUT /v2.0/floatingips/d577234a-fa62-457c-aaa1-9cba149c5d01/tags/green HTTP/1.1" status: 201 len: 201 time: 0.0381594
2026-06-26 04:48:46.543 11 INFO neutron.wsgi [None req-effd5dc9-4418-4ad4-be5c-b8a5a2f950ce f8a05789fef54748b56acefac10c7d0e 6c0a01a6d88e4b609fb016915bb7d7a9 - - default default] 10.0.0.211 "GET /v2.0/floatingips/d577234a-fa62-457c-aaa1-9cba149c5d01/tags HTTP/1.1" status: 200 len: 227 time: 0.0291176
2026-06-26 04:48:46.577 11 INFO neutron.wsgi [None req-42c20d0d-16e7-4aaf-a192-5d5d116edae8 f8a05789fef54748b56acefac10c7d0e 6c0a01a6d88e4b609fb016915bb7d7a9 - - default default] 10.0.0.211 "PUT /v2.0/floatingips/d577234a-fa62-457c-aaa1-9cba149c5d01/tags/red HTTP/1.1" status: 201 len: 201 time: 0.0286796
2026-06-26 04:48:46.608 11 INFO neutron.wsgi [None req-c83dcbc3-8e35-4cd8-be5a-777d5285103b f8a05789fef54748b56acefac10c7d0e 6c0a01a6d88e4b609fb016915bb7d7a9 - - default default] 10.0.0.211 "GET /v2.0/floatingips/d577234a-fa62-457c-aaa1-9cba149c5d01/tags HTTP/1.1" status: 200 len: 227 time: 0.0268412
2026-06-26 04:48:46.655 11 INFO neutron.wsgi [None req-c1edf1c4-c11e-4838-9c96-58a382305ad5 f8a05789fef54748b56acefac10c7d0e 6c0a01a6d88e4b609fb016915bb7d7a9 - - default default] 10.0.0.211 "PUT /v2.0/floatingips/d577234a-fa62-457c-aaa1-9cba149c5d01/tags/black.or.white HTTP/1.1" status: 201 len: 201 time: 0.0423229
2026-06-26 04:48:46.702 10 INFO neutron.plugins.ml2.drivers.ovn.mech_driver.mech_driver [None req-f81445b7-0796-430c-8397-97ef11356779 - - - - - -] OVN reports status up for port: 5a627cca-e3e2-4084-b67a-6875677d2b61
2026-06-26 04:48:46.728 10 INFO neutron.plugins.ml2.drivers.ovn.mech_driver.ovsdb.ovsdb_monitor [None req-b1537d26-9290-4c0d-aad2-c395af22659f - - - - - -] Router df022437-ca41-4d80-8741-0ce7a3f6e435 is bound to host instance
2026-06-26 04:48:46.731 10 INFO neutron.plugins.ml2.plugin [None req-f81445b7-0796-430c-8397-97ef11356779 - - - - - -] Attempt 1 to provision port 5a627cca-e3e2-4084-b67a-6875677d2b61
2026-06-26 04:48:46.787 10 INFO neutron.db.ovn_revision_numbers_db [None req-e25139c4-8354-4856-82e9-b18d8962415e 95675d44d6ab46fc91014dbe41ec54f5 b16c718a9355490fba7baeaeb0111494 - - default default] Successfully bumped revision number for resource 5a627cca-e3e2-4084-b67a-6875677d2b61 (type: router_ports) to 1
2026-06-26 04:48:46.888 11 INFO neutron.wsgi [None req-0cc1abb5-2bc0-4a21-b4cb-092d1e0b1062 f8a05789fef54748b56acefac10c7d0e 6c0a01a6d88e4b609fb016915bb7d7a9 - - default default] 10.0.0.211 "GET /v2.0/floatingips/d577234a-fa62-457c-aaa1-9cba149c5d01/tags HTTP/1.1" status: 200 len: 245 time: 0.2292132
2026-06-26 04:48:46.914 10 INFO neutron.db.ovn_revision_numbers_db [None req-e25139c4-8354-4856-82e9-b18d8962415e 95675d44d6ab46fc91014dbe41ec54f5 b16c718a9355490fba7baeaeb0111494 - - default default] Successfully bumped revision number for resource df022437-ca41-4d80-8741-0ce7a3f6e435 (type: routers) to 2
2026-06-26 04:48:46.940 11 INFO neutron.wsgi [None req-ff226c26-7084-4ad3-949d-64a1e0cf07f1 f8a05789fef54748b56acefac10c7d0e 6c0a01a6d88e4b609fb016915bb7d7a9 - - default default] 10.0.0.211 "PUT /v2.0/floatingips/d577234a-fa62-457c-aaa1-9cba149c5d01/tags HTTP/1.1" status: 200 len: 230 time: 0.0462186
2026-06-26 04:48:46.943 10 INFO neutron.wsgi [None req-e25139c4-8354-4856-82e9-b18d8962415e 95675d44d6ab46fc91014dbe41ec54f5 b16c718a9355490fba7baeaeb0111494 - - default default] 10.0.0.211 "POST /v2.0/routers HTTP/1.1" status: 201 len: 875 time: 1.7092457
2026-06-26 04:48:46.978 11 INFO neutron.wsgi [None req-2f089773-ba11-4201-ad2d-221c4e0af14d f8a05789fef54748b56acefac10c7d0e 6c0a01a6d88e4b609fb016915bb7d7a9 - - default default] 10.0.0.211 "GET /v2.0/floatingips/d577234a-fa62-457c-aaa1-9cba149c5d01/tags HTTP/1.1" status: 200 len: 230 time: 0.0323002
2026-06-26 04:48:47.012 11 INFO neutron.wsgi [None req-31be7590-1da5-446d-9cd6-254cac9e0c4c f8a05789fef54748b56acefac10c7d0e 6c0a01a6d88e4b609fb016915bb7d7a9 - - default default] 10.0.0.211 "GET /v2.0/floatingips/d577234a-fa62-457c-aaa1-9cba149c5d01/tags/red HTTP/1.1" status: 204 len: 168 time: 0.0306888
2026-06-26 04:48:47.044 11 INFO neutron.api.v2.resource [None req-da5fe9fb-8fd6-4666-a927-3e69df4679ec f8a05789fef54748b56acefac10c7d0e 6c0a01a6d88e4b609fb016915bb7d7a9 - - default default] show failed (client error): The resource could not be found.
2026-06-26 04:48:47.045 11 INFO neutron.wsgi [None req-da5fe9fb-8fd6-4666-a927-3e69df4679ec f8a05789fef54748b56acefac10c7d0e 6c0a01a6d88e4b609fb016915bb7d7a9 - - default default] 10.0.0.211 "GET /v2.0/floatingips/d577234a-fa62-457c-aaa1-9cba149c5d01/tags/green HTTP/1.1" status: 404 len: 299 time: 0.0281625
2026-06-26 04:48:47.085 11 INFO neutron.wsgi [None req-81e05e59-dbfd-49b8-854d-e134db388289 f8a05789fef54748b56acefac10c7d0e 6c0a01a6d88e4b609fb016915bb7d7a9 - - default default] 10.0.0.211 "DELETE /v2.0/floatingips/d577234a-fa62-457c-aaa1-9cba149c5d01/tags/red HTTP/1.1" status: 204 len: 168 time: 0.0360849
2026-06-26 04:48:47.132 11 INFO neutron.wsgi [None req-4001b62c-7113-4e2d-adde-503aec7051c6 278d3d45a3ee42778b83a1eba8c35146 9520ec59d34e4b38ae60a99b672b4215 - - default default] 10.0.0.211 "GET /v2.0/subnets?project_id=b16c718a9355490fba7baeaeb0111494&cidr=10.100.0.0%2F28 HTTP/1.1" status: 200 len: 207 time: 0.1813250
2026-06-26 04:48:47.133 11 INFO neutron.wsgi [None req-9ca270c0-46cc-42fb-8bb6-f978b53c3193 f8a05789fef54748b56acefac10c7d0e 6c0a01a6d88e4b609fb016915bb7d7a9 - - default default] 10.0.0.211 "GET /v2.0/floatingips/d577234a-fa62-457c-aaa1-9cba149c5d01/tags HTTP/1.1" status: 200 len: 223 time: 0.0425532
2026-06-26 04:48:47.206 11 INFO neutron.api.v2.resource [None req-ba2271dd-575f-4459-a921-7bf9ad52a89b f8a05789fef54748b56acefac10c7d0e 6c0a01a6d88e4b609fb016915bb7d7a9 - - default default] delete failed (client error): The resource could not be found.
2026-06-26 04:48:47.207 11 INFO neutron.wsgi [None req-ba2271dd-575f-4459-a921-7bf9ad52a89b f8a05789fef54748b56acefac10c7d0e 6c0a01a6d88e4b609fb016915bb7d7a9 - - default default] 10.0.0.211 "DELETE /v2.0/floatingips/d577234a-fa62-457c-aaa1-9cba149c5d01/tags/green HTTP/1.1" status: 404 len: 299 time: 0.0648973
2026-06-26 04:48:47.221 11 INFO neutron.wsgi [None req-36bcfc6e-9860-4a82-9ce2-06cd23a988c5 278d3d45a3ee42778b83a1eba8c35146 9520ec59d34e4b38ae60a99b672b4215 - - default default] 10.0.0.211 "GET /v2.0/networks?router%3Aexternal=True HTTP/1.1" status: 200 len: 947 time: 0.0850904
2026-06-26 04:48:47.243 11 INFO neutron.wsgi [None req-a2b5d161-aaf1-4e62-8299-8cb2074641f2 278d3d45a3ee42778b83a1eba8c35146 9520ec59d34e4b38ae60a99b672b4215 - - default default] 10.0.0.211 "GET /v2.0/subnets?network_id=343a9edb-8ec8-4aef-b6e3-8eda2ecc2105&cidr=10.100.0.0%2F28 HTTP/1.1" status: 200 len: 207 time: 0.0180480
2026-06-26 04:48:47.250 11 WARNING neutron_lib.context [None req-08e7c3c2-9684-4afa-8664-f17141af141c 95675d44d6ab46fc91014dbe41ec54f5 b16c718a9355490fba7baeaeb0111494 - - default default] Method 'is_advsvc' is deprecated since 2023.2 release (neutron-lib 3.8.0) and will be removed once support for the old RBAC API policies will be removed from Neutron. Please use method 'is_service_role' instead.
2026-06-26 04:48:47.305 10 INFO neutron.wsgi [req-6f1782cc-3e12-4e20-b3a0-64697bbf9a2e req-b2aca9b1-0527-4994-9aaa-92c2a92f9618 0f19afc84ac44417a7a52e56bdcd6b44 35178ba0f0ad412f91ef319bf0c23b38 - - default default] 10.0.0.239 "GET /v2.0/security-groups?id=8ff230f7-ea7d-4a23-8ba9-e9b6e86eb693&fields=id HTTP/1.1" status: 200 len: 267 time: 0.0814974
2026-06-26 04:48:47.313 10 INFO neutron.wsgi [None req-e478e6db-d61b-4cda-a6f0-879f626390e3 f8a05789fef54748b56acefac10c7d0e 6c0a01a6d88e4b609fb016915bb7d7a9 - - default default] 10.0.0.211 "DELETE /v2.0/floatingips/d577234a-fa62-457c-aaa1-9cba149c5d01/tags HTTP/1.1" status: 204 len: 168 time: 0.1001565
2026-06-26 04:48:47.353 11 INFO neutron.wsgi [None req-90cbc750-6721-46ad-8cc8-424598ddca2c f8a05789fef54748b56acefac10c7d0e 6c0a01a6d88e4b609fb016915bb7d7a9 - - default default] 10.0.0.211 "GET /v2.0/floatingips/d577234a-fa62-457c-aaa1-9cba149c5d01/tags HTTP/1.1" status: 200 len: 205 time: 0.0359790
2026-06-26 04:48:47.456 10 INFO neutron.wsgi [req-6f1782cc-3e12-4e20-b3a0-64697bbf9a2e req-48347871-0daf-41d7-903b-be8601f087c2 0f19afc84ac44417a7a52e56bdcd6b44 35178ba0f0ad412f91ef319bf0c23b38 - - default default] 10.0.0.239 "GET /v2.0/networks?id=ffb999f5-8543-4a8c-aa7d-970de48fcb5b HTTP/1.1" status: 200 len: 937 time: 0.1403053
2026-06-26 04:48:47.482 11 WARNING neutron.scheduler.dhcp_agent_scheduler [None req-08e7c3c2-9684-4afa-8664-f17141af141c 95675d44d6ab46fc91014dbe41ec54f5 b16c718a9355490fba7baeaeb0111494 - - default default] No more DHCP agents
2026-06-26 04:48:47.485 11 WARNING neutron.api.rpc.agentnotifiers.dhcp_rpc_agent_api [None req-08e7c3c2-9684-4afa-8664-f17141af141c 95675d44d6ab46fc91014dbe41ec54f5 b16c718a9355490fba7baeaeb0111494 - - default default] Unable to schedule network e5679f7d-e641-4b07-b410-d2c05347d31b: no agents available; will retry on subsequent port and subnet creation events.
2026-06-26 04:48:47.489 10 INFO neutron.wsgi [req-6f1782cc-3e12-4e20-b3a0-64697bbf9a2e req-11a083c9-af4e-4b94-999a-601af2d5cbcd 0f19afc84ac44417a7a52e56bdcd6b44 35178ba0f0ad412f91ef319bf0c23b38 - - default default] 10.0.0.239 "GET /v2.0/quotas/35178ba0f0ad412f91ef319bf0c23b38 HTTP/1.1" status: 200 len: 385 time: 0.0233626
2026-06-26 04:48:47.571 10 INFO neutron.wsgi [req-6f1782cc-3e12-4e20-b3a0-64697bbf9a2e req-b5550473-78eb-47f4-a7ce-11550de34de6 0f19afc84ac44417a7a52e56bdcd6b44 35178ba0f0ad412f91ef319bf0c23b38 - - default default] 10.0.0.239 "GET /v2.0/ports?tenant_id=35178ba0f0ad412f91ef319bf0c23b38&fields=id HTTP/1.1" status: 200 len: 348 time: 0.0735908
2026-06-26 04:48:47.582 10 INFO neutron.db.ovn_revision_numbers_db [None req-b1537d26-9290-4c0d-aad2-c395af22659f - - - - - -] Successfully bumped revision number for resource 5a627cca-e3e2-4084-b67a-6875677d2b61 (type: ports) to 1
2026-06-26 04:48:47.602 10 INFO neutron.db.ovn_revision_numbers_db [None req-8d8729a8-d7aa-433f-883c-ecf225f8ab60 0f19afc84ac44417a7a52e56bdcd6b44 35178ba0f0ad412f91ef319bf0c23b38 - - default default] Successfully bumped revision number for resource 4bc34f31-9193-4587-bbb9-85d3306ba2cf (type: security_groups) to 1
2026-06-26 04:48:47.639 10 INFO neutron.db.ovn_revision_numbers_db [None req-8d8729a8-d7aa-433f-883c-ecf225f8ab60 0f19afc84ac44417a7a52e56bdcd6b44 35178ba0f0ad412f91ef319bf0c23b38 - - default default] Successfully bumped revision number for resource 0bf5de22-0961-40e1-becd-274e402e6f87 (type: security_group_rules) to 0
2026-06-26 04:48:47.682 10 INFO neutron.db.ovn_revision_numbers_db [None req-8d8729a8-d7aa-433f-883c-ecf225f8ab60 0f19afc84ac44417a7a52e56bdcd6b44 35178ba0f0ad412f91ef319bf0c23b38 - - default default] Successfully bumped revision number for resource 7137c098-e38a-4e36-98ac-dc9c3f6534bc (type: security_group_rules) to 0
2026-06-26 04:48:47.709 10 INFO neutron.wsgi [req-6f1782cc-3e12-4e20-b3a0-64697bbf9a2e req-a6e0f00b-858e-4458-a629-7c520748f630 d314d15e814d449199dcea8348f71246 9eb1c5eba02b4822af306e49c0425440 - - 9dd2a3d6d4b044059814358e15a07fe0 9dd2a3d6d4b044059814358e15a07fe0] 10.0.0.239 "GET /v2.0/networks/ffb999f5-8543-4a8c-aa7d-970de48fcb5b?fields=segments HTTP/1.1" status: 200 len: 212 time: 0.1253645
2026-06-26 04:48:47.720 10 INFO neutron.db.ovn_revision_numbers_db [None req-8d8729a8-d7aa-433f-883c-ecf225f8ab60 0f19afc84ac44417a7a52e56bdcd6b44 35178ba0f0ad412f91ef319bf0c23b38 - - default default] Successfully bumped revision number for resource 8576e89e-13e7-4fa8-8e05-a0bac96a8b3c (type: security_group_rules) to 0
2026-06-26 04:48:47.801 10 INFO neutron.db.ovn_revision_numbers_db [None req-8d8729a8-d7aa-433f-883c-ecf225f8ab60 0f19afc84ac44417a7a52e56bdcd6b44 35178ba0f0ad412f91ef319bf0c23b38 - - default default] Successfully bumped revision number for resource cee14f76-7c54-4a6d-b76d-5023a0d26da9 (type: security_group_rules) to 0
2026-06-26 04:48:47.860 10 INFO neutron.wsgi [None req-8d8729a8-d7aa-433f-883c-ecf225f8ab60 0f19afc84ac44417a7a52e56bdcd6b44 35178ba0f0ad412f91ef319bf0c23b38 - - default default] 10.0.0.211 "GET /v2.0/security-groups?tenant_id=83812d3a049a47d1b4a463af2a54a69e&name=default HTTP/1.1" status: 200 len: 2996 time: 0.7019706
2026-06-26 04:48:47.898 10 INFO neutron.wsgi [req-6f1782cc-3e12-4e20-b3a0-64697bbf9a2e req-9ca7c82f-41b5-4777-a4eb-ba4547f032af d314d15e814d449199dcea8348f71246 9eb1c5eba02b4822af306e49c0425440 - - 9dd2a3d6d4b044059814358e15a07fe0 9dd2a3d6d4b044059814358e15a07fe0] 10.0.0.239 "GET /v2.0/networks/ffb999f5-8543-4a8c-aa7d-970de48fcb5b?fields=provider%3Aphysical_network&fields=provider%3Anetwork_type HTTP/1.1" status: 200 len: 277 time: 0.1804328
2026-06-26 04:48:47.993 11 INFO neutron.db.ovn_revision_numbers_db [None req-08e7c3c2-9684-4afa-8664-f17141af141c 95675d44d6ab46fc91014dbe41ec54f5 b16c718a9355490fba7baeaeb0111494 - - default default] Successfully bumped revision number for resource 998a3c71-9955-4a23-be89-3cf03d85d355 (type: ports) to 2
2026-06-26 04:48:48.038 11 INFO neutron.db.ovn_revision_numbers_db [None req-08e7c3c2-9684-4afa-8664-f17141af141c 95675d44d6ab46fc91014dbe41ec54f5 b16c718a9355490fba7baeaeb0111494 - - default default] Successfully bumped revision number for resource 9151ba74-9f69-4df4-9a8d-3e6b047ae5cc (type: subnets) to 0
2026-06-26 04:48:48.070 11 INFO neutron.wsgi [None req-08e7c3c2-9684-4afa-8664-f17141af141c 95675d44d6ab46fc91014dbe41ec54f5 b16c718a9355490fba7baeaeb0111494 - - default default] 10.0.0.211 "POST /v2.0/subnets HTTP/1.1" status: 201 len: 832 time: 0.8231177
2026-06-26 04:48:48.188 11 INFO neutron.wsgi [None req-a9be54d5-f13f-44c4-b6e8-0ad4225def53 0f19afc84ac44417a7a52e56bdcd6b44 35178ba0f0ad412f91ef319bf0c23b38 - - default default] 10.0.0.211 "DELETE /v2.0/security-groups/4bc34f31-9193-4587-bbb9-85d3306ba2cf HTTP/1.1" status: 204 len: 168 time: 0.3219914
2026-06-26 04:48:48.295 10 INFO neutron.db.ovn_revision_numbers_db [None req-b1537d26-9290-4c0d-aad2-c395af22659f - - - - - -] Successfully bumped revision number for resource 5a627cca-e3e2-4084-b67a-6875677d2b61 (type: router_ports) to 3
2026-06-26 04:48:48.357 10 INFO neutron.wsgi [None req-5d53cfba-7155-4ac4-acf0-4c0047cc796b f8a05789fef54748b56acefac10c7d0e 6c0a01a6d88e4b609fb016915bb7d7a9 - - default default] 10.0.0.211 "DELETE /v2.0/floatingips/d577234a-fa62-457c-aaa1-9cba149c5d01 HTTP/1.1" status: 204 len: 168 time: 0.9936635
2026-06-26 04:48:48.380 10 INFO neutron.wsgi [None req-efd735e8-407c-412a-be5b-a3d02e71e727 0f19afc84ac44417a7a52e56bdcd6b44 35178ba0f0ad412f91ef319bf0c23b38 - - default default] 10.0.0.211 "GET /v2.0/security-groups?tenant_id=68c56934610346e5bac9a8a6c381abfc&name=default HTTP/1.1" status: 200 len: 2996 time: 0.0555205
2026-06-26 04:48:48.533 10 INFO neutron.db.ovn_revision_numbers_db [None req-b1537d26-9290-4c0d-aad2-c395af22659f - - - - - -] Successfully bumped revision number for resource 5a627cca-e3e2-4084-b67a-6875677d2b61 (type: ports) to 2
2026-06-26 04:48:48.543 11 INFO neutron.wsgi [req-088c8f7d-89e5-47f2-a155-3e39b09c4902 req-ff6fb9d5-996f-4346-ab63-030adeec3b37 0f19afc84ac44417a7a52e56bdcd6b44 35178ba0f0ad412f91ef319bf0c23b38 - - default default] 10.0.0.239 "GET /v2.0/ports?device_id=84f6c76a-9f10-4fe6-9c69-5bacfffa4625 HTTP/1.1" status: 200 len: 210 time: 0.0496686
2026-06-26 04:48:48.621 10 INFO neutron.wsgi [req-881647c4-b84c-411e-b0f3-4dce048dedc4 req-a55788e4-1700-40b9-a232-dc3b7b3ad470 0f19afc84ac44417a7a52e56bdcd6b44 35178ba0f0ad412f91ef319bf0c23b38 - - default default] 10.0.0.239 "GET /v2.0/ports?device_id=84f6c76a-9f10-4fe6-9c69-5bacfffa4625 HTTP/1.1" status: 200 len: 210 time: 0.0227351
2026-06-26 04:48:48.782 10 INFO neutron.wsgi [None req-f0ebe7ae-79e4-40c5-bdcd-e6abd48b538d 0f19afc84ac44417a7a52e56bdcd6b44 35178ba0f0ad412f91ef319bf0c23b38 - - default default] 10.0.0.211 "DELETE /v2.0/security-groups/7f66add4-c513-4498-b36f-7767030367c3 HTTP/1.1" status: 204 len: 168 time: 0.3945384
2026-06-26 04:48:48.799 11 WARNING neutron.scheduler.dhcp_agent_scheduler [None req-2740f829-55ad-460b-b900-47e2633a7354 95675d44d6ab46fc91014dbe41ec54f5 b16c718a9355490fba7baeaeb0111494 - - default default] No more DHCP agents
2026-06-26 04:48:48.802 11 WARNING neutron.api.rpc.agentnotifiers.dhcp_rpc_agent_api [None req-2740f829-55ad-460b-b900-47e2633a7354 95675d44d6ab46fc91014dbe41ec54f5 b16c718a9355490fba7baeaeb0111494 - - default default] Unable to schedule network e5679f7d-e641-4b07-b410-d2c05347d31b: no agents available; will retry on subsequent port and subnet creation events.
2026-06-26 04:48:48.902 10 INFO neutron.db.ovn_revision_numbers_db [None req-b1537d26-9290-4c0d-aad2-c395af22659f - - - - - -] Successfully bumped revision number for resource 5a627cca-e3e2-4084-b67a-6875677d2b61 (type: ports) to 4
2026-06-26 04:48:48.993 11 INFO neutron.db.ovn_revision_numbers_db [None req-2740f829-55ad-460b-b900-47e2633a7354 95675d44d6ab46fc91014dbe41ec54f5 b16c718a9355490fba7baeaeb0111494 - - default default] Successfully bumped revision number for resource eb481c77-c93b-4363-bc25-49dd365a5097 (type: ports) to 1
2026-06-26 04:48:49.074 11 INFO neutron.db.ovn_revision_numbers_db [None req-c95b346b-a6aa-4681-ad5b-f1aec0ba6135 0f19afc84ac44417a7a52e56bdcd6b44 35178ba0f0ad412f91ef319bf0c23b38 - - default default] Successfully bumped revision number for resource b042cd78-93fd-4dac-affe-7f1ec70223a4 (type: security_groups) to 1
2026-06-26 04:48:49.083 10 INFO neutron.db.ovn_revision_numbers_db [None req-b1537d26-9290-4c0d-aad2-c395af22659f - - - - - -] Successfully bumped revision number for resource 5a627cca-e3e2-4084-b67a-6875677d2b61 (type: router_ports) to 4
2026-06-26 04:48:49.096 11 INFO neutron.db.ovn_revision_numbers_db [None req-c95b346b-a6aa-4681-ad5b-f1aec0ba6135 0f19afc84ac44417a7a52e56bdcd6b44 35178ba0f0ad412f91ef319bf0c23b38 - - default default] Successfully bumped revision number for resource 0f931822-4e80-410f-91a3-65f7e2d7d17e (type: security_group_rules) to 0
2026-06-26 04:48:49.110 11 INFO neutron.db.ovn_revision_numbers_db [None req-c95b346b-a6aa-4681-ad5b-f1aec0ba6135 0f19afc84ac44417a7a52e56bdcd6b44 35178ba0f0ad412f91ef319bf0c23b38 - - default default] Successfully bumped revision number for resource 338eae29-21be-444c-b8c3-3d8a3c096638 (type: security_group_rules) to 0
2026-06-26 04:48:49.135 11 INFO neutron.db.ovn_revision_numbers_db [None req-c95b346b-a6aa-4681-ad5b-f1aec0ba6135 0f19afc84ac44417a7a52e56bdcd6b44 35178ba0f0ad412f91ef319bf0c23b38 - - default default] Successfully bumped revision number for resource cd120d34-7f1e-451f-aa9f-fb21ac3c15a6 (type: security_group_rules) to 0
2026-06-26 04:48:49.157 11 INFO neutron.db.ovn_revision_numbers_db [None req-c95b346b-a6aa-4681-ad5b-f1aec0ba6135 0f19afc84ac44417a7a52e56bdcd6b44 35178ba0f0ad412f91ef319bf0c23b38 - - default default] Successfully bumped revision number for resource da0b4877-503b-4ee6-a7ac-85db0d2ba7f6 (type: security_group_rules) to 0
2026-06-26 04:48:49.185 11 INFO neutron.wsgi [None req-c95b346b-a6aa-4681-ad5b-f1aec0ba6135 0f19afc84ac44417a7a52e56bdcd6b44 35178ba0f0ad412f91ef319bf0c23b38 - - default default] 10.0.0.211 "GET /v2.0/security-groups?tenant_id=006c908be5f64109a895045a9453c098&name=default HTTP/1.1" status: 200 len: 2996 time: 0.2608063
2026-06-26 04:48:49.214 10 INFO neutron.wsgi [req-6f1782cc-3e12-4e20-b3a0-64697bbf9a2e req-978225d3-1a02-4d8a-865b-54d82ed8f960 0f19afc84ac44417a7a52e56bdcd6b44 35178ba0f0ad412f91ef319bf0c23b38 - - default default] 199.204.45.23 "GET /v2.0/networks?id=ffb999f5-8543-4a8c-aa7d-970de48fcb5b HTTP/1.1" status: 200 len: 937 time: 0.0777204
2026-06-26 04:48:49.278 10 INFO neutron.wsgi [req-6f1782cc-3e12-4e20-b3a0-64697bbf9a2e req-30b4d615-e398-4127-a9d1-f66d777592b4 0f19afc84ac44417a7a52e56bdcd6b44 35178ba0f0ad412f91ef319bf0c23b38 - - default default] 199.204.45.23 "GET /v2.0/security-groups?fields=id&fields=name&tenant_id=35178ba0f0ad412f91ef319bf0c23b38 HTTP/1.1" status: 200 len: 542 time: 0.0527377
2026-06-26 04:48:49.510 11 INFO neutron.wsgi [None req-3ea00f31-4b3f-4c0d-82b4-9ea3aedc7873 0f19afc84ac44417a7a52e56bdcd6b44 35178ba0f0ad412f91ef319bf0c23b38 - - default default] 10.0.0.211 "DELETE /v2.0/security-groups/b042cd78-93fd-4dac-affe-7f1ec70223a4 HTTP/1.1" status: 204 len: 168 time: 0.3190284
2026-06-26 04:48:49.544 11 INFO neutron.plugins.ml2.drivers.ovn.mech_driver.mech_driver [None req-f217a9be-5b29-464f-9a5a-5afee2642517 - - - - - -] OVN reports status up for port: eb481c77-c93b-4363-bc25-49dd365a5097
2026-06-26 04:48:49.560 11 INFO neutron.plugins.ml2.plugin [None req-f217a9be-5b29-464f-9a5a-5afee2642517 - - - - - -] Attempt 1 to provision port eb481c77-c93b-4363-bc25-49dd365a5097
2026-06-26 04:48:49.562 11 INFO neutron.db.ovn_revision_numbers_db [None req-b5f9a73b-fe1c-4771-b3ce-c8730e30f63e 0f19afc84ac44417a7a52e56bdcd6b44 35178ba0f0ad412f91ef319bf0c23b38 - - default default] Successfully bumped revision number for resource 12fc946f-59c5-4f8c-b133-bd20b36b3730 (type: security_groups) to 1
2026-06-26 04:48:49.584 11 INFO neutron.db.ovn_revision_numbers_db [None req-2740f829-55ad-460b-b900-47e2633a7354 95675d44d6ab46fc91014dbe41ec54f5 b16c718a9355490fba7baeaeb0111494 - - default default] Successfully bumped revision number for resource eb481c77-c93b-4363-bc25-49dd365a5097 (type: router_ports) to 1
2026-06-26 04:48:49.586 11 INFO neutron.db.ovn_revision_numbers_db [None req-b5f9a73b-fe1c-4771-b3ce-c8730e30f63e 0f19afc84ac44417a7a52e56bdcd6b44 35178ba0f0ad412f91ef319bf0c23b38 - - default default] Successfully bumped revision number for resource 20d6b8be-09f3-457d-9b9c-2ca825997b7a (type: security_group_rules) to 0
2026-06-26 04:48:49.590 10 WARNING neutron.scheduler.dhcp_agent_scheduler [req-6f1782cc-3e12-4e20-b3a0-64697bbf9a2e req-66b766e4-f2cb-4f67-8ec2-1355891d9ef8 0f19afc84ac44417a7a52e56bdcd6b44 35178ba0f0ad412f91ef319bf0c23b38 - - default default] No more DHCP agents
2026-06-26 04:48:49.593 10 WARNING neutron.api.rpc.agentnotifiers.dhcp_rpc_agent_api [req-6f1782cc-3e12-4e20-b3a0-64697bbf9a2e req-66b766e4-f2cb-4f67-8ec2-1355891d9ef8 0f19afc84ac44417a7a52e56bdcd6b44 35178ba0f0ad412f91ef319bf0c23b38 - - default default] Unable to schedule network ffb999f5-8543-4a8c-aa7d-970de48fcb5b: no agents available; will retry on subsequent port and subnet creation events.
2026-06-26 04:48:49.616 11 INFO neutron.db.ovn_revision_numbers_db [None req-b5f9a73b-fe1c-4771-b3ce-c8730e30f63e 0f19afc84ac44417a7a52e56bdcd6b44 35178ba0f0ad412f91ef319bf0c23b38 - - default default] Successfully bumped revision number for resource 5538222d-d85b-453b-b2a9-16be64a44a7e (type: security_group_rules) to 0
2026-06-26 04:48:49.643 11 INFO neutron.db.ovn_revision_numbers_db [None req-b5f9a73b-fe1c-4771-b3ce-c8730e30f63e 0f19afc84ac44417a7a52e56bdcd6b44 35178ba0f0ad412f91ef319bf0c23b38 - - default default] Successfully bumped revision number for resource c8d1fde5-d425-4bc9-b85f-3d6504cbc2ef (type: security_group_rules) to 0
2026-06-26 04:48:49.667 11 INFO neutron.db.ovn_revision_numbers_db [None req-b5f9a73b-fe1c-4771-b3ce-c8730e30f63e 0f19afc84ac44417a7a52e56bdcd6b44 35178ba0f0ad412f91ef319bf0c23b38 - - default default] Successfully bumped revision number for resource e50cd9eb-6811-4b31-b900-b6946052e9bf (type: security_group_rules) to 0
2026-06-26 04:48:49.712 11 INFO neutron.wsgi [None req-b5f9a73b-fe1c-4771-b3ce-c8730e30f63e 0f19afc84ac44417a7a52e56bdcd6b44 35178ba0f0ad412f91ef319bf0c23b38 - - default default] 10.0.0.211 "GET /v2.0/security-groups?tenant_id=6c0a01a6d88e4b609fb016915bb7d7a9&name=default HTTP/1.1" status: 200 len: 2996 time: 0.5823228 /var/lib/openstack/lib/python3.10/site-packages/pycadf/identifier.py:71: UserWarning: Invalid uuid: neutron. To ensure interoperability, identifiers should be a valid uuid. warnings.warn(('Invalid uuid: %s. To ensure interoperability, '
2026-06-26 04:48:49.788 10 INFO neutron.db.ovn_revision_numbers_db [req-6f1782cc-3e12-4e20-b3a0-64697bbf9a2e req-66b766e4-f2cb-4f67-8ec2-1355891d9ef8 0f19afc84ac44417a7a52e56bdcd6b44 35178ba0f0ad412f91ef319bf0c23b38 - - default default] Successfully bumped revision number for resource e1571060-7236-4249-9177-cbb4b6237f3c (type: ports) to 1
2026-06-26 04:48:49.813 10 INFO neutron.wsgi [req-6f1782cc-3e12-4e20-b3a0-64697bbf9a2e req-66b766e4-f2cb-4f67-8ec2-1355891d9ef8 0f19afc84ac44417a7a52e56bdcd6b44 35178ba0f0ad412f91ef319bf0c23b38 - - default default] 199.204.45.23 "POST /v2.0/ports HTTP/1.1" status: 201 len: 1283 time: 0.5314291
2026-06-26 04:48:49.833 11 INFO neutron.db.ovn_revision_numbers_db [None req-2740f829-55ad-460b-b900-47e2633a7354 95675d44d6ab46fc91014dbe41ec54f5 b16c718a9355490fba7baeaeb0111494 - - default default] Successfully bumped revision number for resource eb481c77-c93b-4363-bc25-49dd365a5097 (type: ports) to 1
2026-06-26 04:48:49.945 11 WARNING neutron.scheduler.dhcp_agent_scheduler [None req-2740f829-55ad-460b-b900-47e2633a7354 95675d44d6ab46fc91014dbe41ec54f5 b16c718a9355490fba7baeaeb0111494 - - default default] No more DHCP agents
2026-06-26 04:48:49.949 11 WARNING neutron.api.rpc.agentnotifiers.dhcp_rpc_agent_api [None req-2740f829-55ad-460b-b900-47e2633a7354 95675d44d6ab46fc91014dbe41ec54f5 b16c718a9355490fba7baeaeb0111494 - - default default] Unable to schedule network e5679f7d-e641-4b07-b410-d2c05347d31b: no agents available; will retry on subsequent port and subnet creation events.
2026-06-26 04:48:49.964 11 INFO neutron.db.ovn_revision_numbers_db [None req-f217a9be-5b29-464f-9a5a-5afee2642517 - - - - - -] Successfully bumped revision number for resource eb481c77-c93b-4363-bc25-49dd365a5097 (type: ports) to 2
2026-06-26 04:48:49.996 10 INFO neutron.wsgi [None req-9fcef936-afcb-4780-bdb5-4e2c28ce20fb 0f19afc84ac44417a7a52e56bdcd6b44 35178ba0f0ad412f91ef319bf0c23b38 - - default default] 10.0.0.211 "DELETE /v2.0/security-groups/12fc946f-59c5-4f8c-b133-bd20b36b3730 HTTP/1.1" status: 204 len: 168 time: 0.2789414
2026-06-26 04:48:50.081 11 INFO neutron.db.ovn_revision_numbers_db [None req-f217a9be-5b29-464f-9a5a-5afee2642517 - - - - - -] Successfully bumped revision number for resource eb481c77-c93b-4363-bc25-49dd365a5097 (type: router_ports) to 2 /var/lib/openstack/lib/python3.10/site-packages/pycadf/identifier.py:71: UserWarning: Invalid uuid: neutron. To ensure interoperability, identifiers should be a valid uuid. warnings.warn(('Invalid uuid: %s. To ensure interoperability, '
2026-06-26 04:48:50.237 10 INFO neutron.db.ovn_revision_numbers_db [req-6f1782cc-3e12-4e20-b3a0-64697bbf9a2e req-e412992f-8fd9-4689-b7df-ac7eadf71b44 d314d15e814d449199dcea8348f71246 9eb1c5eba02b4822af306e49c0425440 - - 9dd2a3d6d4b044059814358e15a07fe0 9dd2a3d6d4b044059814358e15a07fe0] Successfully bumped revision number for resource e1571060-7236-4249-9177-cbb4b6237f3c (type: ports) to 2
2026-06-26 04:48:50.251 10 INFO neutron.db.ovn_revision_numbers_db [None req-a3819fb9-a1f8-403b-83c8-9c8e281d69e4 0f19afc84ac44417a7a52e56bdcd6b44 35178ba0f0ad412f91ef319bf0c23b38 - - default default] Successfully bumped revision number for resource 4481219b-d76c-44a2-ac38-a338168d12f4 (type: security_groups) to 1
2026-06-26 04:48:50.269 10 INFO neutron.db.ovn_revision_numbers_db [None req-a3819fb9-a1f8-403b-83c8-9c8e281d69e4 0f19afc84ac44417a7a52e56bdcd6b44 35178ba0f0ad412f91ef319bf0c23b38 - - default default] Successfully bumped revision number for resource 57a44ea4-07c3-429f-ba45-1e99be170cbb (type: security_group_rules) to 0
2026-06-26 04:48:50.287 10 INFO neutron.db.ovn_revision_numbers_db [None req-a3819fb9-a1f8-403b-83c8-9c8e281d69e4 0f19afc84ac44417a7a52e56bdcd6b44 35178ba0f0ad412f91ef319bf0c23b38 - - default default] Successfully bumped revision number for resource a957087c-d0d4-4d0f-99ae-7d41990f8889 (type: security_group_rules) to 0
2026-06-26 04:48:50.304 10 INFO neutron.db.ovn_revision_numbers_db [None req-a3819fb9-a1f8-403b-83c8-9c8e281d69e4 0f19afc84ac44417a7a52e56bdcd6b44 35178ba0f0ad412f91ef319bf0c23b38 - - default default] Successfully bumped revision number for resource ae9d9ffc-4099-4d2c-a883-4d2c39a1b36f (type: security_group_rules) to 0
2026-06-26 04:48:50.317 10 INFO neutron.db.ovn_revision_numbers_db [None req-a3819fb9-a1f8-403b-83c8-9c8e281d69e4 0f19afc84ac44417a7a52e56bdcd6b44 35178ba0f0ad412f91ef319bf0c23b38 - - default default] Successfully bumped revision number for resource b1fa50c4-25c4-4f1d-88fa-365248a23729 (type: security_group_rules) to 0
2026-06-26 04:48:50.356 10 INFO neutron.wsgi [None req-a3819fb9-a1f8-403b-83c8-9c8e281d69e4 0f19afc84ac44417a7a52e56bdcd6b44 35178ba0f0ad412f91ef319bf0c23b38 - - default default] 10.0.0.211 "GET /v2.0/security-groups?tenant_id=754ee4170f354753b259263f6043f0e9&name=default HTTP/1.1" status: 200 len: 2996 time: 0.2513528
2026-06-26 04:48:50.484 10 INFO neutron.db.ovn_revision_numbers_db [req-6f1782cc-3e12-4e20-b3a0-64697bbf9a2e req-e412992f-8fd9-4689-b7df-ac7eadf71b44 d314d15e814d449199dcea8348f71246 9eb1c5eba02b4822af306e49c0425440 - - 9dd2a3d6d4b044059814358e15a07fe0 9dd2a3d6d4b044059814358e15a07fe0] Successfully bumped revision number for resource e1571060-7236-4249-9177-cbb4b6237f3c (type: ports) to 2
2026-06-26 04:48:50.503 10 INFO neutron.wsgi [req-6f1782cc-3e12-4e20-b3a0-64697bbf9a2e req-e412992f-8fd9-4689-b7df-ac7eadf71b44 d314d15e814d449199dcea8348f71246 9eb1c5eba02b4822af306e49c0425440 - - 9dd2a3d6d4b044059814358e15a07fe0 9dd2a3d6d4b044059814358e15a07fe0] 199.204.45.23 "PUT /v2.0/ports/e1571060-7236-4249-9177-cbb4b6237f3c HTTP/1.1" status: 200 len: 1380 time: 0.6832335 /var/lib/openstack/lib/python3.10/site-packages/pycadf/identifier.py:71: UserWarning: Invalid uuid: neutron. To ensure interoperability, identifiers should be a valid uuid. warnings.warn(('Invalid uuid: %s. To ensure interoperability, '
2026-06-26 04:48:50.564 10 INFO neutron.notifiers.nova [-] Nova event matching ['req-f2a27405-0cb2-45f3-8166-1ea494479aec'] response: {'name': 'network-changed', 'server_uuid': '84f6c76a-9f10-4fe6-9c69-5bacfffa4625', 'tag': 'e1571060-7236-4249-9177-cbb4b6237f3c', 'status': 'completed', 'code': 200}
2026-06-26 04:48:50.574 10 INFO neutron.wsgi [req-6f1782cc-3e12-4e20-b3a0-64697bbf9a2e req-e1e6aa94-160f-4516-b27a-c5f6df9d5f72 d314d15e814d449199dcea8348f71246 9eb1c5eba02b4822af306e49c0425440 - - 9dd2a3d6d4b044059814358e15a07fe0 9dd2a3d6d4b044059814358e15a07fe0] 199.204.45.23 "GET /v2.0/ports?tenant_id=35178ba0f0ad412f91ef319bf0c23b38&device_id=84f6c76a-9f10-4fe6-9c69-5bacfffa4625 HTTP/1.1" status: 200 len: 1411 time: 0.0342338
2026-06-26 04:48:50.602 10 INFO neutron.wsgi [req-6f1782cc-3e12-4e20-b3a0-64697bbf9a2e req-fdfa3270-58c2-44b5-9c79-e26b95673fe2 d314d15e814d449199dcea8348f71246 9eb1c5eba02b4822af306e49c0425440 - - 9dd2a3d6d4b044059814358e15a07fe0 9dd2a3d6d4b044059814358e15a07fe0] 199.204.45.23 "GET /v2.0/floatingips?fixed_ip_address=172.24.2.28&port_id=e1571060-7236-4249-9177-cbb4b6237f3c HTTP/1.1" status: 200 len: 217 time: 0.0222485
2026-06-26 04:48:50.644 10 INFO neutron.wsgi [req-6f1782cc-3e12-4e20-b3a0-64697bbf9a2e req-55e66e4b-5a3a-49a6-8c8a-ec0ba3483288 d314d15e814d449199dcea8348f71246 9eb1c5eba02b4822af306e49c0425440 - - 9dd2a3d6d4b044059814358e15a07fe0 9dd2a3d6d4b044059814358e15a07fe0] 199.204.45.23 "GET /v2.0/subnets?id=5017af9a-311e-45ff-8be1-1583c5844059 HTTP/1.1" status: 200 len: 829 time: 0.0325313
2026-06-26 04:48:50.648 10 INFO neutron.wsgi [None req-4cd2ec3b-3df4-4779-8d4a-911589208406 0f19afc84ac44417a7a52e56bdcd6b44 35178ba0f0ad412f91ef319bf0c23b38 - - default default] 10.0.0.211 "DELETE /v2.0/security-groups/4481219b-d76c-44a2-ac38-a338168d12f4 HTTP/1.1" status: 204 len: 168 time: 0.2863703
2026-06-26 04:48:50.702 10 INFO neutron.wsgi [req-6f1782cc-3e12-4e20-b3a0-64697bbf9a2e req-51d1d8b3-4942-493c-8161-138c682d903f d314d15e814d449199dcea8348f71246 9eb1c5eba02b4822af306e49c0425440 - - 9dd2a3d6d4b044059814358e15a07fe0 9dd2a3d6d4b044059814358e15a07fe0] 199.204.45.23 "GET /v2.0/ports?network_id=ffb999f5-8543-4a8c-aa7d-970de48fcb5b&device_owner=network%3Adhcp HTTP/1.1" status: 200 len: 210 time: 0.0288279
