Feb 26 00:46:27.343786 np0000157125 systemd[1]: Starting devstack@n-api-meta.service - Devstack devstack@n-api-meta.service...
Feb 26 00:46:27.354969 np0000157125 devstack@n-api-meta.service[108350]: [uWSGI] getting INI configuration from /etc/nova/nova-metadata-uwsgi.ini
Feb 26 00:46:27.355614 np0000157125 devstack@n-api-meta.service[108350]: open("./http_plugin.so"): No such file or directory [core/utils.c line 3709]
Feb 26 00:46:27.355614 np0000157125 devstack@n-api-meta.service[108350]: !!! UNABLE to load uWSGI plugin: ./http_plugin.so: cannot open shared object file: No such file or directory !!!
Feb 26 00:46:27.355614 np0000157125 devstack@n-api-meta.service[108350]: open("./python3_plugin.so"): No such file or directory [core/utils.c line 3709]
Feb 26 00:46:27.355614 np0000157125 devstack@n-api-meta.service[108350]: !!! UNABLE to load uWSGI plugin: ./python3_plugin.so: cannot open shared object file: No such file or directory !!!
Feb 26 00:46:27.355614 np0000157125 devstack@n-api-meta.service[108350]: *** Starting uWSGI 2.0.31 (64bit) on [Thu Feb 26 00:46:27 2026] ***
Feb 26 00:46:27.355614 np0000157125 devstack@n-api-meta.service[108350]: compiled with version: 13.3.0 on 26 February 2026 00:35:45
Feb 26 00:46:27.355614 np0000157125 devstack@n-api-meta.service[108350]: os: Linux-6.8.0-100-generic #100-Ubuntu SMP PREEMPT_DYNAMIC Tue Jan 13 16:40:06 UTC 2026
Feb 26 00:46:27.355614 np0000157125 devstack@n-api-meta.service[108350]: nodename: np0000157125
Feb 26 00:46:27.355614 np0000157125 devstack@n-api-meta.service[108350]: machine: x86_64
Feb 26 00:46:27.355614 np0000157125 devstack@n-api-meta.service[108350]: clock source: unix
Feb 26 00:46:27.355614 np0000157125 devstack@n-api-meta.service[108350]: pcre jit disabled
Feb 26 00:46:27.355614 np0000157125 devstack@n-api-meta.service[108350]: detected number of CPU cores: 16
Feb 26 00:46:27.355614 np0000157125 devstack@n-api-meta.service[108350]: current working directory: /
Feb 26 00:46:27.355614 np0000157125 devstack@n-api-meta.service[108350]: detected binary path: /opt/stack/data/venv/bin/uwsgi
Feb 26 00:46:27.355614 np0000157125 devstack@n-api-meta.service[108350]: your processes number limit is 256923
Feb 26 00:46:27.355614 np0000157125 devstack@n-api-meta.service[108350]: your memory page size is 4096 bytes
Feb 26 00:46:27.355614 np0000157125 devstack@n-api-meta.service[108350]: detected max file descriptor number: 2048
Feb 26 00:46:27.355614 np0000157125 devstack@n-api-meta.service[108350]: lock engine: pthread robust mutexes
Feb 26 00:46:27.355614 np0000157125 devstack@n-api-meta.service[108350]: thunder lock: enabled
Feb 26 00:46:27.356657 np0000157125 devstack@n-api-meta.service[108350]: uWSGI http bound on 0.0.0.0:8775 fd 5
Feb 26 00:46:27.356657 np0000157125 devstack@n-api-meta.service[108350]: uwsgi socket 0 bound to TCP address 127.0.0.1:38013 (port auto-assigned) fd 4
Feb 26 00:46:27.356657 np0000157125 devstack@n-api-meta.service[108350]: Python version: 3.12.3 (main, Jan 22 2026, 20:57:42) [GCC 13.3.0]
Feb 26 00:46:27.356657 np0000157125 devstack@n-api-meta.service[108350]: PEP 405 virtualenv detected: /opt/stack/data/venv
Feb 26 00:46:27.356657 np0000157125 devstack@n-api-meta.service[108350]: Set PythonHome to /opt/stack/data/venv
Feb 26 00:46:27.392183 np0000157125 devstack@n-api-meta.service[108350]: Python main interpreter initialized at 0x707e9faa3668
Feb 26 00:46:27.392183 np0000157125 devstack@n-api-meta.service[108350]: python threads support enabled
Feb 26 00:46:27.392183 np0000157125 devstack@n-api-meta.service[108350]: your server socket listen backlog is limited to 100 connections
Feb 26 00:46:27.392183 np0000157125 devstack@n-api-meta.service[108350]: your mercy for graceful operations on workers is 80 seconds
Feb 26 00:46:27.392696 np0000157125 devstack@n-api-meta.service[108350]: mapped 671795 bytes (656 KB) for 4 cores
Feb 26 00:46:27.392830 np0000157125 devstack@n-api-meta.service[108350]: *** Operational MODE: preforking ***
Feb 26 00:46:27.393045 np0000157125 devstack@n-api-meta.service[108350]: *** uWSGI is running in multiple interpreter mode ***
Feb 26 00:46:27.393045 np0000157125 devstack@n-api-meta.service[108350]: spawned uWSGI master process (pid: 108350)
Feb 26 00:46:27.393194 np0000157125 systemd[1]: Started devstack@n-api-meta.service - Devstack devstack@n-api-meta.service.
Feb 26 00:46:27.393721 np0000157125 devstack@n-api-meta.service[108350]: spawned uWSGI worker 1 (pid: 108351, cores: 1)
Feb 26 00:46:27.394301 np0000157125 devstack@n-api-meta.service[108350]: spawned uWSGI worker 2 (pid: 108352, cores: 1)
Feb 26 00:46:27.394694 np0000157125 devstack@n-api-meta.service[108350]: spawned uWSGI worker 3 (pid: 108353, cores: 1)
Feb 26 00:46:27.395297 np0000157125 devstack@n-api-meta.service[108350]: spawned uWSGI worker 4 (pid: 108354, cores: 1)
Feb 26 00:46:27.395795 np0000157125 devstack@n-api-meta.service[108350]: spawned uWSGI http 1 (pid: 108355)
Feb 26 00:46:27.395795 np0000157125 devstack@n-api-meta.service[108350]: running "unix_signal:15 gracefully_kill_them_all" (master-start)...
Feb 26 00:46:27.743753 np0000157125 devstack@n-api-meta.service[108353]: Service is starting with native threading. This is currently experimental. Do not use it in production without first testing it in pre-production.
Feb 26 00:46:27.762148 np0000157125 devstack@n-api-meta.service[108354]: Service is starting with native threading. This is currently experimental. Do not use it in production without first testing it in pre-production.
Feb 26 00:46:27.764118 np0000157125 devstack@n-api-meta.service[108351]: Service is starting with native threading. This is currently experimental. Do not use it in production without first testing it in pre-production.
Feb 26 00:46:27.786837 np0000157125 devstack@n-api-meta.service[108352]: Service is starting with native threading. This is currently experimental. Do not use it in production without first testing it in pre-production.
Feb 26 00:46:29.152242 np0000157125 devstack@n-api-meta.service[108353]: INFO dbcounter [None req-dca47c9e-2cc8-4e5b-9e72-a7e7446a4a10 None None] Registered counter for database nova_api
Feb 26 00:46:29.169105 np0000157125 devstack@n-api-meta.service[108353]: DEBUG oslo_db.sqlalchemy.engines [None req-dca47c9e-2cc8-4e5b-9e72-a7e7446a4a10 None None] MySQL server mode set to STRICT_TRANS_TABLES,STRICT_ALL_TABLES,NO_ZERO_IN_DATE,NO_ZERO_DATE,ERROR_FOR_DIVISION_BY_ZERO,TRADITIONAL,NO_ENGINE_SUBSTITUTION {{(pid=108353) _check_effective_sql_mode /opt/stack/data/venv/lib/python3.12/site-packages/oslo_db/sqlalchemy/engines.py:325}}
Feb 26 00:46:29.199535 np0000157125 devstack@n-api-meta.service[108354]: INFO dbcounter [None req-51ed5106-144a-4859-a491-e4ac8fd658a8 None None] Registered counter for database nova_api
Feb 26 00:46:29.200820 np0000157125 devstack@n-api-meta.service[108351]: INFO dbcounter [None req-597a9c72-9822-4253-a597-47a644f6e64e None None] Registered counter for database nova_api
Feb 26 00:46:29.204076 np0000157125 devstack@n-api-meta.service[108353]: DEBUG dbcounter [-] [108353] Writer thread running {{(pid=108353) stat_writer /opt/stack/data/venv/lib/python3.12/site-packages/dbcounter.py:102}}
Feb 26 00:46:29.206392 np0000157125 devstack@n-api-meta.service[108353]: DEBUG nova.context [None req-dca47c9e-2cc8-4e5b-9e72-a7e7446a4a10 None None] Found 2 cells: 00000000-0000-0000-0000-000000000000(cell0),e4b170e3-f0ac-46fc-a5a8-268c1c5c0f0e(cell1) {{(pid=108353) load_cells /opt/stack/nova/nova/context.py:509}}
Feb 26 00:46:29.206617 np0000157125 devstack@n-api-meta.service[108353]: INFO nova.utils [None req-dca47c9e-2cc8-4e5b-9e72-a7e7446a4a10 None None] The cell worker thread pool MainProcess.cell_worker is initialized
Feb 26 00:46:29.208336 np0000157125 devstack@n-api-meta.service[108353]: DEBUG oslo_concurrency.lockutils [None req-dca47c9e-2cc8-4e5b-9e72-a7e7446a4a10 None None] Acquiring lock "00000000-0000-0000-0000-000000000000" by "nova.context.set_target_cell..get_or_set_cached_cell_and_set_connections" {{(pid=108353) inner /opt/stack/data/venv/lib/python3.12/site-packages/oslo_concurrency/lockutils.py:506}}
Feb 26 00:46:29.208468 np0000157125 devstack@n-api-meta.service[108353]: DEBUG oslo_concurrency.lockutils [None req-dca47c9e-2cc8-4e5b-9e72-a7e7446a4a10 None None] Lock "00000000-0000-0000-0000-000000000000" acquired by "nova.context.set_target_cell..get_or_set_cached_cell_and_set_connections" :: waited 0.000s {{(pid=108353) inner /opt/stack/data/venv/lib/python3.12/site-packages/oslo_concurrency/lockutils.py:519}}
Feb 26 00:46:29.208854 np0000157125 devstack@n-api-meta.service[108353]: DEBUG oslo_concurrency.lockutils [None req-dca47c9e-2cc8-4e5b-9e72-a7e7446a4a10 None None] Lock "00000000-0000-0000-0000-000000000000" "released" by "nova.context.set_target_cell..get_or_set_cached_cell_and_set_connections" :: held 0.000s {{(pid=108353) inner /opt/stack/data/venv/lib/python3.12/site-packages/oslo_concurrency/lockutils.py:538}}
Feb 26 00:46:29.209687 np0000157125 devstack@n-api-meta.service[108353]: DEBUG oslo_concurrency.lockutils [None req-dca47c9e-2cc8-4e5b-9e72-a7e7446a4a10 None None] Acquiring lock "e4b170e3-f0ac-46fc-a5a8-268c1c5c0f0e" by "nova.context.set_target_cell..get_or_set_cached_cell_and_set_connections" {{(pid=108353) inner /opt/stack/data/venv/lib/python3.12/site-packages/oslo_concurrency/lockutils.py:506}}
Feb 26 00:46:29.209801 np0000157125 devstack@n-api-meta.service[108353]: DEBUG oslo_concurrency.lockutils [None req-dca47c9e-2cc8-4e5b-9e72-a7e7446a4a10 None None] Lock "e4b170e3-f0ac-46fc-a5a8-268c1c5c0f0e" acquired by "nova.context.set_target_cell..get_or_set_cached_cell_and_set_connections" :: waited 0.000s {{(pid=108353) inner /opt/stack/data/venv/lib/python3.12/site-packages/oslo_concurrency/lockutils.py:519}}
Feb 26 00:46:29.210649 np0000157125 devstack@n-api-meta.service[108353]: DEBUG oslo_concurrency.lockutils [None req-dca47c9e-2cc8-4e5b-9e72-a7e7446a4a10 None None] Lock "e4b170e3-f0ac-46fc-a5a8-268c1c5c0f0e" "released" by "nova.context.set_target_cell..get_or_set_cached_cell_and_set_connections" :: held 0.001s {{(pid=108353) inner /opt/stack/data/venv/lib/python3.12/site-packages/oslo_concurrency/lockutils.py:538}}
Feb 26 00:46:29.213975 np0000157125 devstack@n-api-meta.service[108353]: INFO dbcounter [None req-dca47c9e-2cc8-4e5b-9e72-a7e7446a4a10 None None] Registered counter for database nova_cell0
Feb 26 00:46:29.215739 np0000157125 devstack@n-api-meta.service[108354]: DEBUG oslo_db.sqlalchemy.engines [None req-51ed5106-144a-4859-a491-e4ac8fd658a8 None None] MySQL server mode set to STRICT_TRANS_TABLES,STRICT_ALL_TABLES,NO_ZERO_IN_DATE,NO_ZERO_DATE,ERROR_FOR_DIVISION_BY_ZERO,TRADITIONAL,NO_ENGINE_SUBSTITUTION {{(pid=108354) _check_effective_sql_mode /opt/stack/data/venv/lib/python3.12/site-packages/oslo_db/sqlalchemy/engines.py:325}}
Feb 26 00:46:29.220562 np0000157125 devstack@n-api-meta.service[108353]: INFO dbcounter [None req-dca47c9e-2cc8-4e5b-9e72-a7e7446a4a10 None None] Registered counter for database nova_cell1
Feb 26 00:46:29.226271 np0000157125 devstack@n-api-meta.service[108351]: DEBUG oslo_db.sqlalchemy.engines [None req-597a9c72-9822-4253-a597-47a644f6e64e None None] MySQL server mode set to STRICT_TRANS_TABLES,STRICT_ALL_TABLES,NO_ZERO_IN_DATE,NO_ZERO_DATE,ERROR_FOR_DIVISION_BY_ZERO,TRADITIONAL,NO_ENGINE_SUBSTITUTION {{(pid=108351) _check_effective_sql_mode /opt/stack/data/venv/lib/python3.12/site-packages/oslo_db/sqlalchemy/engines.py:325}}
Feb 26 00:46:29.228686 np0000157125 devstack@n-api-meta.service[108353]: DEBUG oslo_db.sqlalchemy.engines [None req-dca47c9e-2cc8-4e5b-9e72-a7e7446a4a10 None None] MySQL server mode set to STRICT_TRANS_TABLES,STRICT_ALL_TABLES,NO_ZERO_IN_DATE,NO_ZERO_DATE,ERROR_FOR_DIVISION_BY_ZERO,TRADITIONAL,NO_ENGINE_SUBSTITUTION {{(pid=108353) _check_effective_sql_mode /opt/stack/data/venv/lib/python3.12/site-packages/oslo_db/sqlalchemy/engines.py:325}}
Feb 26 00:46:29.237107 np0000157125 devstack@n-api-meta.service[108353]: DEBUG oslo_db.sqlalchemy.engines [None req-dca47c9e-2cc8-4e5b-9e72-a7e7446a4a10 None None] MySQL server mode set to STRICT_TRANS_TABLES,STRICT_ALL_TABLES,NO_ZERO_IN_DATE,NO_ZERO_DATE,ERROR_FOR_DIVISION_BY_ZERO,TRADITIONAL,NO_ENGINE_SUBSTITUTION {{(pid=108353) _check_effective_sql_mode /opt/stack/data/venv/lib/python3.12/site-packages/oslo_db/sqlalchemy/engines.py:325}}
Feb 26 00:46:29.245835 np0000157125 devstack@n-api-meta.service[108354]: DEBUG dbcounter [-] [108354] Writer thread running {{(pid=108354) stat_writer /opt/stack/data/venv/lib/python3.12/site-packages/dbcounter.py:102}}
Feb 26 00:46:29.250268 np0000157125 devstack@n-api-meta.service[108354]: DEBUG nova.context [None req-51ed5106-144a-4859-a491-e4ac8fd658a8 None None] Found 2 cells: 00000000-0000-0000-0000-000000000000(cell0),e4b170e3-f0ac-46fc-a5a8-268c1c5c0f0e(cell1) {{(pid=108354) load_cells /opt/stack/nova/nova/context.py:509}}
Feb 26 00:46:29.250268 np0000157125 devstack@n-api-meta.service[108354]: INFO nova.utils [None req-51ed5106-144a-4859-a491-e4ac8fd658a8 None None] The cell worker thread pool MainProcess.cell_worker is initialized
Feb 26 00:46:29.250268 np0000157125 devstack@n-api-meta.service[108354]: DEBUG oslo_concurrency.lockutils [None req-51ed5106-144a-4859-a491-e4ac8fd658a8 None None] Acquiring lock "00000000-0000-0000-0000-000000000000" by "nova.context.set_target_cell..get_or_set_cached_cell_and_set_connections" {{(pid=108354) inner /opt/stack/data/venv/lib/python3.12/site-packages/oslo_concurrency/lockutils.py:506}}
Feb 26 00:46:29.250268 np0000157125 devstack@n-api-meta.service[108354]: DEBUG oslo_concurrency.lockutils [None req-51ed5106-144a-4859-a491-e4ac8fd658a8 None None] Lock "00000000-0000-0000-0000-000000000000" acquired by "nova.context.set_target_cell..get_or_set_cached_cell_and_set_connections" :: waited 0.000s {{(pid=108354) inner /opt/stack/data/venv/lib/python3.12/site-packages/oslo_concurrency/lockutils.py:519}}
Feb 26 00:46:29.250605 np0000157125 devstack@n-api-meta.service[108354]: DEBUG oslo_concurrency.lockutils [None req-51ed5106-144a-4859-a491-e4ac8fd658a8 None None] Lock "00000000-0000-0000-0000-000000000000" "released" by "nova.context.set_target_cell..get_or_set_cached_cell_and_set_connections" :: held 0.000s {{(pid=108354) inner /opt/stack/data/venv/lib/python3.12/site-packages/oslo_concurrency/lockutils.py:538}}
Feb 26 00:46:29.251352 np0000157125 devstack@n-api-meta.service[108354]: DEBUG oslo_concurrency.lockutils [None req-51ed5106-144a-4859-a491-e4ac8fd658a8 None None] Acquiring lock "e4b170e3-f0ac-46fc-a5a8-268c1c5c0f0e" by "nova.context.set_target_cell..get_or_set_cached_cell_and_set_connections" {{(pid=108354) inner /opt/stack/data/venv/lib/python3.12/site-packages/oslo_concurrency/lockutils.py:506}}
Feb 26 00:46:29.251500 np0000157125 devstack@n-api-meta.service[108354]: DEBUG oslo_concurrency.lockutils [None req-51ed5106-144a-4859-a491-e4ac8fd658a8 None None] Lock "e4b170e3-f0ac-46fc-a5a8-268c1c5c0f0e" acquired by "nova.context.set_target_cell..get_or_set_cached_cell_and_set_connections" :: waited 0.000s {{(pid=108354) inner /opt/stack/data/venv/lib/python3.12/site-packages/oslo_concurrency/lockutils.py:519}}
Feb 26 00:46:29.252325 np0000157125 devstack@n-api-meta.service[108354]: DEBUG oslo_concurrency.lockutils [None req-51ed5106-144a-4859-a491-e4ac8fd658a8 None None] Lock "e4b170e3-f0ac-46fc-a5a8-268c1c5c0f0e" "released" by "nova.context.set_target_cell..get_or_set_cached_cell_and_set_connections" :: held 0.001s {{(pid=108354) inner /opt/stack/data/venv/lib/python3.12/site-packages/oslo_concurrency/lockutils.py:538}}
Feb 26 00:46:29.254878 np0000157125 devstack@n-api-meta.service[108354]: INFO dbcounter [None req-51ed5106-144a-4859-a491-e4ac8fd658a8 None None] Registered counter for database nova_cell0
Feb 26 00:46:29.258385 np0000157125 devstack@n-api-meta.service[108351]: DEBUG dbcounter [-] [108351] Writer thread running {{(pid=108351) stat_writer /opt/stack/data/venv/lib/python3.12/site-packages/dbcounter.py:102}}
Feb 26 00:46:29.260609 np0000157125 devstack@n-api-meta.service[108351]: DEBUG nova.context [None req-597a9c72-9822-4253-a597-47a644f6e64e None None] Found 2 cells: 00000000-0000-0000-0000-000000000000(cell0),e4b170e3-f0ac-46fc-a5a8-268c1c5c0f0e(cell1) {{(pid=108351) load_cells /opt/stack/nova/nova/context.py:509}}
Feb 26 00:46:29.260852 np0000157125 devstack@n-api-meta.service[108351]: INFO nova.utils [None req-597a9c72-9822-4253-a597-47a644f6e64e None None] The cell worker thread pool MainProcess.cell_worker is initialized
Feb 26 00:46:29.260932 np0000157125 devstack@n-api-meta.service[108354]: INFO dbcounter [None req-51ed5106-144a-4859-a491-e4ac8fd658a8 None None] Registered counter for database nova_cell1
Feb 26 00:46:29.262673 np0000157125 devstack@n-api-meta.service[108351]: DEBUG oslo_concurrency.lockutils [None req-597a9c72-9822-4253-a597-47a644f6e64e None None] Acquiring lock "00000000-0000-0000-0000-000000000000" by "nova.context.set_target_cell..get_or_set_cached_cell_and_set_connections" {{(pid=108351) inner /opt/stack/data/venv/lib/python3.12/site-packages/oslo_concurrency/lockutils.py:506}}
Feb 26 00:46:29.262817 np0000157125 devstack@n-api-meta.service[108351]: DEBUG oslo_concurrency.lockutils [None req-597a9c72-9822-4253-a597-47a644f6e64e None None] Lock "00000000-0000-0000-0000-000000000000" acquired by "nova.context.set_target_cell..get_or_set_cached_cell_and_set_connections" :: waited 0.000s {{(pid=108351) inner /opt/stack/data/venv/lib/python3.12/site-packages/oslo_concurrency/lockutils.py:519}}
Feb 26 00:46:29.263201 np0000157125 devstack@n-api-meta.service[108351]: DEBUG oslo_concurrency.lockutils [None req-597a9c72-9822-4253-a597-47a644f6e64e None None] Lock "00000000-0000-0000-0000-000000000000" "released" by "nova.context.set_target_cell..get_or_set_cached_cell_and_set_connections" :: held 0.000s {{(pid=108351) inner /opt/stack/data/venv/lib/python3.12/site-packages/oslo_concurrency/lockutils.py:538}}
Feb 26 00:46:29.263985 np0000157125 devstack@n-api-meta.service[108351]: DEBUG oslo_concurrency.lockutils [None req-597a9c72-9822-4253-a597-47a644f6e64e None None] Acquiring lock "e4b170e3-f0ac-46fc-a5a8-268c1c5c0f0e" by "nova.context.set_target_cell..get_or_set_cached_cell_and_set_connections" {{(pid=108351) inner /opt/stack/data/venv/lib/python3.12/site-packages/oslo_concurrency/lockutils.py:506}}
Feb 26 00:46:29.264210 np0000157125 devstack@n-api-meta.service[108351]: DEBUG oslo_concurrency.lockutils [None req-597a9c72-9822-4253-a597-47a644f6e64e None None] Lock "e4b170e3-f0ac-46fc-a5a8-268c1c5c0f0e" acquired by "nova.context.set_target_cell..get_or_set_cached_cell_and_set_connections" :: waited 0.000s {{(pid=108351) inner /opt/stack/data/venv/lib/python3.12/site-packages/oslo_concurrency/lockutils.py:519}}
Feb 26 00:46:29.264909 np0000157125 devstack@n-api-meta.service[108351]: DEBUG oslo_concurrency.lockutils [None req-597a9c72-9822-4253-a597-47a644f6e64e None None] Lock "e4b170e3-f0ac-46fc-a5a8-268c1c5c0f0e" "released" by "nova.context.set_target_cell..get_or_set_cached_cell_and_set_connections" :: held 0.001s {{(pid=108351) inner /opt/stack/data/venv/lib/python3.12/site-packages/oslo_concurrency/lockutils.py:538}}
Feb 26 00:46:29.265197 np0000157125 devstack@n-api-meta.service[108352]: INFO dbcounter [None req-24ec2e6c-f719-4c71-9e51-8d157be5b73f None None] Registered counter for database nova_api
Feb 26 00:46:29.267946 np0000157125 devstack@n-api-meta.service[108351]: INFO dbcounter [None req-597a9c72-9822-4253-a597-47a644f6e64e None None] Registered counter for database nova_cell0
Feb 26 00:46:29.269457 np0000157125 devstack@n-api-meta.service[108354]: DEBUG oslo_db.sqlalchemy.engines [None req-51ed5106-144a-4859-a491-e4ac8fd658a8 None None] MySQL server mode set to STRICT_TRANS_TABLES,STRICT_ALL_TABLES,NO_ZERO_IN_DATE,NO_ZERO_DATE,ERROR_FOR_DIVISION_BY_ZERO,TRADITIONAL,NO_ENGINE_SUBSTITUTION {{(pid=108354) _check_effective_sql_mode /opt/stack/data/venv/lib/python3.12/site-packages/oslo_db/sqlalchemy/engines.py:325}}
Feb 26 00:46:29.274951 np0000157125 devstack@n-api-meta.service[108351]: INFO dbcounter [None req-597a9c72-9822-4253-a597-47a644f6e64e None None] Registered counter for database nova_cell1
Feb 26 00:46:29.280997 np0000157125 devstack@n-api-meta.service[108354]: DEBUG oslo_db.sqlalchemy.engines [None req-51ed5106-144a-4859-a491-e4ac8fd658a8 None None] MySQL server mode set to STRICT_TRANS_TABLES,STRICT_ALL_TABLES,NO_ZERO_IN_DATE,NO_ZERO_DATE,ERROR_FOR_DIVISION_BY_ZERO,TRADITIONAL,NO_ENGINE_SUBSTITUTION {{(pid=108354) _check_effective_sql_mode /opt/stack/data/venv/lib/python3.12/site-packages/oslo_db/sqlalchemy/engines.py:325}}
Feb 26 00:46:29.283575 np0000157125 devstack@n-api-meta.service[108352]: DEBUG oslo_db.sqlalchemy.engines [None req-24ec2e6c-f719-4c71-9e51-8d157be5b73f None None] MySQL server mode set to STRICT_TRANS_TABLES,STRICT_ALL_TABLES,NO_ZERO_IN_DATE,NO_ZERO_DATE,ERROR_FOR_DIVISION_BY_ZERO,TRADITIONAL,NO_ENGINE_SUBSTITUTION {{(pid=108352) _check_effective_sql_mode /opt/stack/data/venv/lib/python3.12/site-packages/oslo_db/sqlalchemy/engines.py:325}}
Feb 26 00:46:29.289426 np0000157125 devstack@n-api-meta.service[108351]: DEBUG oslo_db.sqlalchemy.engines [None req-597a9c72-9822-4253-a597-47a644f6e64e None None] MySQL server mode set to STRICT_TRANS_TABLES,STRICT_ALL_TABLES,NO_ZERO_IN_DATE,NO_ZERO_DATE,ERROR_FOR_DIVISION_BY_ZERO,TRADITIONAL,NO_ENGINE_SUBSTITUTION {{(pid=108351) _check_effective_sql_mode /opt/stack/data/venv/lib/python3.12/site-packages/oslo_db/sqlalchemy/engines.py:325}}
Feb 26 00:46:29.298167 np0000157125 devstack@n-api-meta.service[108351]: DEBUG oslo_db.sqlalchemy.engines [None req-597a9c72-9822-4253-a597-47a644f6e64e None None] MySQL server mode set to STRICT_TRANS_TABLES,STRICT_ALL_TABLES,NO_ZERO_IN_DATE,NO_ZERO_DATE,ERROR_FOR_DIVISION_BY_ZERO,TRADITIONAL,NO_ENGINE_SUBSTITUTION {{(pid=108351) _check_effective_sql_mode /opt/stack/data/venv/lib/python3.12/site-packages/oslo_db/sqlalchemy/engines.py:325}}
Feb 26 00:46:29.316316 np0000157125 devstack@n-api-meta.service[108352]: DEBUG dbcounter [-] [108352] Writer thread running {{(pid=108352) stat_writer /opt/stack/data/venv/lib/python3.12/site-packages/dbcounter.py:102}}
Feb 26 00:46:29.319145 np0000157125 devstack@n-api-meta.service[108352]: DEBUG nova.context [None req-24ec2e6c-f719-4c71-9e51-8d157be5b73f None None] Found 2 cells: 00000000-0000-0000-0000-000000000000(cell0),e4b170e3-f0ac-46fc-a5a8-268c1c5c0f0e(cell1) {{(pid=108352) load_cells /opt/stack/nova/nova/context.py:509}}
Feb 26 00:46:29.319145 np0000157125 devstack@n-api-meta.service[108352]: INFO nova.utils [None req-24ec2e6c-f719-4c71-9e51-8d157be5b73f None None] The cell worker thread pool MainProcess.cell_worker is initialized
Feb 26 00:46:29.320832 np0000157125 devstack@n-api-meta.service[108352]: DEBUG oslo_concurrency.lockutils [None req-24ec2e6c-f719-4c71-9e51-8d157be5b73f None None] Acquiring lock "00000000-0000-0000-0000-000000000000" by "nova.context.set_target_cell..get_or_set_cached_cell_and_set_connections" {{(pid=108352) inner /opt/stack/data/venv/lib/python3.12/site-packages/oslo_concurrency/lockutils.py:506}}
Feb 26 00:46:29.321035 np0000157125 devstack@n-api-meta.service[108352]: DEBUG oslo_concurrency.lockutils [None req-24ec2e6c-f719-4c71-9e51-8d157be5b73f None None] Lock "00000000-0000-0000-0000-000000000000" acquired by "nova.context.set_target_cell..get_or_set_cached_cell_and_set_connections" :: waited 0.000s {{(pid=108352) inner /opt/stack/data/venv/lib/python3.12/site-packages/oslo_concurrency/lockutils.py:519}}
Feb 26 00:46:29.321420 np0000157125 devstack@n-api-meta.service[108352]: DEBUG oslo_concurrency.lockutils [None req-24ec2e6c-f719-4c71-9e51-8d157be5b73f None None] Lock "00000000-0000-0000-0000-000000000000" "released" by "nova.context.set_target_cell..get_or_set_cached_cell_and_set_connections" :: held 0.000s {{(pid=108352) inner /opt/stack/data/venv/lib/python3.12/site-packages/oslo_concurrency/lockutils.py:538}}
Feb 26 00:46:29.322184 np0000157125 devstack@n-api-meta.service[108352]: DEBUG oslo_concurrency.lockutils [None req-24ec2e6c-f719-4c71-9e51-8d157be5b73f None None] Acquiring lock "e4b170e3-f0ac-46fc-a5a8-268c1c5c0f0e" by "nova.context.set_target_cell..get_or_set_cached_cell_and_set_connections" {{(pid=108352) inner /opt/stack/data/venv/lib/python3.12/site-packages/oslo_concurrency/lockutils.py:506}}
Feb 26 00:46:29.322340 np0000157125 devstack@n-api-meta.service[108352]: DEBUG oslo_concurrency.lockutils [None req-24ec2e6c-f719-4c71-9e51-8d157be5b73f None None] Lock "e4b170e3-f0ac-46fc-a5a8-268c1c5c0f0e" acquired by "nova.context.set_target_cell..get_or_set_cached_cell_and_set_connections" :: waited 0.000s {{(pid=108352) inner /opt/stack/data/venv/lib/python3.12/site-packages/oslo_concurrency/lockutils.py:519}}
Feb 26 00:46:29.323182 np0000157125 devstack@n-api-meta.service[108352]: DEBUG oslo_concurrency.lockutils [None req-24ec2e6c-f719-4c71-9e51-8d157be5b73f None None] Lock "e4b170e3-f0ac-46fc-a5a8-268c1c5c0f0e" "released" by "nova.context.set_target_cell..get_or_set_cached_cell_and_set_connections" :: held 0.001s {{(pid=108352) inner /opt/stack/data/venv/lib/python3.12/site-packages/oslo_concurrency/lockutils.py:538}}
Feb 26 00:46:29.326449 np0000157125 devstack@n-api-meta.service[108352]: INFO dbcounter [None req-24ec2e6c-f719-4c71-9e51-8d157be5b73f None None] Registered counter for database nova_cell0
Feb 26 00:46:29.331161 np0000157125 devstack@n-api-meta.service[108352]: INFO dbcounter [None req-24ec2e6c-f719-4c71-9e51-8d157be5b73f None None] Registered counter for database nova_cell1
Feb 26 00:46:29.342000 np0000157125 devstack@n-api-meta.service[108352]: DEBUG oslo_db.sqlalchemy.engines [None req-24ec2e6c-f719-4c71-9e51-8d157be5b73f None None] MySQL server mode set to STRICT_TRANS_TABLES,STRICT_ALL_TABLES,NO_ZERO_IN_DATE,NO_ZERO_DATE,ERROR_FOR_DIVISION_BY_ZERO,TRADITIONAL,NO_ENGINE_SUBSTITUTION {{(pid=108352) _check_effective_sql_mode /opt/stack/data/venv/lib/python3.12/site-packages/oslo_db/sqlalchemy/engines.py:325}}
Feb 26 00:46:29.344556 np0000157125 devstack@n-api-meta.service[108353]: DEBUG dbcounter [-] [108353] Writer thread running {{(pid=108353) stat_writer /opt/stack/data/venv/lib/python3.12/site-packages/dbcounter.py:102}}
Feb 26 00:46:29.345336 np0000157125 devstack@n-api-meta.service[108353]: DEBUG dbcounter [-] [108353] Writer thread running {{(pid=108353) stat_writer /opt/stack/data/venv/lib/python3.12/site-packages/dbcounter.py:102}}
Feb 26 00:46:29.349852 np0000157125 devstack@n-api-meta.service[108353]: INFO dbcounter [None req-dca47c9e-2cc8-4e5b-9e72-a7e7446a4a10 None None] Registered counter for database nova_cell0
Feb 26 00:46:29.353070 np0000157125 devstack@n-api-meta.service[108352]: DEBUG oslo_db.sqlalchemy.engines [None req-24ec2e6c-f719-4c71-9e51-8d157be5b73f None None] MySQL server mode set to STRICT_TRANS_TABLES,STRICT_ALL_TABLES,NO_ZERO_IN_DATE,NO_ZERO_DATE,ERROR_FOR_DIVISION_BY_ZERO,TRADITIONAL,NO_ENGINE_SUBSTITUTION {{(pid=108352) _check_effective_sql_mode /opt/stack/data/venv/lib/python3.12/site-packages/oslo_db/sqlalchemy/engines.py:325}}
Feb 26 00:46:29.361754 np0000157125 devstack@n-api-meta.service[108353]: DEBUG oslo_db.sqlalchemy.engines [None req-dca47c9e-2cc8-4e5b-9e72-a7e7446a4a10 None None] MySQL server mode set to STRICT_TRANS_TABLES,STRICT_ALL_TABLES,NO_ZERO_IN_DATE,NO_ZERO_DATE,ERROR_FOR_DIVISION_BY_ZERO,TRADITIONAL,NO_ENGINE_SUBSTITUTION {{(pid=108353) _check_effective_sql_mode /opt/stack/data/venv/lib/python3.12/site-packages/oslo_db/sqlalchemy/engines.py:325}}
Feb 26 00:46:29.370960 np0000157125 devstack@n-api-meta.service[108353]: DEBUG dbcounter [-] [108353] Writer thread running {{(pid=108353) stat_writer /opt/stack/data/venv/lib/python3.12/site-packages/dbcounter.py:102}}
Feb 26 00:46:29.379633 np0000157125 devstack@n-api-meta.service[108354]: DEBUG dbcounter [-] [108354] Writer thread running {{(pid=108354) stat_writer /opt/stack/data/venv/lib/python3.12/site-packages/dbcounter.py:102}}
Feb 26 00:46:29.382681 np0000157125 devstack@n-api-meta.service[108354]: DEBUG dbcounter [-] [108354] Writer thread running {{(pid=108354) stat_writer /opt/stack/data/venv/lib/python3.12/site-packages/dbcounter.py:102}}
Feb 26 00:46:29.388437 np0000157125 devstack@n-api-meta.service[108354]: INFO dbcounter [None req-51ed5106-144a-4859-a491-e4ac8fd658a8 None None] Registered counter for database nova_cell0
Feb 26 00:46:29.399218 np0000157125 devstack@n-api-meta.service[108354]: DEBUG oslo_db.sqlalchemy.engines [None req-51ed5106-144a-4859-a491-e4ac8fd658a8 None None] MySQL server mode set to STRICT_TRANS_TABLES,STRICT_ALL_TABLES,NO_ZERO_IN_DATE,NO_ZERO_DATE,ERROR_FOR_DIVISION_BY_ZERO,TRADITIONAL,NO_ENGINE_SUBSTITUTION {{(pid=108354) _check_effective_sql_mode /opt/stack/data/venv/lib/python3.12/site-packages/oslo_db/sqlalchemy/engines.py:325}}
Feb 26 00:46:29.410510 np0000157125 devstack@n-api-meta.service[108351]: DEBUG dbcounter [-] [108351] Writer thread running {{(pid=108351) stat_writer /opt/stack/data/venv/lib/python3.12/site-packages/dbcounter.py:102}}
Feb 26 00:46:29.410652 np0000157125 devstack@n-api-meta.service[108354]: DEBUG dbcounter [-] [108354] Writer thread running {{(pid=108354) stat_writer /opt/stack/data/venv/lib/python3.12/site-packages/dbcounter.py:102}}
Feb 26 00:46:29.411859 np0000157125 devstack@n-api-meta.service[108351]: DEBUG dbcounter [-] [108351] Writer thread running {{(pid=108351) stat_writer /opt/stack/data/venv/lib/python3.12/site-packages/dbcounter.py:102}}
Feb 26 00:46:29.417548 np0000157125 devstack@n-api-meta.service[108351]: INFO dbcounter [None req-597a9c72-9822-4253-a597-47a644f6e64e None None] Registered counter for database nova_cell0
Feb 26 00:46:29.419428 np0000157125 devstack@n-api-meta.service[108353]: WARNING nova.api.metadata.handler [None req-dca47c9e-2cc8-4e5b-9e72-a7e7446a4a10 None None] metadata_proxy_shared_secret is not configured, the metadata information returned by the proxy cannot be trusted
Feb 26 00:46:29.421796 np0000157125 devstack@n-api-meta.service[108353]: DEBUG nova.api.openstack.wsgi_app [None req-dca47c9e-2cc8-4e5b-9e72-a7e7446a4a10 None None] ******************************************************************************** {{(pid=108353) log_opt_values /opt/stack/data/venv/lib/python3.12/site-packages/oslo_config/cfg.py:2979}}
Feb 26 00:46:29.421796 np0000157125 devstack@n-api-meta.service[108353]: DEBUG nova.api.openstack.wsgi_app [None req-dca47c9e-2cc8-4e5b-9e72-a7e7446a4a10 None None] Configuration options gathered from: {{(pid=108353) log_opt_values /opt/stack/data/venv/lib/python3.12/site-packages/oslo_config/cfg.py:2980}}
Feb 26 00:46:29.422066 np0000157125 devstack@n-api-meta.service[108353]: DEBUG nova.api.openstack.wsgi_app [None req-dca47c9e-2cc8-4e5b-9e72-a7e7446a4a10 None None] command line args: [] {{(pid=108353) log_opt_values /opt/stack/data/venv/lib/python3.12/site-packages/oslo_config/cfg.py:2981}}
Feb 26 00:46:29.422066 np0000157125 devstack@n-api-meta.service[108353]: DEBUG nova.api.openstack.wsgi_app [None req-dca47c9e-2cc8-4e5b-9e72-a7e7446a4a10 None None] config files: ['/etc/nova/api-paste.ini', '/etc/nova/nova.conf'] {{(pid=108353) log_opt_values /opt/stack/data/venv/lib/python3.12/site-packages/oslo_config/cfg.py:2982}}
Feb 26 00:46:29.422191 np0000157125 devstack@n-api-meta.service[108353]: DEBUG nova.api.openstack.wsgi_app [None req-dca47c9e-2cc8-4e5b-9e72-a7e7446a4a10 None None] ================================================================================ {{(pid=108353) log_opt_values /opt/stack/data/venv/lib/python3.12/site-packages/oslo_config/cfg.py:2987}}
Feb 26 00:46:29.425302 np0000157125 devstack@n-api-meta.service[108353]: DEBUG nova.api.openstack.wsgi_app [None req-dca47c9e-2cc8-4e5b-9e72-a7e7446a4a10 None None] allow_resize_to_same_host = True {{(pid=108353) log_opt_values /opt/stack/data/venv/lib/python3.12/site-packages/oslo_config/cfg.py:2995}}
Feb 26 00:46:29.425302 np0000157125 devstack@n-api-meta.service[108353]: DEBUG nova.api.openstack.wsgi_app [None req-dca47c9e-2cc8-4e5b-9e72-a7e7446a4a10 None None] arq_binding_timeout = 300 {{(pid=108353) log_opt_values /opt/stack/data/venv/lib/python3.12/site-packages/oslo_config/cfg.py:2995}}
Feb 26 00:46:29.425302 np0000157125 devstack@n-api-meta.service[108353]: DEBUG nova.api.openstack.wsgi_app [None req-dca47c9e-2cc8-4e5b-9e72-a7e7446a4a10 None None] block_device_allocate_retries = 60 {{(pid=108353) log_opt_values /opt/stack/data/venv/lib/python3.12/site-packages/oslo_config/cfg.py:2995}}
Feb 26 00:46:29.425302 np0000157125 devstack@n-api-meta.service[108353]: DEBUG nova.api.openstack.wsgi_app [None req-dca47c9e-2cc8-4e5b-9e72-a7e7446a4a10 None None] block_device_allocate_retries_interval = 3 {{(pid=108353) log_opt_values /opt/stack/data/venv/lib/python3.12/site-packages/oslo_config/cfg.py:2995}}
Feb 26 00:46:29.425302 np0000157125 devstack@n-api-meta.service[108353]: DEBUG nova.api.openstack.wsgi_app [None req-dca47c9e-2cc8-4e5b-9e72-a7e7446a4a10 None None] cell_worker_thread_pool_size = 5 {{(pid=108353) log_opt_values /opt/stack/data/venv/lib/python3.12/site-packages/oslo_config/cfg.py:2995}}
Feb 26 00:46:29.425302 np0000157125 devstack@n-api-meta.service[108353]: DEBUG nova.api.openstack.wsgi_app [None req-dca47c9e-2cc8-4e5b-9e72-a7e7446a4a10 None None] cert = self.pem {{(pid=108353) log_opt_values /opt/stack/data/venv/lib/python3.12/site-packages/oslo_config/cfg.py:2995}}
Feb 26 00:46:29.425302 np0000157125 devstack@n-api-meta.service[108353]: DEBUG nova.api.openstack.wsgi_app [None req-dca47c9e-2cc8-4e5b-9e72-a7e7446a4a10 None None] compute_driver = libvirt.LibvirtDriver {{(pid=108353) log_opt_values /opt/stack/data/venv/lib/python3.12/site-packages/oslo_config/cfg.py:2995}}
Feb 26 00:46:29.425683 np0000157125 devstack@n-api-meta.service[108353]: DEBUG nova.api.openstack.wsgi_app [None req-dca47c9e-2cc8-4e5b-9e72-a7e7446a4a10 None None] compute_monitors = [] {{(pid=108353) log_opt_values /opt/stack/data/venv/lib/python3.12/site-packages/oslo_config/cfg.py:2995}}
Feb 26 00:46:29.425683 np0000157125 devstack@n-api-meta.service[108353]: DEBUG nova.api.openstack.wsgi_app [None req-dca47c9e-2cc8-4e5b-9e72-a7e7446a4a10 None None] config_dir = [] {{(pid=108353) log_opt_values /opt/stack/data/venv/lib/python3.12/site-packages/oslo_config/cfg.py:2995}}
Feb 26 00:46:29.425683 np0000157125 devstack@n-api-meta.service[108353]: DEBUG nova.api.openstack.wsgi_app [None req-dca47c9e-2cc8-4e5b-9e72-a7e7446a4a10 None None] config_drive_format = iso9660 {{(pid=108353) log_opt_values /opt/stack/data/venv/lib/python3.12/site-packages/oslo_config/cfg.py:2995}}
Feb 26 00:46:29.425683 np0000157125 devstack@n-api-meta.service[108353]: DEBUG nova.api.openstack.wsgi_app [None req-dca47c9e-2cc8-4e5b-9e72-a7e7446a4a10 None None] config_file = ['/etc/nova/api-paste.ini', '/etc/nova/nova.conf'] {{(pid=108353) log_opt_values /opt/stack/data/venv/lib/python3.12/site-packages/oslo_config/cfg.py:2995}}
Feb 26 00:46:29.425683 np0000157125 devstack@n-api-meta.service[108353]: DEBUG nova.api.openstack.wsgi_app [None req-dca47c9e-2cc8-4e5b-9e72-a7e7446a4a10 None None] config_source = [] {{(pid=108353) log_opt_values /opt/stack/data/venv/lib/python3.12/site-packages/oslo_config/cfg.py:2995}}
Feb 26 00:46:29.425683 np0000157125 devstack@n-api-meta.service[108353]: DEBUG nova.api.openstack.wsgi_app [None req-dca47c9e-2cc8-4e5b-9e72-a7e7446a4a10 None None] console_host = np0000157125 {{(pid=108353) log_opt_values /opt/stack/data/venv/lib/python3.12/site-packages/oslo_config/cfg.py:2995}}
Feb 26 00:46:29.425683 np0000157125 devstack@n-api-meta.service[108353]: DEBUG nova.api.openstack.wsgi_app [None req-dca47c9e-2cc8-4e5b-9e72-a7e7446a4a10 None None] control_exchange = nova {{(pid=108353) log_opt_values /opt/stack/data/venv/lib/python3.12/site-packages/oslo_config/cfg.py:2995}}
Feb 26 00:46:29.425919 np0000157125 devstack@n-api-meta.service[108353]: DEBUG nova.api.openstack.wsgi_app [None req-dca47c9e-2cc8-4e5b-9e72-a7e7446a4a10 None None] cpu_allocation_ratio = None {{(pid=108353) log_opt_values /opt/stack/data/venv/lib/python3.12/site-packages/oslo_config/cfg.py:2995}}
Feb 26 00:46:29.425919 np0000157125 devstack@n-api-meta.service[108353]: DEBUG nova.api.openstack.wsgi_app [None req-dca47c9e-2cc8-4e5b-9e72-a7e7446a4a10 None None] daemon = False {{(pid=108353) log_opt_values /opt/stack/data/venv/lib/python3.12/site-packages/oslo_config/cfg.py:2995}}
Feb 26 00:46:29.425919 np0000157125 devstack@n-api-meta.service[108353]: DEBUG nova.api.openstack.wsgi_app [None req-dca47c9e-2cc8-4e5b-9e72-a7e7446a4a10 None None] debug = True {{(pid=108353) log_opt_values /opt/stack/data/venv/lib/python3.12/site-packages/oslo_config/cfg.py:2995}}
Feb 26 00:46:29.425919 np0000157125 devstack@n-api-meta.service[108353]: DEBUG nova.api.openstack.wsgi_app [None req-dca47c9e-2cc8-4e5b-9e72-a7e7446a4a10 None None] default_access_ip_network_name = None {{(pid=108353) log_opt_values /opt/stack/data/venv/lib/python3.12/site-packages/oslo_config/cfg.py:2995}}
Feb 26 00:46:29.425919 np0000157125 devstack@n-api-meta.service[108353]: DEBUG nova.api.openstack.wsgi_app [None req-dca47c9e-2cc8-4e5b-9e72-a7e7446a4a10 None None] default_availability_zone = nova {{(pid=108353) log_opt_values /opt/stack/data/venv/lib/python3.12/site-packages/oslo_config/cfg.py:2995}}
Feb 26 00:46:29.425919 np0000157125 devstack@n-api-meta.service[108353]: DEBUG nova.api.openstack.wsgi_app [None req-dca47c9e-2cc8-4e5b-9e72-a7e7446a4a10 None None] default_ephemeral_format = ext4 {{(pid=108353) log_opt_values /opt/stack/data/venv/lib/python3.12/site-packages/oslo_config/cfg.py:2995}}
Feb 26 00:46:29.425919 np0000157125 devstack@n-api-meta.service[108353]: DEBUG nova.api.openstack.wsgi_app [None req-dca47c9e-2cc8-4e5b-9e72-a7e7446a4a10 None None] default_green_pool_size = 1000 {{(pid=108353) log_opt_values /opt/stack/data/venv/lib/python3.12/site-packages/oslo_config/cfg.py:2995}}
Feb 26 00:46:29.426203 np0000157125 devstack@n-api-meta.service[108353]: DEBUG nova.api.openstack.wsgi_app [None req-dca47c9e-2cc8-4e5b-9e72-a7e7446a4a10 None None] default_log_levels = ['amqp=WARN', 'boto=WARN', 'sqlalchemy=WARN', 'suds=INFO', 'oslo.messaging=INFO', 'oslo_messaging=INFO', 'iso8601=WARN', 'requests.packages.urllib3.connectionpool=WARN', 'urllib3.connectionpool=WARN', 'websocket=WARN', 'requests.packages.urllib3.util.retry=WARN', 'urllib3.util.retry=WARN', 'keystonemiddleware=WARN', 'routes.middleware=WARN', 'stevedore=WARN', 'taskflow=WARN', 'keystoneauth=WARN', 'oslo.cache=INFO', 'oslo_policy=INFO', 'dogpile.core.dogpile=INFO', 'glanceclient=WARN', 'oslo.privsep.daemon=INFO'] {{(pid=108353) log_opt_values /opt/stack/data/venv/lib/python3.12/site-packages/oslo_config/cfg.py:2995}}
Feb 26 00:46:29.426203 np0000157125 devstack@n-api-meta.service[108353]: DEBUG nova.api.openstack.wsgi_app [None req-dca47c9e-2cc8-4e5b-9e72-a7e7446a4a10 None None] default_schedule_zone = None {{(pid=108353) log_opt_values /opt/stack/data/venv/lib/python3.12/site-packages/oslo_config/cfg.py:2995}}
Feb 26 00:46:29.426203 np0000157125 devstack@n-api-meta.service[108353]: DEBUG nova.api.openstack.wsgi_app [None req-dca47c9e-2cc8-4e5b-9e72-a7e7446a4a10 None None] default_thread_pool_size = 10 {{(pid=108353) log_opt_values /opt/stack/data/venv/lib/python3.12/site-packages/oslo_config/cfg.py:2995}}
Feb 26 00:46:29.426203 np0000157125 devstack@n-api-meta.service[108353]: DEBUG nova.api.openstack.wsgi_app [None req-dca47c9e-2cc8-4e5b-9e72-a7e7446a4a10 None None] disk_allocation_ratio = None {{(pid=108353) log_opt_values /opt/stack/data/venv/lib/python3.12/site-packages/oslo_config/cfg.py:2995}}
Feb 26 00:46:29.426203 np0000157125 devstack@n-api-meta.service[108353]: DEBUG nova.api.openstack.wsgi_app [None req-dca47c9e-2cc8-4e5b-9e72-a7e7446a4a10 None None] enable_new_services = True {{(pid=108353) log_opt_values /opt/stack/data/venv/lib/python3.12/site-packages/oslo_config/cfg.py:2995}}
Feb 26 00:46:29.426457 np0000157125 devstack@n-api-meta.service[108353]: DEBUG nova.api.openstack.wsgi_app [None req-dca47c9e-2cc8-4e5b-9e72-a7e7446a4a10 None None] flat_injected = False {{(pid=108353) log_opt_values /opt/stack/data/venv/lib/python3.12/site-packages/oslo_config/cfg.py:2995}}
Feb 26 00:46:29.426457 np0000157125 devstack@n-api-meta.service[108353]: DEBUG nova.api.openstack.wsgi_app [None req-dca47c9e-2cc8-4e5b-9e72-a7e7446a4a10 None None] force_config_drive = False {{(pid=108353) log_opt_values /opt/stack/data/venv/lib/python3.12/site-packages/oslo_config/cfg.py:2995}}
Feb 26 00:46:29.426457 np0000157125 devstack@n-api-meta.service[108353]: DEBUG nova.api.openstack.wsgi_app [None req-dca47c9e-2cc8-4e5b-9e72-a7e7446a4a10 None None] force_raw_images = True {{(pid=108353) log_opt_values /opt/stack/data/venv/lib/python3.12/site-packages/oslo_config/cfg.py:2995}}
Feb 26 00:46:29.426457 np0000157125 devstack@n-api-meta.service[108353]: DEBUG nova.api.openstack.wsgi_app [None req-dca47c9e-2cc8-4e5b-9e72-a7e7446a4a10 None None] graceful_shutdown_timeout = 5 {{(pid=108353) log_opt_values /opt/stack/data/venv/lib/python3.12/site-packages/oslo_config/cfg.py:2995}}
Feb 26 00:46:29.426457 np0000157125 devstack@n-api-meta.service[108353]: DEBUG nova.api.openstack.wsgi_app [None req-dca47c9e-2cc8-4e5b-9e72-a7e7446a4a10 None None] heal_instance_info_cache_interval = -1 {{(pid=108353) log_opt_values /opt/stack/data/venv/lib/python3.12/site-packages/oslo_config/cfg.py:2995}}
Feb 26 00:46:29.426457 np0000157125 devstack@n-api-meta.service[108353]: DEBUG nova.api.openstack.wsgi_app [None req-dca47c9e-2cc8-4e5b-9e72-a7e7446a4a10 None None] host = np0000157125 {{(pid=108353) log_opt_values /opt/stack/data/venv/lib/python3.12/site-packages/oslo_config/cfg.py:2995}}
Feb 26 00:46:29.426632 np0000157125 devstack@n-api-meta.service[108353]: DEBUG nova.api.openstack.wsgi_app [None req-dca47c9e-2cc8-4e5b-9e72-a7e7446a4a10 None None] initial_cpu_allocation_ratio = 4.0 {{(pid=108353) log_opt_values /opt/stack/data/venv/lib/python3.12/site-packages/oslo_config/cfg.py:2995}}
Feb 26 00:46:29.426725 np0000157125 devstack@n-api-meta.service[108353]: DEBUG nova.api.openstack.wsgi_app [None req-dca47c9e-2cc8-4e5b-9e72-a7e7446a4a10 None None] initial_disk_allocation_ratio = 1.0 {{(pid=108353) log_opt_values /opt/stack/data/venv/lib/python3.12/site-packages/oslo_config/cfg.py:2995}}
Feb 26 00:46:29.426831 np0000157125 devstack@n-api-meta.service[108353]: DEBUG nova.api.openstack.wsgi_app [None req-dca47c9e-2cc8-4e5b-9e72-a7e7446a4a10 None None] initial_ram_allocation_ratio = 1.0 {{(pid=108353) log_opt_values /opt/stack/data/venv/lib/python3.12/site-packages/oslo_config/cfg.py:2995}}
Feb 26 00:46:29.426999 np0000157125 devstack@n-api-meta.service[108353]: DEBUG nova.api.openstack.wsgi_app [None req-dca47c9e-2cc8-4e5b-9e72-a7e7446a4a10 None None] injected_network_template = /opt/stack/nova/nova/virt/interfaces.template {{(pid=108353) log_opt_values /opt/stack/data/venv/lib/python3.12/site-packages/oslo_config/cfg.py:2995}}
Feb 26 00:46:29.427133 np0000157125 devstack@n-api-meta.service[108353]: DEBUG nova.api.openstack.wsgi_app [None req-dca47c9e-2cc8-4e5b-9e72-a7e7446a4a10 None None] instance_build_timeout = 0 {{(pid=108353) log_opt_values /opt/stack/data/venv/lib/python3.12/site-packages/oslo_config/cfg.py:2995}}
Feb 26 00:46:29.427318 np0000157125 devstack@n-api-meta.service[108353]: DEBUG nova.api.openstack.wsgi_app [None req-dca47c9e-2cc8-4e5b-9e72-a7e7446a4a10 None None] instance_delete_interval = 300 {{(pid=108353) log_opt_values /opt/stack/data/venv/lib/python3.12/site-packages/oslo_config/cfg.py:2995}}
Feb 26 00:46:29.427417 np0000157125 devstack@n-api-meta.service[108353]: DEBUG nova.api.openstack.wsgi_app [None req-dca47c9e-2cc8-4e5b-9e72-a7e7446a4a10 None None] instance_format = [instance: %(uuid)s] {{(pid=108353) log_opt_values /opt/stack/data/venv/lib/python3.12/site-packages/oslo_config/cfg.py:2995}}
Feb 26 00:46:29.427556 np0000157125 devstack@n-api-meta.service[108353]: DEBUG nova.api.openstack.wsgi_app [None req-dca47c9e-2cc8-4e5b-9e72-a7e7446a4a10 None None] instance_name_template = instance-%08x {{(pid=108353) log_opt_values /opt/stack/data/venv/lib/python3.12/site-packages/oslo_config/cfg.py:2995}}
Feb 26 00:46:29.427679 np0000157125 devstack@n-api-meta.service[108353]: DEBUG nova.api.openstack.wsgi_app [None req-dca47c9e-2cc8-4e5b-9e72-a7e7446a4a10 None None] instance_usage_audit = False {{(pid=108353) log_opt_values /opt/stack/data/venv/lib/python3.12/site-packages/oslo_config/cfg.py:2995}}
Feb 26 00:46:29.427817 np0000157125 devstack@n-api-meta.service[108353]: DEBUG nova.api.openstack.wsgi_app [None req-dca47c9e-2cc8-4e5b-9e72-a7e7446a4a10 None None] instance_usage_audit_period = month {{(pid=108353) log_opt_values /opt/stack/data/venv/lib/python3.12/site-packages/oslo_config/cfg.py:2995}}
Feb 26 00:46:29.427949 np0000157125 devstack@n-api-meta.service[108353]: DEBUG nova.api.openstack.wsgi_app [None req-dca47c9e-2cc8-4e5b-9e72-a7e7446a4a10 None None] instance_uuid_format = [instance: %(uuid)s] {{(pid=108353) log_opt_values /opt/stack/data/venv/lib/python3.12/site-packages/oslo_config/cfg.py:2995}}
Feb 26 00:46:29.428080 np0000157125 devstack@n-api-meta.service[108353]: DEBUG nova.api.openstack.wsgi_app [None req-dca47c9e-2cc8-4e5b-9e72-a7e7446a4a10 None None] instances_path = /opt/stack/data/nova/instances {{(pid=108353) log_opt_values /opt/stack/data/venv/lib/python3.12/site-packages/oslo_config/cfg.py:2995}}
Feb 26 00:46:29.428210 np0000157125 devstack@n-api-meta.service[108353]: DEBUG nova.api.openstack.wsgi_app [None req-dca47c9e-2cc8-4e5b-9e72-a7e7446a4a10 None None] internal_service_availability_zone = internal {{(pid=108353) log_opt_values /opt/stack/data/venv/lib/python3.12/site-packages/oslo_config/cfg.py:2995}}
Feb 26 00:46:29.428405 np0000157125 devstack@n-api-meta.service[108353]: DEBUG nova.api.openstack.wsgi_app [None req-dca47c9e-2cc8-4e5b-9e72-a7e7446a4a10 None None] key = None {{(pid=108353) log_opt_values /opt/stack/data/venv/lib/python3.12/site-packages/oslo_config/cfg.py:2995}}
Feb 26 00:46:29.428540 np0000157125 devstack@n-api-meta.service[108353]: DEBUG nova.api.openstack.wsgi_app [None req-dca47c9e-2cc8-4e5b-9e72-a7e7446a4a10 None None] live_migration_retry_count = 30 {{(pid=108353) log_opt_values /opt/stack/data/venv/lib/python3.12/site-packages/oslo_config/cfg.py:2995}}
Feb 26 00:46:29.428672 np0000157125 devstack@n-api-meta.service[108353]: DEBUG nova.api.openstack.wsgi_app [None req-dca47c9e-2cc8-4e5b-9e72-a7e7446a4a10 None None] log_color = False {{(pid=108353) log_opt_values /opt/stack/data/venv/lib/python3.12/site-packages/oslo_config/cfg.py:2995}}
Feb 26 00:46:29.428825 np0000157125 devstack@n-api-meta.service[108353]: DEBUG nova.api.openstack.wsgi_app [None req-dca47c9e-2cc8-4e5b-9e72-a7e7446a4a10 None None] log_config_append = None {{(pid=108353) log_opt_values /opt/stack/data/venv/lib/python3.12/site-packages/oslo_config/cfg.py:2995}}
Feb 26 00:46:29.428961 np0000157125 devstack@n-api-meta.service[108353]: DEBUG nova.api.openstack.wsgi_app [None req-dca47c9e-2cc8-4e5b-9e72-a7e7446a4a10 None None] log_date_format = %Y-%m-%d %H:%M:%S {{(pid=108353) log_opt_values /opt/stack/data/venv/lib/python3.12/site-packages/oslo_config/cfg.py:2995}}
Feb 26 00:46:29.429095 np0000157125 devstack@n-api-meta.service[108353]: DEBUG nova.api.openstack.wsgi_app [None req-dca47c9e-2cc8-4e5b-9e72-a7e7446a4a10 None None] log_dir = None {{(pid=108353) log_opt_values /opt/stack/data/venv/lib/python3.12/site-packages/oslo_config/cfg.py:2995}}
Feb 26 00:46:29.429221 np0000157125 devstack@n-api-meta.service[108353]: DEBUG nova.api.openstack.wsgi_app [None req-dca47c9e-2cc8-4e5b-9e72-a7e7446a4a10 None None] log_file = None {{(pid=108353) log_opt_values /opt/stack/data/venv/lib/python3.12/site-packages/oslo_config/cfg.py:2995}}
Feb 26 00:46:29.429347 np0000157125 devstack@n-api-meta.service[108353]: DEBUG nova.api.openstack.wsgi_app [None req-dca47c9e-2cc8-4e5b-9e72-a7e7446a4a10 None None] log_options = True {{(pid=108353) log_opt_values /opt/stack/data/venv/lib/python3.12/site-packages/oslo_config/cfg.py:2995}}
Feb 26 00:46:29.429477 np0000157125 devstack@n-api-meta.service[108353]: DEBUG nova.api.openstack.wsgi_app [None req-dca47c9e-2cc8-4e5b-9e72-a7e7446a4a10 None None] log_rotate_interval = 1 {{(pid=108353) log_opt_values /opt/stack/data/venv/lib/python3.12/site-packages/oslo_config/cfg.py:2995}}
Feb 26 00:46:29.429612 np0000157125 devstack@n-api-meta.service[108353]: DEBUG nova.api.openstack.wsgi_app [None req-dca47c9e-2cc8-4e5b-9e72-a7e7446a4a10 None None] log_rotate_interval_type = days {{(pid=108353) log_opt_values /opt/stack/data/venv/lib/python3.12/site-packages/oslo_config/cfg.py:2995}}
Feb 26 00:46:29.429753 np0000157125 devstack@n-api-meta.service[108353]: DEBUG nova.api.openstack.wsgi_app [None req-dca47c9e-2cc8-4e5b-9e72-a7e7446a4a10 None None] log_rotation_type = none {{(pid=108353) log_opt_values /opt/stack/data/venv/lib/python3.12/site-packages/oslo_config/cfg.py:2995}}
Feb 26 00:46:29.429850 np0000157125 devstack@n-api-meta.service[108353]: DEBUG nova.api.openstack.wsgi_app [None req-dca47c9e-2cc8-4e5b-9e72-a7e7446a4a10 None None] logging_context_format_string = %(color)s%(levelname)s %(name)s [%(global_request_id)s %(request_id)s %(project_name)s %(user_name)s%(color)s] %(instance)s%(color)s%(message)s {{(pid=108353) log_opt_values /opt/stack/data/venv/lib/python3.12/site-packages/oslo_config/cfg.py:2995}}
Feb 26 00:46:29.429954 np0000157125 devstack@n-api-meta.service[108353]: DEBUG nova.api.openstack.wsgi_app [None req-dca47c9e-2cc8-4e5b-9e72-a7e7446a4a10 None None] logging_debug_format_suffix = {{(pid=%(process)d) %(funcName)s %(pathname)s:%(lineno)d}} {{(pid=108353) log_opt_values /opt/stack/data/venv/lib/python3.12/site-packages/oslo_config/cfg.py:2995}}
