Jun 27 00:59:46.510600 np0000183228 devstack@g-api.service[115247]: DEBUG glance.image_cache.drivers.centralized_db [None req-c056866b-f197-4d5c-a722-a2cdd813a788 None None] Node reference is already recorded, ignoring it {{(pid=115247) configure /opt/stack/glance/glance/image_cache/drivers/centralized_db.py:71}}
Jun 27 00:59:46.511423 np0000183228 devstack@g-api.service[115250]: DEBUG glance.image_cache.drivers.centralized_db [None req-b3225716-114f-403e-aaac-0ec64f28e097 None None] Node reference is already recorded, ignoring it {{(pid=115250) configure /opt/stack/glance/glance/image_cache/drivers/centralized_db.py:71}}
Jun 27 00:59:46.520232 np0000183228 devstack@g-api.service[115248]: INFO glance.image_cache [None req-325c781a-6d04-4f05-b383-c6a88c3264ab None None] Image cache loaded driver 'centralized_db'.
Jun 27 00:59:46.520423 np0000183228 devstack@g-api.service[115247]: DEBUG glance.api.v2.cached_images [None req-c056866b-f197-4d5c-a722-a2cdd813a788 None None] Started cache worker thread {{(pid=115247) __init__ /opt/stack/glance/glance/api/v2/cached_images.py:69}}
Jun 27 00:59:46.520608 np0000183228 devstack@g-api.service[115249]: INFO glance.image_cache [None req-8f187ae5-8c79-4df6-98ac-c9eafadcea84 None None] Image cache loaded driver 'centralized_db'.
Jun 27 00:59:46.521044 np0000183228 devstack@g-api.service[115247]: INFO glance.image_cache [None req-c056866b-f197-4d5c-a722-a2cdd813a788 None None] Image cache loaded driver 'centralized_db'.
Jun 27 00:59:46.523233 np0000183228 devstack@g-api.service[115250]: INFO glance.image_cache [None req-b3225716-114f-403e-aaac-0ec64f28e097 None None] Image cache loaded driver 'centralized_db'.
Jun 27 00:59:46.528992 np0000183228 devstack@g-api.service[115248]: DEBUG glance.image_cache.drivers.centralized_db [None req-325c781a-6d04-4f05-b383-c6a88c3264ab None None] Node reference is already recorded, ignoring it {{(pid=115248) configure /opt/stack/glance/glance/image_cache/drivers/centralized_db.py:71}}
Jun 27 00:59:46.530822 np0000183228 devstack@g-api.service[115249]: DEBUG glance.image_cache.drivers.centralized_db [None req-8f187ae5-8c79-4df6-98ac-c9eafadcea84 None None] Node reference is already recorded, ignoring it {{(pid=115249) configure /opt/stack/glance/glance/image_cache/drivers/centralized_db.py:71}}
Jun 27 00:59:46.531371 np0000183228 devstack@g-api.service[115247]: DEBUG glance.image_cache.drivers.centralized_db [None req-c056866b-f197-4d5c-a722-a2cdd813a788 None None] Node reference is already recorded, ignoring it {{(pid=115247) configure /opt/stack/glance/glance/image_cache/drivers/centralized_db.py:71}}
Jun 27 00:59:46.533036 np0000183228 devstack@g-api.service[115250]: DEBUG glance.image_cache.drivers.centralized_db [None req-b3225716-114f-403e-aaac-0ec64f28e097 None None] Node reference is already recorded, ignoring it {{(pid=115250) configure /opt/stack/glance/glance/image_cache/drivers/centralized_db.py:71}}
Jun 27 00:59:46.536163 np0000183228 devstack@g-api.service[115249]: DEBUG glance.api.v2.cached_images [None req-8f187ae5-8c79-4df6-98ac-c9eafadcea84 None None] Started cache worker thread {{(pid=115249) __init__ /opt/stack/glance/glance/api/v2/cached_images.py:69}}
Jun 27 00:59:46.536280 np0000183228 devstack@g-api.service[115248]: DEBUG glance.api.v2.cached_images [None req-325c781a-6d04-4f05-b383-c6a88c3264ab None None] Started cache worker thread {{(pid=115248) __init__ /opt/stack/glance/glance/api/v2/cached_images.py:69}}
Jun 27 00:59:46.536734 np0000183228 devstack@g-api.service[115249]: INFO glance.image_cache [None req-8f187ae5-8c79-4df6-98ac-c9eafadcea84 None None] Image cache loaded driver 'centralized_db'.
Jun 27 00:59:46.536957 np0000183228 devstack@g-api.service[115248]: INFO glance.image_cache [None req-325c781a-6d04-4f05-b383-c6a88c3264ab None None] Image cache loaded driver 'centralized_db'.
Jun 27 00:59:46.540579 np0000183228 devstack@g-api.service[115250]: DEBUG glance.api.v2.cached_images [None req-b3225716-114f-403e-aaac-0ec64f28e097 None None] Started cache worker thread {{(pid=115250) __init__ /opt/stack/glance/glance/api/v2/cached_images.py:69}}
Jun 27 00:59:46.540788 np0000183228 devstack@g-api.service[115247]: INFO glance.api.middleware.cache_manage [None req-c056866b-f197-4d5c-a722-a2cdd813a788 None None] Initialized image cache management middleware
Jun 27 00:59:46.540974 np0000183228 devstack@g-api.service[115247]: INFO glance.image_cache [None req-c056866b-f197-4d5c-a722-a2cdd813a788 None None] Image cache loaded driver 'centralized_db'.
Jun 27 00:59:46.541379 np0000183228 devstack@g-api.service[115250]: INFO glance.image_cache [None req-b3225716-114f-403e-aaac-0ec64f28e097 None None] Image cache loaded driver 'centralized_db'.
Jun 27 00:59:46.545272 np0000183228 devstack@g-api.service[115248]: DEBUG glance.image_cache.drivers.centralized_db [None req-325c781a-6d04-4f05-b383-c6a88c3264ab None None] Node reference is already recorded, ignoring it {{(pid=115248) configure /opt/stack/glance/glance/image_cache/drivers/centralized_db.py:71}}
Jun 27 00:59:46.546969 np0000183228 devstack@g-api.service[115249]: DEBUG glance.image_cache.drivers.centralized_db [None req-8f187ae5-8c79-4df6-98ac-c9eafadcea84 None None] Node reference is already recorded, ignoring it {{(pid=115249) configure /opt/stack/glance/glance/image_cache/drivers/centralized_db.py:71}}
Jun 27 00:59:46.551035 np0000183228 devstack@g-api.service[115247]: DEBUG glance.image_cache.drivers.centralized_db [None req-c056866b-f197-4d5c-a722-a2cdd813a788 None None] Node reference is already recorded, ignoring it {{(pid=115247) configure /opt/stack/glance/glance/image_cache/drivers/centralized_db.py:71}}
Jun 27 00:59:46.551652 np0000183228 devstack@g-api.service[115250]: DEBUG glance.image_cache.drivers.centralized_db [None req-b3225716-114f-403e-aaac-0ec64f28e097 None None] Node reference is already recorded, ignoring it {{(pid=115250) configure /opt/stack/glance/glance/image_cache/drivers/centralized_db.py:71}}
Jun 27 00:59:46.552637 np0000183228 devstack@g-api.service[115248]: INFO glance.api.middleware.cache_manage [None req-325c781a-6d04-4f05-b383-c6a88c3264ab None None] Initialized image cache management middleware
Jun 27 00:59:46.552815 np0000183228 devstack@g-api.service[115248]: INFO glance.image_cache [None req-325c781a-6d04-4f05-b383-c6a88c3264ab None None] Image cache loaded driver 'centralized_db'.
Jun 27 00:59:46.553163 np0000183228 devstack@g-api.service[115249]: INFO glance.api.middleware.cache_manage [None req-8f187ae5-8c79-4df6-98ac-c9eafadcea84 None None] Initialized image cache management middleware
Jun 27 00:59:46.553293 np0000183228 devstack@g-api.service[115249]: INFO glance.image_cache [None req-8f187ae5-8c79-4df6-98ac-c9eafadcea84 None None] Image cache loaded driver 'centralized_db'.
Jun 27 00:59:46.555539 np0000183228 devstack@g-api.service[115247]: INFO glance.api.middleware.cache [None req-c056866b-f197-4d5c-a722-a2cdd813a788 None None] Initialized image cache middleware
Jun 27 00:59:46.566676 np0000183228 devstack@g-api.service[115248]: DEBUG glance.image_cache.drivers.centralized_db [None req-325c781a-6d04-4f05-b383-c6a88c3264ab None None] Node reference is already recorded, ignoring it {{(pid=115248) configure /opt/stack/glance/glance/image_cache/drivers/centralized_db.py:71}}
Jun 27 00:59:46.566862 np0000183228 devstack@g-api.service[115250]: INFO glance.api.middleware.cache_manage [None req-b3225716-114f-403e-aaac-0ec64f28e097 None None] Initialized image cache management middleware
Jun 27 00:59:46.566862 np0000183228 devstack@g-api.service[115250]: INFO glance.image_cache [None req-b3225716-114f-403e-aaac-0ec64f28e097 None None] Image cache loaded driver 'centralized_db'.
Jun 27 00:59:46.567003 np0000183228 devstack@g-api.service[115249]: DEBUG glance.image_cache.drivers.centralized_db [None req-8f187ae5-8c79-4df6-98ac-c9eafadcea84 None None] Node reference is already recorded, ignoring it {{(pid=115249) configure /opt/stack/glance/glance/image_cache/drivers/centralized_db.py:71}}
Jun 27 00:59:46.570608 np0000183228 devstack@g-api.service[115247]: DEBUG glance.common.config [None req-c056866b-f197-4d5c-a722-a2cdd813a788 None None] ******************************************************************************** {{(pid=115247) log_opt_values /opt/stack/data/venv/lib/python3.12/site-packages/oslo_config/cfg.py:3226}}
Jun 27 00:59:46.571028 np0000183228 devstack@g-api.service[115247]: DEBUG glance.common.config [None req-c056866b-f197-4d5c-a722-a2cdd813a788 None None] Configuration options gathered from: {{(pid=115247) log_opt_values /opt/stack/data/venv/lib/python3.12/site-packages/oslo_config/cfg.py:3227}}
Jun 27 00:59:46.571028 np0000183228 devstack@g-api.service[115247]: DEBUG glance.common.config [None req-c056866b-f197-4d5c-a722-a2cdd813a788 None None] command line args: [] {{(pid=115247) log_opt_values /opt/stack/data/venv/lib/python3.12/site-packages/oslo_config/cfg.py:3228}}
Jun 27 00:59:46.571202 np0000183228 devstack@g-api.service[115247]: DEBUG glance.common.config [None req-c056866b-f197-4d5c-a722-a2cdd813a788 None None] config files: ['/etc/glance/glance-image-import.conf', '/etc/glance/glance-api.conf'] {{(pid=115247) log_opt_values /opt/stack/data/venv/lib/python3.12/site-packages/oslo_config/cfg.py:3229}}
Jun 27 00:59:46.571202 np0000183228 devstack@g-api.service[115247]: DEBUG glance.common.config [None req-c056866b-f197-4d5c-a722-a2cdd813a788 None None] ================================================================================ {{(pid=115247) log_opt_values /opt/stack/data/venv/lib/python3.12/site-packages/oslo_config/cfg.py:3234}}
Jun 27 00:59:46.571301 np0000183228 devstack@g-api.service[115247]: DEBUG glance.common.config [None req-c056866b-f197-4d5c-a722-a2cdd813a788 None None] allow_anonymous_access = False {{(pid=115247) log_opt_values /opt/stack/data/venv/lib/python3.12/site-packages/oslo_config/cfg.py:3242}}
Jun 27 00:59:46.571424 np0000183228 devstack@g-api.service[115247]: DEBUG glance.common.config [None req-c056866b-f197-4d5c-a722-a2cdd813a788 None None] api_limit_max = 1000 {{(pid=115247) log_opt_values /opt/stack/data/venv/lib/python3.12/site-packages/oslo_config/cfg.py:3242}}
Jun 27 00:59:46.571556 np0000183228 devstack@g-api.service[115247]: DEBUG glance.common.config [None req-c056866b-f197-4d5c-a722-a2cdd813a788 None None] backlog = 4096 {{(pid=115247) log_opt_values /opt/stack/data/venv/lib/python3.12/site-packages/oslo_config/cfg.py:3242}}
Jun 27 00:59:46.571630 np0000183228 devstack@g-api.service[115247]: DEBUG glance.common.config [None req-c056866b-f197-4d5c-a722-a2cdd813a788 None None] bind_host = 0.0.0.0 {{(pid=115247) log_opt_values /opt/stack/data/venv/lib/python3.12/site-packages/oslo_config/cfg.py:3242}}
Jun 27 00:59:46.571750 np0000183228 devstack@g-api.service[115247]: DEBUG glance.common.config [None req-c056866b-f197-4d5c-a722-a2cdd813a788 None None] bind_port = 19292 {{(pid=115247) log_opt_values /opt/stack/data/venv/lib/python3.12/site-packages/oslo_config/cfg.py:3242}}
Jun 27 00:59:46.571847 np0000183228 devstack@g-api.service[115247]: DEBUG glance.common.config [None req-c056866b-f197-4d5c-a722-a2cdd813a788 None None] client_socket_timeout = 900 {{(pid=115247) log_opt_values /opt/stack/data/venv/lib/python3.12/site-packages/oslo_config/cfg.py:3242}}
Jun 27 00:59:46.571946 np0000183228 devstack@g-api.service[115247]: DEBUG glance.common.config [None req-c056866b-f197-4d5c-a722-a2cdd813a788 None None] config_dir = [] {{(pid=115247) log_opt_values /opt/stack/data/venv/lib/python3.12/site-packages/oslo_config/cfg.py:3242}}
Jun 27 00:59:46.572022 np0000183228 devstack@g-api.service[115247]: DEBUG glance.common.config [None req-c056866b-f197-4d5c-a722-a2cdd813a788 None None] config_file = ['/etc/glance/glance-image-import.conf', '/etc/glance/glance-api.conf'] {{(pid=115247) log_opt_values /opt/stack/data/venv/lib/python3.12/site-packages/oslo_config/cfg.py:3242}}
Jun 27 00:59:46.572142 np0000183228 devstack@g-api.service[115247]: DEBUG glance.common.config [None req-c056866b-f197-4d5c-a722-a2cdd813a788 None None] config_source = [] {{(pid=115247) log_opt_values /opt/stack/data/venv/lib/python3.12/site-packages/oslo_config/cfg.py:3242}}
Jun 27 00:59:46.572249 np0000183228 devstack@g-api.service[115247]: DEBUG glance.common.config [None req-c056866b-f197-4d5c-a722-a2cdd813a788 None None] control_exchange = glance {{(pid=115247) log_opt_values /opt/stack/data/venv/lib/python3.12/site-packages/oslo_config/cfg.py:3242}}
Jun 27 00:59:46.572324 np0000183228 devstack@g-api.service[115247]: DEBUG glance.common.config [None req-c056866b-f197-4d5c-a722-a2cdd813a788 None None] debug = True {{(pid=115247) log_opt_values /opt/stack/data/venv/lib/python3.12/site-packages/oslo_config/cfg.py:3242}}
Jun 27 00:59:46.572555 np0000183228 devstack@g-api.service[115247]: DEBUG glance.common.config [None req-c056866b-f197-4d5c-a722-a2cdd813a788 None None] default_log_levels = ['amqp=WARN', 'boto=WARN', 'sqlalchemy=WARN', 'suds=INFO', 'oslo.messaging=INFO', 'oslo_messaging=INFO', 'iso8601=WARN', 'requests.packages.urllib3.connectionpool=WARN', 'urllib3.connectionpool=WARN', 'websocket=WARN', 'requests.packages.urllib3.util.retry=WARN', 'urllib3.util.retry=WARN', 'keystonemiddleware=WARN', 'routes.middleware=WARN', 'stevedore=WARN', 'taskflow=WARN', 'keystoneauth=WARN', 'oslo.cache=INFO', 'oslo_policy=INFO', 'dogpile.core.dogpile=INFO'] {{(pid=115247) log_opt_values /opt/stack/data/venv/lib/python3.12/site-packages/oslo_config/cfg.py:3242}}
Jun 27 00:59:46.572657 np0000183228 devstack@g-api.service[115247]: DEBUG glance.common.config [None req-c056866b-f197-4d5c-a722-a2cdd813a788 None None] default_publisher_id = image.localhost {{(pid=115247) log_opt_values /opt/stack/data/venv/lib/python3.12/site-packages/oslo_config/cfg.py:3242}}
Jun 27 00:59:46.590294 np0000183228 devstack@g-api.service[115247]: DEBUG glance.common.config [None req-c056866b-f197-4d5c-a722-a2cdd813a788 None None] delayed_delete = False {{(pid=115247) log_opt_values /opt/stack/data/venv/lib/python3.12/site-packages/oslo_config/cfg.py:3242}}
Jun 27 00:59:46.590294 np0000183228 devstack@g-api.service[115247]: DEBUG glance.common.config [None req-c056866b-f197-4d5c-a722-a2cdd813a788 None None] digest_algorithm = sha256 {{(pid=115247) log_opt_values /opt/stack/data/venv/lib/python3.12/site-packages/oslo_config/cfg.py:3242}}
Jun 27 00:59:46.590294 np0000183228 devstack@g-api.service[115247]: DEBUG glance.common.config [None req-c056866b-f197-4d5c-a722-a2cdd813a788 None None] disabled_notifications = [] {{(pid=115247) log_opt_values /opt/stack/data/venv/lib/python3.12/site-packages/oslo_config/cfg.py:3242}}
Jun 27 00:59:46.590294 np0000183228 devstack@g-api.service[115247]: DEBUG glance.common.config [None req-c056866b-f197-4d5c-a722-a2cdd813a788 None None] do_secure_hash = True {{(pid=115247) log_opt_values /opt/stack/data/venv/lib/python3.12/site-packages/oslo_config/cfg.py:3242}}
Jun 27 00:59:46.590294 np0000183228 devstack@g-api.service[115247]: DEBUG glance.common.config [None req-c056866b-f197-4d5c-a722-a2cdd813a788 None None] enabled_backends = None {{(pid=115247) log_opt_values /opt/stack/data/venv/lib/python3.12/site-packages/oslo_config/cfg.py:3242}}
Jun 27 00:59:46.591058 np0000183228 devstack@g-api.service[115249]: INFO glance.api.middleware.cache [None req-8f187ae5-8c79-4df6-98ac-c9eafadcea84 None None] Initialized image cache middleware
Jun 27 00:59:46.591326 np0000183228 devstack@g-api.service[115247]: DEBUG glance.common.config [None req-c056866b-f197-4d5c-a722-a2cdd813a788 None None] enabled_import_methods = ['glance-direct', 'web-download', 'copy-image'] {{(pid=115247) log_opt_values /opt/stack/data/venv/lib/python3.12/site-packages/oslo_config/cfg.py:3242}}
Jun 27 00:59:46.591326 np0000183228 devstack@g-api.service[115247]: DEBUG glance.common.config [None req-c056866b-f197-4d5c-a722-a2cdd813a788 None None] hashing_algorithm = sha512 {{(pid=115247) log_opt_values /opt/stack/data/venv/lib/python3.12/site-packages/oslo_config/cfg.py:3242}}
Jun 27 00:59:46.591326 np0000183228 devstack@g-api.service[115247]: DEBUG glance.common.config [None req-c056866b-f197-4d5c-a722-a2cdd813a788 None None] http_keepalive = True {{(pid=115247) log_opt_values /opt/stack/data/venv/lib/python3.12/site-packages/oslo_config/cfg.py:3242}}
Jun 27 00:59:46.591326 np0000183228 devstack@g-api.service[115247]: DEBUG glance.common.config [None req-c056866b-f197-4d5c-a722-a2cdd813a788 None None] http_retries = 3 {{(pid=115247) log_opt_values /opt/stack/data/venv/lib/python3.12/site-packages/oslo_config/cfg.py:3242}}
Jun 27 00:59:46.591326 np0000183228 devstack@g-api.service[115247]: DEBUG glance.common.config [None req-c056866b-f197-4d5c-a722-a2cdd813a788 None None] image_cache_dir = /opt/stack/data/glance/cache/ {{(pid=115247) log_opt_values /opt/stack/data/venv/lib/python3.12/site-packages/oslo_config/cfg.py:3242}}
Jun 27 00:59:46.591326 np0000183228 devstack@g-api.service[115247]: DEBUG glance.common.config [None req-c056866b-f197-4d5c-a722-a2cdd813a788 None None] image_cache_driver = centralized_db {{(pid=115247) log_opt_values /opt/stack/data/venv/lib/python3.12/site-packages/oslo_config/cfg.py:3242}}
Jun 27 00:59:46.591326 np0000183228 devstack@g-api.service[115247]: DEBUG glance.common.config [None req-c056866b-f197-4d5c-a722-a2cdd813a788 None None] image_cache_max_size = 10737418240 {{(pid=115247) log_opt_values /opt/stack/data/venv/lib/python3.12/site-packages/oslo_config/cfg.py:3242}}
Jun 27 00:59:46.591530 np0000183228 devstack@g-api.service[115247]: DEBUG glance.common.config [None req-c056866b-f197-4d5c-a722-a2cdd813a788 None None] image_cache_sqlite_db = cache.db {{(pid=115247) log_opt_values /opt/stack/data/venv/lib/python3.12/site-packages/oslo_config/cfg.py:3242}}
Jun 27 00:59:46.591530 np0000183228 devstack@g-api.service[115247]: DEBUG glance.common.config [None req-c056866b-f197-4d5c-a722-a2cdd813a788 None None] image_cache_stall_time = 86400 {{(pid=115247) log_opt_values /opt/stack/data/venv/lib/python3.12/site-packages/oslo_config/cfg.py:3242}}
Jun 27 00:59:46.591530 np0000183228 devstack@g-api.service[115247]: DEBUG glance.common.config [None req-c056866b-f197-4d5c-a722-a2cdd813a788 None None] image_location_quota = 10 {{(pid=115247) log_opt_values /opt/stack/data/venv/lib/python3.12/site-packages/oslo_config/cfg.py:3242}}
Jun 27 00:59:46.591530 np0000183228 devstack@g-api.service[115247]: DEBUG glance.common.config [None req-c056866b-f197-4d5c-a722-a2cdd813a788 None None] image_member_quota = 128 {{(pid=115247) log_opt_values /opt/stack/data/venv/lib/python3.12/site-packages/oslo_config/cfg.py:3242}}
Jun 27 00:59:46.591530 np0000183228 devstack@g-api.service[115247]: DEBUG glance.common.config [None req-c056866b-f197-4d5c-a722-a2cdd813a788 None None] image_property_quota = 128 {{(pid=115247) log_opt_values /opt/stack/data/venv/lib/python3.12/site-packages/oslo_config/cfg.py:3242}}
Jun 27 00:59:46.591665 np0000183228 devstack@g-api.service[115250]: DEBUG glance.image_cache.drivers.centralized_db [None req-b3225716-114f-403e-aaac-0ec64f28e097 None None] Node reference is already recorded, ignoring it {{(pid=115250) configure /opt/stack/glance/glance/image_cache/drivers/centralized_db.py:71}}
Jun 27 00:59:46.591738 np0000183228 devstack@g-api.service[115247]: DEBUG glance.common.config [None req-c056866b-f197-4d5c-a722-a2cdd813a788 None None] image_size_cap = 1099511627776 {{(pid=115247) log_opt_values /opt/stack/data/venv/lib/python3.12/site-packages/oslo_config/cfg.py:3242}}
Jun 27 00:59:46.591738 np0000183228 devstack@g-api.service[115247]: DEBUG glance.common.config [None req-c056866b-f197-4d5c-a722-a2cdd813a788 None None] image_tag_quota = 128 {{(pid=115247) log_opt_values /opt/stack/data/venv/lib/python3.12/site-packages/oslo_config/cfg.py:3242}}
Jun 27 00:59:46.591738 np0000183228 devstack@g-api.service[115247]: DEBUG glance.common.config [None req-c056866b-f197-4d5c-a722-a2cdd813a788 None None] instance_format = [instance: %(uuid)s] {{(pid=115247) log_opt_values /opt/stack/data/venv/lib/python3.12/site-packages/oslo_config/cfg.py:3242}}
Jun 27 00:59:46.591738 np0000183228 devstack@g-api.service[115247]: DEBUG glance.common.config [None req-c056866b-f197-4d5c-a722-a2cdd813a788 None None] instance_uuid_format = [instance: %(uuid)s] {{(pid=115247) log_opt_values /opt/stack/data/venv/lib/python3.12/site-packages/oslo_config/cfg.py:3242}}
Jun 27 00:59:46.591738 np0000183228 devstack@g-api.service[115247]: DEBUG glance.common.config [None req-c056866b-f197-4d5c-a722-a2cdd813a788 None None] limit_param_default = 25 {{(pid=115247) log_opt_values /opt/stack/data/venv/lib/python3.12/site-packages/oslo_config/cfg.py:3242}}
Jun 27 00:59:46.591738 np0000183228 devstack@g-api.service[115247]: DEBUG glance.common.config [None req-c056866b-f197-4d5c-a722-a2cdd813a788 None None] log_color = False {{(pid=115247) log_opt_values /opt/stack/data/venv/lib/python3.12/site-packages/oslo_config/cfg.py:3242}}
Jun 27 00:59:46.591738 np0000183228 devstack@g-api.service[115247]: DEBUG glance.common.config [None req-c056866b-f197-4d5c-a722-a2cdd813a788 None None] log_config_append = None {{(pid=115247) log_opt_values /opt/stack/data/venv/lib/python3.12/site-packages/oslo_config/cfg.py:3242}}
Jun 27 00:59:46.591979 np0000183228 devstack@g-api.service[115248]: INFO glance.api.middleware.cache [None req-325c781a-6d04-4f05-b383-c6a88c3264ab None None] Initialized image cache middleware
Jun 27 00:59:46.592200 np0000183228 devstack@g-api.service[115247]: DEBUG glance.common.config [None req-c056866b-f197-4d5c-a722-a2cdd813a788 None None] log_date_format = %Y-%m-%d %H:%M:%S {{(pid=115247) log_opt_values /opt/stack/data/venv/lib/python3.12/site-packages/oslo_config/cfg.py:3242}}
Jun 27 00:59:46.592200 np0000183228 devstack@g-api.service[115247]: DEBUG glance.common.config [None req-c056866b-f197-4d5c-a722-a2cdd813a788 None None] log_dir = None {{(pid=115247) log_opt_values /opt/stack/data/venv/lib/python3.12/site-packages/oslo_config/cfg.py:3242}}
Jun 27 00:59:46.592200 np0000183228 devstack@g-api.service[115247]: DEBUG glance.common.config [None req-c056866b-f197-4d5c-a722-a2cdd813a788 None None] log_file = None {{(pid=115247) log_opt_values /opt/stack/data/venv/lib/python3.12/site-packages/oslo_config/cfg.py:3242}}
Jun 27 00:59:46.592200 np0000183228 devstack@g-api.service[115247]: DEBUG glance.common.config [None req-c056866b-f197-4d5c-a722-a2cdd813a788 None None] log_rotate_interval = 1 {{(pid=115247) log_opt_values /opt/stack/data/venv/lib/python3.12/site-packages/oslo_config/cfg.py:3242}}
Jun 27 00:59:46.592200 np0000183228 devstack@g-api.service[115247]: DEBUG glance.common.config [None req-c056866b-f197-4d5c-a722-a2cdd813a788 None None] log_rotate_interval_type = days {{(pid=115247) log_opt_values /opt/stack/data/venv/lib/python3.12/site-packages/oslo_config/cfg.py:3242}}
Jun 27 00:59:46.592200 np0000183228 devstack@g-api.service[115247]: DEBUG glance.common.config [None req-c056866b-f197-4d5c-a722-a2cdd813a788 None None] log_rotation_type = none {{(pid=115247) log_opt_values /opt/stack/data/venv/lib/python3.12/site-packages/oslo_config/cfg.py:3242}}
Jun 27 00:59:46.592359 np0000183228 devstack@g-api.service[115247]: DEBUG glance.common.config [None req-c056866b-f197-4d5c-a722-a2cdd813a788 None None] logging_context_format_string = %(color)s%(levelname)s %(name)s [%(global_request_id)s %(request_id)s %(project_name)s %(user_name)s%(color)s] %(instance)s%(color)s%(message)s {{(pid=115247) log_opt_values /opt/stack/data/venv/lib/python3.12/site-packages/oslo_config/cfg.py:3242}}
Jun 27 00:59:46.592359 np0000183228 devstack@g-api.service[115247]: DEBUG glance.common.config [None req-c056866b-f197-4d5c-a722-a2cdd813a788 None None] logging_debug_format_suffix = {{(pid=%(process)d) %(funcName)s %(pathname)s:%(lineno)d}} {{(pid=115247) log_opt_values /opt/stack/data/venv/lib/python3.12/site-packages/oslo_config/cfg.py:3242}}
Jun 27 00:59:46.592359 np0000183228 devstack@g-api.service[115247]: DEBUG glance.common.config [None req-c056866b-f197-4d5c-a722-a2cdd813a788 None None] logging_default_format_string = %(color)s%(levelname)s %(name)s [-%(color)s] %(instance)s%(color)s%(message)s {{(pid=115247) log_opt_values /opt/stack/data/venv/lib/python3.12/site-packages/oslo_config/cfg.py:3242}}
Jun 27 00:59:46.592359 np0000183228 devstack@g-api.service[115247]: DEBUG glance.common.config [None req-c056866b-f197-4d5c-a722-a2cdd813a788 None None] logging_exception_prefix = ERROR %(name)s %(instance)s {{(pid=115247) log_opt_values /opt/stack/data/venv/lib/python3.12/site-packages/oslo_config/cfg.py:3242}}
Jun 27 00:59:46.592359 np0000183228 devstack@g-api.service[115247]: DEBUG glance.common.config [None req-c056866b-f197-4d5c-a722-a2cdd813a788 None None] logging_user_identity_format = %(user)s %(project)s %(domain)s %(system_scope)s %(user_domain)s %(project_domain)s {{(pid=115247) log_opt_values /opt/stack/data/venv/lib/python3.12/site-packages/oslo_config/cfg.py:3242}}
Jun 27 00:59:46.592498 np0000183228 devstack@g-api.service[115247]: DEBUG glance.common.config [None req-c056866b-f197-4d5c-a722-a2cdd813a788 None None] max_header_line = 16384 {{(pid=115247) log_opt_values /opt/stack/data/venv/lib/python3.12/site-packages/oslo_config/cfg.py:3242}}
Jun 27 00:59:46.592498 np0000183228 devstack@g-api.service[115247]: DEBUG glance.common.config [None req-c056866b-f197-4d5c-a722-a2cdd813a788 None None] max_logfile_count = 30 {{(pid=115247) log_opt_values /opt/stack/data/venv/lib/python3.12/site-packages/oslo_config/cfg.py:3242}}
Jun 27 00:59:46.592498 np0000183228 devstack@g-api.service[115247]: DEBUG glance.common.config [None req-c056866b-f197-4d5c-a722-a2cdd813a788 None None] max_logfile_size_mb = 200 {{(pid=115247) log_opt_values /opt/stack/data/venv/lib/python3.12/site-packages/oslo_config/cfg.py:3242}}
Jun 27 00:59:46.592498 np0000183228 devstack@g-api.service[115247]: DEBUG glance.common.config [None req-c056866b-f197-4d5c-a722-a2cdd813a788 None None] max_request_id_length = 64 {{(pid=115247) log_opt_values /opt/stack/data/venv/lib/python3.12/site-packages/oslo_config/cfg.py:3242}}
Jun 27 00:59:46.592498 np0000183228 devstack@g-api.service[115247]: DEBUG glance.common.config [None req-c056866b-f197-4d5c-a722-a2cdd813a788 None None] metadata_encryption_key = **** {{(pid=115247) log_opt_values /opt/stack/data/venv/lib/python3.12/site-packages/oslo_config/cfg.py:3242}}
Jun 27 00:59:46.592498 np0000183228 devstack@g-api.service[115247]: DEBUG glance.common.config [None req-c056866b-f197-4d5c-a722-a2cdd813a788 None None] node_staging_uri = file:///tmp/staging/ {{(pid=115247) log_opt_values /opt/stack/data/venv/lib/python3.12/site-packages/oslo_config/cfg.py:3242}}
Jun 27 00:59:46.592498 np0000183228 devstack@g-api.service[115247]: DEBUG glance.common.config [None req-c056866b-f197-4d5c-a722-a2cdd813a788 None None] property_protection_file = None {{(pid=115247) log_opt_values /opt/stack/data/venv/lib/python3.12/site-packages/oslo_config/cfg.py:3242}}
Jun 27 00:59:46.592942 np0000183228 devstack@g-api.service[115247]: DEBUG glance.common.config [None req-c056866b-f197-4d5c-a722-a2cdd813a788 None None] property_protection_rule_format = roles {{(pid=115247) log_opt_values /opt/stack/data/venv/lib/python3.12/site-packages/oslo_config/cfg.py:3242}}
Jun 27 00:59:46.592942 np0000183228 devstack@g-api.service[115247]: DEBUG glance.common.config [None req-c056866b-f197-4d5c-a722-a2cdd813a788 None None] public_endpoint = https://199.204.45.210/image {{(pid=115247) log_opt_values /opt/stack/data/venv/lib/python3.12/site-packages/oslo_config/cfg.py:3242}}
Jun 27 00:59:46.592942 np0000183228 devstack@g-api.service[115247]: DEBUG glance.common.config [None req-c056866b-f197-4d5c-a722-a2cdd813a788 None None] publish_errors = False {{(pid=115247) log_opt_values /opt/stack/data/venv/lib/python3.12/site-packages/oslo_config/cfg.py:3242}}
Jun 27 00:59:46.592942 np0000183228 devstack@g-api.service[115247]: DEBUG glance.common.config [None req-c056866b-f197-4d5c-a722-a2cdd813a788 None None] pydev_worker_debug_host = None {{(pid=115247) log_opt_values /opt/stack/data/venv/lib/python3.12/site-packages/oslo_config/cfg.py:3242}}
Jun 27 00:59:46.592942 np0000183228 devstack@g-api.service[115247]: DEBUG glance.common.config [None req-c056866b-f197-4d5c-a722-a2cdd813a788 None None] pydev_worker_debug_port = 5678 {{(pid=115247) log_opt_values /opt/stack/data/venv/lib/python3.12/site-packages/oslo_config/cfg.py:3242}}
Jun 27 00:59:46.592942 np0000183228 devstack@g-api.service[115247]: DEBUG glance.common.config [None req-c056866b-f197-4d5c-a722-a2cdd813a788 None None] rate_limit_burst = 0 {{(pid=115247) log_opt_values /opt/stack/data/venv/lib/python3.12/site-packages/oslo_config/cfg.py:3242}}
Jun 27 00:59:46.592942 np0000183228 devstack@g-api.service[115247]: DEBUG glance.common.config [None req-c056866b-f197-4d5c-a722-a2cdd813a788 None None] rate_limit_except_level = CRITICAL {{(pid=115247) log_opt_values /opt/stack/data/venv/lib/python3.12/site-packages/oslo_config/cfg.py:3242}}
Jun 27 00:59:46.593192 np0000183228 devstack@g-api.service[115247]: DEBUG glance.common.config [None req-c056866b-f197-4d5c-a722-a2cdd813a788 None None] rate_limit_interval = 0 {{(pid=115247) log_opt_values /opt/stack/data/venv/lib/python3.12/site-packages/oslo_config/cfg.py:3242}}
Jun 27 00:59:46.593192 np0000183228 devstack@g-api.service[115247]: DEBUG glance.common.config [None req-c056866b-f197-4d5c-a722-a2cdd813a788 None None] scrub_pool_size = 1 {{(pid=115247) log_opt_values /opt/stack/data/venv/lib/python3.12/site-packages/oslo_config/cfg.py:3242}}
Jun 27 00:59:46.593192 np0000183228 devstack@g-api.service[115247]: DEBUG glance.common.config [None req-c056866b-f197-4d5c-a722-a2cdd813a788 None None] scrub_time = 0 {{(pid=115247) log_opt_values /opt/stack/data/venv/lib/python3.12/site-packages/oslo_config/cfg.py:3242}}
Jun 27 00:59:46.593192 np0000183228 devstack@g-api.service[115247]: DEBUG glance.common.config [None req-c056866b-f197-4d5c-a722-a2cdd813a788 None None] shell_completion = None {{(pid=115247) log_opt_values /opt/stack/data/venv/lib/python3.12/site-packages/oslo_config/cfg.py:3242}}
Jun 27 00:59:46.593192 np0000183228 devstack@g-api.service[115247]: DEBUG glance.common.config [None req-c056866b-f197-4d5c-a722-a2cdd813a788 None None] show_image_direct_url = False {{(pid=115247) log_opt_values /opt/stack/data/venv/lib/python3.12/site-packages/oslo_config/cfg.py:3242}}
Jun 27 00:59:46.593390 np0000183228 devstack@g-api.service[115247]: WARNING oslo_config.cfg [None req-c056866b-f197-4d5c-a722-a2cdd813a788 None None] Deprecated: Option "show_multiple_locations" from group "DEFAULT" is deprecated for removal (Use of this option, deprecated since Newton, is a security risk and will be removed once we figure out a way to satisfy those use cases that currently require it. An earlier announcement that the same functionality can be achieved with greater granularity by using policies is incorrect. You cannot work around this option via policy configuration at the present time, though that is the direction we believe the fix will take. Please keep an eye on the Glance release notes to stay up to date on progress in addressing this issue.). Its value may be silently ignored in the future.
Jun 27 00:59:46.593390 np0000183228 devstack@g-api.service[115247]: DEBUG glance.common.config [None req-c056866b-f197-4d5c-a722-a2cdd813a788 None None] show_multiple_locations = False {{(pid=115247) log_opt_values /opt/stack/data/venv/lib/python3.12/site-packages/oslo_config/cfg.py:3242}}
Jun 27 00:59:46.593390 np0000183228 devstack@g-api.service[115247]: DEBUG glance.common.config [None req-c056866b-f197-4d5c-a722-a2cdd813a788 None None] syslog_log_facility = LOG_USER {{(pid=115247) log_opt_values /opt/stack/data/venv/lib/python3.12/site-packages/oslo_config/cfg.py:3242}}
Jun 27 00:59:46.593390 np0000183228 devstack@g-api.service[115247]: DEBUG glance.common.config [None req-c056866b-f197-4d5c-a722-a2cdd813a788 None None] tcp_keepidle = 600 {{(pid=115247) log_opt_values /opt/stack/data/venv/lib/python3.12/site-packages/oslo_config/cfg.py:3242}}
Jun 27 00:59:46.593390 np0000183228 devstack@g-api.service[115247]: DEBUG glance.common.config [None req-c056866b-f197-4d5c-a722-a2cdd813a788 None None] transport_url = **** {{(pid=115247) log_opt_values /opt/stack/data/venv/lib/python3.12/site-packages/oslo_config/cfg.py:3242}}
Jun 27 00:59:46.593606 np0000183228 devstack@g-api.service[115247]: DEBUG glance.common.config [None req-c056866b-f197-4d5c-a722-a2cdd813a788 None None] use_journal = False {{(pid=115247) log_opt_values /opt/stack/data/venv/lib/python3.12/site-packages/oslo_config/cfg.py:3242}}
Jun 27 00:59:46.593606 np0000183228 devstack@g-api.service[115247]: DEBUG glance.common.config [None req-c056866b-f197-4d5c-a722-a2cdd813a788 None None] use_json = False {{(pid=115247) log_opt_values /opt/stack/data/venv/lib/python3.12/site-packages/oslo_config/cfg.py:3242}}
Jun 27 00:59:46.593606 np0000183228 devstack@g-api.service[115247]: DEBUG glance.common.config [None req-c056866b-f197-4d5c-a722-a2cdd813a788 None None] use_keystone_limits = True {{(pid=115247) log_opt_values /opt/stack/data/venv/lib/python3.12/site-packages/oslo_config/cfg.py:3242}}
Jun 27 00:59:46.593606 np0000183228 devstack@g-api.service[115247]: DEBUG glance.common.config [None req-c056866b-f197-4d5c-a722-a2cdd813a788 None None] use_stderr = False {{(pid=115247) log_opt_values /opt/stack/data/venv/lib/python3.12/site-packages/oslo_config/cfg.py:3242}}
Jun 27 00:59:46.593606 np0000183228 devstack@g-api.service[115247]: DEBUG glance.common.config [None req-c056866b-f197-4d5c-a722-a2cdd813a788 None None] use_syslog = False {{(pid=115247) log_opt_values /opt/stack/data/venv/lib/python3.12/site-packages/oslo_config/cfg.py:3242}}
Jun 27 00:59:46.593606 np0000183228 devstack@g-api.service[115247]: DEBUG glance.common.config [None req-c056866b-f197-4d5c-a722-a2cdd813a788 None None] user_storage_quota = 0 {{(pid=115247) log_opt_values /opt/stack/data/venv/lib/python3.12/site-packages/oslo_config/cfg.py:3242}}
Jun 27 00:59:46.593606 np0000183228 devstack@g-api.service[115247]: DEBUG glance.common.config [None req-c056866b-f197-4d5c-a722-a2cdd813a788 None None] worker_self_reference_url = http://127.0.0.1:60999 {{(pid=115247) log_opt_values /opt/stack/data/venv/lib/python3.12/site-packages/oslo_config/cfg.py:3242}}
Jun 27 00:59:46.593834 np0000183228 devstack@g-api.service[115247]: DEBUG glance.common.config [None req-c056866b-f197-4d5c-a722-a2cdd813a788 None None] workers = None {{(pid=115247) log_opt_values /opt/stack/data/venv/lib/python3.12/site-packages/oslo_config/cfg.py:3242}}
Jun 27 00:59:46.593834 np0000183228 devstack@g-api.service[115247]: DEBUG glance.common.config [None req-c056866b-f197-4d5c-a722-a2cdd813a788 None None] oslo_concurrency.disable_process_locking = False {{(pid=115247) log_opt_values /opt/stack/data/venv/lib/python3.12/site-packages/oslo_config/cfg.py:3253}}
Jun 27 00:59:46.593834 np0000183228 devstack@g-api.service[115247]: DEBUG glance.common.config [None req-c056866b-f197-4d5c-a722-a2cdd813a788 None None] oslo_concurrency.lock_path = /opt/stack/data/glance/locks {{(pid=115247) log_opt_values /opt/stack/data/venv/lib/python3.12/site-packages/oslo_config/cfg.py:3253}}
Jun 27 00:59:46.593834 np0000183228 devstack@g-api.service[115247]: DEBUG glance.common.config [None req-c056866b-f197-4d5c-a722-a2cdd813a788 None None] oslo_middleware.enable_proxy_headers_parsing = False {{(pid=115247) log_opt_values /opt/stack/data/venv/lib/python3.12/site-packages/oslo_config/cfg.py:3253}}
Jun 27 00:59:46.593834 np0000183228 devstack@g-api.service[115247]: DEBUG glance.common.config [None req-c056866b-f197-4d5c-a722-a2cdd813a788 None None] oslo_middleware.http_basic_auth_user_file = /etc/htpasswd {{(pid=115247) log_opt_values /opt/stack/data/venv/lib/python3.12/site-packages/oslo_config/cfg.py:3253}}
Jun 27 00:59:46.593834 np0000183228 devstack@g-api.service[115247]: DEBUG glance.common.config [None req-c056866b-f197-4d5c-a722-a2cdd813a788 None None] paste_deploy.config_file = None {{(pid=115247) log_opt_values /opt/stack/data/venv/lib/python3.12/site-packages/oslo_config/cfg.py:3253}}
Jun 27 00:59:46.593834 np0000183228 devstack@g-api.service[115247]: DEBUG glance.common.config [None req-c056866b-f197-4d5c-a722-a2cdd813a788 None None] paste_deploy.flavor = keystone+cachemanagement {{(pid=115247) log_opt_values /opt/stack/data/venv/lib/python3.12/site-packages/oslo_config/cfg.py:3253}}
Jun 27 00:59:46.594056 np0000183228 devstack@g-api.service[115247]: DEBUG glance.common.config [None req-c056866b-f197-4d5c-a722-a2cdd813a788 None None] image_format.container_formats = ['ami', 'ari', 'aki', 'bare', 'ovf', 'ova', 'docker', 'compressed'] {{(pid=115247) log_opt_values /opt/stack/data/venv/lib/python3.12/site-packages/oslo_config/cfg.py:3253}}
Jun 27 00:59:46.594056 np0000183228 devstack@g-api.service[115247]: DEBUG glance.common.config [None req-c056866b-f197-4d5c-a722-a2cdd813a788 None None] image_format.disk_formats = ['ami', 'ari', 'aki', 'vhd', 'vhdx', 'vmdk', 'raw', 'qcow2', 'vdi', 'iso', 'ploop'] {{(pid=115247) log_opt_values /opt/stack/data/venv/lib/python3.12/site-packages/oslo_config/cfg.py:3253}}
Jun 27 00:59:46.594056 np0000183228 devstack@g-api.service[115247]: DEBUG glance.common.config [None req-c056866b-f197-4d5c-a722-a2cdd813a788 None None] image_format.gpt_safety_checks_nonfatal = [] {{(pid=115247) log_opt_values /opt/stack/data/venv/lib/python3.12/site-packages/oslo_config/cfg.py:3253}}
Jun 27 00:59:46.594056 np0000183228 devstack@g-api.service[115247]: DEBUG glance.common.config [None req-c056866b-f197-4d5c-a722-a2cdd813a788 None None] image_format.require_image_format_match = True {{(pid=115247) log_opt_values /opt/stack/data/venv/lib/python3.12/site-packages/oslo_config/cfg.py:3253}}
Jun 27 00:59:46.594056 np0000183228 devstack@g-api.service[115247]: DEBUG glance.common.config [None req-c056866b-f197-4d5c-a722-a2cdd813a788 None None] image_format.vmdk_allowed_types = ['streamOptimized', 'monolithicSparse'] {{(pid=115247) log_opt_values /opt/stack/data/venv/lib/python3.12/site-packages/oslo_config/cfg.py:3253}}
Jun 27 00:59:46.594056 np0000183228 devstack@g-api.service[115247]: DEBUG glance.common.config [None req-c056866b-f197-4d5c-a722-a2cdd813a788 None None] task.task_executor = taskflow {{(pid=115247) log_opt_values /opt/stack/data/venv/lib/python3.12/site-packages/oslo_config/cfg.py:3253}}
Jun 27 00:59:46.594378 np0000183228 devstack@g-api.service[115250]: INFO glance.api.middleware.cache [None req-b3225716-114f-403e-aaac-0ec64f28e097 None None] Initialized image cache middleware
Jun 27 00:59:46.594447 np0000183228 devstack@g-api.service[115247]: DEBUG glance.common.config [None req-c056866b-f197-4d5c-a722-a2cdd813a788 None None] task.task_time_to_live = 48 {{(pid=115247) log_opt_values /opt/stack/data/venv/lib/python3.12/site-packages/oslo_config/cfg.py:3253}}
Jun 27 00:59:46.594447 np0000183228 devstack@g-api.service[115247]: DEBUG glance.common.config [None req-c056866b-f197-4d5c-a722-a2cdd813a788 None None] task.work_dir = None {{(pid=115247) log_opt_values /opt/stack/data/venv/lib/python3.12/site-packages/oslo_config/cfg.py:3253}}
Jun 27 00:59:46.594447 np0000183228 devstack@g-api.service[115247]: DEBUG glance.common.config [None req-c056866b-f197-4d5c-a722-a2cdd813a788 None None] wsgi.python_interpreter = /opt/stack/data/venv/bin/python3 {{(pid=115247) log_opt_values /opt/stack/data/venv/lib/python3.12/site-packages/oslo_config/cfg.py:3253}}
Jun 27 00:59:46.594447 np0000183228 devstack@g-api.service[115247]: DEBUG glance.common.config [None req-c056866b-f197-4d5c-a722-a2cdd813a788 None None] wsgi.task_pool_threads = 16 {{(pid=115247) log_opt_values /opt/stack/data/venv/lib/python3.12/site-packages/oslo_config/cfg.py:3253}}
Jun 27 00:59:46.594447 np0000183228 devstack@g-api.service[115247]: DEBUG glance.common.config [None req-c056866b-f197-4d5c-a722-a2cdd813a788 None None] import_filtering_opts.allowed_hosts = [] {{(pid=115247) log_opt_values /opt/stack/data/venv/lib/python3.12/site-packages/oslo_config/cfg.py:3253}}
Jun 27 00:59:46.594447 np0000183228 devstack@g-api.service[115247]: DEBUG glance.common.config [None req-c056866b-f197-4d5c-a722-a2cdd813a788 None None] import_filtering_opts.allowed_ports = [80, 443] {{(pid=115247) log_opt_values /opt/stack/data/venv/lib/python3.12/site-packages/oslo_config/cfg.py:3253}}
Jun 27 00:59:46.594447 np0000183228 devstack@g-api.service[115247]: DEBUG glance.common.config [None req-c056866b-f197-4d5c-a722-a2cdd813a788 None None] import_filtering_opts.allowed_schemes = ['http', 'https'] {{(pid=115247) log_opt_values /opt/stack/data/venv/lib/python3.12/site-packages/oslo_config/cfg.py:3253}}
Jun 27 00:59:46.594884 np0000183228 devstack@g-api.service[115247]: DEBUG glance.common.config [None req-c056866b-f197-4d5c-a722-a2cdd813a788 None None] import_filtering_opts.disallowed_hosts = [] {{(pid=115247) log_opt_values /opt/stack/data/venv/lib/python3.12/site-packages/oslo_config/cfg.py:3253}}
Jun 27 00:59:46.594884 np0000183228 devstack@g-api.service[115247]: DEBUG glance.common.config [None req-c056866b-f197-4d5c-a722-a2cdd813a788 None None] import_filtering_opts.disallowed_ports = [] {{(pid=115247) log_opt_values /opt/stack/data/venv/lib/python3.12/site-packages/oslo_config/cfg.py:3253}}
Jun 27 00:59:46.594884 np0000183228 devstack@g-api.service[115247]: DEBUG glance.common.config [None req-c056866b-f197-4d5c-a722-a2cdd813a788 None None] import_filtering_opts.disallowed_schemes = [] {{(pid=115247) log_opt_values /opt/stack/data/venv/lib/python3.12/site-packages/oslo_config/cfg.py:3253}}
Jun 27 00:59:46.594884 np0000183228 devstack@g-api.service[115247]: DEBUG glance.common.config [None req-c056866b-f197-4d5c-a722-a2cdd813a788 None None] oslo_messaging_metrics.metrics_buffer_size = 1000 {{(pid=115247) log_opt_values /opt/stack/data/venv/lib/python3.12/site-packages/oslo_config/cfg.py:3253}}
Jun 27 00:59:46.594884 np0000183228 devstack@g-api.service[115247]: DEBUG glance.common.config [None req-c056866b-f197-4d5c-a722-a2cdd813a788 None None] oslo_messaging_metrics.metrics_enabled = False {{(pid=115247) log_opt_values /opt/stack/data/venv/lib/python3.12/site-packages/oslo_config/cfg.py:3253}}
Jun 27 00:59:46.594884 np0000183228 devstack@g-api.service[115247]: DEBUG glance.common.config [None req-c056866b-f197-4d5c-a722-a2cdd813a788 None None] oslo_messaging_metrics.metrics_process_name = {{(pid=115247) log_opt_values /opt/stack/data/venv/lib/python3.12/site-packages/oslo_config/cfg.py:3253}}
Jun 27 00:59:46.594884 np0000183228 devstack@g-api.service[115247]: DEBUG glance.common.config [None req-c056866b-f197-4d5c-a722-a2cdd813a788 None None] oslo_messaging_metrics.metrics_socket_file = /var/tmp/metrics_collector.sock {{(pid=115247) log_opt_values /opt/stack/data/venv/lib/python3.12/site-packages/oslo_config/cfg.py:3253}}
Jun 27 00:59:46.595148 np0000183228 devstack@g-api.service[115247]: DEBUG glance.common.config [None req-c056866b-f197-4d5c-a722-a2cdd813a788 None None] oslo_messaging_metrics.metrics_thread_stop_timeout = 10 {{(pid=115247) log_opt_values /opt/stack/data/venv/lib/python3.12/site-packages/oslo_config/cfg.py:3253}}
Jun 27 00:59:46.595148 np0000183228 devstack@g-api.service[115247]: DEBUG glance.common.config [None req-c056866b-f197-4d5c-a722-a2cdd813a788 None None] profiler.connection_string = messaging:// {{(pid=115247) log_opt_values /opt/stack/data/venv/lib/python3.12/site-packages/oslo_config/cfg.py:3253}}
Jun 27 00:59:46.595148 np0000183228 devstack@g-api.service[115247]: DEBUG glance.common.config [None req-c056866b-f197-4d5c-a722-a2cdd813a788 None None] profiler.enabled = False {{(pid=115247) log_opt_values /opt/stack/data/venv/lib/python3.12/site-packages/oslo_config/cfg.py:3253}}
Jun 27 00:59:46.595148 np0000183228 devstack@g-api.service[115247]: DEBUG glance.common.config [None req-c056866b-f197-4d5c-a722-a2cdd813a788 None None] profiler.es_doc_type = notification {{(pid=115247) log_opt_values /opt/stack/data/venv/lib/python3.12/site-packages/oslo_config/cfg.py:3253}}
Jun 27 00:59:46.595148 np0000183228 devstack@g-api.service[115247]: DEBUG glance.common.config [None req-c056866b-f197-4d5c-a722-a2cdd813a788 None None] profiler.es_scroll_size = 10000 {{(pid=115247) log_opt_values /opt/stack/data/venv/lib/python3.12/site-packages/oslo_config/cfg.py:3253}}
Jun 27 00:59:46.595148 np0000183228 devstack@g-api.service[115247]: DEBUG glance.common.config [None req-c056866b-f197-4d5c-a722-a2cdd813a788 None None] profiler.es_scroll_time = 2m {{(pid=115247) log_opt_values /opt/stack/data/venv/lib/python3.12/site-packages/oslo_config/cfg.py:3253}}
Jun 27 00:59:46.595148 np0000183228 devstack@g-api.service[115247]: DEBUG glance.common.config [None req-c056866b-f197-4d5c-a722-a2cdd813a788 None None] profiler.filter_error_trace = False {{(pid=115247) log_opt_values /opt/stack/data/venv/lib/python3.12/site-packages/oslo_config/cfg.py:3253}}
Jun 27 00:59:46.595376 np0000183228 devstack@g-api.service[115247]: DEBUG glance.common.config [None req-c056866b-f197-4d5c-a722-a2cdd813a788 None None] profiler.hmac_keys = **** {{(pid=115247) log_opt_values /opt/stack/data/venv/lib/python3.12/site-packages/oslo_config/cfg.py:3253}}
Jun 27 00:59:46.595376 np0000183228 devstack@g-api.service[115247]: DEBUG glance.common.config [None req-c056866b-f197-4d5c-a722-a2cdd813a788 None None] profiler.sentinel_service_name = mymaster {{(pid=115247) log_opt_values /opt/stack/data/venv/lib/python3.12/site-packages/oslo_config/cfg.py:3253}}
Jun 27 00:59:46.595376 np0000183228 devstack@g-api.service[115247]: DEBUG glance.common.config [None req-c056866b-f197-4d5c-a722-a2cdd813a788 None None] profiler.socket_timeout = 0.1 {{(pid=115247) log_opt_values /opt/stack/data/venv/lib/python3.12/site-packages/oslo_config/cfg.py:3253}}
Jun 27 00:59:46.595376 np0000183228 devstack@g-api.service[115247]: DEBUG glance.common.config [None req-c056866b-f197-4d5c-a722-a2cdd813a788 None None] profiler.trace_requests = False {{(pid=115247) log_opt_values /opt/stack/data/venv/lib/python3.12/site-packages/oslo_config/cfg.py:3253}}
Jun 27 00:59:46.595376 np0000183228 devstack@g-api.service[115247]: DEBUG glance.common.config [None req-c056866b-f197-4d5c-a722-a2cdd813a788 None None] profiler.trace_sqlalchemy = False {{(pid=115247) log_opt_values /opt/stack/data/venv/lib/python3.12/site-packages/oslo_config/cfg.py:3253}}
Jun 27 00:59:46.595376 np0000183228 devstack@g-api.service[115247]: DEBUG glance.common.config [None req-c056866b-f197-4d5c-a722-a2cdd813a788 None None] profiler_jaeger.process_tags = {} {{(pid=115247) log_opt_values /opt/stack/data/venv/lib/python3.12/site-packages/oslo_config/cfg.py:3253}}
Jun 27 00:59:46.595376 np0000183228 devstack@g-api.service[115247]: DEBUG glance.common.config [None req-c056866b-f197-4d5c-a722-a2cdd813a788 None None] profiler_jaeger.service_name_prefix = None {{(pid=115247) log_opt_values /opt/stack/data/venv/lib/python3.12/site-packages/oslo_config/cfg.py:3253}}
Jun 27 00:59:46.595602 np0000183228 devstack@g-api.service[115247]: DEBUG glance.common.config [None req-c056866b-f197-4d5c-a722-a2cdd813a788 None None] profiler_otlp.service_name_prefix = None {{(pid=115247) log_opt_values /opt/stack/data/venv/lib/python3.12/site-packages/oslo_config/cfg.py:3253}}
Jun 27 00:59:46.595602 np0000183228 devstack@g-api.service[115247]: DEBUG glance.common.config [None req-c056866b-f197-4d5c-a722-a2cdd813a788 None None] os_brick.lightos_discovery_client_address = localhost {{(pid=115247) log_opt_values /opt/stack/data/venv/lib/python3.12/site-packages/oslo_config/cfg.py:3253}}
Jun 27 00:59:46.595602 np0000183228 devstack@g-api.service[115247]: DEBUG glance.common.config [None req-c056866b-f197-4d5c-a722-a2cdd813a788 None None] os_brick.lightos_discovery_client_dir_path = /etc/discovery-client/discovery.d/ {{(pid=115247) log_opt_values /opt/stack/data/venv/lib/python3.12/site-packages/oslo_config/cfg.py:3253}}
Jun 27 00:59:46.595602 np0000183228 devstack@g-api.service[115247]: DEBUG glance.common.config [None req-c056866b-f197-4d5c-a722-a2cdd813a788 None None] os_brick.lightos_discovery_client_port = 6060 {{(pid=115247) log_opt_values /opt/stack/data/venv/lib/python3.12/site-packages/oslo_config/cfg.py:3253}}
Jun 27 00:59:46.595602 np0000183228 devstack@g-api.service[115247]: DEBUG glance.common.config [None req-c056866b-f197-4d5c-a722-a2cdd813a788 None None] os_brick.lock_path = /opt/stack/data/os_brick {{(pid=115247) log_opt_values /opt/stack/data/venv/lib/python3.12/site-packages/oslo_config/cfg.py:3253}}
Jun 27 00:59:46.595602 np0000183228 devstack@g-api.service[115247]: DEBUG glance.common.config [None req-c056866b-f197-4d5c-a722-a2cdd813a788 None None] os_brick.wait_mpath_device_attempts = 4 {{(pid=115247) log_opt_values /opt/stack/data/venv/lib/python3.12/site-packages/oslo_config/cfg.py:3253}}
Jun 27 00:59:46.595602 np0000183228 devstack@g-api.service[115247]: DEBUG glance.common.config [None req-c056866b-f197-4d5c-a722-a2cdd813a788 None None] os_brick.wait_mpath_device_interval = 1 {{(pid=115247) log_opt_values /opt/stack/data/venv/lib/python3.12/site-packages/oslo_config/cfg.py:3253}}
Jun 27 00:59:46.595857 np0000183228 devstack@g-api.service[115247]: DEBUG glance.common.config [None req-c056866b-f197-4d5c-a722-a2cdd813a788 None None] privsep_osbrick.capabilities = [21, 2] {{(pid=115247) log_opt_values /opt/stack/data/venv/lib/python3.12/site-packages/oslo_config/cfg.py:3253}}
Jun 27 00:59:46.595857 np0000183228 devstack@g-api.service[115247]: DEBUG glance.common.config [None req-c056866b-f197-4d5c-a722-a2cdd813a788 None None] privsep_osbrick.group = None {{(pid=115247) log_opt_values /opt/stack/data/venv/lib/python3.12/site-packages/oslo_config/cfg.py:3253}}
