2026-04-14 07:32:15.598 7 INFO neutron.db.ovn_revision_numbers_db [None req-bb978e60-b1d7-4eee-8ce2-129df645e2b7 ff83ba6aa83941838aa4f1c5c9843158 f55ef1235f6c44ed98367d03f2d56dd3 - - default default] Successfully bumped revision number for resource 36282e99-9f30-4ae7-b7b7-0f2c2405fa4a (type: ports) to 2 [pid: 8|app: 0|req: 1015/2055] 10.0.0.210 () {34 vars in 989 bytes} [Tue Apr 14 07:32:15 2026] GET /v2.0/ports?device_id=cd40a235-e94f-48e1-bb18-b43613d14f68 => generated 973 bytes in 68 msecs (HTTP/1.1 200) 4 headers in 157 bytes (1 switches on core 0) [pid: 8|app: 0|req: 1016/2056] 10.0.0.200 () {32 vars in 718 bytes} [Tue Apr 14 07:32:15 2026] GET /v2.0/trunks/33b38ae5-da5e-45ad-a721-224ed179de11 => generated 416 bytes in 40 msecs (HTTP/1.1 200) 4 headers in 157 bytes (1 switches on core 0)
2026-04-14 07:32:15.730 8 INFO neutron.db.ovn_revision_numbers_db [None req-54c26d2a-23a3-477d-a520-7f550f2027d5 - - - - - -] Successfully bumped revision number for resource 00313f3b-44a3-4e58-a757-8d1127957894 (type: ports) to 8
2026-04-14 07:32:15.743 7 INFO neutron.plugins.ml2.drivers.ovn.mech_driver.mech_driver [None req-826862c9-55dd-421c-bbaa-d0c8c8b418a0 - - - - - -] OVN reports status down for port: e16780fd-f0e1-4414-ae8f-2b32cb76c9ac [pid: 8|app: 0|req: 1017/2057] 10.0.0.210 () {34 vars in 1039 bytes} [Tue Apr 14 07:32:15 2026] GET /v2.0/security-groups?id=46e41b64-6323-4a9d-99f0-ebbea9bca98e&fields=id&fields=name => generated 113 bytes in 69 msecs (HTTP/1.1 200) 4 headers in 157 bytes (1 switches on core 0) [pid: 8|app: 0|req: 1018/2058] 10.0.0.200 () {32 vars in 716 bytes} [Tue Apr 14 07:32:15 2026] GET /v2.0/ports/ddf9eacf-6524-4c51-8b0f-bec90696bc85 => generated 826 bytes in 76 msecs (HTTP/1.1 200) 4 headers in 157 bytes (1 switches on core 0)
2026-04-14 07:32:15.847 8 INFO neutron.plugins.ml2.drivers.ovn.mech_driver.mech_driver [None req-2e935034-ecd9-4df3-8b3b-5c324bfc4d31 - - - - - -] OVN reports status up for port: 36282e99-9f30-4ae7-b7b7-0f2c2405fa4a /var/lib/openstack/lib/python3.12/site-packages/pycadf/identifier.py:70: UserWarning: Invalid uuid: neutron. To ensure interoperability, identifiers should be a valid uuid. warnings.warn(('Invalid uuid: %s. To ensure interoperability, '
2026-04-14 07:32:15.862 8 INFO neutron.plugins.ml2.plugin [None req-2e935034-ecd9-4df3-8b3b-5c324bfc4d31 - - - - - -] Attempt 1 to provision port 36282e99-9f30-4ae7-b7b7-0f2c2405fa4a [pid: 8|app: 0|req: 1019/2059] 10.0.0.200 () {32 vars in 721 bytes} [Tue Apr 14 07:32:15 2026] DELETE /v2.0/trunks/33b38ae5-da5e-45ad-a721-224ed179de11 => generated 0 bytes in 110 msecs (HTTP/1.1 204) 2 headers in 112 bytes (1 switches on core 0) [pid: 8|app: 0|req: 1020/2060] 10.0.0.200 () {32 vars in 718 bytes} [Tue Apr 14 07:32:15 2026] GET /v2.0/trunks/b2e93996-5186-4723-9d2f-2af2e096d49e => generated 409 bytes in 24 msecs (HTTP/1.1 200) 4 headers in 157 bytes (1 switches on core 0) [pid: 8|app: 0|req: 1021/2061] 10.0.0.200 () {32 vars in 716 bytes} [Tue Apr 14 07:32:15 2026] GET /v2.0/ports/a7fd2fde-513b-4d9c-8b75-52c7e692013b => generated 826 bytes in 177 msecs (HTTP/1.1 200) 4 headers in 157 bytes (1 switches on core 0) [pid: 8|app: 0|req: 1022/2062] 10.0.0.200 () {32 vars in 721 bytes} [Tue Apr 14 07:32:16 2026] DELETE /v2.0/trunks/b2e93996-5186-4723-9d2f-2af2e096d49e => generated 0 bytes in 122 msecs (HTTP/1.1 204) 2 headers in 112 bytes (1 switches on core 0) [pid: 8|app: 0|req: 1023/2063] 199.204.45.157 () {34 vars in 993 bytes} [Tue Apr 14 07:32:16 2026] GET /v2.0/ports?device_id=cd40a235-e94f-48e1-bb18-b43613d14f68 => generated 973 bytes in 75 msecs (HTTP/1.1 200) 4 headers in 157 bytes (1 switches on core 0)
2026-04-14 07:32:16.457 8 INFO neutron.db.ovn_revision_numbers_db [None req-2e935034-ecd9-4df3-8b3b-5c324bfc4d31 - - - - - -] Successfully bumped revision number for resource 36282e99-9f30-4ae7-b7b7-0f2c2405fa4a (type: ports) to 3
2026-04-14 07:32:16.566 8 INFO neutron_taas.services.taas.taas_plugin [None req-18bb77f1-0c6d-4378-a0ba-f07c5dfea235 111978e04e95483cb946b892011da9be f6cceaee685f4129a8cf6395e44138c9 - - default default] TaaS: Handle Delete Port: 222657f6-951c-4a38-ad03-ff197786b60c
2026-04-14 07:32:16.577 8 INFO neutron_taas.services.taas.tap_mirror_plugin [None req-18bb77f1-0c6d-4378-a0ba-f07c5dfea235 111978e04e95483cb946b892011da9be f6cceaee685f4129a8cf6395e44138c9 - - default default] Tap Mirror: Handle Delete Port: 222657f6-951c-4a38-ad03-ff197786b60c [pid: 8|app: 0|req: 1024/2064] 10.0.0.200 () {32 vars in 719 bytes} [Tue Apr 14 07:32:16 2026] DELETE /v2.0/ports/222657f6-951c-4a38-ad03-ff197786b60c => generated 0 bytes in 358 msecs (HTTP/1.1 204) 3 headers in 131 bytes (1 switches on core 0) /var/lib/openstack/lib/python3.12/site-packages/pycadf/identifier.py:70: UserWarning: Invalid uuid: neutron. To ensure interoperability, identifiers should be a valid uuid. warnings.warn(('Invalid uuid: %s. To ensure interoperability, '
2026-04-14 07:32:16.870 8 INFO neutron_taas.services.taas.taas_plugin [req-33112bad-e68e-4e9d-810d-91336ae718ea req-c6b9ea9b-bc12-4e86-97c4-997a46951dda 5e926c791eae46c5abf27c5c037908a5 4e3a142db4224d22963191849be4636c - - default default] TaaS: Handle Delete Port: 00313f3b-44a3-4e58-a757-8d1127957894
2026-04-14 07:32:16.874 8 INFO neutron_taas.services.taas.tap_mirror_plugin [req-33112bad-e68e-4e9d-810d-91336ae718ea req-c6b9ea9b-bc12-4e86-97c4-997a46951dda 5e926c791eae46c5abf27c5c037908a5 4e3a142db4224d22963191849be4636c - - default default] Tap Mirror: Handle Delete Port: 00313f3b-44a3-4e58-a757-8d1127957894
2026-04-14 07:32:17.062 8 INFO neutron.db.l3_db [req-33112bad-e68e-4e9d-810d-91336ae718ea req-c6b9ea9b-bc12-4e86-97c4-997a46951dda 5e926c791eae46c5abf27c5c037908a5 4e3a142db4224d22963191849be4636c - - default default] Floating IP 982c55f9-a640-4285-9f9a-5faa3b79fe9f disassociated. External IP: 10.96.250.216, port: 00313f3b-44a3-4e58-a757-8d1127957894.
2026-04-14 07:32:17.153 7 WARNING neutron.scheduler.dhcp_agent_scheduler [None req-bb978e60-b1d7-4eee-8ce2-129df645e2b7 ff83ba6aa83941838aa4f1c5c9843158 f55ef1235f6c44ed98367d03f2d56dd3 - - default default] No more DHCP agents
2026-04-14 07:32:17.154 7 WARNING neutron.api.rpc.agentnotifiers.dhcp_rpc_agent_api [None req-bb978e60-b1d7-4eee-8ce2-129df645e2b7 ff83ba6aa83941838aa4f1c5c9843158 f55ef1235f6c44ed98367d03f2d56dd3 - - default default] Unable to schedule network e9a21f70-0d54-443d-a511-c252f08b3d41: no agents available; will retry on subsequent port and subnet creation events. [pid: 8|app: 0|req: 1025/2065] 199.204.45.157 () {36 vars in 996 bytes} [Tue Apr 14 07:32:16 2026] DELETE /v2.0/ports/00313f3b-44a3-4e58-a757-8d1127957894 => generated 0 bytes in 482 msecs (HTTP/1.1 204) 3 headers in 131 bytes (1 switches on core 0)
2026-04-14 07:32:17.371 7 INFO neutron.db.ovn_revision_numbers_db [None req-bb978e60-b1d7-4eee-8ce2-129df645e2b7 ff83ba6aa83941838aa4f1c5c9843158 f55ef1235f6c44ed98367d03f2d56dd3 - - default default] Successfully bumped revision number for resource 36282e99-9f30-4ae7-b7b7-0f2c2405fa4a (type: router_ports) to 3 [pid: 7|app: 0|req: 1041/2066] 10.0.0.200 () {34 vars in 782 bytes} [Tue Apr 14 07:32:15 2026] PUT /v2.0/routers/a8a244b4-1ee0-450c-b625-1454329c0935/add_router_interface => generated 309 bytes in 2294 msecs (HTTP/1.1 200) 4 headers in 157 bytes (1 switches on core 0) /var/lib/openstack/lib/python3.12/site-packages/pycadf/identifier.py:70: UserWarning: Invalid uuid: neutron. To ensure interoperability, identifiers should be a valid uuid. warnings.warn(('Invalid uuid: %s. To ensure interoperability, ' [pid: 7|app: 0|req: 1042/2067] 10.0.0.210 () {34 vars in 989 bytes} [Tue Apr 14 07:32:17 2026] GET /v2.0/ports?device_id=cd40a235-e94f-48e1-bb18-b43613d14f68 => generated 12 bytes in 27 msecs (HTTP/1.1 200) 4 headers in 156 bytes (1 switches on core 0)
2026-04-14 07:32:17.438 8 INFO neutron_taas.services.taas.taas_plugin [None req-20dfb573-23ad-45f4-b981-f4de3886533e 111978e04e95483cb946b892011da9be f6cceaee685f4129a8cf6395e44138c9 - - default default] TaaS: Handle Delete Port: d008ef66-5f93-4951-8915-fe2e8d50a0a4
2026-04-14 07:32:17.440 8 INFO neutron.notifiers.nova [-] Nova event matching ['req-4ee89ad4-19fa-448f-98d8-05b67557dac3'] response: {'server_uuid': 'cd40a235-e94f-48e1-bb18-b43613d14f68', 'name': 'network-vif-unplugged', 'status': 'completed', 'tag': '00313f3b-44a3-4e58-a757-8d1127957894', 'code': 200}
2026-04-14 07:32:17.440 8 INFO neutron.notifiers.nova [-] Nova event matching ['req-4ee89ad4-19fa-448f-98d8-05b67557dac3'] response: {'server_uuid': 'cd40a235-e94f-48e1-bb18-b43613d14f68', 'name': 'network-vif-deleted', 'tag': '00313f3b-44a3-4e58-a757-8d1127957894', 'status': 'completed', 'code': 200} [pid: 7|app: 0|req: 1043/2068] 10.0.0.200 () {32 vars in 716 bytes} [Tue Apr 14 07:32:17 2026] GET /v2.0/ports/36282e99-9f30-4ae7-b7b7-0f2c2405fa4a => generated 1008 bytes in 35 msecs (HTTP/1.1 200) 4 headers in 158 bytes (1 switches on core 0)
2026-04-14 07:32:17.442 8 INFO neutron_taas.services.taas.tap_mirror_plugin [None req-20dfb573-23ad-45f4-b981-f4de3886533e 111978e04e95483cb946b892011da9be f6cceaee685f4129a8cf6395e44138c9 - - default default] Tap Mirror: Handle Delete Port: d008ef66-5f93-4951-8915-fe2e8d50a0a4 [pid: 8|app: 0|req: 1026/2069] 10.0.0.200 () {32 vars in 719 bytes} [Tue Apr 14 07:32:17 2026] DELETE /v2.0/ports/d008ef66-5f93-4951-8915-fe2e8d50a0a4 => generated 0 bytes in 350 msecs (HTTP/1.1 204) 3 headers in 131 bytes (1 switches on core 0)
2026-04-14 07:32:17.696 7 INFO neutron_taas.services.taas.taas_plugin [None req-fb2a81c0-9637-44da-9797-6b461f5afb86 ff83ba6aa83941838aa4f1c5c9843158 f55ef1235f6c44ed98367d03f2d56dd3 - - default default] TaaS: Handle Delete Port: 36282e99-9f30-4ae7-b7b7-0f2c2405fa4a
2026-04-14 07:32:17.700 7 INFO neutron_taas.services.taas.tap_mirror_plugin [None req-fb2a81c0-9637-44da-9797-6b461f5afb86 ff83ba6aa83941838aa4f1c5c9843158 f55ef1235f6c44ed98367d03f2d56dd3 - - default default] Tap Mirror: Handle Delete Port: 36282e99-9f30-4ae7-b7b7-0f2c2405fa4a
2026-04-14 07:32:17.725 8 INFO neutron_taas.services.taas.taas_plugin [None req-08078e21-fa55-4e36-a585-181119400e15 111978e04e95483cb946b892011da9be f6cceaee685f4129a8cf6395e44138c9 - - default default] TaaS: Handle Delete Port: e3439335-a500-41ff-a2d1-b3a3af2925ee
2026-04-14 07:32:17.729 8 INFO neutron_taas.services.taas.tap_mirror_plugin [None req-08078e21-fa55-4e36-a585-181119400e15 111978e04e95483cb946b892011da9be f6cceaee685f4129a8cf6395e44138c9 - - default default] Tap Mirror: Handle Delete Port: e3439335-a500-41ff-a2d1-b3a3af2925ee [pid: 8|app: 0|req: 1027/2070] 10.0.0.200 () {32 vars in 719 bytes} [Tue Apr 14 07:32:17 2026] DELETE /v2.0/ports/e3439335-a500-41ff-a2d1-b3a3af2925ee => generated 0 bytes in 269 msecs (HTTP/1.1 204) 3 headers in 131 bytes (1 switches on core 0) [pid: 7|app: 0|req: 1044/2071] 10.0.0.200 () {34 vars in 788 bytes} [Tue Apr 14 07:32:17 2026] PUT /v2.0/routers/a8a244b4-1ee0-450c-b625-1454329c0935/remove_router_interface => generated 309 bytes in 581 msecs (HTTP/1.1 200) 4 headers in 157 bytes (1 switches on core 0) /var/lib/openstack/lib/python3.12/site-packages/pycadf/identifier.py:70: UserWarning: Invalid uuid: neutron. To ensure interoperability, identifiers should be a valid uuid. warnings.warn(('Invalid uuid: %s. To ensure interoperability, '
2026-04-14 07:32:18.120 8 INFO neutron.db.ovn_revision_numbers_db [None req-de0b93ff-7860-4ab4-81fa-436ec0619307 bae675db4d1741068c5a17987be9fde5 cb01deb4e60b4d2087e5c00bb0eff022 - - default default] Successfully bumped revision number for resource 8c480455-8ec9-468a-95da-4435afa087bf (type: security_groups) to 1
2026-04-14 07:32:18.134 8 INFO neutron.db.ovn_revision_numbers_db [None req-de0b93ff-7860-4ab4-81fa-436ec0619307 bae675db4d1741068c5a17987be9fde5 cb01deb4e60b4d2087e5c00bb0eff022 - - default default] Successfully bumped revision number for resource 0e1b0804-1309-4054-8ce9-ac28d9f8cd74 (type: security_group_rules) to 0
2026-04-14 07:32:18.145 8 INFO neutron.db.ovn_revision_numbers_db [None req-de0b93ff-7860-4ab4-81fa-436ec0619307 bae675db4d1741068c5a17987be9fde5 cb01deb4e60b4d2087e5c00bb0eff022 - - default default] Successfully bumped revision number for resource 3022f634-91aa-4fe2-8aad-7f36daadfde2 (type: security_group_rules) to 0
2026-04-14 07:32:18.157 8 INFO neutron.db.ovn_revision_numbers_db [None req-de0b93ff-7860-4ab4-81fa-436ec0619307 bae675db4d1741068c5a17987be9fde5 cb01deb4e60b4d2087e5c00bb0eff022 - - default default] Successfully bumped revision number for resource 4e645a55-8e5c-473d-93a1-6f3bf1a3aac9 (type: security_group_rules) to 0
2026-04-14 07:32:18.173 8 INFO neutron.db.ovn_revision_numbers_db [None req-de0b93ff-7860-4ab4-81fa-436ec0619307 bae675db4d1741068c5a17987be9fde5 cb01deb4e60b4d2087e5c00bb0eff022 - - default default] Successfully bumped revision number for resource edb6e396-11a0-42cf-b852-73acda2d088e (type: security_group_rules) to 0
2026-04-14 07:32:18.197 7 INFO neutron_taas.services.taas.taas_plugin [None req-1cd59f3b-db0d-4057-a208-f1c7bdac2844 111978e04e95483cb946b892011da9be f6cceaee685f4129a8cf6395e44138c9 - - default default] TaaS: Handle Delete Port: ddf9eacf-6524-4c51-8b0f-bec90696bc85
2026-04-14 07:32:18.201 7 INFO neutron_taas.services.taas.tap_mirror_plugin [None req-1cd59f3b-db0d-4057-a208-f1c7bdac2844 111978e04e95483cb946b892011da9be f6cceaee685f4129a8cf6395e44138c9 - - default default] Tap Mirror: Handle Delete Port: ddf9eacf-6524-4c51-8b0f-bec90696bc85
2026-04-14 07:32:18.259 8 INFO neutron.db.segments_db [None req-de0b93ff-7860-4ab4-81fa-436ec0619307 bae675db4d1741068c5a17987be9fde5 cb01deb4e60b4d2087e5c00bb0eff022 - - default default] Added segment 618c9640-ddc8-4287-bc30-6180535c3d14 of type geneve for network ab681521-05af-4a88-b390-753528a8458e [pid: 7|app: 0|req: 1045/2072] 10.0.0.200 () {32 vars in 719 bytes} [Tue Apr 14 07:32:18 2026] DELETE /v2.0/ports/ddf9eacf-6524-4c51-8b0f-bec90696bc85 => generated 0 bytes in 293 msecs (HTTP/1.1 204) 3 headers in 131 bytes (1 switches on core 0)
2026-04-14 07:32:18.373 7 INFO neutron.api.v2.resource [None req-19c5d44d-12b5-4d2c-a3cd-2d2c725438a3 ff83ba6aa83941838aa4f1c5c9843158 f55ef1235f6c44ed98367d03f2d56dd3 - - default default] remove_router_interface failed (client error): The resource could not be found. [pid: 7|app: 0|req: 1046/2073] 10.0.0.200 () {34 vars in 788 bytes} [Tue Apr 14 07:32:18 2026] PUT /v2.0/routers/a8a244b4-1ee0-450c-b625-1454329c0935/remove_router_interface => generated 197 bytes in 53 msecs (HTTP/1.1 404) 4 headers in 164 bytes (1 switches on core 0)
2026-04-14 07:32:18.392 8 INFO neutron.db.ovn_revision_numbers_db [None req-de0b93ff-7860-4ab4-81fa-436ec0619307 bae675db4d1741068c5a17987be9fde5 cb01deb4e60b4d2087e5c00bb0eff022 - - default default] Successfully bumped revision number for resource ab681521-05af-4a88-b390-753528a8458e (type: networks) to 1
2026-04-14 07:32:18.555 7 INFO neutron_taas.services.taas.taas_plugin [None req-ecd4bb97-0d02-4590-bee2-314fd528f425 111978e04e95483cb946b892011da9be f6cceaee685f4129a8cf6395e44138c9 - - default default] TaaS: Handle Delete Port: a7fd2fde-513b-4d9c-8b75-52c7e692013b
2026-04-14 07:32:18.558 7 INFO neutron_taas.services.taas.tap_mirror_plugin [None req-ecd4bb97-0d02-4590-bee2-314fd528f425 111978e04e95483cb946b892011da9be f6cceaee685f4129a8cf6395e44138c9 - - default default] Tap Mirror: Handle Delete Port: a7fd2fde-513b-4d9c-8b75-52c7e692013b
2026-04-14 07:32:18.567 8 WARNING neutron.scheduler.dhcp_agent_scheduler [None req-de0b93ff-7860-4ab4-81fa-436ec0619307 bae675db4d1741068c5a17987be9fde5 cb01deb4e60b4d2087e5c00bb0eff022 - - default default] No more DHCP agents
2026-04-14 07:32:18.571 8 WARNING neutron.api.rpc.agentnotifiers.dhcp_rpc_agent_api [None req-de0b93ff-7860-4ab4-81fa-436ec0619307 bae675db4d1741068c5a17987be9fde5 cb01deb4e60b4d2087e5c00bb0eff022 - - default default] Unable to schedule network ab681521-05af-4a88-b390-753528a8458e: no agents available; will retry on subsequent port and subnet creation events.
2026-04-14 07:32:18.657 8 INFO neutron.db.ovn_revision_numbers_db [None req-de0b93ff-7860-4ab4-81fa-436ec0619307 bae675db4d1741068c5a17987be9fde5 cb01deb4e60b4d2087e5c00bb0eff022 - - default default] Successfully bumped revision number for resource 444372da-9c57-4326-a5fe-c9c62c18fd04 (type: ports) to 1 [pid: 7|app: 0|req: 1047/2074] 10.0.0.200 () {32 vars in 719 bytes} [Tue Apr 14 07:32:18 2026] DELETE /v2.0/ports/a7fd2fde-513b-4d9c-8b75-52c7e692013b => generated 0 bytes in 299 msecs (HTTP/1.1 204) 3 headers in 131 bytes (1 switches on core 0) [pid: 8|app: 0|req: 1028/2075] 10.0.0.200 () {34 vars in 669 bytes} [Tue Apr 14 07:32:17 2026] POST /v2.0/networks => generated 646 bytes in 854 msecs (HTTP/1.1 201) 4 headers in 162 bytes (1 switches on core 0) [pid: 7|app: 0|req: 1048/2076] 10.0.0.200 () {32 vars in 735 bytes} [Tue Apr 14 07:32:18 2026] GET /v2.0/ports?device_id=a8a244b4-1ee0-450c-b625-1454329c0935 => generated 12 bytes in 23 msecs (HTTP/1.1 200) 4 headers in 156 bytes (1 switches on core 0) [pid: 8|app: 0|req: 1029/2077] 10.0.0.210 () {34 vars in 989 bytes} [Tue Apr 14 07:32:18 2026] GET /v2.0/ports?device_id=cd40a235-e94f-48e1-bb18-b43613d14f68 => generated 12 bytes in 17 msecs (HTTP/1.1 200) 4 headers in 156 bytes (1 switches on core 0)
2026-04-14 07:32:18.836 7 INFO neutron_taas.services.taas.taas_plugin [None req-de9fed27-1532-488f-9ee1-378e0592e851 111978e04e95483cb946b892011da9be f6cceaee685f4129a8cf6395e44138c9 - - default default] TaaS: Handle Delete Port: bdad7042-0814-4891-b77c-378145967b46
2026-04-14 07:32:18.839 7 INFO neutron_taas.services.taas.tap_mirror_plugin [None req-de9fed27-1532-488f-9ee1-378e0592e851 111978e04e95483cb946b892011da9be f6cceaee685f4129a8cf6395e44138c9 - - default default] Tap Mirror: Handle Delete Port: bdad7042-0814-4891-b77c-378145967b46
2026-04-14 07:32:18.899 8 WARNING neutron.scheduler.dhcp_agent_scheduler [None req-6b21c052-1a62-46bf-ae73-a8f61853b5db bae675db4d1741068c5a17987be9fde5 cb01deb4e60b4d2087e5c00bb0eff022 - - default default] No more DHCP agents
2026-04-14 07:32:18.901 8 WARNING neutron.api.rpc.agentnotifiers.dhcp_rpc_agent_api [None req-6b21c052-1a62-46bf-ae73-a8f61853b5db bae675db4d1741068c5a17987be9fde5 cb01deb4e60b4d2087e5c00bb0eff022 - - default default] Unable to schedule network ab681521-05af-4a88-b390-753528a8458e: no agents available; will retry on subsequent port and subnet creation events.
2026-04-14 07:32:19.037 7 INFO neutron.services.segments.plugin [-] Segment cbcbcc44-d0ab-4d18-b259-e3cf22056cba resource provider aggregate not found
2026-04-14 07:32:19.050 7 INFO neutron.services.segments.plugin [-] Segment cbcbcc44-d0ab-4d18-b259-e3cf22056cba resource provider aggregate not found
2026-04-14 07:32:19.055 7 INFO neutron.services.segments.plugin [-] Segment cbcbcc44-d0ab-4d18-b259-e3cf22056cba resource provider not found; error: Placement Client Error (4xx): {"errors": [{"status": 404, "title": "Not Found", "detail": "The resource could not be found.\n\n No resource provider with uuid cbcbcc44-d0ab-4d18-b259-e3cf22056cba found for delete ", "request_id": "req-c3fd47eb-1f2a-4f95-a027-14af4aa9a1f7"}]}
2026-04-14 07:32:19.077 7 INFO neutron.services.segments.plugin [-] Segment cbcbcc44-d0ab-4d18-b259-e3cf22056cba resource provider not found; error: Placement Client Error (4xx): {"errors": [{"status": 404, "title": "Not Found", "detail": "The resource could not be found.\n\n No resource provider with uuid cbcbcc44-d0ab-4d18-b259-e3cf22056cba found for delete ", "request_id": "req-a11663d1-a7e4-4742-989a-6609c2e930c2"}]} [pid: 7|app: 0|req: 1049/2078] 10.0.0.200 () {32 vars in 725 bytes} [Tue Apr 14 07:32:18 2026] DELETE /v2.0/networks/318b15e6-5829-459f-b024-e16b44d48840 => generated 0 bytes in 411 msecs (HTTP/1.1 204) 3 headers in 131 bytes (1 switches on core 0) [pid: 7|app: 0|req: 1050/2079] 10.0.0.200 () {32 vars in 723 bytes} [Tue Apr 14 07:32:19 2026] DELETE /v2.0/routers/a8a244b4-1ee0-450c-b625-1454329c0935 => generated 0 bytes in 201 msecs (HTTP/1.1 204) 2 headers in 112 bytes (1 switches on core 0)
2026-04-14 07:32:19.412 8 INFO neutron.db.ovn_revision_numbers_db [None req-e663e245-711f-4a80-a564-41f37f5d40ec - - - - - -] Successfully bumped revision number for resource 444372da-9c57-4326-a5fe-c9c62c18fd04 (type: ports) to 2
2026-04-14 07:32:19.433 7 INFO neutron_taas.services.taas.taas_plugin [None req-00717e89-7dd9-44c4-a20d-909059a183d7 111978e04e95483cb946b892011da9be f6cceaee685f4129a8cf6395e44138c9 - - default default] TaaS: Handle Delete Port: c448ddf8-0c9d-4f4d-ba63-0332a7bfba78
2026-04-14 07:32:19.436 7 INFO neutron_taas.services.taas.tap_mirror_plugin [None req-00717e89-7dd9-44c4-a20d-909059a183d7 111978e04e95483cb946b892011da9be f6cceaee685f4129a8cf6395e44138c9 - - default default] Tap Mirror: Handle Delete Port: c448ddf8-0c9d-4f4d-ba63-0332a7bfba78
2026-04-14 07:32:19.441 8 INFO neutron.db.ovn_revision_numbers_db [None req-e663e245-711f-4a80-a564-41f37f5d40ec - - - - - -] Successfully bumped revision number for resource d39cd23f-7b0d-4d95-af5a-e5de11c0ce35 (type: subnets) to 0 [pid: 8|app: 0|req: 1030/2080] 10.0.0.200 () {34 vars in 668 bytes} [Tue Apr 14 07:32:18 2026] POST /v2.0/subnets => generated 626 bytes in 744 msecs (HTTP/1.1 201) 4 headers in 162 bytes (1 switches on core 0) [pid: 8|app: 0|req: 1033/2083] 10.0.0.200 () {32 vars in 723 bytes} [Tue Apr 14 07:32:19 2026] DELETE /v2.0/subnets/d3a7e949-d5ab-4c44-b44e-f05b7e2cca85 => generated 0 bytes in 194 msecs (HTTP/1.1 204) 3 headers in 131 bytes (1 switches on core 0) [pid: 7|app: 0|req: 1051/2084] 10.0.0.200 () {32 vars in 725 bytes} [Tue Apr 14 07:32:19 2026] DELETE /v2.0/networks/51a11126-05cf-4602-b4bf-117bae173bfb => generated 0 bytes in 346 msecs (HTTP/1.1 204) 3 headers in 131 bytes (1 switches on core 0)
2026-04-14 07:32:19.787 7 INFO neutron_taas.services.taas.taas_plugin [None req-1ec277b6-aeb9-4a0e-92ae-920d90489ff2 ff83ba6aa83941838aa4f1c5c9843158 f55ef1235f6c44ed98367d03f2d56dd3 - - default default] TaaS: Handle Delete Port: af5ee748-2a50-4d62-ab75-25fa6b4b1b85
2026-04-14 07:32:19.790 7 INFO neutron_taas.services.taas.tap_mirror_plugin [None req-1ec277b6-aeb9-4a0e-92ae-920d90489ff2 ff83ba6aa83941838aa4f1c5c9843158 f55ef1235f6c44ed98367d03f2d56dd3 - - default default] Tap Mirror: Handle Delete Port: af5ee748-2a50-4d62-ab75-25fa6b4b1b85 [pid: 7|app: 0|req: 1052/2085] 10.0.0.200 () {32 vars in 725 bytes} [Tue Apr 14 07:32:19 2026] DELETE /v2.0/networks/e9a21f70-0d54-443d-a511-c252f08b3d41 => generated 0 bytes in 340 msecs (HTTP/1.1 204) 3 headers in 131 bytes (1 switches on core 0)
2026-04-14 07:32:20.099 8 WARNING neutron.scheduler.dhcp_agent_scheduler [None req-5e0e5597-52d4-4cba-8345-bb2790e4170d bae675db4d1741068c5a17987be9fde5 cb01deb4e60b4d2087e5c00bb0eff022 - - default default] No more DHCP agents
2026-04-14 07:32:20.101 8 WARNING neutron.api.rpc.agentnotifiers.dhcp_rpc_agent_api [None req-5e0e5597-52d4-4cba-8345-bb2790e4170d bae675db4d1741068c5a17987be9fde5 cb01deb4e60b4d2087e5c00bb0eff022 - - default default] Unable to schedule network 52f50005-cd72-49f0-bd20-6fc768cd0c83: no agents available; will retry on subsequent port and subnet creation events.
2026-04-14 07:32:20.124 7 INFO neutron_taas.services.taas.taas_plugin [None req-7d6da02d-885a-40f2-ad97-92026a55a399 111978e04e95483cb946b892011da9be f6cceaee685f4129a8cf6395e44138c9 - - default default] TaaS: Handle Delete Port: e16780fd-f0e1-4414-ae8f-2b32cb76c9ac
2026-04-14 07:32:20.127 7 INFO neutron_taas.services.taas.tap_mirror_plugin [None req-7d6da02d-885a-40f2-ad97-92026a55a399 111978e04e95483cb946b892011da9be f6cceaee685f4129a8cf6395e44138c9 - - default default] Tap Mirror: Handle Delete Port: e16780fd-f0e1-4414-ae8f-2b32cb76c9ac
2026-04-14 07:32:20.230 7 INFO neutron.plugins.ml2.drivers.ovn.mech_driver.mech_driver [None req-826862c9-55dd-421c-bbaa-d0c8c8b418a0 - - - - - -] OVN reports status down for port: db550eec-8104-4ace-8a21-bcb475ea57b5
2026-04-14 07:32:20.261 8 INFO neutron.db.ovn_revision_numbers_db [None req-5e0e5597-52d4-4cba-8345-bb2790e4170d bae675db4d1741068c5a17987be9fde5 cb01deb4e60b4d2087e5c00bb0eff022 - - default default] Successfully bumped revision number for resource db550eec-8104-4ace-8a21-bcb475ea57b5 (type: ports) to 1 [pid: 7|app: 0|req: 1053/2086] 10.0.0.200 () {32 vars in 725 bytes} [Tue Apr 14 07:32:20 2026] DELETE /v2.0/networks/23329bf0-d3bb-4a2d-b35f-e8defa4cf1cc => generated 0 bytes in 407 msecs (HTTP/1.1 204) 3 headers in 131 bytes (1 switches on core 0) [pid: 7|app: 0|req: 1054/2087] 10.0.0.210 () {34 vars in 989 bytes} [Tue Apr 14 07:32:20 2026] GET /v2.0/ports?device_id=cd40a235-e94f-48e1-bb18-b43613d14f68 => generated 12 bytes in 17 msecs (HTTP/1.1 200) 4 headers in 156 bytes (1 switches on core 0)
2026-04-14 07:32:20.515 7 INFO neutron.db.segments_db [None req-2549d824-834b-43f8-a258-3ed9d549b152 ff83ba6aa83941838aa4f1c5c9843158 f55ef1235f6c44ed98367d03f2d56dd3 - - default default] Added segment 34a19d1d-54cf-45c9-8c2d-1ac3c6c240b0 of type geneve for network ab77530d-b7b8-4e26-b6d4-c8e729d0577f
2026-04-14 07:32:20.651 7 INFO neutron.db.ovn_revision_numbers_db [None req-2549d824-834b-43f8-a258-3ed9d549b152 ff83ba6aa83941838aa4f1c5c9843158 f55ef1235f6c44ed98367d03f2d56dd3 - - default default] Successfully bumped revision number for resource ab77530d-b7b8-4e26-b6d4-c8e729d0577f (type: networks) to 1
2026-04-14 07:32:20.815 7 WARNING neutron.scheduler.dhcp_agent_scheduler [None req-2549d824-834b-43f8-a258-3ed9d549b152 ff83ba6aa83941838aa4f1c5c9843158 f55ef1235f6c44ed98367d03f2d56dd3 - - default default] No more DHCP agents
2026-04-14 07:32:20.817 7 WARNING neutron.api.rpc.agentnotifiers.dhcp_rpc_agent_api [None req-2549d824-834b-43f8-a258-3ed9d549b152 ff83ba6aa83941838aa4f1c5c9843158 f55ef1235f6c44ed98367d03f2d56dd3 - - default default] Unable to schedule network ab77530d-b7b8-4e26-b6d4-c8e729d0577f: no agents available; will retry on subsequent port and subnet creation events.
2026-04-14 07:32:20.899 7 INFO neutron.db.ovn_revision_numbers_db [None req-2549d824-834b-43f8-a258-3ed9d549b152 ff83ba6aa83941838aa4f1c5c9843158 f55ef1235f6c44ed98367d03f2d56dd3 - - default default] Successfully bumped revision number for resource 1c0c6ee4-257d-4dc4-a54d-85d0215b9d42 (type: ports) to 1
2026-04-14 07:32:20.900 8 INFO neutron.plugins.ml2.drivers.ovn.mech_driver.ovsdb.commands [None req-7ec766a9-e15d-4d0e-9bac-6bd6df6169b0 - - - - - -] Schedule LRP lrp-db550eec-8104-4ace-8a21-bcb475ea57b5 on gateway 5dc02c16-e0ba-492b-97b3-a0e77384cd75 with priority 1 [pid: 7|app: 0|req: 1055/2088] 10.0.0.200 () {34 vars in 669 bytes} [Tue Apr 14 07:32:20 2026] POST /v2.0/networks => generated 648 bytes in 517 msecs (HTTP/1.1 201) 4 headers in 162 bytes (1 switches on core 0)
2026-04-14 07:32:20.951 8 INFO neutron.db.ovn_revision_numbers_db [None req-5e0e5597-52d4-4cba-8345-bb2790e4170d bae675db4d1741068c5a17987be9fde5 cb01deb4e60b4d2087e5c00bb0eff022 - - default default] Successfully bumped revision number for resource db550eec-8104-4ace-8a21-bcb475ea57b5 (type: router_ports) to 1
2026-04-14 07:32:20.967 7 INFO neutron.plugins.ml2.drivers.ovn.mech_driver.mech_driver [None req-826862c9-55dd-421c-bbaa-d0c8c8b418a0 - - - - - -] OVN reports status up for port: db550eec-8104-4ace-8a21-bcb475ea57b5
2026-04-14 07:32:20.992 7 INFO neutron.plugins.ml2.plugin [None req-826862c9-55dd-421c-bbaa-d0c8c8b418a0 - - - - - -] Attempt 1 to provision port db550eec-8104-4ace-8a21-bcb475ea57b5
2026-04-14 07:32:21.034 8 INFO neutron.db.ovn_revision_numbers_db [None req-5e0e5597-52d4-4cba-8345-bb2790e4170d bae675db4d1741068c5a17987be9fde5 cb01deb4e60b4d2087e5c00bb0eff022 - - default default] Successfully bumped revision number for resource 34932e25-1f15-42aa-acab-0e61a8ddd433 (type: routers) to 2 [pid: 8|app: 0|req: 1034/2089] 10.0.0.200 () {34 vars in 668 bytes} [Tue Apr 14 07:32:19 2026] POST /v2.0/routers => generated 935 bytes in 1403 msecs (HTTP/1.1 201) 4 headers in 162 bytes (1 switches on core 0)
2026-04-14 07:32:21.079 7 INFO neutron.services.segments.plugin [-] Segment 6556f6a9-5882-433d-b61e-ac5b663e36ac resource provider aggregate not found
2026-04-14 07:32:21.104 7 INFO neutron.services.segments.plugin [-] Segment 6556f6a9-5882-433d-b61e-ac5b663e36ac resource provider not found; error: Placement Client Error (4xx): {"errors": [{"status": 404, "title": "Not Found", "detail": "The resource could not be found.\n\n No resource provider with uuid 6556f6a9-5882-433d-b61e-ac5b663e36ac found for delete ", "request_id": "req-276f0ea9-b7b2-4f8e-babb-51abafe032e5"}]}
2026-04-14 07:32:21.120 7 INFO neutron.services.segments.plugin [-] Segment 6556f6a9-5882-433d-b61e-ac5b663e36ac resource provider aggregate not found
2026-04-14 07:32:21.141 7 INFO neutron.services.segments.plugin [-] Segment 77c23bf3-05eb-4dd4-9e83-a7ca3d9f8a83 resource provider aggregate not found
2026-04-14 07:32:21.144 7 INFO neutron.services.segments.plugin [-] Segment 6556f6a9-5882-433d-b61e-ac5b663e36ac resource provider not found; error: Placement Client Error (4xx): {"errors": [{"status": 404, "title": "Not Found", "detail": "The resource could not be found.\n\n No resource provider with uuid 6556f6a9-5882-433d-b61e-ac5b663e36ac found for delete ", "request_id": "req-4226b10b-a6b2-435b-b39f-2daadde4af98"}]}
2026-04-14 07:32:21.170 7 INFO neutron.services.segments.plugin [-] Segment 77c23bf3-05eb-4dd4-9e83-a7ca3d9f8a83 resource provider not found; error: Placement Client Error (4xx): {"errors": [{"status": 404, "title": "Not Found", "detail": "The resource could not be found.\n\n No resource provider with uuid 77c23bf3-05eb-4dd4-9e83-a7ca3d9f8a83 found for delete ", "request_id": "req-5ed479ea-5b46-4393-bbe1-d7691cfd7eab"}]}
2026-04-14 07:32:21.179 7 INFO neutron.services.segments.plugin [-] Segment 77c23bf3-05eb-4dd4-9e83-a7ca3d9f8a83 resource provider aggregate not found
2026-04-14 07:32:21.195 7 INFO neutron_taas.services.taas.taas_plugin [None req-97bacf5f-58b4-417a-9343-7ecf9427a2a5 111978e04e95483cb946b892011da9be f6cceaee685f4129a8cf6395e44138c9 - - default default] TaaS: Handle Delete Port: 156c5a08-7cdc-491c-ab70-f2136fdc1d1f
2026-04-14 07:32:21.200 7 INFO neutron.services.segments.plugin [-] Segment 07a3db04-55d7-4d12-bca4-be7974d43185 resource provider aggregate not found
2026-04-14 07:32:21.202 7 INFO neutron_taas.services.taas.tap_mirror_plugin [None req-97bacf5f-58b4-417a-9343-7ecf9427a2a5 111978e04e95483cb946b892011da9be f6cceaee685f4129a8cf6395e44138c9 - - default default] Tap Mirror: Handle Delete Port: 156c5a08-7cdc-491c-ab70-f2136fdc1d1f
2026-04-14 07:32:21.207 7 INFO neutron.services.segments.plugin [-] Segment 77c23bf3-05eb-4dd4-9e83-a7ca3d9f8a83 resource provider not found; error: Placement Client Error (4xx): {"errors": [{"status": 404, "title": "Not Found", "detail": "The resource could not be found.\n\n No resource provider with uuid 77c23bf3-05eb-4dd4-9e83-a7ca3d9f8a83 found for delete ", "request_id": "req-b9964e24-8864-4ce6-be7f-fbf9d2c881b5"}]}
2026-04-14 07:32:21.227 7 INFO neutron.services.segments.plugin [-] Segment 07a3db04-55d7-4d12-bca4-be7974d43185 resource provider aggregate not found
2026-04-14 07:32:21.234 7 INFO neutron.services.segments.plugin [-] Segment 07a3db04-55d7-4d12-bca4-be7974d43185 resource provider not found; error: Placement Client Error (4xx): {"errors": [{"status": 404, "title": "Not Found", "detail": "The resource could not be found.\n\n No resource provider with uuid 07a3db04-55d7-4d12-bca4-be7974d43185 found for delete ", "request_id": "req-95b5ef40-ebd7-430b-ad61-893daf43f499"}]}
2026-04-14 07:32:21.245 7 INFO neutron.services.segments.plugin [-] Segment 07a3db04-55d7-4d12-bca4-be7974d43185 resource provider not found; error: Placement Client Error (4xx): {"errors": [{"status": 404, "title": "Not Found", "detail": "The resource could not be found.\n\n No resource provider with uuid 07a3db04-55d7-4d12-bca4-be7974d43185 found for delete ", "request_id": "req-1a16f041-7ff7-45ab-99d7-62c5c623195c"}]}
2026-04-14 07:32:21.266 8 WARNING neutron.scheduler.dhcp_agent_scheduler [None req-d0a6ba4f-e675-48a5-a5d9-a3cf58e86f6c ff83ba6aa83941838aa4f1c5c9843158 f55ef1235f6c44ed98367d03f2d56dd3 - - default default] No more DHCP agents
2026-04-14 07:32:21.269 8 WARNING neutron.api.rpc.agentnotifiers.dhcp_rpc_agent_api [None req-d0a6ba4f-e675-48a5-a5d9-a3cf58e86f6c ff83ba6aa83941838aa4f1c5c9843158 f55ef1235f6c44ed98367d03f2d56dd3 - - default default] Unable to schedule network ab77530d-b7b8-4e26-b6d4-c8e729d0577f: no agents available; will retry on subsequent port and subnet creation events. [pid: 7|app: 0|req: 1056/2090] 10.0.0.200 () {32 vars in 725 bytes} [Tue Apr 14 07:32:20 2026] DELETE /v2.0/networks/41884ad3-4f52-46d0-bb23-ab4c3d7fec61 => generated 0 bytes in 514 msecs (HTTP/1.1 204) 3 headers in 131 bytes (1 switches on core 0)
2026-04-14 07:32:21.587 8 WARNING neutron.plugins.ml2.drivers.ovn.mech_driver.ovsdb.ovn_client [None req-527a9c29-e638-4116-a592-24c6e20a331e - - - - - -] No port found with ID 36282e99-9f30-4ae7-b7b7-0f2c2405fa4a: RuntimeError: No port found with ID 36282e99-9f30-4ae7-b7b7-0f2c2405fa4a
2026-04-14 07:32:21.648 8 INFO neutron.plugins.ml2.drivers.ovn.mech_driver.mech_driver [None req-527a9c29-e638-4116-a592-24c6e20a331e - - - - - -] OVN reports status down for port: 444372da-9c57-4326-a5fe-c9c62c18fd04
2026-04-14 07:32:21.776 8 INFO neutron.plugins.ml2.drivers.ovn.mech_driver.mech_driver [None req-527a9c29-e638-4116-a592-24c6e20a331e - - - - - -] OVN reports status down for port: 1c0c6ee4-257d-4dc4-a54d-85d0215b9d42
2026-04-14 07:32:21.940 8 INFO neutron.db.ovn_revision_numbers_db [None req-2944f2fb-187e-4827-a776-89e5ab9b0d61 - - - - - -] Successfully bumped revision number for resource 1c0c6ee4-257d-4dc4-a54d-85d0215b9d42 (type: ports) to 2
2026-04-14 07:32:21.975 8 INFO neutron.db.ovn_revision_numbers_db [None req-2944f2fb-187e-4827-a776-89e5ab9b0d61 - - - - - -] Successfully bumped revision number for resource 91783334-7ca3-4ee2-8fa1-ca52a0d57447 (type: subnets) to 0 [pid: 8|app: 0|req: 1035/2091] 10.0.0.200 () {34 vars in 668 bytes} [Tue Apr 14 07:32:21 2026] POST /v2.0/subnets => generated 626 bytes in 935 msecs (HTTP/1.1 201) 4 headers in 162 bytes (1 switches on core 0) /var/lib/openstack/lib/python3.12/site-packages/pycadf/identifier.py:70: UserWarning: Invalid uuid: neutron. To ensure interoperability, identifiers should be a valid uuid. warnings.warn(('Invalid uuid: %s. To ensure interoperability, '
2026-04-14 07:32:22.049 7 WARNING neutron.scheduler.dhcp_agent_scheduler [None req-1702e9d1-0296-470d-ab8f-b2e96deaf8c1 bae675db4d1741068c5a17987be9fde5 cb01deb4e60b4d2087e5c00bb0eff022 - - default default] No more DHCP agents
2026-04-14 07:32:22.051 7 WARNING neutron.api.rpc.agentnotifiers.dhcp_rpc_agent_api [None req-1702e9d1-0296-470d-ab8f-b2e96deaf8c1 bae675db4d1741068c5a17987be9fde5 cb01deb4e60b4d2087e5c00bb0eff022 - - default default] Unable to schedule network ab681521-05af-4a88-b390-753528a8458e: no agents available; will retry on subsequent port and subnet creation events.
2026-04-14 07:32:22.117 8 INFO neutron_taas.services.taas.taas_plugin [None req-6da0b9d4-0b41-4b68-9790-cde90bc62717 111978e04e95483cb946b892011da9be f6cceaee685f4129a8cf6395e44138c9 - - default default] TaaS: Handle Delete Port: f47a1de6-0451-4761-bf27-019d7711a7a0
2026-04-14 07:32:22.119 8 INFO neutron_taas.services.taas.tap_mirror_plugin [None req-6da0b9d4-0b41-4b68-9790-cde90bc62717 111978e04e95483cb946b892011da9be f6cceaee685f4129a8cf6395e44138c9 - - default default] Tap Mirror: Handle Delete Port: f47a1de6-0451-4761-bf27-019d7711a7a0
2026-04-14 07:32:22.217 7 INFO neutron.db.ovn_revision_numbers_db [None req-1702e9d1-0296-470d-ab8f-b2e96deaf8c1 bae675db4d1741068c5a17987be9fde5 cb01deb4e60b4d2087e5c00bb0eff022 - - default default] Successfully bumped revision number for resource c16f7594-44ca-4cd6-a037-963280c60305 (type: ports) to 1
2026-04-14 07:32:22.352 8 INFO neutron.services.segments.plugin [-] Segment e6f73a65-79c2-441e-9b0b-1b1b3c8e33df resource provider aggregate not found
2026-04-14 07:32:22.355 8 INFO neutron.services.segments.plugin [-] Segment e6f73a65-79c2-441e-9b0b-1b1b3c8e33df resource provider aggregate not found
2026-04-14 07:32:22.378 8 INFO neutron.services.segments.plugin [-] Segment e6f73a65-79c2-441e-9b0b-1b1b3c8e33df resource provider not found; error: Placement Client Error (4xx): {"errors": [{"status": 404, "title": "Not Found", "detail": "The resource could not be found.\n\n No resource provider with uuid e6f73a65-79c2-441e-9b0b-1b1b3c8e33df found for delete ", "request_id": "req-11975d2d-f9ba-4bac-8def-bbf391b0ff6f"}]}
2026-04-14 07:32:22.381 8 INFO neutron.services.segments.plugin [-] Segment e6f73a65-79c2-441e-9b0b-1b1b3c8e33df resource provider not found; error: Placement Client Error (4xx): {"errors": [{"status": 404, "title": "Not Found", "detail": "The resource could not be found.\n\n No resource provider with uuid e6f73a65-79c2-441e-9b0b-1b1b3c8e33df found for delete ", "request_id": "req-b3ae0eda-3c2e-4acc-bb4e-f60b47f508f4"}]} [pid: 8|app: 0|req: 1036/2092] 10.0.0.200 () {32 vars in 725 bytes} [Tue Apr 14 07:32:21 2026] DELETE /v2.0/networks/8c92b2c1-3866-466a-bd31-d635b9ac89f0 => generated 0 bytes in 416 msecs (HTTP/1.1 204) 3 headers in 131 bytes (1 switches on core 0) [pid: 8|app: 0|req: 1037/2093] 10.0.0.200 () {32 vars in 739 bytes} [Tue Apr 14 07:32:22 2026] DELETE /v2.0/security-groups/46e41b64-6323-4a9d-99f0-ebbea9bca98e => generated 0 bytes in 147 msecs (HTTP/1.1 204) 2 headers in 112 bytes (1 switches on core 0)
2026-04-14 07:32:22.669 8 INFO neutron.db.ovn_revision_numbers_db [None req-14213d2b-e389-4a04-a135-8080e70eb1cd ff83ba6aa83941838aa4f1c5c9843158 f55ef1235f6c44ed98367d03f2d56dd3 - - default default] Successfully bumped revision number for resource a146e336-cb6b-4d8c-8bd1-37927917bd38 (type: routers) to 1 [pid: 8|app: 0|req: 1038/2094] 10.0.0.200 () {34 vars in 668 bytes} [Tue Apr 14 07:32:22 2026] POST /v2.0/routers => generated 603 bytes in 126 msecs (HTTP/1.1 201) 4 headers in 162 bytes (1 switches on core 0)
2026-04-14 07:32:22.695 8 INFO neutron.api.v2.resource [None req-0b9e62b5-dfed-4e29-a827-3430a2a22709 5e926c791eae46c5abf27c5c037908a5 4e3a142db4224d22963191849be4636c - - default default] show failed (client error): The resource could not be found. [pid: 8|app: 0|req: 1039/2095] 10.0.0.200 () {32 vars in 736 bytes} [Tue Apr 14 07:32:22 2026] GET /v2.0/security-groups/46e41b64-6323-4a9d-99f0-ebbea9bca98e => generated 146 bytes in 10 msecs (HTTP/1.1 404) 4 headers in 164 bytes (1 switches on core 0)
2026-04-14 07:32:23.053 8 WARNING neutron.scheduler.dhcp_agent_scheduler [None req-c19fbf56-0dad-4e89-ab11-07fe6bdcd6ce ff83ba6aa83941838aa4f1c5c9843158 f55ef1235f6c44ed98367d03f2d56dd3 - - default default] No more DHCP agents
2026-04-14 07:32:23.054 8 WARNING neutron.api.rpc.agentnotifiers.dhcp_rpc_agent_api [None req-c19fbf56-0dad-4e89-ab11-07fe6bdcd6ce ff83ba6aa83941838aa4f1c5c9843158 f55ef1235f6c44ed98367d03f2d56dd3 - - default default] Unable to schedule network ab77530d-b7b8-4e26-b6d4-c8e729d0577f: no agents available; will retry on subsequent port and subnet creation events.
2026-04-14 07:32:23.067 7 WARNING neutron.scheduler.dhcp_agent_scheduler [None req-1702e9d1-0296-470d-ab8f-b2e96deaf8c1 bae675db4d1741068c5a17987be9fde5 cb01deb4e60b4d2087e5c00bb0eff022 - - default default] No more DHCP agents
2026-04-14 07:32:23.068 7 WARNING neutron.api.rpc.agentnotifiers.dhcp_rpc_agent_api [None req-1702e9d1-0296-470d-ab8f-b2e96deaf8c1 bae675db4d1741068c5a17987be9fde5 cb01deb4e60b4d2087e5c00bb0eff022 - - default default] Unable to schedule network ab681521-05af-4a88-b390-753528a8458e: no agents available; will retry on subsequent port and subnet creation events.
2026-04-14 07:32:23.171 8 INFO neutron.plugins.ml2.drivers.ovn.mech_driver.mech_driver [None req-527a9c29-e638-4116-a592-24c6e20a331e - - - - - -] OVN reports status down for port: 580bdf0a-3d36-40b2-b066-3bab1686e84d
2026-04-14 07:32:23.236 8 INFO neutron.db.ovn_revision_numbers_db [None req-c19fbf56-0dad-4e89-ab11-07fe6bdcd6ce ff83ba6aa83941838aa4f1c5c9843158 f55ef1235f6c44ed98367d03f2d56dd3 - - default default] Successfully bumped revision number for resource 580bdf0a-3d36-40b2-b066-3bab1686e84d (type: ports) to 1
2026-04-14 07:32:23.260 7 INFO neutron.services.segments.plugin [-] Segment 297fe446-2584-4cac-be33-b956f5032f6c resource provider aggregate not found
2026-04-14 07:32:23.269 7 INFO neutron.services.segments.plugin [-] Segment 297fe446-2584-4cac-be33-b956f5032f6c resource provider aggregate not found
2026-04-14 07:32:23.284 7 INFO neutron.services.segments.plugin [-] Segment 297fe446-2584-4cac-be33-b956f5032f6c resource provider not found; error: Placement Client Error (4xx): {"errors": [{"status": 404, "title": "Not Found", "detail": "The resource could not be found.\n\n No resource provider with uuid 297fe446-2584-4cac-be33-b956f5032f6c found for delete ", "request_id": "req-e1149fdc-b478-4604-8048-7f28a343e761"}]}
2026-04-14 07:32:23.294 7 INFO neutron.services.segments.plugin [-] Segment 297fe446-2584-4cac-be33-b956f5032f6c resource provider not found; error: Placement Client Error (4xx): {"errors": [{"status": 404, "title": "Not Found", "detail": "The resource could not be found.\n\n No resource provider with uuid 297fe446-2584-4cac-be33-b956f5032f6c found for delete ", "request_id": "req-1e9605f6-3a36-4657-9f8c-4db600ba6984"}]}
2026-04-14 07:32:23.561 7 INFO neutron.db.ovn_revision_numbers_db [None req-1702e9d1-0296-470d-ab8f-b2e96deaf8c1 bae675db4d1741068c5a17987be9fde5 cb01deb4e60b4d2087e5c00bb0eff022 - - default default] Successfully bumped revision number for resource c16f7594-44ca-4cd6-a037-963280c60305 (type: router_ports) to 1 [pid: 7|app: 0|req: 1057/2096] 10.0.0.200 () {34 vars in 782 bytes} [Tue Apr 14 07:32:21 2026] PUT /v2.0/routers/34932e25-1f15-42aa-acab-0e61a8ddd433/add_router_interface => generated 309 bytes in 2110 msecs (HTTP/1.1 200) 4 headers in 157 bytes (1 switches on core 0)
2026-04-14 07:32:23.695 7 INFO neutron_taas.services.taas.taas_plugin [None req-6f203a60-35a1-4b6a-aec0-37b0ee903ae0 5e926c791eae46c5abf27c5c037908a5 4e3a142db4224d22963191849be4636c - - default default] TaaS: Handle Delete Port: 77be57dc-2122-4778-b998-f8b3e3df6c3b
2026-04-14 07:32:23.706 7 INFO neutron_taas.services.taas.tap_mirror_plugin [None req-6f203a60-35a1-4b6a-aec0-37b0ee903ae0 5e926c791eae46c5abf27c5c037908a5 4e3a142db4224d22963191849be4636c - - default default] Tap Mirror: Handle Delete Port: 77be57dc-2122-4778-b998-f8b3e3df6c3b
2026-04-14 07:32:23.728 8 INFO neutron.plugins.ml2.drivers.ovn.mech_driver.mech_driver [None req-527a9c29-e638-4116-a592-24c6e20a331e - - - - - -] OVN reports status up for port: 580bdf0a-3d36-40b2-b066-3bab1686e84d
2026-04-14 07:32:23.758 8 INFO neutron.plugins.ml2.plugin [None req-527a9c29-e638-4116-a592-24c6e20a331e - - - - - -] Attempt 1 to provision port 580bdf0a-3d36-40b2-b066-3bab1686e84d
2026-04-14 07:32:23.879 8 WARNING neutron.scheduler.dhcp_agent_scheduler [None req-c19fbf56-0dad-4e89-ab11-07fe6bdcd6ce ff83ba6aa83941838aa4f1c5c9843158 f55ef1235f6c44ed98367d03f2d56dd3 - - default default] No more DHCP agents
2026-04-14 07:32:23.882 8 WARNING neutron.api.rpc.agentnotifiers.dhcp_rpc_agent_api [None req-c19fbf56-0dad-4e89-ab11-07fe6bdcd6ce ff83ba6aa83941838aa4f1c5c9843158 f55ef1235f6c44ed98367d03f2d56dd3 - - default default] Unable to schedule network ab77530d-b7b8-4e26-b6d4-c8e729d0577f: no agents available; will retry on subsequent port and subnet creation events. [pid: 7|app: 0|req: 1058/2097] 10.0.0.200 () {32 vars in 731 bytes} [Tue Apr 14 07:32:23 2026] DELETE /v2.0/floatingips/982c55f9-a640-4285-9f9a-5faa3b79fe9f => generated 0 bytes in 323 msecs (HTTP/1.1 204) 2 headers in 112 bytes (1 switches on core 0) [pid: 7|app: 0|req: 1059/2098] 10.0.0.200 () {32 vars in 773 bytes} [Tue Apr 14 07:32:23 2026] GET /v2.0/security-groups?tenant_id=f6cceaee685f4129a8cf6395e44138c9&name=default => generated 2925 bytes in 185 msecs (HTTP/1.1 200) 4 headers in 158 bytes (1 switches on core 0)
2026-04-14 07:32:24.311 8 INFO neutron.db.ovn_revision_numbers_db [None req-c19fbf56-0dad-4e89-ab11-07fe6bdcd6ce ff83ba6aa83941838aa4f1c5c9843158 f55ef1235f6c44ed98367d03f2d56dd3 - - default default] Successfully bumped revision number for resource 580bdf0a-3d36-40b2-b066-3bab1686e84d (type: router_ports) to 1 [pid: 8|app: 0|req: 1040/2099] 10.0.0.200 () {34 vars in 782 bytes} [Tue Apr 14 07:32:22 2026] PUT /v2.0/routers/a146e336-cb6b-4d8c-8bd1-37927917bd38/add_router_interface => generated 309 bytes in 1627 msecs (HTTP/1.1 200) 4 headers in 157 bytes (1 switches on core 0)
2026-04-14 07:32:24.512 8 INFO neutron.db.ovn_revision_numbers_db [None req-527a9c29-e638-4116-a592-24c6e20a331e - - - - - -] Successfully bumped revision number for resource 580bdf0a-3d36-40b2-b066-3bab1686e84d (type: ports) to 2
2026-04-14 07:32:24.721 7 WARNING neutron.scheduler.dhcp_agent_scheduler [None req-052b943e-bd45-4a88-88e2-1599ed2cce71 - - - - - -] No more DHCP agents
2026-04-14 07:32:24.723 7 WARNING neutron.api.rpc.agentnotifiers.dhcp_rpc_agent_api [None req-052b943e-bd45-4a88-88e2-1599ed2cce71 - - - - - -] Unable to schedule network 52f50005-cd72-49f0-bd20-6fc768cd0c83: no agents available; will retry on subsequent port and subnet creation events.
2026-04-14 07:32:24.806 8 INFO neutron_taas.services.taas.taas_plugin [None req-550e2be2-7743-4063-9e39-fabd16e4c729 16ab976c88be4eeca7fff6e43f6d0101 253598f179ff4e4cb066921751658a44 - - default default] TaaS: Handle Delete Port: 4a2aba1d-61f2-4db7-9487-d2517d4f72da
2026-04-14 07:32:24.810 8 INFO neutron_taas.services.taas.tap_mirror_plugin [None req-550e2be2-7743-4063-9e39-fabd16e4c729 16ab976c88be4eeca7fff6e43f6d0101 253598f179ff4e4cb066921751658a44 - - default default] Tap Mirror: Handle Delete Port: 4a2aba1d-61f2-4db7-9487-d2517d4f72da
2026-04-14 07:32:24.888 7 INFO neutron.db.ovn_revision_numbers_db [None req-052b943e-bd45-4a88-88e2-1599ed2cce71 - - - - - -] Successfully bumped revision number for resource 692f13e6-3cd9-4dd8-9bff-f3d1007c1640 (type: ports) to 1
2026-04-14 07:32:25.143 7 INFO neutron.db.ovn_revision_numbers_db [None req-052b943e-bd45-4a88-88e2-1599ed2cce71 - - - - - -] Successfully bumped revision number for resource 692f13e6-3cd9-4dd8-9bff-f3d1007c1640 (type: ports) to 3
2026-04-14 07:32:25.204 7 INFO neutron.db.segments_db [None req-052b943e-bd45-4a88-88e2-1599ed2cce71 - - - - - -] Added segment 72329389-c5dc-4a7a-a507-77db4d81b6f2 of type geneve for network 071b2241-f61d-450c-b7cc-1cd02e4367ef
2026-04-14 07:32:25.318 7 INFO neutron.db.ovn_revision_numbers_db [None req-7129a822-d011-4e31-bfcb-60a50554d3d6 - - - - - -] Successfully bumped revision number for resource 071b2241-f61d-450c-b7cc-1cd02e4367ef (type: networks) to 1
2026-04-14 07:32:25.465 7 WARNING neutron.scheduler.dhcp_agent_scheduler [None req-7129a822-d011-4e31-bfcb-60a50554d3d6 - - - - - -] No more DHCP agents
2026-04-14 07:32:25.466 7 WARNING neutron.api.rpc.agentnotifiers.dhcp_rpc_agent_api [None req-7129a822-d011-4e31-bfcb-60a50554d3d6 - - - - - -] Unable to schedule network 071b2241-f61d-450c-b7cc-1cd02e4367ef: no agents available; will retry on subsequent port and subnet creation events. [pid: 8|app: 0|req: 1041/2100] 10.0.0.200 () {34 vars in 788 bytes} [Tue Apr 14 07:32:24 2026] PUT /v2.0/routers/a34ce1e2-8a0d-483a-934c-87b9e5ecd55a/remove_router_interface => generated 309 bytes in 1185 msecs (HTTP/1.1 200) 4 headers in 157 bytes (1 switches on core 0) /var/lib/openstack/lib/python3.12/site-packages/pycadf/identifier.py:70: UserWarning: Invalid uuid: neutron. To ensure interoperability, identifiers should be a valid uuid. warnings.warn(('Invalid uuid: %s. To ensure interoperability, '
2026-04-14 07:32:25.576 7 INFO neutron.db.ovn_revision_numbers_db [None req-7129a822-d011-4e31-bfcb-60a50554d3d6 - - - - - -] Successfully bumped revision number for resource d70c168e-c375-4977-8b6a-bba5fbdeb404 (type: ports) to 1
2026-04-14 07:32:25.717 7 WARNING neutron.scheduler.dhcp_agent_scheduler [None req-7129a822-d011-4e31-bfcb-60a50554d3d6 - - - - - -] No more DHCP agents
2026-04-14 07:32:25.718 7 WARNING neutron.api.rpc.agentnotifiers.dhcp_rpc_agent_api [None req-7129a822-d011-4e31-bfcb-60a50554d3d6 - - - - - -] Unable to schedule network 071b2241-f61d-450c-b7cc-1cd02e4367ef: no agents available; will retry on subsequent port and subnet creation events.
2026-04-14 07:32:25.751 7 INFO neutron.db.ovn_revision_numbers_db [None req-7129a822-d011-4e31-bfcb-60a50554d3d6 - - - - - -] Successfully bumped revision number for resource 0f8fdee4-cb5c-499d-ba10-33ae5c1281aa (type: subnets) to 0 [pid: 8|app: 0|req: 1042/2101] 10.0.0.200 () {32 vars in 739 bytes} [Tue Apr 14 07:32:25 2026] DELETE /v2.0/security-groups/fdcba988-fffc-408e-b36c-120eb48bad8f => generated 0 bytes in 251 msecs (HTTP/1.1 204) 2 headers in 112 bytes (1 switches on core 0) [pid: 8|app: 0|req: 1043/2102] 10.0.0.200 () {32 vars in 716 bytes} [Tue Apr 14 07:32:25 2026] GET /v2.0/ports/580bdf0a-3d36-40b2-b066-3bab1686e84d => generated 943 bytes in 40 msecs (HTTP/1.1 200) 4 headers in 157 bytes (1 switches on core 0)
2026-04-14 07:32:26.006 7 WARNING neutron.plugins.ml2.drivers.ovn.mech_driver.ovsdb.ovn_client [None req-826862c9-55dd-421c-bbaa-d0c8c8b418a0 - - - - - -] No hosting information found for port db550eec-8104-4ace-8a21-bcb475ea57b5: RuntimeError: No hosting information found for port db550eec-8104-4ace-8a21-bcb475ea57b5
2026-04-14 07:32:26.007 7 INFO neutron.plugins.ml2.drivers.ovn.mech_driver.mech_driver [None req-826862c9-55dd-421c-bbaa-d0c8c8b418a0 - - - - - -] OVN reports status down for port: c16f7594-44ca-4cd6-a037-963280c60305
2026-04-14 07:32:26.151 8 INFO neutron_taas.services.taas.taas_plugin [None req-d61f6d45-5f00-4d74-aee2-64874fd005ff 16ab976c88be4eeca7fff6e43f6d0101 253598f179ff4e4cb066921751658a44 - - default default] TaaS: Handle Delete Port: c1f6968a-6324-4bfa-839f-6ecc24c9852c
