2026-04-22 21:49:42.630 7 WARNING neutron.scheduler.dhcp_agent_scheduler [None req-cc42e125-8e39-418e-a042-516603340baa fa402af0d1cb4acf836c671831b0e35b bda224aad01245169d6a2c3f79402507 - - default default] No more DHCP agents
2026-04-22 21:49:42.631 7 WARNING neutron.api.rpc.agentnotifiers.dhcp_rpc_agent_api [None req-cc42e125-8e39-418e-a042-516603340baa fa402af0d1cb4acf836c671831b0e35b bda224aad01245169d6a2c3f79402507 - - default default] Unable to schedule network 80e38059-b12d-4d58-b7a9-6191e3b3b7f0: no agents available; will retry on subsequent port and subnet creation events.
2026-04-22 21:49:42.687 6 INFO neutron.plugins.ml2.drivers.ovn.mech_driver.mech_driver [None req-d420c180-4534-4f7a-92f0-4422afec9aec - - - - - -] OVN reports status down for port: be2c8f6e-3d55-40c8-9d9c-e57ec147e4d4
2026-04-22 21:49:42.703 7 INFO neutron.db.ovn_revision_numbers_db [None req-cc42e125-8e39-418e-a042-516603340baa fa402af0d1cb4acf836c671831b0e35b bda224aad01245169d6a2c3f79402507 - - default default] Successfully bumped revision number for resource be2c8f6e-3d55-40c8-9d9c-e57ec147e4d4 (type: ports) to 1 [pid: 7|app: 0|req: 935/1815] 10.0.0.227 () {34 vars in 670 bytes} [Wed Apr 22 21:49:42 2026] POST /v2.0/networks => generated 663 bytes in 460 msecs (HTTP/1.1 201) 4 headers in 162 bytes (1 switches on core 0)
2026-04-22 21:49:42.849 7 INFO neutron.db.ovn_revision_numbers_db [None req-7cf3bdc6-fd15-4fd8-b626-7f741958aea6 fa402af0d1cb4acf836c671831b0e35b bda224aad01245169d6a2c3f79402507 - - default default] Successfully bumped revision number for resource 80e38059-b12d-4d58-b7a9-6191e3b3b7f0 (type: networks) to 2 [pid: 7|app: 0|req: 936/1816] 10.0.0.227 () {34 vars in 743 bytes} [Wed Apr 22 21:49:42 2026] PUT /v2.0/networks/80e38059-b12d-4d58-b7a9-6191e3b3b7f0 => generated 636 bytes in 123 msecs (HTTP/1.1 200) 4 headers in 157 bytes (1 switches on core 0)
2026-04-22 21:49:42.908 6 INFO neutron.db.ovn_revision_numbers_db [None req-639f11e5-63d0-46fb-a5f6-461cd15d9f35 a80734ee93c74845974f401269a2fb6e 82649db481cf4f3597bbc1450e43a478 - - default default] Successfully bumped revision number for resource d720098e-ffdd-419c-846f-2ee9eee382f1 (type: security_groups) to 1
2026-04-22 21:49:42.920 6 INFO neutron.db.ovn_revision_numbers_db [None req-639f11e5-63d0-46fb-a5f6-461cd15d9f35 a80734ee93c74845974f401269a2fb6e 82649db481cf4f3597bbc1450e43a478 - - default default] Successfully bumped revision number for resource 5beae85b-eec4-4bf3-aad1-c46a047dad14 (type: security_group_rules) to 0
2026-04-22 21:49:42.935 6 INFO neutron.db.ovn_revision_numbers_db [None req-639f11e5-63d0-46fb-a5f6-461cd15d9f35 a80734ee93c74845974f401269a2fb6e 82649db481cf4f3597bbc1450e43a478 - - default default] Successfully bumped revision number for resource 66ccc768-46a6-481f-b5d1-367fe84c4cff (type: security_group_rules) to 0
2026-04-22 21:49:42.950 6 INFO neutron.db.ovn_revision_numbers_db [None req-639f11e5-63d0-46fb-a5f6-461cd15d9f35 a80734ee93c74845974f401269a2fb6e 82649db481cf4f3597bbc1450e43a478 - - default default] Successfully bumped revision number for resource 94c7e441-6ca5-4817-99e8-f7a2673a7c49 (type: security_group_rules) to 0
2026-04-22 21:49:42.965 6 INFO neutron.db.ovn_revision_numbers_db [None req-639f11e5-63d0-46fb-a5f6-461cd15d9f35 a80734ee93c74845974f401269a2fb6e 82649db481cf4f3597bbc1450e43a478 - - default default] Successfully bumped revision number for resource d4cb4be3-6706-4061-aa9d-3719792a5def (type: security_group_rules) to 0
2026-04-22 21:49:43.047 6 INFO neutron.db.segments_db [None req-639f11e5-63d0-46fb-a5f6-461cd15d9f35 a80734ee93c74845974f401269a2fb6e 82649db481cf4f3597bbc1450e43a478 - - default default] Added segment 8ca034ae-74e3-4f10-9d11-3df7a5bb8750 of type geneve for network 968a383f-675d-4c85-86ed-3de7578e94f2
2026-04-22 21:49:43.058 7 WARNING neutron.scheduler.dhcp_agent_scheduler [None req-dfe87630-b790-43d2-91e3-95e3552a9e90 fa402af0d1cb4acf836c671831b0e35b bda224aad01245169d6a2c3f79402507 - - default default] No more DHCP agents
2026-04-22 21:49:43.059 7 WARNING neutron.api.rpc.agentnotifiers.dhcp_rpc_agent_api [None req-dfe87630-b790-43d2-91e3-95e3552a9e90 fa402af0d1cb4acf836c671831b0e35b bda224aad01245169d6a2c3f79402507 - - default default] Unable to schedule network 80e38059-b12d-4d58-b7a9-6191e3b3b7f0: no agents available; will retry on subsequent port and subnet creation events.
2026-04-22 21:49:43.175 6 INFO neutron.db.ovn_revision_numbers_db [None req-639f11e5-63d0-46fb-a5f6-461cd15d9f35 a80734ee93c74845974f401269a2fb6e 82649db481cf4f3597bbc1450e43a478 - - default default] Successfully bumped revision number for resource 968a383f-675d-4c85-86ed-3de7578e94f2 (type: networks) to 1
2026-04-22 21:49:43.366 6 WARNING neutron.scheduler.dhcp_agent_scheduler [None req-639f11e5-63d0-46fb-a5f6-461cd15d9f35 a80734ee93c74845974f401269a2fb6e 82649db481cf4f3597bbc1450e43a478 - - default default] No more DHCP agents
2026-04-22 21:49:43.368 6 WARNING neutron.api.rpc.agentnotifiers.dhcp_rpc_agent_api [None req-639f11e5-63d0-46fb-a5f6-461cd15d9f35 a80734ee93c74845974f401269a2fb6e 82649db481cf4f3597bbc1450e43a478 - - default default] Unable to schedule network 968a383f-675d-4c85-86ed-3de7578e94f2: no agents available; will retry on subsequent port and subnet creation events.
2026-04-22 21:49:43.428 7 INFO neutron.plugins.ml2.drivers.ovn.mech_driver.mech_driver [None req-d47933b6-57a3-4ac7-ae54-b59b1db62088 - - - - - -] OVN reports status down for port: 24aa408b-138d-4e50-9850-d7743dd4ba82
2026-04-22 21:49:43.473 6 INFO neutron.db.ovn_revision_numbers_db [None req-639f11e5-63d0-46fb-a5f6-461cd15d9f35 a80734ee93c74845974f401269a2fb6e 82649db481cf4f3597bbc1450e43a478 - - default default] Successfully bumped revision number for resource 24aa408b-138d-4e50-9850-d7743dd4ba82 (type: ports) to 1 [pid: 6|app: 0|req: 881/1817] 10.0.0.227 () {34 vars in 670 bytes} [Wed Apr 22 21:49:42 2026] POST /v2.0/networks => generated 664 bytes in 940 msecs (HTTP/1.1 201) 4 headers in 162 bytes (1 switches on core 0) [pid: 6|app: 0|req: 882/1818] 10.0.0.225 () {34 vars in 990 bytes} [Wed Apr 22 21:49:43 2026] GET /v2.0/ports?device_id=f86f1157-7fc0-4292-851e-384b70416e05 => generated 12 bytes in 33 msecs (HTTP/1.1 200) 4 headers in 156 bytes (1 switches on core 0)
2026-04-22 21:49:43.589 7 INFO neutron.db.ovn_revision_numbers_db [None req-846c6039-be67-4d5e-b21c-c1f04e09caa6 - - - - - -] Successfully bumped revision number for resource be2c8f6e-3d55-40c8-9d9c-e57ec147e4d4 (type: ports) to 2
2026-04-22 21:49:43.621 7 INFO neutron.db.ovn_revision_numbers_db [None req-846c6039-be67-4d5e-b21c-c1f04e09caa6 - - - - - -] Successfully bumped revision number for resource 3a781881-8617-47e9-9c5d-9f06cc12e08d (type: subnets) to 0 [pid: 7|app: 0|req: 937/1819] 10.0.0.227 () {34 vars in 669 bytes} [Wed Apr 22 21:49:42 2026] POST /v2.0/subnets => generated 626 bytes in 777 msecs (HTTP/1.1 201) 4 headers in 162 bytes (1 switches on core 0)
2026-04-22 21:49:43.758 6 WARNING neutron.scheduler.dhcp_agent_scheduler [None req-61df31bb-aac2-4778-875c-3356b840089f a80734ee93c74845974f401269a2fb6e 82649db481cf4f3597bbc1450e43a478 - - default default] No more DHCP agents
2026-04-22 21:49:43.759 6 WARNING neutron.api.rpc.agentnotifiers.dhcp_rpc_agent_api [None req-61df31bb-aac2-4778-875c-3356b840089f a80734ee93c74845974f401269a2fb6e 82649db481cf4f3597bbc1450e43a478 - - default default] Unable to schedule network 968a383f-675d-4c85-86ed-3de7578e94f2: no agents available; will retry on subsequent port and subnet creation events.
2026-04-22 21:49:43.831 7 INFO neutron.plugins.ml2.drivers.ovn.mech_driver.mech_driver [None req-d47933b6-57a3-4ac7-ae54-b59b1db62088 - - - - - -] OVN reports status down for port: 43ffe45a-0b8d-47c0-8669-0c754afe6522
2026-04-22 21:49:43.855 6 INFO neutron.db.ovn_revision_numbers_db [None req-61df31bb-aac2-4778-875c-3356b840089f a80734ee93c74845974f401269a2fb6e 82649db481cf4f3597bbc1450e43a478 - - default default] Successfully bumped revision number for resource 43ffe45a-0b8d-47c0-8669-0c754afe6522 (type: ports) to 1 [pid: 6|app: 0|req: 883/1820] 10.0.0.227 () {34 vars in 665 bytes} [Wed Apr 22 21:49:43 2026] POST /v2.0/ports => generated 774 bytes in 349 msecs (HTTP/1.1 201) 4 headers in 162 bytes (1 switches on core 0) /var/lib/openstack/lib/python3.12/site-packages/pycadf/identifier.py:70: UserWarning: Invalid uuid: neutron. To ensure interoperability, identifiers should be a valid uuid. warnings.warn(('Invalid uuid: %s. To ensure interoperability, '
2026-04-22 21:49:43.941 7 INFO neutron.db.ovn_revision_numbers_db [None req-bf8c38cd-1d2a-4757-9f5e-adfdac4129a7 fa402af0d1cb4acf836c671831b0e35b bda224aad01245169d6a2c3f79402507 - - default default] Successfully bumped revision number for resource 3a781881-8617-47e9-9c5d-9f06cc12e08d (type: subnets) to 1 [pid: 7|app: 0|req: 938/1821] 10.0.0.227 () {34 vars in 741 bytes} [Wed Apr 22 21:49:43 2026] PUT /v2.0/subnets/3a781881-8617-47e9-9c5d-9f06cc12e08d => generated 636 bytes in 309 msecs (HTTP/1.1 200) 4 headers in 157 bytes (1 switches on core 0)
2026-04-22 21:49:43.993 6 INFO neutron.db.segments_db [None req-df4772d9-b6ea-498d-9886-8d22ad41fa93 a80734ee93c74845974f401269a2fb6e 82649db481cf4f3597bbc1450e43a478 - - default default] Added segment d0266345-2092-4208-aa36-7eea62ddbf1d of type geneve for network fd7c8d77-61be-4f67-ab47-618404457f91
2026-04-22 21:49:44.096 7 INFO neutron_taas.services.taas.taas_plugin [None req-37b89e26-d2ce-4b51-aeaa-4426e9451835 fa402af0d1cb4acf836c671831b0e35b bda224aad01245169d6a2c3f79402507 - - default default] TaaS: Handle Delete Port: be2c8f6e-3d55-40c8-9d9c-e57ec147e4d4
2026-04-22 21:49:44.099 7 INFO neutron_taas.services.taas.tap_mirror_plugin [None req-37b89e26-d2ce-4b51-aeaa-4426e9451835 fa402af0d1cb4acf836c671831b0e35b bda224aad01245169d6a2c3f79402507 - - default default] Tap Mirror: Handle Delete Port: be2c8f6e-3d55-40c8-9d9c-e57ec147e4d4
2026-04-22 21:49:44.113 6 INFO neutron.db.ovn_revision_numbers_db [None req-df4772d9-b6ea-498d-9886-8d22ad41fa93 a80734ee93c74845974f401269a2fb6e 82649db481cf4f3597bbc1450e43a478 - - default default] Successfully bumped revision number for resource fd7c8d77-61be-4f67-ab47-618404457f91 (type: networks) to 1
2026-04-22 21:49:44.279 6 WARNING neutron.scheduler.dhcp_agent_scheduler [None req-df4772d9-b6ea-498d-9886-8d22ad41fa93 a80734ee93c74845974f401269a2fb6e 82649db481cf4f3597bbc1450e43a478 - - default default] No more DHCP agents
2026-04-22 21:49:44.281 6 WARNING neutron.api.rpc.agentnotifiers.dhcp_rpc_agent_api [None req-df4772d9-b6ea-498d-9886-8d22ad41fa93 a80734ee93c74845974f401269a2fb6e 82649db481cf4f3597bbc1450e43a478 - - default default] Unable to schedule network fd7c8d77-61be-4f67-ab47-618404457f91: no agents available; will retry on subsequent port and subnet creation events.
2026-04-22 21:49:44.325 6 INFO neutron.plugins.ml2.drivers.ovn.mech_driver.mech_driver [None req-d420c180-4534-4f7a-92f0-4422afec9aec - - - - - -] OVN reports status down for port: 55b37bdc-f784-4289-9f72-dcd047c57316
2026-04-22 21:49:44.411 7 INFO neutron.services.segments.plugin [-] Segment 265452c7-7eef-4a3e-afd2-c633acd8d959 resource provider aggregate not found
2026-04-22 21:49:44.415 7 INFO neutron.services.segments.plugin [-] Segment 265452c7-7eef-4a3e-afd2-c633acd8d959 resource provider aggregate not found
2026-04-22 21:49:44.423 6 INFO neutron.db.ovn_revision_numbers_db [None req-df4772d9-b6ea-498d-9886-8d22ad41fa93 a80734ee93c74845974f401269a2fb6e 82649db481cf4f3597bbc1450e43a478 - - default default] Successfully bumped revision number for resource 55b37bdc-f784-4289-9f72-dcd047c57316 (type: ports) to 1
2026-04-22 21:49:44.439 7 INFO neutron.services.segments.plugin [-] Segment 265452c7-7eef-4a3e-afd2-c633acd8d959 resource provider not found; error: Placement Client Error (4xx): {"errors": [{"status": 404, "title": "Not Found", "detail": "The resource could not be found.\n\n No resource provider with uuid 265452c7-7eef-4a3e-afd2-c633acd8d959 found for delete ", "request_id": "req-8a5cc655-36c6-4344-8e17-c94c093313bb"}]}
2026-04-22 21:49:44.442 7 INFO neutron.services.segments.plugin [-] Segment 265452c7-7eef-4a3e-afd2-c633acd8d959 resource provider not found; error: Placement Client Error (4xx): {"errors": [{"status": 404, "title": "Not Found", "detail": "The resource could not be found.\n\n No resource provider with uuid 265452c7-7eef-4a3e-afd2-c633acd8d959 found for delete ", "request_id": "req-9d4faa6b-fcb4-4996-8c9c-6f0ba8fc61e9"}]} [pid: 6|app: 0|req: 884/1822] 10.0.0.227 () {34 vars in 670 bytes} [Wed Apr 22 21:49:43 2026] POST /v2.0/networks => generated 650 bytes in 556 msecs (HTTP/1.1 201) 4 headers in 162 bytes (1 switches on core 0) [pid: 7|app: 0|req: 939/1823] 10.0.0.227 () {32 vars in 726 bytes} [Wed Apr 22 21:49:43 2026] DELETE /v2.0/networks/80e38059-b12d-4d58-b7a9-6191e3b3b7f0 => generated 0 bytes in 517 msecs (HTTP/1.1 204) 3 headers in 131 bytes (1 switches on core 0)
2026-04-22 21:49:44.490 7 INFO neutron.pecan_wsgi.hooks.translation [None req-60b90b18-122c-48cd-aaa3-2f60cd96b793 fa402af0d1cb4acf836c671831b0e35b bda224aad01245169d6a2c3f79402507 - - default default] DELETE failed (client error): The resource could not be found. [pid: 7|app: 0|req: 940/1824] 10.0.0.227 () {32 vars in 726 bytes} [Wed Apr 22 21:49:44 2026] DELETE /v2.0/networks/80e38059-b12d-4d58-b7a9-6191e3b3b7f0 => generated 138 bytes in 16 msecs (HTTP/1.1 404) 4 headers in 164 bytes (1 switches on core 0) [pid: 7|app: 0|req: 941/1825] 10.0.0.227 () {32 vars in 694 bytes} [Wed Apr 22 21:49:44 2026] GET /v2.0/networks?router%3Aexternal=True => generated 689 bytes in 47 msecs (HTTP/1.1 200) 4 headers in 157 bytes (1 switches on core 0) [pid: 7|app: 0|req: 942/1826] 10.0.0.227 () {32 vars in 742 bytes} [Wed Apr 22 21:49:44 2026] GET /v2.0/subnets?network_id=7213bfb3-f84f-45b1-ac9a-144ea8b20273 => generated 649 bytes in 33 msecs (HTTP/1.1 200) 4 headers in 157 bytes (1 switches on core 0) [pid: 7|app: 0|req: 943/1827] 10.0.0.227 () {32 vars in 653 bytes} [Wed Apr 22 21:49:44 2026] GET /v2.0/extensions => generated 20541 bytes in 6 msecs (HTTP/1.1 200) 4 headers in 159 bytes (1 switches on core 0) [pid: 7|app: 0|req: 944/1828] 10.0.0.227 () {32 vars in 649 bytes} [Wed Apr 22 21:49:44 2026] GET /v2.0/networks => generated 1384 bytes in 45 msecs (HTTP/1.1 200) 4 headers in 158 bytes (1 switches on core 0) [pid: 7|app: 0|req: 945/1829] 10.0.0.225 () {34 vars in 990 bytes} [Wed Apr 22 21:49:44 2026] GET /v2.0/ports?device_id=f86f1157-7fc0-4292-851e-384b70416e05 => generated 12 bytes in 17 msecs (HTTP/1.1 200) 4 headers in 156 bytes (1 switches on core 0)
2026-04-22 21:49:44.695 6 WARNING neutron.scheduler.dhcp_agent_scheduler [None req-57c82654-62ad-40fa-a110-d2e306ffea4c a80734ee93c74845974f401269a2fb6e 82649db481cf4f3597bbc1450e43a478 - - default default] No more DHCP agents
2026-04-22 21:49:44.697 6 WARNING neutron.api.rpc.agentnotifiers.dhcp_rpc_agent_api [None req-57c82654-62ad-40fa-a110-d2e306ffea4c a80734ee93c74845974f401269a2fb6e 82649db481cf4f3597bbc1450e43a478 - - default default] Unable to schedule network fd7c8d77-61be-4f67-ab47-618404457f91: no agents available; will retry on subsequent port and subnet creation events. [pid: 7|app: 0|req: 946/1830] 10.0.0.227 () {32 vars in 647 bytes} [Wed Apr 22 21:49:44 2026] GET /v2.0/subnets => generated 1280 bytes in 30 msecs (HTTP/1.1 200) 4 headers in 158 bytes (1 switches on core 0) [pid: 7|app: 0|req: 947/1831] 10.0.0.227 () {32 vars in 723 bytes} [Wed Apr 22 21:49:44 2026] GET /v2.0/networks/9c5d7b17-89ee-4043-970d-72a1020a2682 => generated 706 bytes in 53 msecs (HTTP/1.1 200) 4 headers in 157 bytes (1 switches on core 0) [pid: 7|app: 0|req: 948/1832] 10.0.0.227 () {32 vars in 721 bytes} [Wed Apr 22 21:49:44 2026] GET /v2.0/subnets/737c6107-2d1d-4218-9a08-7043a82f740b => generated 641 bytes in 24 msecs (HTTP/1.1 200) 4 headers in 157 bytes (1 switches on core 0)
2026-04-22 21:49:44.800 7 INFO neutron.pecan_wsgi.hooks.translation [None req-7bfebc10-5bb6-4809-9b57-ad3dd239b5b2 fa402af0d1cb4acf836c671831b0e35b bda224aad01245169d6a2c3f79402507 - - default default] DELETE failed (client error): The resource could not be found. [pid: 7|app: 0|req: 949/1833] 10.0.0.227 () {32 vars in 724 bytes} [Wed Apr 22 21:49:44 2026] DELETE /v2.0/subnets/3a781881-8617-47e9-9c5d-9f06cc12e08d => generated 136 bytes in 12 msecs (HTTP/1.1 404) 4 headers in 164 bytes (1 switches on core 0)
2026-04-22 21:49:44.830 7 INFO neutron.pecan_wsgi.hooks.translation [None req-a1436fe9-a469-4bfd-8b4a-fc25ba7419c3 fa402af0d1cb4acf836c671831b0e35b bda224aad01245169d6a2c3f79402507 - - default default] DELETE failed (client error): The resource could not be found. [pid: 7|app: 0|req: 950/1834] 10.0.0.227 () {32 vars in 726 bytes} [Wed Apr 22 21:49:44 2026] DELETE /v2.0/networks/80e38059-b12d-4d58-b7a9-6191e3b3b7f0 => generated 138 bytes in 29 msecs (HTTP/1.1 404) 4 headers in 164 bytes (1 switches on core 0) [pid: 7|app: 0|req: 951/1835] 10.0.0.227 () {32 vars in 724 bytes} [Wed Apr 22 21:49:44 2026] DELETE /v2.0/subnets/737c6107-2d1d-4218-9a08-7043a82f740b => generated 0 bytes in 160 msecs (HTTP/1.1 204) 3 headers in 131 bytes (1 switches on core 0)
2026-04-22 21:49:45.121 7 INFO neutron_taas.services.taas.taas_plugin [None req-191caf1b-a890-456d-bccb-f0940efb8156 fa402af0d1cb4acf836c671831b0e35b bda224aad01245169d6a2c3f79402507 - - default default] TaaS: Handle Delete Port: 02448624-1b2b-4465-bb10-18b0b82757f8
2026-04-22 21:49:45.125 7 INFO neutron_taas.services.taas.tap_mirror_plugin [None req-191caf1b-a890-456d-bccb-f0940efb8156 fa402af0d1cb4acf836c671831b0e35b bda224aad01245169d6a2c3f79402507 - - default default] Tap Mirror: Handle Delete Port: 02448624-1b2b-4465-bb10-18b0b82757f8
2026-04-22 21:49:45.147 6 INFO neutron.db.ovn_revision_numbers_db [None req-0578a660-8014-4736-b474-fbfbc58b376d - - - - - -] Successfully bumped revision number for resource 55b37bdc-f784-4289-9f72-dcd047c57316 (type: ports) to 2
2026-04-22 21:49:45.192 6 INFO neutron.db.ovn_revision_numbers_db [None req-0578a660-8014-4736-b474-fbfbc58b376d - - - - - -] Successfully bumped revision number for resource 76afe116-5c13-4260-a589-1eb0eac2960b (type: subnets) to 0 [pid: 6|app: 0|req: 885/1836] 10.0.0.227 () {34 vars in 669 bytes} [Wed Apr 22 21:49:44 2026] POST /v2.0/subnets => generated 626 bytes in 749 msecs (HTTP/1.1 201) 4 headers in 162 bytes (1 switches on core 0) [pid: 7|app: 0|req: 952/1837] 10.0.0.227 () {32 vars in 726 bytes} [Wed Apr 22 21:49:45 2026] DELETE /v2.0/networks/9c5d7b17-89ee-4043-970d-72a1020a2682 => generated 0 bytes in 340 msecs (HTTP/1.1 204) 3 headers in 131 bytes (1 switches on core 0)
2026-04-22 21:49:45.505 6 WARNING neutron.scheduler.dhcp_agent_scheduler [None req-5de96433-8563-43b0-aaf1-5fd837afe864 a80734ee93c74845974f401269a2fb6e 82649db481cf4f3597bbc1450e43a478 - - default default] No more DHCP agents
2026-04-22 21:49:45.506 6 WARNING neutron.api.rpc.agentnotifiers.dhcp_rpc_agent_api [None req-5de96433-8563-43b0-aaf1-5fd837afe864 a80734ee93c74845974f401269a2fb6e 82649db481cf4f3597bbc1450e43a478 - - default default] Unable to schedule network fd7c8d77-61be-4f67-ab47-618404457f91: no agents available; will retry on subsequent port and subnet creation events.
2026-04-22 21:49:45.600 6 INFO neutron.plugins.ml2.drivers.ovn.mech_driver.mech_driver [None req-d420c180-4534-4f7a-92f0-4422afec9aec - - - - - -] OVN reports status down for port: 0faec431-998c-49d2-8d95-d6962643bd66
2026-04-22 21:49:45.669 6 INFO neutron.db.ovn_revision_numbers_db [None req-5de96433-8563-43b0-aaf1-5fd837afe864 a80734ee93c74845974f401269a2fb6e 82649db481cf4f3597bbc1450e43a478 - - default default] Successfully bumped revision number for resource 0faec431-998c-49d2-8d95-d6962643bd66 (type: ports) to 1
2026-04-22 21:49:45.719 7 INFO neutron.db.ovn_revision_numbers_db [None req-484ad7f6-3746-404f-964a-36b6cb837c32 a78a7a6d9d8f49799b78c47faedb4e52 1d04e5592e94424d90a5fff4a8c4cc43 - - default default] Successfully bumped revision number for resource 08934f97-f102-4c55-9bb4-ab071a1511d5 (type: security_groups) to 1
2026-04-22 21:49:45.733 7 INFO neutron.db.ovn_revision_numbers_db [None req-484ad7f6-3746-404f-964a-36b6cb837c32 a78a7a6d9d8f49799b78c47faedb4e52 1d04e5592e94424d90a5fff4a8c4cc43 - - default default] Successfully bumped revision number for resource 153c81d7-8d0a-40ac-a13d-1abb14ba0e82 (type: security_group_rules) to 0 [pid: 6|app: 0|req: 886/1838] 10.0.0.227 () {34 vars in 665 bytes} [Wed Apr 22 21:49:45 2026] POST /v2.0/ports => generated 953 bytes in 511 msecs (HTTP/1.1 201) 4 headers in 162 bytes (1 switches on core 0) /var/lib/openstack/lib/python3.12/site-packages/pycadf/identifier.py:70: UserWarning: Invalid uuid: neutron. To ensure interoperability, identifiers should be a valid uuid. warnings.warn(('Invalid uuid: %s. To ensure interoperability, '
2026-04-22 21:49:45.759 7 INFO neutron.db.ovn_revision_numbers_db [None req-484ad7f6-3746-404f-964a-36b6cb837c32 a78a7a6d9d8f49799b78c47faedb4e52 1d04e5592e94424d90a5fff4a8c4cc43 - - default default] Successfully bumped revision number for resource 2307c878-2465-4f98-8d50-a4d1f1d86cb0 (type: security_group_rules) to 0
2026-04-22 21:49:45.775 7 INFO neutron.db.ovn_revision_numbers_db [None req-484ad7f6-3746-404f-964a-36b6cb837c32 a78a7a6d9d8f49799b78c47faedb4e52 1d04e5592e94424d90a5fff4a8c4cc43 - - default default] Successfully bumped revision number for resource 472f506a-6b49-434b-886e-0361f6d7047a (type: security_group_rules) to 0
2026-04-22 21:49:45.789 7 INFO neutron.db.ovn_revision_numbers_db [None req-484ad7f6-3746-404f-964a-36b6cb837c32 a78a7a6d9d8f49799b78c47faedb4e52 1d04e5592e94424d90a5fff4a8c4cc43 - - default default] Successfully bumped revision number for resource f42b34f6-32ee-4321-a975-758068ae0c25 (type: security_group_rules) to 0
2026-04-22 21:49:45.864 7 INFO neutron.db.segments_db [None req-484ad7f6-3746-404f-964a-36b6cb837c32 a78a7a6d9d8f49799b78c47faedb4e52 1d04e5592e94424d90a5fff4a8c4cc43 - - default default] Added segment 4fca1b72-6992-4366-ae23-1580289ea90b of type geneve for network 812688df-6db6-46e6-bb3d-d351015f8135
2026-04-22 21:49:45.873 6 INFO neutron_taas.services.taas.taas_plugin [None req-6e19fe61-9040-41d0-b3a0-f343068a26e9 a80734ee93c74845974f401269a2fb6e 82649db481cf4f3597bbc1450e43a478 - - default default] TaaS: Handle Delete Port: 0faec431-998c-49d2-8d95-d6962643bd66
2026-04-22 21:49:45.876 6 INFO neutron_taas.services.taas.tap_mirror_plugin [None req-6e19fe61-9040-41d0-b3a0-f343068a26e9 a80734ee93c74845974f401269a2fb6e 82649db481cf4f3597bbc1450e43a478 - - default default] Tap Mirror: Handle Delete Port: 0faec431-998c-49d2-8d95-d6962643bd66
2026-04-22 21:49:45.975 7 INFO neutron.db.ovn_revision_numbers_db [None req-484ad7f6-3746-404f-964a-36b6cb837c32 a78a7a6d9d8f49799b78c47faedb4e52 1d04e5592e94424d90a5fff4a8c4cc43 - - default default] Successfully bumped revision number for resource 812688df-6db6-46e6-bb3d-d351015f8135 (type: networks) to 1 [pid: 6|app: 0|req: 887/1839] 10.0.0.227 () {32 vars in 720 bytes} [Wed Apr 22 21:49:45 2026] DELETE /v2.0/ports/0faec431-998c-49d2-8d95-d6962643bd66 => generated 0 bytes in 344 msecs (HTTP/1.1 204) 3 headers in 131 bytes (1 switches on core 0)
2026-04-22 21:49:46.149 7 WARNING neutron.scheduler.dhcp_agent_scheduler [None req-484ad7f6-3746-404f-964a-36b6cb837c32 a78a7a6d9d8f49799b78c47faedb4e52 1d04e5592e94424d90a5fff4a8c4cc43 - - default default] No more DHCP agents
2026-04-22 21:49:46.150 7 WARNING neutron.api.rpc.agentnotifiers.dhcp_rpc_agent_api [None req-484ad7f6-3746-404f-964a-36b6cb837c32 a78a7a6d9d8f49799b78c47faedb4e52 1d04e5592e94424d90a5fff4a8c4cc43 - - default default] Unable to schedule network 812688df-6db6-46e6-bb3d-d351015f8135: no agents available; will retry on subsequent port and subnet creation events.
2026-04-22 21:49:46.205 6 INFO neutron.plugins.ml2.drivers.ovn.mech_driver.mech_driver [None req-d420c180-4534-4f7a-92f0-4422afec9aec - - - - - -] OVN reports status down for port: a1385db9-3055-459b-b9bf-cb943578c845
2026-04-22 21:49:46.219 7 INFO neutron.db.ovn_revision_numbers_db [None req-484ad7f6-3746-404f-964a-36b6cb837c32 a78a7a6d9d8f49799b78c47faedb4e52 1d04e5592e94424d90a5fff4a8c4cc43 - - default default] Successfully bumped revision number for resource a1385db9-3055-459b-b9bf-cb943578c845 (type: ports) to 1 [pid: 7|app: 0|req: 953/1840] 10.0.0.227 () {34 vars in 670 bytes} [Wed Apr 22 21:49:45 2026] POST /v2.0/networks => generated 651 bytes in 859 msecs (HTTP/1.1 201) 4 headers in 162 bytes (1 switches on core 0) [pid: 6|app: 0|req: 888/1841] 10.0.0.227 () {32 vars in 740 bytes} [Wed Apr 22 21:49:46 2026] DELETE /v2.0/security-groups/6b392f0a-b952-4802-acfd-5e9d6e8dfd9a => generated 0 bytes in 204 msecs (HTTP/1.1 204) 2 headers in 112 bytes (1 switches on core 0)
2026-04-22 21:49:46.308 6 INFO neutron.pecan_wsgi.hooks.translation [None req-70618a09-d9cc-4507-aada-77cea9539c54 a80734ee93c74845974f401269a2fb6e 82649db481cf4f3597bbc1450e43a478 - - default default] DELETE failed (client error): The resource could not be found. [pid: 6|app: 0|req: 889/1842] 10.0.0.227 () {32 vars in 720 bytes} [Wed Apr 22 21:49:46 2026] DELETE /v2.0/ports/0faec431-998c-49d2-8d95-d6962643bd66 => generated 132 bytes in 23 msecs (HTTP/1.1 404) 4 headers in 164 bytes (1 switches on core 0) [pid: 7|app: 0|req: 954/1843] 10.0.0.227 () {32 vars in 774 bytes} [Wed Apr 22 21:49:46 2026] GET /v2.0/security-groups?tenant_id=bda224aad01245169d6a2c3f79402507&name=default => generated 2925 bytes in 114 msecs (HTTP/1.1 200) 4 headers in 158 bytes (1 switches on core 0)
2026-04-22 21:49:46.371 7 INFO neutron.api.v2.resource [None req-7637f7a3-942c-4614-bbc7-4f31071802bf 722fe32eeb894fdd91567543ba985b9c c97e32219a5047819a1811cbe1392dd7 - - default default] show failed (client error): The resource could not be found. [pid: 7|app: 0|req: 955/1844] 10.0.0.227 () {32 vars in 737 bytes} [Wed Apr 22 21:49:46 2026] GET /v2.0/security-groups/6b392f0a-b952-4802-acfd-5e9d6e8dfd9a => generated 146 bytes in 9 msecs (HTTP/1.1 404) 4 headers in 164 bytes (1 switches on core 0)
2026-04-22 21:49:46.385 7 INFO neutron.pecan_wsgi.hooks.translation [None req-253d177d-a194-4c79-a326-2ad60e8b423d a80734ee93c74845974f401269a2fb6e 82649db481cf4f3597bbc1450e43a478 - - default default] GET failed (client error): The resource could not be found. [pid: 7|app: 0|req: 956/1845] 10.0.0.227 () {32 vars in 717 bytes} [Wed Apr 22 21:49:46 2026] GET /v2.0/ports/0faec431-998c-49d2-8d95-d6962643bd66 => generated 132 bytes in 14 msecs (HTTP/1.1 404) 4 headers in 164 bytes (1 switches on core 0)
2026-04-22 21:49:46.466 7 INFO neutron.services.segments.plugin [-] Segment 79f7433e-c2ad-4d9d-8c72-e25d608d9f18 resource provider aggregate not found
2026-04-22 21:49:46.470 7 INFO neutron.services.segments.plugin [-] Segment 79f7433e-c2ad-4d9d-8c72-e25d608d9f18 resource provider aggregate not found
2026-04-22 21:49:46.484 6 WARNING neutron.scheduler.dhcp_agent_scheduler [None req-8c880254-21ea-42a5-888f-da6a630aa815 a78a7a6d9d8f49799b78c47faedb4e52 1d04e5592e94424d90a5fff4a8c4cc43 - - default default] No more DHCP agents
2026-04-22 21:49:46.485 6 WARNING neutron.api.rpc.agentnotifiers.dhcp_rpc_agent_api [None req-8c880254-21ea-42a5-888f-da6a630aa815 a78a7a6d9d8f49799b78c47faedb4e52 1d04e5592e94424d90a5fff4a8c4cc43 - - default default] Unable to schedule network 812688df-6db6-46e6-bb3d-d351015f8135: no agents available; will retry on subsequent port and subnet creation events.
2026-04-22 21:49:46.487 7 INFO neutron.services.segments.plugin [-] Segment 79f7433e-c2ad-4d9d-8c72-e25d608d9f18 resource provider not found; error: Placement Client Error (4xx): {"errors": [{"status": 404, "title": "Not Found", "detail": "The resource could not be found.\n\n No resource provider with uuid 79f7433e-c2ad-4d9d-8c72-e25d608d9f18 found for delete ", "request_id": "req-d19fc24a-9f1c-4612-9e68-c7589ea61f3b"}]}
2026-04-22 21:49:46.487 7 INFO neutron.services.segments.plugin [-] Segment 79f7433e-c2ad-4d9d-8c72-e25d608d9f18 resource provider not found; error: Placement Client Error (4xx): {"errors": [{"status": 404, "title": "Not Found", "detail": "The resource could not be found.\n\n No resource provider with uuid 79f7433e-c2ad-4d9d-8c72-e25d608d9f18 found for delete ", "request_id": "req-b08b09d7-5c8b-4e48-a960-025ff1397626"}]} [pid: 7|app: 0|req: 957/1846] 10.0.0.227 () {32 vars in 740 bytes} [Wed Apr 22 21:49:46 2026] DELETE /v2.0/security-groups/8dddc041-10be-434e-b0ef-4644d882c405 => generated 0 bytes in 231 msecs (HTTP/1.1 204) 2 headers in 112 bytes (1 switches on core 0)
2026-04-22 21:49:46.755 7 INFO neutron_taas.services.taas.taas_plugin [None req-7d79669c-e76e-4058-9563-f27e14bb7f5f 722fe32eeb894fdd91567543ba985b9c c97e32219a5047819a1811cbe1392dd7 - - default default] TaaS: Handle Delete Port: cf02f331-8b48-4e96-b9d5-9dfc99ae6332
2026-04-22 21:49:46.757 7 INFO neutron_taas.services.taas.tap_mirror_plugin [None req-7d79669c-e76e-4058-9563-f27e14bb7f5f 722fe32eeb894fdd91567543ba985b9c c97e32219a5047819a1811cbe1392dd7 - - default default] Tap Mirror: Handle Delete Port: cf02f331-8b48-4e96-b9d5-9dfc99ae6332 [pid: 7|app: 0|req: 958/1847] 10.0.0.227 () {32 vars in 732 bytes} [Wed Apr 22 21:49:46 2026] DELETE /v2.0/floatingips/4a42b24d-f4cf-4899-a217-1cbeaac7e9a0 => generated 0 bytes in 293 msecs (HTTP/1.1 204) 2 headers in 112 bytes (1 switches on core 0)
2026-04-22 21:49:46.999 6 INFO neutron.db.ovn_revision_numbers_db [None req-656a2bfb-92d8-42c6-9745-782d9b82f321 - - - - - -] Successfully bumped revision number for resource a1385db9-3055-459b-b9bf-cb943578c845 (type: ports) to 2
2026-04-22 21:49:47.027 6 INFO neutron.db.ovn_revision_numbers_db [None req-656a2bfb-92d8-42c6-9745-782d9b82f321 - - - - - -] Successfully bumped revision number for resource 2a6369bb-f270-48b4-89f3-caae52c72445 (type: subnets) to 0 [pid: 6|app: 0|req: 890/1848] 10.0.0.227 () {34 vars in 669 bytes} [Wed Apr 22 21:49:46 2026] POST /v2.0/subnets => generated 626 bytes in 738 msecs (HTTP/1.1 201) 4 headers in 162 bytes (1 switches on core 0) [pid: 7|app: 0|req: 959/1849] 10.0.0.227 () {32 vars in 724 bytes} [Wed Apr 22 21:49:46 2026] DELETE /v2.0/subnets/76afe116-5c13-4260-a589-1eb0eac2960b => generated 0 bytes in 151 msecs (HTTP/1.1 204) 3 headers in 131 bytes (1 switches on core 0) [pid: 7|app: 0|req: 960/1850] 10.0.0.227 () {34 vars in 751 bytes} [Wed Apr 22 21:49:47 2026] PUT /v2.0/subnets/2a6369bb-f270-48b4-89f3-caae52c72445/tags => generated 25 bytes in 56 msecs (HTTP/1.1 200) 4 headers in 156 bytes (1 switches on core 0)
2026-04-22 21:49:47.255 7 INFO neutron_taas.services.taas.taas_plugin [None req-aa0300b4-e0e8-4538-91a0-a7fb71006e4c a80734ee93c74845974f401269a2fb6e 82649db481cf4f3597bbc1450e43a478 - - default default] TaaS: Handle Delete Port: 55b37bdc-f784-4289-9f72-dcd047c57316 [pid: 6|app: 0|req: 891/1851] 10.0.0.227 () {32 vars in 740 bytes} [Wed Apr 22 21:49:47 2026] DELETE /v2.0/security-groups/7a39e69c-0921-46a3-90a0-9c3ec6a8ce2b => generated 0 bytes in 207 msecs (HTTP/1.1 204) 2 headers in 112 bytes (1 switches on core 0)
2026-04-22 21:49:47.260 7 INFO neutron_taas.services.taas.tap_mirror_plugin [None req-aa0300b4-e0e8-4538-91a0-a7fb71006e4c a80734ee93c74845974f401269a2fb6e 82649db481cf4f3597bbc1450e43a478 - - default default] Tap Mirror: Handle Delete Port: 55b37bdc-f784-4289-9f72-dcd047c57316 [pid: 6|app: 0|req: 892/1852] 10.0.0.227 () {32 vars in 731 bytes} [Wed Apr 22 21:49:47 2026] GET /v2.0/subnets/2a6369bb-f270-48b4-89f3-caae52c72445/tags => generated 25 bytes in 56 msecs (HTTP/1.1 200) 4 headers in 156 bytes (1 switches on core 0) [pid: 7|app: 0|req: 961/1853] 10.0.0.227 () {32 vars in 726 bytes} [Wed Apr 22 21:49:47 2026] DELETE /v2.0/networks/fd7c8d77-61be-4f67-ab47-618404457f91 => generated 0 bytes in 346 msecs (HTTP/1.1 204) 3 headers in 131 bytes (1 switches on core 0) [pid: 7|app: 0|req: 962/1854] 10.0.0.227 () {34 vars in 762 bytes} [Wed Apr 22 21:49:47 2026] PUT /v2.0/subnets/2a6369bb-f270-48b4-89f3-caae52c72445/tags/green => generated 4 bytes in 59 msecs (HTTP/1.1 201) 4 headers in 160 bytes (1 switches on core 0)
2026-04-22 21:49:47.604 7 INFO neutron.db.segments_db [None req-c8412cec-9938-4841-9a38-e179b21d1330 a80734ee93c74845974f401269a2fb6e 82649db481cf4f3597bbc1450e43a478 - - default default] Added segment c5bbd45e-1ff9-4d06-8bca-937cd5171328 of type geneve for network 7b3d26e5-bf62-4500-8dbe-030b8758d7b4
2026-04-22 21:49:47.610 6 INFO neutron_taas.services.taas.taas_plugin [None req-6c691022-d4dc-4979-9316-c34496674393 504e0331dd084543acdb583ac1030b5e 83f0066e79c446efab8bf154d855068f - - default default] TaaS: Handle Delete Port: c877fa1f-85c2-4e31-8807-bd023324d6b3
2026-04-22 21:49:47.613 6 INFO neutron_taas.services.taas.tap_mirror_plugin [None req-6c691022-d4dc-4979-9316-c34496674393 504e0331dd084543acdb583ac1030b5e 83f0066e79c446efab8bf154d855068f - - default default] Tap Mirror: Handle Delete Port: c877fa1f-85c2-4e31-8807-bd023324d6b3
2026-04-22 21:49:47.720 7 INFO neutron.db.ovn_revision_numbers_db [None req-c8412cec-9938-4841-9a38-e179b21d1330 a80734ee93c74845974f401269a2fb6e 82649db481cf4f3597bbc1450e43a478 - - default default] Successfully bumped revision number for resource 7b3d26e5-bf62-4500-8dbe-030b8758d7b4 (type: networks) to 1
2026-04-22 21:49:47.904 7 WARNING neutron.scheduler.dhcp_agent_scheduler [None req-c8412cec-9938-4841-9a38-e179b21d1330 a80734ee93c74845974f401269a2fb6e 82649db481cf4f3597bbc1450e43a478 - - default default] No more DHCP agents
2026-04-22 21:49:47.906 7 WARNING neutron.api.rpc.agentnotifiers.dhcp_rpc_agent_api [None req-c8412cec-9938-4841-9a38-e179b21d1330 a80734ee93c74845974f401269a2fb6e 82649db481cf4f3597bbc1450e43a478 - - default default] Unable to schedule network 7b3d26e5-bf62-4500-8dbe-030b8758d7b4: no agents available; will retry on subsequent port and subnet creation events.
2026-04-22 21:49:47.967 6 INFO neutron.plugins.ml2.drivers.ovn.mech_driver.mech_driver [None req-d420c180-4534-4f7a-92f0-4422afec9aec - - - - - -] OVN reports status down for port: 912434f3-4ea3-4b24-9f35-cd479e665fa5
2026-04-22 21:49:47.996 7 INFO neutron.db.ovn_revision_numbers_db [None req-c8412cec-9938-4841-9a38-e179b21d1330 a80734ee93c74845974f401269a2fb6e 82649db481cf4f3597bbc1450e43a478 - - default default] Successfully bumped revision number for resource 912434f3-4ea3-4b24-9f35-cd479e665fa5 (type: ports) to 1 [pid: 7|app: 0|req: 963/1855] 10.0.0.227 () {34 vars in 670 bytes} [Wed Apr 22 21:49:47 2026] POST /v2.0/networks => generated 650 bytes in 502 msecs (HTTP/1.1 201) 4 headers in 162 bytes (1 switches on core 0) [pid: 7|app: 0|req: 964/1856] 10.0.0.227 () {32 vars in 731 bytes} [Wed Apr 22 21:49:48 2026] GET /v2.0/subnets/2a6369bb-f270-48b4-89f3-caae52c72445/tags => generated 34 bytes in 41 msecs (HTTP/1.1 200) 4 headers in 156 bytes (1 switches on core 0) [pid: 6|app: 0|req: 893/1857] 10.0.0.227 () {34 vars in 789 bytes} [Wed Apr 22 21:49:47 2026] PUT /v2.0/routers/31445a11-510e-44a5-b3b3-be353506e34f/remove_router_interface => generated 309 bytes in 967 msecs (HTTP/1.1 200) 4 headers in 157 bytes (1 switches on core 0) /var/lib/openstack/lib/python3.12/site-packages/pycadf/identifier.py:70: UserWarning: Invalid uuid: neutron. To ensure interoperability, identifiers should be a valid uuid. warnings.warn(('Invalid uuid: %s. To ensure interoperability, '
2026-04-22 21:49:48.293 7 WARNING neutron.scheduler.dhcp_agent_scheduler [None req-040d0d8a-11b0-4a97-b184-690a47f1b2f6 a80734ee93c74845974f401269a2fb6e 82649db481cf4f3597bbc1450e43a478 - - default default] No more DHCP agents
2026-04-22 21:49:48.295 7 WARNING neutron.api.rpc.agentnotifiers.dhcp_rpc_agent_api [None req-040d0d8a-11b0-4a97-b184-690a47f1b2f6 a80734ee93c74845974f401269a2fb6e 82649db481cf4f3597bbc1450e43a478 - - default default] Unable to schedule network 7b3d26e5-bf62-4500-8dbe-030b8758d7b4: no agents available; will retry on subsequent port and subnet creation events. [pid: 6|app: 0|req: 894/1858] 10.0.0.227 () {34 vars in 758 bytes} [Wed Apr 22 21:49:48 2026] PUT /v2.0/subnets/2a6369bb-f270-48b4-89f3-caae52c72445/tags/red => generated 4 bytes in 45 msecs (HTTP/1.1 201) 4 headers in 160 bytes (1 switches on core 0)
2026-04-22 21:49:48.510 7 INFO neutron.services.segments.plugin [-] Segment d0266345-2092-4208-aa36-7eea62ddbf1d resource provider aggregate not found
2026-04-22 21:49:48.513 7 INFO neutron.services.segments.plugin [-] Segment d0266345-2092-4208-aa36-7eea62ddbf1d resource provider aggregate not found
2026-04-22 21:49:48.528 7 INFO neutron.services.segments.plugin [-] Segment d0266345-2092-4208-aa36-7eea62ddbf1d resource provider not found; error: Placement Client Error (4xx): {"errors": [{"status": 404, "title": "Not Found", "detail": "The resource could not be found.\n\n No resource provider with uuid d0266345-2092-4208-aa36-7eea62ddbf1d found for delete ", "request_id": "req-c17af544-a3e1-43b6-8a51-7bf4b8823f93"}]}
2026-04-22 21:49:48.532 7 INFO neutron.services.segments.plugin [-] Segment d0266345-2092-4208-aa36-7eea62ddbf1d resource provider not found; error: Placement Client Error (4xx): {"errors": [{"status": 404, "title": "Not Found", "detail": "The resource could not be found.\n\n No resource provider with uuid d0266345-2092-4208-aa36-7eea62ddbf1d found for delete ", "request_id": "req-1fdfd872-6614-42f1-b813-76b13a4e4978"}]}
2026-04-22 21:49:48.613 6 INFO neutron.db.ovn_revision_numbers_db [None req-a17f29d3-a53f-4e38-8e3b-3bc3ff078776 80ab91b99d654df1954d8509c26dc43a 23dfb6cc68dc45ad94a82bd653bd0e5c - - default default] Successfully bumped revision number for resource 7814b9b0-db13-4f33-9001-c048532c1de8 (type: security_groups) to 1
2026-04-22 21:49:48.624 6 INFO neutron.db.ovn_revision_numbers_db [None req-a17f29d3-a53f-4e38-8e3b-3bc3ff078776 80ab91b99d654df1954d8509c26dc43a 23dfb6cc68dc45ad94a82bd653bd0e5c - - default default] Successfully bumped revision number for resource 0f224fb0-d8f5-4adc-b4ea-b64170167586 (type: security_group_rules) to 0
2026-04-22 21:49:48.635 6 INFO neutron.db.ovn_revision_numbers_db [None req-a17f29d3-a53f-4e38-8e3b-3bc3ff078776 80ab91b99d654df1954d8509c26dc43a 23dfb6cc68dc45ad94a82bd653bd0e5c - - default default] Successfully bumped revision number for resource 4d997bb4-ead1-493e-80e9-accb5274eb33 (type: security_group_rules) to 0
2026-04-22 21:49:48.646 6 INFO neutron.db.ovn_revision_numbers_db [None req-a17f29d3-a53f-4e38-8e3b-3bc3ff078776 80ab91b99d654df1954d8509c26dc43a 23dfb6cc68dc45ad94a82bd653bd0e5c - - default default] Successfully bumped revision number for resource bfd047fc-1173-4a24-93f0-20ee14be1d95 (type: security_group_rules) to 0
2026-04-22 21:49:48.671 6 INFO neutron.db.ovn_revision_numbers_db [None req-a17f29d3-a53f-4e38-8e3b-3bc3ff078776 80ab91b99d654df1954d8509c26dc43a 23dfb6cc68dc45ad94a82bd653bd0e5c - - default default] Successfully bumped revision number for resource eaf0125c-f352-4dac-bb85-3e8ee195512c (type: security_group_rules) to 0
2026-04-22 21:49:48.745 6 INFO neutron.db.segments_db [None req-a17f29d3-a53f-4e38-8e3b-3bc3ff078776 80ab91b99d654df1954d8509c26dc43a 23dfb6cc68dc45ad94a82bd653bd0e5c - - default default] Added segment 24f1256e-f86b-4623-ba3a-88e4784d07b1 of type geneve for network 9114a4a5-aca3-4e9c-8715-ac7b148f1ee1
2026-04-22 21:49:48.809 7 INFO neutron.db.ovn_revision_numbers_db [None req-ce6d2c69-fe50-4875-a163-9bbd8434dcd2 - - - - - -] Successfully bumped revision number for resource 912434f3-4ea3-4b24-9f35-cd479e665fa5 (type: ports) to 2
2026-04-22 21:49:48.841 7 INFO neutron.db.ovn_revision_numbers_db [None req-ce6d2c69-fe50-4875-a163-9bbd8434dcd2 - - - - - -] Successfully bumped revision number for resource 0bc018eb-1a08-4bac-b2ca-ea41c150c6a3 (type: subnets) to 0 [pid: 7|app: 0|req: 965/1859] 10.0.0.227 () {34 vars in 669 bytes} [Wed Apr 22 21:49:48 2026] POST /v2.0/subnets => generated 626 bytes in 792 msecs (HTTP/1.1 201) 4 headers in 162 bytes (1 switches on core 0)
2026-04-22 21:49:48.872 6 INFO neutron.db.ovn_revision_numbers_db [None req-a17f29d3-a53f-4e38-8e3b-3bc3ff078776 80ab91b99d654df1954d8509c26dc43a 23dfb6cc68dc45ad94a82bd653bd0e5c - - default default] Successfully bumped revision number for resource 9114a4a5-aca3-4e9c-8715-ac7b148f1ee1 (type: networks) to 1
2026-04-22 21:49:49.033 6 WARNING neutron.scheduler.dhcp_agent_scheduler [None req-a17f29d3-a53f-4e38-8e3b-3bc3ff078776 80ab91b99d654df1954d8509c26dc43a 23dfb6cc68dc45ad94a82bd653bd0e5c - - default default] No more DHCP agents
2026-04-22 21:49:49.034 6 WARNING neutron.api.rpc.agentnotifiers.dhcp_rpc_agent_api [None req-a17f29d3-a53f-4e38-8e3b-3bc3ff078776 80ab91b99d654df1954d8509c26dc43a 23dfb6cc68dc45ad94a82bd653bd0e5c - - default default] Unable to schedule network 9114a4a5-aca3-4e9c-8715-ac7b148f1ee1: no agents available; will retry on subsequent port and subnet creation events.
2026-04-22 21:49:49.088 7 INFO neutron.plugins.ml2.drivers.ovn.mech_driver.mech_driver [None req-d47933b6-57a3-4ac7-ae54-b59b1db62088 - - - - - -] OVN reports status down for port: e7d10b81-4a2b-41a6-adbe-b2562457cb05
2026-04-22 21:49:49.114 6 INFO neutron.db.ovn_revision_numbers_db [None req-a17f29d3-a53f-4e38-8e3b-3bc3ff078776 80ab91b99d654df1954d8509c26dc43a 23dfb6cc68dc45ad94a82bd653bd0e5c - - default default] Successfully bumped revision number for resource e7d10b81-4a2b-41a6-adbe-b2562457cb05 (type: ports) to 1 [pid: 6|app: 0|req: 895/1860] 10.0.0.227 () {34 vars in 670 bytes} [Wed Apr 22 21:49:48 2026] POST /v2.0/networks => generated 653 bytes in 808 msecs (HTTP/1.1 201) 4 headers in 162 bytes (1 switches on core 0) [pid: 6|app: 0|req: 896/1861] 10.0.0.227 () {32 vars in 731 bytes} [Wed Apr 22 21:49:49 2026] GET /v2.0/subnets/2a6369bb-f270-48b4-89f3-caae52c72445/tags => generated 34 bytes in 39 msecs (HTTP/1.1 200) 4 headers in 156 bytes (1 switches on core 0)
2026-04-22 21:49:49.185 7 INFO neutron_taas.services.taas.taas_plugin [None req-a7941ff2-333f-467b-a543-34d1ad254c24 504e0331dd084543acdb583ac1030b5e 83f0066e79c446efab8bf154d855068f - - default default] TaaS: Handle Delete Port: 0cd46ec9-1a38-4567-b451-86d5cfd72996
2026-04-22 21:49:49.190 7 INFO neutron_taas.services.taas.tap_mirror_plugin [None req-a7941ff2-333f-467b-a543-34d1ad254c24 504e0331dd084543acdb583ac1030b5e 83f0066e79c446efab8bf154d855068f - - default default] Tap Mirror: Handle Delete Port: 0cd46ec9-1a38-4567-b451-86d5cfd72996
2026-04-22 21:49:49.450 6 WARNING neutron.scheduler.dhcp_agent_scheduler [None req-8d693591-7b31-40a0-a444-c0decfbd37f5 a80734ee93c74845974f401269a2fb6e 82649db481cf4f3597bbc1450e43a478 - - default default] No more DHCP agents
2026-04-22 21:49:49.452 6 WARNING neutron.api.rpc.agentnotifiers.dhcp_rpc_agent_api [None req-8d693591-7b31-40a0-a444-c0decfbd37f5 a80734ee93c74845974f401269a2fb6e 82649db481cf4f3597bbc1450e43a478 - - default default] Unable to schedule network 7b3d26e5-bf62-4500-8dbe-030b8758d7b4: no agents available; will retry on subsequent port and subnet creation events. [pid: 7|app: 0|req: 966/1862] 10.0.0.227 () {32 vars in 724 bytes} [Wed Apr 22 21:49:48 2026] DELETE /v2.0/routers/31445a11-510e-44a5-b3b3-be353506e34f => generated 0 bytes in 726 msecs (HTTP/1.1 204) 2 headers in 112 bytes (1 switches on core 0)
2026-04-22 21:49:49.599 7 INFO neutron.plugins.ml2.drivers.ovn.mech_driver.mech_driver [None req-d47933b6-57a3-4ac7-ae54-b59b1db62088 - - - - - -] OVN reports status down for port: 0212502d-0949-4f04-a3d7-9f4a05205776
2026-04-22 21:49:49.606 6 INFO neutron.db.ovn_revision_numbers_db [None req-8d693591-7b31-40a0-a444-c0decfbd37f5 a80734ee93c74845974f401269a2fb6e 82649db481cf4f3597bbc1450e43a478 - - default default] Successfully bumped revision number for resource 0212502d-0949-4f04-a3d7-9f4a05205776 (type: ports) to 1 [pid: 6|app: 0|req: 897/1863] 10.0.0.227 () {34 vars in 665 bytes} [Wed Apr 22 21:49:49 2026] POST /v2.0/ports => generated 911 bytes in 500 msecs (HTTP/1.1 201) 4 headers in 162 bytes (1 switches on core 0) [pid: 6|app: 0|req: 898/1864] 10.0.0.227 () {34 vars in 780 bytes} [Wed Apr 22 21:49:49 2026] PUT /v2.0/subnets/2a6369bb-f270-48b4-89f3-caae52c72445/tags/black.or.white => generated 4 bytes in 68 msecs (HTTP/1.1 201) 4 headers in 160 bytes (1 switches on core 0) [pid: 6|app: 0|req: 901/1867] 10.0.0.227 () {32 vars in 724 bytes} [Wed Apr 22 21:49:49 2026] DELETE /v2.0/subnets/9e102ffe-6c18-4c23-acf4-ff60e8c4986a => generated 0 bytes in 146 msecs (HTTP/1.1 204) 3 headers in 131 bytes (1 switches on core 0)
2026-04-22 21:49:50.046 6 INFO neutron_taas.services.taas.taas_plugin [None req-9f10d487-9932-460f-af44-6c1559b2f870 a80734ee93c74845974f401269a2fb6e 82649db481cf4f3597bbc1450e43a478 - - default default] TaaS: Handle Delete Port: 0212502d-0949-4f04-a3d7-9f4a05205776
2026-04-22 21:49:50.049 6 INFO neutron_taas.services.taas.tap_mirror_plugin [None req-9f10d487-9932-460f-af44-6c1559b2f870 a80734ee93c74845974f401269a2fb6e 82649db481cf4f3597bbc1450e43a478 - - default default] Tap Mirror: Handle Delete Port: 0212502d-0949-4f04-a3d7-9f4a05205776
2026-04-22 21:49:50.133 7 INFO neutron.db.segments_db [None req-54423f41-6568-4747-bc2f-9f478468f65c 80ab91b99d654df1954d8509c26dc43a 23dfb6cc68dc45ad94a82bd653bd0e5c - - default default] Added segment 9559f019-b3f0-4491-9e9a-bf2e1ea8e066 of type geneve for network decbd877-9838-4afd-bbaa-8cf08fb99f42 [pid: 6|app: 0|req: 902/1868] 10.0.0.227 () {32 vars in 720 bytes} [Wed Apr 22 21:49:49 2026] DELETE /v2.0/ports/0212502d-0949-4f04-a3d7-9f4a05205776 => generated 0 bytes in 321 msecs (HTTP/1.1 204) 3 headers in 131 bytes (1 switches on core 0) [pid: 6|app: 0|req: 903/1869] 10.0.0.227 () {32 vars in 731 bytes} [Wed Apr 22 21:49:50 2026] GET /v2.0/subnets/2a6369bb-f270-48b4-89f3-caae52c72445/tags => generated 52 bytes in 49 msecs (HTTP/1.1 200) 4 headers in 156 bytes (1 switches on core 0)
2026-04-22 21:49:50.278 7 INFO neutron.db.ovn_revision_numbers_db [None req-54423f41-6568-4747-bc2f-9f478468f65c 80ab91b99d654df1954d8509c26dc43a 23dfb6cc68dc45ad94a82bd653bd0e5c - - default default] Successfully bumped revision number for resource decbd877-9838-4afd-bbaa-8cf08fb99f42 (type: networks) to 1
2026-04-22 21:49:50.367 6 INFO neutron_taas.services.taas.taas_plugin [None req-6ebfa948-6d2b-45fa-91f4-9ac60b6d4e9b 504e0331dd084543acdb583ac1030b5e 83f0066e79c446efab8bf154d855068f - - default default] TaaS: Handle Delete Port: c903ec33-644c-443b-83d4-69289114b2b0
2026-04-22 21:49:50.371 6 INFO neutron_taas.services.taas.tap_mirror_plugin [None req-6ebfa948-6d2b-45fa-91f4-9ac60b6d4e9b 504e0331dd084543acdb583ac1030b5e 83f0066e79c446efab8bf154d855068f - - default default] Tap Mirror: Handle Delete Port: c903ec33-644c-443b-83d4-69289114b2b0
2026-04-22 21:49:50.436 7 WARNING neutron.scheduler.dhcp_agent_scheduler [None req-54423f41-6568-4747-bc2f-9f478468f65c 80ab91b99d654df1954d8509c26dc43a 23dfb6cc68dc45ad94a82bd653bd0e5c - - default default] No more DHCP agents
2026-04-22 21:49:50.438 7 WARNING neutron.api.rpc.agentnotifiers.dhcp_rpc_agent_api [None req-54423f41-6568-4747-bc2f-9f478468f65c 80ab91b99d654df1954d8509c26dc43a 23dfb6cc68dc45ad94a82bd653bd0e5c - - default default] Unable to schedule network decbd877-9838-4afd-bbaa-8cf08fb99f42: no agents available; will retry on subsequent port and subnet creation events.
2026-04-22 21:49:50.510 6 INFO neutron.plugins.ml2.drivers.ovn.mech_driver.mech_driver [None req-d420c180-4534-4f7a-92f0-4422afec9aec - - - - - -] OVN reports status down for port: 3bc8767b-c353-4125-bfed-4d1d7cfdbe53
2026-04-22 21:49:50.535 7 INFO neutron.db.ovn_revision_numbers_db [None req-54423f41-6568-4747-bc2f-9f478468f65c 80ab91b99d654df1954d8509c26dc43a 23dfb6cc68dc45ad94a82bd653bd0e5c - - default default] Successfully bumped revision number for resource 3bc8767b-c353-4125-bfed-4d1d7cfdbe53 (type: ports) to 1 [pid: 7|app: 0|req: 967/1870] 10.0.0.227 () {34 vars in 670 bytes} [Wed Apr 22 21:49:49 2026] POST /v2.0/networks => generated 652 bytes in 969 msecs (HTTP/1.1 201) 4 headers in 162 bytes (1 switches on core 0)
2026-04-22 21:49:50.575 7 INFO neutron.pecan_wsgi.hooks.translation [None req-a9d136fd-387c-472c-aaaa-665671cd4ae7 a80734ee93c74845974f401269a2fb6e 82649db481cf4f3597bbc1450e43a478 - - default default] GET failed (client error): The resource could not be found. [pid: 7|app: 0|req: 968/1871] 10.0.0.227 () {32 vars in 717 bytes} [Wed Apr 22 21:49:50 2026] GET /v2.0/ports/0212502d-0949-4f04-a3d7-9f4a05205776 => generated 132 bytes in 19 msecs (HTTP/1.1 404) 4 headers in 164 bytes (1 switches on core 0)
2026-04-22 21:49:50.589 6 INFO neutron.services.segments.plugin [-] Segment 6861fc41-309d-4eb6-80e3-703d94c174b2 resource provider aggregate not found
2026-04-22 21:49:50.594 6 INFO neutron.services.segments.plugin [-] Segment 6861fc41-309d-4eb6-80e3-703d94c174b2 resource provider aggregate not found
2026-04-22 21:49:50.618 6 INFO neutron.services.segments.plugin [-] Segment 6861fc41-309d-4eb6-80e3-703d94c174b2 resource provider not found; error: Placement Client Error (4xx): {"errors": [{"status": 404, "title": "Not Found", "detail": "The resource could not be found.\n\n No resource provider with uuid 6861fc41-309d-4eb6-80e3-703d94c174b2 found for delete ", "request_id": "req-c62e4d98-ee7f-4a4f-8a30-c40d59064b72"}]}
