2026-04-22 21:50:49.094 7 INFO neutron.db.ovn_revision_numbers_db [None req-efaf74eb-8b5e-4517-b109-bb40151eda17 1ee9cdd5fd2d4e72a6130468762a5183 c75d2fab51264961997cb6f6e1e43b1f - - default default] Successfully bumped revision number for resource bb0fa9b6-3550-4225-90f3-ebff9817cc1e (type: security_group_rules) to 0
2026-04-22 21:50:49.095 6 WARNING neutron.scheduler.dhcp_agent_scheduler [None req-b7688b1f-bc5b-4033-a8cd-244e390b97a6 - - - - - -] No more DHCP agents
2026-04-22 21:50:49.096 6 WARNING neutron.api.rpc.agentnotifiers.dhcp_rpc_agent_api [None req-b7688b1f-bc5b-4033-a8cd-244e390b97a6 - - - - - -] Unable to schedule network a5f5047c-7a26-4d99-b654-f2d6a7b86c9c: no agents available; will retry on subsequent port and subnet creation events.
2026-04-22 21:50:49.166 6 INFO neutron.db.ovn_revision_numbers_db [None req-b7688b1f-bc5b-4033-a8cd-244e390b97a6 - - - - - -] Successfully bumped revision number for resource a31046c6-b0f7-498d-8d6c-12ea0c86aee7 (type: ports) to 1
2026-04-22 21:50:49.194 7 INFO neutron.db.segments_db [None req-efaf74eb-8b5e-4517-b109-bb40151eda17 1ee9cdd5fd2d4e72a6130468762a5183 c75d2fab51264961997cb6f6e1e43b1f - - default default] Added segment 39287b84-4fa3-4f34-9cc2-67dff57999a4 of type geneve for network 9b1fbf99-5adc-4578-8217-db67db5d3bf7
2026-04-22 21:50:49.258 6 WARNING neutron.scheduler.dhcp_agent_scheduler [None req-b7688b1f-bc5b-4033-a8cd-244e390b97a6 - - - - - -] No more DHCP agents
2026-04-22 21:50:49.260 6 WARNING neutron.api.rpc.agentnotifiers.dhcp_rpc_agent_api [None req-b7688b1f-bc5b-4033-a8cd-244e390b97a6 - - - - - -] Unable to schedule network a5f5047c-7a26-4d99-b654-f2d6a7b86c9c: no agents available; will retry on subsequent port and subnet creation events.
2026-04-22 21:50:49.295 7 INFO neutron.db.ovn_revision_numbers_db [None req-efaf74eb-8b5e-4517-b109-bb40151eda17 1ee9cdd5fd2d4e72a6130468762a5183 c75d2fab51264961997cb6f6e1e43b1f - - default default] Successfully bumped revision number for resource 9b1fbf99-5adc-4578-8217-db67db5d3bf7 (type: networks) to 1
2026-04-22 21:50:49.300 6 INFO neutron.db.ovn_revision_numbers_db [None req-b7688b1f-bc5b-4033-a8cd-244e390b97a6 - - - - - -] Successfully bumped revision number for resource 79e54cb3-2145-4ffc-8994-4fa08f770cd7 (type: subnets) to 0
2026-04-22 21:50:49.469 7 WARNING neutron.scheduler.dhcp_agent_scheduler [None req-efaf74eb-8b5e-4517-b109-bb40151eda17 1ee9cdd5fd2d4e72a6130468762a5183 c75d2fab51264961997cb6f6e1e43b1f - - default default] No more DHCP agents
2026-04-22 21:50:49.470 7 WARNING neutron.api.rpc.agentnotifiers.dhcp_rpc_agent_api [None req-efaf74eb-8b5e-4517-b109-bb40151eda17 1ee9cdd5fd2d4e72a6130468762a5183 c75d2fab51264961997cb6f6e1e43b1f - - default default] Unable to schedule network 9b1fbf99-5adc-4578-8217-db67db5d3bf7: no agents available; will retry on subsequent port and subnet creation events.
2026-04-22 21:50:49.561 7 INFO neutron.db.ovn_revision_numbers_db [None req-efaf74eb-8b5e-4517-b109-bb40151eda17 1ee9cdd5fd2d4e72a6130468762a5183 c75d2fab51264961997cb6f6e1e43b1f - - default default] Successfully bumped revision number for resource 88b5f55a-7add-4259-a226-56bb835b93e0 (type: ports) to 1 [pid: 7|app: 0|req: 1192/2325] 10.0.0.227 () {34 vars in 671 bytes} [Wed Apr 22 21:50:48 2026] POST /v2.0/networks => generated 651 bytes in 845 msecs (HTTP/1.1 201) 4 headers in 162 bytes (1 switches on core 0)
2026-04-22 21:50:49.636 6 WARNING neutron.scheduler.dhcp_agent_scheduler [None req-b7688b1f-bc5b-4033-a8cd-244e390b97a6 - - - - - -] No more DHCP agents
2026-04-22 21:50:49.638 6 WARNING neutron.api.rpc.agentnotifiers.dhcp_rpc_agent_api [None req-b7688b1f-bc5b-4033-a8cd-244e390b97a6 - - - - - -] Unable to schedule network a5f5047c-7a26-4d99-b654-f2d6a7b86c9c: no agents available; will retry on subsequent port and subnet creation events.
2026-04-22 21:50:49.777 6 INFO neutron.db.ovn_revision_numbers_db [None req-b7688b1f-bc5b-4033-a8cd-244e390b97a6 - - - - - -] Successfully bumped revision number for resource e9d6ea66-b1bc-4cb7-97e7-7da60650b9e6 (type: ports) to 1 [pid: 7|app: 0|req: 1193/2326] 10.0.0.227 () {32 vars in 740 bytes} [Wed Apr 22 21:50:49 2026] DELETE /v2.0/security-groups/fbb5ce3a-e04c-4855-b09a-1eb9296d707c => generated 0 bytes in 251 msecs (HTTP/1.1 204) 2 headers in 112 bytes (1 switches on core 0)
2026-04-22 21:50:50.226 7 WARNING neutron.scheduler.dhcp_agent_scheduler [None req-8febce78-d990-4686-9ade-ac676b690893 1ee9cdd5fd2d4e72a6130468762a5183 c75d2fab51264961997cb6f6e1e43b1f - - default default] No more DHCP agents
2026-04-22 21:50:50.228 7 WARNING neutron.api.rpc.agentnotifiers.dhcp_rpc_agent_api [None req-8febce78-d990-4686-9ade-ac676b690893 1ee9cdd5fd2d4e72a6130468762a5183 c75d2fab51264961997cb6f6e1e43b1f - - default default] Unable to schedule network 7213bfb3-f84f-45b1-ac9a-144ea8b20273: no agents available; will retry on subsequent port and subnet creation events.
2026-04-22 21:50:50.323 6 WARNING neutron.scheduler.dhcp_agent_scheduler [None req-b7688b1f-bc5b-4033-a8cd-244e390b97a6 - - - - - -] No more DHCP agents
2026-04-22 21:50:50.325 6 WARNING neutron.api.rpc.agentnotifiers.dhcp_rpc_agent_api [None req-b7688b1f-bc5b-4033-a8cd-244e390b97a6 - - - - - -] Unable to schedule network a5f5047c-7a26-4d99-b654-f2d6a7b86c9c: no agents available; will retry on subsequent port and subnet creation events.
2026-04-22 21:50:50.384 7 INFO neutron.db.ovn_revision_numbers_db [None req-8febce78-d990-4686-9ade-ac676b690893 1ee9cdd5fd2d4e72a6130468762a5183 c75d2fab51264961997cb6f6e1e43b1f - - default default] Successfully bumped revision number for resource cd413cb5-de8f-4471-bd91-9ce592c4b78d (type: ports) to 1
2026-04-22 21:50:50.808 6 INFO neutron.db.ovn_revision_numbers_db [None req-b7688b1f-bc5b-4033-a8cd-244e390b97a6 - - - - - -] Successfully bumped revision number for resource e9d6ea66-b1bc-4cb7-97e7-7da60650b9e6 (type: router_ports) to 1
2026-04-22 21:50:50.915 6 WARNING neutron.plugins.ml2.drivers.ovn.mech_driver.ovsdb.ovn_client [None req-d835ee80-c9a9-4414-aa6f-55f06a6c4fa6 - - - - - -] No hosting information found for port e1886901-9ebb-41b7-b24c-1628777bfb23: RuntimeError: No hosting information found for port e1886901-9ebb-41b7-b24c-1628777bfb23
2026-04-22 21:50:50.916 6 INFO neutron.plugins.ml2.drivers.ovn.mech_driver.mech_driver [None req-d835ee80-c9a9-4414-aa6f-55f06a6c4fa6 - - - - - -] OVN reports status down for port: a31046c6-b0f7-498d-8d6c-12ea0c86aee7
2026-04-22 21:50:50.979 7 INFO neutron.plugins.ml2.drivers.ovn.mech_driver.ovsdb.commands [None req-3489ec70-039e-42ef-bb09-ec9f85b4dcc4 - - - - - -] Schedule LRP lrp-cd413cb5-de8f-4471-bd91-9ce592c4b78d on gateway 1d5a48dd-4f14-4ac8-bd62-02577c077e34 with priority 1
2026-04-22 21:50:51.058 7 INFO neutron.db.ovn_revision_numbers_db [None req-8febce78-d990-4686-9ade-ac676b690893 1ee9cdd5fd2d4e72a6130468762a5183 c75d2fab51264961997cb6f6e1e43b1f - - default default] Successfully bumped revision number for resource cd413cb5-de8f-4471-bd91-9ce592c4b78d (type: router_ports) to 1
2026-04-22 21:50:51.110 6 INFO neutron.plugins.ml2.drivers.ovn.mech_driver.ovsdb.ovsdb_monitor [None req-4ce1bba4-2f0f-4a18-811a-a3f52b136b58 - - - - - -] Router d1b43217-7365-4766-ae88-e9baad9c6637 is bound to host instance
2026-04-22 21:50:51.119 6 INFO neutron.plugins.ml2.drivers.ovn.mech_driver.mech_driver [None req-d835ee80-c9a9-4414-aa6f-55f06a6c4fa6 - - - - - -] OVN reports status down for port: e9d6ea66-b1bc-4cb7-97e7-7da60650b9e6
2026-04-22 21:50:51.122 7 INFO neutron.db.ovn_revision_numbers_db [None req-8febce78-d990-4686-9ade-ac676b690893 1ee9cdd5fd2d4e72a6130468762a5183 c75d2fab51264961997cb6f6e1e43b1f - - default default] Successfully bumped revision number for resource d1b43217-7365-4766-ae88-e9baad9c6637 (type: routers) to 2 [pid: 7|app: 0|req: 1196/2329] 10.0.0.227 () {34 vars in 669 bytes} [Wed Apr 22 21:50:49 2026] POST /v2.0/routers => generated 954 bytes in 1302 msecs (HTTP/1.1 201) 4 headers in 162 bytes (1 switches on core 0)
2026-04-22 21:50:51.273 6 WARNING neutron.scheduler.dhcp_agent_scheduler [None req-b7688b1f-bc5b-4033-a8cd-244e390b97a6 - - - - - -] No more DHCP agents
2026-04-22 21:50:51.280 6 WARNING neutron.api.rpc.agentnotifiers.dhcp_rpc_agent_api [None req-b7688b1f-bc5b-4033-a8cd-244e390b97a6 - - - - - -] Unable to schedule network a5f5047c-7a26-4d99-b654-f2d6a7b86c9c: no agents available; will retry on subsequent port and subnet creation events.
2026-04-22 21:50:51.300 6 WARNING neutron.plugins.ml2.drivers.ovn.mech_driver.ovsdb.ovn_client [None req-d835ee80-c9a9-4414-aa6f-55f06a6c4fa6 - - - - - -] Logical_Switch_Port %s host information not removed, the port state is up
2026-04-22 21:50:51.307 6 INFO neutron.plugins.ml2.drivers.ovn.mech_driver.mech_driver [None req-d835ee80-c9a9-4414-aa6f-55f06a6c4fa6 - - - - - -] OVN reports status up for port: e9d6ea66-b1bc-4cb7-97e7-7da60650b9e6
2026-04-22 21:50:51.342 6 INFO neutron.plugins.ml2.plugin [None req-d835ee80-c9a9-4414-aa6f-55f06a6c4fa6 - - - - - -] Attempt 1 to provision port e9d6ea66-b1bc-4cb7-97e7-7da60650b9e6 [pid: 7|app: 0|req: 1197/2330] 10.0.0.227 () {32 vars in 776 bytes} [Wed Apr 22 21:50:51 2026] GET /v2.0/subnets?project_id=c75d2fab51264961997cb6f6e1e43b1f&cidr=10.100.0.0%2F28 => generated 14 bytes in 236 msecs (HTTP/1.1 200) 4 headers in 156 bytes (1 switches on core 0) [pid: 7|app: 0|req: 1198/2331] 10.0.0.227 () {32 vars in 694 bytes} [Wed Apr 22 21:50:51 2026] GET /v2.0/networks?router%3Aexternal=True => generated 791 bytes in 46 msecs (HTTP/1.1 200) 4 headers in 157 bytes (1 switches on core 0) [pid: 7|app: 0|req: 1199/2332] 10.0.0.227 () {32 vars in 784 bytes} [Wed Apr 22 21:50:51 2026] GET /v2.0/subnets?network_id=7213bfb3-f84f-45b1-ac9a-144ea8b20273&cidr=10.100.0.0%2F28 => generated 14 bytes in 21 msecs (HTTP/1.1 200) 4 headers in 156 bytes (1 switches on core 0)
2026-04-22 21:50:51.681 7 WARNING neutron.scheduler.dhcp_agent_scheduler [None req-e2f4f41a-8a37-40c2-b663-0c456de3ba42 1ee9cdd5fd2d4e72a6130468762a5183 c75d2fab51264961997cb6f6e1e43b1f - - default default] No more DHCP agents
2026-04-22 21:50:51.682 7 WARNING neutron.api.rpc.agentnotifiers.dhcp_rpc_agent_api [None req-e2f4f41a-8a37-40c2-b663-0c456de3ba42 1ee9cdd5fd2d4e72a6130468762a5183 c75d2fab51264961997cb6f6e1e43b1f - - default default] Unable to schedule network 9b1fbf99-5adc-4578-8217-db67db5d3bf7: no agents available; will retry on subsequent port and subnet creation events.
2026-04-22 21:50:51.694 6 INFO neutron.db.ovn_revision_numbers_db [None req-b7688b1f-bc5b-4033-a8cd-244e390b97a6 - - - - - -] Successfully bumped revision number for resource 69651327-c17e-48e2-b46e-a0385a862809 (type: ports) to 1
2026-04-22 21:50:52.059 7 INFO neutron.db.ovn_revision_numbers_db [None req-96dcebd3-d337-4d89-b6d9-36f60581ba66 - - - - - -] Successfully bumped revision number for resource 88b5f55a-7add-4259-a226-56bb835b93e0 (type: ports) to 2
2026-04-22 21:50:52.088 7 INFO neutron.db.ovn_revision_numbers_db [None req-96dcebd3-d337-4d89-b6d9-36f60581ba66 - - - - - -] Successfully bumped revision number for resource 931132fb-5bb7-46e9-9b5b-4a4410007bdf (type: subnets) to 0 [pid: 7|app: 0|req: 1200/2333] 10.0.0.227 () {34 vars in 669 bytes} [Wed Apr 22 21:50:51 2026] POST /v2.0/subnets => generated 656 bytes in 634 msecs (HTTP/1.1 201) 4 headers in 162 bytes (1 switches on core 0) [pid: 7|app: 0|req: 1201/2334] 10.0.0.93 () {32 vars in 801 bytes} [Wed Apr 22 21:50:52 2026] GET /v2.0/extensions => generated 20541 bytes in 6 msecs (HTTP/1.1 200) 4 headers in 159 bytes (1 switches on core 0)
2026-04-22 21:50:52.540 6 INFO neutron.db.ovn_revision_numbers_db [None req-d835ee80-c9a9-4414-aa6f-55f06a6c4fa6 - - - - - -] Successfully bumped revision number for resource e9d6ea66-b1bc-4cb7-97e7-7da60650b9e6 (type: ports) to 2
2026-04-22 21:50:52.550 6 INFO neutron.db.ovn_revision_numbers_db [None req-b7688b1f-bc5b-4033-a8cd-244e390b97a6 - - - - - -] Successfully bumped revision number for resource 69651327-c17e-48e2-b46e-a0385a862809 (type: ports) to 3
2026-04-22 21:50:52.594 7 WARNING neutron.scheduler.dhcp_agent_scheduler [None req-0769beb3-b40a-4bcd-bae5-3af6e745fb5b 1ee9cdd5fd2d4e72a6130468762a5183 c75d2fab51264961997cb6f6e1e43b1f - - default default] No more DHCP agents
2026-04-22 21:50:52.595 7 WARNING neutron.api.rpc.agentnotifiers.dhcp_rpc_agent_api [None req-0769beb3-b40a-4bcd-bae5-3af6e745fb5b 1ee9cdd5fd2d4e72a6130468762a5183 c75d2fab51264961997cb6f6e1e43b1f - - default default] Unable to schedule network 9b1fbf99-5adc-4578-8217-db67db5d3bf7: no agents available; will retry on subsequent port and subnet creation events.
2026-04-22 21:50:52.732 7 INFO neutron.db.ovn_revision_numbers_db [None req-0769beb3-b40a-4bcd-bae5-3af6e745fb5b 1ee9cdd5fd2d4e72a6130468762a5183 c75d2fab51264961997cb6f6e1e43b1f - - default default] Successfully bumped revision number for resource d816ef89-49f1-4ee4-90c0-157ed91fc6cb (type: ports) to 1 [pid: 6|app: 0|req: 1134/2335] 10.0.0.227 () {34 vars in 685 bytes} [Wed Apr 22 21:50:47 2026] POST /v2.0/vpn/vpnservices => generated 459 bytes in 4988 msecs (HTTP/1.1 201) 4 headers in 162 bytes (1 switches on core 0)
2026-04-22 21:50:53.140 6 INFO neutron.db.ovn_revision_numbers_db [None req-5621a4df-a748-477d-a4a7-340fb926c0f5 - - - - - -] Successfully bumped revision number for resource cd413cb5-de8f-4471-bd91-9ce592c4b78d (type: ports) to 4 [pid: 6|app: 0|req: 1135/2336] 10.0.0.93 () {30 vars in 723 bytes} [Wed Apr 22 21:50:52 2026] GET /v2.0/quotas/ee7b22d4f2a245b6a0c46ec0112d39f5/details => generated 847 bytes in 191 msecs (HTTP/1.1 200) 4 headers in 157 bytes (1 switches on core 0)
2026-04-22 21:50:53.455 7 WARNING neutron.scheduler.dhcp_agent_scheduler [None req-0769beb3-b40a-4bcd-bae5-3af6e745fb5b 1ee9cdd5fd2d4e72a6130468762a5183 c75d2fab51264961997cb6f6e1e43b1f - - default default] No more DHCP agents
2026-04-22 21:50:53.456 7 WARNING neutron.api.rpc.agentnotifiers.dhcp_rpc_agent_api [None req-0769beb3-b40a-4bcd-bae5-3af6e745fb5b 1ee9cdd5fd2d4e72a6130468762a5183 c75d2fab51264961997cb6f6e1e43b1f - - default default] Unable to schedule network 9b1fbf99-5adc-4578-8217-db67db5d3bf7: no agents available; will retry on subsequent port and subnet creation events.
2026-04-22 21:50:53.552 6 INFO neutron.db.ovn_revision_numbers_db [None req-1a52bf0b-ab58-48ec-9428-94a36437d3cb 9951420a4d93488fb0849a6c56a53bb4 3720d21742e14562a8832e9ae5eb7230 - - default default] Successfully bumped revision number for resource 076eefc2-8a25-4c9b-bf47-f042bee3cc1f (type: security_groups) to 1
2026-04-22 21:50:53.572 6 INFO neutron.db.ovn_revision_numbers_db [None req-1a52bf0b-ab58-48ec-9428-94a36437d3cb 9951420a4d93488fb0849a6c56a53bb4 3720d21742e14562a8832e9ae5eb7230 - - default default] Successfully bumped revision number for resource 63115a28-08fe-46b5-bccc-a77cc7807184 (type: security_group_rules) to 0
2026-04-22 21:50:53.588 6 INFO neutron.db.ovn_revision_numbers_db [None req-5621a4df-a748-477d-a4a7-340fb926c0f5 - - - - - -] Successfully bumped revision number for resource cd413cb5-de8f-4471-bd91-9ce592c4b78d (type: ports) to 5
2026-04-22 21:50:53.593 6 INFO neutron.db.ovn_revision_numbers_db [None req-1a52bf0b-ab58-48ec-9428-94a36437d3cb 9951420a4d93488fb0849a6c56a53bb4 3720d21742e14562a8832e9ae5eb7230 - - default default] Successfully bumped revision number for resource 8dbe6ac8-9d6e-4f64-95d9-0fd554de1448 (type: security_group_rules) to 0
2026-04-22 21:50:53.607 6 INFO neutron.db.ovn_revision_numbers_db [None req-1a52bf0b-ab58-48ec-9428-94a36437d3cb 9951420a4d93488fb0849a6c56a53bb4 3720d21742e14562a8832e9ae5eb7230 - - default default] Successfully bumped revision number for resource d19ec373-d5df-48a3-8bcd-6eb00a51a18f (type: security_group_rules) to 0
2026-04-22 21:50:53.637 6 INFO neutron.db.ovn_revision_numbers_db [None req-1a52bf0b-ab58-48ec-9428-94a36437d3cb 9951420a4d93488fb0849a6c56a53bb4 3720d21742e14562a8832e9ae5eb7230 - - default default] Successfully bumped revision number for resource eb827e90-b25d-403d-b04b-5e123f960079 (type: security_group_rules) to 0
2026-04-22 21:50:53.805 6 INFO neutron.db.ovn_revision_numbers_db [None req-1a52bf0b-ab58-48ec-9428-94a36437d3cb 9951420a4d93488fb0849a6c56a53bb4 3720d21742e14562a8832e9ae5eb7230 - - default default] Successfully bumped revision number for resource 36ca24b0-0698-4c59-8be1-6f9ee12964b1 (type: security_groups) to 1
2026-04-22 21:50:53.814 6 INFO neutron.db.ovn_revision_numbers_db [None req-1a52bf0b-ab58-48ec-9428-94a36437d3cb 9951420a4d93488fb0849a6c56a53bb4 3720d21742e14562a8832e9ae5eb7230 - - default default] Successfully bumped revision number for resource 3cc07195-3a29-4f68-8b32-1cdace94efbe (type: security_group_rules) to 0
2026-04-22 21:50:53.824 6 INFO neutron.db.ovn_revision_numbers_db [None req-1a52bf0b-ab58-48ec-9428-94a36437d3cb 9951420a4d93488fb0849a6c56a53bb4 3720d21742e14562a8832e9ae5eb7230 - - default default] Successfully bumped revision number for resource 642124ba-b2a5-4ef5-a8e5-7eda0b869806 (type: security_group_rules) to 0
2026-04-22 21:50:53.832 7 INFO neutron.db.ovn_revision_numbers_db [None req-0769beb3-b40a-4bcd-bae5-3af6e745fb5b 1ee9cdd5fd2d4e72a6130468762a5183 c75d2fab51264961997cb6f6e1e43b1f - - default default] Successfully bumped revision number for resource d816ef89-49f1-4ee4-90c0-157ed91fc6cb (type: router_ports) to 1 [pid: 7|app: 0|req: 1202/2337] 10.0.0.227 () {34 vars in 783 bytes} [Wed Apr 22 21:50:52 2026] PUT /v2.0/routers/d1b43217-7365-4766-ae88-e9baad9c6637/add_router_interface => generated 309 bytes in 1726 msecs (HTTP/1.1 200) 4 headers in 157 bytes (1 switches on core 0) [pid: 7|app: 0|req: 1203/2338] 10.0.0.227 () {32 vars in 663 bytes} [Wed Apr 22 21:50:53 2026] GET /v2.0/vpn/vpnservices => generated 1308 bytes in 10 msecs (HTTP/1.1 200) 4 headers in 158 bytes (1 switches on core 0) [pid: 6|app: 0|req: 1136/2339] 10.0.0.227 () {34 vars in 684 bytes} [Wed Apr 22 21:50:53 2026] POST /v2.0/security-groups => generated 1601 bytes in 708 msecs (HTTP/1.1 201) 4 headers in 163 bytes (1 switches on core 0) [pid: 7|app: 0|req: 1204/2340] 10.0.0.227 () {32 vars in 649 bytes} [Wed Apr 22 21:50:53 2026] GET /v2.0/networks => generated 6899 bytes in 67 msecs (HTTP/1.1 200) 4 headers in 158 bytes (1 switches on core 0) [pid: 7|app: 0|req: 1205/2341] 10.0.0.227 () {34 vars in 767 bytes} [Wed Apr 22 21:50:53 2026] PUT /v2.0/security-groups/36ca24b0-0698-4c59-8be1-6f9ee12964b1/tags => generated 25 bytes in 62 msecs (HTTP/1.1 200) 4 headers in 156 bytes (1 switches on core 0)
2026-04-22 21:50:53.983 7 WARNING neutron.plugins.ml2.drivers.ovn.mech_driver.ovsdb.ovn_client [None req-adfe8514-bb35-415d-b2bb-ee6fe1266d56 - - - - - -] No hosting information found for port 72b8a20c-d249-4883-9470-4794da03fbe5: RuntimeError: No hosting information found for port 72b8a20c-d249-4883-9470-4794da03fbe5 [pid: 7|app: 0|req: 1206/2342] 10.0.0.227 () {32 vars in 647 bytes} [Wed Apr 22 21:50:53 2026] GET /v2.0/subnets => generated 5268 bytes in 97 msecs (HTTP/1.1 200) 4 headers in 158 bytes (1 switches on core 0)
2026-04-22 21:50:54.079 6 INFO neutron_taas.services.taas.taas_plugin [None req-99910b6a-f140-4231-8fe8-4c777965fb49 240946f418074d1bba99d8f3adf4c3e4 5194d4ea398640ada78ee23620c3c2b3 - - default default] TaaS: Handle Delete Port: 114203f2-f2a9-4d99-8d68-2cef2e8d8343
2026-04-22 21:50:54.084 6 INFO neutron_taas.services.taas.tap_mirror_plugin [None req-99910b6a-f140-4231-8fe8-4c777965fb49 240946f418074d1bba99d8f3adf4c3e4 5194d4ea398640ada78ee23620c3c2b3 - - default default] Tap Mirror: Handle Delete Port: 114203f2-f2a9-4d99-8d68-2cef2e8d8343 [pid: 7|app: 0|req: 1207/2343] 10.0.0.227 () {32 vars in 747 bytes} [Wed Apr 22 21:50:54 2026] GET /v2.0/security-groups/36ca24b0-0698-4c59-8be1-6f9ee12964b1/tags => generated 25 bytes in 50 msecs (HTTP/1.1 200) 4 headers in 156 bytes (1 switches on core 0)
2026-04-22 21:50:54.127 7 INFO neutron.db.ovn_revision_numbers_db [None req-adfe8514-bb35-415d-b2bb-ee6fe1266d56 - - - - - -] Successfully bumped revision number for resource 72b8a20c-d249-4883-9470-4794da03fbe5 (type: router_ports) to 2
2026-04-22 21:50:54.217 7 INFO neutron.plugins.ml2.drivers.ovn.mech_driver.mech_driver [None req-adfe8514-bb35-415d-b2bb-ee6fe1266d56 - - - - - -] OVN reports status down for port: 114203f2-f2a9-4d99-8d68-2cef2e8d8343
2026-04-22 21:50:54.248 7 INFO neutron.plugins.ml2.drivers.ovn.mech_driver.mech_driver [None req-adfe8514-bb35-415d-b2bb-ee6fe1266d56 - - - - - -] OVN reports status down for port: 88b5f55a-7add-4259-a226-56bb835b93e0 [pid: 7|app: 0|req: 1208/2344] 10.0.0.227 () {32 vars in 647 bytes} [Wed Apr 22 21:50:54 2026] GET /v2.0/routers => generated 3921 bytes in 144 msecs (HTTP/1.1 200) 4 headers in 158 bytes (1 switches on core 0)
2026-04-22 21:50:54.355 6 INFO neutron_taas.services.taas.taas_plugin [None req-b3bd86cf-8cad-408a-bb0f-2a4b62ea3d6d - - - - - -] TaaS: Handle Delete Port: 69651327-c17e-48e2-b46e-a0385a862809
2026-04-22 21:50:54.360 6 INFO neutron_taas.services.taas.tap_mirror_plugin [None req-b3bd86cf-8cad-408a-bb0f-2a4b62ea3d6d - - - - - -] Tap Mirror: Handle Delete Port: 69651327-c17e-48e2-b46e-a0385a862809 [pid: 7|app: 0|req: 1209/2345] 10.0.0.227 () {34 vars in 778 bytes} [Wed Apr 22 21:50:54 2026] PUT /v2.0/security-groups/36ca24b0-0698-4c59-8be1-6f9ee12964b1/tags/green => generated 4 bytes in 97 msecs (HTTP/1.1 201) 4 headers in 160 bytes (1 switches on core 0)
2026-04-22 21:50:54.377 7 INFO neutron.plugins.ml2.drivers.ovn.mech_driver.mech_driver [None req-adfe8514-bb35-415d-b2bb-ee6fe1266d56 - - - - - -] OVN reports status down for port: 69651327-c17e-48e2-b46e-a0385a862809
2026-04-22 21:50:54.435 7 INFO neutron.plugins.ml2.db [None req-adfe8514-bb35-415d-b2bb-ee6fe1266d56 - - - - - -] No ports have port_id starting with 69651327-c17e-48e2-b46e-a0385a862809
2026-04-22 21:50:54.451 7 INFO neutron.plugins.ml2.drivers.ovn.mech_driver.mech_driver [None req-adfe8514-bb35-415d-b2bb-ee6fe1266d56 - - - - - -] OVN reports status down for port: d816ef89-49f1-4ee4-90c0-157ed91fc6cb
2026-04-22 21:50:54.568 7 WARNING neutron.plugins.ml2.drivers.ovn.mech_driver.ovsdb.ovn_client [None req-adfe8514-bb35-415d-b2bb-ee6fe1266d56 - - - - - -] Logical_Switch_Port %s host information not removed, the port state is up
2026-04-22 21:50:54.569 7 INFO neutron.plugins.ml2.drivers.ovn.mech_driver.mech_driver [None req-adfe8514-bb35-415d-b2bb-ee6fe1266d56 - - - - - -] OVN reports status up for port: d816ef89-49f1-4ee4-90c0-157ed91fc6cb
2026-04-22 21:50:54.588 7 INFO neutron.plugins.ml2.plugin [None req-adfe8514-bb35-415d-b2bb-ee6fe1266d56 - - - - - -] Attempt 1 to provision port d816ef89-49f1-4ee4-90c0-157ed91fc6cb
2026-04-22 21:50:54.589 7 INFO neutron.db.ovn_revision_numbers_db [None req-c4702cc7-caa8-4472-aa92-7a7ddcda2647 1ee9cdd5fd2d4e72a6130468762a5183 c75d2fab51264961997cb6f6e1e43b1f - - default default] Successfully bumped revision number for resource c33a0a92-8c3e-475a-9b7b-7d0630804142 (type: security_groups) to 1
2026-04-22 21:50:54.609 7 INFO neutron.db.ovn_revision_numbers_db [None req-c4702cc7-caa8-4472-aa92-7a7ddcda2647 1ee9cdd5fd2d4e72a6130468762a5183 c75d2fab51264961997cb6f6e1e43b1f - - default default] Successfully bumped revision number for resource 2526c105-142a-47e9-9cfc-273594b75108 (type: security_group_rules) to 0
2026-04-22 21:50:54.630 7 INFO neutron.db.ovn_revision_numbers_db [None req-c4702cc7-caa8-4472-aa92-7a7ddcda2647 1ee9cdd5fd2d4e72a6130468762a5183 c75d2fab51264961997cb6f6e1e43b1f - - default default] Successfully bumped revision number for resource 9571e880-9b5c-46a7-8778-6c6ee3c1e7d2 (type: security_group_rules) to 0 [pid: 7|app: 0|req: 1210/2346] 10.0.0.227 () {34 vars in 685 bytes} [Wed Apr 22 21:50:54 2026] POST /v2.0/security-groups => generated 1673 bytes in 322 msecs (HTTP/1.1 201) 4 headers in 163 bytes (1 switches on core 0)
2026-04-22 21:50:54.701 6 INFO neutron_taas.services.taas.taas_plugin [None req-aac60016-cf4f-4db9-bc2f-e882b7fcdd1c - - - - - -] TaaS: Handle Delete Port: e9d6ea66-b1bc-4cb7-97e7-7da60650b9e6
2026-04-22 21:50:54.703 6 INFO neutron_taas.services.taas.tap_mirror_plugin [None req-aac60016-cf4f-4db9-bc2f-e882b7fcdd1c - - - - - -] Tap Mirror: Handle Delete Port: e9d6ea66-b1bc-4cb7-97e7-7da60650b9e6 [pid: 7|app: 0|req: 1211/2347] 10.0.0.227 () {32 vars in 747 bytes} [Wed Apr 22 21:50:54 2026] GET /v2.0/security-groups/36ca24b0-0698-4c59-8be1-6f9ee12964b1/tags => generated 34 bytes in 92 msecs (HTTP/1.1 200) 4 headers in 156 bytes (1 switches on core 0)
2026-04-22 21:50:54.992 7 INFO neutron.db.ovn_revision_numbers_db [None req-03d59356-4973-4093-8306-ba6bcf889bd7 1ee9cdd5fd2d4e72a6130468762a5183 c75d2fab51264961997cb6f6e1e43b1f - - default default] Successfully bumped revision number for resource a1ef6cca-9c0f-486a-a4be-06de135d4a2c (type: security_group_rules) to 0 [pid: 7|app: 0|req: 1212/2348] 10.0.0.227 () {34 vars in 695 bytes} [Wed Apr 22 21:50:54 2026] POST /v2.0/security-group-rules => generated 597 bytes in 264 msecs (HTTP/1.1 201) 4 headers in 162 bytes (1 switches on core 0) [pid: 7|app: 0|req: 1213/2349] 10.0.0.227 () {34 vars in 774 bytes} [Wed Apr 22 21:50:55 2026] PUT /v2.0/security-groups/36ca24b0-0698-4c59-8be1-6f9ee12964b1/tags/red => generated 4 bytes in 113 msecs (HTTP/1.1 201) 4 headers in 160 bytes (1 switches on core 0)
2026-04-22 21:50:55.248 7 INFO neutron.db.ovn_revision_numbers_db [None req-adfe8514-bb35-415d-b2bb-ee6fe1266d56 - - - - - -] Successfully bumped revision number for resource d816ef89-49f1-4ee4-90c0-157ed91fc6cb (type: ports) to 2
2026-04-22 21:50:55.426 7 INFO neutron.db.ovn_revision_numbers_db [None req-9b82a0f3-6c34-4fb1-8ec2-e61fbd84557d 1ee9cdd5fd2d4e72a6130468762a5183 c75d2fab51264961997cb6f6e1e43b1f - - default default] Successfully bumped revision number for resource 686a93de-4e4c-428e-b699-70e1677b4bbf (type: security_group_rules) to 0 [pid: 7|app: 0|req: 1214/2350] 10.0.0.227 () {34 vars in 695 bytes} [Wed Apr 22 21:50:55 2026] POST /v2.0/security-group-rules => generated 596 bytes in 303 msecs (HTTP/1.1 201) 4 headers in 162 bytes (1 switches on core 0) [pid: 7|app: 0|req: 1215/2351] 10.0.0.227 () {32 vars in 747 bytes} [Wed Apr 22 21:50:55 2026] GET /v2.0/security-groups/36ca24b0-0698-4c59-8be1-6f9ee12964b1/tags => generated 34 bytes in 35 msecs (HTTP/1.1 200) 4 headers in 156 bytes (1 switches on core 0)
2026-04-22 21:50:55.628 7 INFO neutron.db.ovn_revision_numbers_db [None req-7ef693a2-1003-405c-af83-214eeaf5edc0 1ee9cdd5fd2d4e72a6130468762a5183 c75d2fab51264961997cb6f6e1e43b1f - - default default] Successfully bumped revision number for resource 8a7f51ad-439c-48db-ae6b-b80ee74e652a (type: security_group_rules) to 0
2026-04-22 21:50:55.644 6 INFO neutron_taas.services.taas.taas_plugin [None req-aac60016-cf4f-4db9-bc2f-e882b7fcdd1c - - - - - -] TaaS: Handle Delete Port: a31046c6-b0f7-498d-8d6c-12ea0c86aee7
2026-04-22 21:50:55.648 6 INFO neutron_taas.services.taas.tap_mirror_plugin [None req-aac60016-cf4f-4db9-bc2f-e882b7fcdd1c - - - - - -] Tap Mirror: Handle Delete Port: a31046c6-b0f7-498d-8d6c-12ea0c86aee7 [pid: 7|app: 0|req: 1216/2352] 10.0.0.227 () {34 vars in 695 bytes} [Wed Apr 22 21:50:55 2026] POST /v2.0/security-group-rules => generated 602 bytes in 158 msecs (HTTP/1.1 201) 4 headers in 162 bytes (1 switches on core 0) [pid: 7|app: 0|req: 1217/2353] 10.0.0.227 () {34 vars in 796 bytes} [Wed Apr 22 21:50:55 2026] PUT /v2.0/security-groups/36ca24b0-0698-4c59-8be1-6f9ee12964b1/tags/black.or.white => generated 4 bytes in 48 msecs (HTTP/1.1 201) 4 headers in 160 bytes (1 switches on core 0)
2026-04-22 21:50:55.850 6 INFO neutron.services.segments.plugin [-] Segment 063b4e53-7036-4ad8-8f36-53177b45e050 resource provider aggregate not found
2026-04-22 21:50:55.852 7 INFO neutron.db.ovn_revision_numbers_db [None req-ad2e56e8-8ccb-41fc-8808-e9d4c569c6d9 1ee9cdd5fd2d4e72a6130468762a5183 c75d2fab51264961997cb6f6e1e43b1f - - default default] Successfully bumped revision number for resource aba900bd-7473-4ed5-a03e-529a3c5034a0 (type: security_group_rules) to 0
2026-04-22 21:50:55.851 6 INFO neutron.services.segments.plugin [-] Segment 063b4e53-7036-4ad8-8f36-53177b45e050 resource provider aggregate not found
2026-04-22 21:50:55.870 6 INFO neutron.services.segments.plugin [-] Segment 063b4e53-7036-4ad8-8f36-53177b45e050 resource provider not found; error: Placement Client Error (4xx): {"errors": [{"status": 404, "title": "Not Found", "detail": "The resource could not be found.\n\n No resource provider with uuid 063b4e53-7036-4ad8-8f36-53177b45e050 found for delete ", "request_id": "req-7cf89e0c-985d-4768-81dd-df3401136ada"}]}
2026-04-22 21:50:55.875 6 INFO neutron.services.segments.plugin [-] Segment 063b4e53-7036-4ad8-8f36-53177b45e050 resource provider not found; error: Placement Client Error (4xx): {"errors": [{"status": 404, "title": "Not Found", "detail": "The resource could not be found.\n\n No resource provider with uuid 063b4e53-7036-4ad8-8f36-53177b45e050 found for delete ", "request_id": "req-f52715bc-5f0c-44a3-8b26-20c676b3b816"}]} [pid: 7|app: 0|req: 1218/2354] 10.0.0.227 () {34 vars in 695 bytes} [Wed Apr 22 21:50:55 2026] POST /v2.0/security-group-rules => generated 601 bytes in 177 msecs (HTTP/1.1 201) 4 headers in 162 bytes (1 switches on core 0) [pid: 6|app: 0|req: 1137/2355] 10.0.0.227 () {32 vars in 740 bytes} [Wed Apr 22 21:50:53 2026] DELETE /v2.0/vpn/vpnservices/c2b7ec81-fa35-4843-9408-cf728851b152 => generated 0 bytes in 2051 msecs (HTTP/1.1 204) 2 headers in 112 bytes (1 switches on core 0) /var/lib/openstack/lib/python3.12/site-packages/pycadf/identifier.py:70: UserWarning: Invalid uuid: neutron. To ensure interoperability, identifiers should be a valid uuid. warnings.warn(('Invalid uuid: %s. To ensure interoperability, ' [pid: 7|app: 0|req: 1219/2356] 10.0.0.227 () {32 vars in 747 bytes} [Wed Apr 22 21:50:55 2026] GET /v2.0/security-groups/36ca24b0-0698-4c59-8be1-6f9ee12964b1/tags => generated 52 bytes in 27 msecs (HTTP/1.1 200) 4 headers in 156 bytes (1 switches on core 0) [pid: 7|app: 0|req: 1220/2357] 10.0.0.227 () {32 vars in 663 bytes} [Wed Apr 22 21:50:55 2026] GET /v2.0/vpn/vpnservices => generated 863 bytes in 8 msecs (HTTP/1.1 200) 4 headers in 157 bytes (1 switches on core 0)
2026-04-22 21:50:55.951 6 INFO neutron.db.securitygroups_db [None req-de25f069-c3d6-4d13-bed4-6f6477c3accc 1ee9cdd5fd2d4e72a6130468762a5183 c75d2fab51264961997cb6f6e1e43b1f - - default default] Project c75d2fab51264961997cb6f6e1e43b1f added a security group rule with legacy IPv6 ICMP protocol name icmp, ipv6-icmp should be used instead. It was automatically converted. [pid: 7|app: 0|req: 1221/2358] 10.0.0.227 () {34 vars in 767 bytes} [Wed Apr 22 21:50:55 2026] PUT /v2.0/security-groups/36ca24b0-0698-4c59-8be1-6f9ee12964b1/tags => generated 37 bytes in 42 msecs (HTTP/1.1 200) 4 headers in 156 bytes (1 switches on core 0)
2026-04-22 21:50:56.016 7 INFO neutron.api.v2.resource [None req-74ab9bb2-1477-4f7c-b9c9-4f9d7203b079 240946f418074d1bba99d8f3adf4c3e4 5194d4ea398640ada78ee23620c3c2b3 - - default default] create failed (client error): The server could not comply with the request since it is either malformed or otherwise incorrect. [pid: 7|app: 0|req: 1222/2359] 10.0.0.227 () {34 vars in 707 bytes} [Wed Apr 22 21:50:55 2026] POST /v2.0/vpn/ipsec-site-connections => generated 127 bytes in 50 msecs (HTTP/1.1 400) 4 headers in 166 bytes (1 switches on core 0) [pid: 7|app: 0|req: 1223/2360] 10.0.0.227 () {32 vars in 747 bytes} [Wed Apr 22 21:50:56 2026] GET /v2.0/security-groups/36ca24b0-0698-4c59-8be1-6f9ee12964b1/tags => generated 37 bytes in 37 msecs (HTTP/1.1 200) 4 headers in 156 bytes (1 switches on core 0)
2026-04-22 21:50:56.062 6 INFO neutron.db.ovn_revision_numbers_db [None req-de25f069-c3d6-4d13-bed4-6f6477c3accc 1ee9cdd5fd2d4e72a6130468762a5183 c75d2fab51264961997cb6f6e1e43b1f - - default default] Successfully bumped revision number for resource b114728a-efde-47ce-8b47-b8663fd8f564 (type: security_group_rules) to 0 [pid: 6|app: 0|req: 1138/2361] 10.0.0.227 () {34 vars in 695 bytes} [Wed Apr 22 21:50:55 2026] POST /v2.0/security-group-rules => generated 607 bytes in 184 msecs (HTTP/1.1 201) 4 headers in 162 bytes (1 switches on core 0)
2026-04-22 21:50:56.103 7 INFO neutron.api.v2.resource [None req-6f593bae-4875-4848-9b1e-e5e7408718a0 240946f418074d1bba99d8f3adf4c3e4 5194d4ea398640ada78ee23620c3c2b3 - - default default] create failed (client error): The server could not comply with the request since it is either malformed or otherwise incorrect. [pid: 7|app: 0|req: 1224/2362] 10.0.0.227 () {34 vars in 707 bytes} [Wed Apr 22 21:50:56 2026] POST /v2.0/vpn/ipsec-site-connections => generated 136 bytes in 50 msecs (HTTP/1.1 400) 4 headers in 166 bytes (1 switches on core 0)
2026-04-22 21:50:56.134 7 INFO neutron.db.securitygroups_db [None req-e9885e8c-b53f-4ad6-85c8-6028849c0a6d 1ee9cdd5fd2d4e72a6130468762a5183 c75d2fab51264961997cb6f6e1e43b1f - - default default] Project c75d2fab51264961997cb6f6e1e43b1f added a security group rule with legacy IPv6 ICMP protocol name icmp, ipv6-icmp should be used instead. It was automatically converted. [pid: 6|app: 0|req: 1139/2363] 10.0.0.227 () {32 vars in 755 bytes} [Wed Apr 22 21:50:56 2026] GET /v2.0/security-groups/36ca24b0-0698-4c59-8be1-6f9ee12964b1/tags/red => generated 0 bytes in 45 msecs (HTTP/1.1 204) 2 headers in 112 bytes (1 switches on core 0)
2026-04-22 21:50:56.147 6 WARNING neutron.api.v2.base [None req-070dbad7-6e3d-4a9c-beae-97f2b77c9471 240946f418074d1bba99d8f3adf4c3e4 5194d4ea398640ada78ee23620c3c2b3 - - default default] An exception happened while processing the request body. The exception message is [Invalid input for dpd. Reason: '59' is not a dictionary.].: webob.exc.HTTPBadRequest: Invalid input for dpd. Reason: '59' is not a dictionary.
2026-04-22 21:50:56.148 6 INFO neutron.api.v2.resource [None req-070dbad7-6e3d-4a9c-beae-97f2b77c9471 240946f418074d1bba99d8f3adf4c3e4 5194d4ea398640ada78ee23620c3c2b3 - - default default] create failed (client error): Invalid input for dpd. Reason: '59' is not a dictionary. [pid: 6|app: 0|req: 1140/2364] 10.0.0.227 () {34 vars in 707 bytes} [Wed Apr 22 21:50:56 2026] POST /v2.0/vpn/ipsec-site-connections => generated 129 bytes in 7 msecs (HTTP/1.1 400) 4 headers in 166 bytes (1 switches on core 0)
2026-04-22 21:50:56.176 6 INFO neutron.api.v2.resource [None req-7cd0b15f-91d2-4544-aed9-5649939afce7 9951420a4d93488fb0849a6c56a53bb4 3720d21742e14562a8832e9ae5eb7230 - - default default] show failed (client error): The resource could not be found. [pid: 6|app: 0|req: 1141/2365] 10.0.0.227 () {32 vars in 759 bytes} [Wed Apr 22 21:50:56 2026] GET /v2.0/security-groups/36ca24b0-0698-4c59-8be1-6f9ee12964b1/tags/green => generated 99 bytes in 28 msecs (HTTP/1.1 404) 4 headers in 163 bytes (1 switches on core 0) [pid: 6|app: 0|req: 1142/2366] 10.0.0.227 () {34 vars in 693 bytes} [Wed Apr 22 21:50:56 2026] POST /v2.0/vpn/endpoint-groups => generated 294 bytes in 42 msecs (HTTP/1.1 201) 4 headers in 162 bytes (1 switches on core 0)
2026-04-22 21:50:56.236 7 INFO neutron.db.ovn_revision_numbers_db [None req-e9885e8c-b53f-4ad6-85c8-6028849c0a6d 1ee9cdd5fd2d4e72a6130468762a5183 c75d2fab51264961997cb6f6e1e43b1f - - default default] Successfully bumped revision number for resource 2aae1956-0b60-4468-9c0f-cc43bfa43d14 (type: security_group_rules) to 0 [pid: 7|app: 0|req: 1225/2367] 10.0.0.227 () {34 vars in 695 bytes} [Wed Apr 22 21:50:56 2026] POST /v2.0/security-group-rules => generated 606 bytes in 159 msecs (HTTP/1.1 201) 4 headers in 162 bytes (1 switches on core 0) [pid: 6|app: 0|req: 1143/2368] 10.0.0.227 () {32 vars in 758 bytes} [Wed Apr 22 21:50:56 2026] DELETE /v2.0/security-groups/36ca24b0-0698-4c59-8be1-6f9ee12964b1/tags/red => generated 0 bytes in 49 msecs (HTTP/1.1 204) 2 headers in 112 bytes (1 switches on core 0)
2026-04-22 21:50:56.301 7 INFO neutron.api.v2.resource [None req-2eeeba69-f156-4d1f-9fee-575e87c93bb5 240946f418074d1bba99d8f3adf4c3e4 5194d4ea398640ada78ee23620c3c2b3 - - default default] create failed (client error): The server could not comply with the request since it is either malformed or otherwise incorrect. [pid: 7|app: 0|req: 1226/2369] 10.0.0.227 () {34 vars in 707 bytes} [Wed Apr 22 21:50:56 2026] POST /v2.0/vpn/ipsec-site-connections => generated 149 bytes in 37 msecs (HTTP/1.1 400) 4 headers in 166 bytes (1 switches on core 0) [pid: 7|app: 0|req: 1227/2370] 10.0.0.227 () {32 vars in 747 bytes} [Wed Apr 22 21:50:56 2026] GET /v2.0/security-groups/36ca24b0-0698-4c59-8be1-6f9ee12964b1/tags => generated 30 bytes in 32 msecs (HTTP/1.1 200) 4 headers in 156 bytes (1 switches on core 0) [pid: 7|app: 0|req: 1228/2371] 10.0.0.227 () {32 vars in 671 bytes} [Wed Apr 22 21:50:56 2026] GET /v2.0/vpn/endpoint-groups => generated 909 bytes in 10 msecs (HTTP/1.1 200) 4 headers in 157 bytes (1 switches on core 0)
2026-04-22 21:50:56.374 7 INFO neutron.api.v2.resource [None req-0f9decb2-ccc5-43ad-b3ca-05552b07e88f 9951420a4d93488fb0849a6c56a53bb4 3720d21742e14562a8832e9ae5eb7230 - - default default] delete failed (client error): The resource could not be found. [pid: 7|app: 0|req: 1229/2372] 10.0.0.227 () {32 vars in 762 bytes} [Wed Apr 22 21:50:56 2026] DELETE /v2.0/security-groups/36ca24b0-0698-4c59-8be1-6f9ee12964b1/tags/green => generated 99 bytes in 29 msecs (HTTP/1.1 404) 4 headers in 163 bytes (1 switches on core 0) [pid: 7|app: 0|req: 1230/2373] 10.0.0.227 () {32 vars in 748 bytes} [Wed Apr 22 21:50:56 2026] DELETE /v2.0/vpn/endpoint-groups/8cb8d693-1b78-42e1-a527-b8530c0465a3 => generated 0 bytes in 22 msecs (HTTP/1.1 204) 2 headers in 112 bytes (1 switches on core 0) [pid: 7|app: 0|req: 1231/2374] 10.0.0.227 () {32 vars in 750 bytes} [Wed Apr 22 21:50:56 2026] DELETE /v2.0/security-groups/36ca24b0-0698-4c59-8be1-6f9ee12964b1/tags => generated 0 bytes in 47 msecs (HTTP/1.1 204) 2 headers in 112 bytes (1 switches on core 0) [pid: 7|app: 0|req: 1232/2375] 10.0.0.227 () {32 vars in 671 bytes} [Wed Apr 22 21:50:56 2026] GET /v2.0/vpn/endpoint-groups => generated 633 bytes in 10 msecs (HTTP/1.1 200) 4 headers in 157 bytes (1 switches on core 0)
2026-04-22 21:50:56.496 6 INFO neutron.db.ovn_revision_numbers_db [None req-da360092-a127-4e9c-8457-bf1a7831fe6d 504e0331dd084543acdb583ac1030b5e 83f0066e79c446efab8bf154d855068f - - default default] Successfully bumped revision number for resource 70cf2239-5d66-4dae-8f91-f647bd126e78 (type: security_groups) to 1 [pid: 7|app: 0|req: 1233/2376] 10.0.0.227 () {32 vars in 747 bytes} [Wed Apr 22 21:50:56 2026] GET /v2.0/security-groups/36ca24b0-0698-4c59-8be1-6f9ee12964b1/tags => generated 12 bytes in 39 msecs (HTTP/1.1 200) 4 headers in 156 bytes (1 switches on core 0)
2026-04-22 21:50:56.527 6 INFO neutron.db.ovn_revision_numbers_db [None req-da360092-a127-4e9c-8457-bf1a7831fe6d 504e0331dd084543acdb583ac1030b5e 83f0066e79c446efab8bf154d855068f - - default default] Successfully bumped revision number for resource 1095fd0a-d293-4905-b0d5-45ad00a00d77 (type: security_group_rules) to 0
2026-04-22 21:50:56.543 6 INFO neutron.db.ovn_revision_numbers_db [None req-da360092-a127-4e9c-8457-bf1a7831fe6d 504e0331dd084543acdb583ac1030b5e 83f0066e79c446efab8bf154d855068f - - default default] Successfully bumped revision number for resource 4e0f411c-566b-4b37-9bb4-7f944ed76434 (type: security_group_rules) to 0 [pid: 7|app: 0|req: 1234/2377] 10.0.0.227 () {34 vars in 693 bytes} [Wed Apr 22 21:50:56 2026] POST /v2.0/vpn/endpoint-groups => generated 302 bytes in 48 msecs (HTTP/1.1 201) 4 headers in 162 bytes (1 switches on core 0)
2026-04-22 21:50:56.555 6 INFO neutron.db.ovn_revision_numbers_db [None req-da360092-a127-4e9c-8457-bf1a7831fe6d 504e0331dd084543acdb583ac1030b5e 83f0066e79c446efab8bf154d855068f - - default default] Successfully bumped revision number for resource 9e758de2-4006-4bb7-85bd-f404b932942f (type: security_group_rules) to 0
2026-04-22 21:50:56.566 6 INFO neutron.db.ovn_revision_numbers_db [None req-da360092-a127-4e9c-8457-bf1a7831fe6d 504e0331dd084543acdb583ac1030b5e 83f0066e79c446efab8bf154d855068f - - default default] Successfully bumped revision number for resource e2b45855-b648-44e9-8366-7c1463c17436 (type: security_group_rules) to 0 [pid: 6|app: 0|req: 1144/2378] 10.0.0.227 () {32 vars in 774 bytes} [Wed Apr 22 21:50:56 2026] GET /v2.0/security-groups?tenant_id=ee7b22d4f2a245b6a0c46ec0112d39f5&name=default => generated 2925 bytes in 337 msecs (HTTP/1.1 200) 4 headers in 158 bytes (1 switches on core 0)
2026-04-22 21:50:56.653 6 INFO neutron.api.v2.resource [None req-f19cf10a-e414-405f-a570-946c2ad6f4ee 240946f418074d1bba99d8f3adf4c3e4 5194d4ea398640ada78ee23620c3c2b3 - - default default] create failed (client error): The server could not comply with the request since it is either malformed or otherwise incorrect. [pid: 6|app: 0|req: 1145/2379] 10.0.0.227 () {34 vars in 707 bytes} [Wed Apr 22 21:50:56 2026] POST /v2.0/vpn/ipsec-site-connections => generated 148 bytes in 48 msecs (HTTP/1.1 400) 4 headers in 166 bytes (1 switches on core 0) [pid: 7|app: 0|req: 1235/2380] 10.0.0.227 () {32 vars in 740 bytes} [Wed Apr 22 21:50:56 2026] DELETE /v2.0/security-groups/36ca24b0-0698-4c59-8be1-6f9ee12964b1 => generated 0 bytes in 115 msecs (HTTP/1.1 204) 2 headers in 112 bytes (1 switches on core 0) [pid: 6|app: 0|req: 1146/2381] 10.0.0.227 () {32 vars in 649 bytes} [Wed Apr 22 21:50:56 2026] GET /v2.0/networks => generated 1373 bytes in 78 msecs (HTTP/1.1 200) 4 headers in 158 bytes (1 switches on core 0) [pid: 6|app: 0|req: 1147/2382] 10.0.0.227 () {32 vars in 671 bytes} [Wed Apr 22 21:50:56 2026] GET /v2.0/vpn/endpoint-groups => generated 917 bytes in 8 msecs (HTTP/1.1 200) 4 headers in 157 bytes (1 switches on core 0) [pid: 6|app: 0|req: 1148/2383] 10.0.0.227 () {32 vars in 748 bytes} [Wed Apr 22 21:50:56 2026] DELETE /v2.0/vpn/endpoint-groups/76accba4-cc03-4512-803b-a62844267c3c => generated 0 bytes in 26 msecs (HTTP/1.1 204) 2 headers in 112 bytes (1 switches on core 0) [pid: 6|app: 0|req: 1149/2384] 10.0.0.227 () {32 vars in 671 bytes} [Wed Apr 22 21:50:56 2026] GET /v2.0/vpn/endpoint-groups => generated 633 bytes in 11 msecs (HTTP/1.1 200) 4 headers in 157 bytes (1 switches on core 0)
2026-04-22 21:50:56.800 6 WARNING neutron.api.v2.base [None req-899d90d5-6ab5-41b8-b90e-d04a9d891c4e 240946f418074d1bba99d8f3adf4c3e4 5194d4ea398640ada78ee23620c3c2b3 - - default default] An exception happened while processing the request body. The exception message is [Invalid input for peer_cidrs. Reason: '1.0.0.0/33' is not a valid IP subnet.].: webob.exc.HTTPBadRequest: Invalid input for peer_cidrs. Reason: '1.0.0.0/33' is not a valid IP subnet.
2026-04-22 21:50:56.800 6 INFO neutron.api.v2.resource [None req-899d90d5-6ab5-41b8-b90e-d04a9d891c4e 240946f418074d1bba99d8f3adf4c3e4 5194d4ea398640ada78ee23620c3c2b3 - - default default] create failed (client error): Invalid input for peer_cidrs. Reason: '1.0.0.0/33' is not a valid IP subnet. [pid: 6|app: 0|req: 1150/2385] 10.0.0.227 () {34 vars in 707 bytes} [Wed Apr 22 21:50:56 2026] POST /v2.0/vpn/ipsec-site-connections => generated 149 bytes in 7 msecs (HTTP/1.1 400) 4 headers in 166 bytes (1 switches on core 0) [pid: 6|app: 0|req: 1151/2386] 10.0.0.225 () {34 vars in 1098 bytes} [Wed Apr 22 21:50:56 2026] GET /v2.0/security-groups?name=tempest-secgroup-smoke-334825605&fields=id&tenant_id=c75d2fab51264961997cb6f6e1e43b1f => generated 69 bytes in 29 msecs (HTTP/1.1 200) 4 headers in 156 bytes (1 switches on core 0) [pid: 7|app: 0|req: 1236/2387] 10.0.0.227 () {32 vars in 740 bytes} [Wed Apr 22 21:50:56 2026] DELETE /v2.0/security-groups/70cf2239-5d66-4dae-8f91-f647bd126e78 => generated 0 bytes in 201 msecs (HTTP/1.1 204) 2 headers in 112 bytes (1 switches on core 0) [pid: 7|app: 0|req: 1237/2388] 10.0.0.225 () {34 vars in 982 bytes} [Wed Apr 22 21:50:56 2026] GET /v2.0/networks?id=9b1fbf99-5adc-4578-8217-db67db5d3bf7 => generated 698 bytes in 41 msecs (HTTP/1.1 200) 4 headers in 157 bytes (1 switches on core 0) [pid: 7|app: 0|req: 1238/2389] 10.0.0.225 () {34 vars in 965 bytes} [Wed Apr 22 21:50:56 2026] GET /v2.0/quotas/c75d2fab51264961997cb6f6e1e43b1f => generated 292 bytes in 8 msecs (HTTP/1.1 200) 4 headers in 157 bytes (1 switches on core 0)
2026-04-22 21:50:56.919 6 INFO neutron.db.segments_db [None req-527347e5-7179-4f61-b2bf-ad60fa3e5d33 240946f418074d1bba99d8f3adf4c3e4 5194d4ea398640ada78ee23620c3c2b3 - - default default] Added segment c469a367-9c92-445c-ab21-7c3b384d3dc1 of type geneve for network 40c9d2fb-c9d1-49b1-a6db-560a1ed8c233 [pid: 7|app: 0|req: 1239/2390] 10.0.0.225 () {34 vars in 1002 bytes} [Wed Apr 22 21:50:56 2026] GET /v2.0/ports?tenant_id=c75d2fab51264961997cb6f6e1e43b1f&fields=id => generated 103 bytes in 99 msecs (HTTP/1.1 200) 4 headers in 157 bytes (1 switches on core 0)
2026-04-22 21:50:57.081 6 INFO neutron.db.ovn_revision_numbers_db [None req-527347e5-7179-4f61-b2bf-ad60fa3e5d33 240946f418074d1bba99d8f3adf4c3e4 5194d4ea398640ada78ee23620c3c2b3 - - default default] Successfully bumped revision number for resource 40c9d2fb-c9d1-49b1-a6db-560a1ed8c233 (type: networks) to 1 [pid: 7|app: 0|req: 1240/2391] 10.0.0.225 () {34 vars in 1008 bytes} [Wed Apr 22 21:50:57 2026] GET /v2.0/networks/9b1fbf99-5adc-4578-8217-db67db5d3bf7?fields=segments => generated 14 bytes in 45 msecs (HTTP/1.1 200) 4 headers in 156 bytes (1 switches on core 0) [pid: 7|app: 0|req: 1241/2392] 10.0.0.225 () {34 vars in 1108 bytes} [Wed Apr 22 21:50:57 2026] GET /v2.0/networks/9b1fbf99-5adc-4578-8217-db67db5d3bf7?fields=provider%3Aphysical_network&fields=provider%3Anetwork_type => generated 79 bytes in 43 msecs (HTTP/1.1 200) 4 headers in 156 bytes (1 switches on core 0)
2026-04-22 21:50:57.254 6 WARNING neutron.scheduler.dhcp_agent_scheduler [None req-527347e5-7179-4f61-b2bf-ad60fa3e5d33 240946f418074d1bba99d8f3adf4c3e4 5194d4ea398640ada78ee23620c3c2b3 - - default default] No more DHCP agents
2026-04-22 21:50:57.255 6 WARNING neutron.api.rpc.agentnotifiers.dhcp_rpc_agent_api [None req-527347e5-7179-4f61-b2bf-ad60fa3e5d33 240946f418074d1bba99d8f3adf4c3e4 5194d4ea398640ada78ee23620c3c2b3 - - default default] Unable to schedule network 40c9d2fb-c9d1-49b1-a6db-560a1ed8c233: no agents available; will retry on subsequent port and subnet creation events. [pid: 7|app: 0|req: 1242/2393] 10.0.0.225 () {34 vars in 990 bytes} [Wed Apr 22 21:50:57 2026] GET /v2.0/ports?device_id=664eaaac-bd0c-4e95-aad7-36f1e06bafd4 => generated 12 bytes in 21 msecs (HTTP/1.1 200) 4 headers in 156 bytes (1 switches on core 0)
2026-04-22 21:50:57.334 6 INFO neutron.db.ovn_revision_numbers_db [None req-527347e5-7179-4f61-b2bf-ad60fa3e5d33 240946f418074d1bba99d8f3adf4c3e4 5194d4ea398640ada78ee23620c3c2b3 - - default default] Successfully bumped revision number for resource c20a111e-5d3f-4ca0-98ce-a324b770e86d (type: ports) to 1 [pid: 6|app: 0|req: 1152/2394] 10.0.0.227 () {34 vars in 670 bytes} [Wed Apr 22 21:50:56 2026] POST /v2.0/networks => generated 650 bytes in 544 msecs (HTTP/1.1 201) 4 headers in 162 bytes (1 switches on core 0) [pid: 7|app: 0|req: 1243/2395] 10.0.0.227 () {32 vars in 774 bytes} [Wed Apr 22 21:50:57 2026] GET /v2.0/security-groups?tenant_id=3720d21742e14562a8832e9ae5eb7230&name=default => generated 2925 bytes in 234 msecs (HTTP/1.1 200) 4 headers in 158 bytes (1 switches on core 0)
2026-04-22 21:50:57.580 6 WARNING neutron.scheduler.dhcp_agent_scheduler [None req-2a39a1e6-7088-4b14-904f-f25cc7ddb8d2 240946f418074d1bba99d8f3adf4c3e4 5194d4ea398640ada78ee23620c3c2b3 - - default default] No more DHCP agents
2026-04-22 21:50:57.585 6 WARNING neutron.api.rpc.agentnotifiers.dhcp_rpc_agent_api [None req-2a39a1e6-7088-4b14-904f-f25cc7ddb8d2 240946f418074d1bba99d8f3adf4c3e4 5194d4ea398640ada78ee23620c3c2b3 - - default default] Unable to schedule network 40c9d2fb-c9d1-49b1-a6db-560a1ed8c233: no agents available; will retry on subsequent port and subnet creation events.
2026-04-22 21:50:57.704 6 WARNING neutron.plugins.ml2.drivers.ovn.mech_driver.ovsdb.ovn_client [None req-59311bb6-2d8c-4108-8d5c-4eda653f7d7a - - - - - -] No port found with ID e9d6ea66-b1bc-4cb7-97e7-7da60650b9e6: RuntimeError: No port found with ID e9d6ea66-b1bc-4cb7-97e7-7da60650b9e6
2026-04-22 21:50:57.705 6 INFO neutron.plugins.ml2.drivers.ovn.mech_driver.mech_driver [None req-59311bb6-2d8c-4108-8d5c-4eda653f7d7a - - - - - -] OVN reports status down for port: cd413cb5-de8f-4471-bd91-9ce592c4b78d [pid: 7|app: 0|req: 1244/2396] 10.0.0.227 () {32 vars in 740 bytes} [Wed Apr 22 21:50:57 2026] DELETE /v2.0/security-groups/076eefc2-8a25-4c9b-bf47-f042bee3cc1f => generated 0 bytes in 311 msecs (HTTP/1.1 204) 2 headers in 112 bytes (1 switches on core 0)
2026-04-22 21:50:58.214 7 INFO neutron.db.ovn_revision_numbers_db [None req-1c80c52f-ed36-4e61-96be-71c00a9720a2 504e0331dd084543acdb583ac1030b5e 83f0066e79c446efab8bf154d855068f - - default default] Successfully bumped revision number for resource 56182c23-e100-49b3-ba4c-ca6b47936b55 (type: security_groups) to 1
2026-04-22 21:50:58.228 7 INFO neutron.db.ovn_revision_numbers_db [None req-1c80c52f-ed36-4e61-96be-71c00a9720a2 504e0331dd084543acdb583ac1030b5e 83f0066e79c446efab8bf154d855068f - - default default] Successfully bumped revision number for resource 25729ff8-ec53-451b-9c5e-c0b67fedc80c (type: security_group_rules) to 0
2026-04-22 21:50:58.253 7 INFO neutron.db.ovn_revision_numbers_db [None req-1c80c52f-ed36-4e61-96be-71c00a9720a2 504e0331dd084543acdb583ac1030b5e 83f0066e79c446efab8bf154d855068f - - default default] Successfully bumped revision number for resource 5eac4f60-b645-4fcf-873f-9932cb08de95 (type: security_group_rules) to 0
2026-04-22 21:50:58.273 7 INFO neutron.db.ovn_revision_numbers_db [None req-1c80c52f-ed36-4e61-96be-71c00a9720a2 504e0331dd084543acdb583ac1030b5e 83f0066e79c446efab8bf154d855068f - - default default] Successfully bumped revision number for resource 988e84e2-6ef5-4547-9f25-e5496d4190fb (type: security_group_rules) to 0
