2026-04-22 21:13:30.709 6 INFO neutron.api.extensions [None req-1288a1e9-2b1f-4842-842c-47cf0eca7e39 - - - - - -] Extension ip-substring-filtering not supported by any of loaded plugins
2026-04-22 21:13:30.710 6 INFO neutron.api.extensions [None req-1288a1e9-2b1f-4842-842c-47cf0eca7e39 - - - - - -] Loaded extension: l2_adjacency
2026-04-22 21:13:30.710 7 INFO neutron.quota.resource_registry [None req-dcec8984-7485-4544-af3f-d5bb5413137f - - - - - -] Creating instance of TrackedResource for resource:subnetpool
2026-04-22 21:13:30.710 7 WARNING neutron.quota.resource_registry [None req-dcec8984-7485-4544-af3f-d5bb5413137f - - - - - -] subnetpool is already registered
2026-04-22 21:13:30.710 7 INFO neutron.quota.resource_registry [None req-dcec8984-7485-4544-af3f-d5bb5413137f - - - - - -] Creating instance of CountableResource for resource:trunk
2026-04-22 21:13:30.711 7 INFO neutron.quota.resource_registry [None req-dcec8984-7485-4544-af3f-d5bb5413137f - - - - - -] Creating instance of CountableResource for resource:ikepolicy
2026-04-22 21:13:30.711 6 INFO neutron.api.extensions [None req-1288a1e9-2b1f-4842-842c-47cf0eca7e39 - - - - - -] Loaded extension: router
2026-04-22 21:13:30.711 7 INFO neutron.quota.resource_registry [None req-dcec8984-7485-4544-af3f-d5bb5413137f - - - - - -] Creating instance of CountableResource for resource:ipsecpolicy
2026-04-22 21:13:30.712 7 INFO neutron.quota.resource_registry [None req-dcec8984-7485-4544-af3f-d5bb5413137f - - - - - -] Creating instance of CountableResource for resource:endpoint_group
2026-04-22 21:13:30.712 7 INFO neutron.quota.resource_registry [None req-dcec8984-7485-4544-af3f-d5bb5413137f - - - - - -] Creating instance of CountableResource for resource:vpnservice
2026-04-22 21:13:30.713 7 INFO neutron.quota.resource_registry [None req-dcec8984-7485-4544-af3f-d5bb5413137f - - - - - -] Creating instance of CountableResource for resource:ipsec_site_connection
2026-04-22 21:13:30.713 6 INFO neutron.api.extensions [None req-1288a1e9-2b1f-4842-842c-47cf0eca7e39 - - - - - -] Extension l3-conntrack-helper not supported by any of loaded plugins
2026-04-22 21:13:30.713 7 INFO neutron.quota.resource_registry [None req-dcec8984-7485-4544-af3f-d5bb5413137f - - - - - -] Creating instance of CountableResource for resource:ipsecpolicy
2026-04-22 21:13:30.713 7 WARNING neutron.quota.resource_registry [None req-dcec8984-7485-4544-af3f-d5bb5413137f - - - - - -] ipsecpolicy is already registered
2026-04-22 21:13:30.713 7 INFO neutron.quota.resource_registry [None req-dcec8984-7485-4544-af3f-d5bb5413137f - - - - - -] Creating instance of CountableResource for resource:ikepolicy
2026-04-22 21:13:30.713 6 INFO neutron.api.extensions [None req-1288a1e9-2b1f-4842-842c-47cf0eca7e39 - - - - - -] Loaded extension: enable-default-route-bfd
2026-04-22 21:13:30.714 7 WARNING neutron.quota.resource_registry [None req-dcec8984-7485-4544-af3f-d5bb5413137f - - - - - -] ikepolicy is already registered
2026-04-22 21:13:30.714 6 INFO neutron.api.extensions [None req-1288a1e9-2b1f-4842-842c-47cf0eca7e39 - - - - - -] Loaded extension: enable-default-route-ecmp
2026-04-22 21:13:30.715 6 INFO neutron.api.extensions [None req-1288a1e9-2b1f-4842-842c-47cf0eca7e39 - - - - - -] Loaded extension: ext-gw-mode
2026-04-22 21:13:30.715 6 INFO neutron.api.extensions [None req-1288a1e9-2b1f-4842-842c-47cf0eca7e39 - - - - - -] Loaded extension: l3-ha
2026-04-22 21:13:30.716 6 INFO neutron.api.extensions [None req-1288a1e9-2b1f-4842-842c-47cf0eca7e39 - - - - - -] Extension l3-ext-ndp-proxy not supported by any of loaded plugins
2026-04-22 21:13:30.716 6 INFO neutron.api.extensions [None req-1288a1e9-2b1f-4842-842c-47cf0eca7e39 - - - - - -] Loaded extension: external-gateway-multihoming
2026-04-22 21:13:30.717 6 INFO neutron.api.extensions [None req-1288a1e9-2b1f-4842-842c-47cf0eca7e39 - - - - - -] Loaded extension: l3-flavors
2026-04-22 21:13:30.718 6 INFO neutron.api.extensions [None req-1288a1e9-2b1f-4842-842c-47cf0eca7e39 - - - - - -] Extension l3-ndp-proxy not supported by any of loaded plugins
2026-04-22 21:13:30.718 7 INFO neutron.quota.resource_registry [None req-dcec8984-7485-4544-af3f-d5bb5413137f - - - - - -] Creating instance of TrackedResource for resource:router
2026-04-22 21:13:30.718 7 WARNING neutron.quota.resource_registry [None req-dcec8984-7485-4544-af3f-d5bb5413137f - - - - - -] router is already registered
2026-04-22 21:13:30.718 6 INFO neutron.api.extensions [None req-1288a1e9-2b1f-4842-842c-47cf0eca7e39 - - - - - -] Extension l3-port-ip-change-not-allowed not supported by any of loaded plugins
2026-04-22 21:13:30.718 7 INFO neutron.quota.resource_registry [None req-dcec8984-7485-4544-af3f-d5bb5413137f - - - - - -] Creating instance of TrackedResource for resource:floatingip
2026-04-22 21:13:30.719 7 WARNING neutron.quota.resource_registry [None req-dcec8984-7485-4544-af3f-d5bb5413137f - - - - - -] floatingip is already registered
2026-04-22 21:13:30.720 6 INFO neutron.api.extensions [None req-1288a1e9-2b1f-4842-842c-47cf0eca7e39 - - - - - -] Extension l3_agent_scheduler not supported by any of loaded plugins
2026-04-22 21:13:30.722 6 INFO neutron.api.extensions [None req-1288a1e9-2b1f-4842-842c-47cf0eca7e39 - - - - - -] Extension local_ip not supported by any of loaded plugins
2026-04-22 21:13:30.723 6 INFO neutron.api.extensions [None req-1288a1e9-2b1f-4842-842c-47cf0eca7e39 - - - - - -] Loaded extension: logging
2026-04-22 21:13:30.723 7 INFO neutron.quota.resource_registry [None req-dcec8984-7485-4544-af3f-d5bb5413137f - - - - - -] Creating instance of CountableResource for resource:rbac_policy
2026-04-22 21:13:30.723 7 WARNING neutron.quota.resource_registry [None req-dcec8984-7485-4544-af3f-d5bb5413137f - - - - - -] rbac_policy is already registered
2026-04-22 21:13:30.724 7 INFO neutron.quota.resource_registry [None req-dcec8984-7485-4544-af3f-d5bb5413137f - - - - - -] Creating instance of TrackedResource for resource:security_group
2026-04-22 21:13:30.724 6 INFO neutron.api.extensions [None req-1288a1e9-2b1f-4842-842c-47cf0eca7e39 - - - - - -] Extension metering not supported by any of loaded plugins
2026-04-22 21:13:30.724 7 WARNING neutron.quota.resource_registry [None req-dcec8984-7485-4544-af3f-d5bb5413137f - - - - - -] security_group is already registered
2026-04-22 21:13:30.724 7 INFO neutron.quota.resource_registry [None req-dcec8984-7485-4544-af3f-d5bb5413137f - - - - - -] Creating instance of TrackedResource for resource:security_group_rule
2026-04-22 21:13:30.724 7 WARNING neutron.quota.resource_registry [None req-dcec8984-7485-4544-af3f-d5bb5413137f - - - - - -] security_group_rule is already registered
2026-04-22 21:13:30.724 6 INFO neutron.api.extensions [None req-1288a1e9-2b1f-4842-842c-47cf0eca7e39 - - - - - -] Extension metering_source_and_destination_fields not supported by any of loaded plugins
2026-04-22 21:13:30.725 6 INFO neutron.api.extensions [None req-1288a1e9-2b1f-4842-842c-47cf0eca7e39 - - - - - -] Loaded extension: multi-provider
2026-04-22 21:13:30.725 7 INFO neutron.quota.resource_registry [None req-dcec8984-7485-4544-af3f-d5bb5413137f - - - - - -] Creating instance of TrackedResource for resource:subnetpool
2026-04-22 21:13:30.725 7 WARNING neutron.quota.resource_registry [None req-dcec8984-7485-4544-af3f-d5bb5413137f - - - - - -] subnetpool is already registered
2026-04-22 21:13:30.726 6 INFO neutron.api.extensions [None req-1288a1e9-2b1f-4842-842c-47cf0eca7e39 - - - - - -] Loaded extension: net-mtu
2026-04-22 21:13:30.726 7 INFO neutron.quota.resource_registry [None req-dcec8984-7485-4544-af3f-d5bb5413137f - - - - - -] Creating instance of CountableResource for resource:trunk
2026-04-22 21:13:30.726 7 WARNING neutron.quota.resource_registry [None req-dcec8984-7485-4544-af3f-d5bb5413137f - - - - - -] trunk is already registered
2026-04-22 21:13:30.726 7 INFO neutron.quota.resource_registry [None req-dcec8984-7485-4544-af3f-d5bb5413137f - - - - - -] Creating instance of CountableResource for resource:ikepolicy
2026-04-22 21:13:30.726 6 INFO neutron.api.extensions [None req-1288a1e9-2b1f-4842-842c-47cf0eca7e39 - - - - - -] Loaded extension: net-mtu-writable
2026-04-22 21:13:30.726 7 WARNING neutron.quota.resource_registry [None req-dcec8984-7485-4544-af3f-d5bb5413137f - - - - - -] ikepolicy is already registered
2026-04-22 21:13:30.727 7 INFO neutron.quota.resource_registry [None req-dcec8984-7485-4544-af3f-d5bb5413137f - - - - - -] Creating instance of CountableResource for resource:ipsecpolicy
2026-04-22 21:13:30.727 7 WARNING neutron.quota.resource_registry [None req-dcec8984-7485-4544-af3f-d5bb5413137f - - - - - -] ipsecpolicy is already registered
2026-04-22 21:13:30.727 6 INFO neutron.api.extensions [None req-1288a1e9-2b1f-4842-842c-47cf0eca7e39 - - - - - -] Loaded extension: network_availability_zone
2026-04-22 21:13:30.727 7 INFO neutron.quota.resource_registry [None req-dcec8984-7485-4544-af3f-d5bb5413137f - - - - - -] Creating instance of CountableResource for resource:endpoint_group
2026-04-22 21:13:30.727 7 WARNING neutron.quota.resource_registry [None req-dcec8984-7485-4544-af3f-d5bb5413137f - - - - - -] endpoint_group is already registered
2026-04-22 21:13:30.727 6 INFO neutron.api.extensions [None req-1288a1e9-2b1f-4842-842c-47cf0eca7e39 - - - - - -] Extension network_ha not supported by any of loaded plugins
2026-04-22 21:13:30.728 7 INFO neutron.quota.resource_registry [None req-dcec8984-7485-4544-af3f-d5bb5413137f - - - - - -] Creating instance of CountableResource for resource:vpnservice
2026-04-22 21:13:30.728 7 WARNING neutron.quota.resource_registry [None req-dcec8984-7485-4544-af3f-d5bb5413137f - - - - - -] vpnservice is already registered
2026-04-22 21:13:30.728 6 INFO neutron.api.extensions [None req-1288a1e9-2b1f-4842-842c-47cf0eca7e39 - - - - - -] Loaded extension: network-ip-availability
2026-04-22 21:13:30.728 7 INFO neutron.quota.resource_registry [None req-dcec8984-7485-4544-af3f-d5bb5413137f - - - - - -] Creating instance of CountableResource for resource:ipsec_site_connection
2026-04-22 21:13:30.728 7 WARNING neutron.quota.resource_registry [None req-dcec8984-7485-4544-af3f-d5bb5413137f - - - - - -] ipsec_site_connection is already registered
2026-04-22 21:13:30.729 7 INFO neutron.quota.resource_registry [None req-dcec8984-7485-4544-af3f-d5bb5413137f - - - - - -] Creating instance of CountableResource for resource:ipsecpolicy
2026-04-22 21:13:30.729 7 WARNING neutron.quota.resource_registry [None req-dcec8984-7485-4544-af3f-d5bb5413137f - - - - - -] ipsecpolicy is already registered
2026-04-22 21:13:30.729 7 INFO neutron.quota.resource_registry [None req-dcec8984-7485-4544-af3f-d5bb5413137f - - - - - -] Creating instance of CountableResource for resource:ikepolicy
2026-04-22 21:13:30.729 7 WARNING neutron.quota.resource_registry [None req-dcec8984-7485-4544-af3f-d5bb5413137f - - - - - -] ikepolicy is already registered
2026-04-22 21:13:30.730 6 INFO neutron.api.extensions [None req-1288a1e9-2b1f-4842-842c-47cf0eca7e39 - - - - - -] Extension network-segment-range not supported by any of loaded plugins
2026-04-22 21:13:30.730 6 INFO neutron.api.extensions [None req-1288a1e9-2b1f-4842-842c-47cf0eca7e39 - - - - - -] Loaded extension: pagination
2026-04-22 21:13:30.731 6 INFO neutron.api.extensions [None req-1288a1e9-2b1f-4842-842c-47cf0eca7e39 - - - - - -] Loaded extension: port-device-profile
2026-04-22 21:13:30.731 6 INFO neutron.api.extensions [None req-1288a1e9-2b1f-4842-842c-47cf0eca7e39 - - - - - -] Extension port-hardware-offload-type not supported by any of loaded plugins
2026-04-22 21:13:30.732 6 INFO neutron.api.extensions [None req-1288a1e9-2b1f-4842-842c-47cf0eca7e39 - - - - - -] Extension port-hint-ovs-tx-steering not supported by any of loaded plugins
2026-04-22 21:13:30.732 6 INFO neutron.api.extensions [None req-1288a1e9-2b1f-4842-842c-47cf0eca7e39 - - - - - -] Extension port-hints not supported by any of loaded plugins
2026-04-22 21:13:30.733 6 INFO neutron.api.extensions [None req-1288a1e9-2b1f-4842-842c-47cf0eca7e39 - - - - - -] Extension port-mac-override not supported by any of loaded plugins
2026-04-22 21:13:30.733 6 INFO neutron.api.extensions [None req-1288a1e9-2b1f-4842-842c-47cf0eca7e39 - - - - - -] Loaded extension: port-mac-address-regenerate
2026-04-22 21:13:30.734 6 INFO neutron.api.extensions [None req-1288a1e9-2b1f-4842-842c-47cf0eca7e39 - - - - - -] Loaded extension: port-numa-affinity-policy
2026-04-22 21:13:30.734 6 INFO neutron.api.extensions [None req-1288a1e9-2b1f-4842-842c-47cf0eca7e39 - - - - - -] Loaded extension: port-numa-affinity-policy-socket
2026-04-22 21:13:30.735 6 INFO neutron.api.extensions [None req-1288a1e9-2b1f-4842-842c-47cf0eca7e39 - - - - - -] Loaded extension: port-resource-request
2026-04-22 21:13:30.736 6 INFO neutron.api.extensions [None req-1288a1e9-2b1f-4842-842c-47cf0eca7e39 - - - - - -] Loaded extension: port-resource-request-groups
2026-04-22 21:13:30.736 6 INFO neutron.api.extensions [None req-1288a1e9-2b1f-4842-842c-47cf0eca7e39 - - - - - -] Extension port-trusted-vif not supported by any of loaded plugins
2026-04-22 21:13:30.737 6 INFO neutron.api.extensions [None req-1288a1e9-2b1f-4842-842c-47cf0eca7e39 - - - - - -] Loaded extension: binding
2026-04-22 21:13:30.737 6 INFO neutron.api.extensions [None req-1288a1e9-2b1f-4842-842c-47cf0eca7e39 - - - - - -] Loaded extension: binding-extended
2026-04-22 21:13:30.738 6 INFO neutron.api.extensions [None req-1288a1e9-2b1f-4842-842c-47cf0eca7e39 - - - - - -] Loaded extension: port-security
2026-04-22 21:13:30.738 6 INFO neutron.api.extensions [None req-1288a1e9-2b1f-4842-842c-47cf0eca7e39 - - - - - -] Loaded extension: project-id
2026-04-22 21:13:30.739 6 INFO neutron.api.extensions [None req-1288a1e9-2b1f-4842-842c-47cf0eca7e39 - - - - - -] Loaded extension: provider
2026-04-22 21:13:30.740 6 INFO neutron.api.extensions [None req-1288a1e9-2b1f-4842-842c-47cf0eca7e39 - - - - - -] Loaded extension: qinq
2026-04-22 21:13:30.742 6 INFO neutron.api.extensions [None req-1288a1e9-2b1f-4842-842c-47cf0eca7e39 - - - - - -] Loaded extension: qos
2026-04-22 21:13:30.743 6 INFO neutron.api.extensions [None req-1288a1e9-2b1f-4842-842c-47cf0eca7e39 - - - - - -] Loaded extension: qos-bw-limit-direction
2026-04-22 21:13:30.743 6 INFO neutron.api.extensions [None req-1288a1e9-2b1f-4842-842c-47cf0eca7e39 - - - - - -] Loaded extension: qos-bw-minimum-ingress
2026-04-22 21:13:30.744 6 INFO neutron.api.extensions [None req-1288a1e9-2b1f-4842-842c-47cf0eca7e39 - - - - - -] Loaded extension: qos-default
2026-04-22 21:13:30.744 6 INFO neutron.api.extensions [None req-1288a1e9-2b1f-4842-842c-47cf0eca7e39 - - - - - -] Loaded extension: qos-fip
2026-04-22 21:13:30.745 6 INFO neutron.api.extensions [None req-1288a1e9-2b1f-4842-842c-47cf0eca7e39 - - - - - -] Extension qos-fip-network-policy not supported by any of loaded plugins
2026-04-22 21:13:30.745 6 INFO neutron.api.extensions [None req-1288a1e9-2b1f-4842-842c-47cf0eca7e39 - - - - - -] Loaded extension: qos-gateway-ip
2026-04-22 21:13:30.746 6 INFO neutron.api.extensions [None req-1288a1e9-2b1f-4842-842c-47cf0eca7e39 - - - - - -] Loaded extension: qos-port-network-policy
2026-04-22 21:13:30.746 6 INFO neutron.api.extensions [None req-1288a1e9-2b1f-4842-842c-47cf0eca7e39 - - - - - -] Loaded extension: qos-pps-minimum
2026-04-22 21:13:30.747 6 INFO neutron.api.extensions [None req-1288a1e9-2b1f-4842-842c-47cf0eca7e39 - - - - - -] Loaded extension: qos-pps-minimum-rule-alias
2026-04-22 21:13:30.748 6 INFO neutron.api.extensions [None req-1288a1e9-2b1f-4842-842c-47cf0eca7e39 - - - - - -] Loaded extension: qos-pps
2026-04-22 21:13:30.748 6 INFO neutron.api.extensions [None req-1288a1e9-2b1f-4842-842c-47cf0eca7e39 - - - - - -] Loaded extension: qos-rule-type-details
2026-04-22 21:13:30.749 6 INFO neutron.api.extensions [None req-1288a1e9-2b1f-4842-842c-47cf0eca7e39 - - - - - -] Loaded extension: qos-rule-type-filter
2026-04-22 21:13:30.750 6 INFO neutron.api.extensions [None req-1288a1e9-2b1f-4842-842c-47cf0eca7e39 - - - - - -] Loaded extension: qos-rules-alias
2026-04-22 21:13:30.750 6 INFO neutron.api.extensions [None req-1288a1e9-2b1f-4842-842c-47cf0eca7e39 - - - - - -] Loaded extension: quota-check-limit
2026-04-22 21:13:30.751 6 INFO neutron.api.extensions [None req-1288a1e9-2b1f-4842-842c-47cf0eca7e39 - - - - - -] Loaded extension: quota-check-limit-default
2026-04-22 21:13:30.753 6 INFO neutron.api.extensions [None req-1288a1e9-2b1f-4842-842c-47cf0eca7e39 - - - - - -] Loaded extension: quotas
2026-04-22 21:13:30.754 6 INFO neutron.api.extensions [None req-1288a1e9-2b1f-4842-842c-47cf0eca7e39 - - - - - -] Loaded extension: quota_details
2026-04-22 21:13:30.755 6 INFO neutron.api.extensions [None req-1288a1e9-2b1f-4842-842c-47cf0eca7e39 - - - - - -] Loaded extension: rbac-policies
2026-04-22 21:13:30.756 6 INFO neutron.api.extensions [None req-1288a1e9-2b1f-4842-842c-47cf0eca7e39 - - - - - -] Extension rbac-address-group not supported by any of loaded plugins
2026-04-22 21:13:30.757 6 INFO neutron.api.extensions [None req-1288a1e9-2b1f-4842-842c-47cf0eca7e39 - - - - - -] Loaded extension: rbac-address-scope
2026-04-22 21:13:30.757 6 INFO neutron.api.extensions [None req-1288a1e9-2b1f-4842-842c-47cf0eca7e39 - - - - - -] Loaded extension: rbac-security-groups
2026-04-22 21:13:30.758 6 INFO neutron.api.extensions [None req-1288a1e9-2b1f-4842-842c-47cf0eca7e39 - - - - - -] Extension rbac-subnetpool not supported by any of loaded plugins
2026-04-22 21:13:30.758 6 INFO neutron.api.extensions [None req-1288a1e9-2b1f-4842-842c-47cf0eca7e39 - - - - - -] Loaded extension: revision-if-match
2026-04-22 21:13:30.759 6 INFO neutron.api.extensions [None req-1288a1e9-2b1f-4842-842c-47cf0eca7e39 - - - - - -] Loaded extension: standard-attr-revisions
2026-04-22 21:13:30.759 6 INFO neutron.api.extensions [None req-1288a1e9-2b1f-4842-842c-47cf0eca7e39 - - - - - -] Loaded extension: router_availability_zone
2026-04-22 21:13:30.760 6 INFO neutron.api.extensions [None req-1288a1e9-2b1f-4842-842c-47cf0eca7e39 - - - - - -] Extension router-service-type not supported by any of loaded plugins
2026-04-22 21:13:30.762 6 INFO neutron.api.extensions [None req-1288a1e9-2b1f-4842-842c-47cf0eca7e39 - - - - - -] Loaded extension: security-groups-default-rules
2026-04-22 21:13:30.762 6 INFO neutron.api.extensions [None req-1288a1e9-2b1f-4842-842c-47cf0eca7e39 - - - - - -] Loaded extension: security-groups-normalized-cidr
2026-04-22 21:13:30.763 6 INFO neutron.api.extensions [None req-1288a1e9-2b1f-4842-842c-47cf0eca7e39 - - - - - -] Extension port-security-groups-filtering not supported by any of loaded plugins
2026-04-22 21:13:30.763 6 INFO neutron.api.extensions [None req-1288a1e9-2b1f-4842-842c-47cf0eca7e39 - - - - - -] Loaded extension: security-groups-remote-address-group
2026-04-22 21:13:30.764 6 INFO neutron.api.extensions [None req-1288a1e9-2b1f-4842-842c-47cf0eca7e39 - - - - - -] Loaded extension: security-groups-rules-belongs-to-default-sg
2026-04-22 21:13:30.764 6 INFO neutron.api.extensions [None req-1288a1e9-2b1f-4842-842c-47cf0eca7e39 - - - - - -] Loaded extension: security-groups-shared-filtering
2026-04-22 21:13:30.765 7 WARNING keystonemiddleware._common.config [None req-dcec8984-7485-4544-af3f-d5bb5413137f - - - - - -] The option "audit_map_file" is not known to keystonemiddleware
2026-04-22 21:13:30.769 6 INFO neutron.api.extensions [None req-1288a1e9-2b1f-4842-842c-47cf0eca7e39 - - - - - -] Loaded extension: security-group
2026-04-22 21:13:30.770 6 INFO neutron.api.extensions [None req-1288a1e9-2b1f-4842-842c-47cf0eca7e39 - - - - - -] Loaded extension: segment
2026-04-22 21:13:30.770 6 INFO neutron.api.extensions [None req-1288a1e9-2b1f-4842-842c-47cf0eca7e39 - - - - - -] Loaded extension: segments-peer-subnet-host-routes
2026-04-22 21:13:30.771 6 INFO neutron.api.extensions [None req-1288a1e9-2b1f-4842-842c-47cf0eca7e39 - - - - - -] Loaded extension: service-type
2026-04-22 21:13:30.772 6 INFO neutron.api.extensions [None req-1288a1e9-2b1f-4842-842c-47cf0eca7e39 - - - - - -] Loaded extension: sorting
2026-04-22 21:13:30.772 7 WARNING oslo_config.cfg [None req-dcec8984-7485-4544-af3f-d5bb5413137f - - - - - -] Deprecated: Option "auth_uri" from group "keystone_authtoken" is deprecated. Use option "www_authenticate_uri" from group "keystone_authtoken".
2026-04-22 21:13:30.772 6 INFO neutron.api.extensions [None req-1288a1e9-2b1f-4842-842c-47cf0eca7e39 - - - - - -] Loaded extension: standard-attr-segment
2026-04-22 21:13:30.773 6 INFO neutron.api.extensions [None req-1288a1e9-2b1f-4842-842c-47cf0eca7e39 - - - - - -] Loaded extension: standard-attr-description
2026-04-22 21:13:30.773 6 INFO neutron.api.extensions [None req-1288a1e9-2b1f-4842-842c-47cf0eca7e39 - - - - - -] Loaded extension: stateful-security-group
2026-04-22 21:13:30.774 6 WARNING neutron.api.extensions [None req-1288a1e9-2b1f-4842-842c-47cf0eca7e39 - - - - - -] Did not find expected name "Stdattrs_common" in /var/lib/openstack/lib/python3.12/site-packages/neutron/extensions/stdattrs_common.py
2026-04-22 21:13:30.774 6 INFO neutron.api.extensions [None req-1288a1e9-2b1f-4842-842c-47cf0eca7e39 - - - - - -] Loaded extension: subnet-dns-publish-fixed-ip
2026-04-22 21:13:30.775 6 INFO neutron.api.extensions [None req-1288a1e9-2b1f-4842-842c-47cf0eca7e39 - - - - - -] Loaded extension: subnet-external-network
2026-04-22 21:13:30.776 6 INFO neutron.api.extensions [None req-1288a1e9-2b1f-4842-842c-47cf0eca7e39 - - - - - -] Extension subnet_onboard not supported by any of loaded plugins
2026-04-22 21:13:30.776 6 INFO neutron.api.extensions [None req-1288a1e9-2b1f-4842-842c-47cf0eca7e39 - - - - - -] Loaded extension: subnet-segmentid-writable
2026-04-22 21:13:30.777 6 INFO neutron.api.extensions [None req-1288a1e9-2b1f-4842-842c-47cf0eca7e39 - - - - - -] Loaded extension: subnet-service-types
2026-04-22 21:13:30.777 6 INFO neutron.api.extensions [None req-1288a1e9-2b1f-4842-842c-47cf0eca7e39 - - - - - -] Loaded extension: subnet_allocation
2026-04-22 21:13:30.778 6 INFO neutron.api.extensions [None req-1288a1e9-2b1f-4842-842c-47cf0eca7e39 - - - - - -] Loaded extension: subnetpool-prefix-ops
2026-04-22 21:13:30.778 6 INFO neutron.api.extensions [None req-1288a1e9-2b1f-4842-842c-47cf0eca7e39 - - - - - -] Loaded extension: tag-creation
2026-04-22 21:13:30.779 6 INFO neutron.api.extensions [None req-1288a1e9-2b1f-4842-842c-47cf0eca7e39 - - - - - -] Extension tag-ports-during-bulk-creation not supported by any of loaded plugins
2026-04-22 21:13:30.783 6 INFO neutron.api.extensions [None req-1288a1e9-2b1f-4842-842c-47cf0eca7e39 - - - - - -] Loaded extension: standard-attr-tag
2026-04-22 21:13:30.784 6 INFO neutron.api.extensions [None req-1288a1e9-2b1f-4842-842c-47cf0eca7e39 - - - - - -] Loaded extension: standard-attr-timestamp
2026-04-22 21:13:30.784 6 INFO neutron.api.extensions [None req-1288a1e9-2b1f-4842-842c-47cf0eca7e39 - - - - - -] Loaded extension: trunk
2026-04-22 21:13:30.785 6 INFO neutron.api.extensions [None req-1288a1e9-2b1f-4842-842c-47cf0eca7e39 - - - - - -] Loaded extension: trunk-details
2026-04-22 21:13:30.785 6 INFO neutron.api.extensions [None req-1288a1e9-2b1f-4842-842c-47cf0eca7e39 - - - - - -] Extension uplink-status-propagation not supported by any of loaded plugins
2026-04-22 21:13:30.786 6 INFO neutron.api.extensions [None req-1288a1e9-2b1f-4842-842c-47cf0eca7e39 - - - - - -] Extension uplink-status-propagation-updatable not supported by any of loaded plugins
2026-04-22 21:13:30.787 6 INFO neutron.api.extensions [None req-1288a1e9-2b1f-4842-842c-47cf0eca7e39 - - - - - -] Loaded extension: vlan-transparent
2026-04-22 21:13:30.787 6 INFO neutron.api.extensions [None req-1288a1e9-2b1f-4842-842c-47cf0eca7e39 - - - - - -] Loaded extension: vpn-aes-ctr
2026-04-22 21:13:30.789 6 INFO neutron.api.extensions [None req-1288a1e9-2b1f-4842-842c-47cf0eca7e39 - - - - - -] Loaded extension: vpn-agent-scheduler
2026-04-22 21:13:30.790 6 INFO neutron.api.extensions [None req-1288a1e9-2b1f-4842-842c-47cf0eca7e39 - - - - - -] Loaded extension: vpn-endpoint-groups
2026-04-22 21:13:30.791 6 INFO neutron.api.extensions [None req-1288a1e9-2b1f-4842-842c-47cf0eca7e39 - - - - - -] Loaded extension: vpn-flavors
2026-04-22 21:13:30.792 7 WARNING neutron.plugins.ml2.drivers.ovn.mech_driver.mech_driver [None req-dcec8984-7485-4544-af3f-d5bb5413137f - - - - - -] uWSGI must provide a start time using the configuration parameter "start-time %t" in the configuration file
2026-04-22 21:13:30.793 6 INFO neutron.api.extensions [None req-1288a1e9-2b1f-4842-842c-47cf0eca7e39 - - - - - -] Loaded extension: vpnaas
2026-04-22 21:13:30.794 6 INFO neutron.api.extensions [None req-1288a1e9-2b1f-4842-842c-47cf0eca7e39 - - - - - -] Loaded extension: taas
2026-04-22 21:13:30.795 6 INFO neutron.api.extensions [None req-1288a1e9-2b1f-4842-842c-47cf0eca7e39 - - - - - -] Loaded extension: tap-mirror
2026-04-22 21:13:30.796 6 INFO neutron.api.extensions [None req-1288a1e9-2b1f-4842-842c-47cf0eca7e39 - - - - - -] Loaded extension: taas-vlan-filter
2026-04-22 21:13:30.798 6 INFO neutron.quota.resource_registry [None req-1288a1e9-2b1f-4842-842c-47cf0eca7e39 - - - - - -] Creating instance of TrackedResource for resource:network
2026-04-22 21:13:30.799 6 INFO neutron.quota.resource_registry [None req-1288a1e9-2b1f-4842-842c-47cf0eca7e39 - - - - - -] Creating instance of TrackedResource for resource:subnet
2026-04-22 21:13:30.799 6 INFO neutron.quota.resource_registry [None req-1288a1e9-2b1f-4842-842c-47cf0eca7e39 - - - - - -] Creating instance of TrackedResource for resource:subnetpool
2026-04-22 21:13:30.799 6 INFO neutron.quota.resource_registry [None req-1288a1e9-2b1f-4842-842c-47cf0eca7e39 - - - - - -] Creating instance of TrackedResource for resource:port
2026-04-22 21:13:30.802 6 INFO neutron.quota.resource_registry [None req-1288a1e9-2b1f-4842-842c-47cf0eca7e39 - - - - - -] Creating instance of TrackedResource for resource:router
2026-04-22 21:13:30.803 6 INFO neutron.quota.resource_registry [None req-1288a1e9-2b1f-4842-842c-47cf0eca7e39 - - - - - -] Creating instance of TrackedResource for resource:floatingip
2026-04-22 21:13:30.808 7 INFO neutron.db.ovn_hash_ring_db [None req-dcec8984-7485-4544-af3f-d5bb5413137f - - - - - -] Nodes from host "neutron-server-84596bd7df-7k7r4" and group "mechanism_driver" removed from the Hash Ring created at
2026-04-22 21:13:30+00:00
2026-04-22 21:13:30.808 6 INFO neutron.quota.resource_registry [None req-1288a1e9-2b1f-4842-842c-47cf0eca7e39 - - - - - -] Creating instance of CountableResource for resource:rbac_policy
2026-04-22 21:13:30.809 6 INFO neutron.quota.resource_registry [None req-1288a1e9-2b1f-4842-842c-47cf0eca7e39 - - - - - -] Creating instance of TrackedResource for resource:security_group
2026-04-22 21:13:30.809 6 INFO neutron.quota.resource_registry [None req-1288a1e9-2b1f-4842-842c-47cf0eca7e39 - - - - - -] Creating instance of TrackedResource for resource:security_group_rule
2026-04-22 21:13:30.810 7 INFO neutron.db.ovn_hash_ring_db [None req-dcec8984-7485-4544-af3f-d5bb5413137f - - - - - -] Node f724d5fa976855ddaa336ebbb70a5fbf from host "neutron-server-84596bd7df-7k7r4" and group "mechanism_driver" added to the Hash Ring
2026-04-22 21:13:30.810 6 INFO neutron.quota.resource_registry [None req-1288a1e9-2b1f-4842-842c-47cf0eca7e39 - - - - - -] Creating instance of TrackedResource for resource:subnetpool
2026-04-22 21:13:30.811 6 WARNING neutron.quota.resource_registry [None req-1288a1e9-2b1f-4842-842c-47cf0eca7e39 - - - - - -] subnetpool is already registered
2026-04-22 21:13:30.811 6 INFO neutron.quota.resource_registry [None req-1288a1e9-2b1f-4842-842c-47cf0eca7e39 - - - - - -] Creating instance of CountableResource for resource:trunk
2026-04-22 21:13:30.812 6 INFO neutron.quota.resource_registry [None req-1288a1e9-2b1f-4842-842c-47cf0eca7e39 - - - - - -] Creating instance of CountableResource for resource:ikepolicy
2026-04-22 21:13:30.812 6 INFO neutron.quota.resource_registry [None req-1288a1e9-2b1f-4842-842c-47cf0eca7e39 - - - - - -] Creating instance of CountableResource for resource:ipsecpolicy
2026-04-22 21:13:30.813 6 INFO neutron.quota.resource_registry [None req-1288a1e9-2b1f-4842-842c-47cf0eca7e39 - - - - - -] Creating instance of CountableResource for resource:endpoint_group
2026-04-22 21:13:30.813 6 INFO neutron.quota.resource_registry [None req-1288a1e9-2b1f-4842-842c-47cf0eca7e39 - - - - - -] Creating instance of CountableResource for resource:vpnservice
2026-04-22 21:13:30.814 6 INFO neutron.quota.resource_registry [None req-1288a1e9-2b1f-4842-842c-47cf0eca7e39 - - - - - -] Creating instance of CountableResource for resource:ipsec_site_connection
2026-04-22 21:13:30.814 6 INFO neutron.quota.resource_registry [None req-1288a1e9-2b1f-4842-842c-47cf0eca7e39 - - - - - -] Creating instance of CountableResource for resource:ipsecpolicy
2026-04-22 21:13:30.814 6 WARNING neutron.quota.resource_registry [None req-1288a1e9-2b1f-4842-842c-47cf0eca7e39 - - - - - -] ipsecpolicy is already registered
2026-04-22 21:13:30.815 6 INFO neutron.quota.resource_registry [None req-1288a1e9-2b1f-4842-842c-47cf0eca7e39 - - - - - -] Creating instance of CountableResource for resource:ikepolicy
2026-04-22 21:13:30.815 6 WARNING neutron.quota.resource_registry [None req-1288a1e9-2b1f-4842-842c-47cf0eca7e39 - - - - - -] ikepolicy is already registered
2026-04-22 21:13:30.817 7 INFO neutron.plugins.ml2.drivers.ovn.mech_driver.mech_driver [None req-dcec8984-7485-4544-af3f-d5bb5413137f - - - - - -] Hash Ring probing thread for node f724d5fa976855ddaa336ebbb70a5fbf has started
2026-04-22 21:13:30.818 7 INFO neutron.plugins.ml2.drivers.ovn.mech_driver.ovsdb.impl_idl_ovn [None req-dcec8984-7485-4544-af3f-d5bb5413137f - - - - - -] Getting OvsdbNbOvnIdl for WorkerService with retry
2026-04-22 21:13:30.820 6 INFO neutron.quota.resource_registry [None req-1288a1e9-2b1f-4842-842c-47cf0eca7e39 - - - - - -] Creating instance of TrackedResource for resource:router
2026-04-22 21:13:30.820 6 WARNING neutron.quota.resource_registry [None req-1288a1e9-2b1f-4842-842c-47cf0eca7e39 - - - - - -] router is already registered
2026-04-22 21:13:30.820 6 INFO neutron.quota.resource_registry [None req-1288a1e9-2b1f-4842-842c-47cf0eca7e39 - - - - - -] Creating instance of TrackedResource for resource:floatingip
2026-04-22 21:13:30.820 6 WARNING neutron.quota.resource_registry [None req-1288a1e9-2b1f-4842-842c-47cf0eca7e39 - - - - - -] floatingip is already registered
2026-04-22 21:13:30.825 6 INFO neutron.quota.resource_registry [None req-1288a1e9-2b1f-4842-842c-47cf0eca7e39 - - - - - -] Creating instance of CountableResource for resource:rbac_policy
2026-04-22 21:13:30.825 6 WARNING neutron.quota.resource_registry [None req-1288a1e9-2b1f-4842-842c-47cf0eca7e39 - - - - - -] rbac_policy is already registered
2026-04-22 21:13:30.826 6 INFO neutron.quota.resource_registry [None req-1288a1e9-2b1f-4842-842c-47cf0eca7e39 - - - - - -] Creating instance of TrackedResource for resource:security_group
2026-04-22 21:13:30.826 6 WARNING neutron.quota.resource_registry [None req-1288a1e9-2b1f-4842-842c-47cf0eca7e39 - - - - - -] security_group is already registered
2026-04-22 21:13:30.827 6 INFO neutron.quota.resource_registry [None req-1288a1e9-2b1f-4842-842c-47cf0eca7e39 - - - - - -] Creating instance of TrackedResource for resource:security_group_rule
2026-04-22 21:13:30.827 6 WARNING neutron.quota.resource_registry [None req-1288a1e9-2b1f-4842-842c-47cf0eca7e39 - - - - - -] security_group_rule is already registered
2026-04-22 21:13:30.828 6 INFO neutron.quota.resource_registry [None req-1288a1e9-2b1f-4842-842c-47cf0eca7e39 - - - - - -] Creating instance of TrackedResource for resource:subnetpool
2026-04-22 21:13:30.828 6 WARNING neutron.quota.resource_registry [None req-1288a1e9-2b1f-4842-842c-47cf0eca7e39 - - - - - -] subnetpool is already registered
2026-04-22 21:13:30.828 6 INFO neutron.quota.resource_registry [None req-1288a1e9-2b1f-4842-842c-47cf0eca7e39 - - - - - -] Creating instance of CountableResource for resource:trunk
2026-04-22 21:13:30.828 6 WARNING neutron.quota.resource_registry [None req-1288a1e9-2b1f-4842-842c-47cf0eca7e39 - - - - - -] trunk is already registered
2026-04-22 21:13:30.829 6 INFO neutron.quota.resource_registry [None req-1288a1e9-2b1f-4842-842c-47cf0eca7e39 - - - - - -] Creating instance of CountableResource for resource:ikepolicy
2026-04-22 21:13:30.829 6 WARNING neutron.quota.resource_registry [None req-1288a1e9-2b1f-4842-842c-47cf0eca7e39 - - - - - -] ikepolicy is already registered
2026-04-22 21:13:30.829 6 INFO neutron.quota.resource_registry [None req-1288a1e9-2b1f-4842-842c-47cf0eca7e39 - - - - - -] Creating instance of CountableResource for resource:ipsecpolicy
2026-04-22 21:13:30.830 6 WARNING neutron.quota.resource_registry [None req-1288a1e9-2b1f-4842-842c-47cf0eca7e39 - - - - - -] ipsecpolicy is already registered
2026-04-22 21:13:30.830 6 INFO neutron.quota.resource_registry [None req-1288a1e9-2b1f-4842-842c-47cf0eca7e39 - - - - - -] Creating instance of CountableResource for resource:endpoint_group
2026-04-22 21:13:30.830 6 WARNING neutron.quota.resource_registry [None req-1288a1e9-2b1f-4842-842c-47cf0eca7e39 - - - - - -] endpoint_group is already registered
2026-04-22 21:13:30.831 6 INFO neutron.quota.resource_registry [None req-1288a1e9-2b1f-4842-842c-47cf0eca7e39 - - - - - -] Creating instance of CountableResource for resource:vpnservice
2026-04-22 21:13:30.831 6 WARNING neutron.quota.resource_registry [None req-1288a1e9-2b1f-4842-842c-47cf0eca7e39 - - - - - -] vpnservice is already registered
2026-04-22 21:13:30.831 6 INFO neutron.quota.resource_registry [None req-1288a1e9-2b1f-4842-842c-47cf0eca7e39 - - - - - -] Creating instance of CountableResource for resource:ipsec_site_connection
2026-04-22 21:13:30.831 6 WARNING neutron.quota.resource_registry [None req-1288a1e9-2b1f-4842-842c-47cf0eca7e39 - - - - - -] ipsec_site_connection is already registered
2026-04-22 21:13:30.832 6 INFO neutron.quota.resource_registry [None req-1288a1e9-2b1f-4842-842c-47cf0eca7e39 - - - - - -] Creating instance of CountableResource for resource:ipsecpolicy
2026-04-22 21:13:30.832 6 WARNING neutron.quota.resource_registry [None req-1288a1e9-2b1f-4842-842c-47cf0eca7e39 - - - - - -] ipsecpolicy is already registered
2026-04-22 21:13:30.832 6 INFO neutron.quota.resource_registry [None req-1288a1e9-2b1f-4842-842c-47cf0eca7e39 - - - - - -] Creating instance of CountableResource for resource:ikepolicy
2026-04-22 21:13:30.832 6 WARNING neutron.quota.resource_registry [None req-1288a1e9-2b1f-4842-842c-47cf0eca7e39 - - - - - -] ikepolicy is already registered
2026-04-22 21:13:30.847 7 INFO ovsdbapp.backend.ovs_idl.vlog [None req-dcec8984-7485-4544-af3f-d5bb5413137f - - - - - -] tcp:10.100.147.171:6641: connecting...
2026-04-22 21:13:30.847 7 INFO ovsdbapp.backend.ovs_idl.vlog [None req-dcec8984-7485-4544-af3f-d5bb5413137f - - - - - -] tcp:10.100.147.171:6641: connected
2026-04-22 21:13:30.870 6 WARNING keystonemiddleware._common.config [None req-1288a1e9-2b1f-4842-842c-47cf0eca7e39 - - - - - -] The option "audit_map_file" is not known to keystonemiddleware
2026-04-22 21:13:30.877 6 WARNING oslo_config.cfg [None req-1288a1e9-2b1f-4842-842c-47cf0eca7e39 - - - - - -] Deprecated: Option "auth_uri" from group "keystone_authtoken" is deprecated. Use option "www_authenticate_uri" from group "keystone_authtoken".
2026-04-22 21:13:30.896 6 WARNING neutron.plugins.ml2.drivers.ovn.mech_driver.mech_driver [None req-1288a1e9-2b1f-4842-842c-47cf0eca7e39 - - - - - -] uWSGI must provide a start time using the configuration parameter "start-time %t" in the configuration file
2026-04-22 21:13:30.911 6 INFO neutron.db.ovn_hash_ring_db [None req-1288a1e9-2b1f-4842-842c-47cf0eca7e39 - - - - - -] Nodes from host "neutron-server-84596bd7df-7k7r4" and group "mechanism_driver" removed from the Hash Ring created at
2026-04-22 21:13:30+00:00
2026-04-22 21:13:30.913 6 INFO neutron.db.ovn_hash_ring_db [None req-1288a1e9-2b1f-4842-842c-47cf0eca7e39 - - - - - -] Node 28991bfdd4315e579f288b489f7cb5b9 from host "neutron-server-84596bd7df-7k7r4" and group "mechanism_driver" added to the Hash Ring
2026-04-22 21:13:30.920 6 INFO neutron.plugins.ml2.drivers.ovn.mech_driver.mech_driver [None req-1288a1e9-2b1f-4842-842c-47cf0eca7e39 - - - - - -] Hash Ring probing thread for node 28991bfdd4315e579f288b489f7cb5b9 has started
2026-04-22 21:13:30.921 6 INFO neutron.plugins.ml2.drivers.ovn.mech_driver.ovsdb.impl_idl_ovn [None req-1288a1e9-2b1f-4842-842c-47cf0eca7e39 - - - - - -] Getting OvsdbNbOvnIdl for WorkerService with retry
2026-04-22 21:13:30.924 7 INFO neutron.plugins.ml2.drivers.ovn.mech_driver.ovsdb.impl_idl_ovn [None req-dcec8984-7485-4544-af3f-d5bb5413137f - - - - - -] Getting OvsdbSbOvnIdl for WorkerService with retry
2026-04-22 21:13:30.944 7 INFO ovsdbapp.backend.ovs_idl.vlog [None req-dcec8984-7485-4544-af3f-d5bb5413137f - - - - - -] tcp:10.107.130.46:6642: connecting...
2026-04-22 21:13:30.944 7 INFO ovsdbapp.backend.ovs_idl.vlog [None req-dcec8984-7485-4544-af3f-d5bb5413137f - - - - - -] tcp:10.107.130.46:6642: connected
2026-04-22 21:13:30.953 6 INFO ovsdbapp.backend.ovs_idl.vlog [None req-1288a1e9-2b1f-4842-842c-47cf0eca7e39 - - - - - -] tcp:10.100.147.171:6641: connecting...
2026-04-22 21:13:30.953 6 INFO ovsdbapp.backend.ovs_idl.vlog [None req-1288a1e9-2b1f-4842-842c-47cf0eca7e39 - - - - - -] tcp:10.100.147.171:6641: connected
2026-04-22 21:13:30.989 7 INFO neutron.plugins.ml2.drivers.ovn.mech_driver.mech_driver [None req-dcec8984-7485-4544-af3f-d5bb5413137f - - - - - -] WorkerService process has finished the post initialization
2026-04-22 21:13:30.990 7 INFO neutron.plugins.ml2.drivers.ovn.mech_driver.ovsdb.extensions.qos [-] Starting OVNClientQosExtension
2026-04-22 21:13:30.991 7 INFO neutron.plugins.ml2.drivers.ovn.mech_driver.ovsdb.extensions.placement [-] Starting OVNClientPlacementExtension
2026-04-22 21:13:30.993 6 INFO neutron.plugins.ml2.drivers.ovn.mech_driver.ovsdb.impl_idl_ovn [None req-1288a1e9-2b1f-4842-842c-47cf0eca7e39 - - - - - -] Getting OvsdbSbOvnIdl for WorkerService with retry
2026-04-22 21:13:31.014 6 INFO ovsdbapp.backend.ovs_idl.vlog [None req-1288a1e9-2b1f-4842-842c-47cf0eca7e39 - - - - - -] tcp:10.107.130.46:6642: connecting...
2026-04-22 21:13:31.015 6 INFO ovsdbapp.backend.ovs_idl.vlog [None req-1288a1e9-2b1f-4842-842c-47cf0eca7e39 - - - - - -] tcp:10.107.130.46:6642: connected
2026-04-22 21:13:31.016 7 INFO ovsdbapp.backend.ovs_idl.vlog [None req-dcec8984-7485-4544-af3f-d5bb5413137f - - - - - -] tcp:10.100.147.171:6641: connecting...
2026-04-22 21:13:31.016 7 INFO ovsdbapp.backend.ovs_idl.vlog [None req-dcec8984-7485-4544-af3f-d5bb5413137f - - - - - -] tcp:10.100.147.171:6641: connected
2026-04-22 21:13:31.046 6 INFO neutron.plugins.ml2.drivers.ovn.mech_driver.mech_driver [None req-1288a1e9-2b1f-4842-842c-47cf0eca7e39 - - - - - -] WorkerService process has finished the post initialization
2026-04-22 21:13:31.054 7 INFO ovsdbapp.backend.ovs_idl.vlog [None req-dcec8984-7485-4544-af3f-d5bb5413137f - - - - - -] tcp:10.100.147.171:6641: connecting...
2026-04-22 21:13:31.054 7 INFO ovsdbapp.backend.ovs_idl.vlog [None req-dcec8984-7485-4544-af3f-d5bb5413137f - - - - - -] tcp:10.100.147.171:6641: connected
2026-04-22 21:13:31.070 6 INFO ovsdbapp.backend.ovs_idl.vlog [None req-1288a1e9-2b1f-4842-842c-47cf0eca7e39 - - - - - -] tcp:10.100.147.171:6641: connecting...
2026-04-22 21:13:31.070 6 INFO ovsdbapp.backend.ovs_idl.vlog [None req-1288a1e9-2b1f-4842-842c-47cf0eca7e39 - - - - - -] tcp:10.100.147.171:6641: connected WSGI app 0 (mountpoint='') ready in 10 seconds on interpreter 0x7f0955792668 pid: 7 (default app)
2026-04-22 21:13:31.113 6 INFO ovsdbapp.backend.ovs_idl.vlog [None req-1288a1e9-2b1f-4842-842c-47cf0eca7e39 - - - - - -] tcp:10.100.147.171:6641: connecting...
2026-04-22 21:13:31.113 6 INFO ovsdbapp.backend.ovs_idl.vlog [None req-1288a1e9-2b1f-4842-842c-47cf0eca7e39 - - - - - -] tcp:10.100.147.171:6641: connected WSGI app 0 (mountpoint='') ready in 10 seconds on interpreter 0x7f0955792668 pid: 6 (default app) /var/lib/openstack/lib/python3.12/site-packages/pycadf/identifier.py:70: UserWarning: Invalid uuid: unknown. To ensure interoperability, identifiers should be a valid uuid. warnings.warn(('Invalid uuid: %s. To ensure interoperability, '
2026-04-22 21:13:33.513 7 INFO neutron.pecan_wsgi.hooks.translation [None req-ffcbe0a7-d5df-45be-a29b-bf240acfbe76 504e0331dd084543acdb583ac1030b5e 83f0066e79c446efab8bf154d855068f - - default default] GET failed (client error): The resource could not be found. [pid: 7|app: 0|req: 3/3] 199.204.45.222 () {44 vars in 928 bytes} [Wed Apr 22 21:13:32 2026] GET /v2.0/networks/public => generated 108 bytes in 1256 msecs (HTTP/1.1 404) 4 headers in 164 bytes (1 switches on core 0) /var/lib/openstack/lib/python3.12/site-packages/pycadf/identifier.py:70: UserWarning: Invalid uuid: unknown. To ensure interoperability, identifiers should be a valid uuid. warnings.warn(('Invalid uuid: %s. To ensure interoperability, ' [pid: 6|app: 0|req: 1/4] 199.204.45.222 () {44 vars in 950 bytes} [Wed Apr 22 21:13:33 2026] GET /v2.0/networks?name=public => generated 15 bytes in 374 msecs (HTTP/1.1 200) 4 headers in 156 bytes (1 switches on core 0)
2026-04-22 21:13:34.239 7 INFO neutron.db.ovn_revision_numbers_db [None req-33a75dff-1fe6-4796-b922-1cfa4209e437 504e0331dd084543acdb583ac1030b5e 83f0066e79c446efab8bf154d855068f - - default default] Successfully bumped revision number for resource 63c64477-49f3-49fe-a592-219f0478d270 (type: security_groups) to 1
2026-04-22 21:13:34.251 7 INFO neutron.db.ovn_revision_numbers_db [None req-33a75dff-1fe6-4796-b922-1cfa4209e437 504e0331dd084543acdb583ac1030b5e 83f0066e79c446efab8bf154d855068f - - default default] Successfully bumped revision number for resource 012eda66-3fe9-47f3-97b4-03ebefd41726 (type: security_group_rules) to 0
2026-04-22 21:13:34.261 7 INFO neutron.db.ovn_revision_numbers_db [None req-33a75dff-1fe6-4796-b922-1cfa4209e437 504e0331dd084543acdb583ac1030b5e 83f0066e79c446efab8bf154d855068f - - default default] Successfully bumped revision number for resource 6cea7f8d-82e4-4412-8851-3e7804569248 (type: security_group_rules) to 0
2026-04-22 21:13:34.272 7 INFO neutron.db.ovn_revision_numbers_db [None req-33a75dff-1fe6-4796-b922-1cfa4209e437 504e0331dd084543acdb583ac1030b5e 83f0066e79c446efab8bf154d855068f - - default default] Successfully bumped revision number for resource a35dc2aa-75ce-42fe-aa1e-d334ec914eaa (type: security_group_rules) to 0
2026-04-22 21:13:34.286 7 INFO neutron.db.ovn_revision_numbers_db [None req-33a75dff-1fe6-4796-b922-1cfa4209e437 504e0331dd084543acdb583ac1030b5e 83f0066e79c446efab8bf154d855068f - - default default] Successfully bumped revision number for resource a83a0cfa-d696-4c3b-aba5-4f2909e7c70c (type: security_group_rules) to 0
2026-04-22 21:13:34.365 7 WARNING neutron.services.revisions.revision_plugin [None req-33a75dff-1fe6-4796-b922-1cfa4209e437 504e0331dd084543acdb583ac1030b5e 83f0066e79c446efab8bf154d855068f - - default default] Could not find related network for resource to bump revision.
2026-04-22 21:13:34.389 7 INFO neutron.db.segments_db [None req-33a75dff-1fe6-4796-b922-1cfa4209e437 504e0331dd084543acdb583ac1030b5e 83f0066e79c446efab8bf154d855068f - - default default] Added segment d9c23462-13e8-49bb-931a-adc70991b35d of type flat for network 7213bfb3-f84f-45b1-ac9a-144ea8b20273
2026-04-22 21:13:34.521 7 INFO neutron.plugins.ml2.drivers.ovn.mech_driver.mech_driver [-] OVN reports status down for port: provnet-d9c23462-13e8-49bb-931a-adc70991b35d
2026-04-22 21:13:34.584 7 INFO neutron.db.ovn_revision_numbers_db [None req-33a75dff-1fe6-4796-b922-1cfa4209e437 504e0331dd084543acdb583ac1030b5e 83f0066e79c446efab8bf154d855068f - - default default] Successfully bumped revision number for resource 7213bfb3-f84f-45b1-ac9a-144ea8b20273 (type: networks) to 1
2026-04-22 21:13:34.844 7 WARNING neutron.scheduler.dhcp_agent_scheduler [None req-33a75dff-1fe6-4796-b922-1cfa4209e437 504e0331dd084543acdb583ac1030b5e 83f0066e79c446efab8bf154d855068f - - default default] No more DHCP agents
2026-04-22 21:13:34.845 7 WARNING neutron.api.rpc.agentnotifiers.dhcp_rpc_agent_api [None req-33a75dff-1fe6-4796-b922-1cfa4209e437 504e0331dd084543acdb583ac1030b5e 83f0066e79c446efab8bf154d855068f - - default default] Unable to schedule network 7213bfb3-f84f-45b1-ac9a-144ea8b20273: no agents available; will retry on subsequent port and subnet creation events.
2026-04-22 21:13:35.321 7 INFO neutron.plugins.ml2.drivers.ovn.mech_driver.mech_driver [None req-bcb59c21-6757-4649-b3b6-b7fa570fbc07 - - - - - -] OVN reports status down for port: 40f47580-6dfa-457c-b223-ea091a23a6c7
2026-04-22 21:13:35.401 7 INFO neutron.db.ovn_revision_numbers_db [None req-33a75dff-1fe6-4796-b922-1cfa4209e437 504e0331dd084543acdb583ac1030b5e 83f0066e79c446efab8bf154d855068f - - default default] Successfully bumped revision number for resource 40f47580-6dfa-457c-b223-ea091a23a6c7 (type: ports) to 1 [pid: 7|app: 0|req: 4/6] 199.204.45.222 () {48 vars in 968 bytes} [Wed Apr 22 21:13:33 2026] POST /v2.0/networks => generated 744 bytes in 1567 msecs (HTTP/1.1 201) 4 headers in 162 bytes (1 switches on core 0)
2026-04-22 21:13:36.795 6 INFO neutron.pecan_wsgi.hooks.translation [None req-a5ec05ca-2688-408b-8d02-5411ac2ebb75 504e0331dd084543acdb583ac1030b5e 83f0066e79c446efab8bf154d855068f - - default default] GET failed (client error): The resource could not be found. [pid: 6|app: 0|req: 3/7] 199.204.45.222 () {44 vars in 928 bytes} [Wed Apr 22 21:13:36 2026] GET /v2.0/networks/public => generated 108 bytes in 356 msecs (HTTP/1.1 404) 4 headers in 164 bytes (1 switches on core 0) [pid: 7|app: 0|req: 5/8] 199.204.45.222 () {44 vars in 950 bytes} [Wed Apr 22 21:13:36 2026] GET /v2.0/networks?name=public => generated 753 bytes in 36 msecs (HTTP/1.1 200) 4 headers in 157 bytes (1 switches on core 0)
2026-04-22 21:13:36.871 6 INFO neutron.pecan_wsgi.hooks.translation [None req-719041a5-abb5-42f0-a342-583909624f2b 504e0331dd084543acdb583ac1030b5e 83f0066e79c446efab8bf154d855068f - - default default] GET failed (client error): The resource could not be found. [pid: 6|app: 0|req: 4/9] 199.204.45.222 () {44 vars in 1035 bytes} [Wed Apr 22 21:13:36 2026] GET /v2.0/subnets/public-subnet?network_id=7213bfb3-f84f-45b1-ac9a-144ea8b20273 => generated 113 bytes in 26 msecs (HTTP/1.1 404) 4 headers in 164 bytes (1 switches on core 0) [pid: 7|app: 0|req: 6/10] 199.204.45.222 () {44 vars in 1058 bytes} [Wed Apr 22 21:13:36 2026] GET /v2.0/subnets?name=public-subnet&network_id=7213bfb3-f84f-45b1-ac9a-144ea8b20273 => generated 14 bytes in 23 msecs (HTTP/1.1 200) 4 headers in 156 bytes (1 switches on core 0)
2026-04-22 21:13:37.331 6 WARNING neutron.scheduler.dhcp_agent_scheduler [None req-54cec237-66b8-42f8-bcf0-8cf8dbb1285a 504e0331dd084543acdb583ac1030b5e 83f0066e79c446efab8bf154d855068f - - default default] No more DHCP agents
2026-04-22 21:13:37.333 6 WARNING neutron.api.rpc.agentnotifiers.dhcp_rpc_agent_api [None req-54cec237-66b8-42f8-bcf0-8cf8dbb1285a 504e0331dd084543acdb583ac1030b5e 83f0066e79c446efab8bf154d855068f - - default default] Unable to schedule network 7213bfb3-f84f-45b1-ac9a-144ea8b20273: no agents available; will retry on subsequent port and subnet creation events.
2026-04-22 21:13:37.333 6 INFO neutron.plugins.ml2.drivers.ovn.mech_driver.ovsdb.extensions.qos [None req-54cec237-66b8-42f8-bcf0-8cf8dbb1285a 504e0331dd084543acdb583ac1030b5e 83f0066e79c446efab8bf154d855068f - - default default] Starting OVNClientQosExtension
2026-04-22 21:13:37.333 6 INFO neutron.plugins.ml2.drivers.ovn.mech_driver.ovsdb.extensions.placement [None req-54cec237-66b8-42f8-bcf0-8cf8dbb1285a 504e0331dd084543acdb583ac1030b5e 83f0066e79c446efab8bf154d855068f - - default default] Starting OVNClientPlacementExtension
2026-04-22 21:13:38.081 6 INFO neutron.db.ovn_revision_numbers_db [None req-62194114-72a9-498f-9028-f24ee27b347c - - - - - -] Successfully bumped revision number for resource 40f47580-6dfa-457c-b223-ea091a23a6c7 (type: ports) to 2
2026-04-22 21:13:38.118 6 INFO neutron.db.ovn_revision_numbers_db [None req-62194114-72a9-498f-9028-f24ee27b347c - - - - - -] Successfully bumped revision number for resource dbcdc9e2-ec67-4359-b39f-bc30dff221da (type: subnets) to 0 [pid: 6|app: 0|req: 5/11] 199.204.45.222 () {48 vars in 966 bytes} [Wed Apr 22 21:13:36 2026] POST /v2.0/subnets => generated 664 bytes in 1232 msecs (HTTP/1.1 201) 4 headers in 162 bytes (1 switches on core 0)
2026-04-22 21:18:25.390 6 INFO neutron.pecan_wsgi.hooks.translation [None req-928d6c59-bdd8-476e-96a6-4196a0724835 504e0331dd084543acdb583ac1030b5e 83f0066e79c446efab8bf154d855068f - - default default] GET failed (client error): The resource could not be found. [pid: 6|app: 0|req: 23/47] 199.204.45.222 () {44 vars in 938 bytes} [Wed Apr 22 21:18:25 2026] GET /v2.0/networks/lb-mgmt-net => generated 113 bytes in 105 msecs (HTTP/1.1 404) 4 headers in 164 bytes (1 switches on core 0) [pid: 7|app: 0|req: 25/48] 199.204.45.222 () {44 vars in 960 bytes} [Wed Apr 22 21:18:25 2026] GET /v2.0/networks?name=lb-mgmt-net => generated 15 bytes in 19 msecs (HTTP/1.1 200) 4 headers in 156 bytes (1 switches on core 0)
2026-04-22 21:18:25.516 6 INFO neutron.db.segments_db [None req-6c1d247b-f6e1-407c-a79d-6e16c9505bfc 504e0331dd084543acdb583ac1030b5e 83f0066e79c446efab8bf154d855068f - - default default] Added segment 40fad32c-14c0-4a27-b504-71d1e7074223 of type geneve for network d848a593-ebfa-4131-b6b4-2b10e7104d47
2026-04-22 21:18:25.652 6 INFO neutron.db.ovn_revision_numbers_db [None req-6c1d247b-f6e1-407c-a79d-6e16c9505bfc 504e0331dd084543acdb583ac1030b5e 83f0066e79c446efab8bf154d855068f - - default default] Successfully bumped revision number for resource d848a593-ebfa-4131-b6b4-2b10e7104d47 (type: networks) to 1
