2026-04-22 21:50:01.508 6 INFO neutron.db.ovn_revision_numbers_db [None req-38af4e69-2865-4941-9b47-0431766d0ce9 504e0331dd084543acdb583ac1030b5e 83f0066e79c446efab8bf154d855068f - - default default] Successfully bumped revision number for resource 8b0927cf-3cb3-413e-82ad-6e5de00b7d41 (type: security_group_rules) to 0
2026-04-22 21:50:01.519 6 INFO neutron.db.ovn_revision_numbers_db [None req-38af4e69-2865-4941-9b47-0431766d0ce9 504e0331dd084543acdb583ac1030b5e 83f0066e79c446efab8bf154d855068f - - default default] Successfully bumped revision number for resource ad04b487-328b-4bd2-82cd-81f68554a8e5 (type: security_group_rules) to 0
2026-04-22 21:50:01.530 6 INFO neutron.db.ovn_revision_numbers_db [None req-38af4e69-2865-4941-9b47-0431766d0ce9 504e0331dd084543acdb583ac1030b5e 83f0066e79c446efab8bf154d855068f - - default default] Successfully bumped revision number for resource b52b38f1-6397-432b-9455-df013fc59b43 (type: security_group_rules) to 0
2026-04-22 21:50:01.552 7 INFO neutron.db.segments_db [None req-8ba09dd3-150e-4be6-b0f0-a686fdb682f2 ea46c5fe0a194f93a4be014eb321c309 e821cd6eb5ac4a479dc4b87248a67d95 - - default default] Added segment 76cefcfc-5d90-461f-a7fc-365bbef739c0 of type geneve for network 128cfbfb-92e0-4692-8792-06e872a8a30c [pid: 6|app: 0|req: 923/1931] 10.0.0.227 () {32 vars in 774 bytes} [Wed Apr 22 21:50:01 2026] GET /v2.0/security-groups?tenant_id=0d04c7656f154859a19e95bce8ab5114&name=default => generated 2925 bytes in 287 msecs (HTTP/1.1 200) 4 headers in 158 bytes (1 switches on core 0) [pid: 6|app: 0|req: 924/1932] 10.0.0.227 () {32 vars in 717 bytes} [Wed Apr 22 21:50:01 2026] GET /v2.0/ports/4841e448-825a-4646-8ffd-8096012028b6 => generated 955 bytes in 32 msecs (HTTP/1.1 200) 4 headers in 157 bytes (1 switches on core 0) [pid: 6|app: 0|req: 925/1933] 10.0.0.227 () {32 vars in 733 bytes} [Wed Apr 22 21:50:01 2026] GET /v2.0/networks/2a3d9478-a7dd-4fe3-bea7-34c00a2b63ba/tags => generated 25 bytes in 36 msecs (HTTP/1.1 200) 4 headers in 156 bytes (1 switches on core 0)
2026-04-22 21:50:01.659 7 INFO neutron.db.ovn_revision_numbers_db [None req-8ba09dd3-150e-4be6-b0f0-a686fdb682f2 ea46c5fe0a194f93a4be014eb321c309 e821cd6eb5ac4a479dc4b87248a67d95 - - default default] Successfully bumped revision number for resource 128cfbfb-92e0-4692-8792-06e872a8a30c (type: networks) to 1
2026-04-22 21:50:01.831 7 WARNING neutron.scheduler.dhcp_agent_scheduler [None req-8ba09dd3-150e-4be6-b0f0-a686fdb682f2 ea46c5fe0a194f93a4be014eb321c309 e821cd6eb5ac4a479dc4b87248a67d95 - - default default] No more DHCP agents
2026-04-22 21:50:01.833 7 WARNING neutron.api.rpc.agentnotifiers.dhcp_rpc_agent_api [None req-8ba09dd3-150e-4be6-b0f0-a686fdb682f2 ea46c5fe0a194f93a4be014eb321c309 e821cd6eb5ac4a479dc4b87248a67d95 - - default default] Unable to schedule network 128cfbfb-92e0-4692-8792-06e872a8a30c: no agents available; will retry on subsequent port and subnet creation events. [pid: 6|app: 0|req: 926/1934] 10.0.0.227 () {32 vars in 740 bytes} [Wed Apr 22 21:50:01 2026] DELETE /v2.0/security-groups/33cf9f96-20cf-46c6-866a-11c1a5ec4ad7 => generated 0 bytes in 232 msecs (HTTP/1.1 204) 2 headers in 112 bytes (1 switches on core 0)
2026-04-22 21:50:01.915 7 INFO neutron.db.ovn_revision_numbers_db [None req-8ba09dd3-150e-4be6-b0f0-a686fdb682f2 ea46c5fe0a194f93a4be014eb321c309 e821cd6eb5ac4a479dc4b87248a67d95 - - default default] Successfully bumped revision number for resource 9bd783cb-ce1c-43ec-bff2-81760ace7ee0 (type: ports) to 1 [pid: 7|app: 0|req: 1009/1935] 10.0.0.227 () {34 vars in 670 bytes} [Wed Apr 22 21:50:01 2026] POST /v2.0/networks => generated 749 bytes in 477 msecs (HTTP/1.1 201) 4 headers in 162 bytes (1 switches on core 0) [pid: 7|app: 0|req: 1010/1936] 10.0.0.227 () {34 vars in 753 bytes} [Wed Apr 22 21:50:01 2026] PUT /v2.0/networks/bf5a5d56-7254-4a29-a3c3-40428f14c864/tags => generated 17 bytes in 61 msecs (HTTP/1.1 200) 4 headers in 156 bytes (1 switches on core 0)
2026-04-22 21:50:02.142 7 INFO neutron.db.ovn_revision_numbers_db [None req-f9242118-a6aa-4412-83f9-f2d56be4d04a 504e0331dd084543acdb583ac1030b5e 83f0066e79c446efab8bf154d855068f - - default default] Successfully bumped revision number for resource 10080991-9130-45f7-93d6-fe8d64051e2f (type: security_groups) to 1
2026-04-22 21:50:02.153 7 INFO neutron.db.ovn_revision_numbers_db [None req-f9242118-a6aa-4412-83f9-f2d56be4d04a 504e0331dd084543acdb583ac1030b5e 83f0066e79c446efab8bf154d855068f - - default default] Successfully bumped revision number for resource 460726f5-b4fb-4e86-9e42-7b7cbf618b77 (type: security_group_rules) to 0
2026-04-22 21:50:02.157 6 INFO neutron_taas.services.taas.taas_plugin [None req-d7edebb2-1616-4d3f-8908-271c25ea382a 80ab91b99d654df1954d8509c26dc43a 23dfb6cc68dc45ad94a82bd653bd0e5c - - default default] TaaS: Handle Delete Port: 4841e448-825a-4646-8ffd-8096012028b6
2026-04-22 21:50:02.160 6 INFO neutron_taas.services.taas.tap_mirror_plugin [None req-d7edebb2-1616-4d3f-8908-271c25ea382a 80ab91b99d654df1954d8509c26dc43a 23dfb6cc68dc45ad94a82bd653bd0e5c - - default default] Tap Mirror: Handle Delete Port: 4841e448-825a-4646-8ffd-8096012028b6
2026-04-22 21:50:02.166 7 INFO neutron.db.ovn_revision_numbers_db [None req-f9242118-a6aa-4412-83f9-f2d56be4d04a 504e0331dd084543acdb583ac1030b5e 83f0066e79c446efab8bf154d855068f - - default default] Successfully bumped revision number for resource 6285f23e-253e-4290-b125-78529ac79d84 (type: security_group_rules) to 0
2026-04-22 21:50:02.176 7 INFO neutron.db.ovn_revision_numbers_db [None req-f9242118-a6aa-4412-83f9-f2d56be4d04a 504e0331dd084543acdb583ac1030b5e 83f0066e79c446efab8bf154d855068f - - default default] Successfully bumped revision number for resource a42a00ed-5c41-42ea-940e-62cdae1edfa3 (type: security_group_rules) to 0
2026-04-22 21:50:02.187 7 INFO neutron.db.ovn_revision_numbers_db [None req-f9242118-a6aa-4412-83f9-f2d56be4d04a 504e0331dd084543acdb583ac1030b5e 83f0066e79c446efab8bf154d855068f - - default default] Successfully bumped revision number for resource f88ea5f4-095e-48b5-acc9-73eae99807da (type: security_group_rules) to 0 [pid: 7|app: 0|req: 1011/1937] 10.0.0.227 () {32 vars in 774 bytes} [Wed Apr 22 21:50:02 2026] GET /v2.0/security-groups?tenant_id=cbfdc372ab944df8ae1462d517af16ea&name=default => generated 2925 bytes in 207 msecs (HTTP/1.1 200) 4 headers in 158 bytes (1 switches on core 0)
2026-04-22 21:50:02.358 7 WARNING neutron.scheduler.dhcp_agent_scheduler [None req-9dd9833f-e7eb-49bd-b638-dedddcc46d02 ea46c5fe0a194f93a4be014eb321c309 e821cd6eb5ac4a479dc4b87248a67d95 - - default default] No more DHCP agents
2026-04-22 21:50:02.360 7 WARNING neutron.api.rpc.agentnotifiers.dhcp_rpc_agent_api [None req-9dd9833f-e7eb-49bd-b638-dedddcc46d02 ea46c5fe0a194f93a4be014eb321c309 e821cd6eb5ac4a479dc4b87248a67d95 - - default default] Unable to schedule network 128cfbfb-92e0-4692-8792-06e872a8a30c: no agents available; will retry on subsequent port and subnet creation events. [pid: 6|app: 0|req: 927/1938] 10.0.0.227 () {34 vars in 789 bytes} [Wed Apr 22 21:50:01 2026] PUT /v2.0/routers/b183f0f7-6f42-426e-8056-37f14605d4ac/remove_router_interface => generated 309 bytes in 611 msecs (HTTP/1.1 200) 4 headers in 157 bytes (1 switches on core 0) /var/lib/openstack/lib/python3.12/site-packages/pycadf/identifier.py:70: UserWarning: Invalid uuid: neutron. To ensure interoperability, identifiers should be a valid uuid. warnings.warn(('Invalid uuid: %s. To ensure interoperability, ' [pid: 6|app: 0|req: 928/1939] 10.0.0.227 () {32 vars in 733 bytes} [Wed Apr 22 21:50:02 2026] GET /v2.0/networks/bf5a5d56-7254-4a29-a3c3-40428f14c864/tags => generated 17 bytes in 42 msecs (HTTP/1.1 200) 4 headers in 156 bytes (1 switches on core 0) [pid: 6|app: 0|req: 929/1940] 10.0.0.227 () {32 vars in 740 bytes} [Wed Apr 22 21:50:02 2026] DELETE /v2.0/security-groups/10080991-9130-45f7-93d6-fe8d64051e2f => generated 0 bytes in 214 msecs (HTTP/1.1 204) 2 headers in 112 bytes (1 switches on core 0)
2026-04-22 21:50:02.794 7 INFO neutron.db.ovn_revision_numbers_db [None req-87780ec7-d323-4c1f-925f-cc70cfc60b5c - - - - - -] Successfully bumped revision number for resource 9bd783cb-ce1c-43ec-bff2-81760ace7ee0 (type: ports) to 2 [pid: 6|app: 0|req: 930/1941] 10.0.0.227 () {32 vars in 717 bytes} [Wed Apr 22 21:50:02 2026] GET /v2.0/ports/6df0a472-5407-4ff8-b403-8d1b7dad37ef => generated 947 bytes in 85 msecs (HTTP/1.1 200) 4 headers in 157 bytes (1 switches on core 0)
2026-04-22 21:50:02.818 7 INFO neutron.db.ovn_revision_numbers_db [None req-87780ec7-d323-4c1f-925f-cc70cfc60b5c - - - - - -] Successfully bumped revision number for resource 04859167-4153-44ad-a9c8-b3da0cae3929 (type: subnets) to 0 [pid: 7|app: 0|req: 1012/1942] 10.0.0.227 () {34 vars in 669 bytes} [Wed Apr 22 21:50:02 2026] POST /v2.0/subnets => generated 647 bytes in 611 msecs (HTTP/1.1 201) 4 headers in 162 bytes (1 switches on core 0) [pid: 6|app: 0|req: 931/1943] 10.0.0.227 () {34 vars in 753 bytes} [Wed Apr 22 21:50:02 2026] PUT /v2.0/networks/bf5a5d56-7254-4a29-a3c3-40428f14c864/tags => generated 12 bytes in 49 msecs (HTTP/1.1 200) 4 headers in 156 bytes (1 switches on core 0)
2026-04-22 21:50:02.868 6 WARNING neutron.api.v2.base [None req-fd7dfd8d-3992-4eef-b530-c344716a19d9 ea46c5fe0a194f93a4be014eb321c309 e821cd6eb5ac4a479dc4b87248a67d95 - - default default] An exception happened while processing the request body. The exception message is [Invalid input for target_tenant. Reason: '1234123412341234123412341234123412341234123412341234123412341234123412341234123412341234123412341234123412341234123412341234123412341234123412341234123412341234123412341234123412341234123412341234123412341234123412341234123412341234123412341234123412341234123412341234123412341234123412341234123412341234123412341234123412341234123412341234123412341234123412341234123412341234123412341234123412341234' exceeds maximum length of 255.].: webob.exc.HTTPBadRequest: Invalid input for target_tenant. Reason: '1234123412341234123412341234123412341234123412341234123412341234123412341234123412341234123412341234123412341234123412341234123412341234123412341234123412341234123412341234123412341234123412341234123412341234123412341234123412341234123412341234123412341234123412341234123412341234123412341234123412341234123412341234123412341234123412341234123412341234123412341234123412341234123412341234123412341234' exceeds maximum length of 255.
2026-04-22 21:50:02.870 6 INFO neutron.api.v2.resource [None req-fd7dfd8d-3992-4eef-b530-c344716a19d9 ea46c5fe0a194f93a4be014eb321c309 e821cd6eb5ac4a479dc4b87248a67d95 - - default default] create failed (client error): Invalid input for target_tenant. Reason: '1234123412341234123412341234123412341234123412341234123412341234123412341234123412341234123412341234123412341234123412341234123412341234123412341234123412341234123412341234123412341234123412341234123412341234123412341234123412341234123412341234123412341234123412341234123412341234123412341234123412341234123412341234123412341234123412341234123412341234123412341234123412341234123412341234123412341234' exceeds maximum length of 255. [pid: 6|app: 0|req: 932/1944] 10.0.0.227 () {34 vars in 681 bytes} [Wed Apr 22 21:50:02 2026] POST /v2.0/rbac-policies => generated 547 bytes in 6 msecs (HTTP/1.1 400) 4 headers in 166 bytes (1 switches on core 0) [pid: 6|app: 0|req: 933/1945] 10.0.0.227 () {32 vars in 733 bytes} [Wed Apr 22 21:50:02 2026] GET /v2.0/networks/bf5a5d56-7254-4a29-a3c3-40428f14c864/tags => generated 12 bytes in 36 msecs (HTTP/1.1 200) 4 headers in 156 bytes (1 switches on core 0)
2026-04-22 21:50:03.059 6 INFO neutron_taas.services.taas.taas_plugin [None req-7a9e7064-67a7-4291-bbb5-f5e2862e084f ea46c5fe0a194f93a4be014eb321c309 e821cd6eb5ac4a479dc4b87248a67d95 - - default default] TaaS: Handle Delete Port: 9bd783cb-ce1c-43ec-bff2-81760ace7ee0
2026-04-22 21:50:03.061 6 INFO neutron_taas.services.taas.tap_mirror_plugin [None req-7a9e7064-67a7-4291-bbb5-f5e2862e084f ea46c5fe0a194f93a4be014eb321c309 e821cd6eb5ac4a479dc4b87248a67d95 - - default default] Tap Mirror: Handle Delete Port: 9bd783cb-ce1c-43ec-bff2-81760ace7ee0
2026-04-22 21:50:03.108 7 INFO neutron_taas.services.taas.taas_plugin [None req-48bfba86-d61c-42e8-9350-5a9082f6b3a9 80ab91b99d654df1954d8509c26dc43a 23dfb6cc68dc45ad94a82bd653bd0e5c - - default default] TaaS: Handle Delete Port: 6df0a472-5407-4ff8-b403-8d1b7dad37ef
2026-04-22 21:50:03.111 7 INFO neutron_taas.services.taas.tap_mirror_plugin [None req-48bfba86-d61c-42e8-9350-5a9082f6b3a9 80ab91b99d654df1954d8509c26dc43a 23dfb6cc68dc45ad94a82bd653bd0e5c - - default default] Tap Mirror: Handle Delete Port: 6df0a472-5407-4ff8-b403-8d1b7dad37ef [pid: 7|app: 0|req: 1013/1946] 10.0.0.227 () {34 vars in 789 bytes} [Wed Apr 22 21:50:02 2026] PUT /v2.0/routers/b183f0f7-6f42-426e-8056-37f14605d4ac/remove_router_interface => generated 309 bytes in 581 msecs (HTTP/1.1 200) 4 headers in 157 bytes (1 switches on core 0) /var/lib/openstack/lib/python3.12/site-packages/pycadf/identifier.py:70: UserWarning: Invalid uuid: neutron. To ensure interoperability, identifiers should be a valid uuid. warnings.warn(('Invalid uuid: %s. To ensure interoperability, '
2026-04-22 21:50:03.437 6 INFO neutron.services.segments.plugin [-] Segment 76cefcfc-5d90-461f-a7fc-365bbef739c0 resource provider aggregate not found
2026-04-22 21:50:03.442 6 INFO neutron.services.segments.plugin [-] Segment 76cefcfc-5d90-461f-a7fc-365bbef739c0 resource provider aggregate not found
2026-04-22 21:50:03.457 6 INFO neutron.services.segments.plugin [-] Segment 76cefcfc-5d90-461f-a7fc-365bbef739c0 resource provider not found; error: Placement Client Error (4xx): {"errors": [{"status": 404, "title": "Not Found", "detail": "The resource could not be found.\n\n No resource provider with uuid 76cefcfc-5d90-461f-a7fc-365bbef739c0 found for delete ", "request_id": "req-303ac767-ee38-4797-ae2e-154feeffe98a"}]}
2026-04-22 21:50:03.460 6 INFO neutron.services.segments.plugin [-] Segment 76cefcfc-5d90-461f-a7fc-365bbef739c0 resource provider not found; error: Placement Client Error (4xx): {"errors": [{"status": 404, "title": "Not Found", "detail": "The resource could not be found.\n\n No resource provider with uuid 76cefcfc-5d90-461f-a7fc-365bbef739c0 found for delete ", "request_id": "req-106beebb-bf00-4879-aa16-f1f3fd4313d4"}]} [pid: 7|app: 0|req: 1014/1947] 10.0.0.227 () {32 vars in 733 bytes} [Wed Apr 22 21:50:03 2026] GET /v2.0/networks/2a3d9478-a7dd-4fe3-bea7-34c00a2b63ba/tags => generated 25 bytes in 60 msecs (HTTP/1.1 200) 4 headers in 156 bytes (1 switches on core 0) [pid: 6|app: 0|req: 934/1948] 10.0.0.227 () {32 vars in 726 bytes} [Wed Apr 22 21:50:02 2026] DELETE /v2.0/networks/128cfbfb-92e0-4692-8792-06e872a8a30c => generated 0 bytes in 577 msecs (HTTP/1.1 204) 3 headers in 131 bytes (1 switches on core 0) [pid: 7|app: 0|req: 1015/1949] 10.0.0.227 () {32 vars in 736 bytes} [Wed Apr 22 21:50:03 2026] GET /v2.0/ports?device_id=b183f0f7-6f42-426e-8056-37f14605d4ac => generated 12 bytes in 16 msecs (HTTP/1.1 200) 4 headers in 156 bytes (1 switches on core 0)
2026-04-22 21:50:03.584 7 INFO neutron.db.segments_db [None req-507c61ef-4346-4300-9d9f-d18254709adb ea46c5fe0a194f93a4be014eb321c309 e821cd6eb5ac4a479dc4b87248a67d95 - - default default] Added segment 5fb61a3b-cdce-4c4c-873b-df713f054eaa of type geneve for network 383e23b1-2a6a-4b5e-8e0d-6cab87f056a0
2026-04-22 21:50:03.602 6 INFO neutron_taas.services.taas.taas_plugin [None req-d405da9b-b9c4-4a87-8426-48d61366958f 509a95a8c7c346ce99e7a54b623da3d7 76c52e68d6094b24ab6e8fdd78a0dff7 - - default default] TaaS: Handle Delete Port: 137be26b-08d6-4b71-b34b-7192d64790e8
2026-04-22 21:50:03.606 6 INFO neutron_taas.services.taas.tap_mirror_plugin [None req-d405da9b-b9c4-4a87-8426-48d61366958f 509a95a8c7c346ce99e7a54b623da3d7 76c52e68d6094b24ab6e8fdd78a0dff7 - - default default] Tap Mirror: Handle Delete Port: 137be26b-08d6-4b71-b34b-7192d64790e8
2026-04-22 21:50:03.700 7 INFO neutron.db.ovn_revision_numbers_db [None req-507c61ef-4346-4300-9d9f-d18254709adb ea46c5fe0a194f93a4be014eb321c309 e821cd6eb5ac4a479dc4b87248a67d95 - - default default] Successfully bumped revision number for resource 383e23b1-2a6a-4b5e-8e0d-6cab87f056a0 (type: networks) to 1 [pid: 6|app: 0|req: 935/1950] 10.0.0.227 () {32 vars in 726 bytes} [Wed Apr 22 21:50:03 2026] DELETE /v2.0/networks/2a3d9478-a7dd-4fe3-bea7-34c00a2b63ba => generated 0 bytes in 369 msecs (HTTP/1.1 204) 3 headers in 131 bytes (1 switches on core 0)
2026-04-22 21:50:03.904 7 WARNING neutron.scheduler.dhcp_agent_scheduler [None req-507c61ef-4346-4300-9d9f-d18254709adb ea46c5fe0a194f93a4be014eb321c309 e821cd6eb5ac4a479dc4b87248a67d95 - - default default] No more DHCP agents
2026-04-22 21:50:03.906 7 WARNING neutron.api.rpc.agentnotifiers.dhcp_rpc_agent_api [None req-507c61ef-4346-4300-9d9f-d18254709adb ea46c5fe0a194f93a4be014eb321c309 e821cd6eb5ac4a479dc4b87248a67d95 - - default default] Unable to schedule network 383e23b1-2a6a-4b5e-8e0d-6cab87f056a0: no agents available; will retry on subsequent port and subnet creation events.
2026-04-22 21:50:04.015 7 INFO neutron.db.ovn_revision_numbers_db [None req-507c61ef-4346-4300-9d9f-d18254709adb ea46c5fe0a194f93a4be014eb321c309 e821cd6eb5ac4a479dc4b87248a67d95 - - default default] Successfully bumped revision number for resource 73fc6c9b-ea9d-44bc-bc97-4fb0af6d5da3 (type: ports) to 1 [pid: 7|app: 0|req: 1016/1951] 10.0.0.227 () {34 vars in 670 bytes} [Wed Apr 22 21:50:03 2026] POST /v2.0/networks => generated 748 bytes in 550 msecs (HTTP/1.1 201) 4 headers in 162 bytes (1 switches on core 0)
2026-04-22 21:50:04.146 7 INFO neutron_taas.services.taas.taas_plugin [None req-b3ffecfe-37d9-4377-88d5-7489cc50c2c3 509a95a8c7c346ce99e7a54b623da3d7 76c52e68d6094b24ab6e8fdd78a0dff7 - - default default] TaaS: Handle Delete Port: 2e2883e5-96b1-40b1-a45b-8b0e470f86bb
2026-04-22 21:50:04.149 7 INFO neutron_taas.services.taas.tap_mirror_plugin [None req-b3ffecfe-37d9-4377-88d5-7489cc50c2c3 509a95a8c7c346ce99e7a54b623da3d7 76c52e68d6094b24ab6e8fdd78a0dff7 - - default default] Tap Mirror: Handle Delete Port: 2e2883e5-96b1-40b1-a45b-8b0e470f86bb
2026-04-22 21:50:04.326 7 INFO neutron.services.segments.plugin [-] Segment d9076a26-e782-47d5-9f04-e1ba25be73fe resource provider aggregate not found
2026-04-22 21:50:04.332 7 INFO neutron.services.segments.plugin [-] Segment d9076a26-e782-47d5-9f04-e1ba25be73fe resource provider aggregate not found
2026-04-22 21:50:04.340 7 INFO neutron.services.segments.plugin [-] Segment d9076a26-e782-47d5-9f04-e1ba25be73fe resource provider not found; error: Placement Client Error (4xx): {"errors": [{"status": 404, "title": "Not Found", "detail": "The resource could not be found.\n\n No resource provider with uuid d9076a26-e782-47d5-9f04-e1ba25be73fe found for delete ", "request_id": "req-9e922cde-3c04-4c2b-a9be-c9bbc286fe66"}]}
2026-04-22 21:50:04.365 7 INFO neutron.services.segments.plugin [-] Segment d9076a26-e782-47d5-9f04-e1ba25be73fe resource provider not found; error: Placement Client Error (4xx): {"errors": [{"status": 404, "title": "Not Found", "detail": "The resource could not be found.\n\n No resource provider with uuid d9076a26-e782-47d5-9f04-e1ba25be73fe found for delete ", "request_id": "req-24c71ab1-1099-42e5-93f3-573377e90635"}]} [pid: 7|app: 0|req: 1017/1952] 10.0.0.227 () {32 vars in 726 bytes} [Wed Apr 22 21:50:04 2026] DELETE /v2.0/networks/bf5a5d56-7254-4a29-a3c3-40428f14c864 => generated 0 bytes in 340 msecs (HTTP/1.1 204) 3 headers in 131 bytes (1 switches on core 0) [pid: 6|app: 0|req: 936/1953] 10.0.0.227 () {32 vars in 724 bytes} [Wed Apr 22 21:50:03 2026] DELETE /v2.0/routers/b183f0f7-6f42-426e-8056-37f14605d4ac => generated 0 bytes in 688 msecs (HTTP/1.1 204) 2 headers in 112 bytes (1 switches on core 0)
2026-04-22 21:50:04.544 7 WARNING neutron.scheduler.dhcp_agent_scheduler [None req-0ed1cb4b-e095-47c9-9832-a65685fd0e00 ea46c5fe0a194f93a4be014eb321c309 e821cd6eb5ac4a479dc4b87248a67d95 - - default default] No more DHCP agents
2026-04-22 21:50:04.548 7 WARNING neutron.api.rpc.agentnotifiers.dhcp_rpc_agent_api [None req-0ed1cb4b-e095-47c9-9832-a65685fd0e00 ea46c5fe0a194f93a4be014eb321c309 e821cd6eb5ac4a479dc4b87248a67d95 - - default default] Unable to schedule network 383e23b1-2a6a-4b5e-8e0d-6cab87f056a0: no agents available; will retry on subsequent port and subnet creation events.
2026-04-22 21:50:04.916 6 INFO neutron.db.ovn_revision_numbers_db [None req-6b4807c4-8b9a-49a1-880f-5920ccdae404 504e0331dd084543acdb583ac1030b5e 83f0066e79c446efab8bf154d855068f - - default default] Successfully bumped revision number for resource 752a732a-d6a4-4777-8297-93a8f4a639e7 (type: security_groups) to 1
2026-04-22 21:50:04.931 6 INFO neutron.db.ovn_revision_numbers_db [None req-6b4807c4-8b9a-49a1-880f-5920ccdae404 504e0331dd084543acdb583ac1030b5e 83f0066e79c446efab8bf154d855068f - - default default] Successfully bumped revision number for resource 6b76676a-4f33-49d0-9d24-4926fe89c8b8 (type: security_group_rules) to 0
2026-04-22 21:50:04.950 6 INFO neutron.db.ovn_revision_numbers_db [None req-6b4807c4-8b9a-49a1-880f-5920ccdae404 504e0331dd084543acdb583ac1030b5e 83f0066e79c446efab8bf154d855068f - - default default] Successfully bumped revision number for resource 7fe8c313-d9f8-4737-89a5-11c66b002df4 (type: security_group_rules) to 0
2026-04-22 21:50:04.964 6 INFO neutron.db.ovn_revision_numbers_db [None req-6b4807c4-8b9a-49a1-880f-5920ccdae404 504e0331dd084543acdb583ac1030b5e 83f0066e79c446efab8bf154d855068f - - default default] Successfully bumped revision number for resource aeee98e5-c0b5-4114-8f5e-667c642efac5 (type: security_group_rules) to 0
2026-04-22 21:50:04.976 6 INFO neutron.db.ovn_revision_numbers_db [None req-6b4807c4-8b9a-49a1-880f-5920ccdae404 504e0331dd084543acdb583ac1030b5e 83f0066e79c446efab8bf154d855068f - - default default] Successfully bumped revision number for resource e13443e9-d782-4dae-ad10-0bc8d7d9b815 (type: security_group_rules) to 0
2026-04-22 21:50:04.983 7 INFO neutron.db.ovn_revision_numbers_db [None req-9b65730e-67d8-4a52-a36c-9e04d5918370 - - - - - -] Successfully bumped revision number for resource 73fc6c9b-ea9d-44bc-bc97-4fb0af6d5da3 (type: ports) to 2
2026-04-22 21:50:05.015 7 INFO neutron.db.ovn_revision_numbers_db [None req-9b65730e-67d8-4a52-a36c-9e04d5918370 - - - - - -] Successfully bumped revision number for resource c8267976-3241-4a8e-9d45-191e3837f516 (type: subnets) to 0 [pid: 7|app: 0|req: 1018/1954] 10.0.0.227 () {34 vars in 669 bytes} [Wed Apr 22 21:50:04 2026] POST /v2.0/subnets => generated 647 bytes in 650 msecs (HTTP/1.1 201) 4 headers in 162 bytes (1 switches on core 0)
2026-04-22 21:50:05.042 6 INFO neutron.db.segments_db [None req-6b4807c4-8b9a-49a1-880f-5920ccdae404 504e0331dd084543acdb583ac1030b5e 83f0066e79c446efab8bf154d855068f - - default default] Added segment 9e4d3075-4536-4519-a984-f42832730cbe of type geneve for network 21c6506e-6dcd-4571-be82-0172bcfc4f6f
2026-04-22 21:50:05.136 6 INFO neutron.db.ovn_revision_numbers_db [None req-6b4807c4-8b9a-49a1-880f-5920ccdae404 504e0331dd084543acdb583ac1030b5e 83f0066e79c446efab8bf154d855068f - - default default] Successfully bumped revision number for resource 21c6506e-6dcd-4571-be82-0172bcfc4f6f (type: networks) to 1 [pid: 7|app: 0|req: 1021/1957] 10.0.0.227 () {32 vars in 724 bytes} [Wed Apr 22 21:50:05 2026] DELETE /v2.0/subnets/7b6aee0a-abf5-4d2a-b563-e1ff94e6b7b8 => generated 0 bytes in 171 msecs (HTTP/1.1 204) 3 headers in 131 bytes (1 switches on core 0)
2026-04-22 21:50:05.308 6 WARNING neutron.scheduler.dhcp_agent_scheduler [None req-6b4807c4-8b9a-49a1-880f-5920ccdae404 504e0331dd084543acdb583ac1030b5e 83f0066e79c446efab8bf154d855068f - - default default] No more DHCP agents
2026-04-22 21:50:05.309 6 WARNING neutron.api.rpc.agentnotifiers.dhcp_rpc_agent_api [None req-6b4807c4-8b9a-49a1-880f-5920ccdae404 504e0331dd084543acdb583ac1030b5e 83f0066e79c446efab8bf154d855068f - - default default] Unable to schedule network 21c6506e-6dcd-4571-be82-0172bcfc4f6f: no agents available; will retry on subsequent port and subnet creation events.
2026-04-22 21:50:05.382 6 INFO neutron.db.ovn_revision_numbers_db [None req-6b4807c4-8b9a-49a1-880f-5920ccdae404 504e0331dd084543acdb583ac1030b5e 83f0066e79c446efab8bf154d855068f - - default default] Successfully bumped revision number for resource 11196ec0-0b24-40e0-874c-79f622db047f (type: ports) to 1
2026-04-22 21:50:05.394 7 INFO neutron.plugins.ml2.drivers.ovn.mech_driver.mech_driver [None req-d47933b6-57a3-4ac7-ae54-b59b1db62088 - - - - - -] OVN reports status down for port: 11196ec0-0b24-40e0-874c-79f622db047f [pid: 6|app: 0|req: 937/1958] 10.0.0.227 () {34 vars in 671 bytes} [Wed Apr 22 21:50:04 2026] POST /v2.0/networks => generated 762 bytes in 860 msecs (HTTP/1.1 201) 4 headers in 162 bytes (1 switches on core 0)
2026-04-22 21:50:05.474 6 INFO neutron.services.segments.plugin [-] Segment 3402a9e9-aab1-4eb3-8e8a-e834789cebd9 resource provider aggregate not found
2026-04-22 21:50:05.482 6 INFO neutron.services.segments.plugin [-] Segment 3402a9e9-aab1-4eb3-8e8a-e834789cebd9 resource provider aggregate not found
2026-04-22 21:50:05.488 6 INFO neutron.services.segments.plugin [-] Segment 3402a9e9-aab1-4eb3-8e8a-e834789cebd9 resource provider not found; error: Placement Client Error (4xx): {"errors": [{"status": 404, "title": "Not Found", "detail": "The resource could not be found.\n\n No resource provider with uuid 3402a9e9-aab1-4eb3-8e8a-e834789cebd9 found for delete ", "request_id": "req-93aa3ee9-db95-4f2b-87dd-af105ac76155"}]}
2026-04-22 21:50:05.501 6 INFO neutron.services.segments.plugin [-] Segment 3402a9e9-aab1-4eb3-8e8a-e834789cebd9 resource provider not found; error: Placement Client Error (4xx): {"errors": [{"status": 404, "title": "Not Found", "detail": "The resource could not be found.\n\n No resource provider with uuid 3402a9e9-aab1-4eb3-8e8a-e834789cebd9 found for delete ", "request_id": "req-7fe6beab-c6d0-4982-bc0c-d323e6df3e2e"}]} [pid: 6|app: 0|req: 938/1959] 10.0.0.227 () {32 vars in 774 bytes} [Wed Apr 22 21:50:05 2026] GET /v2.0/security-groups?tenant_id=76c52e68d6094b24ab6e8fdd78a0dff7&name=default => generated 2925 bytes in 118 msecs (HTTP/1.1 200) 4 headers in 158 bytes (1 switches on core 0) [pid: 7|app: 0|req: 1022/1960] 10.0.0.227 () {34 vars in 681 bytes} [Wed Apr 22 21:50:05 2026] POST /v2.0/rbac-policies => generated 324 bytes in 316 msecs (HTTP/1.1 201) 4 headers in 162 bytes (1 switches on core 0)
2026-04-22 21:50:05.663 7 WARNING neutron.scheduler.dhcp_agent_scheduler [None req-9d8ae4d8-4597-4d3f-8bab-5b4bac5c767c 504e0331dd084543acdb583ac1030b5e 83f0066e79c446efab8bf154d855068f - - default default] No more DHCP agents
2026-04-22 21:50:05.665 7 WARNING neutron.api.rpc.agentnotifiers.dhcp_rpc_agent_api [None req-9d8ae4d8-4597-4d3f-8bab-5b4bac5c767c 504e0331dd084543acdb583ac1030b5e 83f0066e79c446efab8bf154d855068f - - default default] Unable to schedule network 21c6506e-6dcd-4571-be82-0172bcfc4f6f: no agents available; will retry on subsequent port and subnet creation events. [pid: 6|app: 0|req: 939/1961] 10.0.0.227 () {32 vars in 724 bytes} [Wed Apr 22 21:50:05 2026] DELETE /v2.0/subnets/0ebf7b46-09de-41b6-825c-e575f691d3d5 => generated 0 bytes in 168 msecs (HTTP/1.1 204) 3 headers in 131 bytes (1 switches on core 0) [pid: 6|app: 0|req: 940/1962] 10.0.0.227 () {32 vars in 740 bytes} [Wed Apr 22 21:50:05 2026] DELETE /v2.0/security-groups/237ac51a-89e3-469f-879b-f41082f99258 => generated 0 bytes in 212 msecs (HTTP/1.1 204) 2 headers in 112 bytes (1 switches on core 0)
2026-04-22 21:50:06.019 6 INFO neutron_taas.services.taas.taas_plugin [None req-99bf144e-a193-4387-91dc-ac861bfc35e0 80ab91b99d654df1954d8509c26dc43a 23dfb6cc68dc45ad94a82bd653bd0e5c - - default default] TaaS: Handle Delete Port: 3bc8767b-c353-4125-bfed-4d1d7cfdbe53
2026-04-22 21:50:06.021 6 INFO neutron_taas.services.taas.tap_mirror_plugin [None req-99bf144e-a193-4387-91dc-ac861bfc35e0 80ab91b99d654df1954d8509c26dc43a 23dfb6cc68dc45ad94a82bd653bd0e5c - - default default] Tap Mirror: Handle Delete Port: 3bc8767b-c353-4125-bfed-4d1d7cfdbe53
2026-04-22 21:50:06.115 6 WARNING neutron.plugins.ml2.drivers.ovn.mech_driver.ovsdb.ovn_client [None req-7e3da36e-3f52-4f54-9724-e8ec284490d7 - - - - - -] No port found with ID 4841e448-825a-4646-8ffd-8096012028b6: RuntimeError: No port found with ID 4841e448-825a-4646-8ffd-8096012028b6
2026-04-22 21:50:06.125 6 INFO neutron.plugins.ml2.drivers.ovn.mech_driver.mech_driver [None req-7e3da36e-3f52-4f54-9724-e8ec284490d7 - - - - - -] OVN reports status down for port: 137be26b-08d6-4b71-b34b-7192d64790e8
2026-04-22 21:50:06.153 7 INFO neutron.db.ovn_revision_numbers_db [None req-aaab3a47-203f-4048-b94a-dc1f53edce3f - - - - - -] Successfully bumped revision number for resource 11196ec0-0b24-40e0-874c-79f622db047f (type: ports) to 2
2026-04-22 21:50:06.163 6 INFO neutron.plugins.ml2.drivers.ovn.mech_driver.mech_driver [None req-7e3da36e-3f52-4f54-9724-e8ec284490d7 - - - - - -] OVN reports status down for port: 9bd783cb-ce1c-43ec-bff2-81760ace7ee0
2026-04-22 21:50:06.188 6 INFO neutron.plugins.ml2.drivers.ovn.mech_driver.mech_driver [None req-7e3da36e-3f52-4f54-9724-e8ec284490d7 - - - - - -] OVN reports status down for port: 73fc6c9b-ea9d-44bc-bc97-4fb0af6d5da3
2026-04-22 21:50:06.211 7 INFO neutron.db.ovn_revision_numbers_db [None req-aaab3a47-203f-4048-b94a-dc1f53edce3f - - - - - -] Successfully bumped revision number for resource 50053b76-4732-42b7-ad04-41e162781d13 (type: subnets) to 0 [pid: 7|app: 0|req: 1023/1963] 10.0.0.227 () {34 vars in 669 bytes} [Wed Apr 22 21:50:05 2026] POST /v2.0/subnets => generated 687 bytes in 743 msecs (HTTP/1.1 201) 4 headers in 162 bytes (1 switches on core 0) [pid: 6|app: 0|req: 941/1964] 10.0.0.227 () {32 vars in 726 bytes} [Wed Apr 22 21:50:05 2026] DELETE /v2.0/networks/decbd877-9838-4afd-bbaa-8cf08fb99f42 => generated 0 bytes in 411 msecs (HTTP/1.1 204) 3 headers in 131 bytes (1 switches on core 0)
2026-04-22 21:50:06.460 6 INFO neutron.db.ovn_revision_numbers_db [None req-fc2b0635-2c87-4db0-bf8c-d3cfe7022910 504e0331dd084543acdb583ac1030b5e 83f0066e79c446efab8bf154d855068f - - default default] Successfully bumped revision number for resource 91ebda98-2c3c-4b3e-805f-2b6e4e75bc8b (type: security_groups) to 1
2026-04-22 21:50:06.471 6 INFO neutron.db.ovn_revision_numbers_db [None req-fc2b0635-2c87-4db0-bf8c-d3cfe7022910 504e0331dd084543acdb583ac1030b5e 83f0066e79c446efab8bf154d855068f - - default default] Successfully bumped revision number for resource 0364e26f-c12d-463e-b20d-ebdee1f7da08 (type: security_group_rules) to 0
2026-04-22 21:50:06.490 6 INFO neutron.db.ovn_revision_numbers_db [None req-fc2b0635-2c87-4db0-bf8c-d3cfe7022910 504e0331dd084543acdb583ac1030b5e 83f0066e79c446efab8bf154d855068f - - default default] Successfully bumped revision number for resource 75e99e3d-fb4b-4c17-abe1-d9e3695dc26c (type: security_group_rules) to 0
2026-04-22 21:50:06.501 6 INFO neutron.db.ovn_revision_numbers_db [None req-fc2b0635-2c87-4db0-bf8c-d3cfe7022910 504e0331dd084543acdb583ac1030b5e 83f0066e79c446efab8bf154d855068f - - default default] Successfully bumped revision number for resource 8c5c6e05-0aca-4ce9-b98a-f12fcab6f092 (type: security_group_rules) to 0 [pid: 7|app: 0|req: 1024/1965] 10.0.0.227 () {32 vars in 723 bytes} [Wed Apr 22 21:50:06 2026] GET /v2.0/networks/383e23b1-2a6a-4b5e-8e0d-6cab87f056a0 => generated 692 bytes in 236 msecs (HTTP/1.1 200) 4 headers in 157 bytes (1 switches on core 0)
2026-04-22 21:50:06.526 6 INFO neutron.db.ovn_revision_numbers_db [None req-fc2b0635-2c87-4db0-bf8c-d3cfe7022910 504e0331dd084543acdb583ac1030b5e 83f0066e79c446efab8bf154d855068f - - default default] Successfully bumped revision number for resource bf0899c0-a4cb-4ff9-ace5-ce6bfd14572c (type: security_group_rules) to 0 [pid: 6|app: 0|req: 942/1966] 10.0.0.227 () {32 vars in 774 bytes} [Wed Apr 22 21:50:06 2026] GET /v2.0/security-groups?tenant_id=103a9385eb4b45dc82efd93bb72e9ec7&name=default => generated 2925 bytes in 245 msecs (HTTP/1.1 200) 4 headers in 158 bytes (1 switches on core 0)
2026-04-22 21:50:06.692 6 INFO neutron_taas.services.taas.taas_plugin [None req-0581e1d3-76b7-4ce2-9394-812d39670885 80ab91b99d654df1954d8509c26dc43a 23dfb6cc68dc45ad94a82bd653bd0e5c - - default default] TaaS: Handle Delete Port: e7d10b81-4a2b-41a6-adbe-b2562457cb05
2026-04-22 21:50:06.694 6 INFO neutron_taas.services.taas.tap_mirror_plugin [None req-0581e1d3-76b7-4ce2-9394-812d39670885 80ab91b99d654df1954d8509c26dc43a 23dfb6cc68dc45ad94a82bd653bd0e5c - - default default] Tap Mirror: Handle Delete Port: e7d10b81-4a2b-41a6-adbe-b2562457cb05 [pid: 6|app: 0|req: 943/1967] 10.0.0.227 () {32 vars in 726 bytes} [Wed Apr 22 21:50:06 2026] DELETE /v2.0/networks/9114a4a5-aca3-4e9c-8715-ac7b148f1ee1 => generated 0 bytes in 359 msecs (HTTP/1.1 204) 3 headers in 131 bytes (1 switches on core 0)
2026-04-22 21:50:06.933 7 WARNING neutron.scheduler.dhcp_agent_scheduler [None req-efd06233-fbcf-4a14-9c73-f8b544363c57 504e0331dd084543acdb583ac1030b5e 83f0066e79c446efab8bf154d855068f - - default default] No more DHCP agents
2026-04-22 21:50:06.934 7 WARNING neutron.api.rpc.agentnotifiers.dhcp_rpc_agent_api [None req-efd06233-fbcf-4a14-9c73-f8b544363c57 504e0331dd084543acdb583ac1030b5e 83f0066e79c446efab8bf154d855068f - - default default] Unable to schedule network 7213bfb3-f84f-45b1-ac9a-144ea8b20273: no agents available; will retry on subsequent port and subnet creation events.
2026-04-22 21:50:07.059 7 INFO neutron.plugins.ml2.drivers.ovn.mech_driver.mech_driver [None req-d47933b6-57a3-4ac7-ae54-b59b1db62088 - - - - - -] OVN reports status down for port: 9de48a59-1fc8-44a6-b863-68cabd8db453
2026-04-22 21:50:07.154 7 INFO neutron.db.ovn_revision_numbers_db [None req-efd06233-fbcf-4a14-9c73-f8b544363c57 504e0331dd084543acdb583ac1030b5e 83f0066e79c446efab8bf154d855068f - - default default] Successfully bumped revision number for resource 9de48a59-1fc8-44a6-b863-68cabd8db453 (type: ports) to 1 [pid: 6|app: 0|req: 944/1968] 10.0.0.227 () {32 vars in 740 bytes} [Wed Apr 22 21:50:06 2026] DELETE /v2.0/security-groups/91ebda98-2c3c-4b3e-805f-2b6e4e75bc8b => generated 0 bytes in 244 msecs (HTTP/1.1 204) 2 headers in 112 bytes (1 switches on core 0)
2026-04-22 21:50:07.212 6 INFO neutron.pecan_wsgi.hooks.translation [None req-c3e6f57e-118b-4af9-b148-c6d8b5bf5708 d80c6acbd853489cb9dc67648dd4ba05 51a91302c075420593a98b65e9755198 - - default default] GET failed (client error): The resource could not be found. [pid: 6|app: 0|req: 945/1969] 10.0.0.227 () {32 vars in 723 bytes} [Wed Apr 22 21:50:07 2026] GET /v2.0/networks/383e23b1-2a6a-4b5e-8e0d-6cab87f056a0 => generated 138 bytes in 47 msecs (HTTP/1.1 404) 4 headers in 164 bytes (1 switches on core 0)
2026-04-22 21:50:07.304 6 INFO neutron.db.segments_db [None req-eb6c8974-c828-424e-afbb-e7acec3e3708 80ab91b99d654df1954d8509c26dc43a 23dfb6cc68dc45ad94a82bd653bd0e5c - - default default] Added segment 59243806-8a0f-421b-85ce-99243224735e of type geneve for network c508e734-5d69-4981-940e-4a69c0969725
2026-04-22 21:50:07.422 6 INFO neutron.db.ovn_revision_numbers_db [None req-eb6c8974-c828-424e-afbb-e7acec3e3708 80ab91b99d654df1954d8509c26dc43a 23dfb6cc68dc45ad94a82bd653bd0e5c - - default default] Successfully bumped revision number for resource c508e734-5d69-4981-940e-4a69c0969725 (type: networks) to 1
2026-04-22 21:50:07.512 6 INFO neutron.services.segments.plugin [-] Segment 9559f019-b3f0-4491-9e9a-bf2e1ea8e066 resource provider aggregate not found
2026-04-22 21:50:07.530 6 INFO neutron.services.segments.plugin [-] Segment 9559f019-b3f0-4491-9e9a-bf2e1ea8e066 resource provider not found; error: Placement Client Error (4xx): {"errors": [{"status": 404, "title": "Not Found", "detail": "The resource could not be found.\n\n No resource provider with uuid 9559f019-b3f0-4491-9e9a-bf2e1ea8e066 found for delete ", "request_id": "req-431ce245-fc9c-4588-a488-8c53cfe89f75"}]}
2026-04-22 21:50:07.535 6 INFO neutron.services.segments.plugin [-] Segment 9559f019-b3f0-4491-9e9a-bf2e1ea8e066 resource provider aggregate not found
2026-04-22 21:50:07.548 6 INFO neutron.services.segments.plugin [-] Segment 24f1256e-f86b-4623-ba3a-88e4784d07b1 resource provider aggregate not found
2026-04-22 21:50:07.561 6 INFO neutron.services.segments.plugin [-] Segment 24f1256e-f86b-4623-ba3a-88e4784d07b1 resource provider not found; error: Placement Client Error (4xx): {"errors": [{"status": 404, "title": "Not Found", "detail": "The resource could not be found.\n\n No resource provider with uuid 24f1256e-f86b-4623-ba3a-88e4784d07b1 found for delete ", "request_id": "req-be54e20b-4e31-4aad-9133-8fb0d70c8ae0"}]}
2026-04-22 21:50:07.567 6 INFO neutron.services.segments.plugin [-] Segment 9559f019-b3f0-4491-9e9a-bf2e1ea8e066 resource provider not found; error: Placement Client Error (4xx): {"errors": [{"status": 404, "title": "Not Found", "detail": "The resource could not be found.\n\n No resource provider with uuid 9559f019-b3f0-4491-9e9a-bf2e1ea8e066 found for delete ", "request_id": "req-ef1f42e8-7631-41a9-a421-3a2083819497"}]}
2026-04-22 21:50:07.590 6 INFO neutron.services.segments.plugin [-] Segment 24f1256e-f86b-4623-ba3a-88e4784d07b1 resource provider aggregate not found
2026-04-22 21:50:07.608 6 INFO neutron.services.segments.plugin [-] Segment 24f1256e-f86b-4623-ba3a-88e4784d07b1 resource provider not found; error: Placement Client Error (4xx): {"errors": [{"status": 404, "title": "Not Found", "detail": "The resource could not be found.\n\n No resource provider with uuid 24f1256e-f86b-4623-ba3a-88e4784d07b1 found for delete ", "request_id": "req-40a601f6-2c5c-4539-ab2d-d98acd92456c"}]}
2026-04-22 21:50:07.652 6 WARNING neutron.scheduler.dhcp_agent_scheduler [None req-eb6c8974-c828-424e-afbb-e7acec3e3708 80ab91b99d654df1954d8509c26dc43a 23dfb6cc68dc45ad94a82bd653bd0e5c - - default default] No more DHCP agents
2026-04-22 21:50:07.653 6 WARNING neutron.api.rpc.agentnotifiers.dhcp_rpc_agent_api [None req-eb6c8974-c828-424e-afbb-e7acec3e3708 80ab91b99d654df1954d8509c26dc43a 23dfb6cc68dc45ad94a82bd653bd0e5c - - default default] Unable to schedule network c508e734-5d69-4981-940e-4a69c0969725: no agents available; will retry on subsequent port and subnet creation events.
2026-04-22 21:50:07.716 6 INFO neutron.plugins.ml2.drivers.ovn.mech_driver.mech_driver [None req-7e3da36e-3f52-4f54-9724-e8ec284490d7 - - - - - -] OVN reports status down for port: f3d03327-aaa8-4e9f-8ce7-139f3991960b
2026-04-22 21:50:07.781 6 INFO neutron.db.ovn_revision_numbers_db [None req-eb6c8974-c828-424e-afbb-e7acec3e3708 80ab91b99d654df1954d8509c26dc43a 23dfb6cc68dc45ad94a82bd653bd0e5c - - default default] Successfully bumped revision number for resource f3d03327-aaa8-4e9f-8ce7-139f3991960b (type: ports) to 1
2026-04-22 21:50:07.831 7 INFO neutron.plugins.ml2.drivers.ovn.mech_driver.ovsdb.commands [None req-3489ec70-039e-42ef-bb09-ec9f85b4dcc4 - - - - - -] Schedule LRP lrp-9de48a59-1fc8-44a6-b863-68cabd8db453 on gateway 1d5a48dd-4f14-4ac8-bd62-02577c077e34 with priority 1 [pid: 6|app: 0|req: 946/1970] 10.0.0.227 () {34 vars in 670 bytes} [Wed Apr 22 21:50:07 2026] POST /v2.0/networks => generated 650 bytes in 621 msecs (HTTP/1.1 201) 4 headers in 162 bytes (1 switches on core 0)
2026-04-22 21:50:07.868 6 INFO neutron.plugins.ml2.drivers.ovn.mech_driver.ovsdb.ovsdb_monitor [None req-76ee7377-54ce-40b8-b399-fe3fc6f01402 - - - - - -] Router 489e7102-1ccd-4013-b252-f516f8649411 is bound to host instance
2026-04-22 21:50:07.883 7 INFO neutron.plugins.ml2.drivers.ovn.mech_driver.mech_driver [None req-d47933b6-57a3-4ac7-ae54-b59b1db62088 - - - - - -] OVN reports status up for port: 9de48a59-1fc8-44a6-b863-68cabd8db453
2026-04-22 21:50:07.928 7 INFO neutron.plugins.ml2.plugin [None req-d47933b6-57a3-4ac7-ae54-b59b1db62088 - - - - - -] Attempt 1 to provision port 9de48a59-1fc8-44a6-b863-68cabd8db453
2026-04-22 21:50:07.968 7 INFO neutron.db.ovn_revision_numbers_db [None req-efd06233-fbcf-4a14-9c73-f8b544363c57 504e0331dd084543acdb583ac1030b5e 83f0066e79c446efab8bf154d855068f - - default default] Successfully bumped revision number for resource 9de48a59-1fc8-44a6-b863-68cabd8db453 (type: router_ports) to 1
2026-04-22 21:50:08.088 7 INFO neutron.db.ovn_revision_numbers_db [None req-efd06233-fbcf-4a14-9c73-f8b544363c57 504e0331dd084543acdb583ac1030b5e 83f0066e79c446efab8bf154d855068f - - default default] Successfully bumped revision number for resource 489e7102-1ccd-4013-b252-f516f8649411 (type: routers) to 2 [pid: 7|app: 0|req: 1025/1971] 10.0.0.227 () {34 vars in 669 bytes} [Wed Apr 22 21:50:06 2026] POST /v2.0/routers => generated 965 bytes in 1596 msecs (HTTP/1.1 201) 4 headers in 162 bytes (1 switches on core 0)
2026-04-22 21:50:08.184 6 INFO neutron_taas.services.taas.taas_plugin [None req-896d572e-344f-4f5d-8263-9367c44b9c2e ea46c5fe0a194f93a4be014eb321c309 e821cd6eb5ac4a479dc4b87248a67d95 - - default default] TaaS: Handle Delete Port: 73fc6c9b-ea9d-44bc-bc97-4fb0af6d5da3
2026-04-22 21:50:08.191 6 INFO neutron_taas.services.taas.tap_mirror_plugin [None req-896d572e-344f-4f5d-8263-9367c44b9c2e ea46c5fe0a194f93a4be014eb321c309 e821cd6eb5ac4a479dc4b87248a67d95 - - default default] Tap Mirror: Handle Delete Port: 73fc6c9b-ea9d-44bc-bc97-4fb0af6d5da3
2026-04-22 21:50:08.358 7 WARNING neutron.scheduler.dhcp_agent_scheduler [None req-365478e8-553e-4d22-aa49-dcd90c848d2f 80ab91b99d654df1954d8509c26dc43a 23dfb6cc68dc45ad94a82bd653bd0e5c - - default default] No more DHCP agents
2026-04-22 21:50:08.360 7 WARNING neutron.api.rpc.agentnotifiers.dhcp_rpc_agent_api [None req-365478e8-553e-4d22-aa49-dcd90c848d2f 80ab91b99d654df1954d8509c26dc43a 23dfb6cc68dc45ad94a82bd653bd0e5c - - default default] Unable to schedule network c508e734-5d69-4981-940e-4a69c0969725: no agents available; will retry on subsequent port and subnet creation events.
2026-04-22 21:50:08.398 7 INFO neutron.db.ovn_revision_numbers_db [None req-365478e8-553e-4d22-aa49-dcd90c848d2f 80ab91b99d654df1954d8509c26dc43a 23dfb6cc68dc45ad94a82bd653bd0e5c - - default default] Successfully bumped revision number for resource af911dd2-e608-440e-bc35-10861b14fdba (type: subnets) to 0 [pid: 7|app: 0|req: 1026/1972] 10.0.0.227 () {34 vars in 669 bytes} [Wed Apr 22 21:50:08 2026] POST /v2.0/subnets => generated 646 bytes in 309 msecs (HTTP/1.1 201) 4 headers in 162 bytes (1 switches on core 0) [pid: 6|app: 0|req: 947/1973] 10.0.0.227 () {32 vars in 726 bytes} [Wed Apr 22 21:50:07 2026] DELETE /v2.0/networks/383e23b1-2a6a-4b5e-8e0d-6cab87f056a0 => generated 0 bytes in 932 msecs (HTTP/1.1 204) 3 headers in 131 bytes (1 switches on core 0)
2026-04-22 21:50:08.932 7 WARNING neutron.scheduler.dhcp_agent_scheduler [None req-f4ea1c0d-71f2-42db-80d1-2239592dceb0 504e0331dd084543acdb583ac1030b5e 83f0066e79c446efab8bf154d855068f - - default default] No more DHCP agents
2026-04-22 21:50:08.933 7 WARNING neutron.api.rpc.agentnotifiers.dhcp_rpc_agent_api [None req-f4ea1c0d-71f2-42db-80d1-2239592dceb0 504e0331dd084543acdb583ac1030b5e 83f0066e79c446efab8bf154d855068f - - default default] Unable to schedule network 21c6506e-6dcd-4571-be82-0172bcfc4f6f: no agents available; will retry on subsequent port and subnet creation events.
2026-04-22 21:50:08.982 6 INFO neutron.db.ovn_revision_numbers_db [None req-c5a04e75-32e0-4bbc-9c64-abeae16c92c6 80ab91b99d654df1954d8509c26dc43a 23dfb6cc68dc45ad94a82bd653bd0e5c - - default default] Successfully bumped revision number for resource b41c0451-46c5-45fe-a001-7790d8d05333 (type: routers) to 1 [pid: 6|app: 0|req: 948/1974] 10.0.0.227 () {34 vars in 669 bytes} [Wed Apr 22 21:50:08 2026] POST /v2.0/routers => generated 607 bytes in 260 msecs (HTTP/1.1 201) 4 headers in 162 bytes (1 switches on core 0)
2026-04-22 21:50:09.053 6 INFO neutron.pecan_wsgi.hooks.translation [None req-4eae13b4-881b-4820-b795-94f018b29e83 ea46c5fe0a194f93a4be014eb321c309 e821cd6eb5ac4a479dc4b87248a67d95 - - default default] DELETE failed (client error): The resource could not be found. [pid: 6|app: 0|req: 949/1975] 10.0.0.227 () {32 vars in 724 bytes} [Wed Apr 22 21:50:09 2026] DELETE /v2.0/subnets/8334a5f4-dd23-46a6-8c65-3afdc605c49c => generated 136 bytes in 31 msecs (HTTP/1.1 404) 4 headers in 164 bytes (1 switches on core 0)
2026-04-22 21:50:09.159 6 INFO neutron.plugins.ml2.drivers.ovn.mech_driver.mech_driver [None req-7e3da36e-3f52-4f54-9724-e8ec284490d7 - - - - - -] OVN reports status down for port: 349e0532-b773-48c4-a999-7a251fbce108
2026-04-22 21:50:09.175 7 INFO neutron.db.ovn_revision_numbers_db [None req-f4ea1c0d-71f2-42db-80d1-2239592dceb0 504e0331dd084543acdb583ac1030b5e 83f0066e79c446efab8bf154d855068f - - default default] Successfully bumped revision number for resource 349e0532-b773-48c4-a999-7a251fbce108 (type: ports) to 1
2026-04-22 21:50:09.184 6 INFO neutron.db.ovn_revision_numbers_db [None req-4ce1bba4-2f0f-4a18-811a-a3f52b136b58 - - - - - -] Successfully bumped revision number for resource 9de48a59-1fc8-44a6-b863-68cabd8db453 (type: ports) to 4
2026-04-22 21:50:09.586 6 INFO neutron.services.segments.plugin [-] Segment 5fb61a3b-cdce-4c4c-873b-df713f054eaa resource provider aggregate not found
2026-04-22 21:50:09.615 6 INFO neutron.services.segments.plugin [-] Segment 5fb61a3b-cdce-4c4c-873b-df713f054eaa resource provider not found; error: Placement Client Error (4xx): {"errors": [{"status": 404, "title": "Not Found", "detail": "The resource could not be found.\n\n No resource provider with uuid 5fb61a3b-cdce-4c4c-873b-df713f054eaa found for delete ", "request_id": "req-f6455577-0408-4b33-8bb1-013560c0fa6e"}]}
2026-04-22 21:50:09.632 6 INFO neutron.services.segments.plugin [-] Segment 5fb61a3b-cdce-4c4c-873b-df713f054eaa resource provider aggregate not found
2026-04-22 21:50:09.663 6 INFO neutron.services.segments.plugin [-] Segment 5fb61a3b-cdce-4c4c-873b-df713f054eaa resource provider not found; error: Placement Client Error (4xx): {"errors": [{"status": 404, "title": "Not Found", "detail": "The resource could not be found.\n\n No resource provider with uuid 5fb61a3b-cdce-4c4c-873b-df713f054eaa found for delete ", "request_id": "req-bbb5c353-6d13-49c3-8205-fa193a6d969b"}]}
2026-04-22 21:50:09.741 6 WARNING neutron.scheduler.dhcp_agent_scheduler [None req-2d045eac-2c80-40e5-8b9a-50d40445afa0 80ab91b99d654df1954d8509c26dc43a 23dfb6cc68dc45ad94a82bd653bd0e5c - - default default] No more DHCP agents
2026-04-22 21:50:09.748 6 WARNING neutron.api.rpc.agentnotifiers.dhcp_rpc_agent_api [None req-2d045eac-2c80-40e5-8b9a-50d40445afa0 80ab91b99d654df1954d8509c26dc43a 23dfb6cc68dc45ad94a82bd653bd0e5c - - default default] Unable to schedule network c508e734-5d69-4981-940e-4a69c0969725: no agents available; will retry on subsequent port and subnet creation events.
2026-04-22 21:50:09.853 6 INFO neutron.plugins.ml2.drivers.ovn.mech_driver.mech_driver [None req-7e3da36e-3f52-4f54-9724-e8ec284490d7 - - - - - -] OVN reports status up for port: 349e0532-b773-48c4-a999-7a251fbce108
2026-04-22 21:50:09.903 6 INFO neutron.plugins.ml2.plugin [None req-7e3da36e-3f52-4f54-9724-e8ec284490d7 - - - - - -] Attempt 1 to provision port 349e0532-b773-48c4-a999-7a251fbce108
2026-04-22 21:50:09.938 7 WARNING neutron.scheduler.dhcp_agent_scheduler [None req-f4ea1c0d-71f2-42db-80d1-2239592dceb0 504e0331dd084543acdb583ac1030b5e 83f0066e79c446efab8bf154d855068f - - default default] No more DHCP agents
2026-04-22 21:50:09.940 7 WARNING neutron.api.rpc.agentnotifiers.dhcp_rpc_agent_api [None req-f4ea1c0d-71f2-42db-80d1-2239592dceb0 504e0331dd084543acdb583ac1030b5e 83f0066e79c446efab8bf154d855068f - - default default] Unable to schedule network 21c6506e-6dcd-4571-be82-0172bcfc4f6f: no agents available; will retry on subsequent port and subnet creation events.
2026-04-22 21:50:09.997 6 INFO neutron.db.ovn_revision_numbers_db [None req-4ce1bba4-2f0f-4a18-811a-a3f52b136b58 - - - - - -] Successfully bumped revision number for resource 9de48a59-1fc8-44a6-b863-68cabd8db453 (type: ports) to 5
2026-04-22 21:50:10.081 6 INFO neutron.db.ovn_revision_numbers_db [None req-2d045eac-2c80-40e5-8b9a-50d40445afa0 80ab91b99d654df1954d8509c26dc43a 23dfb6cc68dc45ad94a82bd653bd0e5c - - default default] Successfully bumped revision number for resource 1bad369e-7c8a-4521-85a2-4d9e5faeffdd (type: ports) to 1 [pid: 6|app: 0|req: 950/1976] 10.0.0.227 () {34 vars in 665 bytes} [Wed Apr 22 21:50:09 2026] POST /v2.0/ports => generated 964 bytes in 1215 msecs (HTTP/1.1 201) 4 headers in 162 bytes (1 switches on core 0) /var/lib/openstack/lib/python3.12/site-packages/pycadf/identifier.py:70: UserWarning: Invalid uuid: neutron. To ensure interoperability, identifiers should be a valid uuid. warnings.warn(('Invalid uuid: %s. To ensure interoperability, '
2026-04-22 21:50:10.306 6 INFO neutron.pecan_wsgi.hooks.translation [None req-ba8ba682-d951-4f09-97c3-049a60fd39c7 ea46c5fe0a194f93a4be014eb321c309 e821cd6eb5ac4a479dc4b87248a67d95 - - default default] DELETE failed (client error): The resource could not be found. [pid: 6|app: 0|req: 951/1977] 10.0.0.227 () {32 vars in 724 bytes} [Wed Apr 22 21:50:10 2026] DELETE /v2.0/subnets/04859167-4153-44ad-a9c8-b3da0cae3929 => generated 136 bytes in 34 msecs (HTTP/1.1 404) 4 headers in 164 bytes (1 switches on core 0)
2026-04-22 21:50:10.431 7 INFO neutron.db.ovn_revision_numbers_db [None req-f4ea1c0d-71f2-42db-80d1-2239592dceb0 504e0331dd084543acdb583ac1030b5e 83f0066e79c446efab8bf154d855068f - - default default] Successfully bumped revision number for resource 349e0532-b773-48c4-a999-7a251fbce108 (type: router_ports) to 1 [pid: 7|app: 0|req: 1027/1978] 10.0.0.227 () {34 vars in 783 bytes} [Wed Apr 22 21:50:08 2026] PUT /v2.0/routers/489e7102-1ccd-4013-b252-f516f8649411/add_router_interface => generated 309 bytes in 2020 msecs (HTTP/1.1 200) 4 headers in 157 bytes (1 switches on core 0)
