Mar 06 05:34:49.897063 np0000158048 devstack@g-api.service[115104]: INFO glance.image_cache [None req-27d70e7f-cb5c-4626-94a8-5365ab8f583d None None] Image cache loaded driver 'centralized_db'.
Mar 06 05:34:49.903100 np0000158048 devstack@g-api.service[115106]: DEBUG glance.image_cache.drivers.centralized_db [None req-d79f6438-1e3f-43ba-894b-bfa15072044c None None] Node reference is already recorded, ignoring it {{(pid=115106) configure /opt/stack/glance/glance/image_cache/drivers/centralized_db.py:71}}
Mar 06 05:34:49.905109 np0000158048 devstack@g-api.service[115105]: DEBUG glance.image_cache.drivers.centralized_db [None req-f4860ab0-f282-458a-9b80-eff5b046a9f3 None None] Node reference is already recorded, ignoring it {{(pid=115105) configure /opt/stack/glance/glance/image_cache/drivers/centralized_db.py:71}}
Mar 06 05:34:49.905207 np0000158048 devstack@g-api.service[115104]: DEBUG glance.image_cache.drivers.centralized_db [None req-27d70e7f-cb5c-4626-94a8-5365ab8f583d None None] Node reference is already recorded, ignoring it {{(pid=115104) configure /opt/stack/glance/glance/image_cache/drivers/centralized_db.py:71}}
Mar 06 05:34:49.905268 np0000158048 devstack@g-api.service[115103]: DEBUG glance.image_cache.drivers.centralized_db [None req-0738d922-bfee-4ef4-8e7d-ce0e0fb4bd48 None None] Node reference is already recorded, ignoring it {{(pid=115103) configure /opt/stack/glance/glance/image_cache/drivers/centralized_db.py:71}}
Mar 06 05:34:49.908741 np0000158048 devstack@g-api.service[115106]: DEBUG glance.api.v2.cached_images [None req-d79f6438-1e3f-43ba-894b-bfa15072044c None None] Started cache worker thread {{(pid=115106) __init__ /opt/stack/glance/glance/api/v2/cached_images.py:69}}
Mar 06 05:34:49.909491 np0000158048 devstack@g-api.service[115106]: INFO glance.image_cache [None req-d79f6438-1e3f-43ba-894b-bfa15072044c None None] Image cache loaded driver 'centralized_db'.
Mar 06 05:34:49.909996 np0000158048 devstack@g-api.service[115105]: INFO glance.api.middleware.cache_manage [None req-f4860ab0-f282-458a-9b80-eff5b046a9f3 None None] Initialized image cache management middleware
Mar 06 05:34:49.910083 np0000158048 devstack@g-api.service[115104]: INFO glance.api.middleware.cache_manage [None req-27d70e7f-cb5c-4626-94a8-5365ab8f583d None None] Initialized image cache management middleware
Mar 06 05:34:49.910138 np0000158048 devstack@g-api.service[115105]: INFO glance.image_cache [None req-f4860ab0-f282-458a-9b80-eff5b046a9f3 None None] Image cache loaded driver 'centralized_db'.
Mar 06 05:34:49.910213 np0000158048 devstack@g-api.service[115104]: INFO glance.image_cache [None req-27d70e7f-cb5c-4626-94a8-5365ab8f583d None None] Image cache loaded driver 'centralized_db'.
Mar 06 05:34:49.910349 np0000158048 devstack@g-api.service[115103]: INFO glance.api.middleware.cache [None req-0738d922-bfee-4ef4-8e7d-ce0e0fb4bd48 None None] Initialized image cache middleware
Mar 06 05:34:49.917774 np0000158048 devstack@g-api.service[115103]: WARNING keystonemiddleware.auth_token [None req-0738d922-bfee-4ef4-8e7d-ce0e0fb4bd48 None None] AuthToken middleware is set with keystone_authtoken.service_token_roles_required set to False. This is backwards compatible but deprecated behaviour. Please set this to True.
Mar 06 05:34:49.918691 np0000158048 devstack@g-api.service[115106]: DEBUG glance.image_cache.drivers.centralized_db [None req-d79f6438-1e3f-43ba-894b-bfa15072044c None None] Node reference is already recorded, ignoring it {{(pid=115106) configure /opt/stack/glance/glance/image_cache/drivers/centralized_db.py:71}}
Mar 06 05:34:49.919697 np0000158048 devstack@g-api.service[115104]: DEBUG glance.image_cache.drivers.centralized_db [None req-27d70e7f-cb5c-4626-94a8-5365ab8f583d None None] Node reference is already recorded, ignoring it {{(pid=115104) configure /opt/stack/glance/glance/image_cache/drivers/centralized_db.py:71}}
Mar 06 05:34:49.919754 np0000158048 devstack@g-api.service[115105]: DEBUG glance.image_cache.drivers.centralized_db [None req-f4860ab0-f282-458a-9b80-eff5b046a9f3 None None] Node reference is already recorded, ignoring it {{(pid=115105) configure /opt/stack/glance/glance/image_cache/drivers/centralized_db.py:71}}
Mar 06 05:34:49.923504 np0000158048 devstack@g-api.service[115103]: DEBUG glance.common.config [None req-0738d922-bfee-4ef4-8e7d-ce0e0fb4bd48 None None] ******************************************************************************** {{(pid=115103) log_opt_values /opt/stack/data/venv/lib/python3.12/site-packages/oslo_config/cfg.py:2979}}
Mar 06 05:34:49.923609 np0000158048 devstack@g-api.service[115103]: DEBUG glance.common.config [None req-0738d922-bfee-4ef4-8e7d-ce0e0fb4bd48 None None] Configuration options gathered from: {{(pid=115103) log_opt_values /opt/stack/data/venv/lib/python3.12/site-packages/oslo_config/cfg.py:2980}}
Mar 06 05:34:49.923647 np0000158048 devstack@g-api.service[115106]: INFO glance.api.middleware.cache_manage [None req-d79f6438-1e3f-43ba-894b-bfa15072044c None None] Initialized image cache management middleware
Mar 06 05:34:49.923738 np0000158048 devstack@g-api.service[115106]: INFO glance.image_cache [None req-d79f6438-1e3f-43ba-894b-bfa15072044c None None] Image cache loaded driver 'centralized_db'.
Mar 06 05:34:49.923912 np0000158048 devstack@g-api.service[115103]: DEBUG glance.common.config [None req-0738d922-bfee-4ef4-8e7d-ce0e0fb4bd48 None None] command line args: [] {{(pid=115103) log_opt_values /opt/stack/data/venv/lib/python3.12/site-packages/oslo_config/cfg.py:2981}}
Mar 06 05:34:49.924031 np0000158048 devstack@g-api.service[115103]: DEBUG glance.common.config [None req-0738d922-bfee-4ef4-8e7d-ce0e0fb4bd48 None None] config files: ['/etc/glance/glance-image-import.conf', '/etc/glance/glance-api.conf'] {{(pid=115103) log_opt_values /opt/stack/data/venv/lib/python3.12/site-packages/oslo_config/cfg.py:2982}}
Mar 06 05:34:49.924109 np0000158048 devstack@g-api.service[115103]: DEBUG glance.common.config [None req-0738d922-bfee-4ef4-8e7d-ce0e0fb4bd48 None None] ================================================================================ {{(pid=115103) log_opt_values /opt/stack/data/venv/lib/python3.12/site-packages/oslo_config/cfg.py:2987}}
Mar 06 05:34:49.924217 np0000158048 devstack@g-api.service[115103]: DEBUG glance.common.config [None req-0738d922-bfee-4ef4-8e7d-ce0e0fb4bd48 None None] allow_anonymous_access = False {{(pid=115103) log_opt_values /opt/stack/data/venv/lib/python3.12/site-packages/oslo_config/cfg.py:2995}}
Mar 06 05:34:49.924325 np0000158048 devstack@g-api.service[115103]: DEBUG glance.common.config [None req-0738d922-bfee-4ef4-8e7d-ce0e0fb4bd48 None None] api_limit_max = 1000 {{(pid=115103) log_opt_values /opt/stack/data/venv/lib/python3.12/site-packages/oslo_config/cfg.py:2995}}
Mar 06 05:34:49.924427 np0000158048 devstack@g-api.service[115103]: DEBUG glance.common.config [None req-0738d922-bfee-4ef4-8e7d-ce0e0fb4bd48 None None] backlog = 4096 {{(pid=115103) log_opt_values /opt/stack/data/venv/lib/python3.12/site-packages/oslo_config/cfg.py:2995}}
Mar 06 05:34:49.924622 np0000158048 devstack@g-api.service[115103]: DEBUG glance.common.config [None req-0738d922-bfee-4ef4-8e7d-ce0e0fb4bd48 None None] bind_host = 0.0.0.0 {{(pid=115103) log_opt_values /opt/stack/data/venv/lib/python3.12/site-packages/oslo_config/cfg.py:2995}}
Mar 06 05:34:49.924714 np0000158048 devstack@g-api.service[115103]: DEBUG glance.common.config [None req-0738d922-bfee-4ef4-8e7d-ce0e0fb4bd48 None None] bind_port = 19292 {{(pid=115103) log_opt_values /opt/stack/data/venv/lib/python3.12/site-packages/oslo_config/cfg.py:2995}}
Mar 06 05:34:49.924781 np0000158048 devstack@g-api.service[115103]: DEBUG glance.common.config [None req-0738d922-bfee-4ef4-8e7d-ce0e0fb4bd48 None None] client_socket_timeout = 900 {{(pid=115103) log_opt_values /opt/stack/data/venv/lib/python3.12/site-packages/oslo_config/cfg.py:2995}}
Mar 06 05:34:49.924998 np0000158048 devstack@g-api.service[115103]: DEBUG glance.common.config [None req-0738d922-bfee-4ef4-8e7d-ce0e0fb4bd48 None None] config_dir = [] {{(pid=115103) log_opt_values /opt/stack/data/venv/lib/python3.12/site-packages/oslo_config/cfg.py:2995}}
Mar 06 05:34:49.924998 np0000158048 devstack@g-api.service[115103]: DEBUG glance.common.config [None req-0738d922-bfee-4ef4-8e7d-ce0e0fb4bd48 None None] config_file = ['/etc/glance/glance-image-import.conf', '/etc/glance/glance-api.conf'] {{(pid=115103) log_opt_values /opt/stack/data/venv/lib/python3.12/site-packages/oslo_config/cfg.py:2995}}
Mar 06 05:34:49.925136 np0000158048 devstack@g-api.service[115103]: DEBUG glance.common.config [None req-0738d922-bfee-4ef4-8e7d-ce0e0fb4bd48 None None] config_source = [] {{(pid=115103) log_opt_values /opt/stack/data/venv/lib/python3.12/site-packages/oslo_config/cfg.py:2995}}
Mar 06 05:34:49.925136 np0000158048 devstack@g-api.service[115103]: DEBUG glance.common.config [None req-0738d922-bfee-4ef4-8e7d-ce0e0fb4bd48 None None] control_exchange = glance {{(pid=115103) log_opt_values /opt/stack/data/venv/lib/python3.12/site-packages/oslo_config/cfg.py:2995}}
Mar 06 05:34:49.925245 np0000158048 devstack@g-api.service[115103]: DEBUG glance.common.config [None req-0738d922-bfee-4ef4-8e7d-ce0e0fb4bd48 None None] debug = True {{(pid=115103) log_opt_values /opt/stack/data/venv/lib/python3.12/site-packages/oslo_config/cfg.py:2995}}
Mar 06 05:34:49.925346 np0000158048 devstack@g-api.service[115104]: INFO glance.api.middleware.cache [None req-27d70e7f-cb5c-4626-94a8-5365ab8f583d None None] Initialized image cache middleware
Mar 06 05:34:49.925413 np0000158048 devstack@g-api.service[115103]: DEBUG glance.common.config [None req-0738d922-bfee-4ef4-8e7d-ce0e0fb4bd48 None None] default_log_levels = ['amqp=WARN', 'boto=WARN', 'sqlalchemy=WARN', 'suds=INFO', 'oslo.messaging=INFO', 'oslo_messaging=INFO', 'iso8601=WARN', 'requests.packages.urllib3.connectionpool=WARN', 'urllib3.connectionpool=WARN', 'websocket=WARN', 'requests.packages.urllib3.util.retry=WARN', 'urllib3.util.retry=WARN', 'keystonemiddleware=WARN', 'routes.middleware=WARN', 'stevedore=WARN', 'taskflow=WARN', 'keystoneauth=WARN', 'oslo.cache=INFO', 'oslo_policy=INFO', 'dogpile.core.dogpile=INFO'] {{(pid=115103) log_opt_values /opt/stack/data/venv/lib/python3.12/site-packages/oslo_config/cfg.py:2995}}
Mar 06 05:34:49.925543 np0000158048 devstack@g-api.service[115103]: DEBUG glance.common.config [None req-0738d922-bfee-4ef4-8e7d-ce0e0fb4bd48 None None] default_publisher_id = image.localhost {{(pid=115103) log_opt_values /opt/stack/data/venv/lib/python3.12/site-packages/oslo_config/cfg.py:2995}}
Mar 06 05:34:49.925733 np0000158048 devstack@g-api.service[115103]: DEBUG glance.common.config [None req-0738d922-bfee-4ef4-8e7d-ce0e0fb4bd48 None None] delayed_delete = False {{(pid=115103) log_opt_values /opt/stack/data/venv/lib/python3.12/site-packages/oslo_config/cfg.py:2995}}
Mar 06 05:34:49.925733 np0000158048 devstack@g-api.service[115103]: DEBUG glance.common.config [None req-0738d922-bfee-4ef4-8e7d-ce0e0fb4bd48 None None] digest_algorithm = sha256 {{(pid=115103) log_opt_values /opt/stack/data/venv/lib/python3.12/site-packages/oslo_config/cfg.py:2995}}
Mar 06 05:34:49.926495 np0000158048 devstack@g-api.service[115105]: INFO glance.api.middleware.cache [None req-f4860ab0-f282-458a-9b80-eff5b046a9f3 None None] Initialized image cache middleware
Mar 06 05:34:49.926617 np0000158048 devstack@g-api.service[115103]: DEBUG glance.common.config [None req-0738d922-bfee-4ef4-8e7d-ce0e0fb4bd48 None None] disabled_notifications = [] {{(pid=115103) log_opt_values /opt/stack/data/venv/lib/python3.12/site-packages/oslo_config/cfg.py:2995}}
Mar 06 05:34:49.926617 np0000158048 devstack@g-api.service[115103]: DEBUG glance.common.config [None req-0738d922-bfee-4ef4-8e7d-ce0e0fb4bd48 None None] do_secure_hash = True {{(pid=115103) log_opt_values /opt/stack/data/venv/lib/python3.12/site-packages/oslo_config/cfg.py:2995}}
Mar 06 05:34:49.926617 np0000158048 devstack@g-api.service[115103]: DEBUG glance.common.config [None req-0738d922-bfee-4ef4-8e7d-ce0e0fb4bd48 None None] enabled_backends = None {{(pid=115103) log_opt_values /opt/stack/data/venv/lib/python3.12/site-packages/oslo_config/cfg.py:2995}}
Mar 06 05:34:49.926617 np0000158048 devstack@g-api.service[115103]: DEBUG glance.common.config [None req-0738d922-bfee-4ef4-8e7d-ce0e0fb4bd48 None None] enabled_import_methods = ['glance-direct', 'web-download', 'copy-image'] {{(pid=115103) log_opt_values /opt/stack/data/venv/lib/python3.12/site-packages/oslo_config/cfg.py:2995}}
Mar 06 05:34:49.926617 np0000158048 devstack@g-api.service[115103]: DEBUG glance.common.config [None req-0738d922-bfee-4ef4-8e7d-ce0e0fb4bd48 None None] hashing_algorithm = sha512 {{(pid=115103) log_opt_values /opt/stack/data/venv/lib/python3.12/site-packages/oslo_config/cfg.py:2995}}
Mar 06 05:34:49.926617 np0000158048 devstack@g-api.service[115103]: DEBUG glance.common.config [None req-0738d922-bfee-4ef4-8e7d-ce0e0fb4bd48 None None] http_keepalive = True {{(pid=115103) log_opt_values /opt/stack/data/venv/lib/python3.12/site-packages/oslo_config/cfg.py:2995}}
Mar 06 05:34:49.926617 np0000158048 devstack@g-api.service[115103]: DEBUG glance.common.config [None req-0738d922-bfee-4ef4-8e7d-ce0e0fb4bd48 None None] http_retries = 3 {{(pid=115103) log_opt_values /opt/stack/data/venv/lib/python3.12/site-packages/oslo_config/cfg.py:2995}}
Mar 06 05:34:49.927035 np0000158048 devstack@g-api.service[115103]: DEBUG glance.common.config [None req-0738d922-bfee-4ef4-8e7d-ce0e0fb4bd48 None None] image_cache_dir = /opt/stack/data/glance/cache/ {{(pid=115103) log_opt_values /opt/stack/data/venv/lib/python3.12/site-packages/oslo_config/cfg.py:2995}}
Mar 06 05:34:49.927035 np0000158048 devstack@g-api.service[115103]: DEBUG glance.common.config [None req-0738d922-bfee-4ef4-8e7d-ce0e0fb4bd48 None None] image_cache_driver = centralized_db {{(pid=115103) log_opt_values /opt/stack/data/venv/lib/python3.12/site-packages/oslo_config/cfg.py:2995}}
Mar 06 05:34:49.927035 np0000158048 devstack@g-api.service[115103]: DEBUG glance.common.config [None req-0738d922-bfee-4ef4-8e7d-ce0e0fb4bd48 None None] image_cache_max_size = 10737418240 {{(pid=115103) log_opt_values /opt/stack/data/venv/lib/python3.12/site-packages/oslo_config/cfg.py:2995}}
Mar 06 05:34:49.927035 np0000158048 devstack@g-api.service[115103]: DEBUG glance.common.config [None req-0738d922-bfee-4ef4-8e7d-ce0e0fb4bd48 None None] image_cache_sqlite_db = cache.db {{(pid=115103) log_opt_values /opt/stack/data/venv/lib/python3.12/site-packages/oslo_config/cfg.py:2995}}
Mar 06 05:34:49.927035 np0000158048 devstack@g-api.service[115103]: DEBUG glance.common.config [None req-0738d922-bfee-4ef4-8e7d-ce0e0fb4bd48 None None] image_cache_stall_time = 86400 {{(pid=115103) log_opt_values /opt/stack/data/venv/lib/python3.12/site-packages/oslo_config/cfg.py:2995}}
Mar 06 05:34:49.927035 np0000158048 devstack@g-api.service[115103]: DEBUG glance.common.config [None req-0738d922-bfee-4ef4-8e7d-ce0e0fb4bd48 None None] image_location_quota = 10 {{(pid=115103) log_opt_values /opt/stack/data/venv/lib/python3.12/site-packages/oslo_config/cfg.py:2995}}
Mar 06 05:34:49.927442 np0000158048 devstack@g-api.service[115103]: DEBUG glance.common.config [None req-0738d922-bfee-4ef4-8e7d-ce0e0fb4bd48 None None] image_member_quota = 128 {{(pid=115103) log_opt_values /opt/stack/data/venv/lib/python3.12/site-packages/oslo_config/cfg.py:2995}}
Mar 06 05:34:49.927442 np0000158048 devstack@g-api.service[115103]: DEBUG glance.common.config [None req-0738d922-bfee-4ef4-8e7d-ce0e0fb4bd48 None None] image_property_quota = 128 {{(pid=115103) log_opt_values /opt/stack/data/venv/lib/python3.12/site-packages/oslo_config/cfg.py:2995}}
Mar 06 05:34:49.927442 np0000158048 devstack@g-api.service[115103]: DEBUG glance.common.config [None req-0738d922-bfee-4ef4-8e7d-ce0e0fb4bd48 None None] image_size_cap = 1099511627776 {{(pid=115103) log_opt_values /opt/stack/data/venv/lib/python3.12/site-packages/oslo_config/cfg.py:2995}}
Mar 06 05:34:49.927442 np0000158048 devstack@g-api.service[115103]: DEBUG glance.common.config [None req-0738d922-bfee-4ef4-8e7d-ce0e0fb4bd48 None None] image_tag_quota = 128 {{(pid=115103) log_opt_values /opt/stack/data/venv/lib/python3.12/site-packages/oslo_config/cfg.py:2995}}
Mar 06 05:34:49.927442 np0000158048 devstack@g-api.service[115103]: DEBUG glance.common.config [None req-0738d922-bfee-4ef4-8e7d-ce0e0fb4bd48 None None] instance_format = [instance: %(uuid)s] {{(pid=115103) log_opt_values /opt/stack/data/venv/lib/python3.12/site-packages/oslo_config/cfg.py:2995}}
Mar 06 05:34:49.927868 np0000158048 devstack@g-api.service[115103]: DEBUG glance.common.config [None req-0738d922-bfee-4ef4-8e7d-ce0e0fb4bd48 None None] instance_uuid_format = [instance: %(uuid)s] {{(pid=115103) log_opt_values /opt/stack/data/venv/lib/python3.12/site-packages/oslo_config/cfg.py:2995}}
Mar 06 05:34:49.927868 np0000158048 devstack@g-api.service[115103]: DEBUG glance.common.config [None req-0738d922-bfee-4ef4-8e7d-ce0e0fb4bd48 None None] limit_param_default = 25 {{(pid=115103) log_opt_values /opt/stack/data/venv/lib/python3.12/site-packages/oslo_config/cfg.py:2995}}
Mar 06 05:34:49.927868 np0000158048 devstack@g-api.service[115103]: DEBUG glance.common.config [None req-0738d922-bfee-4ef4-8e7d-ce0e0fb4bd48 None None] log_color = False {{(pid=115103) log_opt_values /opt/stack/data/venv/lib/python3.12/site-packages/oslo_config/cfg.py:2995}}
Mar 06 05:34:49.927868 np0000158048 devstack@g-api.service[115103]: DEBUG glance.common.config [None req-0738d922-bfee-4ef4-8e7d-ce0e0fb4bd48 None None] log_config_append = None {{(pid=115103) log_opt_values /opt/stack/data/venv/lib/python3.12/site-packages/oslo_config/cfg.py:2995}}
Mar 06 05:34:49.928083 np0000158048 devstack@g-api.service[115103]: DEBUG glance.common.config [None req-0738d922-bfee-4ef4-8e7d-ce0e0fb4bd48 None None] log_date_format = %Y-%m-%d %H:%M:%S {{(pid=115103) log_opt_values /opt/stack/data/venv/lib/python3.12/site-packages/oslo_config/cfg.py:2995}}
Mar 06 05:34:49.928083 np0000158048 devstack@g-api.service[115103]: DEBUG glance.common.config [None req-0738d922-bfee-4ef4-8e7d-ce0e0fb4bd48 None None] log_dir = None {{(pid=115103) log_opt_values /opt/stack/data/venv/lib/python3.12/site-packages/oslo_config/cfg.py:2995}}
Mar 06 05:34:49.928178 np0000158048 devstack@g-api.service[115103]: DEBUG glance.common.config [None req-0738d922-bfee-4ef4-8e7d-ce0e0fb4bd48 None None] log_file = None {{(pid=115103) log_opt_values /opt/stack/data/venv/lib/python3.12/site-packages/oslo_config/cfg.py:2995}}
Mar 06 05:34:49.928244 np0000158048 devstack@g-api.service[115103]: DEBUG glance.common.config [None req-0738d922-bfee-4ef4-8e7d-ce0e0fb4bd48 None None] log_rotate_interval = 1 {{(pid=115103) log_opt_values /opt/stack/data/venv/lib/python3.12/site-packages/oslo_config/cfg.py:2995}}
Mar 06 05:34:49.928457 np0000158048 devstack@g-api.service[115103]: DEBUG glance.common.config [None req-0738d922-bfee-4ef4-8e7d-ce0e0fb4bd48 None None] log_rotate_interval_type = days {{(pid=115103) log_opt_values /opt/stack/data/venv/lib/python3.12/site-packages/oslo_config/cfg.py:2995}}
Mar 06 05:34:49.928457 np0000158048 devstack@g-api.service[115103]: DEBUG glance.common.config [None req-0738d922-bfee-4ef4-8e7d-ce0e0fb4bd48 None None] log_rotation_type = none {{(pid=115103) log_opt_values /opt/stack/data/venv/lib/python3.12/site-packages/oslo_config/cfg.py:2995}}
Mar 06 05:34:49.928607 np0000158048 devstack@g-api.service[115103]: DEBUG glance.common.config [None req-0738d922-bfee-4ef4-8e7d-ce0e0fb4bd48 None None] logging_context_format_string = %(color)s%(levelname)s %(name)s [%(global_request_id)s %(request_id)s %(project_name)s %(user_name)s%(color)s] %(instance)s%(color)s%(message)s {{(pid=115103) log_opt_values /opt/stack/data/venv/lib/python3.12/site-packages/oslo_config/cfg.py:2995}}
Mar 06 05:34:49.928607 np0000158048 devstack@g-api.service[115103]: DEBUG glance.common.config [None req-0738d922-bfee-4ef4-8e7d-ce0e0fb4bd48 None None] logging_debug_format_suffix = {{(pid=%(process)d) %(funcName)s %(pathname)s:%(lineno)d}} {{(pid=115103) log_opt_values /opt/stack/data/venv/lib/python3.12/site-packages/oslo_config/cfg.py:2995}}
Mar 06 05:34:49.928711 np0000158048 devstack@g-api.service[115103]: DEBUG glance.common.config [None req-0738d922-bfee-4ef4-8e7d-ce0e0fb4bd48 None None] logging_default_format_string = %(color)s%(levelname)s %(name)s [-%(color)s] %(instance)s%(color)s%(message)s {{(pid=115103) log_opt_values /opt/stack/data/venv/lib/python3.12/site-packages/oslo_config/cfg.py:2995}}
Mar 06 05:34:49.928786 np0000158048 devstack@g-api.service[115103]: DEBUG glance.common.config [None req-0738d922-bfee-4ef4-8e7d-ce0e0fb4bd48 None None] logging_exception_prefix = ERROR %(name)s %(instance)s {{(pid=115103) log_opt_values /opt/stack/data/venv/lib/python3.12/site-packages/oslo_config/cfg.py:2995}}
Mar 06 05:34:49.928872 np0000158048 devstack@g-api.service[115103]: DEBUG glance.common.config [None req-0738d922-bfee-4ef4-8e7d-ce0e0fb4bd48 None None] logging_user_identity_format = %(user)s %(project)s %(domain)s %(system_scope)s %(user_domain)s %(project_domain)s {{(pid=115103) log_opt_values /opt/stack/data/venv/lib/python3.12/site-packages/oslo_config/cfg.py:2995}}
Mar 06 05:34:49.928964 np0000158048 devstack@g-api.service[115103]: DEBUG glance.common.config [None req-0738d922-bfee-4ef4-8e7d-ce0e0fb4bd48 None None] max_header_line = 16384 {{(pid=115103) log_opt_values /opt/stack/data/venv/lib/python3.12/site-packages/oslo_config/cfg.py:2995}}
Mar 06 05:34:49.929062 np0000158048 devstack@g-api.service[115103]: DEBUG glance.common.config [None req-0738d922-bfee-4ef4-8e7d-ce0e0fb4bd48 None None] max_logfile_count = 30 {{(pid=115103) log_opt_values /opt/stack/data/venv/lib/python3.12/site-packages/oslo_config/cfg.py:2995}}
Mar 06 05:34:49.929158 np0000158048 devstack@g-api.service[115103]: DEBUG glance.common.config [None req-0738d922-bfee-4ef4-8e7d-ce0e0fb4bd48 None None] max_logfile_size_mb = 200 {{(pid=115103) log_opt_values /opt/stack/data/venv/lib/python3.12/site-packages/oslo_config/cfg.py:2995}}
Mar 06 05:34:49.929255 np0000158048 devstack@g-api.service[115103]: DEBUG glance.common.config [None req-0738d922-bfee-4ef4-8e7d-ce0e0fb4bd48 None None] max_request_id_length = 64 {{(pid=115103) log_opt_values /opt/stack/data/venv/lib/python3.12/site-packages/oslo_config/cfg.py:2995}}
Mar 06 05:34:49.929352 np0000158048 devstack@g-api.service[115103]: DEBUG glance.common.config [None req-0738d922-bfee-4ef4-8e7d-ce0e0fb4bd48 None None] metadata_encryption_key = **** {{(pid=115103) log_opt_values /opt/stack/data/venv/lib/python3.12/site-packages/oslo_config/cfg.py:2995}}
Mar 06 05:34:49.929454 np0000158048 devstack@g-api.service[115103]: DEBUG glance.common.config [None req-0738d922-bfee-4ef4-8e7d-ce0e0fb4bd48 None None] node_staging_uri = file:///tmp/staging/ {{(pid=115103) log_opt_values /opt/stack/data/venv/lib/python3.12/site-packages/oslo_config/cfg.py:2995}}
Mar 06 05:34:49.929592 np0000158048 devstack@g-api.service[115103]: DEBUG glance.common.config [None req-0738d922-bfee-4ef4-8e7d-ce0e0fb4bd48 None None] property_protection_file = None {{(pid=115103) log_opt_values /opt/stack/data/venv/lib/python3.12/site-packages/oslo_config/cfg.py:2995}}
Mar 06 05:34:49.929656 np0000158048 devstack@g-api.service[115103]: DEBUG glance.common.config [None req-0738d922-bfee-4ef4-8e7d-ce0e0fb4bd48 None None] property_protection_rule_format = roles {{(pid=115103) log_opt_values /opt/stack/data/venv/lib/python3.12/site-packages/oslo_config/cfg.py:2995}}
Mar 06 05:34:49.929867 np0000158048 devstack@g-api.service[115103]: DEBUG glance.common.config [None req-0738d922-bfee-4ef4-8e7d-ce0e0fb4bd48 None None] public_endpoint = https://162.253.55.43/image {{(pid=115103) log_opt_values /opt/stack/data/venv/lib/python3.12/site-packages/oslo_config/cfg.py:2995}}
Mar 06 05:34:49.929867 np0000158048 devstack@g-api.service[115103]: DEBUG glance.common.config [None req-0738d922-bfee-4ef4-8e7d-ce0e0fb4bd48 None None] publish_errors = False {{(pid=115103) log_opt_values /opt/stack/data/venv/lib/python3.12/site-packages/oslo_config/cfg.py:2995}}
Mar 06 05:34:49.929974 np0000158048 devstack@g-api.service[115103]: DEBUG glance.common.config [None req-0738d922-bfee-4ef4-8e7d-ce0e0fb4bd48 None None] pydev_worker_debug_host = None {{(pid=115103) log_opt_values /opt/stack/data/venv/lib/python3.12/site-packages/oslo_config/cfg.py:2995}}
Mar 06 05:34:49.930033 np0000158048 devstack@g-api.service[115103]: DEBUG glance.common.config [None req-0738d922-bfee-4ef4-8e7d-ce0e0fb4bd48 None None] pydev_worker_debug_port = 5678 {{(pid=115103) log_opt_values /opt/stack/data/venv/lib/python3.12/site-packages/oslo_config/cfg.py:2995}}
Mar 06 05:34:49.930166 np0000158048 devstack@g-api.service[115103]: DEBUG glance.common.config [None req-0738d922-bfee-4ef4-8e7d-ce0e0fb4bd48 None None] rate_limit_burst = 0 {{(pid=115103) log_opt_values /opt/stack/data/venv/lib/python3.12/site-packages/oslo_config/cfg.py:2995}}
Mar 06 05:34:49.930236 np0000158048 devstack@g-api.service[115103]: DEBUG glance.common.config [None req-0738d922-bfee-4ef4-8e7d-ce0e0fb4bd48 None None] rate_limit_except_level = CRITICAL {{(pid=115103) log_opt_values /opt/stack/data/venv/lib/python3.12/site-packages/oslo_config/cfg.py:2995}}
Mar 06 05:34:49.930365 np0000158048 devstack@g-api.service[115103]: DEBUG glance.common.config [None req-0738d922-bfee-4ef4-8e7d-ce0e0fb4bd48 None None] rate_limit_interval = 0 {{(pid=115103) log_opt_values /opt/stack/data/venv/lib/python3.12/site-packages/oslo_config/cfg.py:2995}}
Mar 06 05:34:49.930585 np0000158048 devstack@g-api.service[115103]: DEBUG glance.common.config [None req-0738d922-bfee-4ef4-8e7d-ce0e0fb4bd48 None None] scrub_pool_size = 1 {{(pid=115103) log_opt_values /opt/stack/data/venv/lib/python3.12/site-packages/oslo_config/cfg.py:2995}}
Mar 06 05:34:49.930585 np0000158048 devstack@g-api.service[115103]: DEBUG glance.common.config [None req-0738d922-bfee-4ef4-8e7d-ce0e0fb4bd48 None None] scrub_time = 0 {{(pid=115103) log_opt_values /opt/stack/data/venv/lib/python3.12/site-packages/oslo_config/cfg.py:2995}}
Mar 06 05:34:49.930804 np0000158048 devstack@g-api.service[115103]: DEBUG glance.common.config [None req-0738d922-bfee-4ef4-8e7d-ce0e0fb4bd48 None None] shell_completion = None {{(pid=115103) log_opt_values /opt/stack/data/venv/lib/python3.12/site-packages/oslo_config/cfg.py:2995}}
Mar 06 05:34:49.930804 np0000158048 devstack@g-api.service[115103]: DEBUG glance.common.config [None req-0738d922-bfee-4ef4-8e7d-ce0e0fb4bd48 None None] show_image_direct_url = False {{(pid=115103) log_opt_values /opt/stack/data/venv/lib/python3.12/site-packages/oslo_config/cfg.py:2995}}
Mar 06 05:34:49.931011 np0000158048 devstack@g-api.service[115103]: WARNING oslo_config.cfg [None req-0738d922-bfee-4ef4-8e7d-ce0e0fb4bd48 None None] Deprecated: Option "show_multiple_locations" from group "DEFAULT" is deprecated for removal (Use of this option, deprecated since Newton, is a security risk and will be removed once we figure out a way to satisfy those use cases that currently require it. An earlier announcement that the same functionality can be achieved with greater granularity by using policies is incorrect. You cannot work around this option via policy configuration at the present time, though that is the direction we believe the fix will take. Please keep an eye on the Glance release notes to stay up to date on progress in addressing this issue.). Its value may be silently ignored in the future.
Mar 06 05:34:49.931172 np0000158048 devstack@g-api.service[115103]: DEBUG glance.common.config [None req-0738d922-bfee-4ef4-8e7d-ce0e0fb4bd48 None None] show_multiple_locations = False {{(pid=115103) log_opt_values /opt/stack/data/venv/lib/python3.12/site-packages/oslo_config/cfg.py:2995}}
Mar 06 05:34:49.931320 np0000158048 devstack@g-api.service[115103]: DEBUG glance.common.config [None req-0738d922-bfee-4ef4-8e7d-ce0e0fb4bd48 None None] syslog_log_facility = LOG_USER {{(pid=115103) log_opt_values /opt/stack/data/venv/lib/python3.12/site-packages/oslo_config/cfg.py:2995}}
Mar 06 05:34:49.931320 np0000158048 devstack@g-api.service[115103]: DEBUG glance.common.config [None req-0738d922-bfee-4ef4-8e7d-ce0e0fb4bd48 None None] tcp_keepidle = 600 {{(pid=115103) log_opt_values /opt/stack/data/venv/lib/python3.12/site-packages/oslo_config/cfg.py:2995}}
Mar 06 05:34:49.931469 np0000158048 devstack@g-api.service[115103]: DEBUG glance.common.config [None req-0738d922-bfee-4ef4-8e7d-ce0e0fb4bd48 None None] transport_url = **** {{(pid=115103) log_opt_values /opt/stack/data/venv/lib/python3.12/site-packages/oslo_config/cfg.py:2995}}
Mar 06 05:34:49.931540 np0000158048 devstack@g-api.service[115103]: DEBUG glance.common.config [None req-0738d922-bfee-4ef4-8e7d-ce0e0fb4bd48 None None] use_journal = False {{(pid=115103) log_opt_values /opt/stack/data/venv/lib/python3.12/site-packages/oslo_config/cfg.py:2995}}
Mar 06 05:34:49.931758 np0000158048 devstack@g-api.service[115103]: DEBUG glance.common.config [None req-0738d922-bfee-4ef4-8e7d-ce0e0fb4bd48 None None] use_json = False {{(pid=115103) log_opt_values /opt/stack/data/venv/lib/python3.12/site-packages/oslo_config/cfg.py:2995}}
Mar 06 05:34:49.931758 np0000158048 devstack@g-api.service[115103]: DEBUG glance.common.config [None req-0738d922-bfee-4ef4-8e7d-ce0e0fb4bd48 None None] use_keystone_limits = True {{(pid=115103) log_opt_values /opt/stack/data/venv/lib/python3.12/site-packages/oslo_config/cfg.py:2995}}
Mar 06 05:34:49.932327 np0000158048 devstack@g-api.service[115103]: DEBUG glance.common.config [None req-0738d922-bfee-4ef4-8e7d-ce0e0fb4bd48 None None] use_stderr = False {{(pid=115103) log_opt_values /opt/stack/data/venv/lib/python3.12/site-packages/oslo_config/cfg.py:2995}}
Mar 06 05:34:49.932327 np0000158048 devstack@g-api.service[115103]: DEBUG glance.common.config [None req-0738d922-bfee-4ef4-8e7d-ce0e0fb4bd48 None None] use_syslog = False {{(pid=115103) log_opt_values /opt/stack/data/venv/lib/python3.12/site-packages/oslo_config/cfg.py:2995}}
Mar 06 05:34:49.932327 np0000158048 devstack@g-api.service[115103]: DEBUG glance.common.config [None req-0738d922-bfee-4ef4-8e7d-ce0e0fb4bd48 None None] user_storage_quota = 0 {{(pid=115103) log_opt_values /opt/stack/data/venv/lib/python3.12/site-packages/oslo_config/cfg.py:2995}}
Mar 06 05:34:49.932327 np0000158048 devstack@g-api.service[115103]: DEBUG glance.common.config [None req-0738d922-bfee-4ef4-8e7d-ce0e0fb4bd48 None None] worker_self_reference_url = http://127.0.0.1:60999 {{(pid=115103) log_opt_values /opt/stack/data/venv/lib/python3.12/site-packages/oslo_config/cfg.py:2995}}
Mar 06 05:34:49.932327 np0000158048 devstack@g-api.service[115103]: DEBUG glance.common.config [None req-0738d922-bfee-4ef4-8e7d-ce0e0fb4bd48 None None] workers = None {{(pid=115103) log_opt_values /opt/stack/data/venv/lib/python3.12/site-packages/oslo_config/cfg.py:2995}}
Mar 06 05:34:49.932327 np0000158048 devstack@g-api.service[115103]: DEBUG glance.common.config [None req-0738d922-bfee-4ef4-8e7d-ce0e0fb4bd48 None None] oslo_concurrency.disable_process_locking = False {{(pid=115103) log_opt_values /opt/stack/data/venv/lib/python3.12/site-packages/oslo_config/cfg.py:3006}}
Mar 06 05:34:49.932472 np0000158048 devstack@g-api.service[115103]: DEBUG glance.common.config [None req-0738d922-bfee-4ef4-8e7d-ce0e0fb4bd48 None None] oslo_concurrency.lock_path = /opt/stack/data/glance/locks {{(pid=115103) log_opt_values /opt/stack/data/venv/lib/python3.12/site-packages/oslo_config/cfg.py:3006}}
Mar 06 05:34:49.932505 np0000158048 devstack@g-api.service[115103]: DEBUG glance.common.config [None req-0738d922-bfee-4ef4-8e7d-ce0e0fb4bd48 None None] oslo_middleware.enable_proxy_headers_parsing = False {{(pid=115103) log_opt_values /opt/stack/data/venv/lib/python3.12/site-packages/oslo_config/cfg.py:3006}}
Mar 06 05:34:49.932529 np0000158048 devstack@g-api.service[115105]: WARNING keystonemiddleware.auth_token [None req-f4860ab0-f282-458a-9b80-eff5b046a9f3 None None] AuthToken middleware is set with keystone_authtoken.service_token_roles_required set to False. This is backwards compatible but deprecated behaviour. Please set this to True.
Mar 06 05:34:49.932624 np0000158048 devstack@g-api.service[115103]: DEBUG glance.common.config [None req-0738d922-bfee-4ef4-8e7d-ce0e0fb4bd48 None None] oslo_middleware.http_basic_auth_user_file = /etc/htpasswd {{(pid=115103) log_opt_values /opt/stack/data/venv/lib/python3.12/site-packages/oslo_config/cfg.py:3006}}
Mar 06 05:34:49.932725 np0000158048 devstack@g-api.service[115103]: DEBUG glance.common.config [None req-0738d922-bfee-4ef4-8e7d-ce0e0fb4bd48 None None] paste_deploy.config_file = None {{(pid=115103) log_opt_values /opt/stack/data/venv/lib/python3.12/site-packages/oslo_config/cfg.py:3006}}
Mar 06 05:34:49.932832 np0000158048 devstack@g-api.service[115103]: DEBUG glance.common.config [None req-0738d922-bfee-4ef4-8e7d-ce0e0fb4bd48 None None] paste_deploy.flavor = keystone+cachemanagement {{(pid=115103) log_opt_values /opt/stack/data/venv/lib/python3.12/site-packages/oslo_config/cfg.py:3006}}
Mar 06 05:34:49.932975 np0000158048 devstack@g-api.service[115103]: DEBUG glance.common.config [None req-0738d922-bfee-4ef4-8e7d-ce0e0fb4bd48 None None] image_format.container_formats = ['ami', 'ari', 'aki', 'bare', 'ovf', 'ova', 'docker', 'compressed'] {{(pid=115103) log_opt_values /opt/stack/data/venv/lib/python3.12/site-packages/oslo_config/cfg.py:3006}}
Mar 06 05:34:49.933113 np0000158048 devstack@g-api.service[115103]: DEBUG glance.common.config [None req-0738d922-bfee-4ef4-8e7d-ce0e0fb4bd48 None None] image_format.disk_formats = ['ami', 'ari', 'aki', 'vhd', 'vhdx', 'vmdk', 'raw', 'qcow2', 'vdi', 'iso', 'ploop'] {{(pid=115103) log_opt_values /opt/stack/data/venv/lib/python3.12/site-packages/oslo_config/cfg.py:3006}}
Mar 06 05:34:49.933205 np0000158048 devstack@g-api.service[115104]: WARNING keystonemiddleware.auth_token [None req-27d70e7f-cb5c-4626-94a8-5365ab8f583d None None] AuthToken middleware is set with keystone_authtoken.service_token_roles_required set to False. This is backwards compatible but deprecated behaviour. Please set this to True.
Mar 06 05:34:49.933262 np0000158048 devstack@g-api.service[115103]: DEBUG glance.common.config [None req-0738d922-bfee-4ef4-8e7d-ce0e0fb4bd48 None None] image_format.gpt_safety_checks_nonfatal = ['mbr'] {{(pid=115103) log_opt_values /opt/stack/data/venv/lib/python3.12/site-packages/oslo_config/cfg.py:3006}}
Mar 06 05:34:49.933318 np0000158048 devstack@g-api.service[115103]: DEBUG glance.common.config [None req-0738d922-bfee-4ef4-8e7d-ce0e0fb4bd48 None None] image_format.require_image_format_match = True {{(pid=115103) log_opt_values /opt/stack/data/venv/lib/python3.12/site-packages/oslo_config/cfg.py:3006}}
Mar 06 05:34:49.933428 np0000158048 devstack@g-api.service[115103]: DEBUG glance.common.config [None req-0738d922-bfee-4ef4-8e7d-ce0e0fb4bd48 None None] image_format.vmdk_allowed_types = ['streamOptimized', 'monolithicSparse'] {{(pid=115103) log_opt_values /opt/stack/data/venv/lib/python3.12/site-packages/oslo_config/cfg.py:3006}}
Mar 06 05:34:49.933537 np0000158048 devstack@g-api.service[115103]: DEBUG glance.common.config [None req-0738d922-bfee-4ef4-8e7d-ce0e0fb4bd48 None None] task.task_executor = taskflow {{(pid=115103) log_opt_values /opt/stack/data/venv/lib/python3.12/site-packages/oslo_config/cfg.py:3006}}
Mar 06 05:34:49.933658 np0000158048 devstack@g-api.service[115103]: DEBUG glance.common.config [None req-0738d922-bfee-4ef4-8e7d-ce0e0fb4bd48 None None] task.task_time_to_live = 48 {{(pid=115103) log_opt_values /opt/stack/data/venv/lib/python3.12/site-packages/oslo_config/cfg.py:3006}}
Mar 06 05:34:49.933755 np0000158048 devstack@g-api.service[115103]: DEBUG glance.common.config [None req-0738d922-bfee-4ef4-8e7d-ce0e0fb4bd48 None None] task.work_dir = None {{(pid=115103) log_opt_values /opt/stack/data/venv/lib/python3.12/site-packages/oslo_config/cfg.py:3006}}
Mar 06 05:34:49.933865 np0000158048 devstack@g-api.service[115103]: DEBUG glance.common.config [None req-0738d922-bfee-4ef4-8e7d-ce0e0fb4bd48 None None] wsgi.python_interpreter = /opt/stack/data/venv/bin/python3 {{(pid=115103) log_opt_values /opt/stack/data/venv/lib/python3.12/site-packages/oslo_config/cfg.py:3006}}
Mar 06 05:34:49.933927 np0000158048 devstack@g-api.service[115106]: DEBUG glance.image_cache.drivers.centralized_db [None req-d79f6438-1e3f-43ba-894b-bfa15072044c None None] Node reference is already recorded, ignoring it {{(pid=115106) configure /opt/stack/glance/glance/image_cache/drivers/centralized_db.py:71}}
Mar 06 05:34:49.933957 np0000158048 devstack@g-api.service[115103]: DEBUG glance.common.config [None req-0738d922-bfee-4ef4-8e7d-ce0e0fb4bd48 None None] wsgi.task_pool_threads = 16 {{(pid=115103) log_opt_values /opt/stack/data/venv/lib/python3.12/site-packages/oslo_config/cfg.py:3006}}
Mar 06 05:34:49.934071 np0000158048 devstack@g-api.service[115103]: DEBUG glance.common.config [None req-0738d922-bfee-4ef4-8e7d-ce0e0fb4bd48 None None] profiler.connection_string = messaging:// {{(pid=115103) log_opt_values /opt/stack/data/venv/lib/python3.12/site-packages/oslo_config/cfg.py:3006}}
Mar 06 05:34:49.934171 np0000158048 devstack@g-api.service[115103]: DEBUG glance.common.config [None req-0738d922-bfee-4ef4-8e7d-ce0e0fb4bd48 None None] profiler.enabled = False {{(pid=115103) log_opt_values /opt/stack/data/venv/lib/python3.12/site-packages/oslo_config/cfg.py:3006}}
Mar 06 05:34:49.934274 np0000158048 devstack@g-api.service[115103]: DEBUG glance.common.config [None req-0738d922-bfee-4ef4-8e7d-ce0e0fb4bd48 None None] profiler.es_doc_type = notification {{(pid=115103) log_opt_values /opt/stack/data/venv/lib/python3.12/site-packages/oslo_config/cfg.py:3006}}
Mar 06 05:34:49.934385 np0000158048 devstack@g-api.service[115103]: DEBUG glance.common.config [None req-0738d922-bfee-4ef4-8e7d-ce0e0fb4bd48 None None] profiler.es_scroll_size = 10000 {{(pid=115103) log_opt_values /opt/stack/data/venv/lib/python3.12/site-packages/oslo_config/cfg.py:3006}}
Mar 06 05:34:49.934487 np0000158048 devstack@g-api.service[115103]: DEBUG glance.common.config [None req-0738d922-bfee-4ef4-8e7d-ce0e0fb4bd48 None None] profiler.es_scroll_time = 2m {{(pid=115103) log_opt_values /opt/stack/data/venv/lib/python3.12/site-packages/oslo_config/cfg.py:3006}}
Mar 06 05:34:49.934604 np0000158048 devstack@g-api.service[115103]: DEBUG glance.common.config [None req-0738d922-bfee-4ef4-8e7d-ce0e0fb4bd48 None None] profiler.filter_error_trace = False {{(pid=115103) log_opt_values /opt/stack/data/venv/lib/python3.12/site-packages/oslo_config/cfg.py:3006}}
Mar 06 05:34:49.934727 np0000158048 devstack@g-api.service[115103]: DEBUG glance.common.config [None req-0738d922-bfee-4ef4-8e7d-ce0e0fb4bd48 None None] profiler.hmac_keys = **** {{(pid=115103) log_opt_values /opt/stack/data/venv/lib/python3.12/site-packages/oslo_config/cfg.py:3006}}
Mar 06 05:34:49.934830 np0000158048 devstack@g-api.service[115103]: DEBUG glance.common.config [None req-0738d922-bfee-4ef4-8e7d-ce0e0fb4bd48 None None] profiler.sentinel_service_name = mymaster {{(pid=115103) log_opt_values /opt/stack/data/venv/lib/python3.12/site-packages/oslo_config/cfg.py:3006}}
Mar 06 05:34:49.934941 np0000158048 devstack@g-api.service[115103]: DEBUG glance.common.config [None req-0738d922-bfee-4ef4-8e7d-ce0e0fb4bd48 None None] profiler.socket_timeout = 0.1 {{(pid=115103) log_opt_values /opt/stack/data/venv/lib/python3.12/site-packages/oslo_config/cfg.py:3006}}
Mar 06 05:34:49.935040 np0000158048 devstack@g-api.service[115103]: DEBUG glance.common.config [None req-0738d922-bfee-4ef4-8e7d-ce0e0fb4bd48 None None] profiler.trace_requests = False {{(pid=115103) log_opt_values /opt/stack/data/venv/lib/python3.12/site-packages/oslo_config/cfg.py:3006}}
Mar 06 05:34:49.935139 np0000158048 devstack@g-api.service[115103]: DEBUG glance.common.config [None req-0738d922-bfee-4ef4-8e7d-ce0e0fb4bd48 None None] profiler.trace_sqlalchemy = False {{(pid=115103) log_opt_values /opt/stack/data/venv/lib/python3.12/site-packages/oslo_config/cfg.py:3006}}
Mar 06 05:34:49.935243 np0000158048 devstack@g-api.service[115103]: DEBUG glance.common.config [None req-0738d922-bfee-4ef4-8e7d-ce0e0fb4bd48 None None] profiler_jaeger.process_tags = {} {{(pid=115103) log_opt_values /opt/stack/data/venv/lib/python3.12/site-packages/oslo_config/cfg.py:3006}}
Mar 06 05:34:49.935340 np0000158048 devstack@g-api.service[115103]: DEBUG glance.common.config [None req-0738d922-bfee-4ef4-8e7d-ce0e0fb4bd48 None None] profiler_jaeger.service_name_prefix = None {{(pid=115103) log_opt_values /opt/stack/data/venv/lib/python3.12/site-packages/oslo_config/cfg.py:3006}}
Mar 06 05:34:49.935441 np0000158048 devstack@g-api.service[115103]: DEBUG glance.common.config [None req-0738d922-bfee-4ef4-8e7d-ce0e0fb4bd48 None None] profiler_otlp.service_name_prefix = None {{(pid=115103) log_opt_values /opt/stack/data/venv/lib/python3.12/site-packages/oslo_config/cfg.py:3006}}
Mar 06 05:34:49.935544 np0000158048 devstack@g-api.service[115103]: DEBUG glance.common.config [None req-0738d922-bfee-4ef4-8e7d-ce0e0fb4bd48 None None] import_filtering_opts.allowed_hosts = [] {{(pid=115103) log_opt_values /opt/stack/data/venv/lib/python3.12/site-packages/oslo_config/cfg.py:3006}}
Mar 06 05:34:49.935672 np0000158048 devstack@g-api.service[115103]: DEBUG glance.common.config [None req-0738d922-bfee-4ef4-8e7d-ce0e0fb4bd48 None None] import_filtering_opts.allowed_ports = [80, 443] {{(pid=115103) log_opt_values /opt/stack/data/venv/lib/python3.12/site-packages/oslo_config/cfg.py:3006}}
Mar 06 05:34:49.935784 np0000158048 devstack@g-api.service[115103]: DEBUG glance.common.config [None req-0738d922-bfee-4ef4-8e7d-ce0e0fb4bd48 None None] import_filtering_opts.allowed_schemes = ['http', 'https'] {{(pid=115103) log_opt_values /opt/stack/data/venv/lib/python3.12/site-packages/oslo_config/cfg.py:3006}}
Mar 06 05:34:49.935893 np0000158048 devstack@g-api.service[115103]: DEBUG glance.common.config [None req-0738d922-bfee-4ef4-8e7d-ce0e0fb4bd48 None None] import_filtering_opts.disallowed_hosts = [] {{(pid=115103) log_opt_values /opt/stack/data/venv/lib/python3.12/site-packages/oslo_config/cfg.py:3006}}
Mar 06 05:34:49.935985 np0000158048 devstack@g-api.service[115103]: DEBUG glance.common.config [None req-0738d922-bfee-4ef4-8e7d-ce0e0fb4bd48 None None] import_filtering_opts.disallowed_ports = [] {{(pid=115103) log_opt_values /opt/stack/data/venv/lib/python3.12/site-packages/oslo_config/cfg.py:3006}}
Mar 06 05:34:49.936083 np0000158048 devstack@g-api.service[115103]: DEBUG glance.common.config [None req-0738d922-bfee-4ef4-8e7d-ce0e0fb4bd48 None None] import_filtering_opts.disallowed_schemes = [] {{(pid=115103) log_opt_values /opt/stack/data/venv/lib/python3.12/site-packages/oslo_config/cfg.py:3006}}
Mar 06 05:34:49.936185 np0000158048 devstack@g-api.service[115103]: DEBUG glance.common.config [None req-0738d922-bfee-4ef4-8e7d-ce0e0fb4bd48 None None] oslo_messaging_metrics.metrics_buffer_size = 1000 {{(pid=115103) log_opt_values /opt/stack/data/venv/lib/python3.12/site-packages/oslo_config/cfg.py:3006}}
Mar 06 05:34:49.936282 np0000158048 devstack@g-api.service[115103]: DEBUG glance.common.config [None req-0738d922-bfee-4ef4-8e7d-ce0e0fb4bd48 None None] oslo_messaging_metrics.metrics_enabled = False {{(pid=115103) log_opt_values /opt/stack/data/venv/lib/python3.12/site-packages/oslo_config/cfg.py:3006}}
Mar 06 05:34:49.936383 np0000158048 devstack@g-api.service[115103]: DEBUG glance.common.config [None req-0738d922-bfee-4ef4-8e7d-ce0e0fb4bd48 None None] oslo_messaging_metrics.metrics_process_name = {{(pid=115103) log_opt_values /opt/stack/data/venv/lib/python3.12/site-packages/oslo_config/cfg.py:3006}}
Mar 06 05:34:49.936486 np0000158048 devstack@g-api.service[115103]: DEBUG glance.common.config [None req-0738d922-bfee-4ef4-8e7d-ce0e0fb4bd48 None None] oslo_messaging_metrics.metrics_socket_file = /var/tmp/metrics_collector.sock {{(pid=115103) log_opt_values /opt/stack/data/venv/lib/python3.12/site-packages/oslo_config/cfg.py:3006}}
Mar 06 05:34:49.936603 np0000158048 devstack@g-api.service[115103]: DEBUG glance.common.config [None req-0738d922-bfee-4ef4-8e7d-ce0e0fb4bd48 None None] oslo_messaging_metrics.metrics_thread_stop_timeout = 10 {{(pid=115103) log_opt_values /opt/stack/data/venv/lib/python3.12/site-packages/oslo_config/cfg.py:3006}}
Mar 06 05:34:49.936754 np0000158048 devstack@g-api.service[115103]: DEBUG glance.common.config [None req-0738d922-bfee-4ef4-8e7d-ce0e0fb4bd48 None None] os_brick.lightos_discovery_client_address = localhost {{(pid=115103) log_opt_values /opt/stack/data/venv/lib/python3.12/site-packages/oslo_config/cfg.py:3006}}
Mar 06 05:34:49.936866 np0000158048 devstack@g-api.service[115103]: DEBUG glance.common.config [None req-0738d922-bfee-4ef4-8e7d-ce0e0fb4bd48 None None] os_brick.lightos_discovery_client_dir_path = /etc/discovery-client/discovery.d/ {{(pid=115103) log_opt_values /opt/stack/data/venv/lib/python3.12/site-packages/oslo_config/cfg.py:3006}}
Mar 06 05:34:49.936969 np0000158048 devstack@g-api.service[115103]: DEBUG glance.common.config [None req-0738d922-bfee-4ef4-8e7d-ce0e0fb4bd48 None None] os_brick.lightos_discovery_client_port = 6060 {{(pid=115103) log_opt_values /opt/stack/data/venv/lib/python3.12/site-packages/oslo_config/cfg.py:3006}}
Mar 06 05:34:49.937074 np0000158048 devstack@g-api.service[115103]: DEBUG glance.common.config [None req-0738d922-bfee-4ef4-8e7d-ce0e0fb4bd48 None None] os_brick.lock_path = /opt/stack/data/os_brick {{(pid=115103) log_opt_values /opt/stack/data/venv/lib/python3.12/site-packages/oslo_config/cfg.py:3006}}
Mar 06 05:34:49.937173 np0000158048 devstack@g-api.service[115103]: DEBUG glance.common.config [None req-0738d922-bfee-4ef4-8e7d-ce0e0fb4bd48 None None] os_brick.wait_mpath_device_attempts = 4 {{(pid=115103) log_opt_values /opt/stack/data/venv/lib/python3.12/site-packages/oslo_config/cfg.py:3006}}
Mar 06 05:34:49.937271 np0000158048 devstack@g-api.service[115103]: DEBUG glance.common.config [None req-0738d922-bfee-4ef4-8e7d-ce0e0fb4bd48 None None] os_brick.wait_mpath_device_interval = 1 {{(pid=115103) log_opt_values /opt/stack/data/venv/lib/python3.12/site-packages/oslo_config/cfg.py:3006}}
Mar 06 05:34:49.937378 np0000158048 devstack@g-api.service[115103]: DEBUG glance.common.config [None req-0738d922-bfee-4ef4-8e7d-ce0e0fb4bd48 None None] privsep_osbrick.capabilities = [21, 2] {{(pid=115103) log_opt_values /opt/stack/data/venv/lib/python3.12/site-packages/oslo_config/cfg.py:3006}}
Mar 06 05:34:49.937477 np0000158048 devstack@g-api.service[115103]: DEBUG glance.common.config [None req-0738d922-bfee-4ef4-8e7d-ce0e0fb4bd48 None None] privsep_osbrick.group = None {{(pid=115103) log_opt_values /opt/stack/data/venv/lib/python3.12/site-packages/oslo_config/cfg.py:3006}}
Mar 06 05:34:49.937573 np0000158048 devstack@g-api.service[115103]: DEBUG glance.common.config [None req-0738d922-bfee-4ef4-8e7d-ce0e0fb4bd48 None None] privsep_osbrick.helper_command = None {{(pid=115103) log_opt_values /opt/stack/data/venv/lib/python3.12/site-packages/oslo_config/cfg.py:3006}}
Mar 06 05:34:49.937687 np0000158048 devstack@g-api.service[115103]: DEBUG glance.common.config [None req-0738d922-bfee-4ef4-8e7d-ce0e0fb4bd48 None None] privsep_osbrick.log_daemon_traceback = False {{(pid=115103) log_opt_values /opt/stack/data/venv/lib/python3.12/site-packages/oslo_config/cfg.py:3006}}
Mar 06 05:34:49.937790 np0000158048 devstack@g-api.service[115103]: DEBUG glance.common.config [None req-0738d922-bfee-4ef4-8e7d-ce0e0fb4bd48 None None] privsep_osbrick.logger_name = brick_privsep_hide_output {{(pid=115103) log_opt_values /opt/stack/data/venv/lib/python3.12/site-packages/oslo_config/cfg.py:3006}}
Mar 06 05:34:49.937886 np0000158048 devstack@g-api.service[115106]: INFO glance.api.middleware.cache [None req-d79f6438-1e3f-43ba-894b-bfa15072044c None None] Initialized image cache middleware
Mar 06 05:34:49.937922 np0000158048 devstack@g-api.service[115103]: DEBUG glance.common.config [None req-0738d922-bfee-4ef4-8e7d-ce0e0fb4bd48 None None] privsep_osbrick.thread_pool_size = 16 {{(pid=115103) log_opt_values /opt/stack/data/venv/lib/python3.12/site-packages/oslo_config/cfg.py:3006}}
Mar 06 05:34:49.937996 np0000158048 devstack@g-api.service[115103]: DEBUG glance.common.config [None req-0738d922-bfee-4ef4-8e7d-ce0e0fb4bd48 None None] privsep_osbrick.user = None {{(pid=115103) log_opt_values /opt/stack/data/venv/lib/python3.12/site-packages/oslo_config/cfg.py:3006}}
Mar 06 05:34:49.938105 np0000158048 devstack@g-api.service[115103]: DEBUG glance.common.config [None req-0738d922-bfee-4ef4-8e7d-ce0e0fb4bd48 None None] glance_store.cinder_api_insecure = False {{(pid=115103) log_opt_values /opt/stack/data/venv/lib/python3.12/site-packages/oslo_config/cfg.py:3006}}
Mar 06 05:34:49.938201 np0000158048 devstack@g-api.service[115105]: DEBUG glance.common.config [None req-f4860ab0-f282-458a-9b80-eff5b046a9f3 None None] ******************************************************************************** {{(pid=115105) log_opt_values /opt/stack/data/venv/lib/python3.12/site-packages/oslo_config/cfg.py:2979}}
Mar 06 05:34:49.938231 np0000158048 devstack@g-api.service[115103]: DEBUG glance.common.config [None req-0738d922-bfee-4ef4-8e7d-ce0e0fb4bd48 None None] glance_store.cinder_ca_certificates_file = None {{(pid=115103) log_opt_values /opt/stack/data/venv/lib/python3.12/site-packages/oslo_config/cfg.py:3006}}
Mar 06 05:34:49.938283 np0000158048 devstack@g-api.service[115105]: DEBUG glance.common.config [None req-f4860ab0-f282-458a-9b80-eff5b046a9f3 None None] Configuration options gathered from: {{(pid=115105) log_opt_values /opt/stack/data/venv/lib/python3.12/site-packages/oslo_config/cfg.py:2980}}
