2026-04-15 19:54:49.503 7 INFO neutron.db.ovn_revision_numbers_db [None req-8e2409ca-1528-49ea-a457-c115c6a64a40 77adece6049b4a8dbe6bb05132a71e77 7f676e1b912e4447913b5aea51b94736 - - default default] Successfully bumped revision number for resource 76942fc3-f36b-42ba-b3e3-ef18c1c282d7 (type: security_group_rules) to 0
2026-04-15 19:54:49.511 7 INFO neutron.db.ovn_revision_numbers_db [None req-8e2409ca-1528-49ea-a457-c115c6a64a40 77adece6049b4a8dbe6bb05132a71e77 7f676e1b912e4447913b5aea51b94736 - - default default] Successfully bumped revision number for resource ad66b438-38eb-48e6-a3a1-6764befdc191 (type: security_group_rules) to 0
2026-04-15 19:54:49.522 7 INFO neutron.db.ovn_revision_numbers_db [None req-8e2409ca-1528-49ea-a457-c115c6a64a40 77adece6049b4a8dbe6bb05132a71e77 7f676e1b912e4447913b5aea51b94736 - - default default] Successfully bumped revision number for resource be8fa886-e420-4b13-af41-c5f7a8e3def2 (type: security_group_rules) to 0 [pid: 7|app: 0|req: 859/1713] 10.0.0.51 () {32 vars in 773 bytes} [Wed Apr 15 19:54:49 2026] GET /v2.0/security-groups?tenant_id=5889d51935ca4e23aaef90ea2e32faa5&name=default => generated 2925 bytes in 203 msecs (HTTP/1.1 200) 4 headers in 158 bytes (1 switches on core 0)
2026-04-15 19:54:49.573 8 WARNING neutron.scheduler.dhcp_agent_scheduler [None req-a9b7fa3c-41af-4ceb-b450-d030150df7c5 c3e9bcd3f632400d97b956d2d7507f19 0953d33ccb3a43ca9d6054fb30b87768 - - default default] No more DHCP agents
2026-04-15 19:54:49.574 8 WARNING neutron.api.rpc.agentnotifiers.dhcp_rpc_agent_api [None req-a9b7fa3c-41af-4ceb-b450-d030150df7c5 c3e9bcd3f632400d97b956d2d7507f19 0953d33ccb3a43ca9d6054fb30b87768 - - default default] Unable to schedule network 3452c027-0957-447f-a6c2-86645b592913: no agents available; will retry on subsequent port and subnet creation events. [pid: 7|app: 0|req: 860/1714] 10.0.0.51 () {32 vars in 739 bytes} [Wed Apr 15 19:54:49 2026] DELETE /v2.0/security-groups/4c9abb27-7f5d-4c38-b042-76d93215d61b => generated 0 bytes in 197 msecs (HTTP/1.1 204) 2 headers in 112 bytes (1 switches on core 0)
2026-04-15 19:54:49.902 7 WARNING neutron.scheduler.dhcp_agent_scheduler [None req-847447bd-38f4-4580-96c6-de20b8f7f5c8 77adece6049b4a8dbe6bb05132a71e77 7f676e1b912e4447913b5aea51b94736 - - default default] No more DHCP agents
2026-04-15 19:54:49.903 7 WARNING neutron.api.rpc.agentnotifiers.dhcp_rpc_agent_api [None req-847447bd-38f4-4580-96c6-de20b8f7f5c8 77adece6049b4a8dbe6bb05132a71e77 7f676e1b912e4447913b5aea51b94736 - - default default] Unable to schedule network 96a24da5-4db1-408e-8b1b-349a4e623156: no agents available; will retry on subsequent port and subnet creation events.
2026-04-15 19:54:50.016 8 INFO neutron.db.ovn_revision_numbers_db [None req-4c801ad6-424f-44e0-ae78-520d2e8d30bc - - - - - -] Successfully bumped revision number for resource 7894fcf4-3a68-4baa-a747-802416c9a1dc (type: ports) to 2
2026-04-15 19:54:50.060 8 INFO neutron.db.ovn_revision_numbers_db [None req-4c801ad6-424f-44e0-ae78-520d2e8d30bc - - - - - -] Successfully bumped revision number for resource 915e4829-f3ad-4d5e-9dad-adf5924c5727 (type: subnets) to 0 [pid: 8|app: 0|req: 855/1715] 10.0.0.51 () {34 vars in 668 bytes} [Wed Apr 15 19:54:49 2026] POST /v2.0/subnets => generated 626 bytes in 687 msecs (HTTP/1.1 201) 4 headers in 162 bytes (1 switches on core 0) [pid: 8|app: 0|req: 856/1716] 10.0.0.51 () {32 vars in 739 bytes} [Wed Apr 15 19:54:50 2026] DELETE /v2.0/security-groups/af38a142-17d6-4640-b736-2175f505e01f => generated 0 bytes in 212 msecs (HTTP/1.1 204) 2 headers in 112 bytes (1 switches on core 0)
2026-04-15 19:54:50.309 7 INFO neutron.db.ovn_revision_numbers_db [None req-2233320d-d8cf-4d6a-8454-163fbeb1c6de - - - - - -] Successfully bumped revision number for resource a2e7876c-531b-48ca-8c66-93502bcc126d (type: ports) to 2
2026-04-15 19:54:50.340 7 INFO neutron.db.ovn_revision_numbers_db [None req-2233320d-d8cf-4d6a-8454-163fbeb1c6de - - - - - -] Successfully bumped revision number for resource ea024951-6898-4540-8a19-59ae614a16d2 (type: subnets) to 0 [pid: 7|app: 0|req: 861/1717] 10.0.0.51 () {34 vars in 668 bytes} [Wed Apr 15 19:54:49 2026] POST /v2.0/subnets => generated 688 bytes in 605 msecs (HTTP/1.1 201) 4 headers in 162 bytes (1 switches on core 0)
2026-04-15 19:54:50.416 8 INFO neutron.db.ovn_revision_numbers_db [None req-2bceecf3-9b55-46c8-bf7e-f4b28e7d0c18 77adece6049b4a8dbe6bb05132a71e77 7f676e1b912e4447913b5aea51b94736 - - default default] Successfully bumped revision number for resource 488ee7f0-4160-45e9-8863-9a2fcf5d123a (type: security_groups) to 1
2026-04-15 19:54:50.429 8 INFO neutron.db.ovn_revision_numbers_db [None req-2bceecf3-9b55-46c8-bf7e-f4b28e7d0c18 77adece6049b4a8dbe6bb05132a71e77 7f676e1b912e4447913b5aea51b94736 - - default default] Successfully bumped revision number for resource 1b8331b6-9413-4296-8dff-b5182661b698 (type: security_group_rules) to 0
2026-04-15 19:54:50.440 8 INFO neutron.db.ovn_revision_numbers_db [None req-2bceecf3-9b55-46c8-bf7e-f4b28e7d0c18 77adece6049b4a8dbe6bb05132a71e77 7f676e1b912e4447913b5aea51b94736 - - default default] Successfully bumped revision number for resource 32ab3e66-e380-4433-936b-f751b771e9a7 (type: security_group_rules) to 0
2026-04-15 19:54:50.451 8 INFO neutron.db.ovn_revision_numbers_db [None req-2bceecf3-9b55-46c8-bf7e-f4b28e7d0c18 77adece6049b4a8dbe6bb05132a71e77 7f676e1b912e4447913b5aea51b94736 - - default default] Successfully bumped revision number for resource 6af7ad73-eb3f-4929-9e51-4f7049b33ce8 (type: security_group_rules) to 0
2026-04-15 19:54:50.461 8 INFO neutron.db.ovn_revision_numbers_db [None req-2bceecf3-9b55-46c8-bf7e-f4b28e7d0c18 77adece6049b4a8dbe6bb05132a71e77 7f676e1b912e4447913b5aea51b94736 - - default default] Successfully bumped revision number for resource 9ab8b288-e763-48cf-a205-fab65339beca (type: security_group_rules) to 0
2026-04-15 19:54:50.466 7 INFO neutron.db.ovn_revision_numbers_db [None req-35f2ee62-6501-49d4-8f4b-392eb698d724 c3e9bcd3f632400d97b956d2d7507f19 0953d33ccb3a43ca9d6054fb30b87768 - - default default] Successfully bumped revision number for resource f05b7de2-5279-4070-9434-b48620bb4d9f (type: routers) to 1 [pid: 7|app: 0|req: 862/1718] 10.0.0.51 () {34 vars in 668 bytes} [Wed Apr 15 19:54:50 2026] POST /v2.0/routers => generated 603 bytes in 121 msecs (HTTP/1.1 201) 4 headers in 162 bytes (1 switches on core 0) [pid: 8|app: 0|req: 857/1719] 10.0.0.51 () {32 vars in 773 bytes} [Wed Apr 15 19:54:50 2026] GET /v2.0/security-groups?tenant_id=818d3ab66cb14fcfb42d84437850ecc3&name=default => generated 2925 bytes in 214 msecs (HTTP/1.1 200) 4 headers in 158 bytes (1 switches on core 0)
2026-04-15 19:54:50.757 8 WARNING neutron.scheduler.dhcp_agent_scheduler [None req-833b566c-24ec-4644-9f94-76ee52ac03c8 c3e9bcd3f632400d97b956d2d7507f19 0953d33ccb3a43ca9d6054fb30b87768 - - default default] No more DHCP agents
2026-04-15 19:54:50.758 8 WARNING neutron.api.rpc.agentnotifiers.dhcp_rpc_agent_api [None req-833b566c-24ec-4644-9f94-76ee52ac03c8 c3e9bcd3f632400d97b956d2d7507f19 0953d33ccb3a43ca9d6054fb30b87768 - - default default] Unable to schedule network 3452c027-0957-447f-a6c2-86645b592913: no agents available; will retry on subsequent port and subnet creation events.
2026-04-15 19:54:50.793 7 WARNING neutron.scheduler.dhcp_agent_scheduler [None req-41d0d64f-c4e6-46b5-8360-ccba751403c4 77adece6049b4a8dbe6bb05132a71e77 7f676e1b912e4447913b5aea51b94736 - - default default] No more DHCP agents
2026-04-15 19:54:50.794 7 WARNING neutron.api.rpc.agentnotifiers.dhcp_rpc_agent_api [None req-41d0d64f-c4e6-46b5-8360-ccba751403c4 77adece6049b4a8dbe6bb05132a71e77 7f676e1b912e4447913b5aea51b94736 - - default default] Unable to schedule network 981ee2fa-4f7d-4c46-929a-7b335fe44dbe: no agents available; will retry on subsequent port and subnet creation events.
2026-04-15 19:54:50.866 7 INFO neutron.plugins.ml2.drivers.ovn.mech_driver.mech_driver [None req-465c0c66-8b96-4f17-b36a-81ab24cbdffd - - - - - -] OVN reports status down for port: d2021a84-02b3-4abb-95bc-a0bda1ae2348
2026-04-15 19:54:50.890 8 INFO neutron.db.ovn_revision_numbers_db [None req-833b566c-24ec-4644-9f94-76ee52ac03c8 c3e9bcd3f632400d97b956d2d7507f19 0953d33ccb3a43ca9d6054fb30b87768 - - default default] Successfully bumped revision number for resource d2021a84-02b3-4abb-95bc-a0bda1ae2348 (type: ports) to 1 [pid: 8|app: 0|req: 858/1720] 10.0.0.51 () {34 vars in 664 bytes} [Wed Apr 15 19:54:50 2026] POST /v2.0/ports => generated 947 bytes in 410 msecs (HTTP/1.1 201) 4 headers in 162 bytes (1 switches on core 0) /var/lib/openstack/lib/python3.12/site-packages/pycadf/identifier.py:70: UserWarning: Invalid uuid: neutron. To ensure interoperability, identifiers should be a valid uuid. warnings.warn(('Invalid uuid: %s. To ensure interoperability, '
2026-04-15 19:54:50.979 7 INFO neutron.db.ovn_revision_numbers_db [None req-41d0d64f-c4e6-46b5-8360-ccba751403c4 77adece6049b4a8dbe6bb05132a71e77 7f676e1b912e4447913b5aea51b94736 - - default default] Successfully bumped revision number for resource 180f523c-43d9-4926-87df-7d5744207b9b (type: ports) to 1
2026-04-15 19:54:50.993 7 INFO neutron.plugins.ml2.drivers.ovn.mech_driver.mech_driver [None req-465c0c66-8b96-4f17-b36a-81ab24cbdffd - - - - - -] OVN reports status down for port: 180f523c-43d9-4926-87df-7d5744207b9b [pid: 8|app: 0|req: 859/1721] 10.0.0.51 () {32 vars in 739 bytes} [Wed Apr 15 19:54:50 2026] DELETE /v2.0/security-groups/488ee7f0-4160-45e9-8863-9a2fcf5d123a => generated 0 bytes in 259 msecs (HTTP/1.1 204) 2 headers in 112 bytes (1 switches on core 0)
2026-04-15 19:54:51.269 8 WARNING neutron.plugins.ml2.drivers.ovn.mech_driver.ovsdb.ovn_client [None req-539e59b5-a055-470c-99c2-18b361657ea9 - - - - - -] No port found with ID a48a6571-2b96-40e9-a943-b10c09a11d96: RuntimeError: No port found with ID a48a6571-2b96-40e9-a943-b10c09a11d96
2026-04-15 19:54:51.293 8 INFO neutron.plugins.ml2.drivers.ovn.mech_driver.mech_driver [None req-539e59b5-a055-470c-99c2-18b361657ea9 - - - - - -] OVN reports status down for port: a2e7876c-531b-48ca-8c66-93502bcc126d
2026-04-15 19:54:51.652 7 INFO neutron.plugins.ml2.drivers.ovn.mech_driver.ovsdb.commands [None req-dfda5ca5-a6ce-48ed-85f9-0952f4960ef0 - - - - - -] Schedule LRP lrp-180f523c-43d9-4926-87df-7d5744207b9b on gateway bae41355-5a79-4d5f-ae81-fd0d726641a1 with priority 1
2026-04-15 19:54:51.676 8 INFO neutron.plugins.ml2.drivers.ovn.mech_driver.ovsdb.ovsdb_monitor [None req-7cfb2784-8af7-4aa9-adcc-7f91086a797f - - - - - -] Router dcd692f9-a2ae-41d6-a1ac-c1228a8db839 is bound to host instance
2026-04-15 19:54:51.697 7 INFO neutron.plugins.ml2.drivers.ovn.mech_driver.mech_driver [None req-465c0c66-8b96-4f17-b36a-81ab24cbdffd - - - - - -] OVN reports status up for port: 180f523c-43d9-4926-87df-7d5744207b9b
2026-04-15 19:54:51.734 7 INFO neutron.plugins.ml2.plugin [None req-465c0c66-8b96-4f17-b36a-81ab24cbdffd - - - - - -] Attempt 1 to provision port 180f523c-43d9-4926-87df-7d5744207b9b
2026-04-15 19:54:51.755 7 INFO neutron.db.ovn_revision_numbers_db [None req-41d0d64f-c4e6-46b5-8360-ccba751403c4 77adece6049b4a8dbe6bb05132a71e77 7f676e1b912e4447913b5aea51b94736 - - default default] Successfully bumped revision number for resource 180f523c-43d9-4926-87df-7d5744207b9b (type: router_ports) to 1
2026-04-15 19:54:51.891 7 INFO neutron.db.ovn_revision_numbers_db [None req-41d0d64f-c4e6-46b5-8360-ccba751403c4 77adece6049b4a8dbe6bb05132a71e77 7f676e1b912e4447913b5aea51b94736 - - default default] Successfully bumped revision number for resource dcd692f9-a2ae-41d6-a1ac-c1228a8db839 (type: routers) to 2 [pid: 7|app: 0|req: 863/1722] 10.0.0.51 () {34 vars in 668 bytes} [Wed Apr 15 19:54:50 2026] POST /v2.0/routers => generated 966 bytes in 1429 msecs (HTTP/1.1 201) 4 headers in 162 bytes (1 switches on core 0)
2026-04-15 19:54:51.922 8 INFO neutron.db.ovn_revision_numbers_db [None req-56d861a3-f172-424d-a29e-b81a182a2124 c3e9bcd3f632400d97b956d2d7507f19 0953d33ccb3a43ca9d6054fb30b87768 - - default default] Successfully bumped revision number for resource d2021a84-02b3-4abb-95bc-a0bda1ae2348 (type: ports) to 2
2026-04-15 19:54:52.322 7 WARNING neutron.scheduler.dhcp_agent_scheduler [None req-b9c6cd47-ae82-4173-9abf-adf944c0d76b 77adece6049b4a8dbe6bb05132a71e77 7f676e1b912e4447913b5aea51b94736 - - default default] No more DHCP agents
2026-04-15 19:54:52.323 7 WARNING neutron.api.rpc.agentnotifiers.dhcp_rpc_agent_api [None req-b9c6cd47-ae82-4173-9abf-adf944c0d76b 77adece6049b4a8dbe6bb05132a71e77 7f676e1b912e4447913b5aea51b94736 - - default default] Unable to schedule network 96a24da5-4db1-408e-8b1b-349a4e623156: no agents available; will retry on subsequent port and subnet creation events.
2026-04-15 19:54:52.450 8 INFO neutron.plugins.ml2.drivers.ovn.mech_driver.mech_driver [None req-539e59b5-a055-470c-99c2-18b361657ea9 - - - - - -] OVN reports status down for port: e3420d0c-8fa9-4a90-85cc-0f4e9eba442e
2026-04-15 19:54:52.456 7 INFO neutron.db.ovn_revision_numbers_db [None req-b9c6cd47-ae82-4173-9abf-adf944c0d76b 77adece6049b4a8dbe6bb05132a71e77 7f676e1b912e4447913b5aea51b94736 - - default default] Successfully bumped revision number for resource e3420d0c-8fa9-4a90-85cc-0f4e9eba442e (type: ports) to 1
2026-04-15 19:54:53.082 8 INFO neutron.plugins.ml2.drivers.ovn.mech_driver.mech_driver [None req-539e59b5-a055-470c-99c2-18b361657ea9 - - - - - -] OVN reports status up for port: e3420d0c-8fa9-4a90-85cc-0f4e9eba442e
2026-04-15 19:54:53.101 7 WARNING neutron.scheduler.dhcp_agent_scheduler [None req-b9c6cd47-ae82-4173-9abf-adf944c0d76b 77adece6049b4a8dbe6bb05132a71e77 7f676e1b912e4447913b5aea51b94736 - - default default] No more DHCP agents
2026-04-15 19:54:53.103 7 WARNING neutron.api.rpc.agentnotifiers.dhcp_rpc_agent_api [None req-b9c6cd47-ae82-4173-9abf-adf944c0d76b 77adece6049b4a8dbe6bb05132a71e77 7f676e1b912e4447913b5aea51b94736 - - default default] Unable to schedule network 96a24da5-4db1-408e-8b1b-349a4e623156: no agents available; will retry on subsequent port and subnet creation events.
2026-04-15 19:54:53.122 8 INFO neutron.plugins.ml2.plugin [None req-539e59b5-a055-470c-99c2-18b361657ea9 - - - - - -] Attempt 1 to provision port e3420d0c-8fa9-4a90-85cc-0f4e9eba442e
2026-04-15 19:54:53.199 8 WARNING neutron.scheduler.dhcp_agent_scheduler [None req-56d861a3-f172-424d-a29e-b81a182a2124 c3e9bcd3f632400d97b956d2d7507f19 0953d33ccb3a43ca9d6054fb30b87768 - - default default] No more DHCP agents
2026-04-15 19:54:53.204 8 WARNING neutron.api.rpc.agentnotifiers.dhcp_rpc_agent_api [None req-56d861a3-f172-424d-a29e-b81a182a2124 c3e9bcd3f632400d97b956d2d7507f19 0953d33ccb3a43ca9d6054fb30b87768 - - default default] Unable to schedule network 3452c027-0957-447f-a6c2-86645b592913: no agents available; will retry on subsequent port and subnet creation events.
2026-04-15 19:54:53.425 8 INFO neutron.db.ovn_revision_numbers_db [None req-e8b3a9c0-8fc9-4261-a637-4d69bda2b406 - - - - - -] Successfully bumped revision number for resource 180f523c-43d9-4926-87df-7d5744207b9b (type: ports) to 4
2026-04-15 19:54:53.518 7 INFO neutron.db.ovn_revision_numbers_db [None req-b9c6cd47-ae82-4173-9abf-adf944c0d76b 77adece6049b4a8dbe6bb05132a71e77 7f676e1b912e4447913b5aea51b94736 - - default default] Successfully bumped revision number for resource e3420d0c-8fa9-4a90-85cc-0f4e9eba442e (type: router_ports) to 1 [pid: 7|app: 0|req: 864/1723] 10.0.0.51 () {34 vars in 782 bytes} [Wed Apr 15 19:54:51 2026] PUT /v2.0/routers/dcd692f9-a2ae-41d6-a1ac-c1228a8db839/add_router_interface => generated 309 bytes in 1611 msecs (HTTP/1.1 200) 4 headers in 157 bytes (1 switches on core 0)
2026-04-15 19:54:53.884 8 INFO neutron.db.ovn_revision_numbers_db [None req-56d861a3-f172-424d-a29e-b81a182a2124 c3e9bcd3f632400d97b956d2d7507f19 0953d33ccb3a43ca9d6054fb30b87768 - - default default] Successfully bumped revision number for resource d2021a84-02b3-4abb-95bc-a0bda1ae2348 (type: router_ports) to 2 [pid: 8|app: 0|req: 860/1724] 10.0.0.51 () {34 vars in 782 bytes} [Wed Apr 15 19:54:51 2026] PUT /v2.0/routers/f05b7de2-5279-4070-9434-b48620bb4d9f/add_router_interface => generated 309 bytes in 2747 msecs (HTTP/1.1 200) 4 headers in 157 bytes (1 switches on core 0)
2026-04-15 19:54:53.927 7 INFO neutron.db.ovn_revision_numbers_db [None req-76c674d4-6363-4644-97b4-59743ba1652c 77adece6049b4a8dbe6bb05132a71e77 7f676e1b912e4447913b5aea51b94736 - - default default] Successfully bumped revision number for resource 7ae1d791-ca2f-4e65-ac72-5cbac6857227 (type: security_groups) to 1
2026-04-15 19:54:53.939 7 INFO neutron.db.ovn_revision_numbers_db [None req-76c674d4-6363-4644-97b4-59743ba1652c 77adece6049b4a8dbe6bb05132a71e77 7f676e1b912e4447913b5aea51b94736 - - default default] Successfully bumped revision number for resource 0be056fc-8eb8-4180-a3cf-3f9063ae7638 (type: security_group_rules) to 0 /var/lib/openstack/lib/python3.12/site-packages/pycadf/identifier.py:70: UserWarning: Invalid uuid: neutron. To ensure interoperability, identifiers should be a valid uuid. warnings.warn(('Invalid uuid: %s. To ensure interoperability, '
2026-04-15 19:54:53.950 7 INFO neutron.db.ovn_revision_numbers_db [None req-76c674d4-6363-4644-97b4-59743ba1652c 77adece6049b4a8dbe6bb05132a71e77 7f676e1b912e4447913b5aea51b94736 - - default default] Successfully bumped revision number for resource 4de41d0b-d8bc-4c8c-b2f7-1318efc90d81 (type: security_group_rules) to 0
2026-04-15 19:54:53.961 7 INFO neutron.db.ovn_revision_numbers_db [None req-76c674d4-6363-4644-97b4-59743ba1652c 77adece6049b4a8dbe6bb05132a71e77 7f676e1b912e4447913b5aea51b94736 - - default default] Successfully bumped revision number for resource 769bd3c0-cf86-43ba-99e0-ec20d08ff63e (type: security_group_rules) to 0
2026-04-15 19:54:53.974 7 INFO neutron.db.ovn_revision_numbers_db [None req-76c674d4-6363-4644-97b4-59743ba1652c 77adece6049b4a8dbe6bb05132a71e77 7f676e1b912e4447913b5aea51b94736 - - default default] Successfully bumped revision number for resource b7f2c817-ad0b-4e49-9021-146a07efb20a (type: security_group_rules) to 0 [pid: 7|app: 0|req: 865/1725] 10.0.0.51 () {32 vars in 773 bytes} [Wed Apr 15 19:54:53 2026] GET /v2.0/security-groups?tenant_id=4934b5c1c43c4b619eacb47bd8e8d93a&name=default => generated 2925 bytes in 494 msecs (HTTP/1.1 200) 4 headers in 158 bytes (1 switches on core 0) [pid: 8|app: 0|req: 861/1726] 10.0.0.51 () {32 vars in 716 bytes} [Wed Apr 15 19:54:53 2026] GET /v2.0/ports/d2021a84-02b3-4abb-95bc-a0bda1ae2348 => generated 1007 bytes in 161 msecs (HTTP/1.1 200) 4 headers in 158 bytes (1 switches on core 0) [pid: 7|app: 0|req: 866/1727] 10.0.0.51 () {32 vars in 739 bytes} [Wed Apr 15 19:54:54 2026] DELETE /v2.0/security-groups/7ae1d791-ca2f-4e65-ac72-5cbac6857227 => generated 0 bytes in 314 msecs (HTTP/1.1 204) 2 headers in 112 bytes (1 switches on core 0)
2026-04-15 19:54:54.458 8 INFO neutron.db.ovn_revision_numbers_db [None req-539e59b5-a055-470c-99c2-18b361657ea9 - - - - - -] Successfully bumped revision number for resource e3420d0c-8fa9-4a90-85cc-0f4e9eba442e (type: ports) to 2
2026-04-15 19:54:54.530 7 INFO neutron.plugins.ml2.drivers.ovn.mech_driver.mech_driver [None req-465c0c66-8b96-4f17-b36a-81ab24cbdffd - - - - - -] OVN reports status up for port: d2021a84-02b3-4abb-95bc-a0bda1ae2348
2026-04-15 19:54:54.545 7 INFO neutron.plugins.ml2.plugin [None req-465c0c66-8b96-4f17-b36a-81ab24cbdffd - - - - - -] Attempt 1 to provision port d2021a84-02b3-4abb-95bc-a0bda1ae2348
2026-04-15 19:54:54.768 8 INFO neutron.db.ovn_revision_numbers_db [None req-e8b3a9c0-8fc9-4261-a637-4d69bda2b406 - - - - - -] Successfully bumped revision number for resource 180f523c-43d9-4926-87df-7d5744207b9b (type: ports) to 5
2026-04-15 19:54:54.973 7 INFO neutron.db.ovn_revision_numbers_db [None req-f2490632-ba18-4217-a851-954e8ebf50bb 77adece6049b4a8dbe6bb05132a71e77 7f676e1b912e4447913b5aea51b94736 - - default default] Successfully bumped revision number for resource 1f06e071-fed1-4243-b0c9-afe1b1948c81 (type: security_groups) to 1
2026-04-15 19:54:55.001 7 INFO neutron.db.ovn_revision_numbers_db [None req-f2490632-ba18-4217-a851-954e8ebf50bb 77adece6049b4a8dbe6bb05132a71e77 7f676e1b912e4447913b5aea51b94736 - - default default] Successfully bumped revision number for resource 644967a2-618b-4aec-ab5e-45206c722270 (type: security_group_rules) to 0
2026-04-15 19:54:55.012 8 INFO neutron_taas.services.taas.taas_plugin [None req-eda422b6-7bb4-4c9e-b269-7c5468207b0a c3e9bcd3f632400d97b956d2d7507f19 0953d33ccb3a43ca9d6054fb30b87768 - - default default] TaaS: Handle Delete Port: d2021a84-02b3-4abb-95bc-a0bda1ae2348
2026-04-15 19:54:55.016 8 INFO neutron_taas.services.taas.tap_mirror_plugin [None req-eda422b6-7bb4-4c9e-b269-7c5468207b0a c3e9bcd3f632400d97b956d2d7507f19 0953d33ccb3a43ca9d6054fb30b87768 - - default default] Tap Mirror: Handle Delete Port: d2021a84-02b3-4abb-95bc-a0bda1ae2348
2026-04-15 19:54:55.018 7 INFO neutron.db.ovn_revision_numbers_db [None req-f2490632-ba18-4217-a851-954e8ebf50bb 77adece6049b4a8dbe6bb05132a71e77 7f676e1b912e4447913b5aea51b94736 - - default default] Successfully bumped revision number for resource 6d0ccb67-f5a9-4074-abf7-e5ebfe61633a (type: security_group_rules) to 0
2026-04-15 19:54:55.043 7 INFO neutron.db.ovn_revision_numbers_db [None req-f2490632-ba18-4217-a851-954e8ebf50bb 77adece6049b4a8dbe6bb05132a71e77 7f676e1b912e4447913b5aea51b94736 - - default default] Successfully bumped revision number for resource a93363ec-d2d9-40c5-9022-a93814c60105 (type: security_group_rules) to 0
2026-04-15 19:54:55.084 7 INFO neutron.db.ovn_revision_numbers_db [None req-f2490632-ba18-4217-a851-954e8ebf50bb 77adece6049b4a8dbe6bb05132a71e77 7f676e1b912e4447913b5aea51b94736 - - default default] Successfully bumped revision number for resource b2b68f30-9406-41b3-81bc-5a7a034e9f32 (type: security_group_rules) to 0 [pid: 7|app: 0|req: 867/1728] 10.0.0.51 () {32 vars in 773 bytes} [Wed Apr 15 19:54:54 2026] GET /v2.0/security-groups?tenant_id=46c197bb94ab45119896ceef4dd545c9&name=default => generated 2925 bytes in 673 msecs (HTTP/1.1 200) 4 headers in 158 bytes (1 switches on core 0)
2026-04-15 19:54:55.190 7 INFO neutron.db.ovn_revision_numbers_db [None req-465c0c66-8b96-4f17-b36a-81ab24cbdffd - - - - - -] Successfully bumped revision number for resource d2021a84-02b3-4abb-95bc-a0bda1ae2348 (type: ports) to 3
2026-04-15 19:54:55.303 7 ERROR ovsdbapp.backend.ovs_idl.command [None req-be5c70ea-d4bd-428d-8a12-58ae5c8fa99a - - - - - -] Error executing command (LspGetUpCommand): ovsdbapp.backend.ovs_idl.idlutils.RowNotFound: Cannot find Logical_Switch_Port with name=d2021a84-02b3-4abb-95bc-a0bda1ae2348
2026-04-15 19:54:55.303 7 ERROR ovsdbapp.backend.ovs_idl.command
Traceback (most recent call last):
2026-04-15 19:54:55.303 7 ERROR ovsdbapp.backend.ovs_idl.command
File "/var/lib/openstack/lib/python3.12/site-packages/ovsdbapp/backend/ovs_idl/command.py", line 47, in execute
2026-04-15 19:54:55.303 7 ERROR ovsdbapp.backend.ovs_idl.command self.run_idl(None)
2026-04-15 19:54:55.303 7 ERROR ovsdbapp.backend.ovs_idl.command
File "/var/lib/openstack/lib/python3.12/site-packages/ovsdbapp/schema/ovn_northbound/commands.py", line 681, in run_idl
2026-04-15 19:54:55.303 7 ERROR ovsdbapp.backend.ovs_idl.command lsp = self.api.lookup('Logical_Switch_Port', self.port)
2026-04-15 19:54:55.303 7 ERROR ovsdbapp.backend.ovs_idl.command ^^^^^^^^^^^^^^^^^^^^^^^^^^^^^^^^^^^^^^^^^^^^^^^^^
2026-04-15 19:54:55.303 7 ERROR ovsdbapp.backend.ovs_idl.command
File "/var/lib/openstack/lib/python3.12/site-packages/ovsdbapp/backend/ovs_idl/__init__.py", line 184, in lookup
2026-04-15 19:54:55.303 7 ERROR ovsdbapp.backend.ovs_idl.command return self._lookup(table, record)
2026-04-15 19:54:55.303 7 ERROR ovsdbapp.backend.ovs_idl.command ^^^^^^^^^^^^^^^^^^^^^^^^^^^
2026-04-15 19:54:55.303 7 ERROR ovsdbapp.backend.ovs_idl.command
File "/var/lib/openstack/lib/python3.12/site-packages/ovsdbapp/backend/ovs_idl/__init__.py", line 235, in _lookup
2026-04-15 19:54:55.303 7 ERROR ovsdbapp.backend.ovs_idl.command row = idlutils.row_by_value(self, rl.table, rl.column, record)
2026-04-15 19:54:55.303 7 ERROR ovsdbapp.backend.ovs_idl.command ^^^^^^^^^^^^^^^^^^^^^^^^^^^^^^^^^^^^^^^^^^^^^^^^^^^^^^^^
2026-04-15 19:54:55.303 7 ERROR ovsdbapp.backend.ovs_idl.command
File "/var/lib/openstack/lib/python3.12/site-packages/ovsdbapp/backend/ovs_idl/idlutils.py", line 114, in row_by_value
2026-04-15 19:54:55.303 7 ERROR ovsdbapp.backend.ovs_idl.command raise RowNotFound(table=table, col=column, match=match)
2026-04-15 19:54:55.303 7 ERROR ovsdbapp.backend.ovs_idl.command ovsdbapp.backend.ovs_idl.idlutils.RowNotFound: Cannot find Logical_Switch_Port with name=d2021a84-02b3-4abb-95bc-a0bda1ae2348
2026-04-15 19:54:55.303 7 ERROR ovsdbapp.backend.ovs_idl.command
2026-04-15 19:54:55.312 7 ERROR ovsdbapp.event [None req-be5c70ea-d4bd-428d-8a12-58ae5c8fa99a - - - - - -] Unexpected exception in notify_loop: ovsdbapp.backend.ovs_idl.idlutils.RowNotFound: Cannot find Logical_Switch_Port with name=d2021a84-02b3-4abb-95bc-a0bda1ae2348
2026-04-15 19:54:55.312 7 ERROR ovsdbapp.event
Traceback (most recent call last):
2026-04-15 19:54:55.312 7 ERROR ovsdbapp.event
File "/var/lib/openstack/lib/python3.12/site-packages/ovsdbapp/event.py", line 177, in notify_loop
2026-04-15 19:54:55.312 7 ERROR ovsdbapp.event match.run(event, row, updates)
2026-04-15 19:54:55.312 7 ERROR ovsdbapp.event
File "/var/lib/openstack/lib/python3.12/site-packages/neutron/plugins/ml2/drivers/ovn/mech_driver/ovsdb/ovsdb_monitor.py", line 536, in run
2026-04-15 19:54:55.312 7 ERROR ovsdbapp.event self.driver.set_port_status_up(row.name)
2026-04-15 19:54:55.312 7 ERROR ovsdbapp.event
File "/var/lib/openstack/lib/python3.12/site-packages/neutron/plugins/ml2/drivers/ovn/mech_driver/mech_driver.py", line 1333, in set_port_status_up
2026-04-15 19:54:55.312 7 ERROR ovsdbapp.event self._ovn_client.update_lsp_host_info(admin_context, db_port)
2026-04-15 19:54:55.312 7 ERROR ovsdbapp.event
File "/var/lib/openstack/lib/python3.12/site-packages/neutron/plugins/ml2/drivers/ovn/mech_driver/ovsdb/ovn_client.py", line 305, in update_lsp_host_info
2026-04-15 19:54:55.312 7 ERROR ovsdbapp.event port_up = self._nb_idl.lsp_get_up(db_port.id).execute(
2026-04-15 19:54:55.312 7 ERROR ovsdbapp.event ^^^^^^^^^^^^^^^^^^^^^^^^^^^^^^^^^^^^^^^^^^^^
2026-04-15 19:54:55.312 7 ERROR ovsdbapp.event
File "/var/lib/openstack/lib/python3.12/site-packages/ovsdbapp/backend/ovs_idl/command.py", line 47, in execute
2026-04-15 19:54:55.312 7 ERROR ovsdbapp.event self.run_idl(None)
2026-04-15 19:54:55.312 7 ERROR ovsdbapp.event
File "/var/lib/openstack/lib/python3.12/site-packages/ovsdbapp/schema/ovn_northbound/commands.py", line 681, in run_idl
2026-04-15 19:54:55.312 7 ERROR ovsdbapp.event lsp = self.api.lookup('Logical_Switch_Port', self.port)
2026-04-15 19:54:55.312 7 ERROR ovsdbapp.event ^^^^^^^^^^^^^^^^^^^^^^^^^^^^^^^^^^^^^^^^^^^^^^^^^
2026-04-15 19:54:55.312 7 ERROR ovsdbapp.event
File "/var/lib/openstack/lib/python3.12/site-packages/ovsdbapp/backend/ovs_idl/__init__.py", line 184, in lookup
2026-04-15 19:54:55.312 7 ERROR ovsdbapp.event return self._lookup(table, record)
2026-04-15 19:54:55.312 7 ERROR ovsdbapp.event ^^^^^^^^^^^^^^^^^^^^^^^^^^^
2026-04-15 19:54:55.312 7 ERROR ovsdbapp.event
File "/var/lib/openstack/lib/python3.12/site-packages/ovsdbapp/backend/ovs_idl/__init__.py", line 235, in _lookup
2026-04-15 19:54:55.312 7 ERROR ovsdbapp.event row = idlutils.row_by_value(self, rl.table, rl.column, record)
2026-04-15 19:54:55.312 7 ERROR ovsdbapp.event ^^^^^^^^^^^^^^^^^^^^^^^^^^^^^^^^^^^^^^^^^^^^^^^^^^^^^^^^
2026-04-15 19:54:55.312 7 ERROR ovsdbapp.event
File "/var/lib/openstack/lib/python3.12/site-packages/ovsdbapp/backend/ovs_idl/idlutils.py", line 114, in row_by_value
2026-04-15 19:54:55.312 7 ERROR ovsdbapp.event raise RowNotFound(table=table, col=column, match=match)
2026-04-15 19:54:55.312 7 ERROR ovsdbapp.event ovsdbapp.backend.ovs_idl.idlutils.RowNotFound: Cannot find Logical_Switch_Port with name=d2021a84-02b3-4abb-95bc-a0bda1ae2348
2026-04-15 19:54:55.312 7 ERROR ovsdbapp.event
2026-04-15 19:54:55.408 7 INFO neutron.db.ovn_revision_numbers_db [None req-6d9d3dbf-2321-4175-b6dc-f997eda34ef7 77adece6049b4a8dbe6bb05132a71e77 7f676e1b912e4447913b5aea51b94736 - - default default] Successfully bumped revision number for resource 67b77d91-bfa6-4366-a474-280a75af120c (type: security_groups) to 1
2026-04-15 19:54:55.419 7 INFO neutron.db.ovn_revision_numbers_db [None req-6d9d3dbf-2321-4175-b6dc-f997eda34ef7 77adece6049b4a8dbe6bb05132a71e77 7f676e1b912e4447913b5aea51b94736 - - default default] Successfully bumped revision number for resource 465925c7-fc15-4201-92d3-38e3c2992f33 (type: security_group_rules) to 0
2026-04-15 19:54:55.433 7 INFO neutron.db.ovn_revision_numbers_db [None req-6d9d3dbf-2321-4175-b6dc-f997eda34ef7 77adece6049b4a8dbe6bb05132a71e77 7f676e1b912e4447913b5aea51b94736 - - default default] Successfully bumped revision number for resource 9e92eb68-302f-4d3f-a780-12202390ceb9 (type: security_group_rules) to 0
2026-04-15 19:54:55.449 7 INFO neutron.db.ovn_revision_numbers_db [None req-6d9d3dbf-2321-4175-b6dc-f997eda34ef7 77adece6049b4a8dbe6bb05132a71e77 7f676e1b912e4447913b5aea51b94736 - - default default] Successfully bumped revision number for resource bce0df2c-aa54-413c-a101-8c1024a1d22f (type: security_group_rules) to 0 [pid: 8|app: 0|req: 862/1729] 10.0.0.51 () {34 vars in 788 bytes} [Wed Apr 15 19:54:54 2026] PUT /v2.0/routers/f05b7de2-5279-4070-9434-b48620bb4d9f/remove_router_interface => generated 309 bytes in 1363 msecs (HTTP/1.1 200) 4 headers in 157 bytes (1 switches on core 0) /var/lib/openstack/lib/python3.12/site-packages/pycadf/identifier.py:70: UserWarning: Invalid uuid: neutron. To ensure interoperability, identifiers should be a valid uuid. warnings.warn(('Invalid uuid: %s. To ensure interoperability, '
2026-04-15 19:54:55.460 7 INFO neutron.db.ovn_revision_numbers_db [None req-6d9d3dbf-2321-4175-b6dc-f997eda34ef7 77adece6049b4a8dbe6bb05132a71e77 7f676e1b912e4447913b5aea51b94736 - - default default] Successfully bumped revision number for resource f2eef933-29f6-4a81-af4d-af2adabde21c (type: security_group_rules) to 0
2026-04-15 19:54:55.529 7 INFO neutron.db.segments_db [None req-6d9d3dbf-2321-4175-b6dc-f997eda34ef7 77adece6049b4a8dbe6bb05132a71e77 7f676e1b912e4447913b5aea51b94736 - - default default] Added segment 6ef17194-cd86-493a-83f4-10f4d190dc74 of type geneve for network 4c02e6f7-b359-4904-9561-a51b0bb2225b
2026-04-15 19:54:55.665 7 INFO neutron.db.ovn_revision_numbers_db [None req-6d9d3dbf-2321-4175-b6dc-f997eda34ef7 77adece6049b4a8dbe6bb05132a71e77 7f676e1b912e4447913b5aea51b94736 - - default default] Successfully bumped revision number for resource 4c02e6f7-b359-4904-9561-a51b0bb2225b (type: networks) to 1 [pid: 8|app: 0|req: 863/1730] 10.0.0.51 () {32 vars in 739 bytes} [Wed Apr 15 19:54:55 2026] DELETE /v2.0/security-groups/1f06e071-fed1-4243-b0c9-afe1b1948c81 => generated 0 bytes in 246 msecs (HTTP/1.1 204) 2 headers in 112 bytes (1 switches on core 0)
2026-04-15 19:54:55.756 8 INFO neutron.api.v2.resource [None req-8098e9c1-1f39-48db-8b5b-b9f98743ec47 c3e9bcd3f632400d97b956d2d7507f19 0953d33ccb3a43ca9d6054fb30b87768 - - default default] remove_router_interface failed (client error): The resource could not be found. [pid: 8|app: 0|req: 864/1731] 10.0.0.51 () {34 vars in 788 bytes} [Wed Apr 15 19:54:55 2026] PUT /v2.0/routers/f05b7de2-5279-4070-9434-b48620bb4d9f/remove_router_interface => generated 197 bytes in 60 msecs (HTTP/1.1 404) 4 headers in 164 bytes (1 switches on core 0) [pid: 8|app: 0|req: 865/1732] 10.0.0.51 () {32 vars in 735 bytes} [Wed Apr 15 19:54:55 2026] GET /v2.0/ports?device_id=f05b7de2-5279-4070-9434-b48620bb4d9f => generated 12 bytes in 19 msecs (HTTP/1.1 200) 4 headers in 156 bytes (1 switches on core 0)
2026-04-15 19:54:55.871 7 WARNING neutron.scheduler.dhcp_agent_scheduler [None req-6d9d3dbf-2321-4175-b6dc-f997eda34ef7 77adece6049b4a8dbe6bb05132a71e77 7f676e1b912e4447913b5aea51b94736 - - default default] No more DHCP agents
2026-04-15 19:54:55.872 7 WARNING neutron.api.rpc.agentnotifiers.dhcp_rpc_agent_api [None req-6d9d3dbf-2321-4175-b6dc-f997eda34ef7 77adece6049b4a8dbe6bb05132a71e77 7f676e1b912e4447913b5aea51b94736 - - default default] Unable to schedule network 4c02e6f7-b359-4904-9561-a51b0bb2225b: no agents available; will retry on subsequent port and subnet creation events.
2026-04-15 19:54:55.930 7 INFO neutron.plugins.ml2.drivers.ovn.mech_driver.mech_driver [None req-be5c70ea-d4bd-428d-8a12-58ae5c8fa99a - - - - - -] OVN reports status down for port: 9b4fc78b-3ea0-4a9e-b6a3-7c157bcbc1c4
2026-04-15 19:54:55.984 7 INFO neutron.db.ovn_revision_numbers_db [None req-6d9d3dbf-2321-4175-b6dc-f997eda34ef7 77adece6049b4a8dbe6bb05132a71e77 7f676e1b912e4447913b5aea51b94736 - - default default] Successfully bumped revision number for resource 9b4fc78b-3ea0-4a9e-b6a3-7c157bcbc1c4 (type: ports) to 1 [pid: 8|app: 0|req: 866/1733] 10.0.0.51 () {32 vars in 723 bytes} [Wed Apr 15 19:54:55 2026] DELETE /v2.0/routers/f05b7de2-5279-4070-9434-b48620bb4d9f => generated 0 bytes in 228 msecs (HTTP/1.1 204) 2 headers in 112 bytes (1 switches on core 0) [pid: 7|app: 0|req: 868/1734] 10.0.0.51 () {34 vars in 670 bytes} [Wed Apr 15 19:54:55 2026] POST /v2.0/networks => generated 763 bytes in 884 msecs (HTTP/1.1 201) 4 headers in 162 bytes (1 switches on core 0) [pid: 8|app: 0|req: 867/1735] 10.0.0.51 () {32 vars in 723 bytes} [Wed Apr 15 19:54:56 2026] DELETE /v2.0/subnets/915e4829-f3ad-4d5e-9dad-adf5924c5727 => generated 0 bytes in 147 msecs (HTTP/1.1 204) 3 headers in 131 bytes (1 switches on core 0)
2026-04-15 19:54:56.194 7 WARNING neutron.scheduler.dhcp_agent_scheduler [None req-2ba0c319-e474-442c-bb71-ca2cac9dd349 77adece6049b4a8dbe6bb05132a71e77 7f676e1b912e4447913b5aea51b94736 - - default default] No more DHCP agents
2026-04-15 19:54:56.195 7 WARNING neutron.api.rpc.agentnotifiers.dhcp_rpc_agent_api [None req-2ba0c319-e474-442c-bb71-ca2cac9dd349 77adece6049b4a8dbe6bb05132a71e77 7f676e1b912e4447913b5aea51b94736 - - default default] Unable to schedule network 4c02e6f7-b359-4904-9561-a51b0bb2225b: no agents available; will retry on subsequent port and subnet creation events.
2026-04-15 19:54:56.285 8 INFO neutron_taas.services.taas.taas_plugin [None req-6cc9d698-3db3-4b98-955f-ecd82ee64596 c3e9bcd3f632400d97b956d2d7507f19 0953d33ccb3a43ca9d6054fb30b87768 - - default default] TaaS: Handle Delete Port: 7894fcf4-3a68-4baa-a747-802416c9a1dc
2026-04-15 19:54:56.288 8 INFO neutron_taas.services.taas.tap_mirror_plugin [None req-6cc9d698-3db3-4b98-955f-ecd82ee64596 c3e9bcd3f632400d97b956d2d7507f19 0953d33ccb3a43ca9d6054fb30b87768 - - default default] Tap Mirror: Handle Delete Port: 7894fcf4-3a68-4baa-a747-802416c9a1dc
2026-04-15 19:54:56.468 8 INFO neutron.services.segments.plugin [-] Segment 4d8d1157-d23c-4dd1-bab8-e9aafae34f56 resource provider aggregate not found
2026-04-15 19:54:56.469 8 INFO neutron.services.segments.plugin [-] Segment 4d8d1157-d23c-4dd1-bab8-e9aafae34f56 resource provider aggregate not found
2026-04-15 19:54:56.488 8 INFO neutron.services.segments.plugin [-] Segment 4d8d1157-d23c-4dd1-bab8-e9aafae34f56 resource provider not found; error: Placement Client Error (4xx): {"errors": [{"status": 404, "title": "Not Found", "detail": "The resource could not be found.\n\n No resource provider with uuid 4d8d1157-d23c-4dd1-bab8-e9aafae34f56 found for delete ", "request_id": "req-5b026e66-2fbd-4d10-b47b-3cb2bcac842e"}]}
2026-04-15 19:54:56.490 8 INFO neutron.services.segments.plugin [-] Segment 4d8d1157-d23c-4dd1-bab8-e9aafae34f56 resource provider not found; error: Placement Client Error (4xx): {"errors": [{"status": 404, "title": "Not Found", "detail": "The resource could not be found.\n\n No resource provider with uuid 4d8d1157-d23c-4dd1-bab8-e9aafae34f56 found for delete ", "request_id": "req-4069d169-20a5-4bb1-887e-f90c437003ef"}]} [pid: 8|app: 0|req: 868/1736] 10.0.0.51 () {32 vars in 725 bytes} [Wed Apr 15 19:54:56 2026] DELETE /v2.0/networks/3452c027-0957-447f-a6c2-86645b592913 => generated 0 bytes in 343 msecs (HTTP/1.1 204) 3 headers in 131 bytes (1 switches on core 0)
2026-04-15 19:54:56.616 8 INFO neutron.db.segments_db [None req-dfdc4dfa-9c77-4113-ab41-ed0d36390ae0 c3e9bcd3f632400d97b956d2d7507f19 0953d33ccb3a43ca9d6054fb30b87768 - - default default] Added segment 412731d6-63ea-4e94-9231-9c2df607b9b8 of type geneve for network 08aa1392-a7df-4782-b58e-8792e3449614
2026-04-15 19:54:56.630 7 INFO neutron.db.ovn_revision_numbers_db [None req-a8ae83a6-1455-4c1a-83c2-e6605b58a09a - - - - - -] Successfully bumped revision number for resource 9b4fc78b-3ea0-4a9e-b6a3-7c157bcbc1c4 (type: ports) to 2
2026-04-15 19:54:56.665 7 INFO neutron.db.ovn_revision_numbers_db [None req-a8ae83a6-1455-4c1a-83c2-e6605b58a09a - - - - - -] Successfully bumped revision number for resource 3f726303-d837-464a-9399-3e252d5cb2c8 (type: subnets) to 0 [pid: 7|app: 0|req: 869/1737] 10.0.0.51 () {34 vars in 668 bytes} [Wed Apr 15 19:54:56 2026] POST /v2.0/subnets => generated 688 bytes in 637 msecs (HTTP/1.1 201) 4 headers in 162 bytes (1 switches on core 0)
2026-04-15 19:54:56.741 8 INFO neutron.db.ovn_revision_numbers_db [None req-dfdc4dfa-9c77-4113-ab41-ed0d36390ae0 c3e9bcd3f632400d97b956d2d7507f19 0953d33ccb3a43ca9d6054fb30b87768 - - default default] Successfully bumped revision number for resource 08aa1392-a7df-4782-b58e-8792e3449614 (type: networks) to 1
2026-04-15 19:54:56.893 8 WARNING neutron.scheduler.dhcp_agent_scheduler [None req-dfdc4dfa-9c77-4113-ab41-ed0d36390ae0 c3e9bcd3f632400d97b956d2d7507f19 0953d33ccb3a43ca9d6054fb30b87768 - - default default] No more DHCP agents
2026-04-15 19:54:56.894 8 WARNING neutron.api.rpc.agentnotifiers.dhcp_rpc_agent_api [None req-dfdc4dfa-9c77-4113-ab41-ed0d36390ae0 c3e9bcd3f632400d97b956d2d7507f19 0953d33ccb3a43ca9d6054fb30b87768 - - default default] Unable to schedule network 08aa1392-a7df-4782-b58e-8792e3449614: no agents available; will retry on subsequent port and subnet creation events.
2026-04-15 19:54:56.973 8 INFO neutron.db.ovn_revision_numbers_db [None req-dfdc4dfa-9c77-4113-ab41-ed0d36390ae0 c3e9bcd3f632400d97b956d2d7507f19 0953d33ccb3a43ca9d6054fb30b87768 - - default default] Successfully bumped revision number for resource bcfd29a4-0471-451e-915a-830fddfc7e29 (type: ports) to 1 [pid: 8|app: 0|req: 869/1738] 10.0.0.51 () {34 vars in 669 bytes} [Wed Apr 15 19:54:56 2026] POST /v2.0/networks => generated 648 bytes in 488 msecs (HTTP/1.1 201) 4 headers in 162 bytes (1 switches on core 0)
2026-04-15 19:54:57.014 7 INFO neutron.db.ovn_revision_numbers_db [None req-435e120f-209b-429c-a7b3-41237ae8086f 77adece6049b4a8dbe6bb05132a71e77 7f676e1b912e4447913b5aea51b94736 - - default default] Successfully bumped revision number for resource a55c457e-ea0d-4abc-92d4-0ec3e169d451 (type: security_groups) to 1
2026-04-15 19:54:57.024 7 INFO neutron.db.ovn_revision_numbers_db [None req-435e120f-209b-429c-a7b3-41237ae8086f 77adece6049b4a8dbe6bb05132a71e77 7f676e1b912e4447913b5aea51b94736 - - default default] Successfully bumped revision number for resource 2573628b-d6b0-46bb-b9d2-40c16c2ea846 (type: security_group_rules) to 0
2026-04-15 19:54:57.041 7 INFO neutron.db.ovn_revision_numbers_db [None req-435e120f-209b-429c-a7b3-41237ae8086f 77adece6049b4a8dbe6bb05132a71e77 7f676e1b912e4447913b5aea51b94736 - - default default] Successfully bumped revision number for resource 8f5adab4-3feb-44fa-b53e-1a706869ea56 (type: security_group_rules) to 0
2026-04-15 19:54:57.052 7 INFO neutron.db.ovn_revision_numbers_db [None req-435e120f-209b-429c-a7b3-41237ae8086f 77adece6049b4a8dbe6bb05132a71e77 7f676e1b912e4447913b5aea51b94736 - - default default] Successfully bumped revision number for resource c116eb9e-90ea-438a-af4e-3295d2543f89 (type: security_group_rules) to 0
2026-04-15 19:54:57.062 7 INFO neutron.db.ovn_revision_numbers_db [None req-435e120f-209b-429c-a7b3-41237ae8086f 77adece6049b4a8dbe6bb05132a71e77 7f676e1b912e4447913b5aea51b94736 - - default default] Successfully bumped revision number for resource ea84e62d-7e72-4290-b19d-c99f7156139c (type: security_group_rules) to 0 [pid: 7|app: 0|req: 870/1739] 10.0.0.51 () {32 vars in 773 bytes} [Wed Apr 15 19:54:56 2026] GET /v2.0/security-groups?tenant_id=10e13e56c99149cbab376ed02289d20a&name=default => generated 2925 bytes in 407 msecs (HTTP/1.1 200) 4 headers in 158 bytes (1 switches on core 0)
2026-04-15 19:54:57.279 7 WARNING neutron.scheduler.dhcp_agent_scheduler [None req-4dd0c80e-7b3b-4ad1-a3df-c6a692aebc81 c3e9bcd3f632400d97b956d2d7507f19 0953d33ccb3a43ca9d6054fb30b87768 - - default default] No more DHCP agents
2026-04-15 19:54:57.280 7 WARNING neutron.api.rpc.agentnotifiers.dhcp_rpc_agent_api [None req-4dd0c80e-7b3b-4ad1-a3df-c6a692aebc81 c3e9bcd3f632400d97b956d2d7507f19 0953d33ccb3a43ca9d6054fb30b87768 - - default default] Unable to schedule network 08aa1392-a7df-4782-b58e-8792e3449614: no agents available; will retry on subsequent port and subnet creation events.
2026-04-15 19:54:57.353 8 WARNING neutron.scheduler.dhcp_agent_scheduler [None req-d01b4f75-1565-45df-8a7c-71e8f6b70ae4 77adece6049b4a8dbe6bb05132a71e77 7f676e1b912e4447913b5aea51b94736 - - default default] No more DHCP agents
2026-04-15 19:54:57.354 8 WARNING neutron.api.rpc.agentnotifiers.dhcp_rpc_agent_api [None req-d01b4f75-1565-45df-8a7c-71e8f6b70ae4 77adece6049b4a8dbe6bb05132a71e77 7f676e1b912e4447913b5aea51b94736 - - default default] Unable to schedule network 981ee2fa-4f7d-4c46-929a-7b335fe44dbe: no agents available; will retry on subsequent port and subnet creation events.
2026-04-15 19:54:57.478 7 INFO neutron.plugins.ml2.drivers.ovn.mech_driver.mech_driver [None req-be5c70ea-d4bd-428d-8a12-58ae5c8fa99a - - - - - -] OVN reports status down for port: 01b410c9-1d23-4774-8307-35e0824aedd4
2026-04-15 19:54:57.479 8 INFO neutron.db.ovn_revision_numbers_db [None req-d01b4f75-1565-45df-8a7c-71e8f6b70ae4 77adece6049b4a8dbe6bb05132a71e77 7f676e1b912e4447913b5aea51b94736 - - default default] Successfully bumped revision number for resource 01b410c9-1d23-4774-8307-35e0824aedd4 (type: ports) to 1
2026-04-15 19:54:57.833 7 INFO neutron.db.ovn_revision_numbers_db [None req-17e54cab-1331-4c5b-a4b7-6dd635b60b53 - - - - - -] Successfully bumped revision number for resource bcfd29a4-0471-451e-915a-830fddfc7e29 (type: ports) to 2
2026-04-15 19:54:57.858 7 INFO neutron.db.ovn_revision_numbers_db [None req-17e54cab-1331-4c5b-a4b7-6dd635b60b53 - - - - - -] Successfully bumped revision number for resource 485f1638-2e02-4d21-9c16-1fe03614e2b0 (type: subnets) to 0 [pid: 7|app: 0|req: 873/1742] 10.0.0.51 () {34 vars in 668 bytes} [Wed Apr 15 19:54:57 2026] POST /v2.0/subnets => generated 626 bytes in 776 msecs (HTTP/1.1 201) 4 headers in 162 bytes (1 switches on core 0) [pid: 7|app: 0|req: 874/1743] 10.0.0.51 () {32 vars in 739 bytes} [Wed Apr 15 19:54:57 2026] DELETE /v2.0/security-groups/a55c457e-ea0d-4abc-92d4-0ec3e169d451 => generated 0 bytes in 217 msecs (HTTP/1.1 204) 2 headers in 112 bytes (1 switches on core 0)
2026-04-15 19:54:58.200 7 INFO neutron.db.ovn_revision_numbers_db [None req-d9103023-d51d-4b7e-a662-5d31f86ebeda c3e9bcd3f632400d97b956d2d7507f19 0953d33ccb3a43ca9d6054fb30b87768 - - default default] Successfully bumped revision number for resource 3cd54766-b056-46e6-9003-06c53157f2aa (type: routers) to 1 [pid: 7|app: 0|req: 875/1744] 10.0.0.51 () {34 vars in 668 bytes} [Wed Apr 15 19:54:58 2026] POST /v2.0/routers => generated 602 bytes in 122 msecs (HTTP/1.1 201) 4 headers in 162 bytes (1 switches on core 0)
2026-04-15 19:54:58.539 7 INFO neutron.db.ovn_revision_numbers_db [None req-ee0cbf88-d8a7-43ca-a190-ac29aa26e522 77adece6049b4a8dbe6bb05132a71e77 7f676e1b912e4447913b5aea51b94736 - - default default] Successfully bumped revision number for resource f6772c35-6044-4f8d-8913-6651607482d9 (type: security_groups) to 1
2026-04-15 19:54:58.552 7 INFO neutron.db.ovn_revision_numbers_db [None req-ee0cbf88-d8a7-43ca-a190-ac29aa26e522 77adece6049b4a8dbe6bb05132a71e77 7f676e1b912e4447913b5aea51b94736 - - default default] Successfully bumped revision number for resource 3d690e94-c363-499c-b066-e6adb3086508 (type: security_group_rules) to 0
2026-04-15 19:54:58.562 7 INFO neutron.db.ovn_revision_numbers_db [None req-ee0cbf88-d8a7-43ca-a190-ac29aa26e522 77adece6049b4a8dbe6bb05132a71e77 7f676e1b912e4447913b5aea51b94736 - - default default] Successfully bumped revision number for resource 81db3782-afe9-4ba1-a397-2475f4878ca8 (type: security_group_rules) to 0
2026-04-15 19:54:58.572 7 INFO neutron.db.ovn_revision_numbers_db [None req-ee0cbf88-d8a7-43ca-a190-ac29aa26e522 77adece6049b4a8dbe6bb05132a71e77 7f676e1b912e4447913b5aea51b94736 - - default default] Successfully bumped revision number for resource d1679c39-fc47-42fa-b5b4-ba974724f794 (type: security_group_rules) to 0
2026-04-15 19:54:58.582 7 INFO neutron.db.ovn_revision_numbers_db [None req-ee0cbf88-d8a7-43ca-a190-ac29aa26e522 77adece6049b4a8dbe6bb05132a71e77 7f676e1b912e4447913b5aea51b94736 - - default default] Successfully bumped revision number for resource d335939d-7dec-4042-8011-7439bd0d3e85 (type: security_group_rules) to 0
2026-04-15 19:54:58.587 8 INFO neutron.plugins.ml2.drivers.ovn.mech_driver.ovsdb.commands [None req-1e22e15f-0736-451c-bf77-81f60d64b757 - - - - - -] Schedule LRP lrp-01b410c9-1d23-4774-8307-35e0824aedd4 on gateway bae41355-5a79-4d5f-ae81-fd0d726641a1 with priority 1
2026-04-15 19:54:58.651 8 INFO neutron.db.ovn_revision_numbers_db [None req-d01b4f75-1565-45df-8a7c-71e8f6b70ae4 77adece6049b4a8dbe6bb05132a71e77 7f676e1b912e4447913b5aea51b94736 - - default default] Successfully bumped revision number for resource 01b410c9-1d23-4774-8307-35e0824aedd4 (type: router_ports) to 1
2026-04-15 19:54:58.659 7 INFO neutron.plugins.ml2.drivers.ovn.mech_driver.ovsdb.ovsdb_monitor [None req-2d8b1366-1e4f-4bdc-aef3-81464f0e3096 - - - - - -] Router 8d6e3da8-4906-45d1-a11b-c412a10fb136 is bound to host instance [pid: 7|app: 0|req: 876/1745] 10.0.0.51 () {32 vars in 773 bytes} [Wed Apr 15 19:54:58 2026] GET /v2.0/security-groups?tenant_id=e29871bf3815493cb7e67f32e1c378de&name=default => generated 2925 bytes in 456 msecs (HTTP/1.1 200) 4 headers in 158 bytes (1 switches on core 0)
2026-04-15 19:54:58.711 7 INFO neutron.plugins.ml2.drivers.ovn.mech_driver.mech_driver [None req-be5c70ea-d4bd-428d-8a12-58ae5c8fa99a - - - - - -] OVN reports status up for port: 01b410c9-1d23-4774-8307-35e0824aedd4
2026-04-15 19:54:58.718 8 INFO neutron.db.ovn_revision_numbers_db [None req-d01b4f75-1565-45df-8a7c-71e8f6b70ae4 77adece6049b4a8dbe6bb05132a71e77 7f676e1b912e4447913b5aea51b94736 - - default default] Successfully bumped revision number for resource 8d6e3da8-4906-45d1-a11b-c412a10fb136 (type: routers) to 2 [pid: 8|app: 0|req: 870/1746] 10.0.0.51 () {34 vars in 668 bytes} [Wed Apr 15 19:54:57 2026] POST /v2.0/routers => generated 966 bytes in 1723 msecs (HTTP/1.1 201) 4 headers in 162 bytes (1 switches on core 0)
2026-04-15 19:54:58.777 7 INFO neutron.plugins.ml2.plugin [None req-be5c70ea-d4bd-428d-8a12-58ae5c8fa99a - - - - - -] Attempt 1 to provision port 01b410c9-1d23-4774-8307-35e0824aedd4 [pid: 8|app: 0|req: 871/1747] 10.0.0.51 () {32 vars in 739 bytes} [Wed Apr 15 19:54:58 2026] DELETE /v2.0/security-groups/f6772c35-6044-4f8d-8913-6651607482d9 => generated 0 bytes in 213 msecs (HTTP/1.1 204) 2 headers in 112 bytes (1 switches on core 0)
2026-04-15 19:54:59.376 8 WARNING neutron.scheduler.dhcp_agent_scheduler [None req-5cbdcd65-cce3-4502-bd66-9a7b5449ad9c 77adece6049b4a8dbe6bb05132a71e77 7f676e1b912e4447913b5aea51b94736 - - default default] No more DHCP agents
2026-04-15 19:54:59.378 8 WARNING neutron.api.rpc.agentnotifiers.dhcp_rpc_agent_api [None req-5cbdcd65-cce3-4502-bd66-9a7b5449ad9c 77adece6049b4a8dbe6bb05132a71e77 7f676e1b912e4447913b5aea51b94736 - - default default] Unable to schedule network 4c02e6f7-b359-4904-9561-a51b0bb2225b: no agents available; will retry on subsequent port and subnet creation events.
2026-04-15 19:54:59.524 8 INFO neutron.db.ovn_revision_numbers_db [None req-5cbdcd65-cce3-4502-bd66-9a7b5449ad9c 77adece6049b4a8dbe6bb05132a71e77 7f676e1b912e4447913b5aea51b94736 - - default default] Successfully bumped revision number for resource fbc838cf-65eb-4d36-9979-dfb2e9e51e4b (type: ports) to 1
2026-04-15 19:54:59.618 8 WARNING neutron.plugins.ml2.drivers.ovn.mech_driver.ovsdb.ovn_client [None req-1d51c280-9033-4a5f-911c-be991f5f73f6 - - - - - -] No hosting information found for port e3420d0c-8fa9-4a90-85cc-0f4e9eba442e: RuntimeError: No hosting information found for port e3420d0c-8fa9-4a90-85cc-0f4e9eba442e
2026-04-15 19:54:59.742 8 INFO neutron.db.ovn_revision_numbers_db [None req-1d51c280-9033-4a5f-911c-be991f5f73f6 - - - - - -] Successfully bumped revision number for resource e3420d0c-8fa9-4a90-85cc-0f4e9eba442e (type: router_ports) to 2
2026-04-15 19:54:59.824 8 INFO neutron.plugins.ml2.drivers.ovn.mech_driver.mech_driver [None req-1d51c280-9033-4a5f-911c-be991f5f73f6 - - - - - -] OVN reports status down for port: bcfd29a4-0471-451e-915a-830fddfc7e29
2026-04-15 19:54:59.935 8 INFO neutron.plugins.ml2.drivers.ovn.mech_driver.mech_driver [None req-1d51c280-9033-4a5f-911c-be991f5f73f6 - - - - - -] OVN reports status down for port: fbc838cf-65eb-4d36-9979-dfb2e9e51e4b
2026-04-15 19:54:59.950 7 WARNING neutron.scheduler.dhcp_agent_scheduler [None req-fd590776-34f9-4b01-b95e-13035270d967 c3e9bcd3f632400d97b956d2d7507f19 0953d33ccb3a43ca9d6054fb30b87768 - - default default] No more DHCP agents
2026-04-15 19:54:59.952 7 WARNING neutron.api.rpc.agentnotifiers.dhcp_rpc_agent_api [None req-fd590776-34f9-4b01-b95e-13035270d967 c3e9bcd3f632400d97b956d2d7507f19 0953d33ccb3a43ca9d6054fb30b87768 - - default default] Unable to schedule network 08aa1392-a7df-4782-b58e-8792e3449614: no agents available; will retry on subsequent port and subnet creation events.
