2026-04-15 19:55:33.052 7 INFO cinder.api.v3.volumes [None req-f184b8b2-dfef-4ef8-b194-aa1b3f63978f 3c931a48bdd34f3c848de65ac8c543de 98aa4c19306340b3a4c89e24dfd03443 - - default default] Delete volume with id: e7c4f64e-e4f8-4e41-a4fe-81037247b706 /var/lib/openstack/lib/python3.12/site-packages/oslo_context/context.py:101: DeprecationWarning: Policy enforcement is depending on the value of is_admin. This key is deprecated. Please update your policy file to use the standard policy values. warnings.warn(
2026-04-15 19:55:33.061 7 INFO cinder.volume.api [None req-f184b8b2-dfef-4ef8-b194-aa1b3f63978f 3c931a48bdd34f3c848de65ac8c543de 98aa4c19306340b3a4c89e24dfd03443 - - default default] Volume info retrieved successfully.
2026-04-15 19:55:33.083 7 INFO cinder.volume.api [None req-f184b8b2-dfef-4ef8-b194-aa1b3f63978f 3c931a48bdd34f3c848de65ac8c543de 98aa4c19306340b3a4c89e24dfd03443 - - default default] Delete volume request issued successfully.
2026-04-15 19:55:33.084 7 INFO cinder.api.openstack.wsgi [None req-f184b8b2-dfef-4ef8-b194-aa1b3f63978f 3c931a48bdd34f3c848de65ac8c543de 98aa4c19306340b3a4c89e24dfd03443 - - default default] http://cinder-api.openstack.svc.cluster.local:8776/v3/98aa4c19306340b3a4c89e24dfd03443/volumes/e7c4f64e-e4f8-4e41-a4fe-81037247b706 returned with HTTP 202 [pid: 7|app: 0|req: 398/792] 10.0.0.51 () {32 vars in 776 bytes} [Wed Apr 15 19:55:33 2026] DELETE /v3/98aa4c19306340b3a4c89e24dfd03443/volumes/e7c4f64e-e4f8-4e41-a4fe-81037247b706 => generated 0 bytes in 39 msecs (HTTP/1.1 202) 6 headers in 233 bytes (1 switches on core 0) /var/lib/openstack/lib/python3.12/site-packages/pycadf/identifier.py:70: UserWarning: Invalid uuid: cinderv3. To ensure interoperability, identifiers should be a valid uuid. warnings.warn(('Invalid uuid: %s. To ensure interoperability, '
2026-04-15 19:55:33.092 7 INFO cinder.api.openstack.wsgi [None req-3378e655-ac39-4d64-84f8-2904c1675181 3c931a48bdd34f3c848de65ac8c543de 98aa4c19306340b3a4c89e24dfd03443 - - default default] GET http://cinder-api.openstack.svc.cluster.local:8776/v3/98aa4c19306340b3a4c89e24dfd03443/volumes/e7c4f64e-e4f8-4e41-a4fe-81037247b706 /var/lib/openstack/lib/python3.12/site-packages/oslo_context/context.py:101: DeprecationWarning: Policy enforcement is depending on the value of is_admin. This key is deprecated. Please update your policy file to use the standard policy values. warnings.warn(
2026-04-15 19:55:33.105 7 INFO cinder.volume.api [None req-3378e655-ac39-4d64-84f8-2904c1675181 3c931a48bdd34f3c848de65ac8c543de 98aa4c19306340b3a4c89e24dfd03443 - - default default] Volume info retrieved successfully.
2026-04-15 19:55:33.110 7 INFO cinder.api.openstack.wsgi [None req-3378e655-ac39-4d64-84f8-2904c1675181 3c931a48bdd34f3c848de65ac8c543de 98aa4c19306340b3a4c89e24dfd03443 - - default default] http://cinder-api.openstack.svc.cluster.local:8776/v3/98aa4c19306340b3a4c89e24dfd03443/volumes/e7c4f64e-e4f8-4e41-a4fe-81037247b706 returned with HTTP 200 [pid: 7|app: 0|req: 399/793] 10.0.0.51 () {32 vars in 773 bytes} [Wed Apr 15 19:55:33 2026] GET /v3/98aa4c19306340b3a4c89e24dfd03443/volumes/e7c4f64e-e4f8-4e41-a4fe-81037247b706 => generated 972 bytes in 21 msecs (HTTP/1.1 200) 7 headers in 285 bytes (1 switches on core 0)
2026-04-15 19:55:33.142 8 INFO cinder.volume.api [None req-63042f8a-ce5d-4334-8768-4ee655d030ba 1728fdff28254778aac78e3ad3b6e83d 1d646be9dab94528a28532bd477fe60a - - default default] Create volume request issued successfully.
2026-04-15 19:55:33.143 8 INFO cinder.api.openstack.wsgi [None req-63042f8a-ce5d-4334-8768-4ee655d030ba 1728fdff28254778aac78e3ad3b6e83d 1d646be9dab94528a28532bd477fe60a - - default default] http://cinder-api.openstack.svc.cluster.local:8776/v3/1d646be9dab94528a28532bd477fe60a/volumes returned with HTTP 202 [pid: 8|app: 0|req: 395/794] 10.0.0.51 () {34 vars in 721 bytes} [Wed Apr 15 19:55:33 2026] POST /v3/1d646be9dab94528a28532bd477fe60a/volumes => generated 876 bytes in 135 msecs (HTTP/1.1 202) 7 headers in 291 bytes (1 switches on core 0) /var/lib/openstack/lib/python3.12/site-packages/pycadf/identifier.py:70: UserWarning: Invalid uuid: cinderv3. To ensure interoperability, identifiers should be a valid uuid. warnings.warn(('Invalid uuid: %s. To ensure interoperability, '
2026-04-15 19:55:33.166 7 INFO cinder.api.openstack.wsgi [None req-77197a19-2876-4491-9c4a-408271538d12 1728fdff28254778aac78e3ad3b6e83d 1d646be9dab94528a28532bd477fe60a - - default default] GET http://cinder-api.openstack.svc.cluster.local:8776/v3/1d646be9dab94528a28532bd477fe60a/volumes/42542018-1d0b-4e55-a6d3-9dfd0474fd1a /var/lib/openstack/lib/python3.12/site-packages/oslo_context/context.py:101: DeprecationWarning: Policy enforcement is depending on the value of is_admin. This key is deprecated. Please update your policy file to use the standard policy values. warnings.warn(
2026-04-15 19:55:33.181 7 INFO cinder.volume.api [None req-77197a19-2876-4491-9c4a-408271538d12 1728fdff28254778aac78e3ad3b6e83d 1d646be9dab94528a28532bd477fe60a - - default default] Volume info retrieved successfully.
2026-04-15 19:55:33.187 7 INFO cinder.api.openstack.wsgi [None req-77197a19-2876-4491-9c4a-408271538d12 1728fdff28254778aac78e3ad3b6e83d 1d646be9dab94528a28532bd477fe60a - - default default] http://cinder-api.openstack.svc.cluster.local:8776/v3/1d646be9dab94528a28532bd477fe60a/volumes/42542018-1d0b-4e55-a6d3-9dfd0474fd1a returned with HTTP 200 [pid: 7|app: 0|req: 400/795] 10.0.0.51 () {32 vars in 773 bytes} [Wed Apr 15 19:55:33 2026] GET /v3/1d646be9dab94528a28532bd477fe60a/volumes/42542018-1d0b-4e55-a6d3-9dfd0474fd1a => generated 944 bytes in 32 msecs (HTTP/1.1 200) 7 headers in 285 bytes (1 switches on core 0) /var/lib/openstack/lib/python3.12/site-packages/pycadf/identifier.py:70: UserWarning: Invalid uuid: cinderv3. To ensure interoperability, identifiers should be a valid uuid. warnings.warn(('Invalid uuid: %s. To ensure interoperability, '
2026-04-15 19:55:34.131 8 INFO cinder.api.openstack.wsgi [None req-dde823a6-6609-4feb-a49a-04812b5f3f81 3c931a48bdd34f3c848de65ac8c543de 98aa4c19306340b3a4c89e24dfd03443 - - default default] GET http://cinder-api.openstack.svc.cluster.local:8776/v3/98aa4c19306340b3a4c89e24dfd03443/volumes/e7c4f64e-e4f8-4e41-a4fe-81037247b706
2026-04-15 19:55:34.141 8 INFO cinder.api.openstack.wsgi [None req-dde823a6-6609-4feb-a49a-04812b5f3f81 3c931a48bdd34f3c848de65ac8c543de 98aa4c19306340b3a4c89e24dfd03443 - - default default] http://cinder-api.openstack.svc.cluster.local:8776/v3/98aa4c19306340b3a4c89e24dfd03443/volumes/e7c4f64e-e4f8-4e41-a4fe-81037247b706 returned with HTTP 404 [pid: 8|app: 0|req: 396/796] 10.0.0.51 () {32 vars in 773 bytes} [Wed Apr 15 19:55:34 2026] GET /v3/98aa4c19306340b3a4c89e24dfd03443/volumes/e7c4f64e-e4f8-4e41-a4fe-81037247b706 => generated 109 bytes in 18 msecs (HTTP/1.1 404) 7 headers in 292 bytes (1 switches on core 0) /var/lib/openstack/lib/python3.12/site-packages/pycadf/identifier.py:70: UserWarning: Invalid uuid: cinderv3. To ensure interoperability, identifiers should be a valid uuid. warnings.warn(('Invalid uuid: %s. To ensure interoperability, '
2026-04-15 19:55:34.208 7 INFO cinder.api.openstack.wsgi [None req-51f410fe-37bf-4b55-b9d2-2b4b294409d6 1728fdff28254778aac78e3ad3b6e83d 1d646be9dab94528a28532bd477fe60a - - default default] GET http://cinder-api.openstack.svc.cluster.local:8776/v3/1d646be9dab94528a28532bd477fe60a/volumes/42542018-1d0b-4e55-a6d3-9dfd0474fd1a /var/lib/openstack/lib/python3.12/site-packages/oslo_context/context.py:101: DeprecationWarning: Policy enforcement is depending on the value of is_admin. This key is deprecated. Please update your policy file to use the standard policy values. warnings.warn(
2026-04-15 19:55:34.222 7 INFO cinder.volume.api [None req-51f410fe-37bf-4b55-b9d2-2b4b294409d6 1728fdff28254778aac78e3ad3b6e83d 1d646be9dab94528a28532bd477fe60a - - default default] Volume info retrieved successfully.
2026-04-15 19:55:34.227 7 INFO cinder.api.openstack.wsgi [None req-51f410fe-37bf-4b55-b9d2-2b4b294409d6 1728fdff28254778aac78e3ad3b6e83d 1d646be9dab94528a28532bd477fe60a - - default default] http://cinder-api.openstack.svc.cluster.local:8776/v3/1d646be9dab94528a28532bd477fe60a/volumes/42542018-1d0b-4e55-a6d3-9dfd0474fd1a returned with HTTP 200 [pid: 7|app: 0|req: 401/797] 10.0.0.51 () {32 vars in 773 bytes} [Wed Apr 15 19:55:34 2026] GET /v3/1d646be9dab94528a28532bd477fe60a/volumes/42542018-1d0b-4e55-a6d3-9dfd0474fd1a => generated 969 bytes in 25 msecs (HTTP/1.1 200) 7 headers in 285 bytes (1 switches on core 0)
2026-04-15 19:55:34.249 8 INFO cinder.api.openstack.wsgi [None req-7d2c3ce4-8495-420c-83db-e1b8816e4b17 1728fdff28254778aac78e3ad3b6e83d 1d646be9dab94528a28532bd477fe60a - - default default] GET http://cinder-api.openstack.svc.cluster.local:8776/v3/1d646be9dab94528a28532bd477fe60a/volumes/42542018-1d0b-4e55-a6d3-9dfd0474fd1a /var/lib/openstack/lib/python3.12/site-packages/oslo_context/context.py:101: DeprecationWarning: Policy enforcement is depending on the value of is_admin. This key is deprecated. Please update your policy file to use the standard policy values. warnings.warn(
2026-04-15 19:55:34.270 8 INFO cinder.volume.api [None req-7d2c3ce4-8495-420c-83db-e1b8816e4b17 1728fdff28254778aac78e3ad3b6e83d 1d646be9dab94528a28532bd477fe60a - - default default] Volume info retrieved successfully.
2026-04-15 19:55:34.277 8 INFO cinder.api.openstack.wsgi [None req-7d2c3ce4-8495-420c-83db-e1b8816e4b17 1728fdff28254778aac78e3ad3b6e83d 1d646be9dab94528a28532bd477fe60a - - default default] http://cinder-api.openstack.svc.cluster.local:8776/v3/1d646be9dab94528a28532bd477fe60a/volumes/42542018-1d0b-4e55-a6d3-9dfd0474fd1a returned with HTTP 200 [pid: 8|app: 0|req: 397/798] 10.0.0.51 () {32 vars in 773 bytes} [Wed Apr 15 19:55:34 2026] GET /v3/1d646be9dab94528a28532bd477fe60a/volumes/42542018-1d0b-4e55-a6d3-9dfd0474fd1a => generated 969 bytes in 35 msecs (HTTP/1.1 200) 7 headers in 285 bytes (1 switches on core 0) /var/lib/openstack/lib/python3.12/site-packages/pycadf/identifier.py:70: UserWarning: Invalid uuid: cinderv3. To ensure interoperability, identifiers should be a valid uuid. warnings.warn(('Invalid uuid: %s. To ensure interoperability, '
2026-04-15 19:55:34.296 7 INFO cinder.api.openstack.wsgi [None req-26560d04-bd2f-489b-a400-6dd179743bf5 1728fdff28254778aac78e3ad3b6e83d 1d646be9dab94528a28532bd477fe60a - - default default] GET http://cinder-api.openstack.svc.cluster.local:8776/v3/1d646be9dab94528a28532bd477fe60a/volumes
2026-04-15 19:55:34.325 7 INFO cinder.volume.api [None req-26560d04-bd2f-489b-a400-6dd179743bf5 1728fdff28254778aac78e3ad3b6e83d 1d646be9dab94528a28532bd477fe60a - - default default] Get all volumes completed successfully.
2026-04-15 19:55:34.326 7 INFO cinder.api.openstack.wsgi [None req-26560d04-bd2f-489b-a400-6dd179743bf5 1728fdff28254778aac78e3ad3b6e83d 1d646be9dab94528a28532bd477fe60a - - default default] http://cinder-api.openstack.svc.cluster.local:8776/v3/1d646be9dab94528a28532bd477fe60a/volumes returned with HTTP 200 [pid: 7|app: 0|req: 402/799] 10.0.0.51 () {32 vars in 699 bytes} [Wed Apr 15 19:55:34 2026] GET /v3/1d646be9dab94528a28532bd477fe60a/volumes => generated 1323 bytes in 36 msecs (HTTP/1.1 200) 7 headers in 286 bytes (1 switches on core 0) /var/lib/openstack/lib/python3.12/site-packages/pycadf/identifier.py:70: UserWarning: Invalid uuid: cinderv3. To ensure interoperability, identifiers should be a valid uuid. warnings.warn(('Invalid uuid: %s. To ensure interoperability, '
2026-04-15 19:55:34.346 8 INFO cinder.api.openstack.wsgi [None req-98e055de-2783-4e0d-82b4-6812366503ef 1728fdff28254778aac78e3ad3b6e83d 1d646be9dab94528a28532bd477fe60a - - default default] GET http://cinder-api.openstack.svc.cluster.local:8776/v3/1d646be9dab94528a28532bd477fe60a/volumes/42542018-1d0b-4e55-a6d3-9dfd0474fd1a /var/lib/openstack/lib/python3.12/site-packages/oslo_context/context.py:101: DeprecationWarning: Policy enforcement is depending on the value of is_admin. This key is deprecated. Please update your policy file to use the standard policy values. warnings.warn(
2026-04-15 19:55:34.360 8 INFO cinder.volume.api [None req-98e055de-2783-4e0d-82b4-6812366503ef 1728fdff28254778aac78e3ad3b6e83d 1d646be9dab94528a28532bd477fe60a - - default default] Volume info retrieved successfully.
2026-04-15 19:55:34.365 8 INFO cinder.api.openstack.wsgi [None req-98e055de-2783-4e0d-82b4-6812366503ef 1728fdff28254778aac78e3ad3b6e83d 1d646be9dab94528a28532bd477fe60a - - default default] http://cinder-api.openstack.svc.cluster.local:8776/v3/1d646be9dab94528a28532bd477fe60a/volumes/42542018-1d0b-4e55-a6d3-9dfd0474fd1a returned with HTTP 200 [pid: 8|app: 0|req: 398/800] 10.0.0.51 () {32 vars in 773 bytes} [Wed Apr 15 19:55:34 2026] GET /v3/1d646be9dab94528a28532bd477fe60a/volumes/42542018-1d0b-4e55-a6d3-9dfd0474fd1a => generated 969 bytes in 29 msecs (HTTP/1.1 200) 7 headers in 285 bytes (1 switches on core 0) /var/lib/openstack/lib/python3.12/site-packages/pycadf/identifier.py:70: UserWarning: Invalid uuid: cinderv3. To ensure interoperability, identifiers should be a valid uuid. warnings.warn(('Invalid uuid: %s. To ensure interoperability, '
2026-04-15 19:55:34.383 7 INFO cinder.api.openstack.wsgi [None req-41f94826-0c23-4d79-a630-4b170c66cb87 1728fdff28254778aac78e3ad3b6e83d 1d646be9dab94528a28532bd477fe60a - - default default] DELETE http://cinder-api.openstack.svc.cluster.local:8776/v3/1d646be9dab94528a28532bd477fe60a/volumes/42542018-1d0b-4e55-a6d3-9dfd0474fd1a
2026-04-15 19:55:34.384 7 INFO cinder.api.v3.volumes [None req-41f94826-0c23-4d79-a630-4b170c66cb87 1728fdff28254778aac78e3ad3b6e83d 1d646be9dab94528a28532bd477fe60a - - default default] Delete volume with id: 42542018-1d0b-4e55-a6d3-9dfd0474fd1a /var/lib/openstack/lib/python3.12/site-packages/oslo_context/context.py:101: DeprecationWarning: Policy enforcement is depending on the value of is_admin. This key is deprecated. Please update your policy file to use the standard policy values. warnings.warn(
2026-04-15 19:55:34.393 7 INFO cinder.volume.api [None req-41f94826-0c23-4d79-a630-4b170c66cb87 1728fdff28254778aac78e3ad3b6e83d 1d646be9dab94528a28532bd477fe60a - - default default] Volume info retrieved successfully.
2026-04-15 19:55:34.412 7 INFO cinder.volume.api [None req-41f94826-0c23-4d79-a630-4b170c66cb87 1728fdff28254778aac78e3ad3b6e83d 1d646be9dab94528a28532bd477fe60a - - default default] Delete volume request issued successfully.
2026-04-15 19:55:34.413 7 INFO cinder.api.openstack.wsgi [None req-41f94826-0c23-4d79-a630-4b170c66cb87 1728fdff28254778aac78e3ad3b6e83d 1d646be9dab94528a28532bd477fe60a - - default default] http://cinder-api.openstack.svc.cluster.local:8776/v3/1d646be9dab94528a28532bd477fe60a/volumes/42542018-1d0b-4e55-a6d3-9dfd0474fd1a returned with HTTP 202 [pid: 7|app: 0|req: 403/801] 10.0.0.51 () {32 vars in 776 bytes} [Wed Apr 15 19:55:34 2026] DELETE /v3/1d646be9dab94528a28532bd477fe60a/volumes/42542018-1d0b-4e55-a6d3-9dfd0474fd1a => generated 0 bytes in 36 msecs (HTTP/1.1 202) 6 headers in 233 bytes (1 switches on core 0) /var/lib/openstack/lib/python3.12/site-packages/pycadf/identifier.py:70: UserWarning: Invalid uuid: cinderv3. To ensure interoperability, identifiers should be a valid uuid. warnings.warn(('Invalid uuid: %s. To ensure interoperability, '
2026-04-15 19:55:34.423 8 INFO cinder.api.openstack.wsgi [None req-22bb4c6b-e2a4-4964-86fa-f0530359f26f 1728fdff28254778aac78e3ad3b6e83d 1d646be9dab94528a28532bd477fe60a - - default default] GET http://cinder-api.openstack.svc.cluster.local:8776/v3/1d646be9dab94528a28532bd477fe60a/volumes/42542018-1d0b-4e55-a6d3-9dfd0474fd1a /var/lib/openstack/lib/python3.12/site-packages/oslo_context/context.py:101: DeprecationWarning: Policy enforcement is depending on the value of is_admin. This key is deprecated. Please update your policy file to use the standard policy values. warnings.warn(
2026-04-15 19:55:34.440 8 INFO cinder.volume.api [None req-22bb4c6b-e2a4-4964-86fa-f0530359f26f 1728fdff28254778aac78e3ad3b6e83d 1d646be9dab94528a28532bd477fe60a - - default default] Volume info retrieved successfully.
2026-04-15 19:55:34.446 8 INFO cinder.api.openstack.wsgi [None req-22bb4c6b-e2a4-4964-86fa-f0530359f26f 1728fdff28254778aac78e3ad3b6e83d 1d646be9dab94528a28532bd477fe60a - - default default] http://cinder-api.openstack.svc.cluster.local:8776/v3/1d646be9dab94528a28532bd477fe60a/volumes/42542018-1d0b-4e55-a6d3-9dfd0474fd1a returned with HTTP 200 [pid: 8|app: 0|req: 399/802] 10.0.0.51 () {32 vars in 773 bytes} [Wed Apr 15 19:55:34 2026] GET /v3/1d646be9dab94528a28532bd477fe60a/volumes/42542018-1d0b-4e55-a6d3-9dfd0474fd1a => generated 968 bytes in 28 msecs (HTTP/1.1 200) 7 headers in 285 bytes (1 switches on core 0) /var/lib/openstack/lib/python3.12/site-packages/pycadf/identifier.py:70: UserWarning: Invalid uuid: cinderv3. To ensure interoperability, identifiers should be a valid uuid. warnings.warn(('Invalid uuid: %s. To ensure interoperability, '
2026-04-15 19:55:35.465 7 INFO cinder.api.openstack.wsgi [None req-d8defbca-f40c-4129-828a-6fc56373bde5 1728fdff28254778aac78e3ad3b6e83d 1d646be9dab94528a28532bd477fe60a - - default default] GET http://cinder-api.openstack.svc.cluster.local:8776/v3/1d646be9dab94528a28532bd477fe60a/volumes/42542018-1d0b-4e55-a6d3-9dfd0474fd1a
2026-04-15 19:55:35.472 7 INFO cinder.api.openstack.wsgi [None req-d8defbca-f40c-4129-828a-6fc56373bde5 1728fdff28254778aac78e3ad3b6e83d 1d646be9dab94528a28532bd477fe60a - - default default] http://cinder-api.openstack.svc.cluster.local:8776/v3/1d646be9dab94528a28532bd477fe60a/volumes/42542018-1d0b-4e55-a6d3-9dfd0474fd1a returned with HTTP 404 [pid: 7|app: 0|req: 404/803] 10.0.0.51 () {32 vars in 773 bytes} [Wed Apr 15 19:55:35 2026] GET /v3/1d646be9dab94528a28532bd477fe60a/volumes/42542018-1d0b-4e55-a6d3-9dfd0474fd1a => generated 109 bytes in 12 msecs (HTTP/1.1 404) 7 headers in 292 bytes (1 switches on core 0) /var/lib/openstack/lib/python3.12/site-packages/pycadf/identifier.py:70: UserWarning: Invalid uuid: cinderv3. To ensure interoperability, identifiers should be a valid uuid. warnings.warn(('Invalid uuid: %s. To ensure interoperability, '
2026-04-15 19:55:35.489 8 INFO cinder.api.openstack.wsgi [None req-33c2daa2-8bda-43b9-b779-aafe49136180 1728fdff28254778aac78e3ad3b6e83d 1d646be9dab94528a28532bd477fe60a - - default default] GET http://cinder-api.openstack.svc.cluster.local:8776/v3/1d646be9dab94528a28532bd477fe60a/volumes/cd39ed7f-7873-4cce-b03a-3ad3adc14953 /var/lib/openstack/lib/python3.12/site-packages/oslo_context/context.py:101: DeprecationWarning: Policy enforcement is depending on the value of is_admin. This key is deprecated. Please update your policy file to use the standard policy values. warnings.warn(
2026-04-15 19:55:35.518 8 INFO cinder.volume.api [None req-33c2daa2-8bda-43b9-b779-aafe49136180 1728fdff28254778aac78e3ad3b6e83d 1d646be9dab94528a28532bd477fe60a - - default default] Volume info retrieved successfully.
2026-04-15 19:55:35.524 8 INFO cinder.api.openstack.wsgi [None req-33c2daa2-8bda-43b9-b779-aafe49136180 1728fdff28254778aac78e3ad3b6e83d 1d646be9dab94528a28532bd477fe60a - - default default] http://cinder-api.openstack.svc.cluster.local:8776/v3/1d646be9dab94528a28532bd477fe60a/volumes/cd39ed7f-7873-4cce-b03a-3ad3adc14953 returned with HTTP 200 [pid: 8|app: 0|req: 400/804] 10.0.0.51 () {32 vars in 773 bytes} [Wed Apr 15 19:55:35 2026] GET /v3/1d646be9dab94528a28532bd477fe60a/volumes/cd39ed7f-7873-4cce-b03a-3ad3adc14953 => generated 968 bytes in 45 msecs (HTTP/1.1 200) 7 headers in 285 bytes (1 switches on core 0) /var/lib/openstack/lib/python3.12/site-packages/pycadf/identifier.py:70: UserWarning: Invalid uuid: cinderv3. To ensure interoperability, identifiers should be a valid uuid. warnings.warn(('Invalid uuid: %s. To ensure interoperability, '
2026-04-15 19:55:35.546 8 INFO cinder.api.openstack.wsgi [None req-3b0b9e86-bd5b-4a4c-a7c6-49b34f0e788b 1728fdff28254778aac78e3ad3b6e83d 1d646be9dab94528a28532bd477fe60a - - default default] DELETE http://cinder-api.openstack.svc.cluster.local:8776/v3/1d646be9dab94528a28532bd477fe60a/volumes/cd39ed7f-7873-4cce-b03a-3ad3adc14953
2026-04-15 19:55:35.547 8 INFO cinder.api.v3.volumes [None req-3b0b9e86-bd5b-4a4c-a7c6-49b34f0e788b 1728fdff28254778aac78e3ad3b6e83d 1d646be9dab94528a28532bd477fe60a - - default default] Delete volume with id: cd39ed7f-7873-4cce-b03a-3ad3adc14953
2026-04-15 19:55:35.548 7 INFO cinder.api.openstack.wsgi [None req-edd44162-601e-4b51-9cec-0547294a9165 77adece6049b4a8dbe6bb05132a71e77 7f676e1b912e4447913b5aea51b94736 - - default default] GET http://cinder-api.openstack.svc.cluster.local:8776/v3/7f676e1b912e4447913b5aea51b94736/scheduler-stats/get_pools?detail=true /var/lib/openstack/lib/python3.12/site-packages/oslo_context/context.py:101: DeprecationWarning: Policy enforcement is depending on the value of is_admin. This key is deprecated. Please update your policy file to use the standard policy values. warnings.warn(
2026-04-15 19:55:35.558 8 INFO cinder.volume.api [None req-3b0b9e86-bd5b-4a4c-a7c6-49b34f0e788b 1728fdff28254778aac78e3ad3b6e83d 1d646be9dab94528a28532bd477fe60a - - default default] Volume info retrieved successfully.
2026-04-15 19:55:35.581 8 INFO cinder.volume.api [None req-3b0b9e86-bd5b-4a4c-a7c6-49b34f0e788b 1728fdff28254778aac78e3ad3b6e83d 1d646be9dab94528a28532bd477fe60a - - default default] Delete volume request issued successfully.
2026-04-15 19:55:35.581 8 INFO cinder.api.openstack.wsgi [None req-3b0b9e86-bd5b-4a4c-a7c6-49b34f0e788b 1728fdff28254778aac78e3ad3b6e83d 1d646be9dab94528a28532bd477fe60a - - default default] http://cinder-api.openstack.svc.cluster.local:8776/v3/1d646be9dab94528a28532bd477fe60a/volumes/cd39ed7f-7873-4cce-b03a-3ad3adc14953 returned with HTTP 202 [pid: 8|app: 0|req: 401/805] 10.0.0.51 () {32 vars in 776 bytes} [Wed Apr 15 19:55:35 2026] DELETE /v3/1d646be9dab94528a28532bd477fe60a/volumes/cd39ed7f-7873-4cce-b03a-3ad3adc14953 => generated 0 bytes in 41 msecs (HTTP/1.1 202) 6 headers in 233 bytes (1 switches on core 0) /var/lib/openstack/lib/python3.12/site-packages/pycadf/identifier.py:70: UserWarning: Invalid uuid: cinderv3. To ensure interoperability, identifiers should be a valid uuid. warnings.warn(('Invalid uuid: %s. To ensure interoperability, '
2026-04-15 19:55:35.596 8 INFO cinder.api.openstack.wsgi [None req-a0c10d3a-2110-4776-875d-c37e039f8fec 1728fdff28254778aac78e3ad3b6e83d 1d646be9dab94528a28532bd477fe60a - - default default] GET http://cinder-api.openstack.svc.cluster.local:8776/v3/1d646be9dab94528a28532bd477fe60a/volumes/cd39ed7f-7873-4cce-b03a-3ad3adc14953 /var/lib/openstack/lib/python3.12/site-packages/oslo_context/context.py:101: DeprecationWarning: Policy enforcement is depending on the value of is_admin. This key is deprecated. Please update your policy file to use the standard policy values. warnings.warn(
2026-04-15 19:55:35.611 8 INFO cinder.volume.api [None req-a0c10d3a-2110-4776-875d-c37e039f8fec 1728fdff28254778aac78e3ad3b6e83d 1d646be9dab94528a28532bd477fe60a - - default default] Volume info retrieved successfully.
2026-04-15 19:55:35.615 8 INFO cinder.api.openstack.wsgi [None req-a0c10d3a-2110-4776-875d-c37e039f8fec 1728fdff28254778aac78e3ad3b6e83d 1d646be9dab94528a28532bd477fe60a - - default default] http://cinder-api.openstack.svc.cluster.local:8776/v3/1d646be9dab94528a28532bd477fe60a/volumes/cd39ed7f-7873-4cce-b03a-3ad3adc14953 returned with HTTP 200 [pid: 8|app: 0|req: 402/806] 10.0.0.51 () {32 vars in 773 bytes} [Wed Apr 15 19:55:35 2026] GET /v3/1d646be9dab94528a28532bd477fe60a/volumes/cd39ed7f-7873-4cce-b03a-3ad3adc14953 => generated 967 bytes in 26 msecs (HTTP/1.1 200) 7 headers in 285 bytes (1 switches on core 0)
2026-04-15 19:55:36.053 7 INFO cinder.api.openstack.wsgi [None req-edd44162-601e-4b51-9cec-0547294a9165 77adece6049b4a8dbe6bb05132a71e77 7f676e1b912e4447913b5aea51b94736 - - default default] http://cinder-api.openstack.svc.cluster.local:8776/v3/7f676e1b912e4447913b5aea51b94736/scheduler-stats/get_pools?detail=true returned with HTTP 200 [pid: 7|app: 0|req: 405/807] 10.0.0.203 () {28 vars in 695 bytes} [Wed Apr 15 19:55:35 2026] GET /v3/7f676e1b912e4447913b5aea51b94736/scheduler-stats/get_pools?detail=true => generated 670 bytes in 567 msecs (HTTP/1.1 200) 7 headers in 285 bytes (1 switches on core 0) /var/lib/openstack/lib/python3.12/site-packages/pycadf/identifier.py:70: UserWarning: Invalid uuid: cinderv3. To ensure interoperability, identifiers should be a valid uuid. warnings.warn(('Invalid uuid: %s. To ensure interoperability, '
2026-04-15 19:55:36.065 8 INFO cinder.api.openstack.wsgi [None req-3ea1726a-600d-4cff-bbee-19033495b22e 77adece6049b4a8dbe6bb05132a71e77 7f676e1b912e4447913b5aea51b94736 - - default default] GET http://cinder-api.openstack.svc.cluster.local:8776/v3/7f676e1b912e4447913b5aea51b94736/volumes/detail?all_tenants=true
2026-04-15 19:55:36.080 8 INFO cinder.volume.api [None req-3ea1726a-600d-4cff-bbee-19033495b22e 77adece6049b4a8dbe6bb05132a71e77 7f676e1b912e4447913b5aea51b94736 - - default default] Get all volumes completed successfully. /var/lib/openstack/lib/python3.12/site-packages/oslo_context/context.py:101: DeprecationWarning: Policy enforcement is depending on the value of is_admin. This key is deprecated. Please update your policy file to use the standard policy values. warnings.warn(
2026-04-15 19:55:36.084 8 INFO cinder.api.openstack.wsgi [None req-3ea1726a-600d-4cff-bbee-19033495b22e 77adece6049b4a8dbe6bb05132a71e77 7f676e1b912e4447913b5aea51b94736 - - default default] http://cinder-api.openstack.svc.cluster.local:8776/v3/7f676e1b912e4447913b5aea51b94736/volumes/detail?all_tenants=true returned with HTTP 200 [pid: 8|app: 0|req: 403/808] 10.0.0.203 () {28 vars in 683 bytes} [Wed Apr 15 19:55:36 2026] GET /v3/7f676e1b912e4447913b5aea51b94736/volumes/detail?all_tenants=true => generated 1137 bytes in 24 msecs (HTTP/1.1 200) 7 headers in 286 bytes (1 switches on core 0)
2026-04-15 19:55:36.095 7 INFO cinder.api.openstack.wsgi [None req-3fee5bba-61f6-442a-a949-83fd85299f48 77adece6049b4a8dbe6bb05132a71e77 7f676e1b912e4447913b5aea51b94736 - - default default] GET http://cinder-api.openstack.svc.cluster.local:8776/v3/7f676e1b912e4447913b5aea51b94736/snapshots?all_tenants=true
2026-04-15 19:55:36.102 7 INFO cinder.volume.api [None req-3fee5bba-61f6-442a-a949-83fd85299f48 77adece6049b4a8dbe6bb05132a71e77 7f676e1b912e4447913b5aea51b94736 - - default default] Get all snapshots completed successfully.
2026-04-15 19:55:36.103 7 INFO cinder.api.openstack.wsgi [None req-3fee5bba-61f6-442a-a949-83fd85299f48 77adece6049b4a8dbe6bb05132a71e77 7f676e1b912e4447913b5aea51b94736 - - default default] http://cinder-api.openstack.svc.cluster.local:8776/v3/7f676e1b912e4447913b5aea51b94736/snapshots?all_tenants=true returned with HTTP 200 [pid: 7|app: 0|req: 406/809] 10.0.0.203 () {28 vars in 673 bytes} [Wed Apr 15 19:55:36 2026] GET /v3/7f676e1b912e4447913b5aea51b94736/snapshots?all_tenants=true => generated 17 bytes in 14 msecs (HTTP/1.1 200) 7 headers in 284 bytes (1 switches on core 0) /var/lib/openstack/lib/python3.12/site-packages/pycadf/identifier.py:70: UserWarning: Invalid uuid: cinderv3. To ensure interoperability, identifiers should be a valid uuid. warnings.warn(('Invalid uuid: %s. To ensure interoperability, '
2026-04-15 19:55:36.113 8 INFO cinder.api.openstack.wsgi [None req-7588dd42-6eb1-45df-b684-75141e3b53fa 77adece6049b4a8dbe6bb05132a71e77 7f676e1b912e4447913b5aea51b94736 - - default default] GET http://cinder-api.openstack.svc.cluster.local:8776/v3/7f676e1b912e4447913b5aea51b94736/volumes/detail?all_tenants=true
2026-04-15 19:55:36.123 8 INFO cinder.volume.api [None req-7588dd42-6eb1-45df-b684-75141e3b53fa 77adece6049b4a8dbe6bb05132a71e77 7f676e1b912e4447913b5aea51b94736 - - default default] Get all volumes completed successfully. /var/lib/openstack/lib/python3.12/site-packages/oslo_context/context.py:101: DeprecationWarning: Policy enforcement is depending on the value of is_admin. This key is deprecated. Please update your policy file to use the standard policy values. warnings.warn(
2026-04-15 19:55:36.127 8 INFO cinder.api.openstack.wsgi [None req-7588dd42-6eb1-45df-b684-75141e3b53fa 77adece6049b4a8dbe6bb05132a71e77 7f676e1b912e4447913b5aea51b94736 - - default default] http://cinder-api.openstack.svc.cluster.local:8776/v3/7f676e1b912e4447913b5aea51b94736/volumes/detail?all_tenants=true returned with HTTP 200 [pid: 8|app: 0|req: 404/810] 10.0.0.203 () {28 vars in 683 bytes} [Wed Apr 15 19:55:36 2026] GET /v3/7f676e1b912e4447913b5aea51b94736/volumes/detail?all_tenants=true => generated 1137 bytes in 19 msecs (HTTP/1.1 200) 7 headers in 286 bytes (1 switches on core 0)
2026-04-15 19:55:36.140 7 INFO cinder.api.openstack.wsgi [None req-9f03ac66-be59-4c50-929c-65ea4a7d9d74 77adece6049b4a8dbe6bb05132a71e77 7f676e1b912e4447913b5aea51b94736 - - default default] GET http://cinder-api.openstack.svc.cluster.local:8776/v3/7f676e1b912e4447913b5aea51b94736/os-services
2026-04-15 19:55:36.152 7 INFO cinder.api.openstack.wsgi [None req-9f03ac66-be59-4c50-929c-65ea4a7d9d74 77adece6049b4a8dbe6bb05132a71e77 7f676e1b912e4447913b5aea51b94736 - - default default] http://cinder-api.openstack.svc.cluster.local:8776/v3/7f676e1b912e4447913b5aea51b94736/os-services returned with HTTP 200 [pid: 7|app: 0|req: 407/811] 10.0.0.203 () {28 vars in 644 bytes} [Wed Apr 15 19:55:36 2026] GET /v3/7f676e1b912e4447913b5aea51b94736/os-services => generated 646 bytes in 23 msecs (HTTP/1.1 200) 7 headers in 285 bytes (1 switches on core 0) /var/lib/openstack/lib/python3.12/site-packages/pycadf/identifier.py:70: UserWarning: Invalid uuid: cinderv3. To ensure interoperability, identifiers should be a valid uuid. warnings.warn(('Invalid uuid: %s. To ensure interoperability, '
2026-04-15 19:55:36.195 8 INFO cinder.api.openstack.wsgi [None req-5e939608-b3a7-4a38-9fcf-ea145ab21e46 77adece6049b4a8dbe6bb05132a71e77 7f676e1b912e4447913b5aea51b94736 - - default default] GET http://cinder-api.openstack.svc.cluster.local:8776/v3/7f676e1b912e4447913b5aea51b94736/os-quota-sets/1d646be9dab94528a28532bd477fe60a?usage=true
2026-04-15 19:55:36.214 8 INFO cinder.api.openstack.wsgi [None req-5e939608-b3a7-4a38-9fcf-ea145ab21e46 77adece6049b4a8dbe6bb05132a71e77 7f676e1b912e4447913b5aea51b94736 - - default default] http://cinder-api.openstack.svc.cluster.local:8776/v3/7f676e1b912e4447913b5aea51b94736/os-quota-sets/1d646be9dab94528a28532bd477fe60a?usage=true returned with HTTP 200 [pid: 8|app: 0|req: 405/812] 10.0.0.203 () {28 vars in 735 bytes} [Wed Apr 15 19:55:36 2026] GET /v3/7f676e1b912e4447913b5aea51b94736/os-quota-sets/1d646be9dab94528a28532bd477fe60a?usage=true => generated 847 bytes in 25 msecs (HTTP/1.1 200) 7 headers in 285 bytes (1 switches on core 0)
2026-04-15 19:55:36.226 7 INFO cinder.api.openstack.wsgi [None req-ed0a0245-6527-4210-85f2-f1bbc5c40815 77adece6049b4a8dbe6bb05132a71e77 7f676e1b912e4447913b5aea51b94736 - - default default] GET http://cinder-api.openstack.svc.cluster.local:8776/v3/7f676e1b912e4447913b5aea51b94736/os-quota-sets/68b1103adb5e4eadb6862a73ef06ecd8?usage=true
2026-04-15 19:55:36.255 7 INFO cinder.api.openstack.wsgi [None req-ed0a0245-6527-4210-85f2-f1bbc5c40815 77adece6049b4a8dbe6bb05132a71e77 7f676e1b912e4447913b5aea51b94736 - - default default] http://cinder-api.openstack.svc.cluster.local:8776/v3/7f676e1b912e4447913b5aea51b94736/os-quota-sets/68b1103adb5e4eadb6862a73ef06ecd8?usage=true returned with HTTP 200 [pid: 7|app: 0|req: 408/813] 10.0.0.203 () {28 vars in 735 bytes} [Wed Apr 15 19:55:36 2026] GET /v3/7f676e1b912e4447913b5aea51b94736/os-quota-sets/68b1103adb5e4eadb6862a73ef06ecd8?usage=true => generated 847 bytes in 37 msecs (HTTP/1.1 200) 7 headers in 285 bytes (1 switches on core 0)
2026-04-15 19:55:36.268 8 INFO cinder.api.openstack.wsgi [None req-227a5a8a-1730-4a2e-933e-78d651bd86fd 77adece6049b4a8dbe6bb05132a71e77 7f676e1b912e4447913b5aea51b94736 - - default default] GET http://cinder-api.openstack.svc.cluster.local:8776/v3/7f676e1b912e4447913b5aea51b94736/os-quota-sets/7abccadd40794ebd9115c1046c1ca645?usage=true
2026-04-15 19:55:36.290 8 INFO cinder.api.openstack.wsgi [None req-227a5a8a-1730-4a2e-933e-78d651bd86fd 77adece6049b4a8dbe6bb05132a71e77 7f676e1b912e4447913b5aea51b94736 - - default default] http://cinder-api.openstack.svc.cluster.local:8776/v3/7f676e1b912e4447913b5aea51b94736/os-quota-sets/7abccadd40794ebd9115c1046c1ca645?usage=true returned with HTTP 200 [pid: 8|app: 0|req: 406/814] 10.0.0.203 () {28 vars in 735 bytes} [Wed Apr 15 19:55:36 2026] GET /v3/7f676e1b912e4447913b5aea51b94736/os-quota-sets/7abccadd40794ebd9115c1046c1ca645?usage=true => generated 845 bytes in 31 msecs (HTTP/1.1 200) 7 headers in 285 bytes (1 switches on core 0)
2026-04-15 19:55:36.304 7 INFO cinder.api.openstack.wsgi [None req-7bc1605d-a15c-495b-bf68-b3d348dc4a89 77adece6049b4a8dbe6bb05132a71e77 7f676e1b912e4447913b5aea51b94736 - - default default] GET http://cinder-api.openstack.svc.cluster.local:8776/v3/7f676e1b912e4447913b5aea51b94736/os-quota-sets/7e79a0b87769433a81dfb9e4b98d9063?usage=true
2026-04-15 19:55:36.327 7 INFO cinder.api.openstack.wsgi [None req-7bc1605d-a15c-495b-bf68-b3d348dc4a89 77adece6049b4a8dbe6bb05132a71e77 7f676e1b912e4447913b5aea51b94736 - - default default] http://cinder-api.openstack.svc.cluster.local:8776/v3/7f676e1b912e4447913b5aea51b94736/os-quota-sets/7e79a0b87769433a81dfb9e4b98d9063?usage=true returned with HTTP 200 [pid: 7|app: 0|req: 409/815] 10.0.0.203 () {28 vars in 735 bytes} [Wed Apr 15 19:55:36 2026] GET /v3/7f676e1b912e4447913b5aea51b94736/os-quota-sets/7e79a0b87769433a81dfb9e4b98d9063?usage=true => generated 847 bytes in 33 msecs (HTTP/1.1 200) 7 headers in 285 bytes (1 switches on core 0)
2026-04-15 19:55:36.341 8 INFO cinder.api.openstack.wsgi [None req-f572a6fd-60b8-4b31-b1e3-2143d4c81d91 77adece6049b4a8dbe6bb05132a71e77 7f676e1b912e4447913b5aea51b94736 - - default default] GET http://cinder-api.openstack.svc.cluster.local:8776/v3/7f676e1b912e4447913b5aea51b94736/os-quota-sets/7f676e1b912e4447913b5aea51b94736?usage=true
2026-04-15 19:55:36.363 8 INFO cinder.api.openstack.wsgi [None req-f572a6fd-60b8-4b31-b1e3-2143d4c81d91 77adece6049b4a8dbe6bb05132a71e77 7f676e1b912e4447913b5aea51b94736 - - default default] http://cinder-api.openstack.svc.cluster.local:8776/v3/7f676e1b912e4447913b5aea51b94736/os-quota-sets/7f676e1b912e4447913b5aea51b94736?usage=true returned with HTTP 200 [pid: 8|app: 0|req: 407/816] 10.0.0.203 () {28 vars in 735 bytes} [Wed Apr 15 19:55:36 2026] GET /v3/7f676e1b912e4447913b5aea51b94736/os-quota-sets/7f676e1b912e4447913b5aea51b94736?usage=true => generated 845 bytes in 32 msecs (HTTP/1.1 200) 7 headers in 285 bytes (1 switches on core 0)
2026-04-15 19:55:36.376 7 INFO cinder.api.openstack.wsgi [None req-b1c59bdc-f3bc-46a2-98b8-175ae8e3b9aa 77adece6049b4a8dbe6bb05132a71e77 7f676e1b912e4447913b5aea51b94736 - - default default] GET http://cinder-api.openstack.svc.cluster.local:8776/v3/7f676e1b912e4447913b5aea51b94736/os-quota-sets/9416793c3daf49d1937e0179a58329c8?usage=true
2026-04-15 19:55:36.395 7 INFO cinder.api.openstack.wsgi [None req-b1c59bdc-f3bc-46a2-98b8-175ae8e3b9aa 77adece6049b4a8dbe6bb05132a71e77 7f676e1b912e4447913b5aea51b94736 - - default default] http://cinder-api.openstack.svc.cluster.local:8776/v3/7f676e1b912e4447913b5aea51b94736/os-quota-sets/9416793c3daf49d1937e0179a58329c8?usage=true returned with HTTP 200 [pid: 7|app: 0|req: 410/817] 10.0.0.203 () {28 vars in 735 bytes} [Wed Apr 15 19:55:36 2026] GET /v3/7f676e1b912e4447913b5aea51b94736/os-quota-sets/9416793c3daf49d1937e0179a58329c8?usage=true => generated 847 bytes in 28 msecs (HTTP/1.1 200) 7 headers in 285 bytes (1 switches on core 0)
2026-04-15 19:55:36.405 8 INFO cinder.api.openstack.wsgi [None req-427b9a5c-3d57-4b85-beec-e9d740060c01 77adece6049b4a8dbe6bb05132a71e77 7f676e1b912e4447913b5aea51b94736 - - default default] GET http://cinder-api.openstack.svc.cluster.local:8776/v3/7f676e1b912e4447913b5aea51b94736/os-quota-sets/98aa4c19306340b3a4c89e24dfd03443?usage=true
2026-04-15 19:55:36.425 8 INFO cinder.api.openstack.wsgi [None req-427b9a5c-3d57-4b85-beec-e9d740060c01 77adece6049b4a8dbe6bb05132a71e77 7f676e1b912e4447913b5aea51b94736 - - default default] http://cinder-api.openstack.svc.cluster.local:8776/v3/7f676e1b912e4447913b5aea51b94736/os-quota-sets/98aa4c19306340b3a4c89e24dfd03443?usage=true returned with HTTP 200 [pid: 8|app: 0|req: 408/818] 10.0.0.203 () {28 vars in 735 bytes} [Wed Apr 15 19:55:36 2026] GET /v3/7f676e1b912e4447913b5aea51b94736/os-quota-sets/98aa4c19306340b3a4c89e24dfd03443?usage=true => generated 847 bytes in 27 msecs (HTTP/1.1 200) 7 headers in 285 bytes (1 switches on core 0)
2026-04-15 19:55:36.440 7 INFO cinder.api.openstack.wsgi [None req-f7adeedf-263b-45ed-8832-bdf326ba2a5b 77adece6049b4a8dbe6bb05132a71e77 7f676e1b912e4447913b5aea51b94736 - - default default] GET http://cinder-api.openstack.svc.cluster.local:8776/v3/7f676e1b912e4447913b5aea51b94736/os-quota-sets/ad0b27f79b17434889816dd828881b23?usage=true
2026-04-15 19:55:36.470 7 INFO cinder.api.openstack.wsgi [None req-f7adeedf-263b-45ed-8832-bdf326ba2a5b 77adece6049b4a8dbe6bb05132a71e77 7f676e1b912e4447913b5aea51b94736 - - default default] http://cinder-api.openstack.svc.cluster.local:8776/v3/7f676e1b912e4447913b5aea51b94736/os-quota-sets/ad0b27f79b17434889816dd828881b23?usage=true returned with HTTP 200 [pid: 7|app: 0|req: 411/819] 10.0.0.203 () {28 vars in 735 bytes} [Wed Apr 15 19:55:36 2026] GET /v3/7f676e1b912e4447913b5aea51b94736/os-quota-sets/ad0b27f79b17434889816dd828881b23?usage=true => generated 847 bytes in 42 msecs (HTTP/1.1 200) 7 headers in 285 bytes (1 switches on core 0)
2026-04-15 19:55:36.485 8 INFO cinder.api.openstack.wsgi [None req-cb5a74a1-1e09-42ed-9233-d1a23fce9944 77adece6049b4a8dbe6bb05132a71e77 7f676e1b912e4447913b5aea51b94736 - - default default] GET http://cinder-api.openstack.svc.cluster.local:8776/v3/7f676e1b912e4447913b5aea51b94736/os-quota-sets/d46a9fe427f447dca22c4578017636e9?usage=true
2026-04-15 19:55:36.506 8 INFO cinder.api.openstack.wsgi [None req-cb5a74a1-1e09-42ed-9233-d1a23fce9944 77adece6049b4a8dbe6bb05132a71e77 7f676e1b912e4447913b5aea51b94736 - - default default] http://cinder-api.openstack.svc.cluster.local:8776/v3/7f676e1b912e4447913b5aea51b94736/os-quota-sets/d46a9fe427f447dca22c4578017636e9?usage=true returned with HTTP 200 [pid: 8|app: 0|req: 409/820] 10.0.0.203 () {28 vars in 735 bytes} [Wed Apr 15 19:55:36 2026] GET /v3/7f676e1b912e4447913b5aea51b94736/os-quota-sets/d46a9fe427f447dca22c4578017636e9?usage=true => generated 847 bytes in 30 msecs (HTTP/1.1 200) 7 headers in 285 bytes (1 switches on core 0)
2026-04-15 19:55:36.520 7 INFO cinder.api.openstack.wsgi [None req-fb0d14e9-cbe1-4a2e-bbcc-131a56b732ba 77adece6049b4a8dbe6bb05132a71e77 7f676e1b912e4447913b5aea51b94736 - - default default] GET http://cinder-api.openstack.svc.cluster.local:8776/v3/7f676e1b912e4447913b5aea51b94736/os-quota-sets/d7dd21f2fd4746b78b3b15b48a886667?usage=true
2026-04-15 19:55:36.543 7 INFO cinder.api.openstack.wsgi [None req-fb0d14e9-cbe1-4a2e-bbcc-131a56b732ba 77adece6049b4a8dbe6bb05132a71e77 7f676e1b912e4447913b5aea51b94736 - - default default] http://cinder-api.openstack.svc.cluster.local:8776/v3/7f676e1b912e4447913b5aea51b94736/os-quota-sets/d7dd21f2fd4746b78b3b15b48a886667?usage=true returned with HTTP 200 [pid: 7|app: 0|req: 412/821] 10.0.0.203 () {28 vars in 735 bytes} [Wed Apr 15 19:55:36 2026] GET /v3/7f676e1b912e4447913b5aea51b94736/os-quota-sets/d7dd21f2fd4746b78b3b15b48a886667?usage=true => generated 847 bytes in 33 msecs (HTTP/1.1 200) 7 headers in 285 bytes (1 switches on core 0)
2026-04-15 19:55:36.641 8 INFO cinder.api.openstack.wsgi [None req-6f99ba97-dd29-4cd2-bc08-bdc95e617cf5 1728fdff28254778aac78e3ad3b6e83d 1d646be9dab94528a28532bd477fe60a - - default default] GET http://cinder-api.openstack.svc.cluster.local:8776/v3/1d646be9dab94528a28532bd477fe60a/volumes/cd39ed7f-7873-4cce-b03a-3ad3adc14953
2026-04-15 19:55:36.652 8 INFO cinder.api.openstack.wsgi [None req-6f99ba97-dd29-4cd2-bc08-bdc95e617cf5 1728fdff28254778aac78e3ad3b6e83d 1d646be9dab94528a28532bd477fe60a - - default default] http://cinder-api.openstack.svc.cluster.local:8776/v3/1d646be9dab94528a28532bd477fe60a/volumes/cd39ed7f-7873-4cce-b03a-3ad3adc14953 returned with HTTP 404 [pid: 8|app: 0|req: 410/822] 10.0.0.51 () {32 vars in 773 bytes} [Wed Apr 15 19:55:36 2026] GET /v3/1d646be9dab94528a28532bd477fe60a/volumes/cd39ed7f-7873-4cce-b03a-3ad3adc14953 => generated 109 bytes in 18 msecs (HTTP/1.1 404) 7 headers in 292 bytes (1 switches on core 0)
2026-04-15 19:55:36.664 7 INFO cinder.api.openstack.wsgi [None req-842d0770-957e-459a-b692-e84a2e396eb6 1728fdff28254778aac78e3ad3b6e83d 1d646be9dab94528a28532bd477fe60a - - default default] GET http://cinder-api.openstack.svc.cluster.local:8776/v3/1d646be9dab94528a28532bd477fe60a/volumes/4cd9f638-193d-4b89-937b-f7431e6cb602 /var/lib/openstack/lib/python3.12/site-packages/oslo_context/context.py:101: DeprecationWarning: Policy enforcement is depending on the value of is_admin. This key is deprecated. Please update your policy file to use the standard policy values. warnings.warn(
2026-04-15 19:55:36.681 7 INFO cinder.volume.api [None req-842d0770-957e-459a-b692-e84a2e396eb6 1728fdff28254778aac78e3ad3b6e83d 1d646be9dab94528a28532bd477fe60a - - default default] Volume info retrieved successfully.
2026-04-15 19:55:36.685 7 INFO cinder.api.openstack.wsgi [None req-842d0770-957e-459a-b692-e84a2e396eb6 1728fdff28254778aac78e3ad3b6e83d 1d646be9dab94528a28532bd477fe60a - - default default] http://cinder-api.openstack.svc.cluster.local:8776/v3/1d646be9dab94528a28532bd477fe60a/volumes/4cd9f638-193d-4b89-937b-f7431e6cb602 returned with HTTP 200 [pid: 7|app: 0|req: 413/823] 10.0.0.51 () {32 vars in 773 bytes} [Wed Apr 15 19:55:36 2026] GET /v3/1d646be9dab94528a28532bd477fe60a/volumes/4cd9f638-193d-4b89-937b-f7431e6cb602 => generated 969 bytes in 27 msecs (HTTP/1.1 200) 7 headers in 285 bytes (1 switches on core 0)
2026-04-15 19:55:36.705 8 INFO cinder.api.openstack.wsgi [None req-9e0380b0-38c6-4634-934d-6bfb3e3b0b66 1728fdff28254778aac78e3ad3b6e83d 1d646be9dab94528a28532bd477fe60a - - default default] DELETE http://cinder-api.openstack.svc.cluster.local:8776/v3/1d646be9dab94528a28532bd477fe60a/volumes/4cd9f638-193d-4b89-937b-f7431e6cb602
2026-04-15 19:55:36.706 8 INFO cinder.api.v3.volumes [None req-9e0380b0-38c6-4634-934d-6bfb3e3b0b66 1728fdff28254778aac78e3ad3b6e83d 1d646be9dab94528a28532bd477fe60a - - default default] Delete volume with id: 4cd9f638-193d-4b89-937b-f7431e6cb602 /var/lib/openstack/lib/python3.12/site-packages/oslo_context/context.py:101: DeprecationWarning: Policy enforcement is depending on the value of is_admin. This key is deprecated. Please update your policy file to use the standard policy values. warnings.warn(
2026-04-15 19:55:36.718 8 INFO cinder.volume.api [None req-9e0380b0-38c6-4634-934d-6bfb3e3b0b66 1728fdff28254778aac78e3ad3b6e83d 1d646be9dab94528a28532bd477fe60a - - default default] Volume info retrieved successfully.
2026-04-15 19:55:36.745 8 INFO cinder.volume.api [None req-9e0380b0-38c6-4634-934d-6bfb3e3b0b66 1728fdff28254778aac78e3ad3b6e83d 1d646be9dab94528a28532bd477fe60a - - default default] Delete volume request issued successfully.
2026-04-15 19:55:36.746 8 INFO cinder.api.openstack.wsgi [None req-9e0380b0-38c6-4634-934d-6bfb3e3b0b66 1728fdff28254778aac78e3ad3b6e83d 1d646be9dab94528a28532bd477fe60a - - default default] http://cinder-api.openstack.svc.cluster.local:8776/v3/1d646be9dab94528a28532bd477fe60a/volumes/4cd9f638-193d-4b89-937b-f7431e6cb602 returned with HTTP 202 [pid: 8|app: 0|req: 411/824] 10.0.0.51 () {32 vars in 776 bytes} [Wed Apr 15 19:55:36 2026] DELETE /v3/1d646be9dab94528a28532bd477fe60a/volumes/4cd9f638-193d-4b89-937b-f7431e6cb602 => generated 0 bytes in 48 msecs (HTTP/1.1 202) 6 headers in 233 bytes (1 switches on core 0) /var/lib/openstack/lib/python3.12/site-packages/pycadf/identifier.py:70: UserWarning: Invalid uuid: cinderv3. To ensure interoperability, identifiers should be a valid uuid. warnings.warn(('Invalid uuid: %s. To ensure interoperability, '
2026-04-15 19:55:36.759 7 INFO cinder.api.openstack.wsgi [None req-5edb5d25-58b7-42c8-9a9d-d858429e9ea7 1728fdff28254778aac78e3ad3b6e83d 1d646be9dab94528a28532bd477fe60a - - default default] GET http://cinder-api.openstack.svc.cluster.local:8776/v3/1d646be9dab94528a28532bd477fe60a/volumes/4cd9f638-193d-4b89-937b-f7431e6cb602 /var/lib/openstack/lib/python3.12/site-packages/oslo_context/context.py:101: DeprecationWarning: Policy enforcement is depending on the value of is_admin. This key is deprecated. Please update your policy file to use the standard policy values. warnings.warn(
2026-04-15 19:55:36.775 7 INFO cinder.volume.api [None req-5edb5d25-58b7-42c8-9a9d-d858429e9ea7 1728fdff28254778aac78e3ad3b6e83d 1d646be9dab94528a28532bd477fe60a - - default default] Volume info retrieved successfully.
2026-04-15 19:55:36.779 7 INFO cinder.api.openstack.wsgi [None req-5edb5d25-58b7-42c8-9a9d-d858429e9ea7 1728fdff28254778aac78e3ad3b6e83d 1d646be9dab94528a28532bd477fe60a - - default default] http://cinder-api.openstack.svc.cluster.local:8776/v3/1d646be9dab94528a28532bd477fe60a/volumes/4cd9f638-193d-4b89-937b-f7431e6cb602 returned with HTTP 200 [pid: 7|app: 0|req: 414/825] 10.0.0.51 () {32 vars in 773 bytes} [Wed Apr 15 19:55:36 2026] GET /v3/1d646be9dab94528a28532bd477fe60a/volumes/4cd9f638-193d-4b89-937b-f7431e6cb602 => generated 968 bytes in 26 msecs (HTTP/1.1 200) 7 headers in 285 bytes (1 switches on core 0) /var/lib/openstack/lib/python3.12/site-packages/pycadf/identifier.py:70: UserWarning: Invalid uuid: cinderv3. To ensure interoperability, identifiers should be a valid uuid. warnings.warn(('Invalid uuid: %s. To ensure interoperability, '
2026-04-15 19:55:37.803 8 INFO cinder.api.openstack.wsgi [None req-39b6e383-5302-4d95-b6d7-9686198f2f5a 1728fdff28254778aac78e3ad3b6e83d 1d646be9dab94528a28532bd477fe60a - - default default] GET http://cinder-api.openstack.svc.cluster.local:8776/v3/1d646be9dab94528a28532bd477fe60a/volumes/4cd9f638-193d-4b89-937b-f7431e6cb602
2026-04-15 19:55:37.816 8 INFO cinder.api.openstack.wsgi [None req-39b6e383-5302-4d95-b6d7-9686198f2f5a 1728fdff28254778aac78e3ad3b6e83d 1d646be9dab94528a28532bd477fe60a - - default default] http://cinder-api.openstack.svc.cluster.local:8776/v3/1d646be9dab94528a28532bd477fe60a/volumes/4cd9f638-193d-4b89-937b-f7431e6cb602 returned with HTTP 404 [pid: 8|app: 0|req: 412/826] 10.0.0.51 () {32 vars in 773 bytes} [Wed Apr 15 19:55:37 2026] GET /v3/1d646be9dab94528a28532bd477fe60a/volumes/4cd9f638-193d-4b89-937b-f7431e6cb602 => generated 109 bytes in 22 msecs (HTTP/1.1 404) 7 headers in 292 bytes (1 switches on core 0)
2026-04-15 19:55:39.456 7 INFO cinder.api.openstack.wsgi [None req-5edb5d25-58b7-42c8-9a9d-d858429e9ea7 1728fdff28254778aac78e3ad3b6e83d 1d646be9dab94528a28532bd477fe60a - - default default] GET http://10.0.0.254:8776/
2026-04-15 19:55:39.456 8 INFO cinder.api.openstack.wsgi [None req-39b6e383-5302-4d95-b6d7-9686198f2f5a 1728fdff28254778aac78e3ad3b6e83d 1d646be9dab94528a28532bd477fe60a - - default default] GET http://10.0.0.254:8776/
2026-04-15 19:55:39.456 7 INFO cinder.api.openstack.wsgi [None req-5edb5d25-58b7-42c8-9a9d-d858429e9ea7 1728fdff28254778aac78e3ad3b6e83d 1d646be9dab94528a28532bd477fe60a - - default default] http://10.0.0.254:8776/ returned with HTTP 300
2026-04-15 19:55:39.456 8 INFO cinder.api.openstack.wsgi [None req-39b6e383-5302-4d95-b6d7-9686198f2f5a 1728fdff28254778aac78e3ad3b6e83d 1d646be9dab94528a28532bd477fe60a - - default default] http://10.0.0.254:8776/ returned with HTTP 300
2026-04-15 19:55:42.246 7 INFO cinder.api.openstack.wsgi [None req-5edb5d25-58b7-42c8-9a9d-d858429e9ea7 1728fdff28254778aac78e3ad3b6e83d 1d646be9dab94528a28532bd477fe60a - - default default] GET http://cinder-api.openstack.svc.cluster.local:8776/
2026-04-15 19:55:42.247 7 INFO cinder.api.openstack.wsgi [None req-5edb5d25-58b7-42c8-9a9d-d858429e9ea7 1728fdff28254778aac78e3ad3b6e83d 1d646be9dab94528a28532bd477fe60a - - default default] http://cinder-api.openstack.svc.cluster.local:8776/ returned with HTTP 300 [pid: 7|app: 0|req: 416/829] 10.0.0.214 () {28 vars in 375 bytes} [Wed Apr 15 19:55:42 2026] GET / => generated 411 bytes in 2 msecs (HTTP/1.1 300) 5 headers in 169 bytes (1 switches on core 0)
2026-04-15 19:55:42.258 8 INFO cinder.api.openstack.wsgi [None req-28d01d46-08fd-4d51-b35d-fc0e92fbfbfd ab706c457b8447b4816252bebd5afd4b 15470c9926f646d2af896d19bf069e20 - - default default] GET http://cinder-api.openstack.svc.cluster.local:8776/v3/15470c9926f646d2af896d19bf069e20/limits?tenant_id=15470c9926f646d2af896d19bf069e20
2026-04-15 19:55:42.300 8 INFO cinder.api.openstack.wsgi [None req-28d01d46-08fd-4d51-b35d-fc0e92fbfbfd ab706c457b8447b4816252bebd5afd4b 15470c9926f646d2af896d19bf069e20 - - default default] http://cinder-api.openstack.svc.cluster.local:8776/v3/15470c9926f646d2af896d19bf069e20/limits?tenant_id=15470c9926f646d2af896d19bf069e20 returned with HTTP 200 [pid: 8|app: 0|req: 414/830] 10.0.0.214 () {34 vars in 878 bytes} [Wed Apr 15 19:55:42 2026] GET /v3/15470c9926f646d2af896d19bf069e20/limits?tenant_id=15470c9926f646d2af896d19bf069e20 => generated 302 bytes in 48 msecs (HTTP/1.1 200) 7 headers in 286 bytes (1 switches on core 0)
2026-04-15 19:55:44.939 7 INFO cinder.api.openstack.wsgi [None req-5edb5d25-58b7-42c8-9a9d-d858429e9ea7 1728fdff28254778aac78e3ad3b6e83d 1d646be9dab94528a28532bd477fe60a - - default default] GET http://cinder-api.openstack.svc.cluster.local:8776/
