Jun 26 01:32:37.600647 np0000183035 systemd[1]: Starting devstack@n-api-meta.service - Devstack devstack@n-api-meta.service...
Jun 26 01:32:37.607707 np0000183035 devstack@n-api-meta.service[108425]: [uWSGI] getting INI configuration from /etc/nova/nova-metadata-uwsgi.ini
Jun 26 01:32:37.610808 np0000183035 devstack@n-api-meta.service[108425]: *** Starting uWSGI 2.0.24-debian (64bit) on [Fri Jun 26 01:32:37 2026] ***
Jun 26 01:32:37.610808 np0000183035 devstack@n-api-meta.service[108425]: compiled with version: 13.2.0 on 17 April 2024 16:23:48
Jun 26 01:32:37.610808 np0000183035 devstack@n-api-meta.service[108425]: os: Linux-6.8.0-124-generic #124-Ubuntu SMP PREEMPT_DYNAMIC Tue May 26 13:00:45 UTC 2026
Jun 26 01:32:37.610808 np0000183035 devstack@n-api-meta.service[108425]: nodename: np0000183035
Jun 26 01:32:37.610808 np0000183035 devstack@n-api-meta.service[108425]: machine: x86_64
Jun 26 01:32:37.610808 np0000183035 devstack@n-api-meta.service[108425]: clock source: unix
Jun 26 01:32:37.610808 np0000183035 devstack@n-api-meta.service[108425]: pcre jit disabled
Jun 26 01:32:37.610808 np0000183035 devstack@n-api-meta.service[108425]: detected number of CPU cores: 16
Jun 26 01:32:37.610808 np0000183035 devstack@n-api-meta.service[108425]: current working directory: /
Jun 26 01:32:37.610808 np0000183035 devstack@n-api-meta.service[108425]: detected binary path: /usr/bin/uwsgi-core
Jun 26 01:32:37.610808 np0000183035 devstack@n-api-meta.service[108425]: your processes number limit is 256917
Jun 26 01:32:37.610808 np0000183035 devstack@n-api-meta.service[108425]: your memory page size is 4096 bytes
Jun 26 01:32:37.610808 np0000183035 devstack@n-api-meta.service[108425]: detected max file descriptor number: 2048
Jun 26 01:32:37.610808 np0000183035 devstack@n-api-meta.service[108425]: lock engine: pthread robust mutexes
Jun 26 01:32:37.611988 np0000183035 devstack@n-api-meta.service[108425]: thunder lock: enabled
Jun 26 01:32:37.611988 np0000183035 devstack@n-api-meta.service[108425]: uWSGI http bound on 0.0.0.0:8775 fd 5
Jun 26 01:32:37.611988 np0000183035 devstack@n-api-meta.service[108425]: uwsgi socket 0 bound to TCP address 127.0.0.1:46687 (port auto-assigned) fd 4
Jun 26 01:32:37.611988 np0000183035 devstack@n-api-meta.service[108425]: Python version: 3.12.3 (main, Mar 23 2026, 19:04:32) [GCC 13.3.0]
Jun 26 01:32:37.611988 np0000183035 devstack@n-api-meta.service[108425]: PEP 405 virtualenv detected: /opt/stack/data/venv
Jun 26 01:32:37.611988 np0000183035 devstack@n-api-meta.service[108425]: Set PythonHome to /opt/stack/data/venv
Jun 26 01:32:37.647267 np0000183035 devstack@n-api-meta.service[108425]: Python main interpreter initialized at 0x7656de8a3668
Jun 26 01:32:37.647267 np0000183035 devstack@n-api-meta.service[108425]: python threads support enabled
Jun 26 01:32:37.647267 np0000183035 devstack@n-api-meta.service[108425]: your server socket listen backlog is limited to 100 connections
Jun 26 01:32:37.647267 np0000183035 devstack@n-api-meta.service[108425]: your mercy for graceful operations on workers is 80 seconds
Jun 26 01:32:37.647890 np0000183035 devstack@n-api-meta.service[108425]: mapped 671795 bytes (656 KB) for 4 cores
Jun 26 01:32:37.648030 np0000183035 devstack@n-api-meta.service[108425]: *** Operational MODE: preforking ***
Jun 26 01:32:37.648221 np0000183035 devstack@n-api-meta.service[108425]: *** uWSGI is running in multiple interpreter mode ***
Jun 26 01:32:37.648221 np0000183035 devstack@n-api-meta.service[108425]: spawned uWSGI master process (pid: 108425)
Jun 26 01:32:37.648485 np0000183035 systemd[1]: Started devstack@n-api-meta.service - Devstack devstack@n-api-meta.service.
Jun 26 01:32:37.648892 np0000183035 devstack@n-api-meta.service[108425]: spawned uWSGI worker 1 (pid: 108426, cores: 1)
Jun 26 01:32:37.649556 np0000183035 devstack@n-api-meta.service[108425]: spawned uWSGI worker 2 (pid: 108427, cores: 1)
Jun 26 01:32:37.650014 np0000183035 devstack@n-api-meta.service[108425]: spawned uWSGI worker 3 (pid: 108428, cores: 1)
Jun 26 01:32:37.650573 np0000183035 devstack@n-api-meta.service[108425]: spawned uWSGI worker 4 (pid: 108429, cores: 1)
Jun 26 01:32:37.651076 np0000183035 devstack@n-api-meta.service[108425]: spawned uWSGI http 1 (pid: 108430)
Jun 26 01:32:37.651076 np0000183035 devstack@n-api-meta.service[108425]: running "unix_signal:15 gracefully_kill_them_all" (master-start)...
Jun 26 01:32:39.325364 np0000183035 devstack@n-api-meta.service[108427]: INFO dbcounter [None req-3fd71e35-de8f-47ca-8de6-f8741150192e None None] Registered counter for database nova_api
Jun 26 01:32:39.368571 np0000183035 devstack@n-api-meta.service[108427]: DEBUG oslo_db.sqlalchemy.engines [None req-3fd71e35-de8f-47ca-8de6-f8741150192e None None] MySQL server mode set to STRICT_TRANS_TABLES,STRICT_ALL_TABLES,NO_ZERO_IN_DATE,NO_ZERO_DATE,ERROR_FOR_DIVISION_BY_ZERO,TRADITIONAL,NO_ENGINE_SUBSTITUTION {{(pid=108427) _check_effective_sql_mode /opt/stack/data/venv/lib/python3.12/site-packages/oslo_db/sqlalchemy/engines.py:325}}
Jun 26 01:32:39.398370 np0000183035 devstack@n-api-meta.service[108427]: DEBUG dbcounter [-] [108427] Writer thread running {{(pid=108427) stat_writer /opt/stack/data/venv/lib/python3.12/site-packages/dbcounter.py:102}}
Jun 26 01:32:39.400690 np0000183035 devstack@n-api-meta.service[108427]: DEBUG nova.context [None req-3fd71e35-de8f-47ca-8de6-f8741150192e None None] Found 2 cells: 00000000-0000-0000-0000-000000000000(cell0),ad1893e8-7ece-4c16-9b8d-e831496f60e5(cell1) {{(pid=108427) load_cells /opt/stack/nova/nova/context.py:509}}
Jun 26 01:32:39.400907 np0000183035 devstack@n-api-meta.service[108427]: INFO nova.utils [None req-3fd71e35-de8f-47ca-8de6-f8741150192e None None] The cell worker thread pool MainProcess.cell_worker is initialized
Jun 26 01:32:39.402619 np0000183035 devstack@n-api-meta.service[108427]: DEBUG oslo_concurrency.lockutils [None req-3fd71e35-de8f-47ca-8de6-f8741150192e None None] Acquiring lock "00000000-0000-0000-0000-000000000000" by "nova.context.set_target_cell..get_or_set_cached_cell_and_set_connections" {{(pid=108427) inner /opt/stack/data/venv/lib/python3.12/site-packages/oslo_concurrency/lockutils.py:511}}
Jun 26 01:32:39.402770 np0000183035 devstack@n-api-meta.service[108427]: DEBUG oslo_concurrency.lockutils [None req-3fd71e35-de8f-47ca-8de6-f8741150192e None None] Lock "00000000-0000-0000-0000-000000000000" acquired by "nova.context.set_target_cell..get_or_set_cached_cell_and_set_connections" :: waited 0.000s {{(pid=108427) inner /opt/stack/data/venv/lib/python3.12/site-packages/oslo_concurrency/lockutils.py:524}}
Jun 26 01:32:39.403120 np0000183035 devstack@n-api-meta.service[108427]: DEBUG oslo_concurrency.lockutils [None req-3fd71e35-de8f-47ca-8de6-f8741150192e None None] Lock "00000000-0000-0000-0000-000000000000" "released" by "nova.context.set_target_cell..get_or_set_cached_cell_and_set_connections" :: held 0.000s {{(pid=108427) inner /opt/stack/data/venv/lib/python3.12/site-packages/oslo_concurrency/lockutils.py:543}}
Jun 26 01:32:39.403324 np0000183035 devstack@n-api-meta.service[108428]: INFO dbcounter [None req-835656e8-2455-4ff3-9735-f0981e449a70 None None] Registered counter for database nova_api
Jun 26 01:32:39.403952 np0000183035 devstack@n-api-meta.service[108427]: DEBUG oslo_concurrency.lockutils [None req-3fd71e35-de8f-47ca-8de6-f8741150192e None None] Acquiring lock "ad1893e8-7ece-4c16-9b8d-e831496f60e5" by "nova.context.set_target_cell..get_or_set_cached_cell_and_set_connections" {{(pid=108427) inner /opt/stack/data/venv/lib/python3.12/site-packages/oslo_concurrency/lockutils.py:511}}
Jun 26 01:32:39.404083 np0000183035 devstack@n-api-meta.service[108427]: DEBUG oslo_concurrency.lockutils [None req-3fd71e35-de8f-47ca-8de6-f8741150192e None None] Lock "ad1893e8-7ece-4c16-9b8d-e831496f60e5" acquired by "nova.context.set_target_cell..get_or_set_cached_cell_and_set_connections" :: waited 0.000s {{(pid=108427) inner /opt/stack/data/venv/lib/python3.12/site-packages/oslo_concurrency/lockutils.py:524}}
Jun 26 01:32:39.404933 np0000183035 devstack@n-api-meta.service[108427]: DEBUG oslo_concurrency.lockutils [None req-3fd71e35-de8f-47ca-8de6-f8741150192e None None] Lock "ad1893e8-7ece-4c16-9b8d-e831496f60e5" "released" by "nova.context.set_target_cell..get_or_set_cached_cell_and_set_connections" :: held 0.001s {{(pid=108427) inner /opt/stack/data/venv/lib/python3.12/site-packages/oslo_concurrency/lockutils.py:543}}
Jun 26 01:32:39.407005 np0000183035 devstack@n-api-meta.service[108429]: INFO dbcounter [None req-39d12adf-ebfe-46b1-a9b7-2473316be647 None None] Registered counter for database nova_api
Jun 26 01:32:39.407445 np0000183035 devstack@n-api-meta.service[108427]: INFO dbcounter [None req-3fd71e35-de8f-47ca-8de6-f8741150192e None None] Registered counter for database nova_cell0
Jun 26 01:32:39.410418 np0000183035 devstack@n-api-meta.service[108426]: INFO dbcounter [None req-5605c917-8172-4d7f-bbf0-61255f3b20b2 None None] Registered counter for database nova_api
Jun 26 01:32:39.410741 np0000183035 devstack@n-api-meta.service[108427]: INFO dbcounter [None req-3fd71e35-de8f-47ca-8de6-f8741150192e None None] Registered counter for database nova_cell1
Jun 26 01:32:39.446275 np0000183035 devstack@n-api-meta.service[108428]: DEBUG oslo_db.sqlalchemy.engines [None req-835656e8-2455-4ff3-9735-f0981e449a70 None None] MySQL server mode set to STRICT_TRANS_TABLES,STRICT_ALL_TABLES,NO_ZERO_IN_DATE,NO_ZERO_DATE,ERROR_FOR_DIVISION_BY_ZERO,TRADITIONAL,NO_ENGINE_SUBSTITUTION {{(pid=108428) _check_effective_sql_mode /opt/stack/data/venv/lib/python3.12/site-packages/oslo_db/sqlalchemy/engines.py:325}}
Jun 26 01:32:39.453646 np0000183035 devstack@n-api-meta.service[108426]: DEBUG oslo_db.sqlalchemy.engines [None req-5605c917-8172-4d7f-bbf0-61255f3b20b2 None None] MySQL server mode set to STRICT_TRANS_TABLES,STRICT_ALL_TABLES,NO_ZERO_IN_DATE,NO_ZERO_DATE,ERROR_FOR_DIVISION_BY_ZERO,TRADITIONAL,NO_ENGINE_SUBSTITUTION {{(pid=108426) _check_effective_sql_mode /opt/stack/data/venv/lib/python3.12/site-packages/oslo_db/sqlalchemy/engines.py:325}}
Jun 26 01:32:39.463931 np0000183035 devstack@n-api-meta.service[108429]: DEBUG oslo_db.sqlalchemy.engines [None req-39d12adf-ebfe-46b1-a9b7-2473316be647 None None] MySQL server mode set to STRICT_TRANS_TABLES,STRICT_ALL_TABLES,NO_ZERO_IN_DATE,NO_ZERO_DATE,ERROR_FOR_DIVISION_BY_ZERO,TRADITIONAL,NO_ENGINE_SUBSTITUTION {{(pid=108429) _check_effective_sql_mode /opt/stack/data/venv/lib/python3.12/site-packages/oslo_db/sqlalchemy/engines.py:325}}
Jun 26 01:32:39.468804 np0000183035 devstack@n-api-meta.service[108427]: DEBUG oslo_db.sqlalchemy.engines [None req-3fd71e35-de8f-47ca-8de6-f8741150192e None None] MySQL server mode set to STRICT_TRANS_TABLES,STRICT_ALL_TABLES,NO_ZERO_IN_DATE,NO_ZERO_DATE,ERROR_FOR_DIVISION_BY_ZERO,TRADITIONAL,NO_ENGINE_SUBSTITUTION {{(pid=108427) _check_effective_sql_mode /opt/stack/data/venv/lib/python3.12/site-packages/oslo_db/sqlalchemy/engines.py:325}}
Jun 26 01:32:39.476090 np0000183035 devstack@n-api-meta.service[108428]: DEBUG dbcounter [-] [108428] Writer thread running {{(pid=108428) stat_writer /opt/stack/data/venv/lib/python3.12/site-packages/dbcounter.py:102}}
Jun 26 01:32:39.478293 np0000183035 devstack@n-api-meta.service[108428]: DEBUG nova.context [None req-835656e8-2455-4ff3-9735-f0981e449a70 None None] Found 2 cells: 00000000-0000-0000-0000-000000000000(cell0),ad1893e8-7ece-4c16-9b8d-e831496f60e5(cell1) {{(pid=108428) load_cells /opt/stack/nova/nova/context.py:509}}
Jun 26 01:32:39.478554 np0000183035 devstack@n-api-meta.service[108428]: INFO nova.utils [None req-835656e8-2455-4ff3-9735-f0981e449a70 None None] The cell worker thread pool MainProcess.cell_worker is initialized
Jun 26 01:32:39.480280 np0000183035 devstack@n-api-meta.service[108428]: DEBUG oslo_concurrency.lockutils [None req-835656e8-2455-4ff3-9735-f0981e449a70 None None] Acquiring lock "00000000-0000-0000-0000-000000000000" by "nova.context.set_target_cell..get_or_set_cached_cell_and_set_connections" {{(pid=108428) inner /opt/stack/data/venv/lib/python3.12/site-packages/oslo_concurrency/lockutils.py:511}}
Jun 26 01:32:39.480489 np0000183035 devstack@n-api-meta.service[108428]: DEBUG oslo_concurrency.lockutils [None req-835656e8-2455-4ff3-9735-f0981e449a70 None None] Lock "00000000-0000-0000-0000-000000000000" acquired by "nova.context.set_target_cell..get_or_set_cached_cell_and_set_connections" :: waited 0.000s {{(pid=108428) inner /opt/stack/data/venv/lib/python3.12/site-packages/oslo_concurrency/lockutils.py:524}}
Jun 26 01:32:39.480608 np0000183035 devstack@n-api-meta.service[108427]: DEBUG oslo_db.sqlalchemy.engines [None req-3fd71e35-de8f-47ca-8de6-f8741150192e None None] MySQL server mode set to STRICT_TRANS_TABLES,STRICT_ALL_TABLES,NO_ZERO_IN_DATE,NO_ZERO_DATE,ERROR_FOR_DIVISION_BY_ZERO,TRADITIONAL,NO_ENGINE_SUBSTITUTION {{(pid=108427) _check_effective_sql_mode /opt/stack/data/venv/lib/python3.12/site-packages/oslo_db/sqlalchemy/engines.py:325}}
Jun 26 01:32:39.480807 np0000183035 devstack@n-api-meta.service[108428]: DEBUG oslo_concurrency.lockutils [None req-835656e8-2455-4ff3-9735-f0981e449a70 None None] Lock "00000000-0000-0000-0000-000000000000" "released" by "nova.context.set_target_cell..get_or_set_cached_cell_and_set_connections" :: held 0.000s {{(pid=108428) inner /opt/stack/data/venv/lib/python3.12/site-packages/oslo_concurrency/lockutils.py:543}}
Jun 26 01:32:39.481526 np0000183035 devstack@n-api-meta.service[108428]: DEBUG oslo_concurrency.lockutils [None req-835656e8-2455-4ff3-9735-f0981e449a70 None None] Acquiring lock "ad1893e8-7ece-4c16-9b8d-e831496f60e5" by "nova.context.set_target_cell..get_or_set_cached_cell_and_set_connections" {{(pid=108428) inner /opt/stack/data/venv/lib/python3.12/site-packages/oslo_concurrency/lockutils.py:511}}
Jun 26 01:32:39.481667 np0000183035 devstack@n-api-meta.service[108428]: DEBUG oslo_concurrency.lockutils [None req-835656e8-2455-4ff3-9735-f0981e449a70 None None] Lock "ad1893e8-7ece-4c16-9b8d-e831496f60e5" acquired by "nova.context.set_target_cell..get_or_set_cached_cell_and_set_connections" :: waited 0.000s {{(pid=108428) inner /opt/stack/data/venv/lib/python3.12/site-packages/oslo_concurrency/lockutils.py:524}}
Jun 26 01:32:39.482530 np0000183035 devstack@n-api-meta.service[108428]: DEBUG oslo_concurrency.lockutils [None req-835656e8-2455-4ff3-9735-f0981e449a70 None None] Lock "ad1893e8-7ece-4c16-9b8d-e831496f60e5" "released" by "nova.context.set_target_cell..get_or_set_cached_cell_and_set_connections" :: held 0.001s {{(pid=108428) inner /opt/stack/data/venv/lib/python3.12/site-packages/oslo_concurrency/lockutils.py:543}}
Jun 26 01:32:39.484804 np0000183035 devstack@n-api-meta.service[108428]: INFO dbcounter [None req-835656e8-2455-4ff3-9735-f0981e449a70 None None] Registered counter for database nova_cell0
Jun 26 01:32:39.487799 np0000183035 devstack@n-api-meta.service[108426]: DEBUG dbcounter [-] [108426] Writer thread running {{(pid=108426) stat_writer /opt/stack/data/venv/lib/python3.12/site-packages/dbcounter.py:102}}
Jun 26 01:32:39.490203 np0000183035 devstack@n-api-meta.service[108426]: DEBUG nova.context [None req-5605c917-8172-4d7f-bbf0-61255f3b20b2 None None] Found 2 cells: 00000000-0000-0000-0000-000000000000(cell0),ad1893e8-7ece-4c16-9b8d-e831496f60e5(cell1) {{(pid=108426) load_cells /opt/stack/nova/nova/context.py:509}}
Jun 26 01:32:39.490455 np0000183035 devstack@n-api-meta.service[108426]: INFO nova.utils [None req-5605c917-8172-4d7f-bbf0-61255f3b20b2 None None] The cell worker thread pool MainProcess.cell_worker is initialized
Jun 26 01:32:39.492221 np0000183035 devstack@n-api-meta.service[108426]: DEBUG oslo_concurrency.lockutils [None req-5605c917-8172-4d7f-bbf0-61255f3b20b2 None None] Acquiring lock "00000000-0000-0000-0000-000000000000" by "nova.context.set_target_cell..get_or_set_cached_cell_and_set_connections" {{(pid=108426) inner /opt/stack/data/venv/lib/python3.12/site-packages/oslo_concurrency/lockutils.py:511}}
Jun 26 01:32:39.492413 np0000183035 devstack@n-api-meta.service[108426]: DEBUG oslo_concurrency.lockutils [None req-5605c917-8172-4d7f-bbf0-61255f3b20b2 None None] Lock "00000000-0000-0000-0000-000000000000" acquired by "nova.context.set_target_cell..get_or_set_cached_cell_and_set_connections" :: waited 0.000s {{(pid=108426) inner /opt/stack/data/venv/lib/python3.12/site-packages/oslo_concurrency/lockutils.py:524}}
Jun 26 01:32:39.492762 np0000183035 devstack@n-api-meta.service[108426]: DEBUG oslo_concurrency.lockutils [None req-5605c917-8172-4d7f-bbf0-61255f3b20b2 None None] Lock "00000000-0000-0000-0000-000000000000" "released" by "nova.context.set_target_cell..get_or_set_cached_cell_and_set_connections" :: held 0.000s {{(pid=108426) inner /opt/stack/data/venv/lib/python3.12/site-packages/oslo_concurrency/lockutils.py:543}}
Jun 26 01:32:39.492892 np0000183035 devstack@n-api-meta.service[108428]: INFO dbcounter [None req-835656e8-2455-4ff3-9735-f0981e449a70 None None] Registered counter for database nova_cell1
Jun 26 01:32:39.493476 np0000183035 devstack@n-api-meta.service[108426]: DEBUG oslo_concurrency.lockutils [None req-5605c917-8172-4d7f-bbf0-61255f3b20b2 None None] Acquiring lock "ad1893e8-7ece-4c16-9b8d-e831496f60e5" by "nova.context.set_target_cell..get_or_set_cached_cell_and_set_connections" {{(pid=108426) inner /opt/stack/data/venv/lib/python3.12/site-packages/oslo_concurrency/lockutils.py:511}}
Jun 26 01:32:39.493662 np0000183035 devstack@n-api-meta.service[108426]: DEBUG oslo_concurrency.lockutils [None req-5605c917-8172-4d7f-bbf0-61255f3b20b2 None None] Lock "ad1893e8-7ece-4c16-9b8d-e831496f60e5" acquired by "nova.context.set_target_cell..get_or_set_cached_cell_and_set_connections" :: waited 0.000s {{(pid=108426) inner /opt/stack/data/venv/lib/python3.12/site-packages/oslo_concurrency/lockutils.py:524}}
Jun 26 01:32:39.494555 np0000183035 devstack@n-api-meta.service[108426]: DEBUG oslo_concurrency.lockutils [None req-5605c917-8172-4d7f-bbf0-61255f3b20b2 None None] Lock "ad1893e8-7ece-4c16-9b8d-e831496f60e5" "released" by "nova.context.set_target_cell..get_or_set_cached_cell_and_set_connections" :: held 0.001s {{(pid=108426) inner /opt/stack/data/venv/lib/python3.12/site-packages/oslo_concurrency/lockutils.py:543}}
Jun 26 01:32:39.497451 np0000183035 devstack@n-api-meta.service[108429]: DEBUG dbcounter [-] [108429] Writer thread running {{(pid=108429) stat_writer /opt/stack/data/venv/lib/python3.12/site-packages/dbcounter.py:102}}
Jun 26 01:32:39.497697 np0000183035 devstack@n-api-meta.service[108426]: INFO dbcounter [None req-5605c917-8172-4d7f-bbf0-61255f3b20b2 None None] Registered counter for database nova_cell0
Jun 26 01:32:39.500075 np0000183035 devstack@n-api-meta.service[108429]: DEBUG nova.context [None req-39d12adf-ebfe-46b1-a9b7-2473316be647 None None] Found 2 cells: 00000000-0000-0000-0000-000000000000(cell0),ad1893e8-7ece-4c16-9b8d-e831496f60e5(cell1) {{(pid=108429) load_cells /opt/stack/nova/nova/context.py:509}}
Jun 26 01:32:39.500311 np0000183035 devstack@n-api-meta.service[108429]: INFO nova.utils [None req-39d12adf-ebfe-46b1-a9b7-2473316be647 None None] The cell worker thread pool MainProcess.cell_worker is initialized
Jun 26 01:32:39.503180 np0000183035 devstack@n-api-meta.service[108429]: DEBUG oslo_concurrency.lockutils [None req-39d12adf-ebfe-46b1-a9b7-2473316be647 None None] Acquiring lock "00000000-0000-0000-0000-000000000000" by "nova.context.set_target_cell..get_or_set_cached_cell_and_set_connections" {{(pid=108429) inner /opt/stack/data/venv/lib/python3.12/site-packages/oslo_concurrency/lockutils.py:511}}
Jun 26 01:32:39.503180 np0000183035 devstack@n-api-meta.service[108429]: DEBUG oslo_concurrency.lockutils [None req-39d12adf-ebfe-46b1-a9b7-2473316be647 None None] Lock "00000000-0000-0000-0000-000000000000" acquired by "nova.context.set_target_cell..get_or_set_cached_cell_and_set_connections" :: waited 0.000s {{(pid=108429) inner /opt/stack/data/venv/lib/python3.12/site-packages/oslo_concurrency/lockutils.py:524}}
Jun 26 01:32:39.503180 np0000183035 devstack@n-api-meta.service[108429]: DEBUG oslo_concurrency.lockutils [None req-39d12adf-ebfe-46b1-a9b7-2473316be647 None None] Lock "00000000-0000-0000-0000-000000000000" "released" by "nova.context.set_target_cell..get_or_set_cached_cell_and_set_connections" :: held 0.000s {{(pid=108429) inner /opt/stack/data/venv/lib/python3.12/site-packages/oslo_concurrency/lockutils.py:543}}
Jun 26 01:32:39.503382 np0000183035 devstack@n-api-meta.service[108426]: INFO dbcounter [None req-5605c917-8172-4d7f-bbf0-61255f3b20b2 None None] Registered counter for database nova_cell1
Jun 26 01:32:39.503421 np0000183035 devstack@n-api-meta.service[108429]: DEBUG oslo_concurrency.lockutils [None req-39d12adf-ebfe-46b1-a9b7-2473316be647 None None] Acquiring lock "ad1893e8-7ece-4c16-9b8d-e831496f60e5" by "nova.context.set_target_cell..get_or_set_cached_cell_and_set_connections" {{(pid=108429) inner /opt/stack/data/venv/lib/python3.12/site-packages/oslo_concurrency/lockutils.py:511}}
Jun 26 01:32:39.503421 np0000183035 devstack@n-api-meta.service[108429]: DEBUG oslo_concurrency.lockutils [None req-39d12adf-ebfe-46b1-a9b7-2473316be647 None None] Lock "ad1893e8-7ece-4c16-9b8d-e831496f60e5" acquired by "nova.context.set_target_cell..get_or_set_cached_cell_and_set_connections" :: waited 0.000s {{(pid=108429) inner /opt/stack/data/venv/lib/python3.12/site-packages/oslo_concurrency/lockutils.py:524}}
Jun 26 01:32:39.504449 np0000183035 devstack@n-api-meta.service[108429]: DEBUG oslo_concurrency.lockutils [None req-39d12adf-ebfe-46b1-a9b7-2473316be647 None None] Lock "ad1893e8-7ece-4c16-9b8d-e831496f60e5" "released" by "nova.context.set_target_cell..get_or_set_cached_cell_and_set_connections" :: held 0.001s {{(pid=108429) inner /opt/stack/data/venv/lib/python3.12/site-packages/oslo_concurrency/lockutils.py:543}}
Jun 26 01:32:39.508169 np0000183035 devstack@n-api-meta.service[108429]: INFO dbcounter [None req-39d12adf-ebfe-46b1-a9b7-2473316be647 None None] Registered counter for database nova_cell0
Jun 26 01:32:39.514474 np0000183035 devstack@n-api-meta.service[108429]: INFO dbcounter [None req-39d12adf-ebfe-46b1-a9b7-2473316be647 None None] Registered counter for database nova_cell1
Jun 26 01:32:39.546875 np0000183035 devstack@n-api-meta.service[108428]: DEBUG oslo_db.sqlalchemy.engines [None req-835656e8-2455-4ff3-9735-f0981e449a70 None None] MySQL server mode set to STRICT_TRANS_TABLES,STRICT_ALL_TABLES,NO_ZERO_IN_DATE,NO_ZERO_DATE,ERROR_FOR_DIVISION_BY_ZERO,TRADITIONAL,NO_ENGINE_SUBSTITUTION {{(pid=108428) _check_effective_sql_mode /opt/stack/data/venv/lib/python3.12/site-packages/oslo_db/sqlalchemy/engines.py:325}}
Jun 26 01:32:39.553170 np0000183035 devstack@n-api-meta.service[108426]: DEBUG oslo_db.sqlalchemy.engines [None req-5605c917-8172-4d7f-bbf0-61255f3b20b2 None None] MySQL server mode set to STRICT_TRANS_TABLES,STRICT_ALL_TABLES,NO_ZERO_IN_DATE,NO_ZERO_DATE,ERROR_FOR_DIVISION_BY_ZERO,TRADITIONAL,NO_ENGINE_SUBSTITUTION {{(pid=108426) _check_effective_sql_mode /opt/stack/data/venv/lib/python3.12/site-packages/oslo_db/sqlalchemy/engines.py:325}}
Jun 26 01:32:39.555284 np0000183035 devstack@n-api-meta.service[108426]: DEBUG oslo_db.sqlalchemy.engines [None req-5605c917-8172-4d7f-bbf0-61255f3b20b2 None None] MySQL server mode set to STRICT_TRANS_TABLES,STRICT_ALL_TABLES,NO_ZERO_IN_DATE,NO_ZERO_DATE,ERROR_FOR_DIVISION_BY_ZERO,TRADITIONAL,NO_ENGINE_SUBSTITUTION {{(pid=108426) _check_effective_sql_mode /opt/stack/data/venv/lib/python3.12/site-packages/oslo_db/sqlalchemy/engines.py:325}}
Jun 26 01:32:39.564896 np0000183035 devstack@n-api-meta.service[108429]: DEBUG oslo_db.sqlalchemy.engines [None req-39d12adf-ebfe-46b1-a9b7-2473316be647 None None] MySQL server mode set to STRICT_TRANS_TABLES,STRICT_ALL_TABLES,NO_ZERO_IN_DATE,NO_ZERO_DATE,ERROR_FOR_DIVISION_BY_ZERO,TRADITIONAL,NO_ENGINE_SUBSTITUTION {{(pid=108429) _check_effective_sql_mode /opt/stack/data/venv/lib/python3.12/site-packages/oslo_db/sqlalchemy/engines.py:325}}
Jun 26 01:32:39.566944 np0000183035 devstack@n-api-meta.service[108428]: DEBUG oslo_db.sqlalchemy.engines [None req-835656e8-2455-4ff3-9735-f0981e449a70 None None] MySQL server mode set to STRICT_TRANS_TABLES,STRICT_ALL_TABLES,NO_ZERO_IN_DATE,NO_ZERO_DATE,ERROR_FOR_DIVISION_BY_ZERO,TRADITIONAL,NO_ENGINE_SUBSTITUTION {{(pid=108428) _check_effective_sql_mode /opt/stack/data/venv/lib/python3.12/site-packages/oslo_db/sqlalchemy/engines.py:325}}
Jun 26 01:32:39.569565 np0000183035 devstack@n-api-meta.service[108427]: DEBUG dbcounter [-] [108427] Writer thread running {{(pid=108427) stat_writer /opt/stack/data/venv/lib/python3.12/site-packages/dbcounter.py:102}}
Jun 26 01:32:39.575708 np0000183035 devstack@n-api-meta.service[108427]: DEBUG dbcounter [-] [108427] Writer thread running {{(pid=108427) stat_writer /opt/stack/data/venv/lib/python3.12/site-packages/dbcounter.py:102}}
Jun 26 01:32:39.580396 np0000183035 devstack@n-api-meta.service[108427]: INFO dbcounter [None req-3fd71e35-de8f-47ca-8de6-f8741150192e None None] Registered counter for database nova_cell0
Jun 26 01:32:39.582679 np0000183035 devstack@n-api-meta.service[108429]: DEBUG oslo_db.sqlalchemy.engines [None req-39d12adf-ebfe-46b1-a9b7-2473316be647 None None] MySQL server mode set to STRICT_TRANS_TABLES,STRICT_ALL_TABLES,NO_ZERO_IN_DATE,NO_ZERO_DATE,ERROR_FOR_DIVISION_BY_ZERO,TRADITIONAL,NO_ENGINE_SUBSTITUTION {{(pid=108429) _check_effective_sql_mode /opt/stack/data/venv/lib/python3.12/site-packages/oslo_db/sqlalchemy/engines.py:325}}
Jun 26 01:32:39.620495 np0000183035 devstack@n-api-meta.service[108427]: DEBUG oslo_db.sqlalchemy.engines [None req-3fd71e35-de8f-47ca-8de6-f8741150192e None None] MySQL server mode set to STRICT_TRANS_TABLES,STRICT_ALL_TABLES,NO_ZERO_IN_DATE,NO_ZERO_DATE,ERROR_FOR_DIVISION_BY_ZERO,TRADITIONAL,NO_ENGINE_SUBSTITUTION {{(pid=108427) _check_effective_sql_mode /opt/stack/data/venv/lib/python3.12/site-packages/oslo_db/sqlalchemy/engines.py:325}}
Jun 26 01:32:39.630904 np0000183035 devstack@n-api-meta.service[108427]: DEBUG dbcounter [-] [108427] Writer thread running {{(pid=108427) stat_writer /opt/stack/data/venv/lib/python3.12/site-packages/dbcounter.py:102}}
Jun 26 01:32:39.638569 np0000183035 devstack@n-api-meta.service[108428]: DEBUG dbcounter [-] [108428] Writer thread running {{(pid=108428) stat_writer /opt/stack/data/venv/lib/python3.12/site-packages/dbcounter.py:102}}
Jun 26 01:32:39.641174 np0000183035 devstack@n-api-meta.service[108426]: DEBUG dbcounter [-] [108426] Writer thread running {{(pid=108426) stat_writer /opt/stack/data/venv/lib/python3.12/site-packages/dbcounter.py:102}}
Jun 26 01:32:39.647643 np0000183035 devstack@n-api-meta.service[108428]: DEBUG dbcounter [-] [108428] Writer thread running {{(pid=108428) stat_writer /opt/stack/data/venv/lib/python3.12/site-packages/dbcounter.py:102}}
Jun 26 01:32:39.647935 np0000183035 devstack@n-api-meta.service[108426]: DEBUG dbcounter [-] [108426] Writer thread running {{(pid=108426) stat_writer /opt/stack/data/venv/lib/python3.12/site-packages/dbcounter.py:102}}
Jun 26 01:32:39.650685 np0000183035 devstack@n-api-meta.service[108429]: DEBUG dbcounter [-] [108429] Writer thread running {{(pid=108429) stat_writer /opt/stack/data/venv/lib/python3.12/site-packages/dbcounter.py:102}}
Jun 26 01:32:39.651514 np0000183035 devstack@n-api-meta.service[108428]: INFO dbcounter [None req-835656e8-2455-4ff3-9735-f0981e449a70 None None] Registered counter for database nova_cell0
Jun 26 01:32:39.652632 np0000183035 devstack@n-api-meta.service[108426]: INFO dbcounter [None req-5605c917-8172-4d7f-bbf0-61255f3b20b2 None None] Registered counter for database nova_cell0
Jun 26 01:32:39.658598 np0000183035 devstack@n-api-meta.service[108429]: DEBUG dbcounter [-] [108429] Writer thread running {{(pid=108429) stat_writer /opt/stack/data/venv/lib/python3.12/site-packages/dbcounter.py:102}}
Jun 26 01:32:39.663461 np0000183035 devstack@n-api-meta.service[108429]: INFO dbcounter [None req-39d12adf-ebfe-46b1-a9b7-2473316be647 None None] Registered counter for database nova_cell0
Jun 26 01:32:39.674302 np0000183035 devstack@n-api-meta.service[108427]: WARNING nova.api.metadata.handler [None req-3fd71e35-de8f-47ca-8de6-f8741150192e None None] metadata_proxy_shared_secret is not configured, the metadata information returned by the proxy cannot be trusted
Jun 26 01:32:39.676619 np0000183035 devstack@n-api-meta.service[108427]: DEBUG nova.api.openstack.wsgi_app [None req-3fd71e35-de8f-47ca-8de6-f8741150192e None None] ******************************************************************************** {{(pid=108427) log_opt_values /opt/stack/data/venv/lib/python3.12/site-packages/oslo_config/cfg.py:3226}}
Jun 26 01:32:39.676734 np0000183035 devstack@n-api-meta.service[108427]: DEBUG nova.api.openstack.wsgi_app [None req-3fd71e35-de8f-47ca-8de6-f8741150192e None None] Configuration options gathered from: {{(pid=108427) log_opt_values /opt/stack/data/venv/lib/python3.12/site-packages/oslo_config/cfg.py:3227}}
Jun 26 01:32:39.676853 np0000183035 devstack@n-api-meta.service[108427]: DEBUG nova.api.openstack.wsgi_app [None req-3fd71e35-de8f-47ca-8de6-f8741150192e None None] command line args: [] {{(pid=108427) log_opt_values /opt/stack/data/venv/lib/python3.12/site-packages/oslo_config/cfg.py:3228}}
Jun 26 01:32:39.677851 np0000183035 devstack@n-api-meta.service[108427]: DEBUG nova.api.openstack.wsgi_app [None req-3fd71e35-de8f-47ca-8de6-f8741150192e None None] config files: ['/etc/nova/api-paste.ini', '/etc/nova/nova.conf'] {{(pid=108427) log_opt_values /opt/stack/data/venv/lib/python3.12/site-packages/oslo_config/cfg.py:3229}}
Jun 26 01:32:39.677851 np0000183035 devstack@n-api-meta.service[108427]: DEBUG nova.api.openstack.wsgi_app [None req-3fd71e35-de8f-47ca-8de6-f8741150192e None None] ================================================================================ {{(pid=108427) log_opt_values /opt/stack/data/venv/lib/python3.12/site-packages/oslo_config/cfg.py:3234}}
Jun 26 01:32:39.677851 np0000183035 devstack@n-api-meta.service[108427]: DEBUG nova.api.openstack.wsgi_app [None req-3fd71e35-de8f-47ca-8de6-f8741150192e None None] allow_resize_to_same_host = True {{(pid=108427) log_opt_values /opt/stack/data/venv/lib/python3.12/site-packages/oslo_config/cfg.py:3242}}
Jun 26 01:32:39.677851 np0000183035 devstack@n-api-meta.service[108427]: DEBUG nova.api.openstack.wsgi_app [None req-3fd71e35-de8f-47ca-8de6-f8741150192e None None] arq_binding_timeout = 300 {{(pid=108427) log_opt_values /opt/stack/data/venv/lib/python3.12/site-packages/oslo_config/cfg.py:3242}}
Jun 26 01:32:39.677851 np0000183035 devstack@n-api-meta.service[108427]: DEBUG nova.api.openstack.wsgi_app [None req-3fd71e35-de8f-47ca-8de6-f8741150192e None None] block_device_allocate_retries = 60 {{(pid=108427) log_opt_values /opt/stack/data/venv/lib/python3.12/site-packages/oslo_config/cfg.py:3242}}
Jun 26 01:32:39.677851 np0000183035 devstack@n-api-meta.service[108427]: DEBUG nova.api.openstack.wsgi_app [None req-3fd71e35-de8f-47ca-8de6-f8741150192e None None] block_device_allocate_retries_interval = 3 {{(pid=108427) log_opt_values /opt/stack/data/venv/lib/python3.12/site-packages/oslo_config/cfg.py:3242}}
Jun 26 01:32:39.677851 np0000183035 devstack@n-api-meta.service[108427]: DEBUG nova.api.openstack.wsgi_app [None req-3fd71e35-de8f-47ca-8de6-f8741150192e None None] cell_worker_thread_pool_size = 5 {{(pid=108427) log_opt_values /opt/stack/data/venv/lib/python3.12/site-packages/oslo_config/cfg.py:3242}}
Jun 26 01:32:39.678061 np0000183035 devstack@n-api-meta.service[108427]: DEBUG nova.api.openstack.wsgi_app [None req-3fd71e35-de8f-47ca-8de6-f8741150192e None None] cert = self.pem {{(pid=108427) log_opt_values /opt/stack/data/venv/lib/python3.12/site-packages/oslo_config/cfg.py:3242}}
Jun 26 01:32:39.678061 np0000183035 devstack@n-api-meta.service[108427]: DEBUG nova.api.openstack.wsgi_app [None req-3fd71e35-de8f-47ca-8de6-f8741150192e None None] compute_driver = libvirt.LibvirtDriver {{(pid=108427) log_opt_values /opt/stack/data/venv/lib/python3.12/site-packages/oslo_config/cfg.py:3242}}
Jun 26 01:32:39.678190 np0000183035 devstack@n-api-meta.service[108427]: DEBUG nova.api.openstack.wsgi_app [None req-3fd71e35-de8f-47ca-8de6-f8741150192e None None] compute_monitors = [] {{(pid=108427) log_opt_values /opt/stack/data/venv/lib/python3.12/site-packages/oslo_config/cfg.py:3242}}
Jun 26 01:32:39.678331 np0000183035 devstack@n-api-meta.service[108427]: DEBUG nova.api.openstack.wsgi_app [None req-3fd71e35-de8f-47ca-8de6-f8741150192e None None] config_dir = [] {{(pid=108427) log_opt_values /opt/stack/data/venv/lib/python3.12/site-packages/oslo_config/cfg.py:3242}}
Jun 26 01:32:39.678495 np0000183035 devstack@n-api-meta.service[108427]: DEBUG nova.api.openstack.wsgi_app [None req-3fd71e35-de8f-47ca-8de6-f8741150192e None None] config_drive_format = iso9660 {{(pid=108427) log_opt_values /opt/stack/data/venv/lib/python3.12/site-packages/oslo_config/cfg.py:3242}}
Jun 26 01:32:39.679140 np0000183035 devstack@n-api-meta.service[108427]: DEBUG nova.api.openstack.wsgi_app [None req-3fd71e35-de8f-47ca-8de6-f8741150192e None None] config_file = ['/etc/nova/api-paste.ini', '/etc/nova/nova.conf'] {{(pid=108427) log_opt_values /opt/stack/data/venv/lib/python3.12/site-packages/oslo_config/cfg.py:3242}}
Jun 26 01:32:39.679140 np0000183035 devstack@n-api-meta.service[108427]: DEBUG nova.api.openstack.wsgi_app [None req-3fd71e35-de8f-47ca-8de6-f8741150192e None None] config_source = [] {{(pid=108427) log_opt_values /opt/stack/data/venv/lib/python3.12/site-packages/oslo_config/cfg.py:3242}}
Jun 26 01:32:39.679140 np0000183035 devstack@n-api-meta.service[108427]: DEBUG nova.api.openstack.wsgi_app [None req-3fd71e35-de8f-47ca-8de6-f8741150192e None None] console_host = np0000183035 {{(pid=108427) log_opt_values /opt/stack/data/venv/lib/python3.12/site-packages/oslo_config/cfg.py:3242}}
Jun 26 01:32:39.679140 np0000183035 devstack@n-api-meta.service[108427]: DEBUG nova.api.openstack.wsgi_app [None req-3fd71e35-de8f-47ca-8de6-f8741150192e None None] control_exchange = nova {{(pid=108427) log_opt_values /opt/stack/data/venv/lib/python3.12/site-packages/oslo_config/cfg.py:3242}}
Jun 26 01:32:39.679140 np0000183035 devstack@n-api-meta.service[108427]: DEBUG nova.api.openstack.wsgi_app [None req-3fd71e35-de8f-47ca-8de6-f8741150192e None None] cpu_allocation_ratio = None {{(pid=108427) log_opt_values /opt/stack/data/venv/lib/python3.12/site-packages/oslo_config/cfg.py:3242}}
Jun 26 01:32:39.679447 np0000183035 devstack@n-api-meta.service[108427]: DEBUG nova.api.openstack.wsgi_app [None req-3fd71e35-de8f-47ca-8de6-f8741150192e None None] daemon = False {{(pid=108427) log_opt_values /opt/stack/data/venv/lib/python3.12/site-packages/oslo_config/cfg.py:3242}}
Jun 26 01:32:39.679643 np0000183035 devstack@n-api-meta.service[108427]: DEBUG nova.api.openstack.wsgi_app [None req-3fd71e35-de8f-47ca-8de6-f8741150192e None None] debug = True {{(pid=108427) log_opt_values /opt/stack/data/venv/lib/python3.12/site-packages/oslo_config/cfg.py:3242}}
Jun 26 01:32:39.681239 np0000183035 devstack@n-api-meta.service[108427]: DEBUG nova.api.openstack.wsgi_app [None req-3fd71e35-de8f-47ca-8de6-f8741150192e None None] default_access_ip_network_name = None {{(pid=108427) log_opt_values /opt/stack/data/venv/lib/python3.12/site-packages/oslo_config/cfg.py:3242}}
Jun 26 01:32:39.681239 np0000183035 devstack@n-api-meta.service[108427]: DEBUG nova.api.openstack.wsgi_app [None req-3fd71e35-de8f-47ca-8de6-f8741150192e None None] default_availability_zone = nova {{(pid=108427) log_opt_values /opt/stack/data/venv/lib/python3.12/site-packages/oslo_config/cfg.py:3242}}
Jun 26 01:32:39.681239 np0000183035 devstack@n-api-meta.service[108427]: DEBUG nova.api.openstack.wsgi_app [None req-3fd71e35-de8f-47ca-8de6-f8741150192e None None] default_ephemeral_format = ext4 {{(pid=108427) log_opt_values /opt/stack/data/venv/lib/python3.12/site-packages/oslo_config/cfg.py:3242}}
Jun 26 01:32:39.681239 np0000183035 devstack@n-api-meta.service[108427]: DEBUG nova.api.openstack.wsgi_app [None req-3fd71e35-de8f-47ca-8de6-f8741150192e None None] default_green_pool_size = 1000 {{(pid=108427) log_opt_values /opt/stack/data/venv/lib/python3.12/site-packages/oslo_config/cfg.py:3242}}
Jun 26 01:32:39.681239 np0000183035 devstack@n-api-meta.service[108427]: DEBUG nova.api.openstack.wsgi_app [None req-3fd71e35-de8f-47ca-8de6-f8741150192e None None] default_log_levels = ['amqp=WARN', 'boto=WARN', 'sqlalchemy=WARN', 'suds=INFO', 'oslo.messaging=INFO', 'oslo_messaging=INFO', 'iso8601=WARN', 'requests.packages.urllib3.connectionpool=WARN', 'urllib3.connectionpool=WARN', 'websocket=WARN', 'requests.packages.urllib3.util.retry=WARN', 'urllib3.util.retry=WARN', 'keystonemiddleware=WARN', 'routes.middleware=WARN', 'stevedore=WARN', 'taskflow=WARN', 'keystoneauth=WARN', 'oslo.cache=INFO', 'oslo_policy=INFO', 'dogpile.core.dogpile=INFO', 'glanceclient=WARN', 'oslo.privsep.daemon=INFO'] {{(pid=108427) log_opt_values /opt/stack/data/venv/lib/python3.12/site-packages/oslo_config/cfg.py:3242}}
Jun 26 01:32:39.681534 np0000183035 devstack@n-api-meta.service[108427]: DEBUG nova.api.openstack.wsgi_app [None req-3fd71e35-de8f-47ca-8de6-f8741150192e None None] default_schedule_zone = None {{(pid=108427) log_opt_values /opt/stack/data/venv/lib/python3.12/site-packages/oslo_config/cfg.py:3242}}
Jun 26 01:32:39.681534 np0000183035 devstack@n-api-meta.service[108427]: DEBUG nova.api.openstack.wsgi_app [None req-3fd71e35-de8f-47ca-8de6-f8741150192e None None] default_thread_pool_size = 10 {{(pid=108427) log_opt_values /opt/stack/data/venv/lib/python3.12/site-packages/oslo_config/cfg.py:3242}}
Jun 26 01:32:39.681534 np0000183035 devstack@n-api-meta.service[108427]: DEBUG nova.api.openstack.wsgi_app [None req-3fd71e35-de8f-47ca-8de6-f8741150192e None None] disk_allocation_ratio = None {{(pid=108427) log_opt_values /opt/stack/data/venv/lib/python3.12/site-packages/oslo_config/cfg.py:3242}}
Jun 26 01:32:39.681534 np0000183035 devstack@n-api-meta.service[108427]: DEBUG nova.api.openstack.wsgi_app [None req-3fd71e35-de8f-47ca-8de6-f8741150192e None None] enable_new_services = True {{(pid=108427) log_opt_values /opt/stack/data/venv/lib/python3.12/site-packages/oslo_config/cfg.py:3242}}
Jun 26 01:32:39.681534 np0000183035 devstack@n-api-meta.service[108427]: DEBUG nova.api.openstack.wsgi_app [None req-3fd71e35-de8f-47ca-8de6-f8741150192e None None] flat_injected = False {{(pid=108427) log_opt_values /opt/stack/data/venv/lib/python3.12/site-packages/oslo_config/cfg.py:3242}}
Jun 26 01:32:39.681681 np0000183035 devstack@n-api-meta.service[108427]: DEBUG nova.api.openstack.wsgi_app [None req-3fd71e35-de8f-47ca-8de6-f8741150192e None None] force_config_drive = False {{(pid=108427) log_opt_values /opt/stack/data/venv/lib/python3.12/site-packages/oslo_config/cfg.py:3242}}
Jun 26 01:32:39.681851 np0000183035 devstack@n-api-meta.service[108427]: DEBUG nova.api.openstack.wsgi_app [None req-3fd71e35-de8f-47ca-8de6-f8741150192e None None] force_raw_images = True {{(pid=108427) log_opt_values /opt/stack/data/venv/lib/python3.12/site-packages/oslo_config/cfg.py:3242}}
Jun 26 01:32:39.682030 np0000183035 devstack@n-api-meta.service[108427]: DEBUG nova.api.openstack.wsgi_app [None req-3fd71e35-de8f-47ca-8de6-f8741150192e None None] graceful_shutdown_timeout = 5 {{(pid=108427) log_opt_values /opt/stack/data/venv/lib/python3.12/site-packages/oslo_config/cfg.py:3242}}
Jun 26 01:32:39.684366 np0000183035 devstack@n-api-meta.service[108427]: DEBUG nova.api.openstack.wsgi_app [None req-3fd71e35-de8f-47ca-8de6-f8741150192e None None] heal_instance_info_cache_interval = -1 {{(pid=108427) log_opt_values /opt/stack/data/venv/lib/python3.12/site-packages/oslo_config/cfg.py:3242}}
Jun 26 01:32:39.684366 np0000183035 devstack@n-api-meta.service[108427]: DEBUG nova.api.openstack.wsgi_app [None req-3fd71e35-de8f-47ca-8de6-f8741150192e None None] host = np0000183035 {{(pid=108427) log_opt_values /opt/stack/data/venv/lib/python3.12/site-packages/oslo_config/cfg.py:3242}}
Jun 26 01:32:39.684366 np0000183035 devstack@n-api-meta.service[108427]: DEBUG nova.api.openstack.wsgi_app [None req-3fd71e35-de8f-47ca-8de6-f8741150192e None None] initial_cpu_allocation_ratio = 4.0 {{(pid=108427) log_opt_values /opt/stack/data/venv/lib/python3.12/site-packages/oslo_config/cfg.py:3242}}
Jun 26 01:32:39.684366 np0000183035 devstack@n-api-meta.service[108427]: DEBUG nova.api.openstack.wsgi_app [None req-3fd71e35-de8f-47ca-8de6-f8741150192e None None] initial_disk_allocation_ratio = 1.0 {{(pid=108427) log_opt_values /opt/stack/data/venv/lib/python3.12/site-packages/oslo_config/cfg.py:3242}}
Jun 26 01:32:39.684366 np0000183035 devstack@n-api-meta.service[108427]: DEBUG nova.api.openstack.wsgi_app [None req-3fd71e35-de8f-47ca-8de6-f8741150192e None None] initial_ram_allocation_ratio = 1.0 {{(pid=108427) log_opt_values /opt/stack/data/venv/lib/python3.12/site-packages/oslo_config/cfg.py:3242}}
Jun 26 01:32:39.684366 np0000183035 devstack@n-api-meta.service[108427]: DEBUG nova.api.openstack.wsgi_app [None req-3fd71e35-de8f-47ca-8de6-f8741150192e None None] injected_network_template = /opt/stack/nova/nova/virt/interfaces.template {{(pid=108427) log_opt_values /opt/stack/data/venv/lib/python3.12/site-packages/oslo_config/cfg.py:3242}}
Jun 26 01:32:39.684366 np0000183035 devstack@n-api-meta.service[108427]: DEBUG nova.api.openstack.wsgi_app [None req-3fd71e35-de8f-47ca-8de6-f8741150192e None None] instance_build_timeout = 0 {{(pid=108427) log_opt_values /opt/stack/data/venv/lib/python3.12/site-packages/oslo_config/cfg.py:3242}}
Jun 26 01:32:39.684735 np0000183035 devstack@n-api-meta.service[108427]: DEBUG nova.api.openstack.wsgi_app [None req-3fd71e35-de8f-47ca-8de6-f8741150192e None None] instance_delete_interval = 300 {{(pid=108427) log_opt_values /opt/stack/data/venv/lib/python3.12/site-packages/oslo_config/cfg.py:3242}}
Jun 26 01:32:39.684735 np0000183035 devstack@n-api-meta.service[108427]: DEBUG nova.api.openstack.wsgi_app [None req-3fd71e35-de8f-47ca-8de6-f8741150192e None None] instance_format = [instance: %(uuid)s] {{(pid=108427) log_opt_values /opt/stack/data/venv/lib/python3.12/site-packages/oslo_config/cfg.py:3242}}
Jun 26 01:32:39.684735 np0000183035 devstack@n-api-meta.service[108427]: DEBUG nova.api.openstack.wsgi_app [None req-3fd71e35-de8f-47ca-8de6-f8741150192e None None] instance_name_template = instance-%08x {{(pid=108427) log_opt_values /opt/stack/data/venv/lib/python3.12/site-packages/oslo_config/cfg.py:3242}}
Jun 26 01:32:39.684735 np0000183035 devstack@n-api-meta.service[108427]: DEBUG nova.api.openstack.wsgi_app [None req-3fd71e35-de8f-47ca-8de6-f8741150192e None None] instance_usage_audit = False {{(pid=108427) log_opt_values /opt/stack/data/venv/lib/python3.12/site-packages/oslo_config/cfg.py:3242}}
Jun 26 01:32:39.684735 np0000183035 devstack@n-api-meta.service[108427]: DEBUG nova.api.openstack.wsgi_app [None req-3fd71e35-de8f-47ca-8de6-f8741150192e None None] instance_usage_audit_period = month {{(pid=108427) log_opt_values /opt/stack/data/venv/lib/python3.12/site-packages/oslo_config/cfg.py:3242}}
Jun 26 01:32:39.684735 np0000183035 devstack@n-api-meta.service[108427]: DEBUG nova.api.openstack.wsgi_app [None req-3fd71e35-de8f-47ca-8de6-f8741150192e None None] instance_uuid_format = [instance: %(uuid)s] {{(pid=108427) log_opt_values /opt/stack/data/venv/lib/python3.12/site-packages/oslo_config/cfg.py:3242}}
Jun 26 01:32:39.684735 np0000183035 devstack@n-api-meta.service[108427]: DEBUG nova.api.openstack.wsgi_app [None req-3fd71e35-de8f-47ca-8de6-f8741150192e None None] instances_path = /opt/stack/data/nova/instances {{(pid=108427) log_opt_values /opt/stack/data/venv/lib/python3.12/site-packages/oslo_config/cfg.py:3242}}
Jun 26 01:32:39.684998 np0000183035 devstack@n-api-meta.service[108427]: DEBUG nova.api.openstack.wsgi_app [None req-3fd71e35-de8f-47ca-8de6-f8741150192e None None] internal_service_availability_zone = internal {{(pid=108427) log_opt_values /opt/stack/data/venv/lib/python3.12/site-packages/oslo_config/cfg.py:3242}}
Jun 26 01:32:39.684998 np0000183035 devstack@n-api-meta.service[108427]: DEBUG nova.api.openstack.wsgi_app [None req-3fd71e35-de8f-47ca-8de6-f8741150192e None None] key = None {{(pid=108427) log_opt_values /opt/stack/data/venv/lib/python3.12/site-packages/oslo_config/cfg.py:3242}}
Jun 26 01:32:39.684998 np0000183035 devstack@n-api-meta.service[108427]: DEBUG nova.api.openstack.wsgi_app [None req-3fd71e35-de8f-47ca-8de6-f8741150192e None None] live_migration_retry_count = 30 {{(pid=108427) log_opt_values /opt/stack/data/venv/lib/python3.12/site-packages/oslo_config/cfg.py:3242}}
Jun 26 01:32:39.685123 np0000183035 devstack@n-api-meta.service[108427]: DEBUG nova.api.openstack.wsgi_app [None req-3fd71e35-de8f-47ca-8de6-f8741150192e None None] log_color = False {{(pid=108427) log_opt_values /opt/stack/data/venv/lib/python3.12/site-packages/oslo_config/cfg.py:3242}}
Jun 26 01:32:39.685349 np0000183035 devstack@n-api-meta.service[108427]: DEBUG nova.api.openstack.wsgi_app [None req-3fd71e35-de8f-47ca-8de6-f8741150192e None None] log_config_append = None {{(pid=108427) log_opt_values /opt/stack/data/venv/lib/python3.12/site-packages/oslo_config/cfg.py:3242}}
Jun 26 01:32:39.685569 np0000183035 devstack@n-api-meta.service[108427]: DEBUG nova.api.openstack.wsgi_app [None req-3fd71e35-de8f-47ca-8de6-f8741150192e None None] log_date_format = %Y-%m-%d %H:%M:%S {{(pid=108427) log_opt_values /opt/stack/data/venv/lib/python3.12/site-packages/oslo_config/cfg.py:3242}}
Jun 26 01:32:39.685778 np0000183035 devstack@n-api-meta.service[108427]: DEBUG nova.api.openstack.wsgi_app [None req-3fd71e35-de8f-47ca-8de6-f8741150192e None None] log_dir = None {{(pid=108427) log_opt_values /opt/stack/data/venv/lib/python3.12/site-packages/oslo_config/cfg.py:3242}}
Jun 26 01:32:39.685954 np0000183035 devstack@n-api-meta.service[108427]: DEBUG nova.api.openstack.wsgi_app [None req-3fd71e35-de8f-47ca-8de6-f8741150192e None None] log_file = None {{(pid=108427) log_opt_values /opt/stack/data/venv/lib/python3.12/site-packages/oslo_config/cfg.py:3242}}
Jun 26 01:32:39.686231 np0000183035 devstack@n-api-meta.service[108427]: DEBUG nova.api.openstack.wsgi_app [None req-3fd71e35-de8f-47ca-8de6-f8741150192e None None] log_options = True {{(pid=108427) log_opt_values /opt/stack/data/venv/lib/python3.12/site-packages/oslo_config/cfg.py:3242}}
Jun 26 01:32:39.686295 np0000183035 devstack@n-api-meta.service[108427]: DEBUG nova.api.openstack.wsgi_app [None req-3fd71e35-de8f-47ca-8de6-f8741150192e None None] log_rotate_interval = 1 {{(pid=108427) log_opt_values /opt/stack/data/venv/lib/python3.12/site-packages/oslo_config/cfg.py:3242}}
Jun 26 01:32:39.686525 np0000183035 devstack@n-api-meta.service[108427]: DEBUG nova.api.openstack.wsgi_app [None req-3fd71e35-de8f-47ca-8de6-f8741150192e None None] log_rotate_interval_type = days {{(pid=108427) log_opt_values /opt/stack/data/venv/lib/python3.12/site-packages/oslo_config/cfg.py:3242}}
Jun 26 01:32:39.686727 np0000183035 devstack@n-api-meta.service[108427]: DEBUG nova.api.openstack.wsgi_app [None req-3fd71e35-de8f-47ca-8de6-f8741150192e None None] log_rotation_type = none {{(pid=108427) log_opt_values /opt/stack/data/venv/lib/python3.12/site-packages/oslo_config/cfg.py:3242}}
Jun 26 01:32:39.686886 np0000183035 devstack@n-api-meta.service[108427]: DEBUG nova.api.openstack.wsgi_app [None req-3fd71e35-de8f-47ca-8de6-f8741150192e None None] logging_context_format_string = %(color)s%(levelname)s %(name)s [%(global_request_id)s %(request_id)s %(project_name)s %(user_name)s%(color)s] %(instance)s%(color)s%(message)s {{(pid=108427) log_opt_values /opt/stack/data/venv/lib/python3.12/site-packages/oslo_config/cfg.py:3242}}
Jun 26 01:32:39.687030 np0000183035 devstack@n-api-meta.service[108427]: DEBUG nova.api.openstack.wsgi_app [None req-3fd71e35-de8f-47ca-8de6-f8741150192e None None] logging_debug_format_suffix = {{(pid=%(process)d) %(funcName)s %(pathname)s:%(lineno)d}} {{(pid=108427) log_opt_values /opt/stack/data/venv/lib/python3.12/site-packages/oslo_config/cfg.py:3242}}
Jun 26 01:32:39.687257 np0000183035 devstack@n-api-meta.service[108427]: DEBUG nova.api.openstack.wsgi_app [None req-3fd71e35-de8f-47ca-8de6-f8741150192e None None] logging_default_format_string = %(color)s%(levelname)s %(name)s [-%(color)s] %(instance)s%(color)s%(message)s {{(pid=108427) log_opt_values /opt/stack/data/venv/lib/python3.12/site-packages/oslo_config/cfg.py:3242}}
Jun 26 01:32:39.687440 np0000183035 devstack@n-api-meta.service[108427]: DEBUG nova.api.openstack.wsgi_app [None req-3fd71e35-de8f-47ca-8de6-f8741150192e None None] logging_exception_prefix = ERROR %(name)s %(instance)s {{(pid=108427) log_opt_values /opt/stack/data/venv/lib/python3.12/site-packages/oslo_config/cfg.py:3242}}
Jun 26 01:32:39.687576 np0000183035 devstack@n-api-meta.service[108427]: DEBUG nova.api.openstack.wsgi_app [None req-3fd71e35-de8f-47ca-8de6-f8741150192e None None] logging_user_identity_format = %(user)s %(project)s %(domain)s %(system_scope)s %(user_domain)s %(project_domain)s {{(pid=108427) log_opt_values /opt/stack/data/venv/lib/python3.12/site-packages/oslo_config/cfg.py:3242}}
Jun 26 01:32:39.687751 np0000183035 devstack@n-api-meta.service[108427]: DEBUG nova.api.openstack.wsgi_app [None req-3fd71e35-de8f-47ca-8de6-f8741150192e None None] long_rpc_timeout = 1800 {{(pid=108427) log_opt_values /opt/stack/data/venv/lib/python3.12/site-packages/oslo_config/cfg.py:3242}}
Jun 26 01:32:39.687930 np0000183035 devstack@n-api-meta.service[108427]: DEBUG nova.api.openstack.wsgi_app [None req-3fd71e35-de8f-47ca-8de6-f8741150192e None None] manager_shutdown_timeout = 160 {{(pid=108427) log_opt_values /opt/stack/data/venv/lib/python3.12/site-packages/oslo_config/cfg.py:3242}}
