+ exec neutron-metadata-agent --config-file /etc/neutron/neutron.conf --config-file /tmp/pod-shared/neutron-agent.ini --config-file /etc/neutron/metadata_agent.ini /var/lib/openstack/lib/python3.10/site-packages/neutron/common/utils.py:54: UserWarning: pkg_resources is deprecated as an API. See https://setuptools.pypa.io/en/latest/pkg_resources.html. The pkg_resources package is slated for removal as early as 2025-11-30. Refrain from using this package or pin to Setuptools<81. import pkg_resources
2026-07-09 04:06:43.421 36 INFO neutron.common.config [-] Logging enabled!
2026-07-09 04:06:43.421 36 INFO neutron.common.config [-] /var/lib/openstack/bin/neutron-metadata-agent version 22.2.2.dev46 /var/lib/openstack/lib/python3.10/site-packages/memcache.py:1303: SyntaxWarning: "is" with a literal. Did you mean "=="? if key is '': /var/lib/openstack/lib/python3.10/site-packages/memcache.py:1304: SyntaxWarning: "is" with a literal. Did you mean "=="? if key_extra_len is 0:
2026-07-09 04:06:43.435 36 INFO oslo_service.service [None req-5e3b03ab-20b6-4646-b850-a1b966b94355 - - - - - -] Starting 2 workers
2026-07-09 04:06:43.443 44 INFO eventlet.wsgi.server [-] (44) wsgi starting up on http:/var/lib/neutron/openstack-helm/metadata_proxy
2026-07-09 04:06:43.446 45 INFO eventlet.wsgi.server [-] (45) wsgi starting up on http:/var/lib/neutron/openstack-helm/metadata_proxy
2026-07-09 04:07:14.689 45 INFO eventlet.wsgi.server [-] 169.254.169.254, "GET / HTTP/1.1" status: 404 len: 176 time: 0.1113398
2026-07-09 04:10:24.562 45 INFO eventlet.wsgi.server [-] 169.254.169.254, "GET / HTTP/1.1" status: 404 len: 176 time: 0.0050647
2026-07-09 04:13:34.532 45 INFO eventlet.wsgi.server [-] 169.254.169.254, "GET / HTTP/1.1" status: 404 len: 176 time: 0.0058749
2026-07-09 04:14:04.615 45 INFO eventlet.wsgi.server [-] 169.254.169.254, "GET / HTTP/1.1" status: 404 len: 176 time: 0.0117002
2026-07-09 04:16:44.539 45 INFO eventlet.wsgi.server [-] 169.254.169.254, "GET / HTTP/1.1" status: 404 len: 176 time: 0.0058658
2026-07-09 04:19:54.632 44 INFO eventlet.wsgi.server [-] 169.254.169.254, "GET / HTTP/1.1" status: 404 len: 176 time: 0.0915115
2026-07-09 04:23:04.590 44 INFO eventlet.wsgi.server [-] 169.254.169.254, "GET / HTTP/1.1" status: 404 len: 176 time: 0.0097840
2026-07-09 04:24:04.562 45 INFO eventlet.wsgi.server [-] 169.254.169.254, "GET / HTTP/1.1" status: 404 len: 176 time: 0.0064044
2026-07-09 04:26:14.526 45 INFO eventlet.wsgi.server [-] 169.254.169.254, "GET / HTTP/1.1" status: 404 len: 176 time: 0.0056107
2026-07-09 04:29:24.523 44 INFO eventlet.wsgi.server [-] 169.254.169.254, "GET / HTTP/1.1" status: 404 len: 176 time: 0.0057907
2026-07-09 04:32:34.602 44 INFO eventlet.wsgi.server [-] 169.254.169.254, "GET / HTTP/1.1" status: 404 len: 176 time: 0.0435386
2026-07-09 04:34:04.561 44 INFO eventlet.wsgi.server [-] 169.254.169.254, "GET / HTTP/1.1" status: 404 len: 176 time: 0.0076981
2026-07-09 04:35:44.591 44 INFO eventlet.wsgi.server [-] 169.254.169.254, "GET / HTTP/1.1" status: 404 len: 176 time: 0.0061285
2026-07-09 04:38:54.561 44 INFO eventlet.wsgi.server [-] 169.254.169.254, "GET / HTTP/1.1" status: 404 len: 176 time: 0.0054564
2026-07-09 04:41:36.203 45 INFO eventlet.wsgi.server [-] 10.100.0.11, "GET /2009-04-04/meta-data/instance-id HTTP/1.1" status: 200 len: 146 time: 1.4762650
2026-07-09 04:41:36.244 44 INFO eventlet.wsgi.server [-] 10.100.0.11, "GET /2009-04-04/meta-data/public-keys HTTP/1.1" status: 200 len: 163 time: 0.0301366
2026-07-09 04:41:36.265 44 INFO eventlet.wsgi.server [-] 10.100.0.11, "GET /2009-04-04/meta-data/public-keys/0/openssh-key HTTP/1.1" status: 200 len: 341 time: 0.0155451
2026-07-09 04:41:36.284 44 INFO eventlet.wsgi.server [-] 10.100.0.11, "GET /2009-04-04/meta-data/instance-id HTTP/1.1" status: 200 len: 146 time: 0.0137868
2026-07-09 04:41:36.309 44 INFO eventlet.wsgi.server [-] 10.100.0.11, "GET /2009-04-04/meta-data/ami-launch-index HTTP/1.1" status: 200 len: 136 time: 0.0178764
2026-07-09 04:41:36.327 44 INFO eventlet.wsgi.server [-] 10.100.0.11, "GET /2009-04-04/meta-data/instance-type HTTP/1.1" status: 200 len: 142 time: 0.0115409
2026-07-09 04:41:36.343 44 INFO eventlet.wsgi.server [-] 10.100.0.11, "GET /2009-04-04/meta-data/local-ipv4 HTTP/1.1" status: 200 len: 147 time: 0.0103261
2026-07-09 04:41:36.358 44 INFO eventlet.wsgi.server [-] 10.100.0.11, "GET /2009-04-04/meta-data/public-ipv4 HTTP/1.1" status: 200 len: 149 time: 0.0097165
2026-07-09 04:41:36.379 44 INFO eventlet.wsgi.server [-] 10.100.0.11, "GET /2009-04-04/meta-data/hostname HTTP/1.1" status: 200 len: 201 time: 0.0141490
2026-07-09 04:41:36.401 44 INFO eventlet.wsgi.server [-] 10.100.0.11, "GET /2009-04-04/meta-data/local-hostname HTTP/1.1" status: 200 len: 201 time: 0.0153565
2026-07-09 04:41:36.465 45 INFO eventlet.wsgi.server [-] 10.100.0.11, "GET /2009-04-04/user-data HTTP/1.1" status: 200 len: 231 time: 0.0164058
2026-07-09 04:41:36.489 45 INFO eventlet.wsgi.server [-] 10.100.0.11, "GET /2009-04-04/meta-data/block-device-mapping HTTP/1.1" status: 200 len: 143 time: 0.0152225
2026-07-09 04:41:36.510 45 INFO eventlet.wsgi.server [-] 10.100.0.11, "GET /2009-04-04/meta-data/block-device-mapping/ami HTTP/1.1" status: 200 len: 138 time: 0.0156829
2026-07-09 04:41:36.533 44 INFO eventlet.wsgi.server [-] 10.100.0.11, "GET /2009-04-04/meta-data/block-device-mapping/root HTTP/1.1" status: 200 len: 143 time: 0.0179262
2026-07-09 04:41:36.558 45 INFO eventlet.wsgi.server [-] 10.100.0.11, "GET /2009-04-04/meta-data/public-hostname HTTP/1.1" status: 200 len: 201 time: 0.0188847
2026-07-09 04:41:36.585 45 INFO eventlet.wsgi.server [-] 10.100.0.11, "GET /2009-04-04/meta-data/placement/availability-zone HTTP/1.1" status: 200 len: 139 time: 0.0182524
2026-07-09 04:42:04.624 44 INFO eventlet.wsgi.server [-] 169.254.169.254, "GET / HTTP/1.1" status: 404 len: 176 time: 0.0108252
2026-07-09 04:42:26.144 44 INFO eventlet.wsgi.server [-] 10.100.0.8, "GET /2009-04-04/meta-data/instance-id HTTP/1.1" status: 200 len: 146 time: 1.2372556
2026-07-09 04:42:26.182 44 INFO eventlet.wsgi.server [-] 10.100.0.8, "GET /2009-04-04/meta-data/public-keys HTTP/1.1" status: 200 len: 164 time: 0.0269122
2026-07-09 04:42:26.216 45 INFO eventlet.wsgi.server [-] 10.100.0.8, "GET /2009-04-04/meta-data/public-keys/0/openssh-key HTTP/1.1" status: 200 len: 341 time: 0.0245078
2026-07-09 04:42:26.240 45 INFO eventlet.wsgi.server [-] 10.100.0.8, "GET /2009-04-04/meta-data/instance-id HTTP/1.1" status: 200 len: 146 time: 0.0147109
2026-07-09 04:42:26.265 45 INFO eventlet.wsgi.server [-] 10.100.0.8, "GET /2009-04-04/meta-data/ami-launch-index HTTP/1.1" status: 200 len: 136 time: 0.0183144
2026-07-09 04:42:26.284 45 INFO eventlet.wsgi.server [-] 10.100.0.8, "GET /2009-04-04/meta-data/instance-type HTTP/1.1" status: 200 len: 142 time: 0.0105510
2026-07-09 04:42:26.303 45 INFO eventlet.wsgi.server [-] 10.100.0.8, "GET /2009-04-04/meta-data/local-ipv4 HTTP/1.1" status: 200 len: 146 time: 0.0121336
2026-07-09 04:42:26.328 45 INFO eventlet.wsgi.server [-] 10.100.0.8, "GET /2009-04-04/meta-data/public-ipv4 HTTP/1.1" status: 200 len: 149 time: 0.0190094
2026-07-09 04:42:26.356 45 INFO eventlet.wsgi.server [-] 10.100.0.8, "GET /2009-04-04/meta-data/hostname HTTP/1.1" status: 200 len: 193 time: 0.0196631
2026-07-09 04:42:26.377 45 INFO eventlet.wsgi.server [-] 10.100.0.8, "GET /2009-04-04/meta-data/local-hostname HTTP/1.1" status: 200 len: 193 time: 0.0101702
2026-07-09 04:42:26.400 45 INFO eventlet.wsgi.server [-] 10.100.0.8, "GET /2009-04-04/user-data HTTP/1.1" status: 200 len: 231 time: 0.0126073
2026-07-09 04:42:26.434 44 INFO eventlet.wsgi.server [-] 10.100.0.8, "GET /2009-04-04/meta-data/block-device-mapping HTTP/1.1" status: 200 len: 143 time: 0.0129790
2026-07-09 04:42:26.453 44 INFO eventlet.wsgi.server [-] 10.100.0.8, "GET /2009-04-04/meta-data/block-device-mapping/ami HTTP/1.1" status: 200 len: 138 time: 0.0142403
2026-07-09 04:42:26.473 44 INFO eventlet.wsgi.server [-] 10.100.0.8, "GET /2009-04-04/meta-data/block-device-mapping/root HTTP/1.1" status: 200 len: 143 time: 0.0136895
2026-07-09 04:42:26.492 44 INFO eventlet.wsgi.server [-] 10.100.0.8, "GET /2009-04-04/meta-data/public-hostname HTTP/1.1" status: 200 len: 193 time: 0.0141587
2026-07-09 04:42:26.511 44 INFO eventlet.wsgi.server [-] 10.100.0.8, "GET /2009-04-04/meta-data/placement/availability-zone HTTP/1.1" status: 200 len: 139 time: 0.0110364
2026-07-09 04:42:48.866 44 INFO eventlet.wsgi.server [-] 10.100.0.8, "GET /2009-04-04/meta-data/instance-id HTTP/1.1" status: 200 len: 146 time: 2.0490513
2026-07-09 04:42:48.904 45 INFO eventlet.wsgi.server [-] 10.100.0.8, "GET /2009-04-04/meta-data/public-keys HTTP/1.1" status: 200 len: 164 time: 0.0282986
2026-07-09 04:42:48.928 45 INFO eventlet.wsgi.server [-] 10.100.0.8, "GET /2009-04-04/meta-data/public-keys/0/openssh-key HTTP/1.1" status: 200 len: 341 time: 0.0188682
2026-07-09 04:42:48.947 45 INFO eventlet.wsgi.server [-] 10.100.0.8, "GET /2009-04-04/meta-data/instance-id HTTP/1.1" status: 200 len: 146 time: 0.0130572
2026-07-09 04:42:48.969 44 INFO eventlet.wsgi.server [-] 10.100.0.8, "GET /2009-04-04/meta-data/ami-launch-index HTTP/1.1" status: 200 len: 136 time: 0.0165498
2026-07-09 04:42:48.990 44 INFO eventlet.wsgi.server [-] 10.100.0.8, "GET /2009-04-04/meta-data/instance-type HTTP/1.1" status: 200 len: 142 time: 0.0124836
2026-07-09 04:42:49.015 45 INFO eventlet.wsgi.server [-] 10.100.0.8, "GET /2009-04-04/meta-data/local-ipv4 HTTP/1.1" status: 200 len: 146 time: 0.0185070
2026-07-09 04:42:49.035 45 INFO eventlet.wsgi.server [-] 10.100.0.8, "GET /2009-04-04/meta-data/public-ipv4 HTTP/1.1" status: 200 len: 149 time: 0.0134668
2026-07-09 04:42:49.053 44 INFO eventlet.wsgi.server [-] 10.100.0.8, "GET /2009-04-04/meta-data/hostname HTTP/1.1" status: 200 len: 193 time: 0.0122304
2026-07-09 04:42:49.073 45 INFO eventlet.wsgi.server [-] 10.100.0.8, "GET /2009-04-04/meta-data/local-hostname HTTP/1.1" status: 200 len: 193 time: 0.0128117
2026-07-09 04:42:49.103 45 INFO eventlet.wsgi.server [-] 10.100.0.8, "GET /2009-04-04/user-data HTTP/1.1" status: 200 len: 231 time: 0.0225303
2026-07-09 04:42:49.122 44 INFO eventlet.wsgi.server [-] 10.100.0.8, "GET /2009-04-04/meta-data/block-device-mapping HTTP/1.1" status: 200 len: 143 time: 0.0122867
2026-07-09 04:42:49.140 44 INFO eventlet.wsgi.server [-] 10.100.0.8, "GET /2009-04-04/meta-data/block-device-mapping/ami HTTP/1.1" status: 200 len: 138 time: 0.0116067
2026-07-09 04:42:49.159 44 INFO eventlet.wsgi.server [-] 10.100.0.8, "GET /2009-04-04/meta-data/block-device-mapping/root HTTP/1.1" status: 200 len: 143 time: 0.0129333
2026-07-09 04:42:49.185 44 INFO eventlet.wsgi.server [-] 10.100.0.8, "GET /2009-04-04/meta-data/public-hostname HTTP/1.1" status: 200 len: 193 time: 0.0172167
2026-07-09 04:42:49.209 44 INFO eventlet.wsgi.server [-] 10.100.0.8, "GET /2009-04-04/meta-data/placement/availability-zone HTTP/1.1" status: 200 len: 139 time: 0.0132086
2026-07-09 04:43:19.740 45 INFO eventlet.wsgi.server [-] 10.100.0.14, "GET /latest/meta-data/public-ipv4 HTTP/1.1" status: 200 len: 149 time: 0.8376126
2026-07-09 04:43:20.061 45 INFO eventlet.wsgi.server [-] 10.100.0.14, "POST /openstack/2013-10-17/password HTTP/1.1" status: 200 len: 134 time: 0.2451820
2026-07-09 04:44:04.699 44 INFO eventlet.wsgi.server [-] 169.254.169.254, "GET / HTTP/1.1" status: 404 len: 176 time: 0.0682893
2026-07-09 04:45:10.555 44 INFO eventlet.wsgi.server [-] 10.100.0.4, "GET /2009-04-04/meta-data/instance-id HTTP/1.1" status: 200 len: 146 time: 0.2141538
2026-07-09 04:45:10.580 45 INFO eventlet.wsgi.server [-] 10.100.0.4, "GET /2009-04-04/meta-data/public-keys HTTP/1.1" status: 200 len: 175 time: 0.0142856
2026-07-09 04:45:10.600 45 INFO eventlet.wsgi.server [-] 10.100.0.4, "GET /2009-04-04/meta-data/public-keys/0/openssh-key HTTP/1.1" status: 200 len: 341 time: 0.0147147
2026-07-09 04:45:10.622 44 INFO eventlet.wsgi.server [-] 10.100.0.4, "GET /2009-04-04/meta-data/instance-id HTTP/1.1" status: 200 len: 146 time: 0.0136955
2026-07-09 04:45:10.644 44 INFO eventlet.wsgi.server [-] 10.100.0.4, "GET /2009-04-04/meta-data/ami-launch-index HTTP/1.1" status: 200 len: 136 time: 0.0134764
2026-07-09 04:45:10.663 44 INFO eventlet.wsgi.server [-] 10.100.0.4, "GET /2009-04-04/meta-data/instance-type HTTP/1.1" status: 200 len: 142 time: 0.0117552
2026-07-09 04:45:10.681 44 INFO eventlet.wsgi.server [-] 10.100.0.4, "GET /2009-04-04/meta-data/local-ipv4 HTTP/1.1" status: 200 len: 146 time: 0.0118048
2026-07-09 04:45:10.702 44 INFO eventlet.wsgi.server [-] 10.100.0.4, "GET /2009-04-04/meta-data/public-ipv4 HTTP/1.1" status: 200 len: 149 time: 0.0138674
2026-07-09 04:45:10.721 45 INFO eventlet.wsgi.server [-] 10.100.0.4, "GET /2009-04-04/meta-data/hostname HTTP/1.1" status: 200 len: 191 time: 0.0119736
2026-07-09 04:45:10.741 45 INFO eventlet.wsgi.server [-] 10.100.0.4, "GET /2009-04-04/meta-data/local-hostname HTTP/1.1" status: 200 len: 191 time: 0.0119908
2026-07-09 04:45:10.763 45 INFO neutron.agent.metadata.agent [-] The instance: 824b91d0-1eb9-4da5-bc24-4025c6cda079 is not present anymore, skipping cache...
2026-07-09 04:45:10.825 45 INFO eventlet.wsgi.server [-] 10.100.0.4, "GET /2009-04-04/user-data HTTP/1.1" status: 404 len: 297 time: 0.0771992
2026-07-09 04:45:10.868 45 INFO eventlet.wsgi.server [-] 10.100.0.4, "GET /2009-04-04/meta-data/block-device-mapping HTTP/1.1" status: 200 len: 143 time: 0.0156090
2026-07-09 04:45:10.885 45 INFO eventlet.wsgi.server [-] 10.100.0.4, "GET /2009-04-04/meta-data/block-device-mapping/ami HTTP/1.1" status: 200 len: 138 time: 0.0105698
2026-07-09 04:45:10.909 45 INFO eventlet.wsgi.server [-] 10.100.0.4, "GET /2009-04-04/meta-data/block-device-mapping/root HTTP/1.1" status: 200 len: 143 time: 0.0182476
2026-07-09 04:45:10.932 45 INFO eventlet.wsgi.server [-] 10.100.0.4, "GET /2009-04-04/meta-data/public-hostname HTTP/1.1" status: 200 len: 191 time: 0.0133634
2026-07-09 04:45:10.953 45 INFO eventlet.wsgi.server [-] 10.100.0.4, "GET /2009-04-04/meta-data/placement/availability-zone HTTP/1.1" status: 200 len: 139 time: 0.0136042
2026-07-09 04:45:14.636 45 INFO eventlet.wsgi.server [-] 169.254.169.254, "GET / HTTP/1.1" status: 404 len: 176 time: 0.0308383
2026-07-09 04:45:25.381 45 INFO eventlet.wsgi.server [-] 10.2.1.175, "GET /2009-04-04/meta-data/instance-id HTTP/1.1" status: 200 len: 146 time: 0.2427733
2026-07-09 04:45:25.412 45 INFO eventlet.wsgi.server [-] 10.2.1.175, "GET /2009-04-04/meta-data/public-keys HTTP/1.1" status: 200 len: 173 time: 0.0165887
2026-07-09 04:45:25.437 44 INFO eventlet.wsgi.server [-] 10.2.1.175, "GET /2009-04-04/meta-data/public-keys/0/openssh-key HTTP/1.1" status: 200 len: 341 time: 0.0176892
2026-07-09 04:45:25.458 45 INFO eventlet.wsgi.server [-] 10.2.1.175, "GET /2009-04-04/meta-data/instance-id HTTP/1.1" status: 200 len: 146 time: 0.0130062
2026-07-09 04:45:25.478 45 INFO eventlet.wsgi.server [-] 10.2.1.175, "GET /2009-04-04/meta-data/ami-launch-index HTTP/1.1" status: 200 len: 136 time: 0.0126519
2026-07-09 04:45:25.498 45 INFO eventlet.wsgi.server [-] 10.2.1.175, "GET /2009-04-04/meta-data/instance-type HTTP/1.1" status: 200 len: 142 time: 0.0104594
2026-07-09 04:45:25.523 45 INFO eventlet.wsgi.server [-] 10.2.1.175, "GET /2009-04-04/meta-data/local-ipv4 HTTP/1.1" status: 200 len: 146 time: 0.0145922
2026-07-09 04:45:25.543 45 INFO eventlet.wsgi.server [-] 10.2.1.175, "GET /2009-04-04/meta-data/public-ipv4 HTTP/1.1" status: 200 len: 149 time: 0.0125139
2026-07-09 04:45:25.567 45 INFO eventlet.wsgi.server [-] 10.2.1.175, "GET /2009-04-04/meta-data/hostname HTTP/1.1" status: 200 len: 185 time: 0.0150051
2026-07-09 04:45:25.589 45 INFO eventlet.wsgi.server [-] 10.2.1.175, "GET /2009-04-04/meta-data/local-hostname HTTP/1.1" status: 200 len: 185 time: 0.0141149
2026-07-09 04:45:25.613 45 INFO neutron.agent.metadata.agent [-] The instance: 6d14dd38-6438-4d0b-940e-a6ed606ac3fc is not present anymore, skipping cache...
2026-07-09 04:45:25.666 45 INFO eventlet.wsgi.server [-] 10.2.1.175, "GET /2009-04-04/user-data HTTP/1.1" status: 404 len: 297 time: 0.0663915
2026-07-09 04:45:25.687 44 INFO eventlet.wsgi.server [-] 10.2.1.175, "GET /2009-04-04/meta-data/block-device-mapping HTTP/1.1" status: 200 len: 143 time: 0.0106924
2026-07-09 04:45:25.702 44 INFO eventlet.wsgi.server [-] 10.2.1.175, "GET /2009-04-04/meta-data/block-device-mapping/ami HTTP/1.1" status: 200 len: 138 time: 0.0097389
2026-07-09 04:45:25.719 44 INFO eventlet.wsgi.server [-] 10.2.1.175, "GET /2009-04-04/meta-data/block-device-mapping/root HTTP/1.1" status: 200 len: 143 time: 0.0116708
2026-07-09 04:45:25.741 44 INFO eventlet.wsgi.server [-] 10.2.1.175, "GET /2009-04-04/meta-data/public-hostname HTTP/1.1" status: 200 len: 185 time: 0.0133424
2026-07-09 04:45:25.764 44 INFO eventlet.wsgi.server [-] 10.2.1.175, "GET /2009-04-04/meta-data/placement/availability-zone HTTP/1.1" status: 200 len: 139 time: 0.0161645
2026-07-09 04:45:31.933 44 INFO eventlet.wsgi.server [-] 10.2.2.109, "GET /2009-04-04/meta-data/instance-id HTTP/1.1" status: 200 len: 146 time: 0.2129426
2026-07-09 04:45:31.959 44 INFO eventlet.wsgi.server [-] 10.2.2.109, "GET /2009-04-04/meta-data/public-keys HTTP/1.1" status: 200 len: 173 time: 0.0158329
2026-07-09 04:45:31.973 44 INFO eventlet.wsgi.server [-] 10.2.2.109, "GET /2009-04-04/meta-data/public-keys/0/openssh-key HTTP/1.1" status: 200 len: 341 time: 0.0101109
2026-07-09 04:45:31.993 44 INFO eventlet.wsgi.server [-] 10.2.2.109, "GET /2009-04-04/meta-data/instance-id HTTP/1.1" status: 200 len: 146 time: 0.0117562
2026-07-09 04:45:32.012 44 INFO eventlet.wsgi.server [-] 10.2.2.109, "GET /2009-04-04/meta-data/ami-launch-index HTTP/1.1" status: 200 len: 136 time: 0.0134156
2026-07-09 04:45:32.035 44 INFO eventlet.wsgi.server [-] 10.2.2.109, "GET /2009-04-04/meta-data/instance-type HTTP/1.1" status: 200 len: 142 time: 0.0177138
2026-07-09 04:45:32.061 44 INFO eventlet.wsgi.server [-] 10.2.2.109, "GET /2009-04-04/meta-data/local-ipv4 HTTP/1.1" status: 200 len: 146 time: 0.0182085
2026-07-09 04:45:32.084 44 INFO eventlet.wsgi.server [-] 10.2.2.109, "GET /2009-04-04/meta-data/public-ipv4 HTTP/1.1" status: 200 len: 149 time: 0.0156782
2026-07-09 04:45:32.104 44 INFO eventlet.wsgi.server [-] 10.2.2.109, "GET /2009-04-04/meta-data/hostname HTTP/1.1" status: 200 len: 185 time: 0.0131924
2026-07-09 04:45:32.128 44 INFO eventlet.wsgi.server [-] 10.2.2.109, "GET /2009-04-04/meta-data/local-hostname HTTP/1.1" status: 200 len: 185 time: 0.0183635
2026-07-09 04:45:32.151 45 INFO neutron.agent.metadata.agent [-] The instance: 6aeaffe5-b898-4627-9f76-bd3c409eed84 is not present anymore, skipping cache...
2026-07-09 04:45:32.201 45 INFO eventlet.wsgi.server [-] 10.2.2.109, "GET /2009-04-04/user-data HTTP/1.1" status: 404 len: 297 time: 0.0640652
2026-07-09 04:45:32.238 45 INFO eventlet.wsgi.server [-] 10.2.2.109, "GET /2009-04-04/meta-data/block-device-mapping HTTP/1.1" status: 200 len: 143 time: 0.0250771
2026-07-09 04:45:32.266 45 INFO eventlet.wsgi.server [-] 10.2.2.109, "GET /2009-04-04/meta-data/block-device-mapping/ami HTTP/1.1" status: 200 len: 138 time: 0.0187798
2026-07-09 04:45:32.300 45 INFO eventlet.wsgi.server [-] 10.2.2.109, "GET /2009-04-04/meta-data/block-device-mapping/root HTTP/1.1" status: 200 len: 143 time: 0.0283985
2026-07-09 04:45:32.321 45 INFO eventlet.wsgi.server [-] 10.2.2.109, "GET /2009-04-04/meta-data/public-hostname HTTP/1.1" status: 200 len: 185 time: 0.0161836
2026-07-09 04:45:32.340 45 INFO eventlet.wsgi.server [-] 10.2.2.109, "GET /2009-04-04/meta-data/placement/availability-zone HTTP/1.1" status: 200 len: 139 time: 0.0121772
2026-07-09 04:45:39.404 45 INFO eventlet.wsgi.server [-] 10.100.0.12, "GET /2009-04-04/meta-data/instance-id HTTP/1.1" status: 200 len: 146 time: 0.2188990
2026-07-09 04:45:39.434 45 INFO eventlet.wsgi.server [-] 10.100.0.12, "GET /2009-04-04/meta-data/public-keys HTTP/1.1" status: 200 len: 175 time: 0.0178723
2026-07-09 04:45:39.480 45 INFO eventlet.wsgi.server [-] 10.100.0.12, "GET /2009-04-04/meta-data/public-keys/0/openssh-key HTTP/1.1" status: 200 len: 341 time: 0.0233116
2026-07-09 04:45:39.516 44 INFO eventlet.wsgi.server [-] 10.100.0.12, "GET /2009-04-04/meta-data/instance-id HTTP/1.1" status: 200 len: 146 time: 0.0211399
2026-07-09 04:45:39.537 44 INFO eventlet.wsgi.server [-] 10.100.0.12, "GET /2009-04-04/meta-data/ami-launch-index HTTP/1.1" status: 200 len: 136 time: 0.0153675
2026-07-09 04:45:39.571 44 INFO eventlet.wsgi.server [-] 10.100.0.12, "GET /2009-04-04/meta-data/instance-type HTTP/1.1" status: 200 len: 142 time: 0.0274870
2026-07-09 04:45:39.593 45 INFO eventlet.wsgi.server [-] 10.100.0.12, "GET /2009-04-04/meta-data/local-ipv4 HTTP/1.1" status: 200 len: 147 time: 0.0142109
2026-07-09 04:45:39.615 45 INFO eventlet.wsgi.server [-] 10.100.0.12, "GET /2009-04-04/meta-data/public-ipv4 HTTP/1.1" status: 200 len: 149 time: 0.0127172
2026-07-09 04:45:39.655 44 INFO eventlet.wsgi.server [-] 10.100.0.12, "GET /2009-04-04/meta-data/hostname HTTP/1.1" status: 200 len: 191 time: 0.0201428
2026-07-09 04:45:39.676 44 INFO eventlet.wsgi.server [-] 10.100.0.12, "GET /2009-04-04/meta-data/local-hostname HTTP/1.1" status: 200 len: 191 time: 0.0125878
2026-07-09 04:45:39.698 44 INFO neutron.agent.metadata.agent [-] The instance: 0d6e2841-ef9a-4233-90e4-9f464e4a02f5 is not present anymore, skipping cache...
2026-07-09 04:45:39.773 44 INFO eventlet.wsgi.server [-] 10.100.0.12, "GET /2009-04-04/user-data HTTP/1.1" status: 404 len: 297 time: 0.0879669
2026-07-09 04:45:39.802 44 INFO eventlet.wsgi.server [-] 10.100.0.12, "GET /2009-04-04/meta-data/block-device-mapping HTTP/1.1" status: 200 len: 143 time: 0.0167756
2026-07-09 04:45:39.816 44 INFO eventlet.wsgi.server [-] 10.100.0.12, "GET /2009-04-04/meta-data/block-device-mapping/ami HTTP/1.1" status: 200 len: 138 time: 0.0103908
2026-07-09 04:45:39.834 44 INFO eventlet.wsgi.server [-] 10.100.0.12, "GET /2009-04-04/meta-data/block-device-mapping/root HTTP/1.1" status: 200 len: 143 time: 0.0128536
2026-07-09 04:45:39.855 44 INFO eventlet.wsgi.server [-] 10.100.0.12, "GET /2009-04-04/meta-data/public-hostname HTTP/1.1" status: 200 len: 191 time: 0.0151060
2026-07-09 04:45:39.875 44 INFO eventlet.wsgi.server [-] 10.100.0.12, "GET /2009-04-04/meta-data/placement/availability-zone HTTP/1.1" status: 200 len: 139 time: 0.0151887
2026-07-09 04:48:24.768 45 INFO eventlet.wsgi.server [-] 169.254.169.254, "GET / HTTP/1.1" status: 404 len: 176 time: 0.0057678
2026-07-09 04:51:34.708 45 INFO eventlet.wsgi.server [-] 169.254.169.254, "GET / HTTP/1.1" status: 404 len: 176 time: 0.0052552
2026-07-09 04:54:04.801 44 INFO eventlet.wsgi.server [-] 169.254.169.254, "GET / HTTP/1.1" status: 404 len: 176 time: 0.0582983