+ COMMAND=start + start + for KEYSTONE_WSGI_SCRIPT in keystone-wsgi-public ++ type -p keystone-wsgi-public + cp -a /var/lib/openstack/bin/keystone-wsgi-public /var/www/cgi-bin/keystone/ + '[' -f /etc/apache2/envvars ']' + source /etc/apache2/envvars ++ unset HOME ++ '[' '' '!=' '' ']' ++ SUFFIX= ++ export APACHE_RUN_USER=www-data ++ APACHE_RUN_USER=www-data ++ export APACHE_RUN_GROUP=www-data ++ APACHE_RUN_GROUP=www-data ++ export APACHE_PID_FILE=/var/run/apache2/apache2.pid ++ APACHE_PID_FILE=/var/run/apache2/apache2.pid ++ export APACHE_RUN_DIR=/var/run/apache2 ++ APACHE_RUN_DIR=/var/run/apache2 ++ export APACHE_LOCK_DIR=/var/lock/apache2 ++ APACHE_LOCK_DIR=/var/lock/apache2 ++ export APACHE_LOG_DIR=/var/log/apache2 ++ APACHE_LOG_DIR=/var/log/apache2 ++ export LANG=C ++ LANG=C ++ export LANG + '[' -f /var/run/apache2/apache2.pid ']' + exec apache2 -DFOREGROUND AH00558: apache2: Could not reliably determine the server's fully qualified domain name, using 10.0.0.161. Set the 'ServerName' directive globally to suppress this message AH00558: apache2: Could not reliably determine the server's fully qualified domain name, using 10.0.0.161. Set the 'ServerName' directive globally to suppress this message
[Fri Apr 10 13:56:04.342862 2026] [mpm_event:notice] [pid 1:tid 140025657452416] AH00489: Apache/2.4.58 (Ubuntu) mod_wsgi/5.0.0 Python/3.12 configured -- resuming normal operations
[Fri Apr 10 13:56:04.343019 2026] [core:notice] [pid 1:tid 140025657452416] AH00094: Command line: 'apache2 -D FOREGROUND'
[Fri Apr 10 13:56:51.119806 2026] [wsgi:error] [pid 12:tid 140025020679872] /var/lib/openstack/lib/python3.12/site-packages/oslo_utils/importutils.py:77: EventletDeprecationWarning:
[Fri Apr 10 13:56:51.119851 2026] [wsgi:error] [pid 12:tid 140025020679872] Eventlet is deprecated. It is currently being maintained in bugfix mode, and
[Fri Apr 10 13:56:51.119853 2026] [wsgi:error] [pid 12:tid 140025020679872] we strongly recommend against using it for new projects.
[Fri Apr 10 13:56:51.119854 2026] [wsgi:error] [pid 12:tid 140025020679872]
[Fri Apr 10 13:56:51.119855 2026] [wsgi:error] [pid 12:tid 140025020679872] If you are already using Eventlet, we recommend migrating to a different
[Fri Apr 10 13:56:51.119856 2026] [wsgi:error] [pid 12:tid 140025020679872] framework. For more detail see
[Fri Apr 10 13:56:51.119857 2026] [wsgi:error] [pid 12:tid 140025020679872] https://eventlet.readthedocs.io/en/latest/asyncio/migration.html
[Fri Apr 10 13:56:51.119858 2026] [wsgi:error] [pid 12:tid 140025020679872]
[Fri Apr 10 13:56:51.119859 2026] [wsgi:error] [pid 12:tid 140025020679872] __import__(import_str) 10.0.0.236 - - [10/Apr/2026:13:56:50 +0000] "GET /v3/ HTTP/1.1" 200 250
[Fri Apr 10 13:57:02.796892 2026] [wsgi:error] [pid 11:tid 140025020679872] /var/lib/openstack/lib/python3.12/site-packages/oslo_utils/importutils.py:77: EventletDeprecationWarning:
[Fri Apr 10 13:57:02.796943 2026] [wsgi:error] [pid 11:tid 140025020679872] Eventlet is deprecated. It is currently being maintained in bugfix mode, and
[Fri Apr 10 13:57:02.796944 2026] [wsgi:error] [pid 11:tid 140025020679872] we strongly recommend against using it for new projects.
[Fri Apr 10 13:57:02.796946 2026] [wsgi:error] [pid 11:tid 140025020679872]
[Fri Apr 10 13:57:02.796947 2026] [wsgi:error] [pid 11:tid 140025020679872] If you are already using Eventlet, we recommend migrating to a different
[Fri Apr 10 13:57:02.796948 2026] [wsgi:error] [pid 11:tid 140025020679872] framework. For more detail see
[Fri Apr 10 13:57:02.796949 2026] [wsgi:error] [pid 11:tid 140025020679872] https://eventlet.readthedocs.io/en/latest/asyncio/migration.html
[Fri Apr 10 13:57:02.796950 2026] [wsgi:error] [pid 11:tid 140025020679872]
[Fri Apr 10 13:57:02.796951 2026] [wsgi:error] [pid 11:tid 140025020679872] __import__(import_str) 10.0.0.106 - - [10/Apr/2026:13:57:01 +0000] "GET / HTTP/1.1" 300 295
[Fri Apr 10 13:57:08.143148 2026] [wsgi:error] [pid 9:tid 140025020679872] /var/lib/openstack/lib/python3.12/site-packages/oslo_utils/importutils.py:77: EventletDeprecationWarning:
[Fri Apr 10 13:57:08.143187 2026] [wsgi:error] [pid 9:tid 140025020679872] Eventlet is deprecated. It is currently being maintained in bugfix mode, and
[Fri Apr 10 13:57:08.143189 2026] [wsgi:error] [pid 9:tid 140025020679872] we strongly recommend against using it for new projects.
[Fri Apr 10 13:57:08.143190 2026] [wsgi:error] [pid 9:tid 140025020679872]
[Fri Apr 10 13:57:08.143192 2026] [wsgi:error] [pid 9:tid 140025020679872] If you are already using Eventlet, we recommend migrating to a different
[Fri Apr 10 13:57:08.143193 2026] [wsgi:error] [pid 9:tid 140025020679872] framework. For more detail see
[Fri Apr 10 13:57:08.143194 2026] [wsgi:error] [pid 9:tid 140025020679872] https://eventlet.readthedocs.io/en/latest/asyncio/migration.html
[Fri Apr 10 13:57:08.143195 2026] [wsgi:error] [pid 9:tid 140025020679872]
[Fri Apr 10 13:57:08.143196 2026] [wsgi:error] [pid 9:tid 140025020679872] __import__(import_str)
[Fri Apr 10 13:57:12.798345 2026] [wsgi:error] [pid 9:tid 140025020679872] [remote 10.0.0.106:35570] 2026-04-10 13:57:12.794 9 WARNING keystone.identity.core [None req-7ed2f45c-3bea-4cc4-b6d3-b0221c6a8cd0 - - - - - -] Invalid domain name (atmosphere) found in config file name: keystone.exception.DomainNotFound: Could not find domain: atmosphere.
[Fri Apr 10 13:57:12.854999 2026] [wsgi:error] [pid 9:tid 140025020679872] [remote 10.0.0.106:35570] 2026-04-10 13:57:12.854 9 WARNING keystone.common.password_hashing [None req-7ed2f45c-3bea-4cc4-b6d3-b0221c6a8cd0 - - - - - -] Truncating password to algorithm specific maximum length 72 characters.
[Fri Apr 10 13:57:13.138341 2026] [wsgi:error] [pid 9:tid 140025020679872] [remote 10.0.0.106:35570] 2026-04-10 13:57:13.138 9 WARNING keystone.common.fernet_utils [None req-7ed2f45c-3bea-4cc4-b6d3-b0221c6a8cd0 - - - - - -] key_repository is world readable: /etc/keystone/fernet-keys/ 10.0.0.106 - - [10/Apr/2026:13:57:07 +0000] "POST /v3/auth/tokens HTTP/1.1" 201 1360
[Fri Apr 10 13:57:14.197274 2026] [wsgi:error] [pid 10:tid 140025020679872] /var/lib/openstack/lib/python3.12/site-packages/oslo_utils/importutils.py:77: EventletDeprecationWarning:
[Fri Apr 10 13:57:14.197315 2026] [wsgi:error] [pid 10:tid 140025020679872] Eventlet is deprecated. It is currently being maintained in bugfix mode, and
[Fri Apr 10 13:57:14.197317 2026] [wsgi:error] [pid 10:tid 140025020679872] we strongly recommend against using it for new projects.
[Fri Apr 10 13:57:14.197318 2026] [wsgi:error] [pid 10:tid 140025020679872]
[Fri Apr 10 13:57:14.197319 2026] [wsgi:error] [pid 10:tid 140025020679872] If you are already using Eventlet, we recommend migrating to a different
[Fri Apr 10 13:57:14.197320 2026] [wsgi:error] [pid 10:tid 140025020679872] framework. For more detail see
[Fri Apr 10 13:57:14.197321 2026] [wsgi:error] [pid 10:tid 140025020679872] https://eventlet.readthedocs.io/en/latest/asyncio/migration.html
[Fri Apr 10 13:57:14.197322 2026] [wsgi:error] [pid 10:tid 140025020679872]
[Fri Apr 10 13:57:14.197323 2026] [wsgi:error] [pid 10:tid 140025020679872] __import__(import_str)
[Fri Apr 10 13:57:18.823443 2026] [wsgi:error] [pid 10:tid 140025020679872] [remote 10.0.0.106:35570] 2026-04-10 13:57:18.820 10 WARNING keystone.identity.core [None req-c0733fd0-bcc2-4d25-9442-8b452af15687 - - - - - -] Invalid domain name (atmosphere) found in config file name: keystone.exception.DomainNotFound: Could not find domain: atmosphere. 10.0.0.106 - - [10/Apr/2026:13:57:13 +0000] "POST /v3/domains HTTP/1.1" 201 261 10.0.0.134 - - [10/Apr/2026:13:57:30 +0000] "GET / HTTP/1.1" 300 295
[Fri Apr 10 13:57:30.564306 2026] [wsgi:error] [pid 11:tid 140025020679872] [remote 10.0.0.134:51114] 2026-04-10 13:57:30.563 11 WARNING keystone.common.password_hashing [None req-9d65ae42-f2d6-456d-b179-5ad00c976f6e - - - - - -] Truncating password to algorithm specific maximum length 72 characters.
[Fri Apr 10 13:57:30.862255 2026] [wsgi:error] [pid 11:tid 140025020679872] [remote 10.0.0.134:51114] 2026-04-10 13:57:30.861 11 WARNING keystone.common.fernet_utils [None req-9d65ae42-f2d6-456d-b179-5ad00c976f6e - - - - - -] key_repository is world readable: /etc/keystone/fernet-keys/ 10.0.0.134 - - [10/Apr/2026:13:57:30 +0000] "POST /v3/auth/tokens HTTP/1.1" 201 1360 10.0.0.134 - - [10/Apr/2026:13:57:31 +0000] "GET /v3/roles/admin HTTP/1.1" 404 83
[Fri Apr 10 13:57:31.083260 2026] [wsgi:error] [pid 10:tid 140025020679872] [remote 10.0.0.134:51114] 2026-04-10 13:57:31.082 10 WARNING keystone.common.rbac_enforcer.enforcer [None req-cc55c681-78c6-468b-8957-9b6d401279ba 3bd13d3ffe434932987ec0d80cf4a005 d11bcdad782646d19fb581977f6337e1 - - default default] Deprecated policy rules found. Use oslopolicy-policy-generator and oslopolicy-policy-upgrade to detect and resolve deprecated policies in your configuration. 10.0.0.134 - - [10/Apr/2026:13:57:31 +0000] "GET /v3/roles?name=admin HTTP/1.1" 200 389
[Fri Apr 10 13:57:31.550882 2026] [wsgi:error] [pid 12:tid 140025020679872] [remote 10.0.0.134:51114] 2026-04-10 13:57:31.550 12 WARNING keystone.common.rbac_enforcer.enforcer [None req-e33492a3-8373-4ced-b1c7-a71960f3fe58 3bd13d3ffe434932987ec0d80cf4a005 d11bcdad782646d19fb581977f6337e1 - - default default] Deprecated policy rules found. Use oslopolicy-policy-generator and oslopolicy-policy-upgrade to detect and resolve deprecated policies in your configuration. 10.0.0.134 - - [10/Apr/2026:13:57:31 +0000] "GET /v3/users/admin-RegionOne HTTP/1.1" 404 93
[Fri Apr 10 13:57:31.692685 2026] [wsgi:error] [pid 11:tid 140025020679872] [remote 10.0.0.134:51114] 2026-04-10 13:57:31.692 11 WARNING keystone.common.rbac_enforcer.enforcer [None req-c5daabd4-23ca-487c-b6ac-9a949bdd1d6b 3bd13d3ffe434932987ec0d80cf4a005 d11bcdad782646d19fb581977f6337e1 - - default default] Deprecated policy rules found. Use oslopolicy-policy-generator and oslopolicy-policy-upgrade to detect and resolve deprecated policies in your configuration. 10.0.0.134 - - [10/Apr/2026:13:57:31 +0000] "GET /v3/users?name=admin-RegionOne HTTP/1.1" 200 422
[Fri Apr 10 13:57:31.865353 2026] [wsgi:error] [pid 9:tid 140025020679872] [remote 10.0.0.134:51114] 2026-04-10 13:57:31.865 9 WARNING keystone.common.rbac_enforcer.enforcer [None req-e944ee4f-8308-4c9d-a02e-6be0d575e096 3bd13d3ffe434932987ec0d80cf4a005 d11bcdad782646d19fb581977f6337e1 - - default default] Deprecated policy rules found. Use oslopolicy-policy-generator and oslopolicy-policy-upgrade to detect and resolve deprecated policies in your configuration. 10.0.0.134 - - [10/Apr/2026:13:57:31 +0000] "GET /v3/domains/default HTTP/1.1" 200 224 10.0.0.134 - - [10/Apr/2026:13:57:31 +0000] "PUT /v3/domains/default/users/3bd13d3ffe434932987ec0d80cf4a005/roles/2f3a4bf160bd4d8393b253dd6586f947 HTTP/1.1" 204 - 10.0.0.236 - - [10/Apr/2026:13:57:41 +0000] "GET / HTTP/1.1" 300 281 10.0.0.236 - - [10/Apr/2026:13:57:42 +0000] "GET /v3 HTTP/1.1" 200 266
[Fri Apr 10 13:57:43.018152 2026] [wsgi:error] [pid 9:tid 140025020679872] [remote 10.0.0.236:40270] 2026-04-10 13:57:43.017 9 WARNING keystone.common.password_hashing [None req-99f2fe3a-e2e3-4a18-abbf-a586f91c7dca - - - - - -] Truncating password to algorithm specific maximum length 72 characters.
[Fri Apr 10 13:57:43.296108 2026] [wsgi:error] [pid 9:tid 140025020679872] [remote 10.0.0.236:40270] 2026-04-10 13:57:43.295 9 WARNING keystone.common.fernet_utils [None req-99f2fe3a-e2e3-4a18-abbf-a586f91c7dca - - - - - -] key_repository is world readable: /etc/keystone/fernet-keys/ 10.0.0.236 - - [10/Apr/2026:13:57:42 +0000] "POST /v3/auth/tokens HTTP/1.1" 201 1360 10.0.0.236 - - [10/Apr/2026:13:57:43 +0000] "GET / HTTP/1.1" 300 281 10.0.0.236 - - [10/Apr/2026:13:57:43 +0000] "GET /v3/domains/atmosphere HTTP/1.1" 404 90 10.0.0.236 - - [10/Apr/2026:13:57:43 +0000] "GET /v3/domains?name=atmosphere HTTP/1.1" 200 370 10.0.0.236 - - [10/Apr/2026:13:57:43 +0000] "GET /v3/domains/468b16edbb7f4c42bdde5c0198f7963c HTTP/1.1" 200 247 10.0.0.236 - - [10/Apr/2026:13:57:44 +0000] "GET /v3 HTTP/1.1" 200 266
[Fri Apr 10 13:57:44.358372 2026] [wsgi:error] [pid 12:tid 140025020679872] [remote 10.0.0.236:40274] 2026-04-10 13:57:44.357 12 WARNING keystone.common.password_hashing [None req-4cd20936-b408-4b2a-8ac9-a62ef16001ac - - - - - -] Truncating password to algorithm specific maximum length 72 characters.
[Fri Apr 10 13:57:44.630124 2026] [wsgi:error] [pid 12:tid 140025020679872] [remote 10.0.0.236:40274] 2026-04-10 13:57:44.629 12 WARNING keystone.common.fernet_utils [None req-4cd20936-b408-4b2a-8ac9-a62ef16001ac - - - - - -] key_repository is world readable: /etc/keystone/fernet-keys/ 10.0.0.236 - - [10/Apr/2026:13:57:44 +0000] "POST /v3/auth/tokens HTTP/1.1" 201 1360 10.0.0.236 - - [10/Apr/2026:13:57:44 +0000] "GET / HTTP/1.1" 300 281 10.0.0.236 - - [10/Apr/2026:13:57:44 +0000] "GET /v3/OS-FEDERATION/identity_providers/atmosphere HTTP/1.1" 404 101 10.0.0.236 - - [10/Apr/2026:13:57:44 +0000] "GET /v3/OS-FEDERATION/identity_providers HTTP/1.1" 200 156 10.0.0.236 - - [10/Apr/2026:13:57:44 +0000] "PUT /v3/OS-FEDERATION/identity_providers/atmosphere HTTP/1.1" 201 342 10.0.0.236 - - [10/Apr/2026:13:57:45 +0000] "GET /v3 HTTP/1.1" 200 266
[Fri Apr 10 13:57:45.413644 2026] [wsgi:error] [pid 9:tid 140025020679872] [remote 10.0.0.236:40274] 2026-04-10 13:57:45.413 9 WARNING keystone.common.password_hashing [None req-83693128-5193-4803-97dc-903d6a1c9fc9 - - - - - -] Truncating password to algorithm specific maximum length 72 characters.
[Fri Apr 10 13:57:45.692060 2026] [wsgi:error] [pid 9:tid 140025020679872] [remote 10.0.0.236:40274] 2026-04-10 13:57:45.691 9 WARNING keystone.common.fernet_utils [None req-83693128-5193-4803-97dc-903d6a1c9fc9 - - - - - -] key_repository is world readable: /etc/keystone/fernet-keys/ 10.0.0.236 - - [10/Apr/2026:13:57:45 +0000] "POST /v3/auth/tokens HTTP/1.1" 201 1360 10.0.0.236 - - [10/Apr/2026:13:57:45 +0000] "GET / HTTP/1.1" 300 281 10.0.0.236 - - [10/Apr/2026:13:57:45 +0000] "GET /v3/OS-FEDERATION/mappings/atmosphere-openid HTTP/1.1" 404 98 10.0.0.236 - - [10/Apr/2026:13:57:45 +0000] "GET /v3/OS-FEDERATION/mappings HTTP/1.1" 200 136 10.0.0.236 - - [10/Apr/2026:13:57:45 +0000] "PUT /v3/OS-FEDERATION/mappings/atmosphere-openid HTTP/1.1" 201 357 10.0.0.236 - - [10/Apr/2026:13:57:46 +0000] "GET /v3 HTTP/1.1" 200 266
[Fri Apr 10 13:57:46.509010 2026] [wsgi:error] [pid 12:tid 140025020679872] [remote 10.0.0.236:40270] 2026-04-10 13:57:46.508 12 WARNING keystone.common.password_hashing [None req-c53b1a0f-981a-4210-8ec3-3889c7ea8d8a - - - - - -] Truncating password to algorithm specific maximum length 72 characters.
[Fri Apr 10 13:57:46.778661 2026] [wsgi:error] [pid 12:tid 140025020679872] [remote 10.0.0.236:40270] 2026-04-10 13:57:46.778 12 WARNING keystone.common.fernet_utils [None req-c53b1a0f-981a-4210-8ec3-3889c7ea8d8a - - - - - -] key_repository is world readable: /etc/keystone/fernet-keys/ 10.0.0.236 - - [10/Apr/2026:13:57:46 +0000] "POST /v3/auth/tokens HTTP/1.1" 201 1360 10.0.0.236 - - [10/Apr/2026:13:57:46 +0000] "GET / HTTP/1.1" 300 281 10.0.0.236 - - [10/Apr/2026:13:57:46 +0000] "GET /v3/OS-FEDERATION/identity_providers/atmosphere/protocols/openid?idp_id=atmosphere HTTP/1.1" 404 131 10.0.0.236 - - [10/Apr/2026:13:57:46 +0000] "GET /v3/OS-FEDERATION/identity_providers/atmosphere/protocols HTTP/1.1" 200 168 10.0.0.236 - - [10/Apr/2026:13:57:46 +0000] "PUT /v3/OS-FEDERATION/identity_providers/atmosphere/protocols/openid HTTP/1.1" 201 224 10.0.0.236 - - [10/Apr/2026:13:57:50 +0000] "GET /v3/ HTTP/1.1" 200 250 10.0.0.236 - - [10/Apr/2026:13:57:50 +0000] "GET /v3/ HTTP/1.1" 200 250 10.0.0.236 - - [10/Apr/2026:13:58:50 +0000] "GET /v3/ HTTP/1.1" 200 250 10.0.0.236 - - [10/Apr/2026:13:58:50 +0000] "GET /v3/ HTTP/1.1" 200 250 10.0.0.239 - - [10/Apr/2026:13:59:09 +0000] "GET / HTTP/1.1" 300 295
[Fri Apr 10 13:59:09.274691 2026] [wsgi:error] [pid 9:tid 140025020679872] [remote 10.0.0.239:59882] 2026-04-10 13:59:09.274 9 WARNING keystone.common.password_hashing [None req-a33c2952-d8f7-4db7-bd97-bd606c938b5d - - - - - -] Truncating password to algorithm specific maximum length 72 characters.
[Fri Apr 10 13:59:09.541808 2026] [wsgi:error] [pid 9:tid 140025020679872] [remote 10.0.0.239:59882] 2026-04-10 13:59:09.541 9 WARNING keystone.common.fernet_utils [None req-a33c2952-d8f7-4db7-bd97-bd606c938b5d - - - - - -] key_repository is world readable: /etc/keystone/fernet-keys/ 10.0.0.239 - - [10/Apr/2026:13:59:09 +0000] "POST /v3/auth/tokens HTTP/1.1" 201 1360 10.0.0.239 - - [10/Apr/2026:13:59:09 +0000] "GET /v3/services HTTP/1.1" 200 355 10.0.0.239 - - [10/Apr/2026:13:59:12 +0000] "GET / HTTP/1.1" 300 295
[Fri Apr 10 13:59:13.019688 2026] [wsgi:error] [pid 11:tid 140025020679872] [remote 10.0.0.239:59884] 2026-04-10 13:59:13.019 11 WARNING keystone.common.password_hashing [None req-be7a785e-99fd-4c4e-a5fe-7d51419681d2 - - - - - -] Truncating password to algorithm specific maximum length 72 characters.
[Fri Apr 10 13:59:13.305462 2026] [wsgi:error] [pid 11:tid 140025020679872] [remote 10.0.0.239:59884] 2026-04-10 13:59:13.305 11 WARNING keystone.common.fernet_utils [None req-be7a785e-99fd-4c4e-a5fe-7d51419681d2 - - - - - -] key_repository is world readable: /etc/keystone/fernet-keys/ 10.0.0.239 - - [10/Apr/2026:13:59:13 +0000] "POST /v3/auth/tokens HTTP/1.1" 201 1360 10.0.0.239 - - [10/Apr/2026:13:59:13 +0000] "GET /v3/services HTTP/1.1" 200 355 10.0.0.239 - - [10/Apr/2026:13:59:16 +0000] "GET / HTTP/1.1" 300 295
[Fri Apr 10 13:59:16.831603 2026] [wsgi:error] [pid 10:tid 140025020679872] [remote 10.0.0.239:44910] 2026-04-10 13:59:16.831 10 WARNING keystone.common.password_hashing [None req-61043cd0-ee0b-4b40-9c23-c37ae1be5cae - - - - - -] Truncating password to algorithm specific maximum length 72 characters.
[Fri Apr 10 13:59:17.109543 2026] [wsgi:error] [pid 10:tid 140025020679872] [remote 10.0.0.239:44910] 2026-04-10 13:59:17.109 10 WARNING keystone.common.fernet_utils [None req-61043cd0-ee0b-4b40-9c23-c37ae1be5cae - - - - - -] key_repository is world readable: /etc/keystone/fernet-keys/ 10.0.0.239 - - [10/Apr/2026:13:59:16 +0000] "POST /v3/auth/tokens HTTP/1.1" 201 1360 10.0.0.239 - - [10/Apr/2026:13:59:17 +0000] "GET /v3/services HTTP/1.1" 200 355 10.0.0.239 - - [10/Apr/2026:13:59:20 +0000] "GET / HTTP/1.1" 300 295
[Fri Apr 10 13:59:20.626088 2026] [wsgi:error] [pid 12:tid 140025020679872] [remote 10.0.0.239:44918] 2026-04-10 13:59:20.625 12 WARNING keystone.common.password_hashing [None req-89a0d844-525b-41fd-9b3f-2b27087f749a - - - - - -] Truncating password to algorithm specific maximum length 72 characters.
[Fri Apr 10 13:59:20.920041 2026] [wsgi:error] [pid 12:tid 140025020679872] [remote 10.0.0.239:44918] 2026-04-10 13:59:20.919 12 WARNING keystone.common.fernet_utils [None req-89a0d844-525b-41fd-9b3f-2b27087f749a - - - - - -] key_repository is world readable: /etc/keystone/fernet-keys/ 10.0.0.239 - - [10/Apr/2026:13:59:20 +0000] "POST /v3/auth/tokens HTTP/1.1" 201 1360 10.0.0.239 - - [10/Apr/2026:13:59:21 +0000] "POST /v3/services HTTP/1.1" 201 296 10.0.0.179 - - [10/Apr/2026:13:59:31 +0000] "GET / HTTP/1.1" 300 295
[Fri Apr 10 13:59:31.462293 2026] [wsgi:error] [pid 9:tid 140025020679872] [remote 10.0.0.179:36530] 2026-04-10 13:59:31.462 9 WARNING keystone.common.password_hashing [None req-2e66e5c4-e5ff-4b70-a787-6903530b5c92 - - - - - -] Truncating password to algorithm specific maximum length 72 characters. 10.0.0.179 - - [10/Apr/2026:13:59:31 +0000] "GET / HTTP/1.1" 300 295
[Fri Apr 10 13:59:31.624125 2026] [wsgi:error] [pid 10:tid 140025020679872] [remote 10.0.0.179:36542] 2026-04-10 13:59:31.623 10 WARNING keystone.common.password_hashing [None req-d0dc463b-c31d-4671-b5c9-7d17a3841b9a - - - - - -] Truncating password to algorithm specific maximum length 72 characters. 10.0.0.179 - - [10/Apr/2026:13:59:31 +0000] "GET / HTTP/1.1" 300 295
[Fri Apr 10 13:59:31.737604 2026] [wsgi:error] [pid 9:tid 140025020679872] [remote 10.0.0.179:36530] 2026-04-10 13:59:31.737 9 WARNING keystone.common.fernet_utils [None req-2e66e5c4-e5ff-4b70-a787-6903530b5c92 - - - - - -] key_repository is world readable: /etc/keystone/fernet-keys/ 10.0.0.179 - - [10/Apr/2026:13:59:31 +0000] "POST /v3/auth/tokens HTTP/1.1" 201 1464
[Fri Apr 10 13:59:31.752726 2026] [wsgi:error] [pid 12:tid 140025020679872] [remote 10.0.0.179:36546] 2026-04-10 13:59:31.752 12 WARNING keystone.common.password_hashing [None req-c11adbdb-4150-4437-ab37-b0c61dfdabe9 - - - - - -] Truncating password to algorithm specific maximum length 72 characters. 10.0.0.179 - - [10/Apr/2026:13:59:31 +0000] "GET /v3/services HTTP/1.1" 200 639
[Fri Apr 10 13:59:31.904254 2026] [wsgi:error] [pid 10:tid 140025020679872] [remote 10.0.0.179:36542] 2026-04-10 13:59:31.904 10 WARNING keystone.common.fernet_utils [None req-d0dc463b-c31d-4671-b5c9-7d17a3841b9a - - - - - -] key_repository is world readable: /etc/keystone/fernet-keys/ 10.0.0.179 - - [10/Apr/2026:13:59:31 +0000] "POST /v3/auth/tokens HTTP/1.1" 201 1464 10.0.0.179 - - [10/Apr/2026:13:59:32 +0000] "GET /v3/services HTTP/1.1" 200 639
[Fri Apr 10 13:59:32.038228 2026] [wsgi:error] [pid 12:tid 140025020679872] [remote 10.0.0.179:36546] 2026-04-10 13:59:32.038 12 WARNING keystone.common.fernet_utils [None req-c11adbdb-4150-4437-ab37-b0c61dfdabe9 - - - - - -] key_repository is world readable: /etc/keystone/fernet-keys/ 10.0.0.179 - - [10/Apr/2026:13:59:31 +0000] "POST /v3/auth/tokens HTTP/1.1" 201 1464 10.0.0.179 - - [10/Apr/2026:13:59:32 +0000] "GET /v3/services HTTP/1.1" 200 639 10.0.0.179 - - [10/Apr/2026:13:59:33 +0000] "GET / HTTP/1.1" 300 295 10.0.0.179 - - [10/Apr/2026:13:59:33 +0000] "GET / HTTP/1.1" 300 295
[Fri Apr 10 13:59:33.471274 2026] [wsgi:error] [pid 9:tid 140025020679872] [remote 10.0.0.179:36554] 2026-04-10 13:59:33.471 9 WARNING keystone.common.password_hashing [None req-b6907ac3-c790-4c81-880b-23585b42304f - - - - - -] Truncating password to algorithm specific maximum length 72 characters.
[Fri Apr 10 13:59:33.480404 2026] [wsgi:error] [pid 11:tid 140025020679872] [remote 10.0.0.179:36570] 2026-04-10 13:59:33.480 11 WARNING keystone.common.password_hashing [None req-63b4788f-295b-4d53-9023-ab77cd3ed954 - - - - - -] Truncating password to algorithm specific maximum length 72 characters. 10.0.0.179 - - [10/Apr/2026:13:59:33 +0000] "GET / HTTP/1.1" 300 295
[Fri Apr 10 13:59:33.628460 2026] [wsgi:error] [pid 12:tid 140025020679872] [remote 10.0.0.179:36574] 2026-04-10 13:59:33.628 12 WARNING keystone.common.password_hashing [None req-c43c071f-d5a6-4f8b-a7d8-6391830e3b7e - - - - - -] Truncating password to algorithm specific maximum length 72 characters.
[Fri Apr 10 13:59:33.749175 2026] [wsgi:error] [pid 9:tid 140025020679872] [remote 10.0.0.179:36554] 2026-04-10 13:59:33.749 9 WARNING keystone.common.fernet_utils [None req-b6907ac3-c790-4c81-880b-23585b42304f - - - - - -] key_repository is world readable: /etc/keystone/fernet-keys/ 10.0.0.179 - - [10/Apr/2026:13:59:33 +0000] "POST /v3/auth/tokens HTTP/1.1" 201 1464
[Fri Apr 10 13:59:33.761934 2026] [wsgi:error] [pid 11:tid 140025020679872] [remote 10.0.0.179:36570] 2026-04-10 13:59:33.761 11 WARNING keystone.common.fernet_utils [None req-63b4788f-295b-4d53-9023-ab77cd3ed954 - - - - - -] key_repository is world readable: /etc/keystone/fernet-keys/ 10.0.0.179 - - [10/Apr/2026:13:59:33 +0000] "POST /v3/auth/tokens HTTP/1.1" 201 1464 10.0.0.179 - - [10/Apr/2026:13:59:33 +0000] "GET /v3/endpoints HTTP/1.1" 200 1227 10.0.0.179 - - [10/Apr/2026:13:59:33 +0000] "GET /v3/endpoints HTTP/1.1" 200 1227 10.0.0.179 - - [10/Apr/2026:13:59:33 +0000] "GET /v3/services/e82c6ff78a3547c6be0cfe48892d6c24 HTTP/1.1" 200 233 10.0.0.179 - - [10/Apr/2026:13:59:33 +0000] "GET /v3/services/e82c6ff78a3547c6be0cfe48892d6c24 HTTP/1.1" 200 233 10.0.0.179 - - [10/Apr/2026:13:59:33 +0000] "GET /v3/services/e82c6ff78a3547c6be0cfe48892d6c24 HTTP/1.1" 200 233
[Fri Apr 10 13:59:33.921076 2026] [wsgi:error] [pid 12:tid 140025020679872] [remote 10.0.0.179:36574] 2026-04-10 13:59:33.920 12 WARNING keystone.common.fernet_utils [None req-c43c071f-d5a6-4f8b-a7d8-6391830e3b7e - - - - - -] key_repository is world readable: /etc/keystone/fernet-keys/ 10.0.0.179 - - [10/Apr/2026:13:59:33 +0000] "POST /v3/auth/tokens HTTP/1.1" 201 1464 10.0.0.179 - - [10/Apr/2026:13:59:33 +0000] "GET /v3/services/e82c6ff78a3547c6be0cfe48892d6c24 HTTP/1.1" 200 233 10.0.0.179 - - [10/Apr/2026:13:59:33 +0000] "GET /v3/services/e82c6ff78a3547c6be0cfe48892d6c24 HTTP/1.1" 200 233 10.0.0.179 - - [10/Apr/2026:13:59:33 +0000] "GET /v3/services/e82c6ff78a3547c6be0cfe48892d6c24 HTTP/1.1" 200 233 10.0.0.179 - - [10/Apr/2026:13:59:34 +0000] "GET /v3/endpoints HTTP/1.1" 200 1227 10.0.0.179 - - [10/Apr/2026:13:59:34 +0000] "GET /v3/services/e82c6ff78a3547c6be0cfe48892d6c24 HTTP/1.1" 200 233 10.0.0.179 - - [10/Apr/2026:13:59:34 +0000] "GET /v3/services/e82c6ff78a3547c6be0cfe48892d6c24 HTTP/1.1" 200 233 10.0.0.179 - - [10/Apr/2026:13:59:34 +0000] "GET /v3/services/e82c6ff78a3547c6be0cfe48892d6c24 HTTP/1.1" 200 233 10.0.0.179 - - [10/Apr/2026:13:59:35 +0000] "GET / HTTP/1.1" 300 295
[Fri Apr 10 13:59:35.295941 2026] [wsgi:error] [pid 11:tid 140025020679872] [remote 10.0.0.179:43744] 2026-04-10 13:59:35.295 11 WARNING keystone.common.password_hashing [None req-91c636fe-291b-4bd7-9b79-5b02665d3a6e - - - - - -] Truncating password to algorithm specific maximum length 72 characters. 10.0.0.179 - - [10/Apr/2026:13:59:35 +0000] "GET / HTTP/1.1" 300 295
[Fri Apr 10 13:59:35.457813 2026] [wsgi:error] [pid 9:tid 140025020679872] [remote 10.0.0.179:43760] 2026-04-10 13:59:35.457 9 WARNING keystone.common.password_hashing [None req-ad547f8a-3c5a-4b3c-ae50-62a9357ef165 - - - - - -] Truncating password to algorithm specific maximum length 72 characters. 10.0.0.179 - - [10/Apr/2026:13:59:35 +0000] "GET / HTTP/1.1" 300 295
[Fri Apr 10 13:59:35.478041 2026] [wsgi:error] [pid 10:tid 140025020679872] [remote 10.0.0.179:43772] 2026-04-10 13:59:35.477 10 WARNING keystone.common.password_hashing [None req-594c2947-4fcb-4c68-944e-cdfd1812134c - - - - - -] Truncating password to algorithm specific maximum length 72 characters.
[Fri Apr 10 13:59:35.569732 2026] [wsgi:error] [pid 11:tid 140025020679872] [remote 10.0.0.179:43744] 2026-04-10 13:59:35.569 11 WARNING keystone.common.fernet_utils [None req-91c636fe-291b-4bd7-9b79-5b02665d3a6e - - - - - -] key_repository is world readable: /etc/keystone/fernet-keys/ 10.0.0.179 - - [10/Apr/2026:13:59:35 +0000] "POST /v3/auth/tokens HTTP/1.1" 201 1464 10.0.0.179 - - [10/Apr/2026:13:59:35 +0000] "GET /v3/services/fdf7c885264943b58ff12d51fbea8f09 HTTP/1.1" 200 296 10.0.0.179 - - [10/Apr/2026:13:59:35 +0000] "GET /v3/regions/RegionOne HTTP/1.1" 200 173
[Fri Apr 10 13:59:35.740447 2026] [wsgi:error] [pid 9:tid 140025020679872] [remote 10.0.0.179:43760] 2026-04-10 13:59:35.740 9 WARNING keystone.common.fernet_utils [None req-ad547f8a-3c5a-4b3c-ae50-62a9357ef165 - - - - - -] key_repository is world readable: /etc/keystone/fernet-keys/ 10.0.0.179 - - [10/Apr/2026:13:59:35 +0000] "POST /v3/auth/tokens HTTP/1.1" 201 1464
[Fri Apr 10 13:59:35.750970 2026] [wsgi:error] [pid 10:tid 140025020679872] [remote 10.0.0.179:43772] 2026-04-10 13:59:35.750 10 WARNING keystone.common.fernet_utils [None req-594c2947-4fcb-4c68-944e-cdfd1812134c - - - - - -] key_repository is world readable: /etc/keystone/fernet-keys/ 10.0.0.179 - - [10/Apr/2026:13:59:35 +0000] "POST /v3/auth/tokens HTTP/1.1" 201 1464 10.0.0.179 - - [10/Apr/2026:13:59:35 +0000] "GET /v3/services/fdf7c885264943b58ff12d51fbea8f09 HTTP/1.1" 200 296 10.0.0.179 - - [10/Apr/2026:13:59:35 +0000] "POST /v3/endpoints HTTP/1.1" 201 380 10.0.0.179 - - [10/Apr/2026:13:59:35 +0000] "GET /v3/services/fdf7c885264943b58ff12d51fbea8f09 HTTP/1.1" 200 296 10.0.0.179 - - [10/Apr/2026:13:59:35 +0000] "GET /v3/regions/RegionOne HTTP/1.1" 200 173 10.0.0.179 - - [10/Apr/2026:13:59:35 +0000] "GET /v3/regions/RegionOne HTTP/1.1" 200 173 10.0.0.179 - - [10/Apr/2026:13:59:35 +0000] "POST /v3/endpoints HTTP/1.1" 201 383 10.0.0.179 - - [10/Apr/2026:13:59:35 +0000] "POST /v3/endpoints HTTP/1.1" 201 370 10.0.0.179 - - [10/Apr/2026:13:59:37 +0000] "GET / HTTP/1.1" 300 295 10.0.0.179 - - [10/Apr/2026:13:59:37 +0000] "GET / HTTP/1.1" 300 295
[Fri Apr 10 13:59:37.217733 2026] [wsgi:error] [pid 11:tid 140025020679872] [remote 10.0.0.179:43778] 2026-04-10 13:59:37.217 11 WARNING keystone.common.password_hashing [None req-6c8635d9-b9de-4c8b-8d78-42556c733e1e - - - - - -] Truncating password to algorithm specific maximum length 72 characters.
[Fri Apr 10 13:59:37.228961 2026] [wsgi:error] [pid 9:tid 140025020679872] [remote 10.0.0.179:43792] 2026-04-10 13:59:37.228 9 WARNING keystone.common.password_hashing [None req-5451c6fa-92cb-40f4-8406-4b9ce7771cb4 - - - - - -] Truncating password to algorithm specific maximum length 72 characters. 10.0.0.179 - - [10/Apr/2026:13:59:37 +0000] "GET / HTTP/1.1" 300 295
[Fri Apr 10 13:59:37.351289 2026] [wsgi:error] [pid 12:tid 140025020679872] [remote 10.0.0.179:43798] 2026-04-10 13:59:37.350 12 WARNING keystone.common.password_hashing [None req-abe2847f-35f4-435a-8e64-33f76f9acf14 - - - - - -] Truncating password to algorithm specific maximum length 72 characters.
[Fri Apr 10 13:59:37.516304 2026] [wsgi:error] [pid 9:tid 140025020679872] [remote 10.0.0.179:43792] 2026-04-10 13:59:37.516 9 WARNING keystone.common.fernet_utils [None req-5451c6fa-92cb-40f4-8406-4b9ce7771cb4 - - - - - -] key_repository is world readable: /etc/keystone/fernet-keys/
[Fri Apr 10 13:59:37.520627 2026] [wsgi:error] [pid 11:tid 140025020679872] [remote 10.0.0.179:43778] 2026-04-10 13:59:37.520 11 WARNING keystone.common.fernet_utils [None req-6c8635d9-b9de-4c8b-8d78-42556c733e1e - - - - - -] key_repository is world readable: /etc/keystone/fernet-keys/ 10.0.0.179 - - [10/Apr/2026:13:59:37 +0000] "POST /v3/auth/tokens HTTP/1.1" 201 1992 10.0.0.179 - - [10/Apr/2026:13:59:37 +0000] "POST /v3/auth/tokens HTTP/1.1" 201 1992
[Fri Apr 10 13:59:37.622956 2026] [wsgi:error] [pid 12:tid 140025020679872] [remote 10.0.0.179:43798] 2026-04-10 13:59:37.622 12 WARNING keystone.common.fernet_utils [None req-abe2847f-35f4-435a-8e64-33f76f9acf14 - - - - - -] key_repository is world readable: /etc/keystone/fernet-keys/ 10.0.0.179 - - [10/Apr/2026:13:59:37 +0000] "POST /v3/auth/tokens HTTP/1.1" 201 1992 10.0.0.179 - - [10/Apr/2026:13:59:37 +0000] "GET /v3/endpoints/2b731ad459ce4e37a562494f1f2f7541 HTTP/1.1" 200 380 10.0.0.179 - - [10/Apr/2026:13:59:37 +0000] "GET /v3/endpoints/d68a2f4c94ac4a0aa8ffe5fe909dd29c HTTP/1.1" 200 383 10.0.0.179 - - [10/Apr/2026:13:59:37 +0000] "GET /v3/services/fdf7c885264943b58ff12d51fbea8f09 HTTP/1.1" 200 296 10.0.0.179 - - [10/Apr/2026:13:59:37 +0000] "GET /v3/services/fdf7c885264943b58ff12d51fbea8f09 HTTP/1.1" 200 296 10.0.0.179 - - [10/Apr/2026:13:59:37 +0000] "GET /v3/endpoints/68f1c36727974744a7fd3c1d722ba007 HTTP/1.1" 200 370 10.0.0.179 - - [10/Apr/2026:13:59:37 +0000] "GET /v3/services/fdf7c885264943b58ff12d51fbea8f09 HTTP/1.1" 200 296 10.0.0.162 - - [10/Apr/2026:13:59:47 +0000] "GET / HTTP/1.1" 300 295
[Fri Apr 10 13:59:47.594482 2026] [wsgi:error] [pid 11:tid 140025020679872] [remote 10.0.0.162:50024] 2026-04-10 13:59:47.594 11 WARNING keystone.common.password_hashing [None req-7e230d9e-9986-4f58-a0bf-ecc91d57e762 - - - - - -] Truncating password to algorithm specific maximum length 72 characters.
[Fri Apr 10 13:59:47.873978 2026] [wsgi:error] [pid 11:tid 140025020679872] [remote 10.0.0.162:50024] 2026-04-10 13:59:47.873 11 WARNING keystone.common.fernet_utils [None req-7e230d9e-9986-4f58-a0bf-ecc91d57e762 - - - - - -] key_repository is world readable: /etc/keystone/fernet-keys/ 10.0.0.162 - - [10/Apr/2026:13:59:47 +0000] "POST /v3/auth/tokens HTTP/1.1" 201 1992 10.0.0.162 - - [10/Apr/2026:13:59:47 +0000] "POST /v3/domains HTTP/1.1" 201 284 10.0.0.162 - - [10/Apr/2026:13:59:49 +0000] "GET / HTTP/1.1" 300 295
[Fri Apr 10 13:59:49.416217 2026] [wsgi:error] [pid 12:tid 140025020679872] [remote 10.0.0.162:50036] 2026-04-10 13:59:49.415 12 WARNING keystone.common.password_hashing [None req-b50cbda4-823c-4c35-9ba3-a8d6a2e32171 - - - - - -] Truncating password to algorithm specific maximum length 72 characters.
[Fri Apr 10 13:59:49.689288 2026] [wsgi:error] [pid 12:tid 140025020679872] [remote 10.0.0.162:50036] 2026-04-10 13:59:49.689 12 WARNING keystone.common.fernet_utils [None req-b50cbda4-823c-4c35-9ba3-a8d6a2e32171 - - - - - -] key_repository is world readable: /etc/keystone/fernet-keys/ 10.0.0.162 - - [10/Apr/2026:13:59:49 +0000] "POST /v3/auth/tokens HTTP/1.1" 201 1992
[Fri Apr 10 13:59:49.865569 2026] [wsgi:error] [pid 11:tid 140025020679872] [remote 10.0.0.162:50036] 2026-04-10 13:59:49.852 11 ERROR keystone.server.flask.application [None req-af01e79d-6d55-4c5e-a816-0e70c88f4da8 3bd13d3ffe434932987ec0d80cf4a005 d11bcdad782646d19fb581977f6337e1 - - default default] Conflict occurred attempting to store project - it is not permitted to have two projects acting as domains with the same name: service.: keystone.exception.Conflict: Conflict occurred attempting to store project - it is not permitted to have two projects acting as domains with the same name: service.
[Fri Apr 10 13:59:49.865602 2026] [wsgi:error] [pid 11:tid 140025020679872] [remote 10.0.0.162:50036] 2026-04-10 13:59:49.852 11 ERROR keystone.server.flask.application
Traceback (most recent call last):
[Fri Apr 10 13:59:49.865604 2026] [wsgi:error] [pid 11:tid 140025020679872] [remote 10.0.0.162:50036] 2026-04-10 13:59:49.852 11 ERROR keystone.server.flask.application
File "/var/lib/openstack/lib/python3.12/site-packages/sqlalchemy/engine/base.py", line 1967, in _exec_single_context
[Fri Apr 10 13:59:49.865606 2026] [wsgi:error] [pid 11:tid 140025020679872] [remote 10.0.0.162:50036] 2026-04-10 13:59:49.852 11 ERROR keystone.server.flask.application self.dialect.do_execute(
[Fri Apr 10 13:59:49.865608 2026] [wsgi:error] [pid 11:tid 140025020679872] [remote 10.0.0.162:50036] 2026-04-10 13:59:49.852 11 ERROR keystone.server.flask.application
File "/var/lib/openstack/lib/python3.12/site-packages/sqlalchemy/engine/default.py", line 952, in do_execute
[Fri Apr 10 13:59:49.865609 2026] [wsgi:error] [pid 11:tid 140025020679872] [remote 10.0.0.162:50036] 2026-04-10 13:59:49.852 11 ERROR keystone.server.flask.application cursor.execute(statement, parameters)
[Fri Apr 10 13:59:49.865611 2026] [wsgi:error] [pid 11:tid 140025020679872] [remote 10.0.0.162:50036] 2026-04-10 13:59:49.852 11 ERROR keystone.server.flask.application
File "/var/lib/openstack/lib/python3.12/site-packages/pymysql/cursors.py", line 153, in execute
[Fri Apr 10 13:59:49.865613 2026] [wsgi:error] [pid 11:tid 140025020679872] [remote 10.0.0.162:50036] 2026-04-10 13:59:49.852 11 ERROR keystone.server.flask.application result = self._query(query)
[Fri Apr 10 13:59:49.865614 2026] [wsgi:error] [pid 11:tid 140025020679872] [remote 10.0.0.162:50036] 2026-04-10 13:59:49.852 11 ERROR keystone.server.flask.application ^^^^^^^^^^^^^^^^^^
[Fri Apr 10 13:59:49.865615 2026] [wsgi:error] [pid 11:tid 140025020679872] [remote 10.0.0.162:50036] 2026-04-10 13:59:49.852 11 ERROR keystone.server.flask.application
File "/var/lib/openstack/lib/python3.12/site-packages/pymysql/cursors.py", line 322, in _query
[Fri Apr 10 13:59:49.865617 2026] [wsgi:error] [pid 11:tid 140025020679872] [remote 10.0.0.162:50036] 2026-04-10 13:59:49.852 11 ERROR keystone.server.flask.application conn.query(q)
[Fri Apr 10 13:59:49.865618 2026] [wsgi:error] [pid 11:tid 140025020679872] [remote 10.0.0.162:50036] 2026-04-10 13:59:49.852 11 ERROR keystone.server.flask.application
File "/var/lib/openstack/lib/python3.12/site-packages/pymysql/connections.py", line 575, in query
[Fri Apr 10 13:59:49.865620 2026] [wsgi:error] [pid 11:tid 140025020679872] [remote 10.0.0.162:50036] 2026-04-10 13:59:49.852 11 ERROR keystone.server.flask.application self._affected_rows = self._read_query_result(unbuffered=unbuffered)
[Fri Apr 10 13:59:49.865621 2026] [wsgi:error] [pid 11:tid 140025020679872] [remote 10.0.0.162:50036] 2026-04-10 13:59:49.852 11 ERROR keystone.server.flask.application ^^^^^^^^^^^^^^^^^^^^^^^^^^^^^^^^^^^^^^^^^^^^^^
[Fri Apr 10 13:59:49.865623 2026] [wsgi:error] [pid 11:tid 140025020679872] [remote 10.0.0.162:50036] 2026-04-10 13:59:49.852 11 ERROR keystone.server.flask.application
File "/var/lib/openstack/lib/python3.12/site-packages/pymysql/connections.py", line 826, in _read_query_result
[Fri Apr 10 13:59:49.865624 2026] [wsgi:error] [pid 11:tid 140025020679872] [remote 10.0.0.162:50036] 2026-04-10 13:59:49.852 11 ERROR keystone.server.flask.application result.read()
[Fri Apr 10 13:59:49.865628 2026] [wsgi:error] [pid 11:tid 140025020679872] [remote 10.0.0.162:50036] 2026-04-10 13:59:49.852 11 ERROR keystone.server.flask.application
File "/var/lib/openstack/lib/python3.12/site-packages/pymysql/connections.py", line 1203, in read
[Fri Apr 10 13:59:49.865630 2026] [wsgi:error] [pid 11:tid 140025020679872] [remote 10.0.0.162:50036] 2026-04-10 13:59:49.852 11 ERROR keystone.server.flask.application first_packet = self.connection._read_packet()
[Fri Apr 10 13:59:49.865631 2026] [wsgi:error] [pid 11:tid 140025020679872] [remote 10.0.0.162:50036] 2026-04-10 13:59:49.852 11 ERROR keystone.server.flask.application ^^^^^^^^^^^^^^^^^^^^^^^^^^^^^^
[Fri Apr 10 13:59:49.865632 2026] [wsgi:error] [pid 11:tid 140025020679872] [remote 10.0.0.162:50036] 2026-04-10 13:59:49.852 11 ERROR keystone.server.flask.application
File "/var/lib/openstack/lib/python3.12/site-packages/pymysql/connections.py", line 782, in _read_packet
[Fri Apr 10 13:59:49.865634 2026] [wsgi:error] [pid 11:tid 140025020679872] [remote 10.0.0.162:50036] 2026-04-10 13:59:49.852 11 ERROR keystone.server.flask.application packet.raise_for_error()
[Fri Apr 10 13:59:49.865636 2026] [wsgi:error] [pid 11:tid 140025020679872] [remote 10.0.0.162:50036] 2026-04-10 13:59:49.852 11 ERROR keystone.server.flask.application
File "/var/lib/openstack/lib/python3.12/site-packages/pymysql/protocol.py", line 219, in raise_for_error
[Fri Apr 10 13:59:49.865637 2026] [wsgi:error] [pid 11:tid 140025020679872] [remote 10.0.0.162:50036] 2026-04-10 13:59:49.852 11 ERROR keystone.server.flask.application err.raise_mysql_exception(self._data)
[Fri Apr 10 13:59:49.865639 2026] [wsgi:error] [pid 11:tid 140025020679872] [remote 10.0.0.162:50036] 2026-04-10 13:59:49.852 11 ERROR keystone.server.flask.application
File "/var/lib/openstack/lib/python3.12/site-packages/pymysql/err.py", line 150, in raise_mysql_exception
[Fri Apr 10 13:59:49.865640 2026] [wsgi:error] [pid 11:tid 140025020679872] [remote 10.0.0.162:50036] 2026-04-10 13:59:49.852 11 ERROR keystone.server.flask.application raise errorclass(errno, errval)
[Fri Apr 10 13:59:49.865642 2026] [wsgi:error] [pid 11:tid 140025020679872] [remote 10.0.0.162:50036] 2026-04-10 13:59:49.852 11 ERROR keystone.server.flask.application pymysql.err.IntegrityError: (1062, "Duplicate entry '<>-service' for key 'project.ixu_project_name_domain_id'")
[Fri Apr 10 13:59:49.865643 2026] [wsgi:error] [pid 11:tid 140025020679872] [remote 10.0.0.162:50036] 2026-04-10 13:59:49.852 11 ERROR keystone.server.flask.application
[Fri Apr 10 13:59:49.865645 2026] [wsgi:error] [pid 11:tid 140025020679872] [remote 10.0.0.162:50036] 2026-04-10 13:59:49.852 11 ERROR keystone.server.flask.application The above exception was the direct cause of the following exception:
[Fri Apr 10 13:59:49.865646 2026] [wsgi:error] [pid 11:tid 140025020679872] [remote 10.0.0.162:50036] 2026-04-10 13:59:49.852 11 ERROR keystone.server.flask.application
[Fri Apr 10 13:59:49.865647 2026] [wsgi:error] [pid 11:tid 140025020679872] [remote 10.0.0.162:50036] 2026-04-10 13:59:49.852 11 ERROR keystone.server.flask.application
Traceback (most recent call last):
[Fri Apr 10 13:59:49.865649 2026] [wsgi:error] [pid 11:tid 140025020679872] [remote 10.0.0.162:50036] 2026-04-10 13:59:49.852 11 ERROR keystone.server.flask.application
File "/var/lib/openstack/lib/python3.12/site-packages/keystone/common/sql/core.py", line 575, in wrapper
[Fri Apr 10 13:59:49.865650 2026] [wsgi:error] [pid 11:tid 140025020679872] [remote 10.0.0.162:50036] 2026-04-10 13:59:49.852 11 ERROR keystone.server.flask.application return method(*args, **kwargs)
[Fri Apr 10 13:59:49.865651 2026] [wsgi:error] [pid 11:tid 140025020679872] [remote 10.0.0.162:50036] 2026-04-10 13:59:49.852 11 ERROR keystone.server.flask.application ^^^^^^^^^^^^^^^^^^^^^^^
[Fri Apr 10 13:59:49.865654 2026] [wsgi:error] [pid 11:tid 140025020679872] [remote 10.0.0.162:50036] 2026-04-10 13:59:49.852 11 ERROR keystone.server.flask.application
File "/var/lib/openstack/lib/python3.12/site-packages/keystone/resource/backends/sql.py", line 278, in create_project
[Fri Apr 10 13:59:49.865655 2026] [wsgi:error] [pid 11:tid 140025020679872] [remote 10.0.0.162:50036] 2026-04-10 13:59:49.852 11 ERROR keystone.server.flask.application with sql.session_for_write() as session:
[Fri Apr 10 13:59:49.865656 2026] [wsgi:error] [pid 11:tid 140025020679872] [remote 10.0.0.162:50036] 2026-04-10 13:59:49.852 11 ERROR keystone.server.flask.application
File "/usr/lib/python3.12/contextlib.py", line 144, in __exit__
[Fri Apr 10 13:59:49.865658 2026] [wsgi:error] [pid 11:tid 140025020679872] [remote 10.0.0.162:50036] 2026-04-10 13:59:49.852 11 ERROR keystone.server.flask.application next(self.gen)
[Fri Apr 10 13:59:49.865659 2026] [wsgi:error] [pid 11:tid 140025020679872] [remote 10.0.0.162:50036] 2026-04-10 13:59:49.852 11 ERROR keystone.server.flask.application
File "/var/lib/openstack/lib/python3.12/site-packages/oslo_db/sqlalchemy/enginefacade.py", line 1175, in _transaction_scope
[Fri Apr 10 13:59:49.865661 2026] [wsgi:error] [pid 11:tid 140025020679872] [remote 10.0.0.162:50036] 2026-04-10 13:59:49.852 11 ERROR keystone.server.flask.application with current._produce_block(
[Fri Apr 10 13:59:49.865662 2026] [wsgi:error] [pid 11:tid 140025020679872] [remote 10.0.0.162:50036] 2026-04-10 13:59:49.852 11 ERROR keystone.server.flask.application
File "/usr/lib/python3.12/contextlib.py", line 144, in __exit__
[Fri Apr 10 13:59:49.865663 2026] [wsgi:error] [pid 11:tid 140025020679872] [remote 10.0.0.162:50036] 2026-04-10 13:59:49.852 11 ERROR keystone.server.flask.application next(self.gen)
[Fri Apr 10 13:59:49.865674 2026] [wsgi:error] [pid 11:tid 140025020679872] [remote 10.0.0.162:50036] 2026-04-10 13:59:49.852 11 ERROR keystone.server.flask.application
File "/var/lib/openstack/lib/python3.12/site-packages/oslo_db/sqlalchemy/enginefacade.py", line 837, in _session
[Fri Apr 10 13:59:49.865676 2026] [wsgi:error] [pid 11:tid 140025020679872] [remote 10.0.0.162:50036] 2026-04-10 13:59:49.852 11 ERROR keystone.server.flask.application with excutils.save_and_reraise_exception():
[Fri Apr 10 13:59:49.865678 2026] [wsgi:error] [pid 11:tid 140025020679872] [remote 10.0.0.162:50036] 2026-04-10 13:59:49.852 11 ERROR keystone.server.flask.application
File "/var/lib/openstack/lib/python3.12/site-packages/oslo_utils/excutils.py", line 267, in __exit__
[Fri Apr 10 13:59:49.865679 2026] [wsgi:error] [pid 11:tid 140025020679872] [remote 10.0.0.162:50036] 2026-04-10 13:59:49.852 11 ERROR keystone.server.flask.application self.force_reraise()
[Fri Apr 10 13:59:49.865681 2026] [wsgi:error] [pid 11:tid 140025020679872] [remote 10.0.0.162:50036] 2026-04-10 13:59:49.852 11 ERROR keystone.server.flask.application
File "/var/lib/openstack/lib/python3.12/site-packages/oslo_utils/excutils.py", line 233, in force_reraise
[Fri Apr 10 13:59:49.865682 2026] [wsgi:error] [pid 11:tid 140025020679872] [remote 10.0.0.162:50036] 2026-04-10 13:59:49.852 11 ERROR keystone.server.flask.application raise self.value
[Fri Apr 10 13:59:49.865684 2026] [wsgi:error] [pid 11:tid 140025020679872] [remote 10.0.0.162:50036] 2026-04-10 13:59:49.852 11 ERROR keystone.server.flask.application
File "/var/lib/openstack/lib/python3.12/site-packages/oslo_db/sqlalchemy/enginefacade.py", line 835, in _session
[Fri Apr 10 13:59:49.865685 2026] [wsgi:error] [pid 11:tid 140025020679872] [remote 10.0.0.162:50036] 2026-04-10 13:59:49.852 11 ERROR keystone.server.flask.application self._end_session_transaction(self.session)
[Fri Apr 10 13:59:49.865687 2026] [wsgi:error] [pid 11:tid 140025020679872] [remote 10.0.0.162:50036] 2026-04-10 13:59:49.852 11 ERROR keystone.server.flask.application
File "/var/lib/openstack/lib/python3.12/site-packages/oslo_db/sqlalchemy/enginefacade.py", line 748, in _end_session_transaction
[Fri Apr 10 13:59:49.865689 2026] [wsgi:error] [pid 11:tid 140025020679872] [remote 10.0.0.162:50036] 2026-04-10 13:59:49.852 11 ERROR keystone.server.flask.application session.commit()
[Fri Apr 10 13:59:49.865690 2026] [wsgi:error] [pid 11:tid 140025020679872] [remote 10.0.0.162:50036] 2026-04-10 13:59:49.852 11 ERROR keystone.server.flask.application
File "/var/lib/openstack/lib/python3.12/site-packages/sqlalchemy/orm/session.py", line 2030, in commit
[Fri Apr 10 13:59:49.865692 2026] [wsgi:error] [pid 11:tid 140025020679872] [remote 10.0.0.162:50036] 2026-04-10 13:59:49.852 11 ERROR keystone.server.flask.application trans.commit(_to_root=True)
[Fri Apr 10 13:59:49.865693 2026] [wsgi:error] [pid 11:tid 140025020679872] [remote 10.0.0.162:50036] 2026-04-10 13:59:49.852 11 ERROR keystone.server.flask.application File "", line 2, in commit
[Fri Apr 10 13:59:49.865695 2026] [wsgi:error] [pid 11:tid 140025020679872] [remote 10.0.0.162:50036] 2026-04-10 13:59:49.852 11 ERROR keystone.server.flask.application
File "/var/lib/openstack/lib/python3.12/site-packages/sqlalchemy/orm/state_changes.py", line 137, in _go
[Fri Apr 10 13:59:49.865696 2026] [wsgi:error] [pid 11:tid 140025020679872] [remote 10.0.0.162:50036] 2026-04-10 13:59:49.852 11 ERROR keystone.server.flask.application ret_value = fn(self, *arg, **kw)
[Fri Apr 10 13:59:49.865698 2026] [wsgi:error] [pid 11:tid 140025020679872] [remote 10.0.0.162:50036] 2026-04-10 13:59:49.852 11 ERROR keystone.server.flask.application ^^^^^^^^^^^^^^^^^^^^
[Fri Apr 10 13:59:49.865700 2026] [wsgi:error] [pid 11:tid 140025020679872] [remote 10.0.0.162:50036] 2026-04-10 13:59:49.852 11 ERROR keystone.server.flask.application
File "/var/lib/openstack/lib/python3.12/site-packages/sqlalchemy/orm/session.py", line 1311, in commit
[Fri Apr 10 13:59:49.865702 2026] [wsgi:error] [pid 11:tid 140025020679872] [remote 10.0.0.162:50036] 2026-04-10 13:59:49.852 11 ERROR keystone.server.flask.application self._prepare_impl()
[Fri Apr 10 13:59:49.865703 2026] [wsgi:error] [pid 11:tid 140025020679872] [remote 10.0.0.162:50036] 2026-04-10 13:59:49.852 11 ERROR keystone.server.flask.application File "", line 2, in _prepare_impl
[Fri Apr 10 13:59:49.865708 2026] [wsgi:error] [pid 11:tid 140025020679872] [remote 10.0.0.162:50036] 2026-04-10 13:59:49.852 11 ERROR keystone.server.flask.application
File "/var/lib/openstack/lib/python3.12/site-packages/sqlalchemy/orm/state_changes.py", line 137, in _go
[Fri Apr 10 13:59:49.865710 2026] [wsgi:error] [pid 11:tid 140025020679872] [remote 10.0.0.162:50036] 2026-04-10 13:59:49.852 11 ERROR keystone.server.flask.application ret_value = fn(self, *arg, **kw)
[Fri Apr 10 13:59:49.865711 2026] [wsgi:error] [pid 11:tid 140025020679872] [remote 10.0.0.162:50036] 2026-04-10 13:59:49.852 11 ERROR keystone.server.flask.application ^^^^^^^^^^^^^^^^^^^^
[Fri Apr 10 13:59:49.865713 2026] [wsgi:error] [pid 11:tid 140025020679872] [remote 10.0.0.162:50036] 2026-04-10 13:59:49.852 11 ERROR keystone.server.flask.application
File "/var/lib/openstack/lib/python3.12/site-packages/sqlalchemy/orm/session.py", line 1286, in _prepare_impl
[Fri Apr 10 13:59:49.865715 2026] [wsgi:error] [pid 11:tid 140025020679872] [remote 10.0.0.162:50036] 2026-04-10 13:59:49.852 11 ERROR keystone.server.flask.application self.session.flush()
[Fri Apr 10 13:59:49.865718 2026] [wsgi:error] [pid 11:tid 140025020679872] [remote 10.0.0.162:50036] 2026-04-10 13:59:49.852 11 ERROR keystone.server.flask.application
File "/var/lib/openstack/lib/python3.12/site-packages/sqlalchemy/orm/session.py", line 4331, in flush
[Fri Apr 10 13:59:49.865719 2026] [wsgi:error] [pid 11:tid 140025020679872] [remote 10.0.0.162:50036] 2026-04-10 13:59:49.852 11 ERROR keystone.server.flask.application self._flush(objects)
[Fri Apr 10 13:59:49.865721 2026] [wsgi:error] [pid 11:tid 140025020679872] [remote 10.0.0.162:50036] 2026-04-10 13:59:49.852 11 ERROR keystone.server.flask.application
File "/var/lib/openstack/lib/python3.12/site-packages/sqlalchemy/orm/session.py", line 4466, in _flush
[Fri Apr 10 13:59:49.865723 2026] [wsgi:error] [pid 11:tid 140025020679872] [remote 10.0.0.162:50036] 2026-04-10 13:59:49.852 11 ERROR keystone.server.flask.application with util.safe_reraise():
[Fri Apr 10 13:59:49.865725 2026] [wsgi:error] [pid 11:tid 140025020679872] [remote 10.0.0.162:50036] 2026-04-10 13:59:49.852 11 ERROR keystone.server.flask.application
File "/var/lib/openstack/lib/python3.12/site-packages/sqlalchemy/util/langhelpers.py", line 121, in __exit__
[Fri Apr 10 13:59:49.865728 2026] [wsgi:error] [pid 11:tid 140025020679872] [remote 10.0.0.162:50036] 2026-04-10 13:59:49.852 11 ERROR keystone.server.flask.application raise exc_value.with_traceback(exc_tb)
[Fri Apr 10 13:59:49.865730 2026] [wsgi:error] [pid 11:tid 140025020679872] [remote 10.0.0.162:50036] 2026-04-10 13:59:49.852 11 ERROR keystone.server.flask.application
File "/var/lib/openstack/lib/python3.12/site-packages/sqlalchemy/orm/session.py", line 4427, in _flush
[Fri Apr 10 13:59:49.865732 2026] [wsgi:error] [pid 11:tid 140025020679872] [remote 10.0.0.162:50036] 2026-04-10 13:59:49.852 11 ERROR keystone.server.flask.application flush_context.execute()
[Fri Apr 10 13:59:49.865734 2026] [wsgi:error] [pid 11:tid 140025020679872] [remote 10.0.0.162:50036] 2026-04-10 13:59:49.852 11 ERROR keystone.server.flask.application
File "/var/lib/openstack/lib/python3.12/site-packages/sqlalchemy/orm/unitofwork.py", line 466, in execute
