2026-07-08 02:49:31.351 8 INFO neutron.api.extensions [None req-fca579dd-6a3c-48a7-bc88-b25ba44fe442 - - - - - -] Extension ecmp_routes not supported by any of loaded plugins
2026-07-08 02:49:31.351 8 INFO neutron.api.extensions [None req-fca579dd-6a3c-48a7-bc88-b25ba44fe442 - - - - - -] Loaded extension: empty-string-filtering
2026-07-08 02:49:31.352 8 INFO neutron.api.extensions [None req-fca579dd-6a3c-48a7-bc88-b25ba44fe442 - - - - - -] Extension expose-l3-conntrack-helper not supported by any of loaded plugins
2026-07-08 02:49:31.352 7 INFO neutron.quota.resource_registry [None req-8cf36251-a5e3-4846-8048-a13dd9d546bb - - - - - -] Creating instance of TrackedResource for resource:router
2026-07-08 02:49:31.352 8 INFO neutron.api.extensions [None req-fca579dd-6a3c-48a7-bc88-b25ba44fe442 - - - - - -] Extension expose-port-forwarding-in-fip not supported by any of loaded plugins
2026-07-08 02:49:31.353 7 WARNING neutron.quota.resource_registry [None req-8cf36251-a5e3-4846-8048-a13dd9d546bb - - - - - -] router is already registered
2026-07-08 02:49:31.353 8 INFO neutron.api.extensions [None req-fca579dd-6a3c-48a7-bc88-b25ba44fe442 - - - - - -] Loaded extension: external-net
2026-07-08 02:49:31.353 7 INFO neutron.quota.resource_registry [None req-8cf36251-a5e3-4846-8048-a13dd9d546bb - - - - - -] Creating instance of TrackedResource for resource:floatingip
2026-07-08 02:49:31.353 7 WARNING neutron.quota.resource_registry [None req-8cf36251-a5e3-4846-8048-a13dd9d546bb - - - - - -] floatingip is already registered
2026-07-08 02:49:31.353 8 INFO neutron.api.extensions [None req-fca579dd-6a3c-48a7-bc88-b25ba44fe442 - - - - - -] Loaded extension: extra_dhcp_opt
2026-07-08 02:49:31.354 8 INFO neutron.api.extensions [None req-fca579dd-6a3c-48a7-bc88-b25ba44fe442 - - - - - -] Loaded extension: extraroute
2026-07-08 02:49:31.355 8 INFO neutron.api.extensions [None req-fca579dd-6a3c-48a7-bc88-b25ba44fe442 - - - - - -] Extension extraroute-atomic not supported by any of loaded plugins
2026-07-08 02:49:31.355 8 INFO neutron.api.extensions [None req-fca579dd-6a3c-48a7-bc88-b25ba44fe442 - - - - - -] Extension filter-validation not supported by any of loaded plugins
2026-07-08 02:49:31.356 8 INFO neutron.api.extensions [None req-fca579dd-6a3c-48a7-bc88-b25ba44fe442 - - - - - -] Extension floating-ip-port-forwarding-description not supported by any of loaded plugins
2026-07-08 02:49:31.356 8 INFO neutron.api.extensions [None req-fca579dd-6a3c-48a7-bc88-b25ba44fe442 - - - - - -] Loaded extension: floating-ip-port-forwarding-detail
2026-07-08 02:49:31.357 8 INFO neutron.api.extensions [None req-fca579dd-6a3c-48a7-bc88-b25ba44fe442 - - - - - -] Extension floating-ip-port-forwarding-port-ranges not supported by any of loaded plugins
2026-07-08 02:49:31.357 7 INFO neutron.quota.resource_registry [None req-8cf36251-a5e3-4846-8048-a13dd9d546bb - - - - - -] Creating instance of CountableResource for resource:rbac_policy
2026-07-08 02:49:31.357 8 INFO neutron.api.extensions [None req-fca579dd-6a3c-48a7-bc88-b25ba44fe442 - - - - - -] Loaded extension: fip-port-details
2026-07-08 02:49:31.357 7 WARNING neutron.quota.resource_registry [None req-8cf36251-a5e3-4846-8048-a13dd9d546bb - - - - - -] rbac_policy is already registered
2026-07-08 02:49:31.358 7 INFO neutron.quota.resource_registry [None req-8cf36251-a5e3-4846-8048-a13dd9d546bb - - - - - -] Creating instance of TrackedResource for resource:security_group
2026-07-08 02:49:31.358 8 INFO neutron.api.extensions [None req-fca579dd-6a3c-48a7-bc88-b25ba44fe442 - - - - - -] Loaded extension: flavors
2026-07-08 02:49:31.359 7 WARNING neutron.quota.resource_registry [None req-8cf36251-a5e3-4846-8048-a13dd9d546bb - - - - - -] security_group is already registered
2026-07-08 02:49:31.359 8 INFO neutron.api.extensions [None req-fca579dd-6a3c-48a7-bc88-b25ba44fe442 - - - - - -] Extension floating-ip-port-forwarding not supported by any of loaded plugins
2026-07-08 02:49:31.359 7 INFO neutron.quota.resource_registry [None req-8cf36251-a5e3-4846-8048-a13dd9d546bb - - - - - -] Creating instance of TrackedResource for resource:security_group_rule
2026-07-08 02:49:31.360 7 WARNING neutron.quota.resource_registry [None req-8cf36251-a5e3-4846-8048-a13dd9d546bb - - - - - -] security_group_rule is already registered
2026-07-08 02:49:31.360 8 INFO neutron.api.extensions [None req-fca579dd-6a3c-48a7-bc88-b25ba44fe442 - - - - - -] Loaded extension: floatingip-pools
2026-07-08 02:49:31.360 7 INFO neutron.quota.resource_registry [None req-8cf36251-a5e3-4846-8048-a13dd9d546bb - - - - - -] Creating instance of TrackedResource for resource:subnetpool
2026-07-08 02:49:31.360 7 WARNING neutron.quota.resource_registry [None req-8cf36251-a5e3-4846-8048-a13dd9d546bb - - - - - -] subnetpool is already registered
2026-07-08 02:49:31.361 8 INFO neutron.api.extensions [None req-fca579dd-6a3c-48a7-bc88-b25ba44fe442 - - - - - -] Loaded extension: ip_allocation
2026-07-08 02:49:31.361 7 INFO neutron.quota.resource_registry [None req-8cf36251-a5e3-4846-8048-a13dd9d546bb - - - - - -] Creating instance of CountableResource for resource:trunk
2026-07-08 02:49:31.361 8 INFO neutron.api.extensions [None req-fca579dd-6a3c-48a7-bc88-b25ba44fe442 - - - - - -] Extension ip-substring-filtering not supported by any of loaded plugins
2026-07-08 02:49:31.361 7 WARNING neutron.quota.resource_registry [None req-8cf36251-a5e3-4846-8048-a13dd9d546bb - - - - - -] trunk is already registered
2026-07-08 02:49:31.361 7 INFO neutron.quota.resource_registry [None req-8cf36251-a5e3-4846-8048-a13dd9d546bb - - - - - -] Creating instance of CountableResource for resource:ikepolicy
2026-07-08 02:49:31.362 8 INFO neutron.api.extensions [None req-fca579dd-6a3c-48a7-bc88-b25ba44fe442 - - - - - -] Loaded extension: l2_adjacency
2026-07-08 02:49:31.362 7 WARNING neutron.quota.resource_registry [None req-8cf36251-a5e3-4846-8048-a13dd9d546bb - - - - - -] ikepolicy is already registered
2026-07-08 02:49:31.362 7 INFO neutron.quota.resource_registry [None req-8cf36251-a5e3-4846-8048-a13dd9d546bb - - - - - -] Creating instance of CountableResource for resource:ipsecpolicy
2026-07-08 02:49:31.362 7 WARNING neutron.quota.resource_registry [None req-8cf36251-a5e3-4846-8048-a13dd9d546bb - - - - - -] ipsecpolicy is already registered
2026-07-08 02:49:31.363 8 INFO neutron.api.extensions [None req-fca579dd-6a3c-48a7-bc88-b25ba44fe442 - - - - - -] Loaded extension: router
2026-07-08 02:49:31.363 7 INFO neutron.quota.resource_registry [None req-8cf36251-a5e3-4846-8048-a13dd9d546bb - - - - - -] Creating instance of CountableResource for resource:endpoint_group
2026-07-08 02:49:31.364 7 WARNING neutron.quota.resource_registry [None req-8cf36251-a5e3-4846-8048-a13dd9d546bb - - - - - -] endpoint_group is already registered
2026-07-08 02:49:31.364 7 INFO neutron.quota.resource_registry [None req-8cf36251-a5e3-4846-8048-a13dd9d546bb - - - - - -] Creating instance of CountableResource for resource:vpnservice
2026-07-08 02:49:31.364 8 INFO neutron.api.extensions [None req-fca579dd-6a3c-48a7-bc88-b25ba44fe442 - - - - - -] Extension l3-conntrack-helper not supported by any of loaded plugins
2026-07-08 02:49:31.365 7 WARNING neutron.quota.resource_registry [None req-8cf36251-a5e3-4846-8048-a13dd9d546bb - - - - - -] vpnservice is already registered
2026-07-08 02:49:31.365 7 INFO neutron.quota.resource_registry [None req-8cf36251-a5e3-4846-8048-a13dd9d546bb - - - - - -] Creating instance of CountableResource for resource:ipsec_site_connection
2026-07-08 02:49:31.365 7 WARNING neutron.quota.resource_registry [None req-8cf36251-a5e3-4846-8048-a13dd9d546bb - - - - - -] ipsec_site_connection is already registered
2026-07-08 02:49:31.365 8 INFO neutron.api.extensions [None req-fca579dd-6a3c-48a7-bc88-b25ba44fe442 - - - - - -] Loaded extension: enable-default-route-bfd
2026-07-08 02:49:31.365 7 INFO neutron.quota.resource_registry [None req-8cf36251-a5e3-4846-8048-a13dd9d546bb - - - - - -] Creating instance of CountableResource for resource:ipsecpolicy
2026-07-08 02:49:31.366 7 WARNING neutron.quota.resource_registry [None req-8cf36251-a5e3-4846-8048-a13dd9d546bb - - - - - -] ipsecpolicy is already registered
2026-07-08 02:49:31.366 7 INFO neutron.quota.resource_registry [None req-8cf36251-a5e3-4846-8048-a13dd9d546bb - - - - - -] Creating instance of CountableResource for resource:ikepolicy
2026-07-08 02:49:31.366 7 WARNING neutron.quota.resource_registry [None req-8cf36251-a5e3-4846-8048-a13dd9d546bb - - - - - -] ikepolicy is already registered
2026-07-08 02:49:31.366 8 INFO neutron.api.extensions [None req-fca579dd-6a3c-48a7-bc88-b25ba44fe442 - - - - - -] Loaded extension: enable-default-route-ecmp
2026-07-08 02:49:31.367 8 INFO neutron.api.extensions [None req-fca579dd-6a3c-48a7-bc88-b25ba44fe442 - - - - - -] Loaded extension: ext-gw-mode
2026-07-08 02:49:31.367 8 INFO neutron.api.extensions [None req-fca579dd-6a3c-48a7-bc88-b25ba44fe442 - - - - - -] Loaded extension: l3-ha
2026-07-08 02:49:31.368 8 INFO neutron.api.extensions [None req-fca579dd-6a3c-48a7-bc88-b25ba44fe442 - - - - - -] Extension l3-ext-ndp-proxy not supported by any of loaded plugins
2026-07-08 02:49:31.368 8 INFO neutron.api.extensions [None req-fca579dd-6a3c-48a7-bc88-b25ba44fe442 - - - - - -] Loaded extension: external-gateway-multihoming
2026-07-08 02:49:31.369 8 INFO neutron.api.extensions [None req-fca579dd-6a3c-48a7-bc88-b25ba44fe442 - - - - - -] Loaded extension: l3-flavors
2026-07-08 02:49:31.370 8 INFO neutron.api.extensions [None req-fca579dd-6a3c-48a7-bc88-b25ba44fe442 - - - - - -] Extension l3-ndp-proxy not supported by any of loaded plugins
2026-07-08 02:49:31.370 8 INFO neutron.api.extensions [None req-fca579dd-6a3c-48a7-bc88-b25ba44fe442 - - - - - -] Extension l3-port-ip-change-not-allowed not supported by any of loaded plugins
2026-07-08 02:49:31.373 8 INFO neutron.api.extensions [None req-fca579dd-6a3c-48a7-bc88-b25ba44fe442 - - - - - -] Extension l3_agent_scheduler not supported by any of loaded plugins
2026-07-08 02:49:31.374 8 INFO neutron.api.extensions [None req-fca579dd-6a3c-48a7-bc88-b25ba44fe442 - - - - - -] Extension local_ip not supported by any of loaded plugins
2026-07-08 02:49:31.375 8 INFO neutron.api.extensions [None req-fca579dd-6a3c-48a7-bc88-b25ba44fe442 - - - - - -] Loaded extension: logging
2026-07-08 02:49:31.376 8 INFO neutron.api.extensions [None req-fca579dd-6a3c-48a7-bc88-b25ba44fe442 - - - - - -] Extension metering not supported by any of loaded plugins
2026-07-08 02:49:31.377 8 INFO neutron.api.extensions [None req-fca579dd-6a3c-48a7-bc88-b25ba44fe442 - - - - - -] Extension metering_source_and_destination_fields not supported by any of loaded plugins
2026-07-08 02:49:31.377 8 INFO neutron.api.extensions [None req-fca579dd-6a3c-48a7-bc88-b25ba44fe442 - - - - - -] Loaded extension: multi-provider
2026-07-08 02:49:31.378 8 INFO neutron.api.extensions [None req-fca579dd-6a3c-48a7-bc88-b25ba44fe442 - - - - - -] Loaded extension: net-mtu
2026-07-08 02:49:31.378 8 INFO neutron.api.extensions [None req-fca579dd-6a3c-48a7-bc88-b25ba44fe442 - - - - - -] Loaded extension: net-mtu-writable
2026-07-08 02:49:31.379 8 INFO neutron.api.extensions [None req-fca579dd-6a3c-48a7-bc88-b25ba44fe442 - - - - - -] Loaded extension: network_availability_zone
2026-07-08 02:49:31.379 8 INFO neutron.api.extensions [None req-fca579dd-6a3c-48a7-bc88-b25ba44fe442 - - - - - -] Extension network_ha not supported by any of loaded plugins
2026-07-08 02:49:31.380 8 INFO neutron.api.extensions [None req-fca579dd-6a3c-48a7-bc88-b25ba44fe442 - - - - - -] Loaded extension: network-ip-availability
2026-07-08 02:49:31.381 8 INFO neutron.api.extensions [None req-fca579dd-6a3c-48a7-bc88-b25ba44fe442 - - - - - -] Extension network-segment-range not supported by any of loaded plugins
2026-07-08 02:49:31.381 8 INFO neutron.api.extensions [None req-fca579dd-6a3c-48a7-bc88-b25ba44fe442 - - - - - -] Loaded extension: pagination
2026-07-08 02:49:31.382 8 INFO neutron.api.extensions [None req-fca579dd-6a3c-48a7-bc88-b25ba44fe442 - - - - - -] Loaded extension: port-device-profile
2026-07-08 02:49:31.382 8 INFO neutron.api.extensions [None req-fca579dd-6a3c-48a7-bc88-b25ba44fe442 - - - - - -] Extension port-hardware-offload-type not supported by any of loaded plugins
2026-07-08 02:49:31.383 8 INFO neutron.api.extensions [None req-fca579dd-6a3c-48a7-bc88-b25ba44fe442 - - - - - -] Extension port-hint-ovs-tx-steering not supported by any of loaded plugins
2026-07-08 02:49:31.384 8 INFO neutron.api.extensions [None req-fca579dd-6a3c-48a7-bc88-b25ba44fe442 - - - - - -] Extension port-hints not supported by any of loaded plugins
2026-07-08 02:49:31.384 8 INFO neutron.api.extensions [None req-fca579dd-6a3c-48a7-bc88-b25ba44fe442 - - - - - -] Extension port-mac-override not supported by any of loaded plugins
2026-07-08 02:49:31.385 8 INFO neutron.api.extensions [None req-fca579dd-6a3c-48a7-bc88-b25ba44fe442 - - - - - -] Loaded extension: port-mac-address-regenerate
2026-07-08 02:49:31.385 8 INFO neutron.api.extensions [None req-fca579dd-6a3c-48a7-bc88-b25ba44fe442 - - - - - -] Loaded extension: port-numa-affinity-policy
2026-07-08 02:49:31.386 8 INFO neutron.api.extensions [None req-fca579dd-6a3c-48a7-bc88-b25ba44fe442 - - - - - -] Loaded extension: port-numa-affinity-policy-socket
2026-07-08 02:49:31.386 8 INFO neutron.api.extensions [None req-fca579dd-6a3c-48a7-bc88-b25ba44fe442 - - - - - -] Loaded extension: port-resource-request
2026-07-08 02:49:31.387 8 INFO neutron.api.extensions [None req-fca579dd-6a3c-48a7-bc88-b25ba44fe442 - - - - - -] Loaded extension: port-resource-request-groups
2026-07-08 02:49:31.387 8 INFO neutron.api.extensions [None req-fca579dd-6a3c-48a7-bc88-b25ba44fe442 - - - - - -] Extension port-trusted-vif not supported by any of loaded plugins
2026-07-08 02:49:31.388 8 INFO neutron.api.extensions [None req-fca579dd-6a3c-48a7-bc88-b25ba44fe442 - - - - - -] Loaded extension: binding
2026-07-08 02:49:31.389 8 INFO neutron.api.extensions [None req-fca579dd-6a3c-48a7-bc88-b25ba44fe442 - - - - - -] Loaded extension: binding-extended
2026-07-08 02:49:31.389 8 INFO neutron.api.extensions [None req-fca579dd-6a3c-48a7-bc88-b25ba44fe442 - - - - - -] Loaded extension: port-security
2026-07-08 02:49:31.390 8 INFO neutron.api.extensions [None req-fca579dd-6a3c-48a7-bc88-b25ba44fe442 - - - - - -] Loaded extension: project-id
2026-07-08 02:49:31.390 8 INFO neutron.api.extensions [None req-fca579dd-6a3c-48a7-bc88-b25ba44fe442 - - - - - -] Loaded extension: provider
2026-07-08 02:49:31.391 8 INFO neutron.api.extensions [None req-fca579dd-6a3c-48a7-bc88-b25ba44fe442 - - - - - -] Extension qinq not supported by any of loaded plugins
2026-07-08 02:49:31.393 8 INFO neutron.api.extensions [None req-fca579dd-6a3c-48a7-bc88-b25ba44fe442 - - - - - -] Loaded extension: qos
2026-07-08 02:49:31.394 8 INFO neutron.api.extensions [None req-fca579dd-6a3c-48a7-bc88-b25ba44fe442 - - - - - -] Loaded extension: qos-bw-limit-direction
2026-07-08 02:49:31.395 8 INFO neutron.api.extensions [None req-fca579dd-6a3c-48a7-bc88-b25ba44fe442 - - - - - -] Loaded extension: qos-bw-minimum-ingress
2026-07-08 02:49:31.395 8 INFO neutron.api.extensions [None req-fca579dd-6a3c-48a7-bc88-b25ba44fe442 - - - - - -] Loaded extension: qos-default
2026-07-08 02:49:31.396 8 INFO neutron.api.extensions [None req-fca579dd-6a3c-48a7-bc88-b25ba44fe442 - - - - - -] Loaded extension: qos-fip
2026-07-08 02:49:31.396 8 INFO neutron.api.extensions [None req-fca579dd-6a3c-48a7-bc88-b25ba44fe442 - - - - - -] Extension qos-fip-network-policy not supported by any of loaded plugins
2026-07-08 02:49:31.397 8 INFO neutron.api.extensions [None req-fca579dd-6a3c-48a7-bc88-b25ba44fe442 - - - - - -] Loaded extension: qos-gateway-ip
2026-07-08 02:49:31.397 8 INFO neutron.api.extensions [None req-fca579dd-6a3c-48a7-bc88-b25ba44fe442 - - - - - -] Loaded extension: qos-port-network-policy
2026-07-08 02:49:31.398 8 INFO neutron.api.extensions [None req-fca579dd-6a3c-48a7-bc88-b25ba44fe442 - - - - - -] Loaded extension: qos-pps-minimum
2026-07-08 02:49:31.398 8 INFO neutron.api.extensions [None req-fca579dd-6a3c-48a7-bc88-b25ba44fe442 - - - - - -] Loaded extension: qos-pps-minimum-rule-alias
2026-07-08 02:49:31.399 8 INFO neutron.api.extensions [None req-fca579dd-6a3c-48a7-bc88-b25ba44fe442 - - - - - -] Loaded extension: qos-pps
2026-07-08 02:49:31.400 8 INFO neutron.api.extensions [None req-fca579dd-6a3c-48a7-bc88-b25ba44fe442 - - - - - -] Loaded extension: qos-rule-type-details
2026-07-08 02:49:31.400 8 INFO neutron.api.extensions [None req-fca579dd-6a3c-48a7-bc88-b25ba44fe442 - - - - - -] Loaded extension: qos-rule-type-filter
2026-07-08 02:49:31.401 8 INFO neutron.api.extensions [None req-fca579dd-6a3c-48a7-bc88-b25ba44fe442 - - - - - -] Loaded extension: qos-rules-alias
2026-07-08 02:49:31.401 8 INFO neutron.api.extensions [None req-fca579dd-6a3c-48a7-bc88-b25ba44fe442 - - - - - -] Loaded extension: quota-check-limit
2026-07-08 02:49:31.402 8 INFO neutron.api.extensions [None req-fca579dd-6a3c-48a7-bc88-b25ba44fe442 - - - - - -] Loaded extension: quota-check-limit-default
2026-07-08 02:49:31.404 8 INFO neutron.api.extensions [None req-fca579dd-6a3c-48a7-bc88-b25ba44fe442 - - - - - -] Loaded extension: quotas
2026-07-08 02:49:31.405 7 WARNING keystonemiddleware._common.config [None req-8cf36251-a5e3-4846-8048-a13dd9d546bb - - - - - -] The option "audit_map_file" is not known to keystonemiddleware
2026-07-08 02:49:31.405 8 INFO neutron.api.extensions [None req-fca579dd-6a3c-48a7-bc88-b25ba44fe442 - - - - - -] Loaded extension: quota_details
2026-07-08 02:49:31.406 8 INFO neutron.api.extensions [None req-fca579dd-6a3c-48a7-bc88-b25ba44fe442 - - - - - -] Loaded extension: rbac-policies
2026-07-08 02:49:31.407 8 INFO neutron.api.extensions [None req-fca579dd-6a3c-48a7-bc88-b25ba44fe442 - - - - - -] Extension rbac-address-group not supported by any of loaded plugins
2026-07-08 02:49:31.407 8 INFO neutron.api.extensions [None req-fca579dd-6a3c-48a7-bc88-b25ba44fe442 - - - - - -] Loaded extension: rbac-address-scope
2026-07-08 02:49:31.408 8 INFO neutron.api.extensions [None req-fca579dd-6a3c-48a7-bc88-b25ba44fe442 - - - - - -] Loaded extension: rbac-security-groups
2026-07-08 02:49:31.408 8 INFO neutron.api.extensions [None req-fca579dd-6a3c-48a7-bc88-b25ba44fe442 - - - - - -] Extension rbac-subnetpool not supported by any of loaded plugins
2026-07-08 02:49:31.409 8 INFO neutron.api.extensions [None req-fca579dd-6a3c-48a7-bc88-b25ba44fe442 - - - - - -] Loaded extension: revision-if-match
2026-07-08 02:49:31.410 8 INFO neutron.api.extensions [None req-fca579dd-6a3c-48a7-bc88-b25ba44fe442 - - - - - -] Loaded extension: standard-attr-revisions
2026-07-08 02:49:31.410 8 INFO neutron.api.extensions [None req-fca579dd-6a3c-48a7-bc88-b25ba44fe442 - - - - - -] Loaded extension: router_availability_zone
2026-07-08 02:49:31.411 8 INFO neutron.api.extensions [None req-fca579dd-6a3c-48a7-bc88-b25ba44fe442 - - - - - -] Extension router-service-type not supported by any of loaded plugins
2026-07-08 02:49:31.412 7 WARNING oslo_config.cfg [None req-8cf36251-a5e3-4846-8048-a13dd9d546bb - - - - - -] Deprecated: Option "auth_uri" from group "keystone_authtoken" is deprecated. Use option "www_authenticate_uri" from group "keystone_authtoken".
2026-07-08 02:49:31.412 8 INFO neutron.api.extensions [None req-fca579dd-6a3c-48a7-bc88-b25ba44fe442 - - - - - -] Loaded extension: security-groups-default-rules
2026-07-08 02:49:31.413 8 INFO neutron.api.extensions [None req-fca579dd-6a3c-48a7-bc88-b25ba44fe442 - - - - - -] Loaded extension: security-groups-normalized-cidr
2026-07-08 02:49:31.413 8 INFO neutron.api.extensions [None req-fca579dd-6a3c-48a7-bc88-b25ba44fe442 - - - - - -] Extension port-security-groups-filtering not supported by any of loaded plugins
2026-07-08 02:49:31.414 8 INFO neutron.api.extensions [None req-fca579dd-6a3c-48a7-bc88-b25ba44fe442 - - - - - -] Loaded extension: security-groups-remote-address-group
2026-07-08 02:49:31.414 8 INFO neutron.api.extensions [None req-fca579dd-6a3c-48a7-bc88-b25ba44fe442 - - - - - -] Loaded extension: security-groups-rules-belongs-to-default-sg
2026-07-08 02:49:31.415 8 INFO neutron.api.extensions [None req-fca579dd-6a3c-48a7-bc88-b25ba44fe442 - - - - - -] Loaded extension: security-groups-shared-filtering
2026-07-08 02:49:31.419 8 INFO neutron.api.extensions [None req-fca579dd-6a3c-48a7-bc88-b25ba44fe442 - - - - - -] Loaded extension: security-group
2026-07-08 02:49:31.420 8 INFO neutron.api.extensions [None req-fca579dd-6a3c-48a7-bc88-b25ba44fe442 - - - - - -] Loaded extension: segment
2026-07-08 02:49:31.421 8 INFO neutron.api.extensions [None req-fca579dd-6a3c-48a7-bc88-b25ba44fe442 - - - - - -] Loaded extension: segments-peer-subnet-host-routes
2026-07-08 02:49:31.421 8 INFO neutron.api.extensions [None req-fca579dd-6a3c-48a7-bc88-b25ba44fe442 - - - - - -] Loaded extension: service-type
2026-07-08 02:49:31.422 8 INFO neutron.api.extensions [None req-fca579dd-6a3c-48a7-bc88-b25ba44fe442 - - - - - -] Loaded extension: sorting
2026-07-08 02:49:31.423 8 INFO neutron.api.extensions [None req-fca579dd-6a3c-48a7-bc88-b25ba44fe442 - - - - - -] Loaded extension: standard-attr-segment
2026-07-08 02:49:31.423 8 INFO neutron.api.extensions [None req-fca579dd-6a3c-48a7-bc88-b25ba44fe442 - - - - - -] Loaded extension: standard-attr-description
2026-07-08 02:49:31.424 8 INFO neutron.api.extensions [None req-fca579dd-6a3c-48a7-bc88-b25ba44fe442 - - - - - -] Loaded extension: stateful-security-group
2026-07-08 02:49:31.424 8 WARNING neutron.api.extensions [None req-fca579dd-6a3c-48a7-bc88-b25ba44fe442 - - - - - -] Did not find expected name "Stdattrs_common" in /var/lib/openstack/lib/python3.12/site-packages/neutron/extensions/stdattrs_common.py
2026-07-08 02:49:31.425 8 INFO neutron.api.extensions [None req-fca579dd-6a3c-48a7-bc88-b25ba44fe442 - - - - - -] Loaded extension: subnet-dns-publish-fixed-ip
2026-07-08 02:49:31.425 8 INFO neutron.api.extensions [None req-fca579dd-6a3c-48a7-bc88-b25ba44fe442 - - - - - -] Loaded extension: subnet-external-network
2026-07-08 02:49:31.426 8 INFO neutron.api.extensions [None req-fca579dd-6a3c-48a7-bc88-b25ba44fe442 - - - - - -] Extension subnet_onboard not supported by any of loaded plugins
2026-07-08 02:49:31.426 8 INFO neutron.api.extensions [None req-fca579dd-6a3c-48a7-bc88-b25ba44fe442 - - - - - -] Loaded extension: subnet-segmentid-writable
2026-07-08 02:49:31.427 8 INFO neutron.api.extensions [None req-fca579dd-6a3c-48a7-bc88-b25ba44fe442 - - - - - -] Loaded extension: subnet-service-types
2026-07-08 02:49:31.427 8 INFO neutron.api.extensions [None req-fca579dd-6a3c-48a7-bc88-b25ba44fe442 - - - - - -] Loaded extension: subnet_allocation
2026-07-08 02:49:31.428 8 INFO neutron.api.extensions [None req-fca579dd-6a3c-48a7-bc88-b25ba44fe442 - - - - - -] Loaded extension: subnetpool-prefix-ops
2026-07-08 02:49:31.429 8 INFO neutron.api.extensions [None req-fca579dd-6a3c-48a7-bc88-b25ba44fe442 - - - - - -] Loaded extension: tag-creation
2026-07-08 02:49:31.429 8 INFO neutron.api.extensions [None req-fca579dd-6a3c-48a7-bc88-b25ba44fe442 - - - - - -] Extension tag-ports-during-bulk-creation not supported by any of loaded plugins
2026-07-08 02:49:31.433 8 INFO neutron.api.extensions [None req-fca579dd-6a3c-48a7-bc88-b25ba44fe442 - - - - - -] Loaded extension: standard-attr-tag
2026-07-08 02:49:31.434 8 INFO neutron.api.extensions [None req-fca579dd-6a3c-48a7-bc88-b25ba44fe442 - - - - - -] Loaded extension: standard-attr-timestamp
2026-07-08 02:49:31.434 8 INFO neutron.api.extensions [None req-fca579dd-6a3c-48a7-bc88-b25ba44fe442 - - - - - -] Loaded extension: trunk
2026-07-08 02:49:31.434 7 WARNING neutron.plugins.ml2.drivers.ovn.mech_driver.mech_driver [None req-8cf36251-a5e3-4846-8048-a13dd9d546bb - - - - - -] uWSGI must provide a start time using the configuration parameter "start-time %t" in the configuration file
2026-07-08 02:49:31.435 8 INFO neutron.api.extensions [None req-fca579dd-6a3c-48a7-bc88-b25ba44fe442 - - - - - -] Loaded extension: trunk-details
2026-07-08 02:49:31.435 8 INFO neutron.api.extensions [None req-fca579dd-6a3c-48a7-bc88-b25ba44fe442 - - - - - -] Extension uplink-status-propagation not supported by any of loaded plugins
2026-07-08 02:49:31.436 8 INFO neutron.api.extensions [None req-fca579dd-6a3c-48a7-bc88-b25ba44fe442 - - - - - -] Extension uplink-status-propagation-updatable not supported by any of loaded plugins
2026-07-08 02:49:31.436 8 INFO neutron.api.extensions [None req-fca579dd-6a3c-48a7-bc88-b25ba44fe442 - - - - - -] Extension vlan-transparent not supported by any of loaded plugins
2026-07-08 02:49:31.437 8 INFO neutron.api.extensions [None req-fca579dd-6a3c-48a7-bc88-b25ba44fe442 - - - - - -] Loaded extension: vpn-aes-ctr
2026-07-08 02:49:31.439 8 INFO neutron.api.extensions [None req-fca579dd-6a3c-48a7-bc88-b25ba44fe442 - - - - - -] Loaded extension: vpn-agent-scheduler
2026-07-08 02:49:31.440 8 INFO neutron.api.extensions [None req-fca579dd-6a3c-48a7-bc88-b25ba44fe442 - - - - - -] Loaded extension: vpn-endpoint-groups
2026-07-08 02:49:31.440 8 INFO neutron.api.extensions [None req-fca579dd-6a3c-48a7-bc88-b25ba44fe442 - - - - - -] Loaded extension: vpn-flavors
2026-07-08 02:49:31.442 8 INFO neutron.api.extensions [None req-fca579dd-6a3c-48a7-bc88-b25ba44fe442 - - - - - -] Loaded extension: vpnaas
2026-07-08 02:49:31.443 8 INFO neutron.api.extensions [None req-fca579dd-6a3c-48a7-bc88-b25ba44fe442 - - - - - -] Loaded extension: taas
2026-07-08 02:49:31.444 8 INFO neutron.api.extensions [None req-fca579dd-6a3c-48a7-bc88-b25ba44fe442 - - - - - -] Loaded extension: tap-mirror
2026-07-08 02:49:31.445 8 INFO neutron.api.extensions [None req-fca579dd-6a3c-48a7-bc88-b25ba44fe442 - - - - - -] Loaded extension: taas-vlan-filter
2026-07-08 02:49:31.447 8 INFO neutron.quota.resource_registry [None req-fca579dd-6a3c-48a7-bc88-b25ba44fe442 - - - - - -] Creating instance of TrackedResource for resource:network
2026-07-08 02:49:31.447 8 INFO neutron.quota.resource_registry [None req-fca579dd-6a3c-48a7-bc88-b25ba44fe442 - - - - - -] Creating instance of TrackedResource for resource:subnet
2026-07-08 02:49:31.448 8 INFO neutron.quota.resource_registry [None req-fca579dd-6a3c-48a7-bc88-b25ba44fe442 - - - - - -] Creating instance of TrackedResource for resource:subnetpool
2026-07-08 02:49:31.448 8 INFO neutron.quota.resource_registry [None req-fca579dd-6a3c-48a7-bc88-b25ba44fe442 - - - - - -] Creating instance of TrackedResource for resource:port
2026-07-08 02:49:31.449 7 INFO neutron.db.ovn_hash_ring_db [None req-8cf36251-a5e3-4846-8048-a13dd9d546bb - - - - - -] Nodes from host "neutron-server-59b6d6dbc8-5nwf5" and group "mechanism_driver" removed from the Hash Ring created at
2026-07-08 02:49:31+00:00
2026-07-08 02:49:31.451 8 INFO neutron.quota.resource_registry [None req-fca579dd-6a3c-48a7-bc88-b25ba44fe442 - - - - - -] Creating instance of TrackedResource for resource:router
2026-07-08 02:49:31.451 8 INFO neutron.quota.resource_registry [None req-fca579dd-6a3c-48a7-bc88-b25ba44fe442 - - - - - -] Creating instance of TrackedResource for resource:floatingip
2026-07-08 02:49:31.452 7 INFO neutron.db.ovn_hash_ring_db [None req-8cf36251-a5e3-4846-8048-a13dd9d546bb - - - - - -] Node c7d0350e0faf5d489acc9922a9b29c1c from host "neutron-server-59b6d6dbc8-5nwf5" and group "mechanism_driver" added to the Hash Ring
2026-07-08 02:49:31.456 8 INFO neutron.quota.resource_registry [None req-fca579dd-6a3c-48a7-bc88-b25ba44fe442 - - - - - -] Creating instance of CountableResource for resource:rbac_policy
2026-07-08 02:49:31.457 8 INFO neutron.quota.resource_registry [None req-fca579dd-6a3c-48a7-bc88-b25ba44fe442 - - - - - -] Creating instance of TrackedResource for resource:security_group
2026-07-08 02:49:31.457 8 INFO neutron.quota.resource_registry [None req-fca579dd-6a3c-48a7-bc88-b25ba44fe442 - - - - - -] Creating instance of TrackedResource for resource:security_group_rule
2026-07-08 02:49:31.458 8 INFO neutron.quota.resource_registry [None req-fca579dd-6a3c-48a7-bc88-b25ba44fe442 - - - - - -] Creating instance of TrackedResource for resource:subnetpool
2026-07-08 02:49:31.458 8 WARNING neutron.quota.resource_registry [None req-fca579dd-6a3c-48a7-bc88-b25ba44fe442 - - - - - -] subnetpool is already registered
2026-07-08 02:49:31.460 8 INFO neutron.quota.resource_registry [None req-fca579dd-6a3c-48a7-bc88-b25ba44fe442 - - - - - -] Creating instance of CountableResource for resource:trunk
2026-07-08 02:49:31.460 8 INFO neutron.quota.resource_registry [None req-fca579dd-6a3c-48a7-bc88-b25ba44fe442 - - - - - -] Creating instance of CountableResource for resource:ikepolicy
2026-07-08 02:49:31.460 7 INFO neutron.plugins.ml2.drivers.ovn.mech_driver.mech_driver [None req-8cf36251-a5e3-4846-8048-a13dd9d546bb - - - - - -] Hash Ring probing thread for node c7d0350e0faf5d489acc9922a9b29c1c has started
2026-07-08 02:49:31.460 8 INFO neutron.quota.resource_registry [None req-fca579dd-6a3c-48a7-bc88-b25ba44fe442 - - - - - -] Creating instance of CountableResource for resource:ipsecpolicy
2026-07-08 02:49:31.461 8 INFO neutron.quota.resource_registry [None req-fca579dd-6a3c-48a7-bc88-b25ba44fe442 - - - - - -] Creating instance of CountableResource for resource:endpoint_group
2026-07-08 02:49:31.461 7 INFO neutron.plugins.ml2.drivers.ovn.mech_driver.ovsdb.impl_idl_ovn [None req-8cf36251-a5e3-4846-8048-a13dd9d546bb - - - - - -] Getting OvsdbNbOvnIdl for WorkerService with retry
2026-07-08 02:49:31.461 8 INFO neutron.quota.resource_registry [None req-fca579dd-6a3c-48a7-bc88-b25ba44fe442 - - - - - -] Creating instance of CountableResource for resource:vpnservice
2026-07-08 02:49:31.462 8 INFO neutron.quota.resource_registry [None req-fca579dd-6a3c-48a7-bc88-b25ba44fe442 - - - - - -] Creating instance of CountableResource for resource:ipsec_site_connection
2026-07-08 02:49:31.462 8 INFO neutron.quota.resource_registry [None req-fca579dd-6a3c-48a7-bc88-b25ba44fe442 - - - - - -] Creating instance of CountableResource for resource:ipsecpolicy
2026-07-08 02:49:31.462 8 WARNING neutron.quota.resource_registry [None req-fca579dd-6a3c-48a7-bc88-b25ba44fe442 - - - - - -] ipsecpolicy is already registered
2026-07-08 02:49:31.463 8 INFO neutron.quota.resource_registry [None req-fca579dd-6a3c-48a7-bc88-b25ba44fe442 - - - - - -] Creating instance of CountableResource for resource:ikepolicy
2026-07-08 02:49:31.463 8 WARNING neutron.quota.resource_registry [None req-fca579dd-6a3c-48a7-bc88-b25ba44fe442 - - - - - -] ikepolicy is already registered
2026-07-08 02:49:31.467 8 INFO neutron.quota.resource_registry [None req-fca579dd-6a3c-48a7-bc88-b25ba44fe442 - - - - - -] Creating instance of TrackedResource for resource:router
2026-07-08 02:49:31.467 8 WARNING neutron.quota.resource_registry [None req-fca579dd-6a3c-48a7-bc88-b25ba44fe442 - - - - - -] router is already registered
2026-07-08 02:49:31.468 8 INFO neutron.quota.resource_registry [None req-fca579dd-6a3c-48a7-bc88-b25ba44fe442 - - - - - -] Creating instance of TrackedResource for resource:floatingip
2026-07-08 02:49:31.468 8 WARNING neutron.quota.resource_registry [None req-fca579dd-6a3c-48a7-bc88-b25ba44fe442 - - - - - -] floatingip is already registered
2026-07-08 02:49:31.472 8 INFO neutron.quota.resource_registry [None req-fca579dd-6a3c-48a7-bc88-b25ba44fe442 - - - - - -] Creating instance of CountableResource for resource:rbac_policy
2026-07-08 02:49:31.472 8 WARNING neutron.quota.resource_registry [None req-fca579dd-6a3c-48a7-bc88-b25ba44fe442 - - - - - -] rbac_policy is already registered
2026-07-08 02:49:31.473 8 INFO neutron.quota.resource_registry [None req-fca579dd-6a3c-48a7-bc88-b25ba44fe442 - - - - - -] Creating instance of TrackedResource for resource:security_group
2026-07-08 02:49:31.473 8 WARNING neutron.quota.resource_registry [None req-fca579dd-6a3c-48a7-bc88-b25ba44fe442 - - - - - -] security_group is already registered
2026-07-08 02:49:31.473 8 INFO neutron.quota.resource_registry [None req-fca579dd-6a3c-48a7-bc88-b25ba44fe442 - - - - - -] Creating instance of TrackedResource for resource:security_group_rule
2026-07-08 02:49:31.473 8 WARNING neutron.quota.resource_registry [None req-fca579dd-6a3c-48a7-bc88-b25ba44fe442 - - - - - -] security_group_rule is already registered
2026-07-08 02:49:31.474 8 INFO neutron.quota.resource_registry [None req-fca579dd-6a3c-48a7-bc88-b25ba44fe442 - - - - - -] Creating instance of TrackedResource for resource:subnetpool
2026-07-08 02:49:31.474 8 WARNING neutron.quota.resource_registry [None req-fca579dd-6a3c-48a7-bc88-b25ba44fe442 - - - - - -] subnetpool is already registered
2026-07-08 02:49:31.475 8 INFO neutron.quota.resource_registry [None req-fca579dd-6a3c-48a7-bc88-b25ba44fe442 - - - - - -] Creating instance of CountableResource for resource:trunk
2026-07-08 02:49:31.475 8 WARNING neutron.quota.resource_registry [None req-fca579dd-6a3c-48a7-bc88-b25ba44fe442 - - - - - -] trunk is already registered
2026-07-08 02:49:31.475 8 INFO neutron.quota.resource_registry [None req-fca579dd-6a3c-48a7-bc88-b25ba44fe442 - - - - - -] Creating instance of CountableResource for resource:ikepolicy
2026-07-08 02:49:31.475 8 WARNING neutron.quota.resource_registry [None req-fca579dd-6a3c-48a7-bc88-b25ba44fe442 - - - - - -] ikepolicy is already registered
2026-07-08 02:49:31.476 8 INFO neutron.quota.resource_registry [None req-fca579dd-6a3c-48a7-bc88-b25ba44fe442 - - - - - -] Creating instance of CountableResource for resource:ipsecpolicy
2026-07-08 02:49:31.476 8 WARNING neutron.quota.resource_registry [None req-fca579dd-6a3c-48a7-bc88-b25ba44fe442 - - - - - -] ipsecpolicy is already registered
2026-07-08 02:49:31.476 8 INFO neutron.quota.resource_registry [None req-fca579dd-6a3c-48a7-bc88-b25ba44fe442 - - - - - -] Creating instance of CountableResource for resource:endpoint_group
2026-07-08 02:49:31.476 8 WARNING neutron.quota.resource_registry [None req-fca579dd-6a3c-48a7-bc88-b25ba44fe442 - - - - - -] endpoint_group is already registered
2026-07-08 02:49:31.477 8 INFO neutron.quota.resource_registry [None req-fca579dd-6a3c-48a7-bc88-b25ba44fe442 - - - - - -] Creating instance of CountableResource for resource:vpnservice
2026-07-08 02:49:31.477 8 WARNING neutron.quota.resource_registry [None req-fca579dd-6a3c-48a7-bc88-b25ba44fe442 - - - - - -] vpnservice is already registered
2026-07-08 02:49:31.477 8 INFO neutron.quota.resource_registry [None req-fca579dd-6a3c-48a7-bc88-b25ba44fe442 - - - - - -] Creating instance of CountableResource for resource:ipsec_site_connection
2026-07-08 02:49:31.477 8 WARNING neutron.quota.resource_registry [None req-fca579dd-6a3c-48a7-bc88-b25ba44fe442 - - - - - -] ipsec_site_connection is already registered
2026-07-08 02:49:31.478 8 INFO neutron.quota.resource_registry [None req-fca579dd-6a3c-48a7-bc88-b25ba44fe442 - - - - - -] Creating instance of CountableResource for resource:ipsecpolicy
2026-07-08 02:49:31.478 8 WARNING neutron.quota.resource_registry [None req-fca579dd-6a3c-48a7-bc88-b25ba44fe442 - - - - - -] ipsecpolicy is already registered
2026-07-08 02:49:31.478 8 INFO neutron.quota.resource_registry [None req-fca579dd-6a3c-48a7-bc88-b25ba44fe442 - - - - - -] Creating instance of CountableResource for resource:ikepolicy
2026-07-08 02:49:31.479 8 WARNING neutron.quota.resource_registry [None req-fca579dd-6a3c-48a7-bc88-b25ba44fe442 - - - - - -] ikepolicy is already registered
2026-07-08 02:49:31.491 7 INFO ovsdbapp.backend.ovs_idl.vlog [None req-8cf36251-a5e3-4846-8048-a13dd9d546bb - - - - - -] tcp:10.97.28.92:6641: connecting...
2026-07-08 02:49:31.491 7 INFO ovsdbapp.backend.ovs_idl.vlog [None req-8cf36251-a5e3-4846-8048-a13dd9d546bb - - - - - -] tcp:10.97.28.92:6641: connected
2026-07-08 02:49:31.517 8 WARNING keystonemiddleware._common.config [None req-fca579dd-6a3c-48a7-bc88-b25ba44fe442 - - - - - -] The option "audit_map_file" is not known to keystonemiddleware
2026-07-08 02:49:31.525 8 WARNING oslo_config.cfg [None req-fca579dd-6a3c-48a7-bc88-b25ba44fe442 - - - - - -] Deprecated: Option "auth_uri" from group "keystone_authtoken" is deprecated. Use option "www_authenticate_uri" from group "keystone_authtoken".
2026-07-08 02:49:31.545 8 WARNING neutron.plugins.ml2.drivers.ovn.mech_driver.mech_driver [None req-fca579dd-6a3c-48a7-bc88-b25ba44fe442 - - - - - -] uWSGI must provide a start time using the configuration parameter "start-time %t" in the configuration file
2026-07-08 02:49:31.560 8 INFO neutron.db.ovn_hash_ring_db [None req-fca579dd-6a3c-48a7-bc88-b25ba44fe442 - - - - - -] Nodes from host "neutron-server-59b6d6dbc8-5nwf5" and group "mechanism_driver" removed from the Hash Ring created at
2026-07-08 02:49:31+00:00
2026-07-08 02:49:31.567 8 INFO neutron.db.ovn_hash_ring_db [None req-fca579dd-6a3c-48a7-bc88-b25ba44fe442 - - - - - -] Node 199b64243c305bcb98bfc9e87afd4ed7 from host "neutron-server-59b6d6dbc8-5nwf5" and group "mechanism_driver" added to the Hash Ring
2026-07-08 02:49:31.576 8 INFO neutron.plugins.ml2.drivers.ovn.mech_driver.mech_driver [None req-fca579dd-6a3c-48a7-bc88-b25ba44fe442 - - - - - -] Hash Ring probing thread for node 199b64243c305bcb98bfc9e87afd4ed7 has started
2026-07-08 02:49:31.577 8 INFO neutron.plugins.ml2.drivers.ovn.mech_driver.ovsdb.impl_idl_ovn [None req-fca579dd-6a3c-48a7-bc88-b25ba44fe442 - - - - - -] Getting OvsdbNbOvnIdl for WorkerService with retry
2026-07-08 02:49:31.579 7 INFO neutron.plugins.ml2.drivers.ovn.mech_driver.ovsdb.impl_idl_ovn [None req-8cf36251-a5e3-4846-8048-a13dd9d546bb - - - - - -] Getting OvsdbSbOvnIdl for WorkerService with retry
2026-07-08 02:49:31.602 7 INFO ovsdbapp.backend.ovs_idl.vlog [None req-8cf36251-a5e3-4846-8048-a13dd9d546bb - - - - - -] tcp:10.98.185.48:6642: connecting...
2026-07-08 02:49:31.602 7 INFO ovsdbapp.backend.ovs_idl.vlog [None req-8cf36251-a5e3-4846-8048-a13dd9d546bb - - - - - -] tcp:10.98.185.48:6642: connected
2026-07-08 02:49:31.610 8 INFO ovsdbapp.backend.ovs_idl.vlog [None req-fca579dd-6a3c-48a7-bc88-b25ba44fe442 - - - - - -] tcp:10.97.28.92:6641: connecting...
2026-07-08 02:49:31.611 8 INFO ovsdbapp.backend.ovs_idl.vlog [None req-fca579dd-6a3c-48a7-bc88-b25ba44fe442 - - - - - -] tcp:10.97.28.92:6641: connected
2026-07-08 02:49:31.632 7 INFO neutron.plugins.ml2.drivers.ovn.mech_driver.mech_driver [None req-8cf36251-a5e3-4846-8048-a13dd9d546bb - - - - - -] WorkerService process has finished the post initialization
2026-07-08 02:49:31.654 7 INFO ovsdbapp.backend.ovs_idl.vlog [None req-8cf36251-a5e3-4846-8048-a13dd9d546bb - - - - - -] tcp:10.97.28.92:6641: connecting...
2026-07-08 02:49:31.654 7 INFO ovsdbapp.backend.ovs_idl.vlog [None req-8cf36251-a5e3-4846-8048-a13dd9d546bb - - - - - -] tcp:10.97.28.92:6641: connected
2026-07-08 02:49:31.654 8 INFO neutron.plugins.ml2.drivers.ovn.mech_driver.ovsdb.impl_idl_ovn [None req-fca579dd-6a3c-48a7-bc88-b25ba44fe442 - - - - - -] Getting OvsdbSbOvnIdl for WorkerService with retry
2026-07-08 02:49:31.679 8 INFO ovsdbapp.backend.ovs_idl.vlog [None req-fca579dd-6a3c-48a7-bc88-b25ba44fe442 - - - - - -] tcp:10.98.185.48:6642: connecting...
2026-07-08 02:49:31.680 8 INFO ovsdbapp.backend.ovs_idl.vlog [None req-fca579dd-6a3c-48a7-bc88-b25ba44fe442 - - - - - -] tcp:10.98.185.48:6642: connected
2026-07-08 02:49:31.692 7 INFO ovsdbapp.backend.ovs_idl.vlog [None req-8cf36251-a5e3-4846-8048-a13dd9d546bb - - - - - -] tcp:10.97.28.92:6641: connecting...
2026-07-08 02:49:31.692 7 INFO ovsdbapp.backend.ovs_idl.vlog [None req-8cf36251-a5e3-4846-8048-a13dd9d546bb - - - - - -] tcp:10.97.28.92:6641: connected WSGI app 0 (mountpoint='') ready in 10 seconds on interpreter 0x7f05bcdb2668 pid: 7 (default app)
2026-07-08 02:49:31.725 8 INFO neutron.plugins.ml2.drivers.ovn.mech_driver.mech_driver [None req-fca579dd-6a3c-48a7-bc88-b25ba44fe442 - - - - - -] WorkerService process has finished the post initialization
2026-07-08 02:49:31.726 8 INFO neutron.plugins.ml2.drivers.ovn.mech_driver.ovsdb.extensions.qos [-] Starting OVNClientQosExtension
2026-07-08 02:49:31.727 8 INFO neutron.plugins.ml2.drivers.ovn.mech_driver.ovsdb.extensions.placement [-] Starting OVNClientPlacementExtension
2026-07-08 02:49:31.753 8 INFO ovsdbapp.backend.ovs_idl.vlog [None req-fca579dd-6a3c-48a7-bc88-b25ba44fe442 - - - - - -] tcp:10.97.28.92:6641: connecting...
2026-07-08 02:49:31.754 8 INFO ovsdbapp.backend.ovs_idl.vlog [None req-fca579dd-6a3c-48a7-bc88-b25ba44fe442 - - - - - -] tcp:10.97.28.92:6641: connected
2026-07-08 02:49:31.796 8 INFO ovsdbapp.backend.ovs_idl.vlog [None req-fca579dd-6a3c-48a7-bc88-b25ba44fe442 - - - - - -] tcp:10.97.28.92:6641: connecting...
2026-07-08 02:49:31.797 8 INFO ovsdbapp.backend.ovs_idl.vlog [None req-fca579dd-6a3c-48a7-bc88-b25ba44fe442 - - - - - -] tcp:10.97.28.92:6641: connected WSGI app 0 (mountpoint='') ready in 10 seconds on interpreter 0x7f05bcdb2668 pid: 8 (default app) /var/lib/openstack/lib/python3.12/site-packages/pycadf/identifier.py:70: UserWarning: Invalid uuid: unknown. To ensure interoperability, identifiers should be a valid uuid. warnings.warn(('Invalid uuid: %s. To ensure interoperability, '
2026-07-08 02:49:39.011 7 INFO neutron.pecan_wsgi.hooks.translation [None req-b987a5dc-82fb-402b-8129-99483596c98c fe2ee587406a46a6bebfdb2742b8895f 68acee13c73e4524aad9fd0419996d47 - - default default] GET failed (client error): The resource could not be found. [pid: 7|app: 0|req: 3/4] 199.204.45.138 () {44 vars in 928 bytes} [Wed Jul 8 02:49:38 2026] GET /v2.0/networks/public => generated 108 bytes in 801 msecs (HTTP/1.1 404) 4 headers in 164 bytes (1 switches on core 0) /var/lib/openstack/lib/python3.12/site-packages/pycadf/identifier.py:70: UserWarning: Invalid uuid: unknown. To ensure interoperability, identifiers should be a valid uuid. warnings.warn(('Invalid uuid: %s. To ensure interoperability, ' [pid: 8|app: 0|req: 2/5] 199.204.45.138 () {44 vars in 950 bytes} [Wed Jul 8 02:49:39 2026] GET /v2.0/networks?name=public => generated 15 bytes in 378 msecs (HTTP/1.1 200) 4 headers in 156 bytes (1 switches on core 0)
2026-07-08 02:49:39.716 7 INFO neutron.plugins.ml2.drivers.ovn.mech_driver.ovsdb.extensions.qos [None req-3dd0acdf-57e9-44a6-88c0-88c99a1d8c2c fe2ee587406a46a6bebfdb2742b8895f 68acee13c73e4524aad9fd0419996d47 - - default default] Starting OVNClientQosExtension
2026-07-08 02:49:39.716 7 INFO neutron.plugins.ml2.drivers.ovn.mech_driver.ovsdb.extensions.placement [None req-3dd0acdf-57e9-44a6-88c0-88c99a1d8c2c fe2ee587406a46a6bebfdb2742b8895f 68acee13c73e4524aad9fd0419996d47 - - default default] Starting OVNClientPlacementExtension
2026-07-08 02:49:39.751 7 INFO neutron.db.ovn_revision_numbers_db [None req-3dd0acdf-57e9-44a6-88c0-88c99a1d8c2c fe2ee587406a46a6bebfdb2742b8895f 68acee13c73e4524aad9fd0419996d47 - - default default] Successfully bumped revision number for resource 8b7c4d8d-b682-4731-b3cf-e5c135cdd0e8 (type: security_groups) to 1
2026-07-08 02:49:39.768 7 INFO neutron.db.ovn_revision_numbers_db [None req-3dd0acdf-57e9-44a6-88c0-88c99a1d8c2c fe2ee587406a46a6bebfdb2742b8895f 68acee13c73e4524aad9fd0419996d47 - - default default] Successfully bumped revision number for resource 339656e4-0b3e-436e-91c8-4307693dfb71 (type: security_group_rules) to 0
2026-07-08 02:49:39.777 7 INFO neutron.db.ovn_revision_numbers_db [None req-3dd0acdf-57e9-44a6-88c0-88c99a1d8c2c fe2ee587406a46a6bebfdb2742b8895f 68acee13c73e4524aad9fd0419996d47 - - default default] Successfully bumped revision number for resource b7f6d1c4-595b-497a-8417-18f943ad9d33 (type: security_group_rules) to 0
2026-07-08 02:49:39.789 7 INFO neutron.db.ovn_revision_numbers_db [None req-3dd0acdf-57e9-44a6-88c0-88c99a1d8c2c fe2ee587406a46a6bebfdb2742b8895f 68acee13c73e4524aad9fd0419996d47 - - default default] Successfully bumped revision number for resource e39912b3-1e2e-4dee-9571-6c2aa23d0686 (type: security_group_rules) to 0
2026-07-08 02:49:39.799 7 INFO neutron.db.ovn_revision_numbers_db [None req-3dd0acdf-57e9-44a6-88c0-88c99a1d8c2c fe2ee587406a46a6bebfdb2742b8895f 68acee13c73e4524aad9fd0419996d47 - - default default] Successfully bumped revision number for resource eccf6fa0-7d12-4b0e-9821-adb239f970b4 (type: security_group_rules) to 0
2026-07-08 02:49:39.892 7 WARNING neutron.services.revisions.revision_plugin [None req-3dd0acdf-57e9-44a6-88c0-88c99a1d8c2c fe2ee587406a46a6bebfdb2742b8895f 68acee13c73e4524aad9fd0419996d47 - - default default] Could not find related network for resource to bump revision.
2026-07-08 02:49:39.921 7 INFO neutron.db.segments_db [None req-3dd0acdf-57e9-44a6-88c0-88c99a1d8c2c fe2ee587406a46a6bebfdb2742b8895f 68acee13c73e4524aad9fd0419996d47 - - default default] Added segment cb8f6d50-ce08-4414-9e8e-b405630296e1 of type flat for network 7448a07d-38cf-4fd8-b92c-bf847ab081d7
2026-07-08 02:49:40.080 8 INFO neutron.plugins.ml2.drivers.ovn.mech_driver.mech_driver [-] OVN reports status down for port: provnet-cb8f6d50-ce08-4414-9e8e-b405630296e1
2026-07-08 02:49:40.080 7 INFO neutron.plugins.ml2.drivers.ovn.mech_driver.mech_driver [-] OVN reports status down for port: provnet-cb8f6d50-ce08-4414-9e8e-b405630296e1
2026-07-08 02:49:40.130 7 INFO neutron.db.ovn_revision_numbers_db [None req-3dd0acdf-57e9-44a6-88c0-88c99a1d8c2c fe2ee587406a46a6bebfdb2742b8895f 68acee13c73e4524aad9fd0419996d47 - - default default] Successfully bumped revision number for resource 7448a07d-38cf-4fd8-b92c-bf847ab081d7 (type: networks) to 1
2026-07-08 02:49:40.453 7 WARNING neutron.scheduler.dhcp_agent_scheduler [None req-3dd0acdf-57e9-44a6-88c0-88c99a1d8c2c fe2ee587406a46a6bebfdb2742b8895f 68acee13c73e4524aad9fd0419996d47 - - default default] No more DHCP agents
2026-07-08 02:49:40.455 7 WARNING neutron.api.rpc.agentnotifiers.dhcp_rpc_agent_api [None req-3dd0acdf-57e9-44a6-88c0-88c99a1d8c2c fe2ee587406a46a6bebfdb2742b8895f 68acee13c73e4524aad9fd0419996d47 - - default default] Unable to schedule network 7448a07d-38cf-4fd8-b92c-bf847ab081d7: no agents available; will retry on subsequent port and subnet creation events.
2026-07-08 02:49:40.515 7 INFO neutron.plugins.ml2.drivers.ovn.mech_driver.mech_driver [None req-d1f0909b-9804-4724-8a5f-bae1b36b74b7 - - - - - -] OVN reports status down for port: b8d60df0-e4b7-4273-80db-c1fc6d1607b2
2026-07-08 02:49:40.613 7 INFO neutron.db.ovn_revision_numbers_db [None req-3dd0acdf-57e9-44a6-88c0-88c99a1d8c2c fe2ee587406a46a6bebfdb2742b8895f 68acee13c73e4524aad9fd0419996d47 - - default default] Successfully bumped revision number for resource b8d60df0-e4b7-4273-80db-c1fc6d1607b2 (type: ports) to 1 [pid: 7|app: 0|req: 4/6] 199.204.45.138 () {48 vars in 968 bytes} [Wed Jul 8 02:49:39 2026] POST /v2.0/networks => generated 706 bytes in 1590 msecs (HTTP/1.1 201) 4 headers in 162 bytes (1 switches on core 0)
2026-07-08 02:49:42.481 8 INFO neutron.pecan_wsgi.hooks.translation [None req-a7d0696d-d742-428f-85b1-92daaa0652c1 fe2ee587406a46a6bebfdb2742b8895f 68acee13c73e4524aad9fd0419996d47 - - default default] GET failed (client error): The resource could not be found. [pid: 8|app: 0|req: 3/7] 199.204.45.138 () {44 vars in 928 bytes} [Wed Jul 8 02:49:42 2026] GET /v2.0/networks/public => generated 108 bytes in 375 msecs (HTTP/1.1 404) 4 headers in 164 bytes (1 switches on core 0) [pid: 7|app: 0|req: 5/8] 199.204.45.138 () {44 vars in 950 bytes} [Wed Jul 8 02:49:42 2026] GET /v2.0/networks?name=public => generated 715 bytes in 43 msecs (HTTP/1.1 200) 4 headers in 157 bytes (1 switches on core 0)
2026-07-08 02:49:42.563 8 INFO neutron.pecan_wsgi.hooks.translation [None req-a649eacc-59cb-4fa8-bff7-977d694d7f5b fe2ee587406a46a6bebfdb2742b8895f 68acee13c73e4524aad9fd0419996d47 - - default default] GET failed (client error): The resource could not be found. [pid: 8|app: 0|req: 4/9] 199.204.45.138 () {44 vars in 1035 bytes} [Wed Jul 8 02:49:42 2026] GET /v2.0/subnets/public-subnet?network_id=7448a07d-38cf-4fd8-b92c-bf847ab081d7 => generated 113 bytes in 28 msecs (HTTP/1.1 404) 4 headers in 164 bytes (1 switches on core 0) [pid: 7|app: 0|req: 6/10] 199.204.45.138 () {44 vars in 1058 bytes} [Wed Jul 8 02:49:42 2026] GET /v2.0/subnets?name=public-subnet&network_id=7448a07d-38cf-4fd8-b92c-bf847ab081d7 => generated 14 bytes in 28 msecs (HTTP/1.1 200) 4 headers in 156 bytes (1 switches on core 0)
2026-07-08 02:49:43.063 8 WARNING neutron.scheduler.dhcp_agent_scheduler [None req-59ec7056-6f91-485a-b725-fbdf3083ae07 fe2ee587406a46a6bebfdb2742b8895f 68acee13c73e4524aad9fd0419996d47 - - default default] No more DHCP agents
2026-07-08 02:49:43.064 8 WARNING neutron.api.rpc.agentnotifiers.dhcp_rpc_agent_api [None req-59ec7056-6f91-485a-b725-fbdf3083ae07 fe2ee587406a46a6bebfdb2742b8895f 68acee13c73e4524aad9fd0419996d47 - - default default] Unable to schedule network 7448a07d-38cf-4fd8-b92c-bf847ab081d7: no agents available; will retry on subsequent port and subnet creation events.
2026-07-08 02:49:43.886 8 INFO neutron.db.ovn_revision_numbers_db [None req-2fb0e3f4-71d4-46d4-af52-5589ae0af337 - - - - - -] Successfully bumped revision number for resource b8d60df0-e4b7-4273-80db-c1fc6d1607b2 (type: ports) to 2
2026-07-08 02:49:43.931 8 INFO neutron.db.ovn_revision_numbers_db [None req-2fb0e3f4-71d4-46d4-af52-5589ae0af337 - - - - - -] Successfully bumped revision number for resource 2956fb1a-844b-49e5-b5a1-d8bbd01470f5 (type: subnets) to 0 [pid: 8|app: 0|req: 5/11] 199.204.45.138 () {48 vars in 966 bytes} [Wed Jul 8 02:49:42 2026] POST /v2.0/subnets => generated 664 bytes in 1345 msecs (HTTP/1.1 201) 4 headers in 162 bytes (1 switches on core 0)
