2026-07-08 03:27:41.137 7 INFO neutron.db.ovn_revision_numbers_db [None req-a0687c57-ac67-4c72-8e67-08c0b587e64e fe2ee587406a46a6bebfdb2742b8895f 68acee13c73e4524aad9fd0419996d47 - - default default] Successfully bumped revision number for resource 756de85e-89fa-4f5a-b627-212d869c0ff8 (type: security_group_rules) to 0
2026-07-08 03:27:41.147 7 INFO neutron.db.ovn_revision_numbers_db [None req-a0687c57-ac67-4c72-8e67-08c0b587e64e fe2ee587406a46a6bebfdb2742b8895f 68acee13c73e4524aad9fd0419996d47 - - default default] Successfully bumped revision number for resource d2c7f983-ab4e-4aff-ad87-54db68f6311d (type: security_group_rules) to 0 [pid: 7|app: 0|req: 1341/2487] 10.0.0.100 () {32 vars in 774 bytes} [Wed Jul 8 03:27:40 2026] GET /v2.0/security-groups?tenant_id=973e35b447644f1bad4da7bbd1e253a0&name=default => generated 2925 bytes in 340 msecs (HTTP/1.1 200) 4 headers in 158 bytes (1 switches on core 0)
2026-07-08 03:27:41.280 8 INFO neutron.db.ovn_revision_numbers_db [None req-bc0b76ba-0513-4ecd-a859-35d3c6e58a2d - - - - - -] Successfully bumped revision number for resource 879fa742-708d-4c66-b221-ddf997fedd7a (type: ports) to 1 [pid: 7|app: 0|req: 1342/2488] 10.0.0.100 () {32 vars in 740 bytes} [Wed Jul 8 03:27:41 2026] DELETE /v2.0/security-groups/8c940379-4a68-44c2-9c41-75e50d67b571 => generated 0 bytes in 270 msecs (HTTP/1.1 204) 2 headers in 112 bytes (1 switches on core 0) [pid: 7|app: 0|req: 1343/2489] 10.0.0.70 () {34 vars in 989 bytes} [Wed Jul 8 03:27:41 2026] GET /v2.0/ports?device_id=0777f2e5-ab73-4053-baaf-a6cf38e9aeae => generated 12 bytes in 17 msecs (HTTP/1.1 200) 4 headers in 156 bytes (1 switches on core 0)
2026-07-08 03:27:41.582 8 INFO neutron.db.ovn_revision_numbers_db [None req-bc0b76ba-0513-4ecd-a859-35d3c6e58a2d - - - - - -] Successfully bumped revision number for resource 879fa742-708d-4c66-b221-ddf997fedd7a (type: ports) to 3
2026-07-08 03:27:41.680 7 INFO neutron.db.ovn_revision_numbers_db [None req-ad4c0cbb-c732-4a1d-9241-999d43ba72d6 fe2ee587406a46a6bebfdb2742b8895f 68acee13c73e4524aad9fd0419996d47 - - default default] Successfully bumped revision number for resource 47cff57b-aebb-412f-888c-4a729017f8b4 (type: security_groups) to 1
2026-07-08 03:27:41.690 7 INFO neutron.db.ovn_revision_numbers_db [None req-ad4c0cbb-c732-4a1d-9241-999d43ba72d6 fe2ee587406a46a6bebfdb2742b8895f 68acee13c73e4524aad9fd0419996d47 - - default default] Successfully bumped revision number for resource 7551cd86-c146-469f-8782-1b8006267a89 (type: security_group_rules) to 0
2026-07-08 03:27:41.701 7 INFO neutron.db.ovn_revision_numbers_db [None req-ad4c0cbb-c732-4a1d-9241-999d43ba72d6 fe2ee587406a46a6bebfdb2742b8895f 68acee13c73e4524aad9fd0419996d47 - - default default] Successfully bumped revision number for resource af9d4d1b-4efb-4658-8f8b-a475da130432 (type: security_group_rules) to 0
2026-07-08 03:27:41.714 7 INFO neutron.db.ovn_revision_numbers_db [None req-ad4c0cbb-c732-4a1d-9241-999d43ba72d6 fe2ee587406a46a6bebfdb2742b8895f 68acee13c73e4524aad9fd0419996d47 - - default default] Successfully bumped revision number for resource d8c08276-8cb1-4c59-80d1-359f5fd125b5 (type: security_group_rules) to 0
2026-07-08 03:27:41.725 7 INFO neutron.db.ovn_revision_numbers_db [None req-ad4c0cbb-c732-4a1d-9241-999d43ba72d6 fe2ee587406a46a6bebfdb2742b8895f 68acee13c73e4524aad9fd0419996d47 - - default default] Successfully bumped revision number for resource eb5d61ea-13d5-4c2e-8c4a-b277dcb6ae09 (type: security_group_rules) to 0 [pid: 7|app: 0|req: 1344/2490] 10.0.0.100 () {32 vars in 774 bytes} [Wed Jul 8 03:27:41 2026] GET /v2.0/security-groups?tenant_id=203ca23cb2cb4bec99519d1c0bd47037&name=default => generated 2925 bytes in 211 msecs (HTTP/1.1 200) 4 headers in 158 bytes (1 switches on core 0) [pid: 8|app: 0|req: 1147/2491] 10.0.0.100 () {34 vars in 685 bytes} [Wed Jul 8 03:27:36 2026] POST /v2.0/vpn/vpnservices => generated 458 bytes in 5353 msecs (HTTP/1.1 201) 4 headers in 162 bytes (1 switches on core 0) [pid: 7|app: 0|req: 1345/2492] 10.0.0.100 () {32 vars in 740 bytes} [Wed Jul 8 03:27:41 2026] DELETE /v2.0/security-groups/47cff57b-aebb-412f-888c-4a729017f8b4 => generated 0 bytes in 235 msecs (HTTP/1.1 204) 2 headers in 112 bytes (1 switches on core 0) [pid: 8|app: 0|req: 1148/2493] 10.0.0.100 () {34 vars in 685 bytes} [Wed Jul 8 03:27:41 2026] POST /v2.0/vpn/vpnservices => generated 423 bytes in 398 msecs (HTTP/1.1 201) 4 headers in 162 bytes (1 switches on core 0) [pid: 8|app: 0|req: 1149/2494] 10.0.0.100 () {34 vars in 684 bytes} [Wed Jul 8 03:27:42 2026] POST /v2.0/vpn/ikepolicies => generated 403 bytes in 56 msecs (HTTP/1.1 201) 4 headers in 162 bytes (1 switches on core 0)
2026-07-08 03:27:42.294 7 INFO neutron.db.ovn_revision_numbers_db [None req-82677888-eaa7-4710-a2a1-ad5c08e06875 fe2ee587406a46a6bebfdb2742b8895f 68acee13c73e4524aad9fd0419996d47 - - default default] Successfully bumped revision number for resource bcd806c3-1f6e-4b32-8665-f1da9cd02350 (type: security_groups) to 1
2026-07-08 03:27:42.311 7 INFO neutron.db.ovn_revision_numbers_db [None req-82677888-eaa7-4710-a2a1-ad5c08e06875 fe2ee587406a46a6bebfdb2742b8895f 68acee13c73e4524aad9fd0419996d47 - - default default] Successfully bumped revision number for resource 4502c008-f10c-44cf-85dd-f52dd358f85f (type: security_group_rules) to 0
2026-07-08 03:27:42.329 7 INFO neutron.db.ovn_revision_numbers_db [None req-82677888-eaa7-4710-a2a1-ad5c08e06875 fe2ee587406a46a6bebfdb2742b8895f 68acee13c73e4524aad9fd0419996d47 - - default default] Successfully bumped revision number for resource 6f23aa73-451c-4596-ba84-5a8e3d095f1f (type: security_group_rules) to 0 [pid: 8|app: 0|req: 1150/2495] 10.0.0.100 () {34 vars in 688 bytes} [Wed Jul 8 03:27:42 2026] POST /v2.0/vpn/ipsecpolicies => generated 412 bytes in 50 msecs (HTTP/1.1 201) 4 headers in 162 bytes (1 switches on core 0)
2026-07-08 03:27:42.345 7 INFO neutron.db.ovn_revision_numbers_db [None req-82677888-eaa7-4710-a2a1-ad5c08e06875 fe2ee587406a46a6bebfdb2742b8895f 68acee13c73e4524aad9fd0419996d47 - - default default] Successfully bumped revision number for resource dfd592d1-ef1b-424d-9241-8a7619d0255c (type: security_group_rules) to 0
2026-07-08 03:27:42.360 7 INFO neutron.db.ovn_revision_numbers_db [None req-82677888-eaa7-4710-a2a1-ad5c08e06875 fe2ee587406a46a6bebfdb2742b8895f 68acee13c73e4524aad9fd0419996d47 - - default default] Successfully bumped revision number for resource f5b6507c-3890-4362-a38f-4acc5141c6c1 (type: security_group_rules) to 0 [pid: 7|app: 0|req: 1346/2496] 10.0.0.100 () {32 vars in 774 bytes} [Wed Jul 8 03:27:42 2026] GET /v2.0/security-groups?tenant_id=7a7795af19664a30a9c939998862a961&name=default => generated 2925 bytes in 276 msecs (HTTP/1.1 200) 4 headers in 158 bytes (1 switches on core 0) [pid: 8|app: 0|req: 1151/2497] 10.0.0.100 () {34 vars in 693 bytes} [Wed Jul 8 03:27:42 2026] POST /v2.0/vpn/endpoint-groups => generated 329 bytes in 89 msecs (HTTP/1.1 201) 4 headers in 162 bytes (1 switches on core 0) [pid: 8|app: 0|req: 1152/2498] 10.0.0.100 () {34 vars in 693 bytes} [Wed Jul 8 03:27:42 2026] POST /v2.0/vpn/endpoint-groups => generated 320 bytes in 41 msecs (HTTP/1.1 201) 4 headers in 162 bytes (1 switches on core 0) [pid: 7|app: 0|req: 1347/2499] 10.0.0.100 () {32 vars in 740 bytes} [Wed Jul 8 03:27:42 2026] DELETE /v2.0/security-groups/bcd806c3-1f6e-4b32-8665-f1da9cd02350 => generated 0 bytes in 243 msecs (HTTP/1.1 204) 2 headers in 112 bytes (1 switches on core 0) [pid: 7|app: 0|req: 1348/2500] 10.0.0.70 () {34 vars in 989 bytes} [Wed Jul 8 03:27:42 2026] GET /v2.0/ports?device_id=0777f2e5-ab73-4053-baaf-a6cf38e9aeae => generated 12 bytes in 17 msecs (HTTP/1.1 200) 4 headers in 156 bytes (1 switches on core 0)
2026-07-08 03:27:43.181 8 INFO neutron.db.ovn_revision_numbers_db [None req-3aa726dd-d95d-487d-8a6f-7ca8754c1357 3998c81756974253ba8c88ab7810af6a 53bfa0ce60cf4c149d512c0e46b08144 - - default default] Successfully bumped revision number for resource 8b2069d5-93d2-440f-a530-aceac6a5ce70 (type: routers) to 5 [pid: 8|app: 0|req: 1153/2501] 10.0.0.100 () {34 vars in 707 bytes} [Wed Jul 8 03:27:42 2026] POST /v2.0/vpn/ipsec-site-connections => generated 803 bytes in 726 msecs (HTTP/1.1 201) 4 headers in 162 bytes (1 switches on core 0) [pid: 7|app: 0|req: 1349/2502] 10.0.0.100 () {34 vars in 693 bytes} [Wed Jul 8 03:27:43 2026] POST /v2.0/vpn/endpoint-groups => generated 290 bytes in 52 msecs (HTTP/1.1 201) 4 headers in 162 bytes (1 switches on core 0) [pid: 8|app: 0|req: 1154/2503] 10.0.0.100 () {32 vars in 748 bytes} [Wed Jul 8 03:27:43 2026] DELETE /v2.0/vpn/endpoint-groups/e51e8702-ce57-486e-9dd5-8d64ce3d6d00 => generated 0 bytes in 48 msecs (HTTP/1.1 204) 2 headers in 112 bytes (1 switches on core 0) [pid: 7|app: 0|req: 1350/2504] 10.0.0.100 () {32 vars in 671 bytes} [Wed Jul 8 03:27:43 2026] GET /v2.0/vpn/endpoint-groups => generated 634 bytes in 22 msecs (HTTP/1.1 200) 4 headers in 157 bytes (1 switches on core 0) [pid: 8|app: 0|req: 1155/2505] 10.0.0.100 () {32 vars in 671 bytes} [Wed Jul 8 03:27:43 2026] GET /v2.0/vpn/endpoint-groups => generated 634 bytes in 19 msecs (HTTP/1.1 200) 4 headers in 157 bytes (1 switches on core 0) [pid: 8|app: 0|req: 1156/2506] 10.0.0.100 () {32 vars in 740 bytes} [Wed Jul 8 03:27:43 2026] DELETE /v2.0/security-groups/fefa09a3-5f48-407d-b8ab-e87606829228 => generated 0 bytes in 182 msecs (HTTP/1.1 204) 2 headers in 112 bytes (1 switches on core 0) [pid: 7|app: 0|req: 1351/2507] 10.0.0.100 () {34 vars in 685 bytes} [Wed Jul 8 03:27:43 2026] POST /v2.0/vpn/ikepolicies => generated 402 bytes in 206 msecs (HTTP/1.1 201) 4 headers in 162 bytes (1 switches on core 0) [pid: 7|app: 0|req: 1352/2508] 10.0.0.100 () {32 vars in 663 bytes} [Wed Jul 8 03:27:43 2026] GET /v2.0/vpn/ikepolicies => generated 796 bytes in 11 msecs (HTTP/1.1 200) 4 headers in 157 bytes (1 switches on core 0) [pid: 7|app: 0|req: 1353/2509] 10.0.0.100 () {32 vars in 740 bytes} [Wed Jul 8 03:27:43 2026] DELETE /v2.0/vpn/ikepolicies/433ccbed-7fbb-4065-a6ec-c22a5c4891ad => generated 0 bytes in 44 msecs (HTTP/1.1 204) 2 headers in 112 bytes (1 switches on core 0) [pid: 7|app: 0|req: 1354/2510] 10.0.0.100 () {34 vars in 689 bytes} [Wed Jul 8 03:27:44 2026] POST /v2.0/vpn/ipsecpolicies => generated 411 bytes in 32 msecs (HTTP/1.1 201) 4 headers in 162 bytes (1 switches on core 0) [pid: 7|app: 0|req: 1355/2511] 10.0.0.100 () {32 vars in 667 bytes} [Wed Jul 8 03:27:44 2026] GET /v2.0/vpn/ipsecpolicies => generated 812 bytes in 7 msecs (HTTP/1.1 200) 4 headers in 157 bytes (1 switches on core 0) [pid: 7|app: 0|req: 1356/2512] 10.0.0.100 () {32 vars in 744 bytes} [Wed Jul 8 03:27:44 2026] DELETE /v2.0/vpn/ipsecpolicies/ca9ee098-e62c-42f8-91ca-4a95a5e782a6 => generated 0 bytes in 22 msecs (HTTP/1.1 204) 2 headers in 112 bytes (1 switches on core 0)
2026-07-08 03:27:44.141 7 INFO neutron.db.segments_db [None req-a181e06c-d7f2-4b10-a02e-c91e4de91424 3998c81756974253ba8c88ab7810af6a 53bfa0ce60cf4c149d512c0e46b08144 - - default default] Added segment cc9912ea-eaac-4c5f-acdb-7faf1abe5828 of type geneve for network 5f55908a-6648-4ffa-b812-e1daecd61937
2026-07-08 03:27:44.234 7 INFO neutron.db.ovn_revision_numbers_db [None req-a181e06c-d7f2-4b10-a02e-c91e4de91424 3998c81756974253ba8c88ab7810af6a 53bfa0ce60cf4c149d512c0e46b08144 - - default default] Successfully bumped revision number for resource 5f55908a-6648-4ffa-b812-e1daecd61937 (type: networks) to 1
2026-07-08 03:27:44.246 8 INFO neutron_taas.services.taas.taas_plugin [None req-eec1c063-b771-4fab-b020-27a1abb92b03 e4f892d750d5489fa58a7a96e5516842 e3621a03fbf640878e2b46272f797852 - - default default] TaaS: Handle Delete Port: 9ffda2b3-3f62-4cac-9618-9b7ef8dacf53
2026-07-08 03:27:44.249 8 INFO neutron_taas.services.taas.tap_mirror_plugin [None req-eec1c063-b771-4fab-b020-27a1abb92b03 e4f892d750d5489fa58a7a96e5516842 e3621a03fbf640878e2b46272f797852 - - default default] Tap Mirror: Handle Delete Port: 9ffda2b3-3f62-4cac-9618-9b7ef8dacf53
2026-07-08 03:27:44.421 7 WARNING neutron.scheduler.dhcp_agent_scheduler [None req-a181e06c-d7f2-4b10-a02e-c91e4de91424 3998c81756974253ba8c88ab7810af6a 53bfa0ce60cf4c149d512c0e46b08144 - - default default] No more DHCP agents
2026-07-08 03:27:44.422 7 WARNING neutron.api.rpc.agentnotifiers.dhcp_rpc_agent_api [None req-a181e06c-d7f2-4b10-a02e-c91e4de91424 3998c81756974253ba8c88ab7810af6a 53bfa0ce60cf4c149d512c0e46b08144 - - default default] Unable to schedule network 5f55908a-6648-4ffa-b812-e1daecd61937: no agents available; will retry on subsequent port and subnet creation events.
2026-07-08 03:27:44.514 7 INFO neutron.db.ovn_revision_numbers_db [None req-a181e06c-d7f2-4b10-a02e-c91e4de91424 3998c81756974253ba8c88ab7810af6a 53bfa0ce60cf4c149d512c0e46b08144 - - default default] Successfully bumped revision number for resource 6c0e8058-981f-473d-8a78-ba77761f255c (type: ports) to 1 [pid: 7|app: 0|req: 1357/2513] 10.0.0.100 () {34 vars in 670 bytes} [Wed Jul 8 03:27:44 2026] POST /v2.0/networks => generated 632 bytes in 461 msecs (HTTP/1.1 201) 4 headers in 162 bytes (1 switches on core 0)
2026-07-08 03:27:44.751 7 WARNING neutron.scheduler.dhcp_agent_scheduler [None req-fc885137-bcdb-42ad-b838-7d6eec2039fa 3998c81756974253ba8c88ab7810af6a 53bfa0ce60cf4c149d512c0e46b08144 - - default default] No more DHCP agents
2026-07-08 03:27:44.752 7 WARNING neutron.api.rpc.agentnotifiers.dhcp_rpc_agent_api [None req-fc885137-bcdb-42ad-b838-7d6eec2039fa 3998c81756974253ba8c88ab7810af6a 53bfa0ce60cf4c149d512c0e46b08144 - - default default] Unable to schedule network 5f55908a-6648-4ffa-b812-e1daecd61937: no agents available; will retry on subsequent port and subnet creation events. [pid: 8|app: 0|req: 1157/2514] 10.0.0.100 () {34 vars in 789 bytes} [Wed Jul 8 03:27:43 2026] PUT /v2.0/routers/afb2d847-84e0-4881-9975-5626fd21a84f/remove_router_interface => generated 309 bytes in 932 msecs (HTTP/1.1 200) 4 headers in 157 bytes (1 switches on core 0) /var/lib/openstack/lib/python3.12/site-packages/pycadf/identifier.py:70: UserWarning: Invalid uuid: neutron. To ensure interoperability, identifiers should be a valid uuid. warnings.warn(('Invalid uuid: %s. To ensure interoperability, ' [pid: 8|app: 0|req: 1158/2515] 10.0.0.100 () {32 vars in 724 bytes} [Wed Jul 8 03:27:44 2026] DELETE /v2.0/subnets/8d2bb980-7e28-4b8d-abd7-c273dc165970 => generated 0 bytes in 148 msecs (HTTP/1.1 204) 3 headers in 131 bytes (1 switches on core 0)
2026-07-08 03:27:45.239 7 INFO neutron.db.ovn_revision_numbers_db [None req-29855d92-8b06-499e-96fa-bbcf94704c5e - - - - - -] Successfully bumped revision number for resource 6c0e8058-981f-473d-8a78-ba77761f255c (type: ports) to 2
2026-07-08 03:27:45.268 7 INFO neutron.db.ovn_revision_numbers_db [None req-29855d92-8b06-499e-96fa-bbcf94704c5e - - - - - -] Successfully bumped revision number for resource 3b7e82e1-01da-4033-82cd-bdcaa9fc86de (type: subnets) to 0 [pid: 7|app: 0|req: 1358/2516] 10.0.0.100 () {34 vars in 669 bytes} [Wed Jul 8 03:27:44 2026] POST /v2.0/subnets => generated 629 bytes in 747 msecs (HTTP/1.1 201) 4 headers in 162 bytes (1 switches on core 0)
2026-07-08 03:27:45.394 8 INFO neutron_taas.services.taas.taas_plugin [None req-c5693591-7ee5-43ee-9fbb-9e5972d576ee e4f892d750d5489fa58a7a96e5516842 e3621a03fbf640878e2b46272f797852 - - default default] TaaS: Handle Delete Port: a15f43e3-3aa7-494b-83d3-cc4a48a727e0
2026-07-08 03:27:45.399 8 INFO neutron_taas.services.taas.tap_mirror_plugin [None req-c5693591-7ee5-43ee-9fbb-9e5972d576ee e4f892d750d5489fa58a7a96e5516842 e3621a03fbf640878e2b46272f797852 - - default default] Tap Mirror: Handle Delete Port: a15f43e3-3aa7-494b-83d3-cc4a48a727e0
2026-07-08 03:27:45.785 7 WARNING neutron.scheduler.dhcp_agent_scheduler [None req-16b3243e-f8e0-42b7-94e1-191c225d82d4 3998c81756974253ba8c88ab7810af6a 53bfa0ce60cf4c149d512c0e46b08144 - - default default] No more DHCP agents
2026-07-08 03:27:45.788 7 WARNING neutron.api.rpc.agentnotifiers.dhcp_rpc_agent_api [None req-16b3243e-f8e0-42b7-94e1-191c225d82d4 3998c81756974253ba8c88ab7810af6a 53bfa0ce60cf4c149d512c0e46b08144 - - default default] Unable to schedule network 7448a07d-38cf-4fd8-b92c-bf847ab081d7: no agents available; will retry on subsequent port and subnet creation events. [pid: 8|app: 0|req: 1159/2517] 10.0.0.100 () {32 vars in 724 bytes} [Wed Jul 8 03:27:45 2026] DELETE /v2.0/routers/afb2d847-84e0-4881-9975-5626fd21a84f => generated 0 bytes in 771 msecs (HTTP/1.1 204) 2 headers in 112 bytes (1 switches on core 0)
2026-07-08 03:27:45.817 8 WARNING neutron.plugins.ml2.drivers.ovn.mech_driver.ovsdb.ovn_client [None req-1c885a50-9441-4c2f-b0ab-ea08645287d4 - - - - - -] No hosting information found for port 5a65baa4-eb7a-4312-b9b0-82ec6b9053c7: RuntimeError: No hosting information found for port 5a65baa4-eb7a-4312-b9b0-82ec6b9053c7
2026-07-08 03:27:45.962 7 INFO neutron.db.ovn_revision_numbers_db [None req-16b3243e-f8e0-42b7-94e1-191c225d82d4 3998c81756974253ba8c88ab7810af6a 53bfa0ce60cf4c149d512c0e46b08144 - - default default] Successfully bumped revision number for resource 8e9b05a3-b93c-4c61-9f6f-17b9d2a06a2c (type: ports) to 1
2026-07-08 03:27:45.997 8 INFO neutron.db.ovn_revision_numbers_db [None req-1c885a50-9441-4c2f-b0ab-ea08645287d4 - - - - - -] Successfully bumped revision number for resource 5a65baa4-eb7a-4312-b9b0-82ec6b9053c7 (type: router_ports) to 2
2026-07-08 03:27:45.998 8 INFO neutron.plugins.ml2.drivers.ovn.mech_driver.mech_driver [None req-1c885a50-9441-4c2f-b0ab-ea08645287d4 - - - - - -] OVN reports status down for port: 1e4ba38a-d23d-47cf-affd-cbb36180fcfb
2026-07-08 03:27:46.063 8 INFO neutron_taas.services.taas.taas_plugin [None req-56871a15-965c-4b43-8a7d-647a437122ec e4f892d750d5489fa58a7a96e5516842 e3621a03fbf640878e2b46272f797852 - - default default] TaaS: Handle Delete Port: ddcad9c3-2d1c-47ed-a8a0-30802e009cdb
2026-07-08 03:27:46.066 8 INFO neutron_taas.services.taas.tap_mirror_plugin [None req-56871a15-965c-4b43-8a7d-647a437122ec e4f892d750d5489fa58a7a96e5516842 e3621a03fbf640878e2b46272f797852 - - default default] Tap Mirror: Handle Delete Port: ddcad9c3-2d1c-47ed-a8a0-30802e009cdb
2026-07-08 03:27:46.127 8 WARNING neutron.plugins.ml2.drivers.ovn.mech_driver.ovsdb.ovn_client [None req-1c885a50-9441-4c2f-b0ab-ea08645287d4 - - - - - -] Logical_Switch_Port 1e4ba38a-d23d-47cf-affd-cbb36180fcfb host information not removed, the port state is up
2026-07-08 03:27:46.127 8 INFO neutron.plugins.ml2.drivers.ovn.mech_driver.mech_driver [None req-1c885a50-9441-4c2f-b0ab-ea08645287d4 - - - - - -] OVN reports status down for port: ae7299ff-e8ee-4670-96b0-f9e6163a349c
2026-07-08 03:27:46.141 8 INFO neutron.plugins.ml2.drivers.ovn.mech_driver.mech_driver [None req-1c885a50-9441-4c2f-b0ab-ea08645287d4 - - - - - -] OVN reports status up for port: 1e4ba38a-d23d-47cf-affd-cbb36180fcfb
2026-07-08 03:27:46.159 8 INFO neutron.plugins.ml2.plugin [None req-1c885a50-9441-4c2f-b0ab-ea08645287d4 - - - - - -] Attempt 1 to provision port 1e4ba38a-d23d-47cf-affd-cbb36180fcfb
2026-07-08 03:27:46.400 8 INFO neutron.services.segments.plugin [-] Segment eb4a6a98-a660-4265-a10a-8b474908bed0 resource provider aggregate not found
2026-07-08 03:27:46.405 8 INFO neutron.services.segments.plugin [-] Segment eb4a6a98-a660-4265-a10a-8b474908bed0 resource provider aggregate not found
2026-07-08 03:27:46.428 8 INFO neutron.services.segments.plugin [-] Client error retrieving segment eb4a6a98-a660-4265-a10a-8b474908bed0 resource provider; error: Placement Client Error (4xx): {"errors": [{"status": 404, "title": "Not Found", "detail": "The resource could not be found.\n\n No resource provider with uuid eb4a6a98-a660-4265-a10a-8b474908bed0 found for delete ", "request_id": "req-659037f7-c5ab-4457-8fe0-528e28692a76"}]}
2026-07-08 03:27:46.429 8 INFO neutron.services.segments.plugin [-] Client error retrieving segment eb4a6a98-a660-4265-a10a-8b474908bed0 resource provider; error: Placement Client Error (4xx): {"errors": [{"status": 404, "title": "Not Found", "detail": "The resource could not be found.\n\n No resource provider with uuid eb4a6a98-a660-4265-a10a-8b474908bed0 found for delete ", "request_id": "req-f86563dc-c6ae-434a-a2a8-8fd6ee7dc391"}]} [pid: 8|app: 0|req: 1160/2518] 10.0.0.100 () {32 vars in 726 bytes} [Wed Jul 8 03:27:45 2026] DELETE /v2.0/networks/a70d5d85-559c-4326-b797-3101a2295f46 => generated 0 bytes in 707 msecs (HTTP/1.1 204) 3 headers in 131 bytes (1 switches on core 0)
2026-07-08 03:27:46.538 7 INFO neutron.plugins.ml2.drivers.ovn.mech_driver.ovsdb.commands [None req-3e86e104-e82c-4969-852c-d05f91db1402 - - - - - -] Schedule LRP lrp-8e9b05a3-b93c-4c61-9f6f-17b9d2a06a2c on gateway 670b22a8-3bb0-4aed-951a-74c486ebea66 with priority 1
2026-07-08 03:27:46.603 7 INFO neutron.db.ovn_revision_numbers_db [None req-16b3243e-f8e0-42b7-94e1-191c225d82d4 3998c81756974253ba8c88ab7810af6a 53bfa0ce60cf4c149d512c0e46b08144 - - default default] Successfully bumped revision number for resource 8e9b05a3-b93c-4c61-9f6f-17b9d2a06a2c (type: router_ports) to 1
2026-07-08 03:27:46.708 7 INFO neutron.db.ovn_revision_numbers_db [None req-16b3243e-f8e0-42b7-94e1-191c225d82d4 3998c81756974253ba8c88ab7810af6a 53bfa0ce60cf4c149d512c0e46b08144 - - default default] Successfully bumped revision number for resource f71f9354-e53b-4353-ad7a-c8ad86404ded (type: routers) to 2 [pid: 7|app: 0|req: 1359/2519] 10.0.0.100 () {34 vars in 669 bytes} [Wed Jul 8 03:27:45 2026] POST /v2.0/routers => generated 937 bytes in 1430 msecs (HTTP/1.1 201) 4 headers in 162 bytes (1 switches on core 0)
2026-07-08 03:27:46.821 8 INFO neutron.db.ovn_revision_numbers_db [None req-1c885a50-9441-4c2f-b0ab-ea08645287d4 - - - - - -] Successfully bumped revision number for resource 1e4ba38a-d23d-47cf-affd-cbb36180fcfb (type: ports) to 2
2026-07-08 03:27:47.123 7 INFO neutron.db.ovn_revision_numbers_db [None req-377f502d-28e8-4845-985d-bd77e0353f04 74e70fea555f4d7bb99bd387dfd91f47 e42b37dcb64e4abab8add870e986dd71 - - default default] Successfully bumped revision number for resource ed95a12f-7931-487e-bd8b-49b5b612d69b (type: security_groups) to 1
2026-07-08 03:27:47.133 7 INFO neutron.db.ovn_revision_numbers_db [None req-377f502d-28e8-4845-985d-bd77e0353f04 74e70fea555f4d7bb99bd387dfd91f47 e42b37dcb64e4abab8add870e986dd71 - - default default] Successfully bumped revision number for resource 04f466e1-6932-4855-863f-09a6cd8e4fda (type: security_group_rules) to 0
2026-07-08 03:27:47.145 7 INFO neutron.db.ovn_revision_numbers_db [None req-377f502d-28e8-4845-985d-bd77e0353f04 74e70fea555f4d7bb99bd387dfd91f47 e42b37dcb64e4abab8add870e986dd71 - - default default] Successfully bumped revision number for resource 3cc4b34f-14d3-449d-bf2d-d457e39b7a98 (type: security_group_rules) to 0
2026-07-08 03:27:47.159 7 INFO neutron.db.ovn_revision_numbers_db [None req-377f502d-28e8-4845-985d-bd77e0353f04 74e70fea555f4d7bb99bd387dfd91f47 e42b37dcb64e4abab8add870e986dd71 - - default default] Successfully bumped revision number for resource c361b664-9ce5-46a7-bb61-14889e206788 (type: security_group_rules) to 0
2026-07-08 03:27:47.173 7 INFO neutron.db.ovn_revision_numbers_db [None req-377f502d-28e8-4845-985d-bd77e0353f04 74e70fea555f4d7bb99bd387dfd91f47 e42b37dcb64e4abab8add870e986dd71 - - default default] Successfully bumped revision number for resource cacace9b-2e65-4d88-9c5d-6a07e3f0777c (type: security_group_rules) to 0
2026-07-08 03:27:47.244 7 INFO neutron.db.segments_db [None req-377f502d-28e8-4845-985d-bd77e0353f04 74e70fea555f4d7bb99bd387dfd91f47 e42b37dcb64e4abab8add870e986dd71 - - default default] Added segment f28b38d1-6e8d-4220-9fb1-4ac57dd281af of type geneve for network 746d60a7-63a7-49a5-b7cd-19f0533761e1
2026-07-08 03:27:47.355 7 INFO neutron.db.ovn_revision_numbers_db [None req-377f502d-28e8-4845-985d-bd77e0353f04 74e70fea555f4d7bb99bd387dfd91f47 e42b37dcb64e4abab8add870e986dd71 - - default default] Successfully bumped revision number for resource 746d60a7-63a7-49a5-b7cd-19f0533761e1 (type: networks) to 1
2026-07-08 03:27:47.394 8 WARNING neutron.scheduler.dhcp_agent_scheduler [None req-98b29a57-5d26-4d9e-92d6-e6448f316fe4 3998c81756974253ba8c88ab7810af6a 53bfa0ce60cf4c149d512c0e46b08144 - - default default] No more DHCP agents
2026-07-08 03:27:47.396 8 WARNING neutron.api.rpc.agentnotifiers.dhcp_rpc_agent_api [None req-98b29a57-5d26-4d9e-92d6-e6448f316fe4 3998c81756974253ba8c88ab7810af6a 53bfa0ce60cf4c149d512c0e46b08144 - - default default] Unable to schedule network 5f55908a-6648-4ffa-b812-e1daecd61937: no agents available; will retry on subsequent port and subnet creation events.
2026-07-08 03:27:47.525 7 INFO neutron.plugins.ml2.drivers.ovn.mech_driver.mech_driver [None req-3b1f8dc1-acba-4ba8-9349-4fafde020a77 - - - - - -] OVN reports status down for port: b00ca636-ff0a-4a3a-92ad-c6c05e80c324
2026-07-08 03:27:47.543 8 INFO neutron.db.ovn_revision_numbers_db [None req-98b29a57-5d26-4d9e-92d6-e6448f316fe4 3998c81756974253ba8c88ab7810af6a 53bfa0ce60cf4c149d512c0e46b08144 - - default default] Successfully bumped revision number for resource b00ca636-ff0a-4a3a-92ad-c6c05e80c324 (type: ports) to 1
2026-07-08 03:27:47.580 7 WARNING neutron.scheduler.dhcp_agent_scheduler [None req-377f502d-28e8-4845-985d-bd77e0353f04 74e70fea555f4d7bb99bd387dfd91f47 e42b37dcb64e4abab8add870e986dd71 - - default default] No more DHCP agents
2026-07-08 03:27:47.582 7 WARNING neutron.api.rpc.agentnotifiers.dhcp_rpc_agent_api [None req-377f502d-28e8-4845-985d-bd77e0353f04 74e70fea555f4d7bb99bd387dfd91f47 e42b37dcb64e4abab8add870e986dd71 - - default default] Unable to schedule network 746d60a7-63a7-49a5-b7cd-19f0533761e1: no agents available; will retry on subsequent port and subnet creation events.
2026-07-08 03:27:47.666 7 INFO neutron.plugins.ml2.drivers.ovn.mech_driver.mech_driver [None req-3b1f8dc1-acba-4ba8-9349-4fafde020a77 - - - - - -] OVN reports status down for port: ec4fbb19-8def-43cf-b538-3727e1373e98
2026-07-08 03:27:47.708 7 INFO neutron.db.ovn_revision_numbers_db [None req-377f502d-28e8-4845-985d-bd77e0353f04 74e70fea555f4d7bb99bd387dfd91f47 e42b37dcb64e4abab8add870e986dd71 - - default default] Successfully bumped revision number for resource ec4fbb19-8def-43cf-b538-3727e1373e98 (type: ports) to 1 [pid: 7|app: 0|req: 1360/2520] 10.0.0.100 () {34 vars in 670 bytes} [Wed Jul 8 03:27:46 2026] POST /v2.0/networks => generated 632 bytes in 971 msecs (HTTP/1.1 201) 4 headers in 162 bytes (1 switches on core 0) [pid: 7|app: 0|req: 1361/2521] 10.0.0.100 () {32 vars in 774 bytes} [Wed Jul 8 03:27:47 2026] GET /v2.0/security-groups?tenant_id=e3621a03fbf640878e2b46272f797852&name=default => generated 2925 bytes in 180 msecs (HTTP/1.1 200) 4 headers in 158 bytes (1 switches on core 0)
2026-07-08 03:27:48.088 7 WARNING neutron.scheduler.dhcp_agent_scheduler [None req-3f9b0caa-6c36-4aeb-a1cf-d842473b28f7 74e70fea555f4d7bb99bd387dfd91f47 e42b37dcb64e4abab8add870e986dd71 - - default default] No more DHCP agents
2026-07-08 03:27:48.090 7 WARNING neutron.api.rpc.agentnotifiers.dhcp_rpc_agent_api [None req-3f9b0caa-6c36-4aeb-a1cf-d842473b28f7 74e70fea555f4d7bb99bd387dfd91f47 e42b37dcb64e4abab8add870e986dd71 - - default default] Unable to schedule network 746d60a7-63a7-49a5-b7cd-19f0533761e1: no agents available; will retry on subsequent port and subnet creation events.
2026-07-08 03:27:48.190 7 INFO neutron.plugins.ml2.drivers.ovn.mech_driver.mech_driver [None req-3b1f8dc1-acba-4ba8-9349-4fafde020a77 - - - - - -] OVN reports status up for port: b00ca636-ff0a-4a3a-92ad-c6c05e80c324
2026-07-08 03:27:48.217 7 INFO neutron.plugins.ml2.plugin [None req-3b1f8dc1-acba-4ba8-9349-4fafde020a77 - - - - - -] Attempt 1 to provision port b00ca636-ff0a-4a3a-92ad-c6c05e80c324
2026-07-08 03:27:48.261 8 WARNING neutron.scheduler.dhcp_agent_scheduler [None req-98b29a57-5d26-4d9e-92d6-e6448f316fe4 3998c81756974253ba8c88ab7810af6a 53bfa0ce60cf4c149d512c0e46b08144 - - default default] No more DHCP agents
2026-07-08 03:27:48.262 8 WARNING neutron.api.rpc.agentnotifiers.dhcp_rpc_agent_api [None req-98b29a57-5d26-4d9e-92d6-e6448f316fe4 3998c81756974253ba8c88ab7810af6a 53bfa0ce60cf4c149d512c0e46b08144 - - default default] Unable to schedule network 5f55908a-6648-4ffa-b812-e1daecd61937: no agents available; will retry on subsequent port and subnet creation events.
2026-07-08 03:27:48.615 8 INFO neutron.db.ovn_revision_numbers_db [None req-98b29a57-5d26-4d9e-92d6-e6448f316fe4 3998c81756974253ba8c88ab7810af6a 53bfa0ce60cf4c149d512c0e46b08144 - - default default] Successfully bumped revision number for resource b00ca636-ff0a-4a3a-92ad-c6c05e80c324 (type: router_ports) to 1 [pid: 8|app: 0|req: 1161/2522] 10.0.0.100 () {34 vars in 783 bytes} [Wed Jul 8 03:27:46 2026] PUT /v2.0/routers/f71f9354-e53b-4353-ad7a-c8ad86404ded/add_router_interface => generated 309 bytes in 1891 msecs (HTTP/1.1 200) 4 headers in 157 bytes (1 switches on core 0) [pid: 8|app: 0|req: 1162/2523] 10.0.0.100 () {32 vars in 740 bytes} [Wed Jul 8 03:27:48 2026] DELETE /v2.0/security-groups/1a4c99bd-b5bc-4469-9e11-6fef735670a0 => generated 0 bytes in 261 msecs (HTTP/1.1 204) 2 headers in 112 bytes (1 switches on core 0)
2026-07-08 03:27:49.033 7 INFO neutron.db.ovn_revision_numbers_db [None req-3b1f8dc1-acba-4ba8-9349-4fafde020a77 - - - - - -] Successfully bumped revision number for resource b00ca636-ff0a-4a3a-92ad-c6c05e80c324 (type: ports) to 2
2026-07-08 03:27:49.085 7 INFO neutron.db.ovn_revision_numbers_db [None req-6bff35c5-9e3f-4afe-847c-933bbb47cc0c - - - - - -] Successfully bumped revision number for resource ec4fbb19-8def-43cf-b538-3727e1373e98 (type: ports) to 2
2026-07-08 03:27:49.159 7 INFO neutron.db.ovn_revision_numbers_db [None req-6bff35c5-9e3f-4afe-847c-933bbb47cc0c - - - - - -] Successfully bumped revision number for resource d5f6f516-626f-4dd3-870a-1a7091c4aea0 (type: subnets) to 0 [pid: 7|app: 0|req: 1362/2524] 10.0.0.100 () {34 vars in 669 bytes} [Wed Jul 8 03:27:47 2026] POST /v2.0/subnets => generated 626 bytes in 1262 msecs (HTTP/1.1 201) 4 headers in 162 bytes (1 switches on core 0)
2026-07-08 03:27:49.336 7 INFO neutron.db.ovn_revision_numbers_db [None req-edb78a4a-ed00-4f0f-a841-497856d922fa fe2ee587406a46a6bebfdb2742b8895f 68acee13c73e4524aad9fd0419996d47 - - default default] Successfully bumped revision number for resource 35ec8538-8b57-4271-9fae-4804406e7b86 (type: security_groups) to 1
2026-07-08 03:27:49.350 7 INFO neutron.db.ovn_revision_numbers_db [None req-edb78a4a-ed00-4f0f-a841-497856d922fa fe2ee587406a46a6bebfdb2742b8895f 68acee13c73e4524aad9fd0419996d47 - - default default] Successfully bumped revision number for resource 407059ea-ae40-421c-be46-2a1737d91f3c (type: security_group_rules) to 0
2026-07-08 03:27:49.366 7 INFO neutron.db.ovn_revision_numbers_db [None req-edb78a4a-ed00-4f0f-a841-497856d922fa fe2ee587406a46a6bebfdb2742b8895f 68acee13c73e4524aad9fd0419996d47 - - default default] Successfully bumped revision number for resource 5f52054a-5bf7-4ccd-9e82-7200d9e571ed (type: security_group_rules) to 0
2026-07-08 03:27:49.378 7 INFO neutron.db.ovn_revision_numbers_db [None req-edb78a4a-ed00-4f0f-a841-497856d922fa fe2ee587406a46a6bebfdb2742b8895f 68acee13c73e4524aad9fd0419996d47 - - default default] Successfully bumped revision number for resource a102edf8-7e10-4721-a453-a835cb5ba468 (type: security_group_rules) to 0
2026-07-08 03:27:49.391 7 INFO neutron.db.ovn_revision_numbers_db [None req-edb78a4a-ed00-4f0f-a841-497856d922fa fe2ee587406a46a6bebfdb2742b8895f 68acee13c73e4524aad9fd0419996d47 - - default default] Successfully bumped revision number for resource cec49914-85e8-48db-bff8-8f8efcd5468f (type: security_group_rules) to 0 [pid: 7|app: 0|req: 1363/2525] 10.0.0.100 () {32 vars in 774 bytes} [Wed Jul 8 03:27:49 2026] GET /v2.0/security-groups?tenant_id=2d83b433acb24a7e97e47e8af01a0813&name=default => generated 2925 bytes in 248 msecs (HTTP/1.1 200) 4 headers in 158 bytes (1 switches on core 0)
2026-07-08 03:27:49.460 8 WARNING neutron.scheduler.dhcp_agent_scheduler [None req-dc8d5047-4c81-434b-a162-64c9f2146e2b - - - - - -] No more DHCP agents
2026-07-08 03:27:49.461 8 WARNING neutron.api.rpc.agentnotifiers.dhcp_rpc_agent_api [None req-dc8d5047-4c81-434b-a162-64c9f2146e2b - - - - - -] Unable to schedule network 7448a07d-38cf-4fd8-b92c-bf847ab081d7: no agents available; will retry on subsequent port and subnet creation events.
2026-07-08 03:27:49.518 7 INFO neutron.db.segments_db [None req-0fbca2d5-8b52-4111-b81a-d3dbbcb41506 74e70fea555f4d7bb99bd387dfd91f47 e42b37dcb64e4abab8add870e986dd71 - - default default] Added segment 435b45f2-e35b-4998-8818-2082d00b2d58 of type geneve for network d7dd0877-4840-4907-9f47-9fb6dd42c482
2026-07-08 03:27:49.633 8 INFO neutron.db.ovn_revision_numbers_db [None req-dc8d5047-4c81-434b-a162-64c9f2146e2b - - - - - -] Successfully bumped revision number for resource 908c53ad-b43c-4488-baac-9cb369361caf (type: ports) to 1
2026-07-08 03:27:49.869 8 INFO neutron.db.ovn_revision_numbers_db [None req-dc8d5047-4c81-434b-a162-64c9f2146e2b - - - - - -] Successfully bumped revision number for resource 908c53ad-b43c-4488-baac-9cb369361caf (type: ports) to 3
2026-07-08 03:27:49.955 8 INFO neutron.db.segments_db [None req-dc8d5047-4c81-434b-a162-64c9f2146e2b - - - - - -] Added segment e027d0b8-7708-4f8d-8fc0-57cb99c523aa of type geneve for network 6a1ef03f-318c-4587-a3dd-9ce5d1286413
2026-07-08 03:27:50.086 8 INFO neutron.db.ovn_revision_numbers_db [None req-f123263e-8adf-4af6-9f21-00a5fe14bab6 - - - - - -] Successfully bumped revision number for resource 6a1ef03f-318c-4587-a3dd-9ce5d1286413 (type: networks) to 1
2026-07-08 03:27:50.257 7 INFO neutron.db.ovn_revision_numbers_db [None req-0fbca2d5-8b52-4111-b81a-d3dbbcb41506 74e70fea555f4d7bb99bd387dfd91f47 e42b37dcb64e4abab8add870e986dd71 - - default default] Successfully bumped revision number for resource d7dd0877-4840-4907-9f47-9fb6dd42c482 (type: networks) to 1
2026-07-08 03:27:50.285 8 WARNING neutron.scheduler.dhcp_agent_scheduler [None req-f123263e-8adf-4af6-9f21-00a5fe14bab6 - - - - - -] No more DHCP agents
2026-07-08 03:27:50.286 8 WARNING neutron.api.rpc.agentnotifiers.dhcp_rpc_agent_api [None req-f123263e-8adf-4af6-9f21-00a5fe14bab6 - - - - - -] Unable to schedule network 6a1ef03f-318c-4587-a3dd-9ce5d1286413: no agents available; will retry on subsequent port and subnet creation events.
2026-07-08 03:27:50.386 8 INFO neutron.db.ovn_revision_numbers_db [None req-f123263e-8adf-4af6-9f21-00a5fe14bab6 - - - - - -] Successfully bumped revision number for resource cf9b59d1-e163-4475-80ad-9e7c3dcf5900 (type: ports) to 1
2026-07-08 03:27:50.478 7 WARNING neutron.scheduler.dhcp_agent_scheduler [None req-0fbca2d5-8b52-4111-b81a-d3dbbcb41506 74e70fea555f4d7bb99bd387dfd91f47 e42b37dcb64e4abab8add870e986dd71 - - default default] No more DHCP agents
2026-07-08 03:27:50.480 7 WARNING neutron.api.rpc.agentnotifiers.dhcp_rpc_agent_api [None req-0fbca2d5-8b52-4111-b81a-d3dbbcb41506 74e70fea555f4d7bb99bd387dfd91f47 e42b37dcb64e4abab8add870e986dd71 - - default default] Unable to schedule network d7dd0877-4840-4907-9f47-9fb6dd42c482: no agents available; will retry on subsequent port and subnet creation events.
2026-07-08 03:27:50.488 8 WARNING neutron.scheduler.dhcp_agent_scheduler [None req-f123263e-8adf-4af6-9f21-00a5fe14bab6 - - - - - -] No more DHCP agents
2026-07-08 03:27:50.489 8 WARNING neutron.api.rpc.agentnotifiers.dhcp_rpc_agent_api [None req-f123263e-8adf-4af6-9f21-00a5fe14bab6 - - - - - -] Unable to schedule network 6a1ef03f-318c-4587-a3dd-9ce5d1286413: no agents available; will retry on subsequent port and subnet creation events.
2026-07-08 03:27:50.515 8 INFO neutron.db.ovn_revision_numbers_db [None req-f123263e-8adf-4af6-9f21-00a5fe14bab6 - - - - - -] Successfully bumped revision number for resource 5aa669a0-470c-4727-a826-e259d7bf5c76 (type: subnets) to 0
2026-07-08 03:27:50.577 7 INFO neutron.db.ovn_revision_numbers_db [None req-0fbca2d5-8b52-4111-b81a-d3dbbcb41506 74e70fea555f4d7bb99bd387dfd91f47 e42b37dcb64e4abab8add870e986dd71 - - default default] Successfully bumped revision number for resource b248ff67-c32c-4b09-935c-3816119cfdee (type: ports) to 1 [pid: 7|app: 0|req: 1364/2526] 10.0.0.100 () {34 vars in 670 bytes} [Wed Jul 8 03:27:49 2026] POST /v2.0/networks => generated 631 bytes in 1176 msecs (HTTP/1.1 201) 4 headers in 162 bytes (1 switches on core 0) [pid: 7|app: 0|req: 1365/2527] 10.0.0.100 () {32 vars in 740 bytes} [Wed Jul 8 03:27:50 2026] DELETE /v2.0/security-groups/35ec8538-8b57-4271-9fae-4804406e7b86 => generated 0 bytes in 242 msecs (HTTP/1.1 204) 2 headers in 112 bytes (1 switches on core 0)
2026-07-08 03:27:50.988 8 WARNING neutron.scheduler.dhcp_agent_scheduler [None req-f123263e-8adf-4af6-9f21-00a5fe14bab6 - - - - - -] No more DHCP agents
2026-07-08 03:27:50.989 8 WARNING neutron.api.rpc.agentnotifiers.dhcp_rpc_agent_api [None req-f123263e-8adf-4af6-9f21-00a5fe14bab6 - - - - - -] Unable to schedule network 6a1ef03f-318c-4587-a3dd-9ce5d1286413: no agents available; will retry on subsequent port and subnet creation events.
2026-07-08 03:27:51.038 7 WARNING neutron.scheduler.dhcp_agent_scheduler [None req-d2fc7298-2e79-4103-bfac-d8848f51c787 74e70fea555f4d7bb99bd387dfd91f47 e42b37dcb64e4abab8add870e986dd71 - - default default] No more DHCP agents
2026-07-08 03:27:51.039 7 WARNING neutron.api.rpc.agentnotifiers.dhcp_rpc_agent_api [None req-d2fc7298-2e79-4103-bfac-d8848f51c787 74e70fea555f4d7bb99bd387dfd91f47 e42b37dcb64e4abab8add870e986dd71 - - default default] Unable to schedule network d7dd0877-4840-4907-9f47-9fb6dd42c482: no agents available; will retry on subsequent port and subnet creation events.
2026-07-08 03:27:51.128 8 INFO neutron.db.ovn_revision_numbers_db [None req-f123263e-8adf-4af6-9f21-00a5fe14bab6 - - - - - -] Successfully bumped revision number for resource fa80e2dc-dc1d-4dd9-9ac6-70e1c843fe00 (type: ports) to 1
2026-07-08 03:27:51.501 7 INFO neutron.db.ovn_revision_numbers_db [None req-4deb33f8-1b96-465e-948f-d7d9fb0ddd4f - - - - - -] Successfully bumped revision number for resource b248ff67-c32c-4b09-935c-3816119cfdee (type: ports) to 2
2026-07-08 03:27:51.526 7 INFO neutron.db.ovn_revision_numbers_db [None req-4deb33f8-1b96-465e-948f-d7d9fb0ddd4f - - - - - -] Successfully bumped revision number for resource 793ba891-bac0-449c-b8b6-2135da74f5d8 (type: subnets) to 0 [pid: 7|app: 0|req: 1366/2528] 10.0.0.100 () {34 vars in 669 bytes} [Wed Jul 8 03:27:50 2026] POST /v2.0/subnets => generated 629 bytes in 691 msecs (HTTP/1.1 201) 4 headers in 162 bytes (1 switches on core 0)
2026-07-08 03:27:51.634 7 INFO neutron.db.segments_db [None req-a7e590d8-419c-4360-8d18-e344652907ff 74e70fea555f4d7bb99bd387dfd91f47 e42b37dcb64e4abab8add870e986dd71 - - default default] Added segment 89b333be-48dc-45dc-b9e0-32008a95981a of type geneve for network 4dcc3d5e-c57f-4d31-b7ff-634eb78dd226
2026-07-08 03:27:51.747 7 INFO neutron.db.ovn_revision_numbers_db [None req-a7e590d8-419c-4360-8d18-e344652907ff 74e70fea555f4d7bb99bd387dfd91f47 e42b37dcb64e4abab8add870e986dd71 - - default default] Successfully bumped revision number for resource 4dcc3d5e-c57f-4d31-b7ff-634eb78dd226 (type: networks) to 1
2026-07-08 03:27:51.836 8 WARNING neutron.scheduler.dhcp_agent_scheduler [None req-f123263e-8adf-4af6-9f21-00a5fe14bab6 - - - - - -] No more DHCP agents
2026-07-08 03:27:51.838 8 WARNING neutron.api.rpc.agentnotifiers.dhcp_rpc_agent_api [None req-f123263e-8adf-4af6-9f21-00a5fe14bab6 - - - - - -] Unable to schedule network 6a1ef03f-318c-4587-a3dd-9ce5d1286413: no agents available; will retry on subsequent port and subnet creation events.
2026-07-08 03:27:51.957 7 WARNING neutron.scheduler.dhcp_agent_scheduler [None req-a7e590d8-419c-4360-8d18-e344652907ff 74e70fea555f4d7bb99bd387dfd91f47 e42b37dcb64e4abab8add870e986dd71 - - default default] No more DHCP agents
2026-07-08 03:27:51.959 7 WARNING neutron.api.rpc.agentnotifiers.dhcp_rpc_agent_api [None req-a7e590d8-419c-4360-8d18-e344652907ff 74e70fea555f4d7bb99bd387dfd91f47 e42b37dcb64e4abab8add870e986dd71 - - default default] Unable to schedule network 4dcc3d5e-c57f-4d31-b7ff-634eb78dd226: no agents available; will retry on subsequent port and subnet creation events.
2026-07-08 03:27:52.061 7 INFO neutron.db.ovn_revision_numbers_db [None req-a7e590d8-419c-4360-8d18-e344652907ff 74e70fea555f4d7bb99bd387dfd91f47 e42b37dcb64e4abab8add870e986dd71 - - default default] Successfully bumped revision number for resource 275e1386-8f1f-4b8a-bea2-8ba804a04381 (type: ports) to 1 [pid: 7|app: 0|req: 1367/2529] 10.0.0.100 () {34 vars in 670 bytes} [Wed Jul 8 03:27:51 2026] POST /v2.0/networks => generated 631 bytes in 545 msecs (HTTP/1.1 201) 4 headers in 162 bytes (1 switches on core 0)
2026-07-08 03:27:52.280 7 WARNING neutron.scheduler.dhcp_agent_scheduler [None req-21241a2d-3aa0-4c10-b662-be89b0b01e36 74e70fea555f4d7bb99bd387dfd91f47 e42b37dcb64e4abab8add870e986dd71 - - default default] No more DHCP agents
2026-07-08 03:27:52.282 7 WARNING neutron.api.rpc.agentnotifiers.dhcp_rpc_agent_api [None req-21241a2d-3aa0-4c10-b662-be89b0b01e36 74e70fea555f4d7bb99bd387dfd91f47 e42b37dcb64e4abab8add870e986dd71 - - default default] Unable to schedule network 4dcc3d5e-c57f-4d31-b7ff-634eb78dd226: no agents available; will retry on subsequent port and subnet creation events.
2026-07-08 03:27:52.332 8 WARNING neutron.plugins.ml2.drivers.ovn.mech_driver.ovsdb.ovn_client [None req-73224062-30ae-46f6-bfe2-8639d6ec8db1 - - - - - -] No hosting information found for port 1e4ba38a-d23d-47cf-affd-cbb36180fcfb: RuntimeError: No hosting information found for port 1e4ba38a-d23d-47cf-affd-cbb36180fcfb
2026-07-08 03:27:52.409 8 INFO neutron.db.ovn_revision_numbers_db [None req-f123263e-8adf-4af6-9f21-00a5fe14bab6 - - - - - -] Successfully bumped revision number for resource fa80e2dc-dc1d-4dd9-9ac6-70e1c843fe00 (type: router_ports) to 1
2026-07-08 03:27:52.495 8 INFO neutron.db.ovn_revision_numbers_db [None req-73224062-30ae-46f6-bfe2-8639d6ec8db1 - - - - - -] Successfully bumped revision number for resource 1e4ba38a-d23d-47cf-affd-cbb36180fcfb (type: router_ports) to 2
2026-07-08 03:27:52.584 8 INFO neutron.plugins.ml2.drivers.ovn.mech_driver.mech_driver [None req-73224062-30ae-46f6-bfe2-8639d6ec8db1 - - - - - -] OVN reports status down for port: 879fa742-708d-4c66-b221-ddf997fedd7a
2026-07-08 03:27:52.723 8 INFO neutron.plugins.ml2.drivers.ovn.mech_driver.mech_driver [None req-73224062-30ae-46f6-bfe2-8639d6ec8db1 - - - - - -] OVN reports status down for port: 6c0e8058-981f-473d-8a78-ba77761f255c
2026-07-08 03:27:52.818 8 WARNING neutron.scheduler.dhcp_agent_scheduler [None req-f123263e-8adf-4af6-9f21-00a5fe14bab6 - - - - - -] No more DHCP agents
2026-07-08 03:27:52.826 8 WARNING neutron.api.rpc.agentnotifiers.dhcp_rpc_agent_api [None req-f123263e-8adf-4af6-9f21-00a5fe14bab6 - - - - - -] Unable to schedule network 6a1ef03f-318c-4587-a3dd-9ce5d1286413: no agents available; will retry on subsequent port and subnet creation events.
2026-07-08 03:27:52.844 7 INFO neutron.db.ovn_revision_numbers_db [None req-4b7e0915-a9be-4086-9ace-a32a7474c920 - - - - - -] Successfully bumped revision number for resource 275e1386-8f1f-4b8a-bea2-8ba804a04381 (type: ports) to 2
2026-07-08 03:27:52.853 8 INFO neutron.plugins.ml2.drivers.ovn.mech_driver.mech_driver [None req-73224062-30ae-46f6-bfe2-8639d6ec8db1 - - - - - -] OVN reports status down for port: 8e9b05a3-b93c-4c61-9f6f-17b9d2a06a2c
2026-07-08 03:27:52.877 7 INFO neutron.db.ovn_revision_numbers_db [None req-4b7e0915-a9be-4086-9ace-a32a7474c920 - - - - - -] Successfully bumped revision number for resource 609414a3-3d20-41a7-ac64-d1424897b6f1 (type: subnets) to 0 [pid: 7|app: 0|req: 1368/2530] 10.0.0.100 () {34 vars in 669 bytes} [Wed Jul 8 03:27:52 2026] POST /v2.0/subnets => generated 629 bytes in 799 msecs (HTTP/1.1 201) 4 headers in 162 bytes (1 switches on core 0)
2026-07-08 03:27:52.945 8 WARNING neutron.plugins.ml2.drivers.ovn.mech_driver.ovsdb.ovn_client [None req-73224062-30ae-46f6-bfe2-8639d6ec8db1 - - - - - -] Logical_Switch_Port 8e9b05a3-b93c-4c61-9f6f-17b9d2a06a2c host information not removed, the port state is up
2026-07-08 03:27:52.947 8 INFO neutron.plugins.ml2.drivers.ovn.mech_driver.mech_driver [None req-73224062-30ae-46f6-bfe2-8639d6ec8db1 - - - - - -] OVN reports status up for port: 8e9b05a3-b93c-4c61-9f6f-17b9d2a06a2c
2026-07-08 03:27:52.961 8 INFO neutron.plugins.ml2.plugin [None req-73224062-30ae-46f6-bfe2-8639d6ec8db1 - - - - - -] Attempt 1 to provision port 8e9b05a3-b93c-4c61-9f6f-17b9d2a06a2c
2026-07-08 03:27:52.998 7 INFO neutron.db.segments_db [None req-13056e63-64f6-45b6-a4a3-db67cbfb5b7c 74e70fea555f4d7bb99bd387dfd91f47 e42b37dcb64e4abab8add870e986dd71 - - default default] Added segment 222745aa-7f03-4d51-9ca2-17b346b2b6b2 of type geneve for network 8c37bbdc-ac66-4a3c-885b-799567c284fe
2026-07-08 03:27:53.045 8 INFO neutron.db.ovn_revision_numbers_db [None req-f123263e-8adf-4af6-9f21-00a5fe14bab6 - - - - - -] Successfully bumped revision number for resource a21ba694-86a0-4082-9c19-98c1dcc27dd9 (type: ports) to 1
2026-07-08 03:27:53.101 7 INFO neutron.db.ovn_revision_numbers_db [None req-13056e63-64f6-45b6-a4a3-db67cbfb5b7c 74e70fea555f4d7bb99bd387dfd91f47 e42b37dcb64e4abab8add870e986dd71 - - default default] Successfully bumped revision number for resource 8c37bbdc-ac66-4a3c-885b-799567c284fe (type: networks) to 1
2026-07-08 03:27:53.269 7 WARNING neutron.scheduler.dhcp_agent_scheduler [None req-13056e63-64f6-45b6-a4a3-db67cbfb5b7c 74e70fea555f4d7bb99bd387dfd91f47 e42b37dcb64e4abab8add870e986dd71 - - default default] No more DHCP agents
2026-07-08 03:27:53.270 7 WARNING neutron.api.rpc.agentnotifiers.dhcp_rpc_agent_api [None req-13056e63-64f6-45b6-a4a3-db67cbfb5b7c 74e70fea555f4d7bb99bd387dfd91f47 e42b37dcb64e4abab8add870e986dd71 - - default default] Unable to schedule network 8c37bbdc-ac66-4a3c-885b-799567c284fe: no agents available; will retry on subsequent port and subnet creation events.
2026-07-08 03:27:53.324 8 INFO neutron.db.ovn_revision_numbers_db [None req-f123263e-8adf-4af6-9f21-00a5fe14bab6 - - - - - -] Successfully bumped revision number for resource a21ba694-86a0-4082-9c19-98c1dcc27dd9 (type: ports) to 3
2026-07-08 03:27:53.416 7 INFO neutron.db.ovn_revision_numbers_db [None req-13056e63-64f6-45b6-a4a3-db67cbfb5b7c 74e70fea555f4d7bb99bd387dfd91f47 e42b37dcb64e4abab8add870e986dd71 - - default default] Successfully bumped revision number for resource ef6dc27f-220e-4564-aa35-1370206b8e45 (type: ports) to 1 [pid: 7|app: 0|req: 1369/2531] 10.0.0.100 () {34 vars in 670 bytes} [Wed Jul 8 03:27:52 2026] POST /v2.0/networks => generated 632 bytes in 543 msecs (HTTP/1.1 201) 4 headers in 162 bytes (1 switches on core 0) [pid: 8|app: 0|req: 1163/2532] 10.0.0.100 () {34 vars in 685 bytes} [Wed Jul 8 03:27:48 2026] POST /v2.0/vpn/vpnservices => generated 458 bytes in 4684 msecs (HTTP/1.1 201) 4 headers in 162 bytes (1 switches on core 0) [pid: 8|app: 0|req: 1164/2533] 10.0.0.100 () {32 vars in 663 bytes} [Wed Jul 8 03:27:53 2026] GET /v2.0/vpn/vpnservices => generated 1314 bytes in 13 msecs (HTTP/1.1 200) 4 headers in 158 bytes (1 switches on core 0)
2026-07-08 03:27:53.638 7 WARNING neutron.scheduler.dhcp_agent_scheduler [None req-3dde1d9d-da8a-4170-aadf-b2115f4c4bca 74e70fea555f4d7bb99bd387dfd91f47 e42b37dcb64e4abab8add870e986dd71 - - default default] No more DHCP agents
2026-07-08 03:27:53.639 7 WARNING neutron.api.rpc.agentnotifiers.dhcp_rpc_agent_api [None req-3dde1d9d-da8a-4170-aadf-b2115f4c4bca 74e70fea555f4d7bb99bd387dfd91f47 e42b37dcb64e4abab8add870e986dd71 - - default default] Unable to schedule network 8c37bbdc-ac66-4a3c-885b-799567c284fe: no agents available; will retry on subsequent port and subnet creation events.
2026-07-08 03:27:53.857 8 INFO neutron_taas.services.taas.taas_plugin [None req-f5e51a14-5dc8-41e0-a7bb-dd5f3b3422b4 a20e5d17b4534ac79633d43103e210b3 dedb2a74f1df485db301e6c783372fa0 - - default default] TaaS: Handle Delete Port: 908c53ad-b43c-4488-baac-9cb369361caf
2026-07-08 03:27:53.876 8 INFO neutron_taas.services.taas.tap_mirror_plugin [None req-f5e51a14-5dc8-41e0-a7bb-dd5f3b3422b4 a20e5d17b4534ac79633d43103e210b3 dedb2a74f1df485db301e6c783372fa0 - - default default] Tap Mirror: Handle Delete Port: 908c53ad-b43c-4488-baac-9cb369361caf
2026-07-08 03:27:53.936 7 WARNING neutron.plugins.ml2.drivers.ovn.mech_driver.ovsdb.ovn_client [None req-d495b3b7-1351-4ee4-b39b-4ada9b399da3 - - - - - -] No hosting information found for port b00ca636-ff0a-4a3a-92ad-c6c05e80c324: RuntimeError: No hosting information found for port b00ca636-ff0a-4a3a-92ad-c6c05e80c324
2026-07-08 03:27:54.089 7 INFO neutron.db.ovn_revision_numbers_db [None req-d495b3b7-1351-4ee4-b39b-4ada9b399da3 - - - - - -] Successfully bumped revision number for resource b00ca636-ff0a-4a3a-92ad-c6c05e80c324 (type: router_ports) to 2
2026-07-08 03:27:54.155 8 INFO neutron_taas.services.taas.taas_plugin [None req-b7db438f-5501-4256-88a0-e25f9c497656 - - - - - -] TaaS: Handle Delete Port: a21ba694-86a0-4082-9c19-98c1dcc27dd9
2026-07-08 03:27:54.159 8 INFO neutron_taas.services.taas.tap_mirror_plugin [None req-b7db438f-5501-4256-88a0-e25f9c497656 - - - - - -] Tap Mirror: Handle Delete Port: a21ba694-86a0-4082-9c19-98c1dcc27dd9
2026-07-08 03:27:54.175 7 INFO neutron.plugins.ml2.drivers.ovn.mech_driver.mech_driver [None req-d495b3b7-1351-4ee4-b39b-4ada9b399da3 - - - - - -] OVN reports status down for port: cf9b59d1-e163-4475-80ad-9e7c3dcf5900
2026-07-08 03:27:54.300 7 INFO neutron.plugins.ml2.drivers.ovn.mech_driver.mech_driver [None req-d495b3b7-1351-4ee4-b39b-4ada9b399da3 - - - - - -] OVN reports status down for port: fa80e2dc-dc1d-4dd9-9ac6-70e1c843fe00
2026-07-08 03:27:54.315 7 INFO neutron.db.ovn_revision_numbers_db [None req-ecde50fc-fe48-47d8-831c-a6542bb0a7c1 - - - - - -] Successfully bumped revision number for resource ef6dc27f-220e-4564-aa35-1370206b8e45 (type: ports) to 2
