Jun 18 00:37:57.356764 np0000181684 devstack@neutron-api.service[107397]: DEBUG neutron_lib.callbacks.manager [None req-31f29d2a-b4d2-4fa1-80a6-2b7fbe27198d admin admin] Publish callbacks ['neutron.objects.securitygroup.RbacNeutronDbObjectMixin.validate_rbac_policy_change-1892904878472', 'neutron.objects.address_group.RbacNeutronDbObjectMixin.validate_rbac_policy_change-1892904902393', 'neutron.objects.network.RbacNeutronDbObjectMixin.validate_rbac_policy_change-1892904916741', 'neutron.objects.qos.policy.RbacNeutronDbObjectMixin.validate_rbac_policy_change-1892904919040', 'neutron.objects.subnetpool.RbacNeutronDbObjectMixin.validate_rbac_policy_change-1892904936784', 'neutron.objects.address_scope.RbacNeutronDbObjectMixin.validate_rbac_policy_change-1892904937997', 'neutron.plugins.ml2.plugin.External_net_db_mixin._process_ext_policy_create-37695', 'neutron.plugins.ml2.plugin.NeutronDbPluginV2.validate_network_rbac_policy_change-145375'] for rbac-policy (None), before_create {{(pid=107397) _notify_loop /opt/stack/data/venv/lib/python3.12/site-packages/neutron_lib/callbacks/manager.py:184}}
Jun 18 00:37:57.412922 np0000181684 devstack@neutron-api.service[107397]: DEBUG neutron_lib.callbacks.manager [None req-31f29d2a-b4d2-4fa1-80a6-2b7fbe27198d admin admin] Publish callbacks [] for subnetpool (None), before_response {{(pid=107397) _notify_loop /opt/stack/data/venv/lib/python3.12/site-packages/neutron_lib/callbacks/manager.py:184}}
Jun 18 00:37:57.414138 np0000181684 devstack@neutron-api.service[107397]: [pid: 107397|app: 0|req: 1/3] 199.204.45.216 () {68 vars in 1367 bytes} [Thu Jun 18 00:37:56 2026] POST /networking/v2.0/subnetpools => generated 533 bytes in 546 msecs (HTTP/1.1 201) 4 headers in 162 bytes (1 switches on core 0)
Jun 18 00:37:57.770910 np0000181684 devstack@neutron-api.service[107396]: DEBUG neutron.api.v2.base [None req-03835d30-47b7-43c7-af24-49e5c62fc3c9 admin admin] Request body: {'subnetpool': {'prefixes': ['fdf0:58c0:e9e3::/56'], 'shared': True, 'is_default': True, 'default_prefixlen': 64, 'name': 'shared-default-subnetpool-v6'}} {{(pid=107396) prepare_request_body /opt/stack/neutron/neutron/api/v2/base.py:727}}
Jun 18 00:37:57.952586 np0000181684 devstack@neutron-api.service[107396]: DEBUG neutron.policy [None req-03835d30-47b7-43c7-af24-49e5c62fc3c9 admin admin] Loaded default policies from ['neutron'] under neutron.policies entry points {{(pid=107396) register_rules /opt/stack/neutron/neutron/policy.py:65}}
Jun 18 00:37:58.113154 np0000181684 devstack@neutron-api.service[107396]: DEBUG neutron_lib.callbacks.manager [None req-03835d30-47b7-43c7-af24-49e5c62fc3c9 admin admin] Publish callbacks ['neutron.objects.securitygroup.RbacNeutronDbObjectMixin.validate_rbac_policy_change-1892904878543', 'neutron.objects.address_group.RbacNeutronDbObjectMixin.validate_rbac_policy_change-1892904902204', 'neutron.objects.network.RbacNeutronDbObjectMixin.validate_rbac_policy_change-1892904916792', 'neutron.objects.qos.policy.RbacNeutronDbObjectMixin.validate_rbac_policy_change-1892904919111', 'neutron.objects.subnetpool.RbacNeutronDbObjectMixin.validate_rbac_policy_change-1892904936599', 'neutron.objects.address_scope.RbacNeutronDbObjectMixin.validate_rbac_policy_change-1892904938048', 'neutron.plugins.ml2.plugin.External_net_db_mixin._process_ext_policy_create-7353663', 'neutron.plugins.ml2.plugin.NeutronDbPluginV2.validate_network_rbac_policy_change-7372113'] for rbac-policy (None), before_create {{(pid=107396) _notify_loop /opt/stack/data/venv/lib/python3.12/site-packages/neutron_lib/callbacks/manager.py:184}}
Jun 18 00:37:58.167774 np0000181684 devstack@neutron-api.service[107396]: DEBUG neutron_lib.callbacks.manager [None req-03835d30-47b7-43c7-af24-49e5c62fc3c9 admin admin] Publish callbacks [] for subnetpool (None), before_response {{(pid=107396) _notify_loop /opt/stack/data/venv/lib/python3.12/site-packages/neutron_lib/callbacks/manager.py:184}}
Jun 18 00:37:58.168875 np0000181684 devstack@neutron-api.service[107396]: [pid: 107396|app: 0|req: 1/4] 199.204.45.216 () {68 vars in 1367 bytes} [Thu Jun 18 00:37:57 2026] POST /networking/v2.0/subnetpools => generated 543 bytes in 528 msecs (HTTP/1.1 201) 4 headers in 162 bytes (1 switches on core 0)
Jun 18 00:37:58.602883 np0000181684 devstack@neutron-api.service[107395]: DEBUG neutron.api.v2.base [None req-66a728a6-ea73-4c68-8a54-86245755e58f admin admin] Request body: {'network': {'admin_state_up': True, 'name': 'private'}} {{(pid=107395) prepare_request_body /opt/stack/neutron/neutron/api/v2/base.py:727}}
Jun 18 00:37:58.638181 np0000181684 devstack@neutron-api.service[107395]: DEBUG neutron.pecan_wsgi.hooks.quota_enforcement [None req-66a728a6-ea73-4c68-8a54-86245755e58f admin admin] Made reservation on behalf of b7b2042cd6e8409c9fc042ff36f37792 for: {'network': 1} {{(pid=107395) before /opt/stack/neutron/neutron/pecan_wsgi/hooks/quota_enforcement.py:66}}
Jun 18 00:37:58.817405 np0000181684 devstack@neutron-api.service[107395]: DEBUG neutron.policy [None req-66a728a6-ea73-4c68-8a54-86245755e58f admin admin] Loaded default policies from ['neutron'] under neutron.policies entry points {{(pid=107395) register_rules /opt/stack/neutron/neutron/policy.py:65}}
Jun 18 00:37:58.923997 np0000181684 devstack@neutron-api.service[107395]: DEBUG neutron_lib.callbacks.manager [None req-66a728a6-ea73-4c68-8a54-86245755e58f admin admin] Publish callbacks ['neutron.plugins.ml2.plugin.SecurityGroupDbMixin._ensure_default_security_group_handler-7418756'] for network (None), before_create {{(pid=107395) _notify_loop /opt/stack/data/venv/lib/python3.12/site-packages/neutron_lib/callbacks/manager.py:184}}
Jun 18 00:37:58.943518 np0000181684 devstack@neutron-api.service[107395]: DEBUG neutron_lib.callbacks.manager [None req-66a728a6-ea73-4c68-8a54-86245755e58f admin admin] Publish callbacks [] for security_group (None), before_create {{(pid=107395) _notify_loop /opt/stack/data/venv/lib/python3.12/site-packages/neutron_lib/callbacks/manager.py:184}}
Jun 18 00:37:59.042016 np0000181684 devstack@neutron-api.service[107395]: DEBUG neutron_lib.callbacks.manager [None req-66a728a6-ea73-4c68-8a54-86245755e58f admin admin] Publish callbacks ['neutron.plugins.ml2.drivers.ovn.mech_driver.mech_driver.OVNMechanismDriver._create_security_group_precommit-883976'] for security_group (06eba9cf-7f52-4cab-87da-908b8a31dd5c), precommit_create {{(pid=107395) _notify_loop /opt/stack/data/venv/lib/python3.12/site-packages/neutron_lib/callbacks/manager.py:184}}
Jun 18 00:37:59.042367 np0000181684 devstack@neutron-api.service[107395]: DEBUG neutron.db.ovn_revision_numbers_db [None req-66a728a6-ea73-4c68-8a54-86245755e58f admin admin] create_initial_revision uuid=06eba9cf-7f52-4cab-87da-908b8a31dd5c, type=security_groups, rev=-1 {{(pid=107395) create_initial_revision /opt/stack/neutron/neutron/db/ovn_revision_numbers_db.py:98}}
Jun 18 00:37:59.044734 np0000181684 devstack@neutron-api.service[107395]: DEBUG neutron.db.ovn_revision_numbers_db [None req-66a728a6-ea73-4c68-8a54-86245755e58f admin admin] create_initial_revision uuid=a9628daf-af52-463b-a66f-bc76442c2de6, type=security_group_rules, rev=-1 {{(pid=107395) create_initial_revision /opt/stack/neutron/neutron/db/ovn_revision_numbers_db.py:98}}
Jun 18 00:37:59.045832 np0000181684 devstack@neutron-api.service[107395]: DEBUG neutron.db.ovn_revision_numbers_db [None req-66a728a6-ea73-4c68-8a54-86245755e58f admin admin] create_initial_revision uuid=d718278d-0ee2-4864-98eb-6182cabbe243, type=security_group_rules, rev=-1 {{(pid=107395) create_initial_revision /opt/stack/neutron/neutron/db/ovn_revision_numbers_db.py:98}}
Jun 18 00:37:59.046986 np0000181684 devstack@neutron-api.service[107395]: DEBUG neutron.db.ovn_revision_numbers_db [None req-66a728a6-ea73-4c68-8a54-86245755e58f admin admin] create_initial_revision uuid=e13b2b24-278b-4447-aba7-579b0c81e013, type=security_group_rules, rev=-1 {{(pid=107395) create_initial_revision /opt/stack/neutron/neutron/db/ovn_revision_numbers_db.py:98}}
Jun 18 00:37:59.048104 np0000181684 devstack@neutron-api.service[107395]: DEBUG neutron.db.ovn_revision_numbers_db [None req-66a728a6-ea73-4c68-8a54-86245755e58f admin admin] create_initial_revision uuid=e2b3c532-ae88-4b1a-94e6-e35cb70755a4, type=security_group_rules, rev=-1 {{(pid=107395) create_initial_revision /opt/stack/neutron/neutron/db/ovn_revision_numbers_db.py:98}}
Jun 18 00:37:59.054868 np0000181684 devstack@neutron-api.service[107395]: DEBUG neutron_lib.callbacks.manager [None req-66a728a6-ea73-4c68-8a54-86245755e58f admin admin] Publish callbacks ['neutron.plugins.ml2.drivers.ovn.mech_driver.mech_driver.OVNMechanismDriver._create_security_group-883970', 'neutron.plugins.ml2.ovo_rpc._ObjectChangeHandler.handle_event-2204479'] for security_group (06eba9cf-7f52-4cab-87da-908b8a31dd5c), after_create {{(pid=107395) _notify_loop /opt/stack/data/venv/lib/python3.12/site-packages/neutron_lib/callbacks/manager.py:184}}
Jun 18 00:37:59.056180 np0000181684 devstack@neutron-api.service[107395]: DEBUG ovsdbapp.backend.ovs_idl.transaction [-] Running txn n=1 command(idx=0): PgAddCommand(_result=None, name=pg_06eba9cf_7f52_4cab_87da_908b8a31dd5c, may_exist=False, columns={'acls': [], 'external_ids': {'neutron:security_group_id': '06eba9cf-7f52-4cab-87da-908b8a31dd5c'}}) {{(pid=107395) do_commit /opt/stack/data/venv/lib/python3.12/site-packages/ovsdbapp/backend/ovs_idl/transaction.py:89}}
Jun 18 00:37:59.057959 np0000181684 devstack@neutron-api.service[107395]: DEBUG ovsdbapp.backend.ovs_idl.transaction [-] Running txn n=1 command(idx=1): PgAclAddCommand(_result=None, entity=pg_06eba9cf_7f52_4cab_87da_908b8a31dd5c, direction=to-lport, priority=1002, match=outport == @pg_06eba9cf_7f52_4cab_87da_908b8a31dd5c && ip6 && ip6.src == $pg_06eba9cf_7f52_4cab_87da_908b8a31dd5c_ip6, action=allow-related, log=False, may_exist=True, severity=[], name=[], meter=[], external_ids={'neutron:security_group_rule_id': 'a9628daf-af52-463b-a66f-bc76442c2de6'}) {{(pid=107395) do_commit /opt/stack/data/venv/lib/python3.12/site-packages/ovsdbapp/backend/ovs_idl/transaction.py:89}}
Jun 18 00:37:59.058397 np0000181684 devstack@neutron-api.service[107395]: DEBUG ovsdbapp.backend.ovs_idl.transaction [-] Running txn n=1 command(idx=2): PgAclAddCommand(_result=None, entity=pg_06eba9cf_7f52_4cab_87da_908b8a31dd5c, direction=to-lport, priority=1002, match=outport == @pg_06eba9cf_7f52_4cab_87da_908b8a31dd5c && ip4 && ip4.src == $pg_06eba9cf_7f52_4cab_87da_908b8a31dd5c_ip4, action=allow-related, log=False, may_exist=True, severity=[], name=[], meter=[], external_ids={'neutron:security_group_rule_id': 'd718278d-0ee2-4864-98eb-6182cabbe243'}) {{(pid=107395) do_commit /opt/stack/data/venv/lib/python3.12/site-packages/ovsdbapp/backend/ovs_idl/transaction.py:89}}
Jun 18 00:37:59.058758 np0000181684 devstack@neutron-api.service[107395]: DEBUG ovsdbapp.backend.ovs_idl.transaction [-] Running txn n=1 command(idx=3): PgAclAddCommand(_result=None, entity=pg_06eba9cf_7f52_4cab_87da_908b8a31dd5c, direction=from-lport, priority=1002, match=inport == @pg_06eba9cf_7f52_4cab_87da_908b8a31dd5c && ip4, action=allow-related, log=False, may_exist=True, severity=[], name=[], meter=[], external_ids={'neutron:security_group_rule_id': 'e13b2b24-278b-4447-aba7-579b0c81e013'}) {{(pid=107395) do_commit /opt/stack/data/venv/lib/python3.12/site-packages/ovsdbapp/backend/ovs_idl/transaction.py:89}}
Jun 18 00:37:59.059032 np0000181684 devstack@neutron-api.service[107395]: DEBUG ovsdbapp.backend.ovs_idl.transaction [-] Running txn n=1 command(idx=4): PgAclAddCommand(_result=None, entity=pg_06eba9cf_7f52_4cab_87da_908b8a31dd5c, direction=from-lport, priority=1002, match=inport == @pg_06eba9cf_7f52_4cab_87da_908b8a31dd5c && ip6, action=allow-related, log=False, may_exist=True, severity=[], name=[], meter=[], external_ids={'neutron:security_group_rule_id': 'e2b3c532-ae88-4b1a-94e6-e35cb70755a4'}) {{(pid=107395) do_commit /opt/stack/data/venv/lib/python3.12/site-packages/ovsdbapp/backend/ovs_idl/transaction.py:89}}
Jun 18 00:37:59.068402 np0000181684 devstack@neutron-api.service[107396]: DEBUG neutron.plugins.ml2.drivers.ovn.mech_driver.ovsdb.ovsdb_monitor [-] Hash Ring: Node 3d17cf63741457efb4f1868f599ec80e (host: np0000181684) handling event "create" for row 62c2e664-c0f1-4dcc-b83b-0472c0c6fc71 (table: ACL) {{(pid=107396) notify /opt/stack/neutron/neutron/plugins/ml2/drivers/ovn/mech_driver/ovsdb/ovsdb_monitor.py:1015}}
Jun 18 00:37:59.069904 np0000181684 devstack@neutron-api.service[107398]: DEBUG neutron.plugins.ml2.drivers.ovn.mech_driver.ovsdb.ovsdb_monitor [-] Hash Ring: Node 88c346971c0a5f998c064edd777d58c1 (host: np0000181684) handling event "create" for row 0c6b3409-bc9f-4944-be91-09351f59ea87 (table: ACL) {{(pid=107398) notify /opt/stack/neutron/neutron/plugins/ml2/drivers/ovn/mech_driver/ovsdb/ovsdb_monitor.py:1015}}
Jun 18 00:37:59.070327 np0000181684 devstack@neutron-api.service[107398]: DEBUG neutron.plugins.ml2.drivers.ovn.mech_driver.ovsdb.ovsdb_monitor [-] Hash Ring: Node 88c346971c0a5f998c064edd777d58c1 (host: np0000181684) handling event "create" for row 283993f3-cce3-4540-8918-da4af480d528 (table: ACL) {{(pid=107398) notify /opt/stack/neutron/neutron/plugins/ml2/drivers/ovn/mech_driver/ovsdb/ovsdb_monitor.py:1015}}
Jun 18 00:37:59.070832 np0000181684 devstack@neutron-api.service[107398]: DEBUG neutron.plugins.ml2.drivers.ovn.mech_driver.ovsdb.ovsdb_monitor [-] Hash Ring: Node 88c346971c0a5f998c064edd777d58c1 (host: np0000181684) handling event "create" for row 62c2e664-c0f1-4dcc-b83b-0472c0c6fc71 (table: ACL) {{(pid=107398) notify /opt/stack/neutron/neutron/plugins/ml2/drivers/ovn/mech_driver/ovsdb/ovsdb_monitor.py:1015}}
Jun 18 00:37:59.071205 np0000181684 devstack@neutron-api.service[107398]: DEBUG neutron.plugins.ml2.drivers.ovn.mech_driver.ovsdb.ovsdb_monitor [-] Hash Ring: Node 88c346971c0a5f998c064edd777d58c1 (host: np0000181684) handling event "create" for row 6417c597-4a56-42b6-ab3f-bdefbb744cff (table: ACL) {{(pid=107398) notify /opt/stack/neutron/neutron/plugins/ml2/drivers/ovn/mech_driver/ovsdb/ovsdb_monitor.py:1015}}
Jun 18 00:37:59.071205 np0000181684 devstack@neutron-api.service[107398]: DEBUG neutron.plugins.ml2.drivers.ovn.mech_driver.ovsdb.ovsdb_monitor [-] Hash Ring: Node 88c346971c0a5f998c064edd777d58c1 (host: np0000181684) handling event "create" for row 263793c2-445d-471f-8c50-f1805074a59a (table: Port_Group) {{(pid=107398) notify /opt/stack/neutron/neutron/plugins/ml2/drivers/ovn/mech_driver/ovsdb/ovsdb_monitor.py:1015}}
Jun 18 00:37:59.072626 np0000181684 devstack@neutron-api.service[107395]: DEBUG neutron.plugins.ml2.drivers.ovn.mech_driver.ovsdb.ovsdb_monitor [-] Hash Ring: Node b48247fdf8655171871ebecccb2f18a4 (host: np0000181684) handling event "create" for row 0c6b3409-bc9f-4944-be91-09351f59ea87 (table: ACL) {{(pid=107395) notify /opt/stack/neutron/neutron/plugins/ml2/drivers/ovn/mech_driver/ovsdb/ovsdb_monitor.py:1015}}
Jun 18 00:37:59.073131 np0000181684 devstack@neutron-api.service[107395]: DEBUG neutron.plugins.ml2.drivers.ovn.mech_driver.ovsdb.ovsdb_monitor [-] Hash Ring: Node b48247fdf8655171871ebecccb2f18a4 (host: np0000181684) handling event "create" for row 6417c597-4a56-42b6-ab3f-bdefbb744cff (table: ACL) {{(pid=107395) notify /opt/stack/neutron/neutron/plugins/ml2/drivers/ovn/mech_driver/ovsdb/ovsdb_monitor.py:1015}}
Jun 18 00:37:59.073131 np0000181684 devstack@neutron-api.service[107395]: DEBUG neutron.plugins.ml2.drivers.ovn.mech_driver.ovsdb.ovsdb_monitor [-] Hash Ring: Node b48247fdf8655171871ebecccb2f18a4 (host: np0000181684) handling event "create" for row 263793c2-445d-471f-8c50-f1805074a59a (table: Port_Group) {{(pid=107395) notify /opt/stack/neutron/neutron/plugins/ml2/drivers/ovn/mech_driver/ovsdb/ovsdb_monitor.py:1015}}
Jun 18 00:37:59.076382 np0000181684 devstack@neutron-api.service[107397]: DEBUG neutron.plugins.ml2.drivers.ovn.mech_driver.ovsdb.ovsdb_monitor [-] Hash Ring: Node e36495e76de05abdbb776f9ddb061386 (host: np0000181684) handling event "create" for row 283993f3-cce3-4540-8918-da4af480d528 (table: ACL) {{(pid=107397) notify /opt/stack/neutron/neutron/plugins/ml2/drivers/ovn/mech_driver/ovsdb/ovsdb_monitor.py:1015}}
Jun 18 00:37:59.100150 np0000181684 devstack@neutron-api.service[107395]: INFO neutron.db.ovn_revision_numbers_db [None req-66a728a6-ea73-4c68-8a54-86245755e58f admin admin] Successfully bumped revision number for resource 06eba9cf-7f52-4cab-87da-908b8a31dd5c (type: security_groups) to 1
Jun 18 00:37:59.116264 np0000181684 devstack@neutron-api.service[107395]: INFO neutron.db.ovn_revision_numbers_db [None req-66a728a6-ea73-4c68-8a54-86245755e58f admin admin] Successfully bumped revision number for resource a9628daf-af52-463b-a66f-bc76442c2de6 (type: security_group_rules) to 0
Jun 18 00:37:59.128582 np0000181684 devstack@neutron-api.service[107395]: INFO neutron.db.ovn_revision_numbers_db [None req-66a728a6-ea73-4c68-8a54-86245755e58f admin admin] Successfully bumped revision number for resource d718278d-0ee2-4864-98eb-6182cabbe243 (type: security_group_rules) to 0
Jun 18 00:37:59.142014 np0000181684 devstack@neutron-api.service[107395]: INFO neutron.db.ovn_revision_numbers_db [None req-66a728a6-ea73-4c68-8a54-86245755e58f admin admin] Successfully bumped revision number for resource e13b2b24-278b-4447-aba7-579b0c81e013 (type: security_group_rules) to 0
Jun 18 00:37:59.155873 np0000181684 devstack@neutron-api.service[107395]: INFO neutron.db.ovn_revision_numbers_db [None req-66a728a6-ea73-4c68-8a54-86245755e58f admin admin] Successfully bumped revision number for resource e2b3c532-ae88-4b1a-94e6-e35cb70755a4 (type: security_group_rules) to 0
Jun 18 00:37:59.182587 np0000181684 devstack@neutron-api.service[107395]: DEBUG neutron.api.rpc.handlers.resources_rpc [None req-66a728a6-ea73-4c68-8a54-86245755e58f admin admin] Pushing event updated for resources: {'SecurityGroup': ['ID=06eba9cf-7f52-4cab-87da-908b8a31dd5c,revision_number=1']} {{(pid=107395) push /opt/stack/neutron/neutron/api/rpc/handlers/resources_rpc.py:237}}
Jun 18 00:37:59.191324 np0000181684 devstack@neutron-api.service[107395]: DEBUG ovsdbapp.backend.ovs_idl.transaction [-] Running txn n=1 command(idx=0): CheckLivenessCommand(_result=None) {{(pid=107395) do_commit /opt/stack/data/venv/lib/python3.12/site-packages/ovsdbapp/backend/ovs_idl/transaction.py:89}}
Jun 18 00:37:59.197555 np0000181684 devstack@neutron-api.service[107398]: DEBUG neutron.plugins.ml2.drivers.ovn.mech_driver.ovsdb.ovsdb_monitor [-] Hash Ring: Node 88c346971c0a5f998c064edd777d58c1 (host: np0000181684) handling event "update" for row d0203c2b-de43-49ca-b7c7-8af02960825f (table: NB_Global) {{(pid=107398) notify /opt/stack/neutron/neutron/plugins/ml2/drivers/ovn/mech_driver/ovsdb/ovsdb_monitor.py:1015}}
Jun 18 00:37:59.199749 np0000181684 devstack@neutron-api.service[107398]: DEBUG neutron.plugins.ml2.drivers.ovn.mech_driver.ovsdb.ovsdb_monitor [-] Hash Ring: Node 88c346971c0a5f998c064edd777d58c1 (host: np0000181684) handling event "update" for row d0203c2b-de43-49ca-b7c7-8af02960825f (table: NB_Global) {{(pid=107398) notify /opt/stack/neutron/neutron/plugins/ml2/drivers/ovn/mech_driver/ovsdb/ovsdb_monitor.py:1015}}
Jun 18 00:37:59.201637 np0000181684 devstack@neutron-api.service[107395]: DEBUG neutron.api.rpc.callbacks.version_manager [None req-66a728a6-ea73-4c68-8a54-86245755e58f admin admin] Tracked resource versions report:
Jun 18 00:37:59.201637 np0000181684 devstack@neutron-api.service[107395]: pushed versions:
Jun 18 00:37:59.201637 np0000181684 devstack@neutron-api.service[107395]: { 'AddressGroup': {'1.2'},
Jun 18 00:37:59.201637 np0000181684 devstack@neutron-api.service[107395]: 'Agent': {'1.1'},
Jun 18 00:37:59.201637 np0000181684 devstack@neutron-api.service[107395]: 'ConntrackHelper': {'1.0'},
Jun 18 00:37:59.201637 np0000181684 devstack@neutron-api.service[107395]: 'LocalIPAssociation': {'1.0'},
Jun 18 00:37:59.201637 np0000181684 devstack@neutron-api.service[107395]: 'Log': {'1.0'},
Jun 18 00:37:59.201637 np0000181684 devstack@neutron-api.service[107395]: 'NDPProxy': {'1.0'},
Jun 18 00:37:59.201637 np0000181684 devstack@neutron-api.service[107395]: 'Network': {'1.3'},
Jun 18 00:37:59.201637 np0000181684 devstack@neutron-api.service[107395]: 'Port': {'1.11'},
Jun 18 00:37:59.201637 np0000181684 devstack@neutron-api.service[107395]: 'PortForwarding': {'1.3'},
Jun 18 00:37:59.201637 np0000181684 devstack@neutron-api.service[107395]: 'QosPolicy': {'1.10'},
Jun 18 00:37:59.201637 np0000181684 devstack@neutron-api.service[107395]: 'SecurityGroup': {'1.6'},
Jun 18 00:37:59.201637 np0000181684 devstack@neutron-api.service[107395]: 'SecurityGroupRule': {'1.3'},
Jun 18 00:37:59.201637 np0000181684 devstack@neutron-api.service[107395]: 'SubPort': {'1.0'},
Jun 18 00:37:59.201637 np0000181684 devstack@neutron-api.service[107395]: 'Subnet': {'1.2'},
Jun 18 00:37:59.201637 np0000181684 devstack@neutron-api.service[107395]: 'Trunk': {'1.1'}}
Jun 18 00:37:59.201637 np0000181684 devstack@neutron-api.service[107395]: consumer versions:
Jun 18 00:37:59.201637 np0000181684 devstack@neutron-api.service[107395]: {}
Jun 18 00:37:59.201637 np0000181684 devstack@neutron-api.service[107395]: {{(pid=107395) report /opt/stack/neutron/neutron/api/rpc/callbacks/version_manager.py:183}}
Jun 18 00:37:59.202498 np0000181684 devstack@neutron-api.service[107398]: DEBUG neutron.plugins.ml2.drivers.ovn.mech_driver.ovsdb.ovsdb_monitor [-] Hash Ring: Node 88c346971c0a5f998c064edd777d58c1 (host: np0000181684) handling event "update" for row d0203c2b-de43-49ca-b7c7-8af02960825f (table: NB_Global) {{(pid=107398) notify /opt/stack/neutron/neutron/plugins/ml2/drivers/ovn/mech_driver/ovsdb/ovsdb_monitor.py:1015}}
Jun 18 00:37:59.202650 np0000181684 devstack@neutron-api.service[107396]: DEBUG neutron.plugins.ml2.drivers.ovn.mech_driver.ovsdb.ovsdb_monitor [-] ChassisAgentWriteEvent : Matched Chassis_Private, update, None None {{(pid=107396) matches /opt/stack/neutron/neutron/plugins/ml2/drivers/ovn/mech_driver/ovsdb/ovsdb_monitor.py:64}}
Jun 18 00:37:59.202924 np0000181684 devstack@neutron-api.service[107397]: DEBUG neutron.plugins.ml2.drivers.ovn.mech_driver.ovsdb.ovsdb_monitor [-] ChassisAgentWriteEvent : Matched Chassis_Private, update, None None {{(pid=107397) matches /opt/stack/neutron/neutron/plugins/ml2/drivers/ovn/mech_driver/ovsdb/ovsdb_monitor.py:64}}
Jun 18 00:37:59.203761 np0000181684 devstack@neutron-api.service[107398]: DEBUG neutron.plugins.ml2.drivers.ovn.mech_driver.ovsdb.ovsdb_monitor [-] ChassisAgentWriteEvent : Matched Chassis_Private, update, None None {{(pid=107398) matches /opt/stack/neutron/neutron/plugins/ml2/drivers/ovn/mech_driver/ovsdb/ovsdb_monitor.py:64}}
Jun 18 00:37:59.207624 np0000181684 devstack@neutron-api.service[107398]: DEBUG neutron.plugins.ml2.drivers.ovn.mech_driver.ovsdb.ovsdb_monitor [-] Hash Ring: Node 88c346971c0a5f998c064edd777d58c1 (host: np0000181684) handling event "update" for row d0203c2b-de43-49ca-b7c7-8af02960825f (table: NB_Global) {{(pid=107398) notify /opt/stack/neutron/neutron/plugins/ml2/drivers/ovn/mech_driver/ovsdb/ovsdb_monitor.py:1015}}
Jun 18 00:37:59.209680 np0000181684 devstack@neutron-api.service[107396]: DEBUG neutron.plugins.ml2.drivers.ovn.mech_driver.ovsdb.ovsdb_monitor [-] ChassisOVNAgentWriteEvent : Matched Chassis_Private, update, None None {{(pid=107396) matches /opt/stack/neutron/neutron/plugins/ml2/drivers/ovn/mech_driver/ovsdb/ovsdb_monitor.py:64}}
Jun 18 00:37:59.209800 np0000181684 devstack@neutron-api.service[107397]: DEBUG neutron.plugins.ml2.drivers.ovn.mech_driver.ovsdb.ovsdb_monitor [-] ChassisOVNAgentWriteEvent : Matched Chassis_Private, update, None None {{(pid=107397) matches /opt/stack/neutron/neutron/plugins/ml2/drivers/ovn/mech_driver/ovsdb/ovsdb_monitor.py:64}}
Jun 18 00:37:59.211425 np0000181684 devstack@neutron-api.service[107398]: DEBUG neutron.common.ovn.hash_ring_manager [-] Allow caching, nodes 4>=4 {{(pid=107398) _wait_startup_before_caching /opt/stack/neutron/neutron/common/ovn/hash_ring_manager.py:71}}
Jun 18 00:37:59.211425 np0000181684 devstack@neutron-api.service[107398]: DEBUG neutron.plugins.ml2.drivers.ovn.mech_driver.ovsdb.ovsdb_monitor [-] Hash Ring: Node 88c346971c0a5f998c064edd777d58c1 (host: np0000181684) handling event "update" for row bf35a91c-715b-464b-a35d-5e6f0d2086dc (table: Chassis_Private) {{(pid=107398) notify /opt/stack/neutron/neutron/plugins/ml2/drivers/ovn/mech_driver/ovsdb/ovsdb_monitor.py:1015}}
Jun 18 00:37:59.213209 np0000181684 devstack@neutron-api.service[107398]: DEBUG neutron.plugins.ml2.drivers.ovn.mech_driver.ovsdb.ovsdb_monitor [-] ChassisOVNAgentWriteEvent : Matched Chassis_Private, update, None None {{(pid=107398) matches /opt/stack/neutron/neutron/plugins/ml2/drivers/ovn/mech_driver/ovsdb/ovsdb_monitor.py:64}}
Jun 18 00:37:59.213626 np0000181684 devstack@neutron-api.service[107395]: DEBUG neutron.plugins.ml2.drivers.ovn.mech_driver.ovsdb.ovsdb_monitor [-] ChassisAgentWriteEvent : Matched Chassis_Private, update, None None {{(pid=107395) matches /opt/stack/neutron/neutron/plugins/ml2/drivers/ovn/mech_driver/ovsdb/ovsdb_monitor.py:64}}
Jun 18 00:37:59.214027 np0000181684 devstack@neutron-api.service[107398]: DEBUG neutron.plugins.ml2.drivers.ovn.mech_driver.ovsdb.ovsdb_monitor [-] Hash Ring: Node 88c346971c0a5f998c064edd777d58c1 (host: np0000181684) handling event "update" for row bf35a91c-715b-464b-a35d-5e6f0d2086dc (table: Chassis_Private) {{(pid=107398) notify /opt/stack/neutron/neutron/plugins/ml2/drivers/ovn/mech_driver/ovsdb/ovsdb_monitor.py:1015}}
Jun 18 00:37:59.214119 np0000181684 devstack@neutron-api.service[107395]: DEBUG neutron.plugins.ml2.drivers.ovn.mech_driver.ovsdb.ovsdb_monitor [-] Hash Ring: Node b48247fdf8655171871ebecccb2f18a4 (host: np0000181684) handling event "update" for row bf35a91c-715b-464b-a35d-5e6f0d2086dc (table: Chassis_Private) {{(pid=107395) notify /opt/stack/neutron/neutron/plugins/ml2/drivers/ovn/mech_driver/ovsdb/ovsdb_monitor.py:1015}}
Jun 18 00:37:59.216323 np0000181684 devstack@neutron-api.service[107395]: DEBUG neutron.plugins.ml2.drivers.ovn.mech_driver.ovsdb.ovsdb_monitor [-] ChassisOVNAgentWriteEvent : Matched Chassis_Private, update, None None {{(pid=107395) matches /opt/stack/neutron/neutron/plugins/ml2/drivers/ovn/mech_driver/ovsdb/ovsdb_monitor.py:64}}
Jun 18 00:37:59.216634 np0000181684 devstack@neutron-api.service[107395]: DEBUG neutron.plugins.ml2.drivers.ovn.mech_driver.ovsdb.ovsdb_monitor [-] Hash Ring: Node b48247fdf8655171871ebecccb2f18a4 (host: np0000181684) handling event "update" for row bf35a91c-715b-464b-a35d-5e6f0d2086dc (table: Chassis_Private) {{(pid=107395) notify /opt/stack/neutron/neutron/plugins/ml2/drivers/ovn/mech_driver/ovsdb/ovsdb_monitor.py:1015}}
Jun 18 00:37:59.270210 np0000181684 devstack@neutron-api.service[107395]: DEBUG neutron.plugins.ml2.drivers.helpers [None req-66a728a6-ea73-4c68-8a54-86245755e58f admin admin] geneve segment allocate from pool success with {'geneve_vni': 41343} {{(pid=107395) allocate_partially_specified_segment /opt/stack/neutron/neutron/plugins/ml2/drivers/helpers.py:142}}
Jun 18 00:37:59.281262 np0000181684 devstack@neutron-api.service[107395]: DEBUG neutron_lib.callbacks.manager [None req-66a728a6-ea73-4c68-8a54-86245755e58f admin admin] Publish callbacks ['neutron.services.segments.db._add_segment_host_mapping_for_segment-8421394717840', 'neutron.plugins.ml2.plugin.Ml2Plugin._handle_segment_change-7636180'] for segment (517f41d7-563d-42bc-b420-739c21209f54), precommit_create {{(pid=107395) _notify_loop /opt/stack/data/venv/lib/python3.12/site-packages/neutron_lib/callbacks/manager.py:184}}
Jun 18 00:37:59.281554 np0000181684 devstack@neutron-api.service[107395]: INFO neutron.db.segments_db [None req-66a728a6-ea73-4c68-8a54-86245755e58f admin admin] Added segment 517f41d7-563d-42bc-b420-739c21209f54 of type geneve for network 45d812c5-ffd4-417e-a1e5-41b13685d25a
Jun 18 00:37:59.336392 np0000181684 devstack@neutron-api.service[107395]: DEBUG neutron_lib.callbacks.manager [None req-66a728a6-ea73-4c68-8a54-86245755e58f admin admin] Publish callbacks ['neutron.services.auto_allocate.db._ensure_external_network_default_value_callback-8421392114608'] for network (45d812c5-ffd4-417e-a1e5-41b13685d25a), precommit_create {{(pid=107395) _notify_loop /opt/stack/data/venv/lib/python3.12/site-packages/neutron_lib/callbacks/manager.py:184}}
Jun 18 00:37:59.356175 np0000181684 devstack@neutron-api.service[107395]: DEBUG neutron.plugins.ml2.drivers.ovn.mech_driver.mech_driver [None req-66a728a6-ea73-4c68-8a54-86245755e58f admin admin] Validating network segment with type geneve, segmentation ID 41343, physical network None {{(pid=107395) _validate_network_segments /opt/stack/neutron/neutron/plugins/ml2/drivers/ovn/mech_driver/mech_driver.py:643}}
Jun 18 00:37:59.356420 np0000181684 devstack@neutron-api.service[107395]: DEBUG neutron.db.ovn_revision_numbers_db [None req-66a728a6-ea73-4c68-8a54-86245755e58f admin admin] create_initial_revision uuid=45d812c5-ffd4-417e-a1e5-41b13685d25a, type=networks, rev=-1 {{(pid=107395) create_initial_revision /opt/stack/neutron/neutron/db/ovn_revision_numbers_db.py:98}}
Jun 18 00:37:59.377240 np0000181684 devstack@neutron-api.service[107395]: DEBUG neutron_lib.callbacks.manager [None req-66a728a6-ea73-4c68-8a54-86245755e58f admin admin] Publish callbacks ['neutron.plugins.ml2.ovo_rpc._ObjectChangeHandler.handle_event-2204476'] for network (45d812c5-ffd4-417e-a1e5-41b13685d25a), after_create {{(pid=107395) _notify_loop /opt/stack/data/venv/lib/python3.12/site-packages/neutron_lib/callbacks/manager.py:184}}
Jun 18 00:37:59.436774 np0000181684 devstack@neutron-api.service[107395]: DEBUG neutron.api.rpc.handlers.resources_rpc [None req-66a728a6-ea73-4c68-8a54-86245755e58f admin admin] Pushing event updated for resources: {'Network': ['ID=45d812c5-ffd4-417e-a1e5-41b13685d25a,revision_number=1']} {{(pid=107395) push /opt/stack/neutron/neutron/api/rpc/handlers/resources_rpc.py:237}}
Jun 18 00:37:59.446485 np0000181684 devstack@neutron-api.service[107395]: DEBUG ovsdbapp.backend.ovs_idl.transaction [-] Running txn n=1 command(idx=0): AddNetworkCommand(_result=None, network_uuid=45d812c5-ffd4-417e-a1e5-41b13685d25a, may_exist=True, columns={'external_ids': {'neutron:network_name': 'private', 'neutron:mtu': '1372', 'neutron:revision_number': '1', 'neutron:availability_zone_hints': '', 'neutron:provnet-network-type': 'geneve'}, 'other_config': {'mcast_snoop': 'false', 'mcast_flood_unregistered': 'false', 'vlan-passthru': 'false'}}) {{(pid=107395) do_commit /opt/stack/data/venv/lib/python3.12/site-packages/ovsdbapp/backend/ovs_idl/transaction.py:89}}
Jun 18 00:37:59.447417 np0000181684 devstack@neutron-api.service[107395]: DEBUG neutron.common.ovn.utils [-] OVS persist_uuid supported=True {{(pid=107395) ovs_persist_uuid_supported /opt/stack/neutron/neutron/common/ovn/utils.py:1544}}
Jun 18 00:37:59.452518 np0000181684 devstack@neutron-api.service[107398]: DEBUG neutron.plugins.ml2.drivers.ovn.mech_driver.ovsdb.ovsdb_monitor [-] Hash Ring: Node 88c346971c0a5f998c064edd777d58c1 (host: np0000181684) handling event "create" for row 45d812c5-ffd4-417e-a1e5-41b13685d25a (table: Logical_Switch) {{(pid=107398) notify /opt/stack/neutron/neutron/plugins/ml2/drivers/ovn/mech_driver/ovsdb/ovsdb_monitor.py:1015}}
Jun 18 00:37:59.460032 np0000181684 devstack@neutron-api.service[107397]: DEBUG neutron.plugins.ml2.drivers.ovn.mech_driver.ovsdb.ovsdb_monitor [-] Hash Ring: Node e36495e76de05abdbb776f9ddb061386 (host: np0000181684) handling event "create" for row 45d812c5-ffd4-417e-a1e5-41b13685d25a (table: Logical_Switch) {{(pid=107397) notify /opt/stack/neutron/neutron/plugins/ml2/drivers/ovn/mech_driver/ovsdb/ovsdb_monitor.py:1015}}
Jun 18 00:37:59.461069 np0000181684 devstack@neutron-api.service[107398]: DEBUG neutron.plugins.ml2.drivers.ovn.mech_driver.ovsdb.ovsdb_monitor [-] Hash Ring: Node 88c346971c0a5f998c064edd777d58c1 (host: np0000181684) handling event "create" for row c2190bbc-6764-4311-8b43-54a7def13c40 (table: Datapath_Binding) {{(pid=107398) notify /opt/stack/neutron/neutron/plugins/ml2/drivers/ovn/mech_driver/ovsdb/ovsdb_monitor.py:1015}}
Jun 18 00:37:59.497371 np0000181684 devstack@neutron-api.service[107395]: INFO neutron.db.ovn_revision_numbers_db [None req-66a728a6-ea73-4c68-8a54-86245755e58f admin admin] Successfully bumped revision number for resource 45d812c5-ffd4-417e-a1e5-41b13685d25a (type: networks) to 1
Jun 18 00:37:59.739818 np0000181684 devstack@neutron-api.service[107395]: DEBUG neutron_lib.callbacks.manager [None req-66a728a6-ea73-4c68-8a54-86245755e58f admin admin] Publish callbacks ['neutron.plugins.ml2.plugin.SecurityGroupDbMixin._ensure_default_security_group_handler-7418756'] for port (None), before_create {{(pid=107395) _notify_loop /opt/stack/data/venv/lib/python3.12/site-packages/neutron_lib/callbacks/manager.py:184}}
Jun 18 00:37:59.847909 np0000181684 devstack@neutron-api.service[107395]: DEBUG neutron_lib.callbacks.manager [None req-66a728a6-ea73-4c68-8a54-86245755e58f admin admin] Publish callbacks ['neutron.plugins.ml2.drivers.ovn.mech_driver.mech_driver.OVNMechanismDriver._validate_allowed_address_pairs-855692'] for allowed_address_pair (3e3c03cc-095b-49b4-8eed-4057cbe33493), before_create {{(pid=107395) _notify_loop /opt/stack/data/venv/lib/python3.12/site-packages/neutron_lib/callbacks/manager.py:184}}
Jun 18 00:37:59.848463 np0000181684 devstack@neutron-api.service[107395]: DEBUG neutron_lib.callbacks.manager [None req-66a728a6-ea73-4c68-8a54-86245755e58f admin admin] Publish callbacks [] for port (3e3c03cc-095b-49b4-8eed-4057cbe33493), precommit_create {{(pid=107395) _notify_loop /opt/stack/data/venv/lib/python3.12/site-packages/neutron_lib/callbacks/manager.py:184}}
Jun 18 00:37:59.848651 np0000181684 devstack@neutron-api.service[107395]: DEBUG neutron.plugins.ml2.drivers.ovn.mech_driver.mech_driver [None req-66a728a6-ea73-4c68-8a54-86245755e58f admin admin] No provisioning block for port 3e3c03cc-095b-49b4-8eed-4057cbe33493 since it does not have a host {{(pid=107395) _is_port_provisioning_required /opt/stack/neutron/neutron/plugins/ml2/drivers/ovn/mech_driver/mech_driver.py:896}}
Jun 18 00:37:59.848740 np0000181684 devstack@neutron-api.service[107395]: DEBUG neutron.db.ovn_revision_numbers_db [None req-66a728a6-ea73-4c68-8a54-86245755e58f admin admin] create_initial_revision uuid=3e3c03cc-095b-49b4-8eed-4057cbe33493, type=ports, rev=-1 {{(pid=107395) create_initial_revision /opt/stack/neutron/neutron/db/ovn_revision_numbers_db.py:98}}
Jun 18 00:37:59.916278 np0000181684 devstack@neutron-api.service[107395]: DEBUG neutron_lib.callbacks.manager [None req-66a728a6-ea73-4c68-8a54-86245755e58f admin admin] Publish callbacks ['neutron.plugins.ml2.ovo_rpc._ObjectChangeHandler.handle_event-2204427'] for port (3e3c03cc-095b-49b4-8eed-4057cbe33493), after_create {{(pid=107395) _notify_loop /opt/stack/data/venv/lib/python3.12/site-packages/neutron_lib/callbacks/manager.py:184}}
Jun 18 00:37:59.974688 np0000181684 devstack@neutron-api.service[107395]: DEBUG neutron.api.rpc.handlers.resources_rpc [None req-66a728a6-ea73-4c68-8a54-86245755e58f admin admin] Pushing event updated for resources: {'Port': ['ID=3e3c03cc-095b-49b4-8eed-4057cbe33493,revision_number=1']} {{(pid=107395) push /opt/stack/neutron/neutron/api/rpc/handlers/resources_rpc.py:237}}
Jun 18 00:38:00.018325 np0000181684 devstack@neutron-api.service[107395]: DEBUG neutron.plugins.ml2.drivers.ovn.mech_driver.ovsdb.commands [None req-66a728a6-ea73-4c68-8a54-86245755e58f admin admin] Converting tag [] to a tag_request {{(pid=107395) _tag_column_to_tag_request /opt/stack/neutron/neutron/plugins/ml2/drivers/ovn/mech_driver/ovsdb/commands.py:205}}
Jun 18 00:38:00.019405 np0000181684 devstack@neutron-api.service[107395]: DEBUG ovsdbapp.backend.ovs_idl.transaction [-] Running txn n=1 command(idx=0): AddLSwitchPortCommand(_result=None, lport=3e3c03cc-095b-49b4-8eed-4057cbe33493, lswitch=neutron-45d812c5-ffd4-417e-a1e5-41b13685d25a, may_exist=True, network_uuid=45d812c5-ffd4-417e-a1e5-41b13685d25a, columns={'addresses': ['fa:16:3e:89:1a:ac'], 'external_ids': {'neutron:port_name': '', 'neutron:device_id': 'ovnmeta-45d812c5-ffd4-417e-a1e5-41b13685d25a', 'neutron:project_id': 'b7b2042cd6e8409c9fc042ff36f37792', 'neutron:cidrs': '', 'neutron:device_owner': 'network:distributed', 'neutron:subnet_pool_addr_scope4': '', 'neutron:subnet_pool_addr_scope6': '', 'neutron:network_name': 'neutron-45d812c5-ffd4-417e-a1e5-41b13685d25a', 'neutron:security_group_ids': '', 'neutron:revision_number': '1', 'neutron:vnic_type': 'normal', 'neutron:port_capabilities': '', 'neutron:mtu': '1372'}, 'parent_name': [], 'enabled': True, 'options': {}, 'type': 'localport', 'port_security': [], 'dhcpv4_options': [], 'dhcpv6_options': [], 'tag_request': []}) {{(pid=107395) do_commit /opt/stack/data/venv/lib/python3.12/site-packages/ovsdbapp/backend/ovs_idl/transaction.py:89}}
Jun 18 00:38:00.020333 np0000181684 devstack@neutron-api.service[107395]: DEBUG ovsdbapp.backend.ovs_idl.transaction [-] Running txn n=1 command(idx=1): QoSDelCommand(_result=None, switch=neutron-45d812c5-ffd4-417e-a1e5-41b13685d25a, conditions=[('direction', '=', 'to-lport'), ('priority', '=', 2002), ('match', '=', 'outport == "3e3c03cc-095b-49b4-8eed-4057cbe33493"')], if_exists=True) {{(pid=107395) do_commit /opt/stack/data/venv/lib/python3.12/site-packages/ovsdbapp/backend/ovs_idl/transaction.py:89}}
Jun 18 00:38:00.020697 np0000181684 devstack@neutron-api.service[107395]: DEBUG ovsdbapp.backend.ovs_idl.transaction [-] Running txn n=1 command(idx=2): QoSDelCommand(_result=None, switch=neutron-45d812c5-ffd4-417e-a1e5-41b13685d25a, conditions=[('direction', '=', 'from-lport'), ('priority', '=', 2002), ('match', '=', 'inport == "3e3c03cc-095b-49b4-8eed-4057cbe33493"')], if_exists=True) {{(pid=107395) do_commit /opt/stack/data/venv/lib/python3.12/site-packages/ovsdbapp/backend/ovs_idl/transaction.py:89}}
Jun 18 00:38:00.062609 np0000181684 devstack@neutron-api.service[107398]: DEBUG neutron.plugins.ml2.drivers.ovn.mech_driver.ovsdb.ovsdb_monitor [-] Hash Ring: Node 88c346971c0a5f998c064edd777d58c1 (host: np0000181684) handling event "update" for row 45d812c5-ffd4-417e-a1e5-41b13685d25a (table: Logical_Switch) {{(pid=107398) notify /opt/stack/neutron/neutron/plugins/ml2/drivers/ovn/mech_driver/ovsdb/ovsdb_monitor.py:1015}}
Jun 18 00:38:00.062841 np0000181684 devstack@neutron-api.service[107398]: DEBUG neutron.plugins.ml2.drivers.ovn.mech_driver.ovsdb.ovsdb_monitor [-] Hash Ring: Node 88c346971c0a5f998c064edd777d58c1 (host: np0000181684) handling event "create" for row a4ecdd91-25b3-4e49-930f-befdadcc5ef8 (table: Logical_Switch_Port) {{(pid=107398) notify /opt/stack/neutron/neutron/plugins/ml2/drivers/ovn/mech_driver/ovsdb/ovsdb_monitor.py:1015}}
Jun 18 00:38:00.065483 np0000181684 devstack@neutron-api.service[107395]: DEBUG neutron.plugins.ml2.drivers.ovn.mech_driver.ovsdb.ovsdb_monitor [-] Hash Ring: Node b48247fdf8655171871ebecccb2f18a4 (host: np0000181684) handling event "create" for row a4ecdd91-25b3-4e49-930f-befdadcc5ef8 (table: Logical_Switch_Port) {{(pid=107395) notify /opt/stack/neutron/neutron/plugins/ml2/drivers/ovn/mech_driver/ovsdb/ovsdb_monitor.py:1015}}
Jun 18 00:38:00.066149 np0000181684 devstack@neutron-api.service[107398]: DEBUG ovsdbapp.backend.ovs_idl.event [-] Matched CREATE: LogicalSwitchPortCreateEvent(events=('create',), table='Logical_Switch_Port', conditions=[], old_conditions=None), priority=20 to row=Logical_Switch_Port(uuid=a4ecdd91-25b3-4e49-930f-befdadcc5ef8, addresses=['fa:16:3e:89:1a:ac'], dhcpv4_options=[], dhcpv6_options=[], dynamic_addresses=[], enabled=True, external_ids={'neutron:cidrs': '', 'neutron:device_id': 'ovnmeta-45d812c5-ffd4-417e-a1e5-41b13685d25a', 'neutron:device_owner': 'network:distributed', 'neutron:mtu': '1372', 'neutron:network_name': 'neutron-45d812c5-ffd4-417e-a1e5-41b13685d25a', 'neutron:port_capabilities': '', 'neutron:port_name': '', 'neutron:project_id': 'b7b2042cd6e8409c9fc042ff36f37792', 'neutron:revision_number': '1', 'neutron:security_group_ids': '', 'neutron:subnet_pool_addr_scope4': '', 'neutron:subnet_pool_addr_scope6': '', 'neutron:vnic_type': 'normal'}, ha_chassis_group=[], mirror_rules=[], name='3e3c03cc-095b-49b4-8eed-4057cbe33493', options={}, parent_name=[], port_security=[], tag=[], tag_request=[], type='localport', up=[]) old= {{(pid=107398) matches /opt/stack/data/venv/lib/python3.12/site-packages/ovsdbapp/backend/ovs_idl/event.py:55}}
Jun 18 00:38:00.067871 np0000181684 devstack@neutron-api.service[107395]: DEBUG ovsdbapp.backend.ovs_idl.event [-] Matched CREATE: LogicalSwitchPortCreateEvent(events=('create',), table='Logical_Switch_Port', conditions=[], old_conditions=None), priority=20 to row=Logical_Switch_Port(uuid=a4ecdd91-25b3-4e49-930f-befdadcc5ef8, addresses=['fa:16:3e:89:1a:ac'], dhcpv4_options=[], dhcpv6_options=[], dynamic_addresses=[], enabled=True, external_ids={'neutron:cidrs': '', 'neutron:device_id': 'ovnmeta-45d812c5-ffd4-417e-a1e5-41b13685d25a', 'neutron:device_owner': 'network:distributed', 'neutron:mtu': '1372', 'neutron:network_name': 'neutron-45d812c5-ffd4-417e-a1e5-41b13685d25a', 'neutron:port_capabilities': '', 'neutron:port_name': '', 'neutron:project_id': 'b7b2042cd6e8409c9fc042ff36f37792', 'neutron:revision_number': '1', 'neutron:security_group_ids': '', 'neutron:subnet_pool_addr_scope4': '', 'neutron:subnet_pool_addr_scope6': '', 'neutron:vnic_type': 'normal'}, ha_chassis_group=[], mirror_rules=[], name='3e3c03cc-095b-49b4-8eed-4057cbe33493', options={}, parent_name=[], port_security=[], tag=[], tag_request=[], type='localport', up=[]) old= {{(pid=107395) matches /opt/stack/data/venv/lib/python3.12/site-packages/ovsdbapp/backend/ovs_idl/event.py:55}}
Jun 18 00:38:00.068978 np0000181684 devstack@neutron-api.service[107398]: INFO neutron.plugins.ml2.drivers.ovn.mech_driver.mech_driver [-] OVN reports status down for port: 3e3c03cc-095b-49b4-8eed-4057cbe33493
Jun 18 00:38:00.069199 np0000181684 devstack@neutron-api.service[107397]: DEBUG neutron.plugins.ml2.drivers.ovn.mech_driver.ovsdb.ovsdb_monitor [-] Hash Ring: Node e36495e76de05abdbb776f9ddb061386 (host: np0000181684) handling event "update" for row 45d812c5-ffd4-417e-a1e5-41b13685d25a (table: Logical_Switch) {{(pid=107397) notify /opt/stack/neutron/neutron/plugins/ml2/drivers/ovn/mech_driver/ovsdb/ovsdb_monitor.py:1015}}
Jun 18 00:38:00.069930 np0000181684 devstack@neutron-api.service[107395]: DEBUG neutron.plugins.ml2.drivers.ovn.mech_driver.ovsdb.ovsdb_monitor [-] Hash Ring: Node b48247fdf8655171871ebecccb2f18a4 (host: np0000181684) handling event "update" for row a4ecdd91-25b3-4e49-930f-befdadcc5ef8 (table: Logical_Switch_Port) {{(pid=107395) notify /opt/stack/neutron/neutron/plugins/ml2/drivers/ovn/mech_driver/ovsdb/ovsdb_monitor.py:1015}}
Jun 18 00:38:00.070414 np0000181684 devstack@neutron-api.service[107397]: DEBUG neutron.plugins.ml2.drivers.ovn.mech_driver.ovsdb.ovsdb_monitor [-] Hash Ring: Node e36495e76de05abdbb776f9ddb061386 (host: np0000181684) handling event "create" for row abdfa661-dbd7-4f28-9095-5d9e50222ef8 (table: Port_Binding) {{(pid=107397) notify /opt/stack/neutron/neutron/plugins/ml2/drivers/ovn/mech_driver/ovsdb/ovsdb_monitor.py:1015}}
Jun 18 00:38:00.071985 np0000181684 devstack@neutron-api.service[107398]: DEBUG neutron.plugins.ml2.drivers.ovn.mech_driver.ovsdb.ovsdb_monitor [-] Hash Ring: Node 88c346971c0a5f998c064edd777d58c1 (host: np0000181684) handling event "update" for row a4ecdd91-25b3-4e49-930f-befdadcc5ef8 (table: Logical_Switch_Port) {{(pid=107398) notify /opt/stack/neutron/neutron/plugins/ml2/drivers/ovn/mech_driver/ovsdb/ovsdb_monitor.py:1015}}
Jun 18 00:38:00.073855 np0000181684 devstack@neutron-api.service[107395]: INFO neutron.plugins.ml2.drivers.ovn.mech_driver.mech_driver [-] OVN reports status down for port: 3e3c03cc-095b-49b4-8eed-4057cbe33493
Jun 18 00:38:00.074454 np0000181684 devstack@neutron-api.service[107398]: DEBUG neutron.plugins.ml2.drivers.ovn.mech_driver.ovsdb.ovsdb_monitor [-] Hash Ring: Node 88c346971c0a5f998c064edd777d58c1 (host: np0000181684) handling event "create" for row abdfa661-dbd7-4f28-9095-5d9e50222ef8 (table: Port_Binding) {{(pid=107398) notify /opt/stack/neutron/neutron/plugins/ml2/drivers/ovn/mech_driver/ovsdb/ovsdb_monitor.py:1015}}
Jun 18 00:38:00.132758 np0000181684 devstack@neutron-api.service[107398]: DEBUG neutron.db.provisioning_blocks [None req-f6e2f5d8-58f1-4251-93d2-18420d03a0b0 None None] Transition to ACTIVE for port object 3e3c03cc-095b-49b4-8eed-4057cbe33493 will not be triggered until provisioned by entity L2. {{(pid=107398) add_provisioning_component /opt/stack/neutron/neutron/db/provisioning_blocks.py:74}}
Jun 18 00:38:00.133690 np0000181684 devstack@neutron-api.service[107395]: INFO neutron.db.ovn_revision_numbers_db [None req-66a728a6-ea73-4c68-8a54-86245755e58f admin admin] Successfully bumped revision number for resource 3e3c03cc-095b-49b4-8eed-4057cbe33493 (type: ports) to 1
Jun 18 00:38:00.162518 np0000181684 devstack@neutron-api.service[107395]: DEBUG neutron.pecan_wsgi.hooks.policy_enforcement [None req-66a728a6-ea73-4c68-8a54-86245755e58f admin admin] Attributes excluded by policy engine: ['standard_attr_id'] {{(pid=107395) _exclude_attributes_by_policy /opt/stack/neutron/neutron/pecan_wsgi/hooks/policy_enforcement.py:259}}
Jun 18 00:38:00.162947 np0000181684 devstack@neutron-api.service[107395]: DEBUG neutron_lib.callbacks.manager [None req-66a728a6-ea73-4c68-8a54-86245755e58f admin admin] Publish callbacks [] for network (None), before_response {{(pid=107395) _notify_loop /opt/stack/data/venv/lib/python3.12/site-packages/neutron_lib/callbacks/manager.py:184}}
Jun 18 00:38:00.174572 np0000181684 devstack@neutron-api.service[107398]: DEBUG neutron.plugins.ml2.plugin [None req-f6e2f5d8-58f1-4251-93d2-18420d03a0b0 None None] Current status of the port 3e3c03cc-095b-49b4-8eed-4057cbe33493 is: DOWN; New status is: DOWN {{(pid=107398) _update_individual_port_db_status /opt/stack/neutron/neutron/plugins/ml2/plugin.py:2470}}
Jun 18 00:38:00.176741 np0000181684 devstack@neutron-api.service[107398]: DEBUG ovsdbapp.backend.ovs_idl.transaction [-] Running txn n=1 command(idx=0): DbRemoveCommand(_result=None, table=Logical_Switch_Port, record=3e3c03cc-095b-49b4-8eed-4057cbe33493, column=external_ids, values=('neutron:host_id',), keyvalues={}, if_exists=True) {{(pid=107398) do_commit /opt/stack/data/venv/lib/python3.12/site-packages/ovsdbapp/backend/ovs_idl/transaction.py:89}}
Jun 18 00:38:00.202871 np0000181684 devstack@neutron-api.service[107395]: [pid: 107395|app: 0|req: 1/5] 199.204.45.216 () {68 vars in 1357 bytes} [Thu Jun 18 00:37:58 2026] POST /networking/v2.0/networks => generated 681 bytes in 1717 msecs (HTTP/1.1 201) 4 headers in 162 bytes (1 switches on core 0)
Jun 18 00:38:00.215463 np0000181684 devstack@neutron-api.service[107395]: DEBUG neutron.db.provisioning_blocks [None req-e938a08c-55bc-4a1e-abad-04ecd38668dd None None] Ignored duplicate provisioning block setup for port 3e3c03cc-095b-49b4-8eed-4057cbe33493 by entity L2. {{(pid=107395) add_provisioning_component /opt/stack/neutron/neutron/db/provisioning_blocks.py:69}}
Jun 18 00:38:00.250457 np0000181684 devstack@neutron-api.service[107395]: DEBUG neutron.plugins.ml2.plugin [None req-e938a08c-55bc-4a1e-abad-04ecd38668dd None None] Current status of the port 3e3c03cc-095b-49b4-8eed-4057cbe33493 is: DOWN; New status is: DOWN {{(pid=107395) _update_individual_port_db_status /opt/stack/neutron/neutron/plugins/ml2/plugin.py:2470}}
Jun 18 00:38:00.251820 np0000181684 devstack@neutron-api.service[107395]: DEBUG ovsdbapp.backend.ovs_idl.transaction [-] Running txn n=1 command(idx=0): DbRemoveCommand(_result=None, table=Logical_Switch_Port, record=3e3c03cc-095b-49b4-8eed-4057cbe33493, column=external_ids, values=('neutron:host_id',), keyvalues={}, if_exists=True) {{(pid=107395) do_commit /opt/stack/data/venv/lib/python3.12/site-packages/ovsdbapp/backend/ovs_idl/transaction.py:89}}
Jun 18 00:38:00.825985 np0000181684 devstack@neutron-api.service[107398]: DEBUG neutron.policy [None req-00a98835-4d07-4633-b2ab-dd038955c2d8 admin admin] Loaded default policies from ['neutron'] under neutron.policies entry points {{(pid=107398) register_rules /opt/stack/neutron/neutron/policy.py:65}}
Jun 18 00:38:00.933245 np0000181684 devstack@neutron-api.service[107398]: DEBUG neutron.pecan_wsgi.hooks.policy_enforcement [None req-00a98835-4d07-4633-b2ab-dd038955c2d8 admin admin] Attributes excluded by policy engine: ['standard_attr_id'] {{(pid=107398) _exclude_attributes_by_policy /opt/stack/neutron/neutron/pecan_wsgi/hooks/policy_enforcement.py:259}}
Jun 18 00:38:00.934672 np0000181684 devstack@neutron-api.service[107398]: [pid: 107398|app: 0|req: 3/6] 199.204.45.216 () {64 vars in 1415 bytes} [Thu Jun 18 00:38:00 2026] GET /networking/v2.0/networks/45d812c5-ffd4-417e-a1e5-41b13685d25a => generated 662 bytes in 325 msecs (HTTP/1.1 200) 4 headers in 157 bytes (1 switches on core 0)
Jun 18 00:38:00.954977 np0000181684 devstack@neutron-api.service[107397]: DEBUG neutron.api.wsgi [None req-a9eb5b41-05ab-4ceb-a828-4b38cffd7086 admin admin] Missing Content-Type {{(pid=107397) get_content_type /opt/stack/neutron/neutron/api/wsgi.py:80}}
Jun 18 00:38:00.967051 np0000181684 devstack@neutron-api.service[107397]: [pid: 107397|app: 0|req: 2/7] 199.204.45.216 () {64 vars in 1424 bytes} [Thu Jun 18 00:38:00 2026] GET /networking/v2.0/subnetpools/a1756926-1987-4f0a-ba40-7257fdb8db6e => generated 533 bytes in 17 msecs (HTTP/1.1 200) 4 headers in 157 bytes (1 switches on core 0)
