2026-07-06 03:10:47.077 8 INFO placement.requestlog [None req-80640002-6905-4127-ab0f-535b6f46a7ef 13acdbaae7a64dc3baf77bd571aebd69 bc71779cecc84092a5442ffc67ad6b33 - - 8ac31541d7b14d5281210efc2bbea991 8ac31541d7b14d5281210efc2bbea991] 10.0.0.134 "DELETE /resource_providers/e83daa80-0ba5-4698-87f6-ee9e867c380a" status: 404 len: 246 microversion: 1.1 [pid: 8|app: 0|req: 598/1190] 10.0.0.134 () {34 vars in 814 bytes} [Mon Jul 6 03:10:47 2026] DELETE /resource_providers/e83daa80-0ba5-4698-87f6-ee9e867c380a => generated 246 bytes in 8 msecs (HTTP/1.1 404) 6 headers in 231 bytes (1 switches on core 0)
2026-07-06 03:10:47.082 7 INFO placement.requestlog [None req-863227d7-000a-4bcc-8d95-372a1ae88bce 13acdbaae7a64dc3baf77bd571aebd69 bc71779cecc84092a5442ffc67ad6b33 - - 8ac31541d7b14d5281210efc2bbea991 8ac31541d7b14d5281210efc2bbea991] 10.0.0.134 "DELETE /resource_providers/e83daa80-0ba5-4698-87f6-ee9e867c380a" status: 404 len: 246 microversion: 1.1 [pid: 7|app: 0|req: 593/1191] 10.0.0.134 () {34 vars in 814 bytes} [Mon Jul 6 03:10:47 2026] DELETE /resource_providers/e83daa80-0ba5-4698-87f6-ee9e867c380a => generated 246 bytes in 11 msecs (HTTP/1.1 404) 6 headers in 231 bytes (1 switches on core 0)
2026-07-06 03:10:47.958 7 INFO placement.requestlog [None req-32021f68-a881-46e7-817f-f726e6ef164f - - - - - -] 10.0.0.91 "GET /" status: 200 len: 136 microversion: 1.0
2026-07-06 03:10:47.958 8 INFO placement.requestlog [None req-bf6afa1c-8218-432f-a31f-9a1c45a59354 - - - - - -] 10.0.0.91 "GET /" status: 200 len: 136 microversion: 1.0
2026-07-06 03:10:49.113 7 INFO placement.requestlog [None req-f710098d-50cd-433d-aee7-c7e7c21c8f10 13acdbaae7a64dc3baf77bd571aebd69 bc71779cecc84092a5442ffc67ad6b33 - - 8ac31541d7b14d5281210efc2bbea991 8ac31541d7b14d5281210efc2bbea991] 10.0.0.134 "GET /resource_providers/e50ac008-bbed-4560-b6ef-ed727c2d2855/aggregates" status: 404 len: 235 microversion: 1.1 [pid: 7|app: 0|req: 595/1194] 10.0.0.134 () {32 vars in 814 bytes} [Mon Jul 6 03:10:49 2026] GET /resource_providers/e50ac008-bbed-4560-b6ef-ed727c2d2855/aggregates => generated 235 bytes in 10 msecs (HTTP/1.1 404) 5 headers in 202 bytes (1 switches on core 0)
2026-07-06 03:10:49.125 8 INFO placement.requestlog [None req-bf3981d4-1359-4bf3-bffe-954cce45bf1e 13acdbaae7a64dc3baf77bd571aebd69 bc71779cecc84092a5442ffc67ad6b33 - - 8ac31541d7b14d5281210efc2bbea991 8ac31541d7b14d5281210efc2bbea991] 10.0.0.134 "GET /resource_providers/e50ac008-bbed-4560-b6ef-ed727c2d2855/aggregates" status: 404 len: 235 microversion: 1.1 [pid: 8|app: 0|req: 600/1195] 10.0.0.134 () {32 vars in 814 bytes} [Mon Jul 6 03:10:49 2026] GET /resource_providers/e50ac008-bbed-4560-b6ef-ed727c2d2855/aggregates => generated 235 bytes in 21 msecs (HTTP/1.1 404) 5 headers in 202 bytes (1 switches on core 0)
2026-07-06 03:10:49.135 7 INFO placement.requestlog [None req-69e81227-4461-428f-bf15-6287e054fa3b 13acdbaae7a64dc3baf77bd571aebd69 bc71779cecc84092a5442ffc67ad6b33 - - 8ac31541d7b14d5281210efc2bbea991 8ac31541d7b14d5281210efc2bbea991] 10.0.0.134 "DELETE /resource_providers/e50ac008-bbed-4560-b6ef-ed727c2d2855" status: 404 len: 246 microversion: 1.1 [pid: 7|app: 0|req: 596/1196] 10.0.0.134 () {34 vars in 814 bytes} [Mon Jul 6 03:10:49 2026] DELETE /resource_providers/e50ac008-bbed-4560-b6ef-ed727c2d2855 => generated 246 bytes in 11 msecs (HTTP/1.1 404) 6 headers in 231 bytes (1 switches on core 0)
2026-07-06 03:10:49.148 8 INFO placement.requestlog [None req-574d8c64-8193-4665-85d3-38e931613fad 13acdbaae7a64dc3baf77bd571aebd69 bc71779cecc84092a5442ffc67ad6b33 - - 8ac31541d7b14d5281210efc2bbea991 8ac31541d7b14d5281210efc2bbea991] 10.0.0.134 "DELETE /resource_providers/e50ac008-bbed-4560-b6ef-ed727c2d2855" status: 404 len: 246 microversion: 1.1 [pid: 8|app: 0|req: 601/1197] 10.0.0.134 () {34 vars in 814 bytes} [Mon Jul 6 03:10:49 2026] DELETE /resource_providers/e50ac008-bbed-4560-b6ef-ed727c2d2855 => generated 246 bytes in 10 msecs (HTTP/1.1 404) 6 headers in 231 bytes (1 switches on core 0)
2026-07-06 03:10:49.162 8 INFO placement.requestlog [None req-f8c10168-bd44-4926-8b3d-40302a18e95f 13acdbaae7a64dc3baf77bd571aebd69 bc71779cecc84092a5442ffc67ad6b33 - - 8ac31541d7b14d5281210efc2bbea991 8ac31541d7b14d5281210efc2bbea991] 10.0.0.134 "GET /resource_providers/b2bd268f-bf3e-4fc6-952f-2c87adc3263a/aggregates" status: 404 len: 235 microversion: 1.1 [pid: 8|app: 0|req: 602/1198] 10.0.0.134 () {32 vars in 814 bytes} [Mon Jul 6 03:10:49 2026] GET /resource_providers/b2bd268f-bf3e-4fc6-952f-2c87adc3263a/aggregates => generated 235 bytes in 7 msecs (HTTP/1.1 404) 5 headers in 202 bytes (1 switches on core 0)
2026-07-06 03:10:49.163 7 INFO placement.requestlog [None req-af864de1-423e-4943-8353-33e767301be0 13acdbaae7a64dc3baf77bd571aebd69 bc71779cecc84092a5442ffc67ad6b33 - - 8ac31541d7b14d5281210efc2bbea991 8ac31541d7b14d5281210efc2bbea991] 10.0.0.134 "GET /resource_providers/b2bd268f-bf3e-4fc6-952f-2c87adc3263a/aggregates" status: 404 len: 235 microversion: 1.1 [pid: 7|app: 0|req: 597/1199] 10.0.0.134 () {32 vars in 814 bytes} [Mon Jul 6 03:10:49 2026] GET /resource_providers/b2bd268f-bf3e-4fc6-952f-2c87adc3263a/aggregates => generated 235 bytes in 24 msecs (HTTP/1.1 404) 5 headers in 202 bytes (1 switches on core 0)
2026-07-06 03:10:49.181 8 INFO placement.requestlog [None req-c15a77f3-b92c-4150-b2fc-db90ce4657e2 13acdbaae7a64dc3baf77bd571aebd69 bc71779cecc84092a5442ffc67ad6b33 - - 8ac31541d7b14d5281210efc2bbea991 8ac31541d7b14d5281210efc2bbea991] 10.0.0.134 "DELETE /resource_providers/b2bd268f-bf3e-4fc6-952f-2c87adc3263a" status: 404 len: 246 microversion: 1.1 [pid: 8|app: 0|req: 603/1200] 10.0.0.134 () {34 vars in 814 bytes} [Mon Jul 6 03:10:49 2026] DELETE /resource_providers/b2bd268f-bf3e-4fc6-952f-2c87adc3263a => generated 246 bytes in 8 msecs (HTTP/1.1 404) 6 headers in 231 bytes (1 switches on core 0)
2026-07-06 03:10:49.198 7 INFO placement.requestlog [None req-513e8104-036c-4e76-a07f-2a218a49b26e 13acdbaae7a64dc3baf77bd571aebd69 bc71779cecc84092a5442ffc67ad6b33 - - 8ac31541d7b14d5281210efc2bbea991 8ac31541d7b14d5281210efc2bbea991] 10.0.0.134 "DELETE /resource_providers/b2bd268f-bf3e-4fc6-952f-2c87adc3263a" status: 404 len: 246 microversion: 1.1 [pid: 7|app: 0|req: 598/1201] 10.0.0.134 () {34 vars in 814 bytes} [Mon Jul 6 03:10:49 2026] DELETE /resource_providers/b2bd268f-bf3e-4fc6-952f-2c87adc3263a => generated 246 bytes in 25 msecs (HTTP/1.1 404) 6 headers in 231 bytes (1 switches on core 0)
2026-07-06 03:10:57.215 7 INFO placement.requestlog [None req-a164bb4b-6d79-4677-97f4-b619ce32ff04 13acdbaae7a64dc3baf77bd571aebd69 bc71779cecc84092a5442ffc67ad6b33 - - 8ac31541d7b14d5281210efc2bbea991 8ac31541d7b14d5281210efc2bbea991] 10.0.0.134 "GET /resource_providers/5d3bf53c-952b-4ea4-9df9-313a8b6b7f11/aggregates" status: 404 len: 235 microversion: 1.1 [pid: 7|app: 0|req: 599/1202] 10.0.0.134 () {32 vars in 814 bytes} [Mon Jul 6 03:10:57 2026] GET /resource_providers/5d3bf53c-952b-4ea4-9df9-313a8b6b7f11/aggregates => generated 235 bytes in 8 msecs (HTTP/1.1 404) 5 headers in 202 bytes (1 switches on core 0)
2026-07-06 03:10:57.218 8 INFO placement.requestlog [None req-6da6f67b-bdc6-44fc-9429-3273a79288fa 13acdbaae7a64dc3baf77bd571aebd69 bc71779cecc84092a5442ffc67ad6b33 - - 8ac31541d7b14d5281210efc2bbea991 8ac31541d7b14d5281210efc2bbea991] 10.0.0.134 "GET /resource_providers/5d3bf53c-952b-4ea4-9df9-313a8b6b7f11/aggregates" status: 404 len: 235 microversion: 1.1 [pid: 8|app: 0|req: 604/1203] 10.0.0.134 () {32 vars in 814 bytes} [Mon Jul 6 03:10:57 2026] GET /resource_providers/5d3bf53c-952b-4ea4-9df9-313a8b6b7f11/aggregates => generated 235 bytes in 11 msecs (HTTP/1.1 404) 5 headers in 202 bytes (1 switches on core 0)
2026-07-06 03:10:57.239 7 INFO placement.requestlog [None req-fdbcbfe2-bb1e-4ba5-ab1a-95ab1cd6b340 13acdbaae7a64dc3baf77bd571aebd69 bc71779cecc84092a5442ffc67ad6b33 - - 8ac31541d7b14d5281210efc2bbea991 8ac31541d7b14d5281210efc2bbea991] 10.0.0.134 "DELETE /resource_providers/5d3bf53c-952b-4ea4-9df9-313a8b6b7f11" status: 404 len: 246 microversion: 1.1 [pid: 7|app: 0|req: 600/1204] 10.0.0.134 () {34 vars in 814 bytes} [Mon Jul 6 03:10:57 2026] DELETE /resource_providers/5d3bf53c-952b-4ea4-9df9-313a8b6b7f11 => generated 246 bytes in 7 msecs (HTTP/1.1 404) 6 headers in 231 bytes (1 switches on core 0)
2026-07-06 03:10:57.240 8 INFO placement.requestlog [None req-96376e4d-746c-463a-b1be-75ddd2884359 13acdbaae7a64dc3baf77bd571aebd69 bc71779cecc84092a5442ffc67ad6b33 - - 8ac31541d7b14d5281210efc2bbea991 8ac31541d7b14d5281210efc2bbea991] 10.0.0.134 "DELETE /resource_providers/5d3bf53c-952b-4ea4-9df9-313a8b6b7f11" status: 404 len: 246 microversion: 1.1 [pid: 8|app: 0|req: 605/1205] 10.0.0.134 () {34 vars in 814 bytes} [Mon Jul 6 03:10:57 2026] DELETE /resource_providers/5d3bf53c-952b-4ea4-9df9-313a8b6b7f11 => generated 246 bytes in 9 msecs (HTTP/1.1 404) 6 headers in 231 bytes (1 switches on core 0)
2026-07-06 03:10:57.497 8 INFO placement.requestlog [None req-0650a8a9-9df4-4d35-9bc1-b3167022db74 13acdbaae7a64dc3baf77bd571aebd69 bc71779cecc84092a5442ffc67ad6b33 - - 8ac31541d7b14d5281210efc2bbea991 8ac31541d7b14d5281210efc2bbea991] 10.0.0.134 "GET /resource_providers/20c6b71b-344a-4e5a-bbc0-00f8c1f21469/aggregates" status: 404 len: 235 microversion: 1.1 [pid: 8|app: 0|req: 606/1206] 10.0.0.134 () {32 vars in 814 bytes} [Mon Jul 6 03:10:57 2026] GET /resource_providers/20c6b71b-344a-4e5a-bbc0-00f8c1f21469/aggregates => generated 235 bytes in 113 msecs (HTTP/1.1 404) 5 headers in 202 bytes (1 switches on core 0)
2026-07-06 03:10:57.509 7 INFO placement.requestlog [None req-5bb412b7-b360-4fdd-b6ec-4eae2319b998 13acdbaae7a64dc3baf77bd571aebd69 bc71779cecc84092a5442ffc67ad6b33 - - 8ac31541d7b14d5281210efc2bbea991 8ac31541d7b14d5281210efc2bbea991] 10.0.0.134 "GET /resource_providers/20c6b71b-344a-4e5a-bbc0-00f8c1f21469/aggregates" status: 404 len: 235 microversion: 1.1 [pid: 7|app: 0|req: 601/1207] 10.0.0.134 () {32 vars in 814 bytes} [Mon Jul 6 03:10:57 2026] GET /resource_providers/20c6b71b-344a-4e5a-bbc0-00f8c1f21469/aggregates => generated 235 bytes in 124 msecs (HTTP/1.1 404) 5 headers in 202 bytes (1 switches on core 0)
2026-07-06 03:10:57.524 8 INFO placement.requestlog [None req-959b18b0-1d6b-4cef-9959-b527f6a8810d 13acdbaae7a64dc3baf77bd571aebd69 bc71779cecc84092a5442ffc67ad6b33 - - 8ac31541d7b14d5281210efc2bbea991 8ac31541d7b14d5281210efc2bbea991] 10.0.0.134 "DELETE /resource_providers/20c6b71b-344a-4e5a-bbc0-00f8c1f21469" status: 404 len: 246 microversion: 1.1 [pid: 8|app: 0|req: 607/1208] 10.0.0.134 () {34 vars in 814 bytes} [Mon Jul 6 03:10:57 2026] DELETE /resource_providers/20c6b71b-344a-4e5a-bbc0-00f8c1f21469 => generated 246 bytes in 10 msecs (HTTP/1.1 404) 6 headers in 231 bytes (1 switches on core 0)
2026-07-06 03:10:57.529 7 INFO placement.requestlog [None req-c8bc8d7f-5233-4e3a-b73e-c3fe2cfbeaa0 13acdbaae7a64dc3baf77bd571aebd69 bc71779cecc84092a5442ffc67ad6b33 - - 8ac31541d7b14d5281210efc2bbea991 8ac31541d7b14d5281210efc2bbea991] 10.0.0.134 "DELETE /resource_providers/20c6b71b-344a-4e5a-bbc0-00f8c1f21469" status: 404 len: 246 microversion: 1.1 [pid: 7|app: 0|req: 602/1209] 10.0.0.134 () {34 vars in 814 bytes} [Mon Jul 6 03:10:57 2026] DELETE /resource_providers/20c6b71b-344a-4e5a-bbc0-00f8c1f21469 => generated 246 bytes in 11 msecs (HTTP/1.1 404) 6 headers in 231 bytes (1 switches on core 0)
2026-07-06 03:10:57.959 7 INFO placement.requestlog [None req-7d74d17e-f9ee-4433-b4ca-324ddf8d5f09 - - - - - -] 10.0.0.91 "GET /" status: 200 len: 136 microversion: 1.0
2026-07-06 03:10:57.959 8 INFO placement.requestlog [None req-a3f56da8-dad8-42a0-8ab2-85ba345b901a - - - - - -] 10.0.0.91 "GET /" status: 200 len: 136 microversion: 1.0
2026-07-06 03:10:59.262 7 INFO placement.requestlog [None req-0b232061-fdc6-44bc-abde-992fba18960e 13acdbaae7a64dc3baf77bd571aebd69 bc71779cecc84092a5442ffc67ad6b33 - - 8ac31541d7b14d5281210efc2bbea991 8ac31541d7b14d5281210efc2bbea991] 10.0.0.134 "GET /resource_providers/a4aac625-8032-4467-83c7-e7e0b957d201/aggregates" status: 404 len: 235 microversion: 1.1 [pid: 7|app: 0|req: 604/1212] 10.0.0.134 () {32 vars in 814 bytes} [Mon Jul 6 03:10:59 2026] GET /resource_providers/a4aac625-8032-4467-83c7-e7e0b957d201/aggregates => generated 235 bytes in 9 msecs (HTTP/1.1 404) 5 headers in 202 bytes (1 switches on core 0)
2026-07-06 03:10:59.264 8 INFO placement.requestlog [None req-1b9d26c1-261b-453d-b8c0-10842e6ab936 13acdbaae7a64dc3baf77bd571aebd69 bc71779cecc84092a5442ffc67ad6b33 - - 8ac31541d7b14d5281210efc2bbea991 8ac31541d7b14d5281210efc2bbea991] 10.0.0.134 "GET /resource_providers/a4aac625-8032-4467-83c7-e7e0b957d201/aggregates" status: 404 len: 235 microversion: 1.1 [pid: 8|app: 0|req: 609/1213] 10.0.0.134 () {32 vars in 814 bytes} [Mon Jul 6 03:10:59 2026] GET /resource_providers/a4aac625-8032-4467-83c7-e7e0b957d201/aggregates => generated 235 bytes in 13 msecs (HTTP/1.1 404) 5 headers in 202 bytes (1 switches on core 0)
2026-07-06 03:10:59.280 7 INFO placement.requestlog [None req-60e54ce4-ab01-4063-a71d-df9619247066 13acdbaae7a64dc3baf77bd571aebd69 bc71779cecc84092a5442ffc67ad6b33 - - 8ac31541d7b14d5281210efc2bbea991 8ac31541d7b14d5281210efc2bbea991] 10.0.0.134 "DELETE /resource_providers/a4aac625-8032-4467-83c7-e7e0b957d201" status: 404 len: 246 microversion: 1.1 [pid: 7|app: 0|req: 605/1214] 10.0.0.134 () {34 vars in 814 bytes} [Mon Jul 6 03:10:59 2026] DELETE /resource_providers/a4aac625-8032-4467-83c7-e7e0b957d201 => generated 246 bytes in 7 msecs (HTTP/1.1 404) 6 headers in 231 bytes (1 switches on core 0)
2026-07-06 03:10:59.283 8 INFO placement.requestlog [None req-2b0a0c68-9458-45d2-b252-4795d1d762e4 13acdbaae7a64dc3baf77bd571aebd69 bc71779cecc84092a5442ffc67ad6b33 - - 8ac31541d7b14d5281210efc2bbea991 8ac31541d7b14d5281210efc2bbea991] 10.0.0.134 "DELETE /resource_providers/a4aac625-8032-4467-83c7-e7e0b957d201" status: 404 len: 246 microversion: 1.1 [pid: 8|app: 0|req: 610/1215] 10.0.0.134 () {34 vars in 814 bytes} [Mon Jul 6 03:10:59 2026] DELETE /resource_providers/a4aac625-8032-4467-83c7-e7e0b957d201 => generated 246 bytes in 8 msecs (HTTP/1.1 404) 6 headers in 231 bytes (1 switches on core 0)
2026-07-06 03:10:59.304 7 INFO placement.requestlog [None req-bba88561-5907-4ed9-a079-50b48b14c389 13acdbaae7a64dc3baf77bd571aebd69 bc71779cecc84092a5442ffc67ad6b33 - - 8ac31541d7b14d5281210efc2bbea991 8ac31541d7b14d5281210efc2bbea991] 10.0.0.134 "GET /resource_providers/ce0a8808-5b9d-48e8-a98d-87b0d035766e/aggregates" status: 404 len: 235 microversion: 1.1 [pid: 7|app: 0|req: 606/1216] 10.0.0.134 () {32 vars in 814 bytes} [Mon Jul 6 03:10:59 2026] GET /resource_providers/ce0a8808-5b9d-48e8-a98d-87b0d035766e/aggregates => generated 235 bytes in 10 msecs (HTTP/1.1 404) 5 headers in 202 bytes (1 switches on core 0)
2026-07-06 03:10:59.311 8 INFO placement.requestlog [None req-5e38581c-8596-45c1-ae85-55def1987352 13acdbaae7a64dc3baf77bd571aebd69 bc71779cecc84092a5442ffc67ad6b33 - - 8ac31541d7b14d5281210efc2bbea991 8ac31541d7b14d5281210efc2bbea991] 10.0.0.134 "GET /resource_providers/ce0a8808-5b9d-48e8-a98d-87b0d035766e/aggregates" status: 404 len: 235 microversion: 1.1 [pid: 8|app: 0|req: 611/1217] 10.0.0.134 () {32 vars in 814 bytes} [Mon Jul 6 03:10:59 2026] GET /resource_providers/ce0a8808-5b9d-48e8-a98d-87b0d035766e/aggregates => generated 235 bytes in 9 msecs (HTTP/1.1 404) 5 headers in 202 bytes (1 switches on core 0)
2026-07-06 03:10:59.326 8 INFO placement.requestlog [None req-636e7eb7-aff2-41da-b025-3beac3572d40 13acdbaae7a64dc3baf77bd571aebd69 bc71779cecc84092a5442ffc67ad6b33 - - 8ac31541d7b14d5281210efc2bbea991 8ac31541d7b14d5281210efc2bbea991] 10.0.0.134 "DELETE /resource_providers/ce0a8808-5b9d-48e8-a98d-87b0d035766e" status: 404 len: 246 microversion: 1.1 [pid: 8|app: 0|req: 612/1218] 10.0.0.134 () {34 vars in 814 bytes} [Mon Jul 6 03:10:59 2026] DELETE /resource_providers/ce0a8808-5b9d-48e8-a98d-87b0d035766e => generated 246 bytes in 7 msecs (HTTP/1.1 404) 6 headers in 231 bytes (1 switches on core 0)
2026-07-06 03:10:59.328 7 INFO placement.requestlog [None req-010d4ac9-569a-43da-9d84-b8a891d9c154 13acdbaae7a64dc3baf77bd571aebd69 bc71779cecc84092a5442ffc67ad6b33 - - 8ac31541d7b14d5281210efc2bbea991 8ac31541d7b14d5281210efc2bbea991] 10.0.0.134 "DELETE /resource_providers/ce0a8808-5b9d-48e8-a98d-87b0d035766e" status: 404 len: 246 microversion: 1.1 [pid: 7|app: 0|req: 607/1219] 10.0.0.134 () {34 vars in 814 bytes} [Mon Jul 6 03:10:59 2026] DELETE /resource_providers/ce0a8808-5b9d-48e8-a98d-87b0d035766e => generated 246 bytes in 11 msecs (HTTP/1.1 404) 6 headers in 231 bytes (1 switches on core 0)
2026-07-06 03:10:59.351 8 INFO placement.requestlog [None req-1f154a59-61ad-49f0-b2df-56eb1f97ebab 13acdbaae7a64dc3baf77bd571aebd69 bc71779cecc84092a5442ffc67ad6b33 - - 8ac31541d7b14d5281210efc2bbea991 8ac31541d7b14d5281210efc2bbea991] 10.0.0.134 "GET /resource_providers/f5bd14d5-42f9-4ab7-ad70-4f2df8e475a3/aggregates" status: 404 len: 235 microversion: 1.1
2026-07-06 03:10:59.351 7 INFO placement.requestlog [None req-c6ccfee2-f59f-42a3-8b01-92a103e7ef85 13acdbaae7a64dc3baf77bd571aebd69 bc71779cecc84092a5442ffc67ad6b33 - - 8ac31541d7b14d5281210efc2bbea991 8ac31541d7b14d5281210efc2bbea991] 10.0.0.134 "GET /resource_providers/f5bd14d5-42f9-4ab7-ad70-4f2df8e475a3/aggregates" status: 404 len: 235 microversion: 1.1 [pid: 8|app: 0|req: 613/1221] 10.0.0.134 () {32 vars in 814 bytes} [Mon Jul 6 03:10:59 2026] GET /resource_providers/f5bd14d5-42f9-4ab7-ad70-4f2df8e475a3/aggregates => generated 235 bytes in 9 msecs (HTTP/1.1 404) 5 headers in 202 bytes (1 switches on core 0) [pid: 7|app: 0|req: 608/1221] 10.0.0.134 () {32 vars in 814 bytes} [Mon Jul 6 03:10:59 2026] GET /resource_providers/f5bd14d5-42f9-4ab7-ad70-4f2df8e475a3/aggregates => generated 235 bytes in 9 msecs (HTTP/1.1 404) 5 headers in 202 bytes (1 switches on core 0)
2026-07-06 03:10:59.373 8 INFO placement.requestlog [None req-63c01219-a869-41c5-9c1f-ecc0231d265c 13acdbaae7a64dc3baf77bd571aebd69 bc71779cecc84092a5442ffc67ad6b33 - - 8ac31541d7b14d5281210efc2bbea991 8ac31541d7b14d5281210efc2bbea991] 10.0.0.134 "DELETE /resource_providers/f5bd14d5-42f9-4ab7-ad70-4f2df8e475a3" status: 404 len: 246 microversion: 1.1 [pid: 8|app: 0|req: 614/1222] 10.0.0.134 () {34 vars in 814 bytes} [Mon Jul 6 03:10:59 2026] DELETE /resource_providers/f5bd14d5-42f9-4ab7-ad70-4f2df8e475a3 => generated 246 bytes in 10 msecs (HTTP/1.1 404) 6 headers in 231 bytes (1 switches on core 0)
2026-07-06 03:10:59.383 7 INFO placement.requestlog [None req-26510e64-2312-4afa-9b91-8666fbaacfde 13acdbaae7a64dc3baf77bd571aebd69 bc71779cecc84092a5442ffc67ad6b33 - - 8ac31541d7b14d5281210efc2bbea991 8ac31541d7b14d5281210efc2bbea991] 10.0.0.134 "DELETE /resource_providers/f5bd14d5-42f9-4ab7-ad70-4f2df8e475a3" status: 404 len: 246 microversion: 1.1 [pid: 7|app: 0|req: 609/1223] 10.0.0.134 () {34 vars in 814 bytes} [Mon Jul 6 03:10:59 2026] DELETE /resource_providers/f5bd14d5-42f9-4ab7-ad70-4f2df8e475a3 => generated 246 bytes in 17 msecs (HTTP/1.1 404) 6 headers in 231 bytes (1 switches on core 0)
2026-07-06 03:11:07.958 7 INFO placement.requestlog [None req-447fcc80-132d-4b4b-8559-5b55633a38a7 - - - - - -] 10.0.0.91 "GET /" status: 200 len: 136 microversion: 1.0
2026-07-06 03:11:07.959 8 INFO placement.requestlog [None req-b28789c2-958c-4a9e-9625-87981d8f905b - - - - - -] 10.0.0.91 "GET /" status: 200 len: 136 microversion: 1.0
2026-07-06 03:11:17.958 8 INFO placement.requestlog [None req-7b622842-1746-49f3-9915-d60e14ac46be - - - - - -] 10.0.0.91 "GET /" status: 200 len: 136 microversion: 1.0
2026-07-06 03:11:17.959 7 INFO placement.requestlog [None req-906bbe67-b62d-4251-aacc-cf1f77a1999e - - - - - -] 10.0.0.91 "GET /" status: 200 len: 136 microversion: 1.0
2026-07-06 03:11:27.961 8 INFO placement.requestlog [None req-3f7b4020-8e9f-4d18-baf4-f76ee78b7890 - - - - - -] 10.0.0.91 "GET /" status: 200 len: 136 microversion: 1.0
2026-07-06 03:11:27.963 7 INFO placement.requestlog [None req-d6aec448-aeeb-441d-b62a-3b32d558bb3f - - - - - -] 10.0.0.91 "GET /" status: 200 len: 136 microversion: 1.0
2026-07-06 03:11:37.958 7 INFO placement.requestlog [None req-811ab53e-8f1d-424e-9d5c-ca1cc1a479d0 - - - - - -] 10.0.0.91 "GET /" status: 200 len: 136 microversion: 1.0
2026-07-06 03:11:37.959 8 INFO placement.requestlog [None req-e0b68c50-9ca6-4c8c-afa5-78a9ec444a44 - - - - - -] 10.0.0.91 "GET /" status: 200 len: 136 microversion: 1.0
2026-07-06 03:11:45.509 7 INFO placement.requestlog [req-27945dcb-7594-446a-be9d-df8f33d8fe10 req-62d6a8e4-059c-45ff-b4bc-00a89ea638fe 3bdb634236d0491eb5d8fa7f5b7b9d77 bc71779cecc84092a5442ffc67ad6b33 - - 8ac31541d7b14d5281210efc2bbea991 8ac31541d7b14d5281210efc2bbea991] 199.204.45.205 "GET /resource_providers/ce3887fd-158d-4947-b68b-d065cdaf3152/allocations" status: 200 len: 340 microversion: 1.0 [pid: 7|app: 0|req: 614/1232] 199.204.45.205 () {32 vars in 855 bytes} [Mon Jul 6 03:11:45 2026] GET /resource_providers/ce3887fd-158d-4947-b68b-d065cdaf3152/allocations => generated 340 bytes in 20 msecs (HTTP/1.1 200) 6 headers in 224 bytes (1 switches on core 0)
2026-07-06 03:11:45.534 8 INFO placement.requestlog [req-27945dcb-7594-446a-be9d-df8f33d8fe10 req-5495be73-914b-4c6e-a67c-9a297b9aea09 3bdb634236d0491eb5d8fa7f5b7b9d77 bc71779cecc84092a5442ffc67ad6b33 - - 8ac31541d7b14d5281210efc2bbea991 8ac31541d7b14d5281210efc2bbea991] 199.204.45.205 "GET /resource_providers/ce3887fd-158d-4947-b68b-d065cdaf3152/allocations" status: 200 len: 340 microversion: 1.0 [pid: 8|app: 0|req: 619/1233] 199.204.45.205 () {32 vars in 855 bytes} [Mon Jul 6 03:11:45 2026] GET /resource_providers/ce3887fd-158d-4947-b68b-d065cdaf3152/allocations => generated 340 bytes in 17 msecs (HTTP/1.1 200) 6 headers in 224 bytes (1 switches on core 0)
2026-07-06 03:11:45.558 7 INFO placement.requestlog [req-27945dcb-7594-446a-be9d-df8f33d8fe10 req-63360a64-b57a-4846-b2b4-0a535cdfe939 3bdb634236d0491eb5d8fa7f5b7b9d77 bc71779cecc84092a5442ffc67ad6b33 - - 8ac31541d7b14d5281210efc2bbea991 8ac31541d7b14d5281210efc2bbea991] 199.204.45.205 "GET /allocations/d950c87d-5690-4554-bb66-f96d45c4b0be" status: 200 len: 245 microversion: 1.28 [pid: 7|app: 0|req: 615/1234] 199.204.45.205 () {34 vars in 861 bytes} [Mon Jul 6 03:11:45 2026] GET /allocations/d950c87d-5690-4554-bb66-f96d45c4b0be => generated 245 bytes in 18 msecs (HTTP/1.1 200) 8 headers in 296 bytes (1 switches on core 0)
2026-07-06 03:11:45.580 8 INFO placement.requestlog [req-27945dcb-7594-446a-be9d-df8f33d8fe10 req-223b8467-6c61-4d0a-9e22-013cec991c73 3bdb634236d0491eb5d8fa7f5b7b9d77 bc71779cecc84092a5442ffc67ad6b33 - - 8ac31541d7b14d5281210efc2bbea991 8ac31541d7b14d5281210efc2bbea991] 199.204.45.205 "GET /allocations/7fedd114-5f2e-47bc-beff-1bd259a56fd4" status: 200 len: 258 microversion: 1.28 [pid: 8|app: 0|req: 620/1235] 199.204.45.205 () {34 vars in 861 bytes} [Mon Jul 6 03:11:45 2026] GET /allocations/7fedd114-5f2e-47bc-beff-1bd259a56fd4 => generated 258 bytes in 11 msecs (HTTP/1.1 200) 8 headers in 296 bytes (1 switches on core 0)
2026-07-06 03:11:45.598 7 INFO placement.requestlog [req-27945dcb-7594-446a-be9d-df8f33d8fe10 req-eeb12825-0d04-40b9-ac2e-4fc91749e420 3bdb634236d0491eb5d8fa7f5b7b9d77 bc71779cecc84092a5442ffc67ad6b33 - - 8ac31541d7b14d5281210efc2bbea991 8ac31541d7b14d5281210efc2bbea991] 199.204.45.205 "GET /allocations/7816809a-a690-4648-81f0-2c4d49d10ee1" status: 200 len: 258 microversion: 1.28 [pid: 7|app: 0|req: 616/1236] 199.204.45.205 () {34 vars in 861 bytes} [Mon Jul 6 03:11:45 2026] GET /allocations/7816809a-a690-4648-81f0-2c4d49d10ee1 => generated 258 bytes in 13 msecs (HTTP/1.1 200) 8 headers in 296 bytes (1 switches on core 0)
2026-07-06 03:11:47.958 7 INFO placement.requestlog [None req-09428fe2-3daa-4312-8f43-d830f84f54dd - - - - - -] 10.0.0.91 "GET /" status: 200 len: 136 microversion: 1.0
2026-07-06 03:11:47.959 8 INFO placement.requestlog [None req-74b97233-4a8f-4c7b-b318-559145cb72d8 - - - - - -] 10.0.0.91 "GET /" status: 200 len: 136 microversion: 1.0
2026-07-06 03:11:57.959 8 INFO placement.requestlog [None req-eadeb0e7-4950-4f6d-b8db-6b6e72135d93 - - - - - -] 10.0.0.91 "GET /" status: 200 len: 136 microversion: 1.0
2026-07-06 03:11:57.959 7 INFO placement.requestlog [None req-4e415e11-a36e-4f0b-96aa-154510ad183f - - - - - -] 10.0.0.91 "GET /" status: 200 len: 136 microversion: 1.0
2026-07-06 03:12:07.958 7 INFO placement.requestlog [None req-250c00b9-14e5-4997-8556-30385563fadd - - - - - -] 10.0.0.91 "GET /" status: 200 len: 136 microversion: 1.0
2026-07-06 03:12:07.959 8 INFO placement.requestlog [None req-2759d3b2-3d91-4114-a3e9-b24badc3b924 - - - - - -] 10.0.0.91 "GET /" status: 200 len: 136 microversion: 1.0
2026-07-06 03:12:17.959 7 INFO placement.requestlog [None req-ac580370-4289-4639-abac-df8577cfcadb - - - - - -] 10.0.0.91 "GET /" status: 200 len: 136 microversion: 1.0
2026-07-06 03:12:17.962 8 INFO placement.requestlog [None req-0d07832d-439d-40b6-91dc-d2289bd7def0 - - - - - -] 10.0.0.91 "GET /" status: 200 len: 136 microversion: 1.0
2026-07-06 03:12:19.049 7 INFO placement.requestlog [req-4f28db75-d703-4b2b-a086-ba7124b40374 req-ec98fca4-aa3d-47ec-baba-55976019cf3b 3bdb634236d0491eb5d8fa7f5b7b9d77 bc71779cecc84092a5442ffc67ad6b33 - - 8ac31541d7b14d5281210efc2bbea991 8ac31541d7b14d5281210efc2bbea991] 199.204.45.205 "GET /resource_providers/ce3887fd-158d-4947-b68b-d065cdaf3152/allocations" status: 200 len: 340 microversion: 1.0 [pid: 7|app: 0|req: 621/1245] 199.204.45.205 () {32 vars in 855 bytes} [Mon Jul 6 03:12:19 2026] GET /resource_providers/ce3887fd-158d-4947-b68b-d065cdaf3152/allocations => generated 340 bytes in 24 msecs (HTTP/1.1 200) 6 headers in 224 bytes (1 switches on core 0)
2026-07-06 03:12:19.074 8 INFO placement.requestlog [req-4f28db75-d703-4b2b-a086-ba7124b40374 req-2eaf6462-4020-4a5f-8bae-3aff00c6f658 3bdb634236d0491eb5d8fa7f5b7b9d77 bc71779cecc84092a5442ffc67ad6b33 - - 8ac31541d7b14d5281210efc2bbea991 8ac31541d7b14d5281210efc2bbea991] 199.204.45.205 "GET /allocations/d950c87d-5690-4554-bb66-f96d45c4b0be" status: 200 len: 245 microversion: 1.28 [pid: 8|app: 0|req: 625/1246] 199.204.45.205 () {34 vars in 861 bytes} [Mon Jul 6 03:12:19 2026] GET /allocations/d950c87d-5690-4554-bb66-f96d45c4b0be => generated 245 bytes in 17 msecs (HTTP/1.1 200) 8 headers in 296 bytes (1 switches on core 0)
2026-07-06 03:12:19.098 7 INFO placement.requestlog [req-4f28db75-d703-4b2b-a086-ba7124b40374 req-fbf00ae4-b59f-4963-a8fe-8f53d39f030f 3bdb634236d0491eb5d8fa7f5b7b9d77 bc71779cecc84092a5442ffc67ad6b33 - - 8ac31541d7b14d5281210efc2bbea991 8ac31541d7b14d5281210efc2bbea991] 199.204.45.205 "GET /allocations/7fedd114-5f2e-47bc-beff-1bd259a56fd4" status: 200 len: 258 microversion: 1.28 [pid: 7|app: 0|req: 622/1247] 199.204.45.205 () {34 vars in 861 bytes} [Mon Jul 6 03:12:19 2026] GET /allocations/7fedd114-5f2e-47bc-beff-1bd259a56fd4 => generated 258 bytes in 13 msecs (HTTP/1.1 200) 8 headers in 296 bytes (1 switches on core 0)
2026-07-06 03:12:19.117 8 INFO placement.requestlog [req-4f28db75-d703-4b2b-a086-ba7124b40374 req-9b739e86-9b82-406d-aa07-6074aadc07a9 3bdb634236d0491eb5d8fa7f5b7b9d77 bc71779cecc84092a5442ffc67ad6b33 - - 8ac31541d7b14d5281210efc2bbea991 8ac31541d7b14d5281210efc2bbea991] 199.204.45.205 "GET /allocations/7816809a-a690-4648-81f0-2c4d49d10ee1" status: 200 len: 258 microversion: 1.28 [pid: 8|app: 0|req: 626/1248] 199.204.45.205 () {34 vars in 861 bytes} [Mon Jul 6 03:12:19 2026] GET /allocations/7816809a-a690-4648-81f0-2c4d49d10ee1 => generated 258 bytes in 11 msecs (HTTP/1.1 200) 8 headers in 296 bytes (1 switches on core 0)
2026-07-06 03:12:20.163 7 INFO placement.requestlog [req-4f28db75-d703-4b2b-a086-ba7124b40374 req-5159d42e-7087-4d4f-b515-ca58779c8d30 3bdb634236d0491eb5d8fa7f5b7b9d77 bc71779cecc84092a5442ffc67ad6b33 - - 8ac31541d7b14d5281210efc2bbea991 8ac31541d7b14d5281210efc2bbea991] 199.204.45.205 "DELETE /allocations/d950c87d-5690-4554-bb66-f96d45c4b0be" status: 204 len: 0 microversion: 1.0 [pid: 7|app: 0|req: 623/1249] 199.204.45.205 () {34 vars in 839 bytes} [Mon Jul 6 03:12:20 2026] DELETE /allocations/d950c87d-5690-4554-bb66-f96d45c4b0be => generated 0 bytes in 26 msecs (HTTP/1.1 204) 5 headers in 198 bytes (1 switches on core 0)
2026-07-06 03:12:22.884 8 INFO placement.requestlog [req-fa8b18c7-f40b-4fbd-8349-372109a53c71 req-85d80a73-5769-477a-8905-20da9ff2b363 3bdb634236d0491eb5d8fa7f5b7b9d77 bc71779cecc84092a5442ffc67ad6b33 - - 8ac31541d7b14d5281210efc2bbea991 8ac31541d7b14d5281210efc2bbea991] 199.204.45.205 "GET /resource_providers/ce3887fd-158d-4947-b68b-d065cdaf3152/allocations" status: 200 len: 253 microversion: 1.0 [pid: 8|app: 0|req: 627/1250] 199.204.45.205 () {32 vars in 855 bytes} [Mon Jul 6 03:12:22 2026] GET /resource_providers/ce3887fd-158d-4947-b68b-d065cdaf3152/allocations => generated 253 bytes in 21 msecs (HTTP/1.1 200) 6 headers in 224 bytes (1 switches on core 0)
2026-07-06 03:12:22.902 7 INFO placement.requestlog [req-fa8b18c7-f40b-4fbd-8349-372109a53c71 req-c98994c1-1420-45b3-b09d-c0cc1c4dde43 3bdb634236d0491eb5d8fa7f5b7b9d77 bc71779cecc84092a5442ffc67ad6b33 - - 8ac31541d7b14d5281210efc2bbea991 8ac31541d7b14d5281210efc2bbea991] 199.204.45.205 "GET /allocations/7fedd114-5f2e-47bc-beff-1bd259a56fd4" status: 200 len: 258 microversion: 1.28 [pid: 7|app: 0|req: 624/1251] 199.204.45.205 () {34 vars in 861 bytes} [Mon Jul 6 03:12:22 2026] GET /allocations/7fedd114-5f2e-47bc-beff-1bd259a56fd4 => generated 258 bytes in 14 msecs (HTTP/1.1 200) 8 headers in 296 bytes (1 switches on core 0)
2026-07-06 03:12:22.917 8 INFO placement.requestlog [req-fa8b18c7-f40b-4fbd-8349-372109a53c71 req-d739450f-3da0-4a1b-b50e-359ea73e1fd6 3bdb634236d0491eb5d8fa7f5b7b9d77 bc71779cecc84092a5442ffc67ad6b33 - - 8ac31541d7b14d5281210efc2bbea991 8ac31541d7b14d5281210efc2bbea991] 199.204.45.205 "GET /allocations/7816809a-a690-4648-81f0-2c4d49d10ee1" status: 200 len: 258 microversion: 1.28 [pid: 8|app: 0|req: 628/1252] 199.204.45.205 () {34 vars in 861 bytes} [Mon Jul 6 03:12:22 2026] GET /allocations/7816809a-a690-4648-81f0-2c4d49d10ee1 => generated 258 bytes in 12 msecs (HTTP/1.1 200) 8 headers in 296 bytes (1 switches on core 0)
2026-07-06 03:12:23.971 7 INFO placement.requestlog [req-fa8b18c7-f40b-4fbd-8349-372109a53c71 req-6bbaf57a-d11c-4287-8706-acd39c6eefb3 3bdb634236d0491eb5d8fa7f5b7b9d77 bc71779cecc84092a5442ffc67ad6b33 - - 8ac31541d7b14d5281210efc2bbea991 8ac31541d7b14d5281210efc2bbea991] 199.204.45.205 "DELETE /allocations/7816809a-a690-4648-81f0-2c4d49d10ee1" status: 204 len: 0 microversion: 1.0 [pid: 7|app: 0|req: 625/1253] 199.204.45.205 () {34 vars in 839 bytes} [Mon Jul 6 03:12:23 2026] DELETE /allocations/7816809a-a690-4648-81f0-2c4d49d10ee1 => generated 0 bytes in 27 msecs (HTTP/1.1 204) 5 headers in 198 bytes (1 switches on core 0)
2026-07-06 03:12:27.959 8 INFO placement.requestlog [None req-c4e5fdbc-ad69-4f8b-859a-ea57bccf817f - - - - - -] 10.0.0.91 "GET /" status: 200 len: 136 microversion: 1.0
2026-07-06 03:12:27.960 7 INFO placement.requestlog [None req-07e7e3fe-5699-425d-a2ae-3552529f12a5 - - - - - -] 10.0.0.91 "GET /" status: 200 len: 136 microversion: 1.0
2026-07-06 03:12:33.956 8 INFO placement.requestlog [req-3b700578-dafb-4e37-93e3-c02c85dbe8fe req-c4ed3d4e-a422-4d3a-94bf-6db9e157a919 3bdb634236d0491eb5d8fa7f5b7b9d77 bc71779cecc84092a5442ffc67ad6b33 - - 8ac31541d7b14d5281210efc2bbea991 8ac31541d7b14d5281210efc2bbea991] 199.204.45.205 "GET /resource_providers/ce3887fd-158d-4947-b68b-d065cdaf3152/allocations" status: 200 len: 153 microversion: 1.0 [pid: 8|app: 0|req: 630/1256] 199.204.45.205 () {32 vars in 855 bytes} [Mon Jul 6 03:12:33 2026] GET /resource_providers/ce3887fd-158d-4947-b68b-d065cdaf3152/allocations => generated 153 bytes in 28 msecs (HTTP/1.1 200) 6 headers in 224 bytes (1 switches on core 0)
2026-07-06 03:12:33.975 7 INFO placement.requestlog [req-3b700578-dafb-4e37-93e3-c02c85dbe8fe req-ef6bb096-ccc7-431c-8ef4-b1fa8c07f419 3bdb634236d0491eb5d8fa7f5b7b9d77 bc71779cecc84092a5442ffc67ad6b33 - - 8ac31541d7b14d5281210efc2bbea991 8ac31541d7b14d5281210efc2bbea991] 199.204.45.205 "GET /allocations/7fedd114-5f2e-47bc-beff-1bd259a56fd4" status: 200 len: 258 microversion: 1.28 [pid: 7|app: 0|req: 627/1257] 199.204.45.205 () {34 vars in 861 bytes} [Mon Jul 6 03:12:33 2026] GET /allocations/7fedd114-5f2e-47bc-beff-1bd259a56fd4 => generated 258 bytes in 13 msecs (HTTP/1.1 200) 8 headers in 296 bytes (1 switches on core 0)
2026-07-06 03:12:35.034 8 INFO placement.requestlog [req-3b700578-dafb-4e37-93e3-c02c85dbe8fe req-59938ca6-951c-450a-94fb-dc07c976ee7f 3bdb634236d0491eb5d8fa7f5b7b9d77 bc71779cecc84092a5442ffc67ad6b33 - - 8ac31541d7b14d5281210efc2bbea991 8ac31541d7b14d5281210efc2bbea991] 199.204.45.205 "DELETE /allocations/7fedd114-5f2e-47bc-beff-1bd259a56fd4" status: 204 len: 0 microversion: 1.0 [pid: 8|app: 0|req: 631/1258] 199.204.45.205 () {34 vars in 839 bytes} [Mon Jul 6 03:12:35 2026] DELETE /allocations/7fedd114-5f2e-47bc-beff-1bd259a56fd4 => generated 0 bytes in 26 msecs (HTTP/1.1 204) 5 headers in 198 bytes (1 switches on core 0)
2026-07-06 03:12:37.957 7 INFO placement.requestlog [None req-fd196dcb-4169-4c66-9646-46cf8769601d - - - - - -] 10.0.0.91 "GET /" status: 200 len: 136 microversion: 1.0
2026-07-06 03:12:37.958 8 INFO placement.requestlog [None req-7987e1fb-0c36-41e7-a351-b327a2049387 - - - - - -] 10.0.0.91 "GET /" status: 200 len: 136 microversion: 1.0
2026-07-06 03:12:43.977 7 INFO placement.requestlog [req-163f6cb1-b734-4166-96a6-6c2e3f257cd4 req-211cdec3-eba9-4c1e-869f-0fe57ad01115 3bdb634236d0491eb5d8fa7f5b7b9d77 bc71779cecc84092a5442ffc67ad6b33 - - 8ac31541d7b14d5281210efc2bbea991 8ac31541d7b14d5281210efc2bbea991] 199.204.45.205 "GET /resource_providers/ce3887fd-158d-4947-b68b-d065cdaf3152/allocations" status: 200 len: 55 microversion: 1.0 [pid: 7|app: 0|req: 629/1261] 199.204.45.205 () {32 vars in 855 bytes} [Mon Jul 6 03:12:43 2026] GET /resource_providers/ce3887fd-158d-4947-b68b-d065cdaf3152/allocations => generated 55 bytes in 9 msecs (HTTP/1.1 200) 6 headers in 223 bytes (1 switches on core 0)
2026-07-06 03:12:43.996 8 INFO placement.requestlog [req-163f6cb1-b734-4166-96a6-6c2e3f257cd4 req-f36210d9-d79d-42e7-9c1d-fd5fbad1689b 3bdb634236d0491eb5d8fa7f5b7b9d77 bc71779cecc84092a5442ffc67ad6b33 - - 8ac31541d7b14d5281210efc2bbea991 8ac31541d7b14d5281210efc2bbea991] 199.204.45.205 "GET /resource_providers/ce3887fd-158d-4947-b68b-d065cdaf3152/allocations" status: 200 len: 55 microversion: 1.0 [pid: 8|app: 0|req: 633/1262] 199.204.45.205 () {32 vars in 855 bytes} [Mon Jul 6 03:12:43 2026] GET /resource_providers/ce3887fd-158d-4947-b68b-d065cdaf3152/allocations => generated 55 bytes in 11 msecs (HTTP/1.1 200) 6 headers in 223 bytes (1 switches on core 0)
2026-07-06 03:12:45.901 7 INFO placement.requestlog [None req-386a40e8-6ba3-4524-8d73-a82d91d191b3 13acdbaae7a64dc3baf77bd571aebd69 bc71779cecc84092a5442ffc67ad6b33 - - 8ac31541d7b14d5281210efc2bbea991 8ac31541d7b14d5281210efc2bbea991] 10.0.0.134 "GET /resource_providers/79400583-9d5a-4e2a-a3ec-67d8616a8a9c/aggregates" status: 404 len: 235 microversion: 1.1 [pid: 7|app: 0|req: 630/1263] 10.0.0.134 () {32 vars in 814 bytes} [Mon Jul 6 03:12:45 2026] GET /resource_providers/79400583-9d5a-4e2a-a3ec-67d8616a8a9c/aggregates => generated 235 bytes in 110 msecs (HTTP/1.1 404) 5 headers in 202 bytes (1 switches on core 0)
2026-07-06 03:12:45.921 7 INFO placement.requestlog [None req-75798d1b-ec6e-400e-b154-cbeebede391b 13acdbaae7a64dc3baf77bd571aebd69 bc71779cecc84092a5442ffc67ad6b33 - - 8ac31541d7b14d5281210efc2bbea991 8ac31541d7b14d5281210efc2bbea991] 10.0.0.134 "DELETE /resource_providers/79400583-9d5a-4e2a-a3ec-67d8616a8a9c" status: 404 len: 246 microversion: 1.1 [pid: 7|app: 0|req: 631/1264] 10.0.0.134 () {34 vars in 814 bytes} [Mon Jul 6 03:12:45 2026] DELETE /resource_providers/79400583-9d5a-4e2a-a3ec-67d8616a8a9c => generated 246 bytes in 6 msecs (HTTP/1.1 404) 6 headers in 231 bytes (1 switches on core 0)
2026-07-06 03:12:45.925 8 INFO placement.requestlog [None req-c5a27eef-cd2b-47f6-abfe-afa5fc161651 13acdbaae7a64dc3baf77bd571aebd69 bc71779cecc84092a5442ffc67ad6b33 - - 8ac31541d7b14d5281210efc2bbea991 8ac31541d7b14d5281210efc2bbea991] 10.0.0.134 "GET /resource_providers/79400583-9d5a-4e2a-a3ec-67d8616a8a9c/aggregates" status: 404 len: 235 microversion: 1.1 [pid: 8|app: 0|req: 634/1265] 10.0.0.134 () {32 vars in 814 bytes} [Mon Jul 6 03:12:45 2026] GET /resource_providers/79400583-9d5a-4e2a-a3ec-67d8616a8a9c/aggregates => generated 235 bytes in 131 msecs (HTTP/1.1 404) 5 headers in 202 bytes (1 switches on core 0)
2026-07-06 03:12:45.950 7 INFO placement.requestlog [None req-e81c7078-f2f1-40e9-bf1d-1a839fee8474 13acdbaae7a64dc3baf77bd571aebd69 bc71779cecc84092a5442ffc67ad6b33 - - 8ac31541d7b14d5281210efc2bbea991 8ac31541d7b14d5281210efc2bbea991] 10.0.0.134 "DELETE /resource_providers/79400583-9d5a-4e2a-a3ec-67d8616a8a9c" status: 404 len: 246 microversion: 1.1 [pid: 7|app: 0|req: 632/1266] 10.0.0.134 () {34 vars in 814 bytes} [Mon Jul 6 03:12:45 2026] DELETE /resource_providers/79400583-9d5a-4e2a-a3ec-67d8616a8a9c => generated 246 bytes in 12 msecs (HTTP/1.1 404) 6 headers in 231 bytes (1 switches on core 0)
2026-07-06 03:12:47.945 8 INFO placement.requestlog [None req-69dad15b-31db-474a-b7f0-a1adef9a821b 13acdbaae7a64dc3baf77bd571aebd69 bc71779cecc84092a5442ffc67ad6b33 - - 8ac31541d7b14d5281210efc2bbea991 8ac31541d7b14d5281210efc2bbea991] 10.0.0.134 "GET /resource_providers/ba48ee9f-b267-47bf-89af-240bb2d093d4/aggregates" status: 404 len: 235 microversion: 1.1 [pid: 8|app: 0|req: 635/1267] 10.0.0.134 () {32 vars in 814 bytes} [Mon Jul 6 03:12:47 2026] GET /resource_providers/ba48ee9f-b267-47bf-89af-240bb2d093d4/aggregates => generated 235 bytes in 9 msecs (HTTP/1.1 404) 5 headers in 202 bytes (1 switches on core 0)
2026-07-06 03:12:47.958 8 INFO placement.requestlog [None req-60f9031f-6b10-4104-afa3-9a51a4e3cc1d - - - - - -] 10.0.0.91 "GET /" status: 200 len: 136 microversion: 1.0
2026-07-06 03:12:47.959 8 INFO placement.requestlog [None req-df1372a7-681d-4179-a779-bdbd8d8f5155 - - - - - -] 10.0.0.91 "GET /" status: 200 len: 136 microversion: 1.0
2026-07-06 03:12:47.969 7 INFO placement.requestlog [None req-d9a1cc4d-31bc-4521-8406-9ad7fd17dade 13acdbaae7a64dc3baf77bd571aebd69 bc71779cecc84092a5442ffc67ad6b33 - - 8ac31541d7b14d5281210efc2bbea991 8ac31541d7b14d5281210efc2bbea991] 10.0.0.134 "DELETE /resource_providers/ba48ee9f-b267-47bf-89af-240bb2d093d4" status: 404 len: 246 microversion: 1.1 [pid: 7|app: 0|req: 633/1270] 10.0.0.134 () {34 vars in 814 bytes} [Mon Jul 6 03:12:47 2026] DELETE /resource_providers/ba48ee9f-b267-47bf-89af-240bb2d093d4 => generated 246 bytes in 17 msecs (HTTP/1.1 404) 6 headers in 231 bytes (1 switches on core 0)
2026-07-06 03:12:47.972 8 INFO placement.requestlog [None req-3e9b8f37-5cfd-4d67-a1ea-906fb34a15c5 13acdbaae7a64dc3baf77bd571aebd69 bc71779cecc84092a5442ffc67ad6b33 - - 8ac31541d7b14d5281210efc2bbea991 8ac31541d7b14d5281210efc2bbea991] 10.0.0.134 "GET /resource_providers/ba48ee9f-b267-47bf-89af-240bb2d093d4/aggregates" status: 404 len: 235 microversion: 1.1 [pid: 8|app: 0|req: 638/1271] 10.0.0.134 () {32 vars in 814 bytes} [Mon Jul 6 03:12:47 2026] GET /resource_providers/ba48ee9f-b267-47bf-89af-240bb2d093d4/aggregates => generated 235 bytes in 7 msecs (HTTP/1.1 404) 5 headers in 202 bytes (1 switches on core 0)
2026-07-06 03:12:48.004 7 INFO placement.requestlog [None req-d3d1b34b-0e86-4525-be4b-7921c1c92b8e 13acdbaae7a64dc3baf77bd571aebd69 bc71779cecc84092a5442ffc67ad6b33 - - 8ac31541d7b14d5281210efc2bbea991 8ac31541d7b14d5281210efc2bbea991] 10.0.0.134 "GET /resource_providers/c8315acd-f9a4-44e4-8664-f059fe5f11ec/aggregates" status: 404 len: 235 microversion: 1.1 [pid: 7|app: 0|req: 634/1272] 10.0.0.134 () {32 vars in 814 bytes} [Mon Jul 6 03:12:47 2026] GET /resource_providers/c8315acd-f9a4-44e4-8664-f059fe5f11ec/aggregates => generated 235 bytes in 17 msecs (HTTP/1.1 404) 5 headers in 202 bytes (1 switches on core 0)
2026-07-06 03:12:48.016 8 INFO placement.requestlog [None req-05bb747e-f0dd-4596-9878-8a47b2c2d7e2 13acdbaae7a64dc3baf77bd571aebd69 bc71779cecc84092a5442ffc67ad6b33 - - 8ac31541d7b14d5281210efc2bbea991 8ac31541d7b14d5281210efc2bbea991] 10.0.0.134 "DELETE /resource_providers/ba48ee9f-b267-47bf-89af-240bb2d093d4" status: 404 len: 246 microversion: 1.1 [pid: 8|app: 0|req: 639/1273] 10.0.0.134 () {34 vars in 814 bytes} [Mon Jul 6 03:12:47 2026] DELETE /resource_providers/ba48ee9f-b267-47bf-89af-240bb2d093d4 => generated 246 bytes in 20 msecs (HTTP/1.1 404) 6 headers in 231 bytes (1 switches on core 0)
2026-07-06 03:12:48.025 7 INFO placement.requestlog [None req-35a5126b-0795-475a-a245-d1089a241a26 13acdbaae7a64dc3baf77bd571aebd69 bc71779cecc84092a5442ffc67ad6b33 - - 8ac31541d7b14d5281210efc2bbea991 8ac31541d7b14d5281210efc2bbea991] 10.0.0.134 "DELETE /resource_providers/c8315acd-f9a4-44e4-8664-f059fe5f11ec" status: 404 len: 246 microversion: 1.1 [pid: 7|app: 0|req: 635/1274] 10.0.0.134 () {34 vars in 814 bytes} [Mon Jul 6 03:12:48 2026] DELETE /resource_providers/c8315acd-f9a4-44e4-8664-f059fe5f11ec => generated 246 bytes in 15 msecs (HTTP/1.1 404) 6 headers in 231 bytes (1 switches on core 0)
2026-07-06 03:12:48.032 8 INFO placement.requestlog [None req-3896ae15-8d6f-4abe-961b-3057572ba562 13acdbaae7a64dc3baf77bd571aebd69 bc71779cecc84092a5442ffc67ad6b33 - - 8ac31541d7b14d5281210efc2bbea991 8ac31541d7b14d5281210efc2bbea991] 10.0.0.134 "GET /resource_providers/c8315acd-f9a4-44e4-8664-f059fe5f11ec/aggregates" status: 404 len: 235 microversion: 1.1 [pid: 8|app: 0|req: 640/1275] 10.0.0.134 () {32 vars in 814 bytes} [Mon Jul 6 03:12:48 2026] GET /resource_providers/c8315acd-f9a4-44e4-8664-f059fe5f11ec/aggregates => generated 235 bytes in 7 msecs (HTTP/1.1 404) 5 headers in 202 bytes (1 switches on core 0)
2026-07-06 03:12:48.048 7 INFO placement.requestlog [None req-1036247e-6909-4d5b-a81c-fd584230370f 13acdbaae7a64dc3baf77bd571aebd69 bc71779cecc84092a5442ffc67ad6b33 - - 8ac31541d7b14d5281210efc2bbea991 8ac31541d7b14d5281210efc2bbea991] 10.0.0.134 "GET /resource_providers/02fdd56c-2066-4bd4-bc7d-b5c208d6527c/aggregates" status: 404 len: 235 microversion: 1.1 [pid: 7|app: 0|req: 636/1276] 10.0.0.134 () {32 vars in 814 bytes} [Mon Jul 6 03:12:48 2026] GET /resource_providers/02fdd56c-2066-4bd4-bc7d-b5c208d6527c/aggregates => generated 235 bytes in 11 msecs (HTTP/1.1 404) 5 headers in 202 bytes (1 switches on core 0)
2026-07-06 03:12:48.055 8 INFO placement.requestlog [None req-1fc636ea-4410-45ce-9521-63711f7f2cb8 13acdbaae7a64dc3baf77bd571aebd69 bc71779cecc84092a5442ffc67ad6b33 - - 8ac31541d7b14d5281210efc2bbea991 8ac31541d7b14d5281210efc2bbea991] 10.0.0.134 "DELETE /resource_providers/c8315acd-f9a4-44e4-8664-f059fe5f11ec" status: 404 len: 246 microversion: 1.1 [pid: 8|app: 0|req: 641/1277] 10.0.0.134 () {34 vars in 814 bytes} [Mon Jul 6 03:12:48 2026] DELETE /resource_providers/c8315acd-f9a4-44e4-8664-f059fe5f11ec => generated 246 bytes in 12 msecs (HTTP/1.1 404) 6 headers in 231 bytes (1 switches on core 0)
2026-07-06 03:12:48.072 8 INFO placement.requestlog [None req-0f7a7545-c69c-4da3-a82e-99340adc8a7b 13acdbaae7a64dc3baf77bd571aebd69 bc71779cecc84092a5442ffc67ad6b33 - - 8ac31541d7b14d5281210efc2bbea991 8ac31541d7b14d5281210efc2bbea991] 10.0.0.134 "GET /resource_providers/02fdd56c-2066-4bd4-bc7d-b5c208d6527c/aggregates" status: 404 len: 235 microversion: 1.1 [pid: 8|app: 0|req: 642/1278] 10.0.0.134 () {32 vars in 814 bytes} [Mon Jul 6 03:12:48 2026] GET /resource_providers/02fdd56c-2066-4bd4-bc7d-b5c208d6527c/aggregates => generated 235 bytes in 10 msecs (HTTP/1.1 404) 5 headers in 202 bytes (1 switches on core 0)
2026-07-06 03:12:48.074 7 INFO placement.requestlog [None req-0917f5ad-92b2-4829-96b7-3f296388989d 13acdbaae7a64dc3baf77bd571aebd69 bc71779cecc84092a5442ffc67ad6b33 - - 8ac31541d7b14d5281210efc2bbea991 8ac31541d7b14d5281210efc2bbea991] 10.0.0.134 "DELETE /resource_providers/02fdd56c-2066-4bd4-bc7d-b5c208d6527c" status: 404 len: 246 microversion: 1.1 [pid: 7|app: 0|req: 637/1279] 10.0.0.134 () {34 vars in 814 bytes} [Mon Jul 6 03:12:48 2026] DELETE /resource_providers/02fdd56c-2066-4bd4-bc7d-b5c208d6527c => generated 246 bytes in 13 msecs (HTTP/1.1 404) 6 headers in 231 bytes (1 switches on core 0)
2026-07-06 03:12:48.086 8 INFO placement.requestlog [None req-ae4f2e25-b69c-45ea-a02d-dad04f3bf2a5 13acdbaae7a64dc3baf77bd571aebd69 bc71779cecc84092a5442ffc67ad6b33 - - 8ac31541d7b14d5281210efc2bbea991 8ac31541d7b14d5281210efc2bbea991] 10.0.0.134 "DELETE /resource_providers/02fdd56c-2066-4bd4-bc7d-b5c208d6527c" status: 404 len: 246 microversion: 1.1 [pid: 8|app: 0|req: 643/1280] 10.0.0.134 () {34 vars in 814 bytes} [Mon Jul 6 03:12:48 2026] DELETE /resource_providers/02fdd56c-2066-4bd4-bc7d-b5c208d6527c => generated 246 bytes in 8 msecs (HTTP/1.1 404) 6 headers in 231 bytes (1 switches on core 0)
2026-07-06 03:12:57.958 7 INFO placement.requestlog [None req-c347135f-4240-41a6-bee7-8f4e9439e2a9 - - - - - -] 10.0.0.91 "GET /" status: 200 len: 136 microversion: 1.0
2026-07-06 03:12:57.959 8 INFO placement.requestlog [None req-9bfb22df-c3a8-4e65-a2b6-79a49b33b7ca - - - - - -] 10.0.0.91 "GET /" status: 200 len: 136 microversion: 1.0
2026-07-06 03:13:07.958 7 INFO placement.requestlog [None req-e0fcbdad-db1a-4cc5-b1fc-b5ad3db223ca - - - - - -] 10.0.0.91 "GET /" status: 200 len: 136 microversion: 1.0
2026-07-06 03:13:07.958 8 INFO placement.requestlog [None req-d9820783-bb2c-48b1-837b-0c5d53e134be - - - - - -] 10.0.0.91 "GET /" status: 200 len: 136 microversion: 1.0
2026-07-06 03:13:17.957 7 INFO placement.requestlog [None req-f83d8a68-d9cb-4a8b-a968-cab1563a62bf - - - - - -] 10.0.0.91 "GET /" status: 200 len: 136 microversion: 1.0
2026-07-06 03:13:17.960 8 INFO placement.requestlog [None req-a2f20ff2-beae-4d0f-a764-0f79e1dac6e4 - - - - - -] 10.0.0.91 "GET /" status: 200 len: 136 microversion: 1.0
2026-07-06 03:13:27.959 7 INFO placement.requestlog [None req-e91bb76b-378b-4aca-86d0-8f5c30bb5e44 - - - - - -] 10.0.0.91 "GET /" status: 200 len: 136 microversion: 1.0
2026-07-06 03:13:27.963 8 INFO placement.requestlog [None req-460656c3-6658-425d-b9af-20c49df4d65c - - - - - -] 10.0.0.91 "GET /" status: 200 len: 136 microversion: 1.0
2026-07-06 03:13:37.958 7 INFO placement.requestlog [None req-868298ea-c393-4e6e-9d28-a5641a945979 - - - - - -] 10.0.0.91 "GET /" status: 200 len: 136 microversion: 1.0
2026-07-06 03:13:37.958 8 INFO placement.requestlog [None req-85a3163e-1496-4bbc-92c8-801fd17a08ad - - - - - -] 10.0.0.91 "GET /" status: 200 len: 136 microversion: 1.0
2026-07-06 03:13:45.846 7 INFO placement.requestlog [req-068561df-48bb-4f1a-be42-3e7e13730a58 req-8aec3dce-7bdf-4ba5-b08c-4d6788142f26 3bdb634236d0491eb5d8fa7f5b7b9d77 bc71779cecc84092a5442ffc67ad6b33 - - 8ac31541d7b14d5281210efc2bbea991 8ac31541d7b14d5281210efc2bbea991] 199.204.45.205 "GET /resource_providers/ce3887fd-158d-4947-b68b-d065cdaf3152/allocations" status: 200 len: 55 microversion: 1.0 [pid: 7|app: 0|req: 643/1291] 199.204.45.205 () {32 vars in 855 bytes} [Mon Jul 6 03:13:45 2026] GET /resource_providers/ce3887fd-158d-4947-b68b-d065cdaf3152/allocations => generated 55 bytes in 24 msecs (HTTP/1.1 200) 6 headers in 223 bytes (1 switches on core 0)
2026-07-06 03:13:45.871 8 INFO placement.requestlog [req-068561df-48bb-4f1a-be42-3e7e13730a58 req-bbfd48f3-6792-402f-9ead-d08e0392603a 3bdb634236d0491eb5d8fa7f5b7b9d77 bc71779cecc84092a5442ffc67ad6b33 - - 8ac31541d7b14d5281210efc2bbea991 8ac31541d7b14d5281210efc2bbea991] 199.204.45.205 "GET /resource_providers/ce3887fd-158d-4947-b68b-d065cdaf3152/allocations" status: 200 len: 55 microversion: 1.0 [pid: 8|app: 0|req: 649/1292] 199.204.45.205 () {32 vars in 855 bytes} [Mon Jul 6 03:13:45 2026] GET /resource_providers/ce3887fd-158d-4947-b68b-d065cdaf3152/allocations => generated 55 bytes in 17 msecs (HTTP/1.1 200) 6 headers in 223 bytes (1 switches on core 0)
2026-07-06 03:13:47.958 7 INFO placement.requestlog [None req-c13f6837-1a1a-4f75-bef2-0b41c4b2dd99 - - - - - -] 10.0.0.91 "GET /" status: 200 len: 136 microversion: 1.0
2026-07-06 03:13:47.959 8 INFO placement.requestlog [None req-3273f363-d3fb-40ea-bc1d-05e7cfec2df9 - - - - - -] 10.0.0.91 "GET /" status: 200 len: 136 microversion: 1.0
2026-07-06 03:13:57.960 8 INFO placement.requestlog [None req-49582ef9-2c87-4a24-9984-c50110ef981a - - - - - -] 10.0.0.91 "GET /" status: 200 len: 136 microversion: 1.0
2026-07-06 03:13:57.961 7 INFO placement.requestlog [None req-ca4b9764-6c22-46b5-a677-a4627e470e9d - - - - - -] 10.0.0.91 "GET /" status: 200 len: 136 microversion: 1.0
2026-07-06 03:14:07.958 7 INFO placement.requestlog [None req-b4b545ce-7ee5-46d5-836d-29154701e1d6 - - - - - -] 10.0.0.91 "GET /" status: 200 len: 136 microversion: 1.0
2026-07-06 03:14:07.958 8 INFO placement.requestlog [None req-e5a0e0bd-5ef9-45a4-8ab7-b6ec10530a90 - - - - - -] 10.0.0.91 "GET /" status: 200 len: 136 microversion: 1.0
2026-07-06 03:14:17.958 7 INFO placement.requestlog [None req-419d79ce-34d4-4f72-a4f0-249505c4712d - - - - - -] 10.0.0.91 "GET /" status: 200 len: 136 microversion: 1.0
2026-07-06 03:14:17.959 8 INFO placement.requestlog [None req-00fa1e5d-2dc5-4326-a1b8-3ae8b3ac009c - - - - - -] 10.0.0.91 "GET /" status: 200 len: 136 microversion: 1.0
2026-07-06 03:14:27.958 7 INFO placement.requestlog [None req-e4e460b9-7183-43de-9caa-d0091dd56c22 - - - - - -] 10.0.0.91 "GET /" status: 200 len: 136 microversion: 1.0
2026-07-06 03:14:27.958 8 INFO placement.requestlog [None req-ff2b27bd-7842-4a4c-b1d4-aab7281af7c2 - - - - - -] 10.0.0.91 "GET /" status: 200 len: 136 microversion: 1.0
2026-07-06 03:14:37.959 8 INFO placement.requestlog [None req-38106d6e-3027-487f-9564-6bb1381b37d5 - - - - - -] 10.0.0.91 "GET /" status: 200 len: 136 microversion: 1.0
2026-07-06 03:14:37.959 7 INFO placement.requestlog [None req-cf955f1d-4495-4229-a8ab-28e708e5a3f8 - - - - - -] 10.0.0.91 "GET /" status: 200 len: 136 microversion: 1.0
