2026-07-06 03:08:10.975 8 INFO placement.requestlog [req-506ce2d3-bcc3-498a-ad68-92db75601b29 req-94a9f8ff-feff-4d55-87e8-5382896cd415 3bdb634236d0491eb5d8fa7f5b7b9d77 bc71779cecc84092a5442ffc67ad6b33 - - 8ac31541d7b14d5281210efc2bbea991 8ac31541d7b14d5281210efc2bbea991] 199.204.45.205 "GET /resource_providers/ce3887fd-158d-4947-b68b-d065cdaf3152/allocations" status: 200 len: 353 microversion: 1.0 [pid: 8|app: 0|req: 464/929] 199.204.45.205 () {32 vars in 855 bytes} [Mon Jul 6 03:08:10 2026] GET /resource_providers/ce3887fd-158d-4947-b68b-d065cdaf3152/allocations => generated 353 bytes in 17 msecs (HTTP/1.1 200) 6 headers in 224 bytes (1 switches on core 0)
2026-07-06 03:08:10.995 7 INFO placement.requestlog [req-506ce2d3-bcc3-498a-ad68-92db75601b29 req-4f825871-33b5-4932-97e6-b812b365b954 3bdb634236d0491eb5d8fa7f5b7b9d77 bc71779cecc84092a5442ffc67ad6b33 - - 8ac31541d7b14d5281210efc2bbea991 8ac31541d7b14d5281210efc2bbea991] 199.204.45.205 "GET /allocations/c87a6d57-e30e-408c-add1-bfab0c980972" status: 200 len: 258 microversion: 1.28 [pid: 7|app: 0|req: 466/930] 199.204.45.205 () {34 vars in 861 bytes} [Mon Jul 6 03:08:10 2026] GET /allocations/c87a6d57-e30e-408c-add1-bfab0c980972 => generated 258 bytes in 14 msecs (HTTP/1.1 200) 8 headers in 296 bytes (1 switches on core 0)
2026-07-06 03:08:11.014 8 INFO placement.requestlog [req-506ce2d3-bcc3-498a-ad68-92db75601b29 req-1c1c8e3a-4ef6-4573-bdcc-ac857056c753 3bdb634236d0491eb5d8fa7f5b7b9d77 bc71779cecc84092a5442ffc67ad6b33 - - 8ac31541d7b14d5281210efc2bbea991 8ac31541d7b14d5281210efc2bbea991] 199.204.45.205 "GET /allocations/ebf4493c-b145-4939-83e3-e2079f1cbd7f" status: 200 len: 258 microversion: 1.28 [pid: 8|app: 0|req: 465/931] 199.204.45.205 () {34 vars in 861 bytes} [Mon Jul 6 03:08:11 2026] GET /allocations/ebf4493c-b145-4939-83e3-e2079f1cbd7f => generated 258 bytes in 14 msecs (HTTP/1.1 200) 8 headers in 296 bytes (1 switches on core 0)
2026-07-06 03:08:11.032 7 INFO placement.requestlog [req-506ce2d3-bcc3-498a-ad68-92db75601b29 req-759db34f-624e-4da1-b206-e7970bb03a99 3bdb634236d0491eb5d8fa7f5b7b9d77 bc71779cecc84092a5442ffc67ad6b33 - - 8ac31541d7b14d5281210efc2bbea991 8ac31541d7b14d5281210efc2bbea991] 199.204.45.205 "GET /allocations/7fedd114-5f2e-47bc-beff-1bd259a56fd4" status: 200 len: 258 microversion: 1.28 [pid: 7|app: 0|req: 467/932] 199.204.45.205 () {34 vars in 861 bytes} [Mon Jul 6 03:08:11 2026] GET /allocations/7fedd114-5f2e-47bc-beff-1bd259a56fd4 => generated 258 bytes in 12 msecs (HTTP/1.1 200) 8 headers in 296 bytes (1 switches on core 0)
2026-07-06 03:08:12.095 8 INFO placement.requestlog [req-506ce2d3-bcc3-498a-ad68-92db75601b29 req-8be4cb78-1de1-47aa-b3ce-a6d81c3bf23b 3bdb634236d0491eb5d8fa7f5b7b9d77 bc71779cecc84092a5442ffc67ad6b33 - - 8ac31541d7b14d5281210efc2bbea991 8ac31541d7b14d5281210efc2bbea991] 199.204.45.205 "DELETE /allocations/c87a6d57-e30e-408c-add1-bfab0c980972" status: 204 len: 0 microversion: 1.0 [pid: 8|app: 0|req: 466/933] 199.204.45.205 () {34 vars in 839 bytes} [Mon Jul 6 03:08:12 2026] DELETE /allocations/c87a6d57-e30e-408c-add1-bfab0c980972 => generated 0 bytes in 34 msecs (HTTP/1.1 204) 5 headers in 198 bytes (1 switches on core 0)
2026-07-06 03:08:12.635 7 INFO placement.requestlog [req-97e618a4-7f62-4644-9087-c71154f8d608 req-073dbe4a-33e2-4ed0-8ebb-e870ceceb85f 3bdb634236d0491eb5d8fa7f5b7b9d77 bc71779cecc84092a5442ffc67ad6b33 - - 8ac31541d7b14d5281210efc2bbea991 8ac31541d7b14d5281210efc2bbea991] 10.0.0.94 "GET /allocation_candidates?limit=1000&resources=DISK_GB%3A1%2CMEMORY_MB%3A512%2CVCPU%3A1&root_required=%21COMPUTE_STATUS_DISABLED" status: 200 len: 2643 microversion: 1.36 [pid: 7|app: 0|req: 468/934] 10.0.0.94 () {34 vars in 1009 bytes} [Mon Jul 6 03:08:12 2026] GET /allocation_candidates?limit=1000&resources=DISK_GB%3A1%2CMEMORY_MB%3A512%2CVCPU%3A1&root_required=%21COMPUTE_STATUS_DISABLED => generated 2643 bytes in 37 msecs (HTTP/1.1 200) 8 headers in 297 bytes (1 switches on core 0)
2026-07-06 03:08:12.663 8 INFO placement.requestlog [req-97e618a4-7f62-4644-9087-c71154f8d608 req-872c797b-829d-4cef-8904-aba40c2b523f 3bdb634236d0491eb5d8fa7f5b7b9d77 bc71779cecc84092a5442ffc67ad6b33 - - 8ac31541d7b14d5281210efc2bbea991 8ac31541d7b14d5281210efc2bbea991] 10.0.0.94 "GET /allocations/7816809a-a690-4648-81f0-2c4d49d10ee1" status: 200 len: 19 microversion: 1.28 [pid: 8|app: 0|req: 467/935] 10.0.0.94 () {34 vars in 858 bytes} [Mon Jul 6 03:08:12 2026] GET /allocations/7816809a-a690-4648-81f0-2c4d49d10ee1 => generated 19 bytes in 11 msecs (HTTP/1.1 200) 8 headers in 295 bytes (1 switches on core 0)
2026-07-06 03:08:12.728 7 INFO placement.requestlog [req-97e618a4-7f62-4644-9087-c71154f8d608 req-2a92a0ce-bc25-4f5f-aafc-4ea5e9c264a2 3bdb634236d0491eb5d8fa7f5b7b9d77 bc71779cecc84092a5442ffc67ad6b33 - - 8ac31541d7b14d5281210efc2bbea991 8ac31541d7b14d5281210efc2bbea991] 10.0.0.94 "PUT /allocations/7816809a-a690-4648-81f0-2c4d49d10ee1" status: 204 len: 0 microversion: 1.36 [pid: 7|app: 0|req: 469/936] 10.0.0.94 () {38 vars in 911 bytes} [Mon Jul 6 03:08:12 2026] PUT /allocations/7816809a-a690-4648-81f0-2c4d49d10ee1 => generated 0 bytes in 59 msecs (HTTP/1.1 204) 5 headers in 199 bytes (1 switches on core 0)
2026-07-06 03:08:14.291 8 INFO placement.requestlog [req-97e618a4-7f62-4644-9087-c71154f8d608 req-f2373f71-b8f2-415f-9af5-9cba31f5886d 3bdb634236d0491eb5d8fa7f5b7b9d77 bc71779cecc84092a5442ffc67ad6b33 - - 8ac31541d7b14d5281210efc2bbea991 8ac31541d7b14d5281210efc2bbea991] 199.204.45.205 "GET /allocations/7816809a-a690-4648-81f0-2c4d49d10ee1" status: 200 len: 258 microversion: 1.28 [pid: 8|app: 0|req: 468/937] 199.204.45.205 () {34 vars in 861 bytes} [Mon Jul 6 03:08:14 2026] GET /allocations/7816809a-a690-4648-81f0-2c4d49d10ee1 => generated 258 bytes in 17 msecs (HTTP/1.1 200) 8 headers in 296 bytes (1 switches on core 0)
2026-07-06 03:08:15.099 8 INFO placement.requestlog [None req-129839c0-4291-4d05-a813-201b3938e996 13acdbaae7a64dc3baf77bd571aebd69 bc71779cecc84092a5442ffc67ad6b33 - - 8ac31541d7b14d5281210efc2bbea991 8ac31541d7b14d5281210efc2bbea991] 10.0.0.134 "GET /resource_providers/cc35f3d9-fd50-4561-9d81-6b3b4899bad8/aggregates" status: 404 len: 235 microversion: 1.1
2026-07-06 03:08:15.099 7 INFO placement.requestlog [None req-dea4519e-12c5-44ab-86d3-836f5c984d7a 13acdbaae7a64dc3baf77bd571aebd69 bc71779cecc84092a5442ffc67ad6b33 - - 8ac31541d7b14d5281210efc2bbea991 8ac31541d7b14d5281210efc2bbea991] 10.0.0.134 "GET /resource_providers/cc35f3d9-fd50-4561-9d81-6b3b4899bad8/aggregates" status: 404 len: 235 microversion: 1.1 [pid: 8|app: 0|req: 469/938] 10.0.0.134 () {32 vars in 814 bytes} [Mon Jul 6 03:08:15 2026] GET /resource_providers/cc35f3d9-fd50-4561-9d81-6b3b4899bad8/aggregates => generated 235 bytes in 7 msecs (HTTP/1.1 404) 5 headers in 202 bytes (1 switches on core 0) [pid: 7|app: 0|req: 470/939] 10.0.0.134 () {32 vars in 814 bytes} [Mon Jul 6 03:08:15 2026] GET /resource_providers/cc35f3d9-fd50-4561-9d81-6b3b4899bad8/aggregates => generated 235 bytes in 12 msecs (HTTP/1.1 404) 5 headers in 202 bytes (1 switches on core 0)
2026-07-06 03:08:15.117 8 INFO placement.requestlog [None req-b72bc738-a7c3-4016-82ae-e67e8ce39708 13acdbaae7a64dc3baf77bd571aebd69 bc71779cecc84092a5442ffc67ad6b33 - - 8ac31541d7b14d5281210efc2bbea991 8ac31541d7b14d5281210efc2bbea991] 10.0.0.134 "DELETE /resource_providers/cc35f3d9-fd50-4561-9d81-6b3b4899bad8" status: 404 len: 246 microversion: 1.1 [pid: 8|app: 0|req: 470/940] 10.0.0.134 () {34 vars in 814 bytes} [Mon Jul 6 03:08:15 2026] DELETE /resource_providers/cc35f3d9-fd50-4561-9d81-6b3b4899bad8 => generated 246 bytes in 6 msecs (HTTP/1.1 404) 6 headers in 231 bytes (1 switches on core 0)
2026-07-06 03:08:15.123 7 INFO placement.requestlog [None req-26f94e8a-c556-40de-acc6-c020aff69d5f 13acdbaae7a64dc3baf77bd571aebd69 bc71779cecc84092a5442ffc67ad6b33 - - 8ac31541d7b14d5281210efc2bbea991 8ac31541d7b14d5281210efc2bbea991] 10.0.0.134 "DELETE /resource_providers/cc35f3d9-fd50-4561-9d81-6b3b4899bad8" status: 404 len: 246 microversion: 1.1 [pid: 7|app: 0|req: 471/941] 10.0.0.134 () {34 vars in 814 bytes} [Mon Jul 6 03:08:15 2026] DELETE /resource_providers/cc35f3d9-fd50-4561-9d81-6b3b4899bad8 => generated 246 bytes in 9 msecs (HTTP/1.1 404) 6 headers in 231 bytes (1 switches on core 0)
2026-07-06 03:08:15.331 8 INFO placement.requestlog [req-97e618a4-7f62-4644-9087-c71154f8d608 req-95c9f474-1768-4137-bd8a-00bb17f0bb4d 3bdb634236d0491eb5d8fa7f5b7b9d77 bc71779cecc84092a5442ffc67ad6b33 - - 8ac31541d7b14d5281210efc2bbea991 8ac31541d7b14d5281210efc2bbea991] 199.204.45.205 "GET /resource_providers/ce3887fd-158d-4947-b68b-d065cdaf3152/allocations" status: 200 len: 353 microversion: 1.0 [pid: 8|app: 0|req: 471/942] 199.204.45.205 () {32 vars in 855 bytes} [Mon Jul 6 03:08:15 2026] GET /resource_providers/ce3887fd-158d-4947-b68b-d065cdaf3152/allocations => generated 353 bytes in 14 msecs (HTTP/1.1 200) 6 headers in 224 bytes (1 switches on core 0)
2026-07-06 03:08:15.349 7 INFO placement.requestlog [req-97e618a4-7f62-4644-9087-c71154f8d608 req-f0edbbc4-d161-4a9a-85db-f2674f78023e 3bdb634236d0491eb5d8fa7f5b7b9d77 bc71779cecc84092a5442ffc67ad6b33 - - 8ac31541d7b14d5281210efc2bbea991 8ac31541d7b14d5281210efc2bbea991] 199.204.45.205 "GET /allocations/ebf4493c-b145-4939-83e3-e2079f1cbd7f" status: 200 len: 258 microversion: 1.28 [pid: 7|app: 0|req: 472/943] 199.204.45.205 () {34 vars in 861 bytes} [Mon Jul 6 03:08:15 2026] GET /allocations/ebf4493c-b145-4939-83e3-e2079f1cbd7f => generated 258 bytes in 11 msecs (HTTP/1.1 200) 8 headers in 296 bytes (1 switches on core 0)
2026-07-06 03:08:15.368 8 INFO placement.requestlog [req-97e618a4-7f62-4644-9087-c71154f8d608 req-608a18d1-c54a-4872-b983-4978f8e0369d 3bdb634236d0491eb5d8fa7f5b7b9d77 bc71779cecc84092a5442ffc67ad6b33 - - 8ac31541d7b14d5281210efc2bbea991 8ac31541d7b14d5281210efc2bbea991] 199.204.45.205 "GET /allocations/7fedd114-5f2e-47bc-beff-1bd259a56fd4" status: 200 len: 258 microversion: 1.28 [pid: 8|app: 0|req: 472/944] 199.204.45.205 () {34 vars in 861 bytes} [Mon Jul 6 03:08:15 2026] GET /allocations/7fedd114-5f2e-47bc-beff-1bd259a56fd4 => generated 258 bytes in 12 msecs (HTTP/1.1 200) 8 headers in 296 bytes (1 switches on core 0)
2026-07-06 03:08:15.388 7 INFO placement.requestlog [req-97e618a4-7f62-4644-9087-c71154f8d608 req-8f19c3bf-3943-4545-92d0-59b273ed8ab9 3bdb634236d0491eb5d8fa7f5b7b9d77 bc71779cecc84092a5442ffc67ad6b33 - - 8ac31541d7b14d5281210efc2bbea991 8ac31541d7b14d5281210efc2bbea991] 199.204.45.205 "GET /allocations/7816809a-a690-4648-81f0-2c4d49d10ee1" status: 200 len: 258 microversion: 1.28 [pid: 7|app: 0|req: 473/945] 199.204.45.205 () {34 vars in 861 bytes} [Mon Jul 6 03:08:15 2026] GET /allocations/7816809a-a690-4648-81f0-2c4d49d10ee1 => generated 258 bytes in 13 msecs (HTTP/1.1 200) 8 headers in 296 bytes (1 switches on core 0)
2026-07-06 03:08:15.519 8 INFO placement.requestlog [None req-ea0c92cd-900d-4fa2-8e04-26685bd4a46b 13acdbaae7a64dc3baf77bd571aebd69 bc71779cecc84092a5442ffc67ad6b33 - - 8ac31541d7b14d5281210efc2bbea991 8ac31541d7b14d5281210efc2bbea991] 10.0.0.134 "GET /resource_providers/d9ac3f2e-d21f-4857-8c15-7d4a5f4c6d5e/aggregates" status: 404 len: 235 microversion: 1.1 [pid: 8|app: 0|req: 473/946] 10.0.0.134 () {32 vars in 814 bytes} [Mon Jul 6 03:08:15 2026] GET /resource_providers/d9ac3f2e-d21f-4857-8c15-7d4a5f4c6d5e/aggregates => generated 235 bytes in 10 msecs (HTTP/1.1 404) 5 headers in 202 bytes (1 switches on core 0)
2026-07-06 03:08:15.520 7 INFO placement.requestlog [None req-6f7719d1-46e7-4f41-83c8-54ce52a7a867 13acdbaae7a64dc3baf77bd571aebd69 bc71779cecc84092a5442ffc67ad6b33 - - 8ac31541d7b14d5281210efc2bbea991 8ac31541d7b14d5281210efc2bbea991] 10.0.0.134 "GET /resource_providers/d9ac3f2e-d21f-4857-8c15-7d4a5f4c6d5e/aggregates" status: 404 len: 235 microversion: 1.1 [pid: 7|app: 0|req: 474/947] 10.0.0.134 () {32 vars in 814 bytes} [Mon Jul 6 03:08:15 2026] GET /resource_providers/d9ac3f2e-d21f-4857-8c15-7d4a5f4c6d5e/aggregates => generated 235 bytes in 10 msecs (HTTP/1.1 404) 5 headers in 202 bytes (1 switches on core 0)
2026-07-06 03:08:15.541 8 INFO placement.requestlog [None req-d331fb0b-75ff-46ee-acb2-5b2ed08b8ce0 13acdbaae7a64dc3baf77bd571aebd69 bc71779cecc84092a5442ffc67ad6b33 - - 8ac31541d7b14d5281210efc2bbea991 8ac31541d7b14d5281210efc2bbea991] 10.0.0.134 "DELETE /resource_providers/d9ac3f2e-d21f-4857-8c15-7d4a5f4c6d5e" status: 404 len: 246 microversion: 1.1 [pid: 8|app: 0|req: 474/948] 10.0.0.134 () {34 vars in 814 bytes} [Mon Jul 6 03:08:15 2026] DELETE /resource_providers/d9ac3f2e-d21f-4857-8c15-7d4a5f4c6d5e => generated 246 bytes in 8 msecs (HTTP/1.1 404) 6 headers in 231 bytes (1 switches on core 0)
2026-07-06 03:08:15.546 7 INFO placement.requestlog [None req-c73641a7-c494-4f5c-9565-3954d537e2ab 13acdbaae7a64dc3baf77bd571aebd69 bc71779cecc84092a5442ffc67ad6b33 - - 8ac31541d7b14d5281210efc2bbea991 8ac31541d7b14d5281210efc2bbea991] 10.0.0.134 "DELETE /resource_providers/d9ac3f2e-d21f-4857-8c15-7d4a5f4c6d5e" status: 404 len: 246 microversion: 1.1 [pid: 7|app: 0|req: 475/949] 10.0.0.134 () {34 vars in 814 bytes} [Mon Jul 6 03:08:15 2026] DELETE /resource_providers/d9ac3f2e-d21f-4857-8c15-7d4a5f4c6d5e => generated 246 bytes in 8 msecs (HTTP/1.1 404) 6 headers in 231 bytes (1 switches on core 0)
2026-07-06 03:08:17.134 8 INFO placement.requestlog [None req-96a0ff26-be94-4686-80a4-8a930ebb5907 13acdbaae7a64dc3baf77bd571aebd69 bc71779cecc84092a5442ffc67ad6b33 - - 8ac31541d7b14d5281210efc2bbea991 8ac31541d7b14d5281210efc2bbea991] 10.0.0.134 "GET /resource_providers/79fe4697-9827-449c-a085-031b4bae8faf/aggregates" status: 404 len: 235 microversion: 1.1 [pid: 8|app: 0|req: 475/950] 10.0.0.134 () {32 vars in 814 bytes} [Mon Jul 6 03:08:17 2026] GET /resource_providers/79fe4697-9827-449c-a085-031b4bae8faf/aggregates => generated 235 bytes in 9 msecs (HTTP/1.1 404) 5 headers in 202 bytes (1 switches on core 0)
2026-07-06 03:08:17.150 7 INFO placement.requestlog [None req-11e2d525-0faf-47ab-b0db-6be6f54161f9 13acdbaae7a64dc3baf77bd571aebd69 bc71779cecc84092a5442ffc67ad6b33 - - 8ac31541d7b14d5281210efc2bbea991 8ac31541d7b14d5281210efc2bbea991] 10.0.0.134 "GET /resource_providers/79fe4697-9827-449c-a085-031b4bae8faf/aggregates" status: 404 len: 235 microversion: 1.1 [pid: 7|app: 0|req: 476/951] 10.0.0.134 () {32 vars in 814 bytes} [Mon Jul 6 03:08:17 2026] GET /resource_providers/79fe4697-9827-449c-a085-031b4bae8faf/aggregates => generated 235 bytes in 17 msecs (HTTP/1.1 404) 5 headers in 202 bytes (1 switches on core 0)
2026-07-06 03:08:17.151 8 INFO placement.requestlog [None req-9b6db4fd-2252-40db-848b-a325dda9a3ce 13acdbaae7a64dc3baf77bd571aebd69 bc71779cecc84092a5442ffc67ad6b33 - - 8ac31541d7b14d5281210efc2bbea991 8ac31541d7b14d5281210efc2bbea991] 10.0.0.134 "DELETE /resource_providers/79fe4697-9827-449c-a085-031b4bae8faf" status: 404 len: 246 microversion: 1.1 [pid: 8|app: 0|req: 476/952] 10.0.0.134 () {34 vars in 814 bytes} [Mon Jul 6 03:08:17 2026] DELETE /resource_providers/79fe4697-9827-449c-a085-031b4bae8faf => generated 246 bytes in 8 msecs (HTTP/1.1 404) 6 headers in 231 bytes (1 switches on core 0)
2026-07-06 03:08:17.176 8 INFO placement.requestlog [None req-3a9d0359-46c9-44b3-bc3c-312e31a6bdac 13acdbaae7a64dc3baf77bd571aebd69 bc71779cecc84092a5442ffc67ad6b33 - - 8ac31541d7b14d5281210efc2bbea991 8ac31541d7b14d5281210efc2bbea991] 10.0.0.134 "DELETE /resource_providers/79fe4697-9827-449c-a085-031b4bae8faf" status: 404 len: 246 microversion: 1.1 [pid: 8|app: 0|req: 477/953] 10.0.0.134 () {34 vars in 814 bytes} [Mon Jul 6 03:08:17 2026] DELETE /resource_providers/79fe4697-9827-449c-a085-031b4bae8faf => generated 246 bytes in 9 msecs (HTTP/1.1 404) 6 headers in 231 bytes (1 switches on core 0)
2026-07-06 03:08:17.180 7 INFO placement.requestlog [None req-3ccdbf6a-5783-4c9b-834c-cdad05b2f61e 13acdbaae7a64dc3baf77bd571aebd69 bc71779cecc84092a5442ffc67ad6b33 - - 8ac31541d7b14d5281210efc2bbea991 8ac31541d7b14d5281210efc2bbea991] 10.0.0.134 "GET /resource_providers/4bf86e9f-3b72-4449-88d6-05c0aaf508fd/aggregates" status: 404 len: 235 microversion: 1.1 [pid: 7|app: 0|req: 477/954] 10.0.0.134 () {32 vars in 814 bytes} [Mon Jul 6 03:08:17 2026] GET /resource_providers/4bf86e9f-3b72-4449-88d6-05c0aaf508fd/aggregates => generated 235 bytes in 13 msecs (HTTP/1.1 404) 5 headers in 202 bytes (1 switches on core 0)
2026-07-06 03:08:17.194 8 INFO placement.requestlog [None req-7478bbdb-4ebc-44a9-beff-64aacd6248a5 13acdbaae7a64dc3baf77bd571aebd69 bc71779cecc84092a5442ffc67ad6b33 - - 8ac31541d7b14d5281210efc2bbea991 8ac31541d7b14d5281210efc2bbea991] 10.0.0.134 "GET /resource_providers/4bf86e9f-3b72-4449-88d6-05c0aaf508fd/aggregates" status: 404 len: 235 microversion: 1.1 [pid: 8|app: 0|req: 478/955] 10.0.0.134 () {32 vars in 814 bytes} [Mon Jul 6 03:08:17 2026] GET /resource_providers/4bf86e9f-3b72-4449-88d6-05c0aaf508fd/aggregates => generated 235 bytes in 8 msecs (HTTP/1.1 404) 5 headers in 202 bytes (1 switches on core 0)
2026-07-06 03:08:17.196 7 INFO placement.requestlog [None req-e24ae169-982a-4f23-a76c-70e6927c9514 13acdbaae7a64dc3baf77bd571aebd69 bc71779cecc84092a5442ffc67ad6b33 - - 8ac31541d7b14d5281210efc2bbea991 8ac31541d7b14d5281210efc2bbea991] 10.0.0.134 "DELETE /resource_providers/4bf86e9f-3b72-4449-88d6-05c0aaf508fd" status: 404 len: 246 microversion: 1.1 [pid: 7|app: 0|req: 478/956] 10.0.0.134 () {34 vars in 814 bytes} [Mon Jul 6 03:08:17 2026] DELETE /resource_providers/4bf86e9f-3b72-4449-88d6-05c0aaf508fd => generated 246 bytes in 7 msecs (HTTP/1.1 404) 6 headers in 231 bytes (1 switches on core 0)
2026-07-06 03:08:17.214 8 INFO placement.requestlog [None req-ba2643ef-f7f2-4993-802a-b09f001e29ad 13acdbaae7a64dc3baf77bd571aebd69 bc71779cecc84092a5442ffc67ad6b33 - - 8ac31541d7b14d5281210efc2bbea991 8ac31541d7b14d5281210efc2bbea991] 10.0.0.134 "DELETE /resource_providers/4bf86e9f-3b72-4449-88d6-05c0aaf508fd" status: 404 len: 246 microversion: 1.1 [pid: 8|app: 0|req: 479/957] 10.0.0.134 () {34 vars in 814 bytes} [Mon Jul 6 03:08:17 2026] DELETE /resource_providers/4bf86e9f-3b72-4449-88d6-05c0aaf508fd => generated 246 bytes in 11 msecs (HTTP/1.1 404) 6 headers in 231 bytes (1 switches on core 0)
2026-07-06 03:08:17.565 7 INFO placement.requestlog [None req-d043c949-fffa-4840-aa0a-7e7d349e3ac5 13acdbaae7a64dc3baf77bd571aebd69 bc71779cecc84092a5442ffc67ad6b33 - - 8ac31541d7b14d5281210efc2bbea991 8ac31541d7b14d5281210efc2bbea991] 10.0.0.134 "GET /resource_providers/c8d8bc57-8edf-4633-8142-7d6b5b75e9df/aggregates" status: 404 len: 235 microversion: 1.1 [pid: 7|app: 0|req: 479/958] 10.0.0.134 () {32 vars in 814 bytes} [Mon Jul 6 03:08:17 2026] GET /resource_providers/c8d8bc57-8edf-4633-8142-7d6b5b75e9df/aggregates => generated 235 bytes in 10 msecs (HTTP/1.1 404) 5 headers in 202 bytes (1 switches on core 0)
2026-07-06 03:08:17.569 8 INFO placement.requestlog [None req-525bcf7d-c971-4c03-8eba-fb8fbfe2768b 13acdbaae7a64dc3baf77bd571aebd69 bc71779cecc84092a5442ffc67ad6b33 - - 8ac31541d7b14d5281210efc2bbea991 8ac31541d7b14d5281210efc2bbea991] 10.0.0.134 "GET /resource_providers/c8d8bc57-8edf-4633-8142-7d6b5b75e9df/aggregates" status: 404 len: 235 microversion: 1.1 [pid: 8|app: 0|req: 480/959] 10.0.0.134 () {32 vars in 814 bytes} [Mon Jul 6 03:08:17 2026] GET /resource_providers/c8d8bc57-8edf-4633-8142-7d6b5b75e9df/aggregates => generated 235 bytes in 13 msecs (HTTP/1.1 404) 5 headers in 202 bytes (1 switches on core 0)
2026-07-06 03:08:17.591 7 INFO placement.requestlog [None req-87108f24-aa5a-4b21-a5f0-89af9b0958e1 13acdbaae7a64dc3baf77bd571aebd69 bc71779cecc84092a5442ffc67ad6b33 - - 8ac31541d7b14d5281210efc2bbea991 8ac31541d7b14d5281210efc2bbea991] 10.0.0.134 "DELETE /resource_providers/c8d8bc57-8edf-4633-8142-7d6b5b75e9df" status: 404 len: 246 microversion: 1.1 [pid: 7|app: 0|req: 480/960] 10.0.0.134 () {34 vars in 814 bytes} [Mon Jul 6 03:08:17 2026] DELETE /resource_providers/c8d8bc57-8edf-4633-8142-7d6b5b75e9df => generated 246 bytes in 12 msecs (HTTP/1.1 404) 6 headers in 231 bytes (1 switches on core 0)
2026-07-06 03:08:17.593 8 INFO placement.requestlog [None req-ad72edcf-366a-46f1-a00f-a5ab773968f7 13acdbaae7a64dc3baf77bd571aebd69 bc71779cecc84092a5442ffc67ad6b33 - - 8ac31541d7b14d5281210efc2bbea991 8ac31541d7b14d5281210efc2bbea991] 10.0.0.134 "DELETE /resource_providers/c8d8bc57-8edf-4633-8142-7d6b5b75e9df" status: 404 len: 246 microversion: 1.1 [pid: 8|app: 0|req: 481/961] 10.0.0.134 () {34 vars in 814 bytes} [Mon Jul 6 03:08:17 2026] DELETE /resource_providers/c8d8bc57-8edf-4633-8142-7d6b5b75e9df => generated 246 bytes in 11 msecs (HTTP/1.1 404) 6 headers in 231 bytes (1 switches on core 0)
2026-07-06 03:08:17.960 8 INFO placement.requestlog [None req-e273a5d2-f433-4206-a78e-3c1a659d13b7 - - - - - -] 10.0.0.91 "GET /" status: 200 len: 136 microversion: 1.0
2026-07-06 03:08:17.961 7 INFO placement.requestlog [None req-3bf885dd-684d-476c-bea2-da415e32d40a - - - - - -] 10.0.0.91 "GET /" status: 200 len: 136 microversion: 1.0
2026-07-06 03:08:20.792 7 INFO placement.requestlog [None req-59c7a000-4c99-406c-9a61-b4d2da5119b8 13acdbaae7a64dc3baf77bd571aebd69 bc71779cecc84092a5442ffc67ad6b33 - - 8ac31541d7b14d5281210efc2bbea991 8ac31541d7b14d5281210efc2bbea991] 10.0.0.134 "GET /resource_providers/66f162d4-ecb3-4093-a21a-9f307c543b32/aggregates" status: 404 len: 235 microversion: 1.1 [pid: 7|app: 0|req: 482/964] 10.0.0.134 () {32 vars in 814 bytes} [Mon Jul 6 03:08:20 2026] GET /resource_providers/66f162d4-ecb3-4093-a21a-9f307c543b32/aggregates => generated 235 bytes in 7 msecs (HTTP/1.1 404) 5 headers in 202 bytes (1 switches on core 0)
2026-07-06 03:08:20.793 8 INFO placement.requestlog [None req-eb917e73-b9b1-4a76-9182-36e1be9701cc 13acdbaae7a64dc3baf77bd571aebd69 bc71779cecc84092a5442ffc67ad6b33 - - 8ac31541d7b14d5281210efc2bbea991 8ac31541d7b14d5281210efc2bbea991] 10.0.0.134 "GET /resource_providers/66f162d4-ecb3-4093-a21a-9f307c543b32/aggregates" status: 404 len: 235 microversion: 1.1 [pid: 8|app: 0|req: 483/965] 10.0.0.134 () {32 vars in 814 bytes} [Mon Jul 6 03:08:20 2026] GET /resource_providers/66f162d4-ecb3-4093-a21a-9f307c543b32/aggregates => generated 235 bytes in 10 msecs (HTTP/1.1 404) 5 headers in 202 bytes (1 switches on core 0)
2026-07-06 03:08:20.817 7 INFO placement.requestlog [None req-85c30d68-93ca-4197-9491-1534bb360445 13acdbaae7a64dc3baf77bd571aebd69 bc71779cecc84092a5442ffc67ad6b33 - - 8ac31541d7b14d5281210efc2bbea991 8ac31541d7b14d5281210efc2bbea991] 10.0.0.134 "DELETE /resource_providers/66f162d4-ecb3-4093-a21a-9f307c543b32" status: 404 len: 246 microversion: 1.1 [pid: 7|app: 0|req: 483/966] 10.0.0.134 () {34 vars in 814 bytes} [Mon Jul 6 03:08:20 2026] DELETE /resource_providers/66f162d4-ecb3-4093-a21a-9f307c543b32 => generated 246 bytes in 9 msecs (HTTP/1.1 404) 6 headers in 231 bytes (1 switches on core 0)
2026-07-06 03:08:20.818 8 INFO placement.requestlog [None req-b31d6e36-c628-41dc-9dc9-1227dbb810cb 13acdbaae7a64dc3baf77bd571aebd69 bc71779cecc84092a5442ffc67ad6b33 - - 8ac31541d7b14d5281210efc2bbea991 8ac31541d7b14d5281210efc2bbea991] 10.0.0.134 "DELETE /resource_providers/66f162d4-ecb3-4093-a21a-9f307c543b32" status: 404 len: 246 microversion: 1.1 [pid: 8|app: 0|req: 484/967] 10.0.0.134 () {34 vars in 814 bytes} [Mon Jul 6 03:08:20 2026] DELETE /resource_providers/66f162d4-ecb3-4093-a21a-9f307c543b32 => generated 246 bytes in 10 msecs (HTTP/1.1 404) 6 headers in 231 bytes (1 switches on core 0)
2026-07-06 03:08:22.334 7 INFO placement.requestlog [None req-f0be07f4-b1af-43e9-984c-5cece6367bb8 13acdbaae7a64dc3baf77bd571aebd69 bc71779cecc84092a5442ffc67ad6b33 - - 8ac31541d7b14d5281210efc2bbea991 8ac31541d7b14d5281210efc2bbea991] 10.0.0.134 "GET /resource_providers/90a4c15e-16d0-4c6a-8591-e6055da49526/aggregates" status: 404 len: 235 microversion: 1.1 [pid: 7|app: 0|req: 484/968] 10.0.0.134 () {32 vars in 814 bytes} [Mon Jul 6 03:08:22 2026] GET /resource_providers/90a4c15e-16d0-4c6a-8591-e6055da49526/aggregates => generated 235 bytes in 9 msecs (HTTP/1.1 404) 5 headers in 202 bytes (1 switches on core 0)
2026-07-06 03:08:22.339 8 INFO placement.requestlog [None req-2e07a0a7-4cf0-4a5d-867d-3f1c120532dd 13acdbaae7a64dc3baf77bd571aebd69 bc71779cecc84092a5442ffc67ad6b33 - - 8ac31541d7b14d5281210efc2bbea991 8ac31541d7b14d5281210efc2bbea991] 10.0.0.134 "GET /resource_providers/90a4c15e-16d0-4c6a-8591-e6055da49526/aggregates" status: 404 len: 235 microversion: 1.1 [pid: 8|app: 0|req: 485/969] 10.0.0.134 () {32 vars in 814 bytes} [Mon Jul 6 03:08:22 2026] GET /resource_providers/90a4c15e-16d0-4c6a-8591-e6055da49526/aggregates => generated 235 bytes in 13 msecs (HTTP/1.1 404) 5 headers in 202 bytes (1 switches on core 0)
2026-07-06 03:08:22.352 7 INFO placement.requestlog [None req-326c4d5d-c400-4292-a59c-3a4baa83cf69 13acdbaae7a64dc3baf77bd571aebd69 bc71779cecc84092a5442ffc67ad6b33 - - 8ac31541d7b14d5281210efc2bbea991 8ac31541d7b14d5281210efc2bbea991] 10.0.0.134 "DELETE /resource_providers/90a4c15e-16d0-4c6a-8591-e6055da49526" status: 404 len: 246 microversion: 1.1 [pid: 7|app: 0|req: 485/970] 10.0.0.134 () {34 vars in 814 bytes} [Mon Jul 6 03:08:22 2026] DELETE /resource_providers/90a4c15e-16d0-4c6a-8591-e6055da49526 => generated 246 bytes in 6 msecs (HTTP/1.1 404) 6 headers in 231 bytes (1 switches on core 0)
2026-07-06 03:08:22.356 8 INFO placement.requestlog [None req-610a69b8-ca22-4fb4-9b48-fce4e22e7a11 13acdbaae7a64dc3baf77bd571aebd69 bc71779cecc84092a5442ffc67ad6b33 - - 8ac31541d7b14d5281210efc2bbea991 8ac31541d7b14d5281210efc2bbea991] 10.0.0.134 "DELETE /resource_providers/90a4c15e-16d0-4c6a-8591-e6055da49526" status: 404 len: 246 microversion: 1.1 [pid: 8|app: 0|req: 486/971] 10.0.0.134 () {34 vars in 814 bytes} [Mon Jul 6 03:08:22 2026] DELETE /resource_providers/90a4c15e-16d0-4c6a-8591-e6055da49526 => generated 246 bytes in 7 msecs (HTTP/1.1 404) 6 headers in 231 bytes (1 switches on core 0)
2026-07-06 03:08:22.939 8 INFO placement.requestlog [None req-b432ab98-1025-4d37-86f0-e5bb4d4a9161 13acdbaae7a64dc3baf77bd571aebd69 bc71779cecc84092a5442ffc67ad6b33 - - 8ac31541d7b14d5281210efc2bbea991 8ac31541d7b14d5281210efc2bbea991] 10.0.0.134 "GET /resource_providers/d88f065d-9483-4bfe-9594-b61fe455749e/aggregates" status: 404 len: 235 microversion: 1.1 [pid: 8|app: 0|req: 487/972] 10.0.0.134 () {32 vars in 814 bytes} [Mon Jul 6 03:08:22 2026] GET /resource_providers/d88f065d-9483-4bfe-9594-b61fe455749e/aggregates => generated 235 bytes in 10 msecs (HTTP/1.1 404) 5 headers in 202 bytes (1 switches on core 0)
2026-07-06 03:08:22.940 7 INFO placement.requestlog [None req-acc8f9db-f92a-4a31-9df4-c3eeb0a1191a 13acdbaae7a64dc3baf77bd571aebd69 bc71779cecc84092a5442ffc67ad6b33 - - 8ac31541d7b14d5281210efc2bbea991 8ac31541d7b14d5281210efc2bbea991] 10.0.0.134 "GET /resource_providers/d88f065d-9483-4bfe-9594-b61fe455749e/aggregates" status: 404 len: 235 microversion: 1.1 [pid: 7|app: 0|req: 486/973] 10.0.0.134 () {32 vars in 814 bytes} [Mon Jul 6 03:08:22 2026] GET /resource_providers/d88f065d-9483-4bfe-9594-b61fe455749e/aggregates => generated 235 bytes in 11 msecs (HTTP/1.1 404) 5 headers in 202 bytes (1 switches on core 0)
2026-07-06 03:08:22.953 8 INFO placement.requestlog [None req-a69269af-ea60-4217-9124-c4941cd54514 13acdbaae7a64dc3baf77bd571aebd69 bc71779cecc84092a5442ffc67ad6b33 - - 8ac31541d7b14d5281210efc2bbea991 8ac31541d7b14d5281210efc2bbea991] 10.0.0.134 "DELETE /resource_providers/d88f065d-9483-4bfe-9594-b61fe455749e" status: 404 len: 246 microversion: 1.1 [pid: 8|app: 0|req: 488/974] 10.0.0.134 () {34 vars in 814 bytes} [Mon Jul 6 03:08:22 2026] DELETE /resource_providers/d88f065d-9483-4bfe-9594-b61fe455749e => generated 246 bytes in 5 msecs (HTTP/1.1 404) 6 headers in 231 bytes (1 switches on core 0)
2026-07-06 03:08:23.413 7 INFO placement.requestlog [None req-01916da4-17b0-4ea1-86bc-b3aeb44c8a76 13acdbaae7a64dc3baf77bd571aebd69 bc71779cecc84092a5442ffc67ad6b33 - - 8ac31541d7b14d5281210efc2bbea991 8ac31541d7b14d5281210efc2bbea991] 10.0.0.134 "DELETE /resource_providers/d88f065d-9483-4bfe-9594-b61fe455749e" status: 404 len: 246 microversion: 1.1 [pid: 7|app: 0|req: 487/975] 10.0.0.134 () {34 vars in 814 bytes} [Mon Jul 6 03:08:23 2026] DELETE /resource_providers/d88f065d-9483-4bfe-9594-b61fe455749e => generated 246 bytes in 14 msecs (HTTP/1.1 404) 6 headers in 231 bytes (1 switches on core 0)
2026-07-06 03:08:24.980 8 INFO placement.requestlog [None req-5a157e48-d97c-4206-a078-3d13d9dbca69 13acdbaae7a64dc3baf77bd571aebd69 bc71779cecc84092a5442ffc67ad6b33 - - 8ac31541d7b14d5281210efc2bbea991 8ac31541d7b14d5281210efc2bbea991] 10.0.0.134 "GET /resource_providers/e0dd2453-f5c3-4d7f-a269-10125e19128e/aggregates" status: 404 len: 235 microversion: 1.1 [pid: 8|app: 0|req: 489/976] 10.0.0.134 () {32 vars in 814 bytes} [Mon Jul 6 03:08:24 2026] GET /resource_providers/e0dd2453-f5c3-4d7f-a269-10125e19128e/aggregates => generated 235 bytes in 10 msecs (HTTP/1.1 404) 5 headers in 202 bytes (1 switches on core 0)
2026-07-06 03:08:25.007 7 INFO placement.requestlog [None req-659ac5b2-ac5b-447d-b73d-24c1c5c36a9d 13acdbaae7a64dc3baf77bd571aebd69 bc71779cecc84092a5442ffc67ad6b33 - - 8ac31541d7b14d5281210efc2bbea991 8ac31541d7b14d5281210efc2bbea991] 10.0.0.134 "DELETE /resource_providers/e0dd2453-f5c3-4d7f-a269-10125e19128e" status: 404 len: 246 microversion: 1.1 [pid: 7|app: 0|req: 488/977] 10.0.0.134 () {34 vars in 814 bytes} [Mon Jul 6 03:08:24 2026] DELETE /resource_providers/e0dd2453-f5c3-4d7f-a269-10125e19128e => generated 246 bytes in 14 msecs (HTTP/1.1 404) 6 headers in 231 bytes (1 switches on core 0)
2026-07-06 03:08:25.449 8 INFO placement.requestlog [None req-d7299385-d5fa-483d-9af1-f449484708d8 13acdbaae7a64dc3baf77bd571aebd69 bc71779cecc84092a5442ffc67ad6b33 - - 8ac31541d7b14d5281210efc2bbea991 8ac31541d7b14d5281210efc2bbea991] 10.0.0.134 "GET /resource_providers/e0dd2453-f5c3-4d7f-a269-10125e19128e/aggregates" status: 404 len: 235 microversion: 1.1 [pid: 8|app: 0|req: 490/978] 10.0.0.134 () {32 vars in 814 bytes} [Mon Jul 6 03:08:25 2026] GET /resource_providers/e0dd2453-f5c3-4d7f-a269-10125e19128e/aggregates => generated 235 bytes in 17 msecs (HTTP/1.1 404) 5 headers in 202 bytes (1 switches on core 0)
2026-07-06 03:08:25.472 7 INFO placement.requestlog [None req-391d5fc9-eacf-4bcc-bb1c-226fc7bcfd75 13acdbaae7a64dc3baf77bd571aebd69 bc71779cecc84092a5442ffc67ad6b33 - - 8ac31541d7b14d5281210efc2bbea991 8ac31541d7b14d5281210efc2bbea991] 10.0.0.134 "DELETE /resource_providers/e0dd2453-f5c3-4d7f-a269-10125e19128e" status: 404 len: 246 microversion: 1.1 [pid: 7|app: 0|req: 489/979] 10.0.0.134 () {34 vars in 814 bytes} [Mon Jul 6 03:08:25 2026] DELETE /resource_providers/e0dd2453-f5c3-4d7f-a269-10125e19128e => generated 246 bytes in 8 msecs (HTTP/1.1 404) 6 headers in 231 bytes (1 switches on core 0)
2026-07-06 03:08:26.539 7 INFO placement.requestlog [None req-97a91cbe-0cb9-4ae7-b571-ae5d8d6bb7e5 13acdbaae7a64dc3baf77bd571aebd69 bc71779cecc84092a5442ffc67ad6b33 - - 8ac31541d7b14d5281210efc2bbea991 8ac31541d7b14d5281210efc2bbea991] 10.0.0.134 "GET /resource_providers/be3a13cb-80c3-4738-8fb6-808b4b7be4e1/aggregates" status: 404 len: 235 microversion: 1.1 [pid: 7|app: 0|req: 490/980] 10.0.0.134 () {32 vars in 814 bytes} [Mon Jul 6 03:08:26 2026] GET /resource_providers/be3a13cb-80c3-4738-8fb6-808b4b7be4e1/aggregates => generated 235 bytes in 14 msecs (HTTP/1.1 404) 5 headers in 202 bytes (1 switches on core 0)
2026-07-06 03:08:26.541 8 INFO placement.requestlog [None req-a133b72b-50d5-450e-b358-f11961d3ee3b 13acdbaae7a64dc3baf77bd571aebd69 bc71779cecc84092a5442ffc67ad6b33 - - 8ac31541d7b14d5281210efc2bbea991 8ac31541d7b14d5281210efc2bbea991] 10.0.0.134 "GET /resource_providers/be3a13cb-80c3-4738-8fb6-808b4b7be4e1/aggregates" status: 404 len: 235 microversion: 1.1 [pid: 8|app: 0|req: 491/981] 10.0.0.134 () {32 vars in 814 bytes} [Mon Jul 6 03:08:26 2026] GET /resource_providers/be3a13cb-80c3-4738-8fb6-808b4b7be4e1/aggregates => generated 235 bytes in 16 msecs (HTTP/1.1 404) 5 headers in 202 bytes (1 switches on core 0)
2026-07-06 03:08:26.565 7 INFO placement.requestlog [None req-773508c3-720d-4f3f-8372-585ae0a11b3c 13acdbaae7a64dc3baf77bd571aebd69 bc71779cecc84092a5442ffc67ad6b33 - - 8ac31541d7b14d5281210efc2bbea991 8ac31541d7b14d5281210efc2bbea991] 10.0.0.134 "DELETE /resource_providers/be3a13cb-80c3-4738-8fb6-808b4b7be4e1" status: 404 len: 246 microversion: 1.1 [pid: 7|app: 0|req: 491/982] 10.0.0.134 () {34 vars in 814 bytes} [Mon Jul 6 03:08:26 2026] DELETE /resource_providers/be3a13cb-80c3-4738-8fb6-808b4b7be4e1 => generated 246 bytes in 11 msecs (HTTP/1.1 404) 6 headers in 231 bytes (1 switches on core 0)
2026-07-06 03:08:26.570 8 INFO placement.requestlog [None req-1636d781-812f-4ef1-a575-d1ba344bd105 13acdbaae7a64dc3baf77bd571aebd69 bc71779cecc84092a5442ffc67ad6b33 - - 8ac31541d7b14d5281210efc2bbea991 8ac31541d7b14d5281210efc2bbea991] 10.0.0.134 "DELETE /resource_providers/be3a13cb-80c3-4738-8fb6-808b4b7be4e1" status: 404 len: 246 microversion: 1.1 [pid: 8|app: 0|req: 492/983] 10.0.0.134 () {34 vars in 814 bytes} [Mon Jul 6 03:08:26 2026] DELETE /resource_providers/be3a13cb-80c3-4738-8fb6-808b4b7be4e1 => generated 246 bytes in 11 msecs (HTTP/1.1 404) 6 headers in 231 bytes (1 switches on core 0)
2026-07-06 03:08:27.048 7 INFO placement.requestlog [None req-839b01bd-c4eb-4841-8a93-4dd067dd815b 13acdbaae7a64dc3baf77bd571aebd69 bc71779cecc84092a5442ffc67ad6b33 - - 8ac31541d7b14d5281210efc2bbea991 8ac31541d7b14d5281210efc2bbea991] 10.0.0.134 "GET /resource_providers/0dfd8f61-ae6d-4e2f-af06-1d7ba8eef5ae/aggregates" status: 404 len: 235 microversion: 1.1 [pid: 7|app: 0|req: 492/984] 10.0.0.134 () {32 vars in 814 bytes} [Mon Jul 6 03:08:27 2026] GET /resource_providers/0dfd8f61-ae6d-4e2f-af06-1d7ba8eef5ae/aggregates => generated 235 bytes in 24 msecs (HTTP/1.1 404) 5 headers in 202 bytes (1 switches on core 0)
2026-07-06 03:08:27.067 8 INFO placement.requestlog [None req-6597d199-e23d-4f57-a623-64cae3ea1be2 13acdbaae7a64dc3baf77bd571aebd69 bc71779cecc84092a5442ffc67ad6b33 - - 8ac31541d7b14d5281210efc2bbea991 8ac31541d7b14d5281210efc2bbea991] 10.0.0.134 "DELETE /resource_providers/0dfd8f61-ae6d-4e2f-af06-1d7ba8eef5ae" status: 404 len: 246 microversion: 1.1 [pid: 8|app: 0|req: 493/985] 10.0.0.134 () {34 vars in 814 bytes} [Mon Jul 6 03:08:27 2026] DELETE /resource_providers/0dfd8f61-ae6d-4e2f-af06-1d7ba8eef5ae => generated 246 bytes in 10 msecs (HTTP/1.1 404) 6 headers in 231 bytes (1 switches on core 0)
2026-07-06 03:08:27.502 7 INFO placement.requestlog [None req-5d58b5d3-77b2-4863-a27f-09e07345d362 13acdbaae7a64dc3baf77bd571aebd69 bc71779cecc84092a5442ffc67ad6b33 - - 8ac31541d7b14d5281210efc2bbea991 8ac31541d7b14d5281210efc2bbea991] 10.0.0.134 "GET /resource_providers/0dfd8f61-ae6d-4e2f-af06-1d7ba8eef5ae/aggregates" status: 404 len: 235 microversion: 1.1 [pid: 7|app: 0|req: 493/986] 10.0.0.134 () {32 vars in 814 bytes} [Mon Jul 6 03:08:27 2026] GET /resource_providers/0dfd8f61-ae6d-4e2f-af06-1d7ba8eef5ae/aggregates => generated 235 bytes in 12 msecs (HTTP/1.1 404) 5 headers in 202 bytes (1 switches on core 0)
2026-07-06 03:08:27.528 8 INFO placement.requestlog [None req-4b50e963-9a02-449e-bbbd-e6b82bbd783d 13acdbaae7a64dc3baf77bd571aebd69 bc71779cecc84092a5442ffc67ad6b33 - - 8ac31541d7b14d5281210efc2bbea991 8ac31541d7b14d5281210efc2bbea991] 10.0.0.134 "DELETE /resource_providers/0dfd8f61-ae6d-4e2f-af06-1d7ba8eef5ae" status: 404 len: 246 microversion: 1.1 [pid: 8|app: 0|req: 494/987] 10.0.0.134 () {34 vars in 814 bytes} [Mon Jul 6 03:08:27 2026] DELETE /resource_providers/0dfd8f61-ae6d-4e2f-af06-1d7ba8eef5ae => generated 246 bytes in 15 msecs (HTTP/1.1 404) 6 headers in 231 bytes (1 switches on core 0)
2026-07-06 03:08:27.958 8 INFO placement.requestlog [None req-0d2621da-ee13-44cc-b3eb-269937a5f80a - - - - - -] 10.0.0.91 "GET /" status: 200 len: 136 microversion: 1.0
2026-07-06 03:08:27.958 7 INFO placement.requestlog [None req-497187e9-f4ab-482c-8a57-27f460242e3c - - - - - -] 10.0.0.91 "GET /" status: 200 len: 136 microversion: 1.0
2026-07-06 03:08:28.590 7 INFO placement.requestlog [None req-fc031c59-2f71-40a7-80fd-113638496c71 13acdbaae7a64dc3baf77bd571aebd69 bc71779cecc84092a5442ffc67ad6b33 - - 8ac31541d7b14d5281210efc2bbea991 8ac31541d7b14d5281210efc2bbea991] 10.0.0.134 "GET /resource_providers/16832465-0883-4322-a369-2b2efd45ae5c/aggregates" status: 404 len: 235 microversion: 1.1 [pid: 7|app: 0|req: 495/990] 10.0.0.134 () {32 vars in 814 bytes} [Mon Jul 6 03:08:28 2026] GET /resource_providers/16832465-0883-4322-a369-2b2efd45ae5c/aggregates => generated 235 bytes in 9 msecs (HTTP/1.1 404) 5 headers in 202 bytes (1 switches on core 0)
2026-07-06 03:08:28.597 8 INFO placement.requestlog [None req-199e25f8-a2d8-451e-834f-cdff8d387906 13acdbaae7a64dc3baf77bd571aebd69 bc71779cecc84092a5442ffc67ad6b33 - - 8ac31541d7b14d5281210efc2bbea991 8ac31541d7b14d5281210efc2bbea991] 10.0.0.134 "GET /resource_providers/16832465-0883-4322-a369-2b2efd45ae5c/aggregates" status: 404 len: 235 microversion: 1.1 [pid: 8|app: 0|req: 496/991] 10.0.0.134 () {32 vars in 814 bytes} [Mon Jul 6 03:08:28 2026] GET /resource_providers/16832465-0883-4322-a369-2b2efd45ae5c/aggregates => generated 235 bytes in 17 msecs (HTTP/1.1 404) 5 headers in 202 bytes (1 switches on core 0)
2026-07-06 03:08:28.601 7 INFO placement.requestlog [None req-454354b9-b5d9-4d2d-82db-c4a4ae54c461 13acdbaae7a64dc3baf77bd571aebd69 bc71779cecc84092a5442ffc67ad6b33 - - 8ac31541d7b14d5281210efc2bbea991 8ac31541d7b14d5281210efc2bbea991] 10.0.0.134 "DELETE /resource_providers/16832465-0883-4322-a369-2b2efd45ae5c" status: 404 len: 246 microversion: 1.1 [pid: 7|app: 0|req: 496/992] 10.0.0.134 () {34 vars in 814 bytes} [Mon Jul 6 03:08:28 2026] DELETE /resource_providers/16832465-0883-4322-a369-2b2efd45ae5c => generated 246 bytes in 6 msecs (HTTP/1.1 404) 6 headers in 231 bytes (1 switches on core 0)
2026-07-06 03:08:28.613 8 INFO placement.requestlog [None req-7758b91b-d58f-4c03-9477-0645976664fa 13acdbaae7a64dc3baf77bd571aebd69 bc71779cecc84092a5442ffc67ad6b33 - - 8ac31541d7b14d5281210efc2bbea991 8ac31541d7b14d5281210efc2bbea991] 10.0.0.134 "DELETE /resource_providers/16832465-0883-4322-a369-2b2efd45ae5c" status: 404 len: 246 microversion: 1.1 [pid: 8|app: 0|req: 497/993] 10.0.0.134 () {34 vars in 814 bytes} [Mon Jul 6 03:08:28 2026] DELETE /resource_providers/16832465-0883-4322-a369-2b2efd45ae5c => generated 246 bytes in 8 msecs (HTTP/1.1 404) 6 headers in 231 bytes (1 switches on core 0)
2026-07-06 03:08:31.228 8 INFO placement.requestlog [None req-0b3bfb8c-3869-4a8f-ac5c-de341eb28d78 13acdbaae7a64dc3baf77bd571aebd69 bc71779cecc84092a5442ffc67ad6b33 - - 8ac31541d7b14d5281210efc2bbea991 8ac31541d7b14d5281210efc2bbea991] 10.0.0.134 "GET /resource_providers/e5470609-fd30-49ac-a3cf-97df0fb14eca/aggregates" status: 404 len: 235 microversion: 1.1 [pid: 8|app: 0|req: 498/994] 10.0.0.134 () {32 vars in 814 bytes} [Mon Jul 6 03:08:31 2026] GET /resource_providers/e5470609-fd30-49ac-a3cf-97df0fb14eca/aggregates => generated 235 bytes in 8 msecs (HTTP/1.1 404) 5 headers in 202 bytes (1 switches on core 0)
2026-07-06 03:08:31.231 7 INFO placement.requestlog [None req-d6c89e8f-f19e-45db-9ce6-00686c2fdc5a 13acdbaae7a64dc3baf77bd571aebd69 bc71779cecc84092a5442ffc67ad6b33 - - 8ac31541d7b14d5281210efc2bbea991 8ac31541d7b14d5281210efc2bbea991] 10.0.0.134 "GET /resource_providers/e5470609-fd30-49ac-a3cf-97df0fb14eca/aggregates" status: 404 len: 235 microversion: 1.1 [pid: 7|app: 0|req: 497/995] 10.0.0.134 () {32 vars in 814 bytes} [Mon Jul 6 03:08:31 2026] GET /resource_providers/e5470609-fd30-49ac-a3cf-97df0fb14eca/aggregates => generated 235 bytes in 12 msecs (HTTP/1.1 404) 5 headers in 202 bytes (1 switches on core 0)
2026-07-06 03:08:31.249 8 INFO placement.requestlog [None req-824ddb84-0023-49fc-9b87-da00e30b6966 13acdbaae7a64dc3baf77bd571aebd69 bc71779cecc84092a5442ffc67ad6b33 - - 8ac31541d7b14d5281210efc2bbea991 8ac31541d7b14d5281210efc2bbea991] 10.0.0.134 "DELETE /resource_providers/e5470609-fd30-49ac-a3cf-97df0fb14eca" status: 404 len: 246 microversion: 1.1 [pid: 8|app: 0|req: 499/996] 10.0.0.134 () {34 vars in 814 bytes} [Mon Jul 6 03:08:31 2026] DELETE /resource_providers/e5470609-fd30-49ac-a3cf-97df0fb14eca => generated 246 bytes in 11 msecs (HTTP/1.1 404) 6 headers in 231 bytes (1 switches on core 0)
2026-07-06 03:08:31.259 7 INFO placement.requestlog [None req-dd7e614e-d7e3-42fd-ba58-5b7b55eab0a2 13acdbaae7a64dc3baf77bd571aebd69 bc71779cecc84092a5442ffc67ad6b33 - - 8ac31541d7b14d5281210efc2bbea991 8ac31541d7b14d5281210efc2bbea991] 10.0.0.134 "DELETE /resource_providers/e5470609-fd30-49ac-a3cf-97df0fb14eca" status: 404 len: 246 microversion: 1.1 [pid: 7|app: 0|req: 498/997] 10.0.0.134 () {34 vars in 814 bytes} [Mon Jul 6 03:08:31 2026] DELETE /resource_providers/e5470609-fd30-49ac-a3cf-97df0fb14eca => generated 246 bytes in 11 msecs (HTTP/1.1 404) 6 headers in 231 bytes (1 switches on core 0)
2026-07-06 03:08:37.958 8 INFO placement.requestlog [None req-3b751b58-a489-4a8e-8417-0e433c81ea56 - - - - - -] 10.0.0.91 "GET /" status: 200 len: 136 microversion: 1.0
2026-07-06 03:08:37.959 7 INFO placement.requestlog [None req-9bc6175b-6549-4cfe-a484-5f61c15d40ff - - - - - -] 10.0.0.91 "GET /" status: 200 len: 136 microversion: 1.0
2026-07-06 03:08:44.808 8 INFO placement.requestlog [req-81247664-2ab7-45ed-a730-87c1032e0265 req-59925cb1-48a0-4c40-a77c-049c2bac03b2 3bdb634236d0491eb5d8fa7f5b7b9d77 bc71779cecc84092a5442ffc67ad6b33 - - 8ac31541d7b14d5281210efc2bbea991 8ac31541d7b14d5281210efc2bbea991] 199.204.45.205 "GET /resource_providers/ce3887fd-158d-4947-b68b-d065cdaf3152/allocations" status: 200 len: 353 microversion: 1.0 [pid: 8|app: 0|req: 501/1000] 199.204.45.205 () {32 vars in 855 bytes} [Mon Jul 6 03:08:44 2026] GET /resource_providers/ce3887fd-158d-4947-b68b-d065cdaf3152/allocations => generated 353 bytes in 18 msecs (HTTP/1.1 200) 6 headers in 224 bytes (1 switches on core 0)
2026-07-06 03:08:44.829 7 INFO placement.requestlog [req-81247664-2ab7-45ed-a730-87c1032e0265 req-6059b5c4-bc1a-48c5-be24-255f2a354317 3bdb634236d0491eb5d8fa7f5b7b9d77 bc71779cecc84092a5442ffc67ad6b33 - - 8ac31541d7b14d5281210efc2bbea991 8ac31541d7b14d5281210efc2bbea991] 199.204.45.205 "GET /resource_providers/ce3887fd-158d-4947-b68b-d065cdaf3152/allocations" status: 200 len: 353 microversion: 1.0 [pid: 7|app: 0|req: 500/1001] 199.204.45.205 () {32 vars in 855 bytes} [Mon Jul 6 03:08:44 2026] GET /resource_providers/ce3887fd-158d-4947-b68b-d065cdaf3152/allocations => generated 353 bytes in 14 msecs (HTTP/1.1 200) 6 headers in 224 bytes (1 switches on core 0)
2026-07-06 03:08:44.850 8 INFO placement.requestlog [req-81247664-2ab7-45ed-a730-87c1032e0265 req-382c3683-85e3-4293-9de3-fa799174c380 3bdb634236d0491eb5d8fa7f5b7b9d77 bc71779cecc84092a5442ffc67ad6b33 - - 8ac31541d7b14d5281210efc2bbea991 8ac31541d7b14d5281210efc2bbea991] 199.204.45.205 "GET /allocations/ebf4493c-b145-4939-83e3-e2079f1cbd7f" status: 200 len: 258 microversion: 1.28 [pid: 8|app: 0|req: 502/1002] 199.204.45.205 () {34 vars in 861 bytes} [Mon Jul 6 03:08:44 2026] GET /allocations/ebf4493c-b145-4939-83e3-e2079f1cbd7f => generated 258 bytes in 16 msecs (HTTP/1.1 200) 8 headers in 296 bytes (1 switches on core 0)
2026-07-06 03:08:44.868 7 INFO placement.requestlog [req-81247664-2ab7-45ed-a730-87c1032e0265 req-89dcd63b-345a-44a7-b796-052ba5bab9e7 3bdb634236d0491eb5d8fa7f5b7b9d77 bc71779cecc84092a5442ffc67ad6b33 - - 8ac31541d7b14d5281210efc2bbea991 8ac31541d7b14d5281210efc2bbea991] 199.204.45.205 "GET /allocations/7fedd114-5f2e-47bc-beff-1bd259a56fd4" status: 200 len: 258 microversion: 1.28 [pid: 7|app: 0|req: 501/1003] 199.204.45.205 () {34 vars in 861 bytes} [Mon Jul 6 03:08:44 2026] GET /allocations/7fedd114-5f2e-47bc-beff-1bd259a56fd4 => generated 258 bytes in 11 msecs (HTTP/1.1 200) 8 headers in 296 bytes (1 switches on core 0)
2026-07-06 03:08:44.889 8 INFO placement.requestlog [req-81247664-2ab7-45ed-a730-87c1032e0265 req-f25a4587-1889-422e-8034-5e668bab54f3 3bdb634236d0491eb5d8fa7f5b7b9d77 bc71779cecc84092a5442ffc67ad6b33 - - 8ac31541d7b14d5281210efc2bbea991 8ac31541d7b14d5281210efc2bbea991] 199.204.45.205 "GET /allocations/7816809a-a690-4648-81f0-2c4d49d10ee1" status: 200 len: 258 microversion: 1.28 [pid: 8|app: 0|req: 503/1004] 199.204.45.205 () {34 vars in 861 bytes} [Mon Jul 6 03:08:44 2026] GET /allocations/7816809a-a690-4648-81f0-2c4d49d10ee1 => generated 258 bytes in 14 msecs (HTTP/1.1 200) 8 headers in 296 bytes (1 switches on core 0)
2026-07-06 03:08:47.959 7 INFO placement.requestlog [None req-e5faecc3-7912-46b5-821e-16df8329494b - - - - - -] 10.0.0.91 "GET /" status: 200 len: 136 microversion: 1.0
2026-07-06 03:08:47.961 8 INFO placement.requestlog [None req-0a984d72-f518-4a8a-8aae-e56caa8ea848 - - - - - -] 10.0.0.91 "GET /" status: 200 len: 136 microversion: 1.0
2026-07-06 03:08:48.624 7 INFO placement.requestlog [req-bb6d04af-cb89-4968-9f1d-eb20a10814f0 req-5e7cb618-3728-4a49-a510-37fa74da8533 3bdb634236d0491eb5d8fa7f5b7b9d77 bc71779cecc84092a5442ffc67ad6b33 - - 8ac31541d7b14d5281210efc2bbea991 8ac31541d7b14d5281210efc2bbea991] 10.0.0.94 "GET /allocation_candidates?limit=1000&resources=DISK_GB%3A1%2CMEMORY_MB%3A512%2CVCPU%3A1&root_required=%21COMPUTE_STATUS_DISABLED" status: 200 len: 2643 microversion: 1.36 [pid: 7|app: 0|req: 503/1007] 10.0.0.94 () {34 vars in 1009 bytes} [Mon Jul 6 03:08:48 2026] GET /allocation_candidates?limit=1000&resources=DISK_GB%3A1%2CMEMORY_MB%3A512%2CVCPU%3A1&root_required=%21COMPUTE_STATUS_DISABLED => generated 2643 bytes in 46 msecs (HTTP/1.1 200) 8 headers in 297 bytes (1 switches on core 0)
2026-07-06 03:08:48.652 8 INFO placement.requestlog [req-bb6d04af-cb89-4968-9f1d-eb20a10814f0 req-63bcb3de-d6a5-45e5-8b02-1c6431a63810 3bdb634236d0491eb5d8fa7f5b7b9d77 bc71779cecc84092a5442ffc67ad6b33 - - 8ac31541d7b14d5281210efc2bbea991 8ac31541d7b14d5281210efc2bbea991] 10.0.0.94 "GET /allocations/f94b8aae-960f-44a7-b470-56b16e5c19cf" status: 200 len: 19 microversion: 1.28 [pid: 8|app: 0|req: 505/1008] 10.0.0.94 () {34 vars in 858 bytes} [Mon Jul 6 03:08:48 2026] GET /allocations/f94b8aae-960f-44a7-b470-56b16e5c19cf => generated 19 bytes in 11 msecs (HTTP/1.1 200) 8 headers in 295 bytes (1 switches on core 0)
2026-07-06 03:08:48.719 7 INFO placement.requestlog [req-bb6d04af-cb89-4968-9f1d-eb20a10814f0 req-92f19c29-dca0-4353-aa57-41eedc498c79 3bdb634236d0491eb5d8fa7f5b7b9d77 bc71779cecc84092a5442ffc67ad6b33 - - 8ac31541d7b14d5281210efc2bbea991 8ac31541d7b14d5281210efc2bbea991] 10.0.0.94 "PUT /allocations/f94b8aae-960f-44a7-b470-56b16e5c19cf" status: 204 len: 0 microversion: 1.36 [pid: 7|app: 0|req: 504/1009] 10.0.0.94 () {38 vars in 911 bytes} [Mon Jul 6 03:08:48 2026] PUT /allocations/f94b8aae-960f-44a7-b470-56b16e5c19cf => generated 0 bytes in 62 msecs (HTTP/1.1 204) 5 headers in 199 bytes (1 switches on core 0)
2026-07-06 03:08:50.242 8 INFO placement.requestlog [req-bb6d04af-cb89-4968-9f1d-eb20a10814f0 req-fdbc9ce1-efc1-4ba1-a797-b1538a4b6c2c 3bdb634236d0491eb5d8fa7f5b7b9d77 bc71779cecc84092a5442ffc67ad6b33 - - 8ac31541d7b14d5281210efc2bbea991 8ac31541d7b14d5281210efc2bbea991] 199.204.45.205 "GET /allocations/f94b8aae-960f-44a7-b470-56b16e5c19cf" status: 200 len: 258 microversion: 1.28 [pid: 8|app: 0|req: 506/1010] 199.204.45.205 () {34 vars in 861 bytes} [Mon Jul 6 03:08:50 2026] GET /allocations/f94b8aae-960f-44a7-b470-56b16e5c19cf => generated 258 bytes in 17 msecs (HTTP/1.1 200) 8 headers in 296 bytes (1 switches on core 0)
2026-07-06 03:08:51.292 7 INFO placement.requestlog [req-bb6d04af-cb89-4968-9f1d-eb20a10814f0 req-497494fb-9e03-420d-8d7d-d3efc86bf0ef 3bdb634236d0491eb5d8fa7f5b7b9d77 bc71779cecc84092a5442ffc67ad6b33 - - 8ac31541d7b14d5281210efc2bbea991 8ac31541d7b14d5281210efc2bbea991] 199.204.45.205 "GET /resource_providers/ce3887fd-158d-4947-b68b-d065cdaf3152/allocations" status: 200 len: 453 microversion: 1.0 [pid: 7|app: 0|req: 505/1011] 199.204.45.205 () {32 vars in 855 bytes} [Mon Jul 6 03:08:51 2026] GET /resource_providers/ce3887fd-158d-4947-b68b-d065cdaf3152/allocations => generated 453 bytes in 19 msecs (HTTP/1.1 200) 6 headers in 224 bytes (1 switches on core 0)
2026-07-06 03:08:51.315 8 INFO placement.requestlog [req-bb6d04af-cb89-4968-9f1d-eb20a10814f0 req-cac3b69d-3ac8-42bb-97ad-1ea75bdea722 3bdb634236d0491eb5d8fa7f5b7b9d77 bc71779cecc84092a5442ffc67ad6b33 - - 8ac31541d7b14d5281210efc2bbea991 8ac31541d7b14d5281210efc2bbea991] 199.204.45.205 "GET /allocations/f94b8aae-960f-44a7-b470-56b16e5c19cf" status: 200 len: 258 microversion: 1.28 [pid: 8|app: 0|req: 507/1012] 199.204.45.205 () {34 vars in 861 bytes} [Mon Jul 6 03:08:51 2026] GET /allocations/f94b8aae-960f-44a7-b470-56b16e5c19cf => generated 258 bytes in 14 msecs (HTTP/1.1 200) 8 headers in 296 bytes (1 switches on core 0)
2026-07-06 03:08:51.335 7 INFO placement.requestlog [req-bb6d04af-cb89-4968-9f1d-eb20a10814f0 req-1e36125f-bd0d-4022-96ce-7683dacab5a5 3bdb634236d0491eb5d8fa7f5b7b9d77 bc71779cecc84092a5442ffc67ad6b33 - - 8ac31541d7b14d5281210efc2bbea991 8ac31541d7b14d5281210efc2bbea991] 199.204.45.205 "GET /allocations/ebf4493c-b145-4939-83e3-e2079f1cbd7f" status: 200 len: 258 microversion: 1.28 [pid: 7|app: 0|req: 506/1013] 199.204.45.205 () {34 vars in 861 bytes} [Mon Jul 6 03:08:51 2026] GET /allocations/ebf4493c-b145-4939-83e3-e2079f1cbd7f => generated 258 bytes in 13 msecs (HTTP/1.1 200) 8 headers in 296 bytes (1 switches on core 0)
2026-07-06 03:08:51.355 8 INFO placement.requestlog [req-bb6d04af-cb89-4968-9f1d-eb20a10814f0 req-0e6fdfc2-45e9-49c6-81b4-e1a88abae36c 3bdb634236d0491eb5d8fa7f5b7b9d77 bc71779cecc84092a5442ffc67ad6b33 - - 8ac31541d7b14d5281210efc2bbea991 8ac31541d7b14d5281210efc2bbea991] 199.204.45.205 "GET /allocations/7fedd114-5f2e-47bc-beff-1bd259a56fd4" status: 200 len: 258 microversion: 1.28 [pid: 8|app: 0|req: 508/1014] 199.204.45.205 () {34 vars in 861 bytes} [Mon Jul 6 03:08:51 2026] GET /allocations/7fedd114-5f2e-47bc-beff-1bd259a56fd4 => generated 258 bytes in 13 msecs (HTTP/1.1 200) 8 headers in 296 bytes (1 switches on core 0)
