2026-07-06 03:08:51.378 7 INFO placement.requestlog [req-bb6d04af-cb89-4968-9f1d-eb20a10814f0 req-d61f6a31-6552-4bd3-9681-a3108a0a2b65 3bdb634236d0491eb5d8fa7f5b7b9d77 bc71779cecc84092a5442ffc67ad6b33 - - 8ac31541d7b14d5281210efc2bbea991 8ac31541d7b14d5281210efc2bbea991] 199.204.45.205 "GET /allocations/7816809a-a690-4648-81f0-2c4d49d10ee1" status: 200 len: 258 microversion: 1.28 [pid: 7|app: 0|req: 507/1015] 199.204.45.205 () {34 vars in 861 bytes} [Mon Jul 6 03:08:51 2026] GET /allocations/7816809a-a690-4648-81f0-2c4d49d10ee1 => generated 258 bytes in 14 msecs (HTTP/1.1 200) 8 headers in 296 bytes (1 switches on core 0)
2026-07-06 03:08:57.958 8 INFO placement.requestlog [None req-415da1c2-b793-4d5d-8033-aefc5fd912cc - - - - - -] 10.0.0.91 "GET /" status: 200 len: 136 microversion: 1.0
2026-07-06 03:08:57.958 7 INFO placement.requestlog [None req-1635f41c-4b33-4c04-b8b2-5787e07ccd8b - - - - - -] 10.0.0.91 "GET /" status: 200 len: 136 microversion: 1.0
2026-07-06 03:09:00.263 8 INFO placement.requestlog [req-cef3164c-a028-43b4-bb0b-8fd5dd47a1e4 req-10e165c7-3c3b-491d-bc46-79f327655d41 3bdb634236d0491eb5d8fa7f5b7b9d77 bc71779cecc84092a5442ffc67ad6b33 - - 8ac31541d7b14d5281210efc2bbea991 8ac31541d7b14d5281210efc2bbea991] 10.0.0.94 "GET /allocation_candidates?limit=1000&resources=DISK_GB%3A1%2CMEMORY_MB%3A512%2CVCPU%3A1&root_required=%21COMPUTE_STATUS_DISABLED" status: 200 len: 2643 microversion: 1.36 [pid: 8|app: 0|req: 510/1018] 10.0.0.94 () {34 vars in 1009 bytes} [Mon Jul 6 03:09:00 2026] GET /allocation_candidates?limit=1000&resources=DISK_GB%3A1%2CMEMORY_MB%3A512%2CVCPU%3A1&root_required=%21COMPUTE_STATUS_DISABLED => generated 2643 bytes in 42 msecs (HTTP/1.1 200) 8 headers in 297 bytes (1 switches on core 0)
2026-07-06 03:09:00.286 7 INFO placement.requestlog [req-cef3164c-a028-43b4-bb0b-8fd5dd47a1e4 req-558396e7-b373-4ef4-bda0-ad94ec9d2115 3bdb634236d0491eb5d8fa7f5b7b9d77 bc71779cecc84092a5442ffc67ad6b33 - - 8ac31541d7b14d5281210efc2bbea991 8ac31541d7b14d5281210efc2bbea991] 10.0.0.94 "GET /allocations/2eb7ee44-db2f-4c20-87b1-e5739bb79847" status: 200 len: 19 microversion: 1.28 [pid: 7|app: 0|req: 509/1019] 10.0.0.94 () {34 vars in 858 bytes} [Mon Jul 6 03:09:00 2026] GET /allocations/2eb7ee44-db2f-4c20-87b1-e5739bb79847 => generated 19 bytes in 7 msecs (HTTP/1.1 200) 8 headers in 295 bytes (1 switches on core 0)
2026-07-06 03:09:00.338 8 INFO placement.requestlog [req-cef3164c-a028-43b4-bb0b-8fd5dd47a1e4 req-0a40527a-d9a7-4555-b9d4-46594f8d2fbb 3bdb634236d0491eb5d8fa7f5b7b9d77 bc71779cecc84092a5442ffc67ad6b33 - - 8ac31541d7b14d5281210efc2bbea991 8ac31541d7b14d5281210efc2bbea991] 10.0.0.94 "PUT /allocations/2eb7ee44-db2f-4c20-87b1-e5739bb79847" status: 204 len: 0 microversion: 1.36 [pid: 8|app: 0|req: 511/1020] 10.0.0.94 () {38 vars in 911 bytes} [Mon Jul 6 03:09:00 2026] PUT /allocations/2eb7ee44-db2f-4c20-87b1-e5739bb79847 => generated 0 bytes in 49 msecs (HTTP/1.1 204) 5 headers in 199 bytes (1 switches on core 0)
2026-07-06 03:09:01.920 7 INFO placement.requestlog [req-cef3164c-a028-43b4-bb0b-8fd5dd47a1e4 req-e730d203-23e9-432c-8687-a6473247027d 3bdb634236d0491eb5d8fa7f5b7b9d77 bc71779cecc84092a5442ffc67ad6b33 - - 8ac31541d7b14d5281210efc2bbea991 8ac31541d7b14d5281210efc2bbea991] 199.204.45.205 "GET /allocations/2eb7ee44-db2f-4c20-87b1-e5739bb79847" status: 200 len: 258 microversion: 1.28 [pid: 7|app: 0|req: 510/1021] 199.204.45.205 () {34 vars in 861 bytes} [Mon Jul 6 03:09:01 2026] GET /allocations/2eb7ee44-db2f-4c20-87b1-e5739bb79847 => generated 258 bytes in 11 msecs (HTTP/1.1 200) 8 headers in 296 bytes (1 switches on core 0)
2026-07-06 03:09:02.963 8 INFO placement.requestlog [req-cef3164c-a028-43b4-bb0b-8fd5dd47a1e4 req-23f2fd46-698c-452b-87fc-7ea1f67295d2 3bdb634236d0491eb5d8fa7f5b7b9d77 bc71779cecc84092a5442ffc67ad6b33 - - 8ac31541d7b14d5281210efc2bbea991 8ac31541d7b14d5281210efc2bbea991] 199.204.45.205 "GET /resource_providers/ce3887fd-158d-4947-b68b-d065cdaf3152/allocations" status: 200 len: 553 microversion: 1.0 [pid: 8|app: 0|req: 512/1022] 199.204.45.205 () {32 vars in 855 bytes} [Mon Jul 6 03:09:02 2026] GET /resource_providers/ce3887fd-158d-4947-b68b-d065cdaf3152/allocations => generated 553 bytes in 19 msecs (HTTP/1.1 200) 6 headers in 224 bytes (1 switches on core 0)
2026-07-06 03:09:02.991 7 INFO placement.requestlog [req-cef3164c-a028-43b4-bb0b-8fd5dd47a1e4 req-f1f0de26-cdfc-4f37-919e-33f9a1668a63 3bdb634236d0491eb5d8fa7f5b7b9d77 bc71779cecc84092a5442ffc67ad6b33 - - 8ac31541d7b14d5281210efc2bbea991 8ac31541d7b14d5281210efc2bbea991] 199.204.45.205 "GET /allocations/ebf4493c-b145-4939-83e3-e2079f1cbd7f" status: 200 len: 258 microversion: 1.28 [pid: 7|app: 0|req: 511/1023] 199.204.45.205 () {34 vars in 861 bytes} [Mon Jul 6 03:09:02 2026] GET /allocations/ebf4493c-b145-4939-83e3-e2079f1cbd7f => generated 258 bytes in 21 msecs (HTTP/1.1 200) 8 headers in 296 bytes (1 switches on core 0)
2026-07-06 03:09:03.015 8 INFO placement.requestlog [req-cef3164c-a028-43b4-bb0b-8fd5dd47a1e4 req-873cdbe6-c633-47f7-a3d2-d40996cd042e 3bdb634236d0491eb5d8fa7f5b7b9d77 bc71779cecc84092a5442ffc67ad6b33 - - 8ac31541d7b14d5281210efc2bbea991 8ac31541d7b14d5281210efc2bbea991] 199.204.45.205 "GET /allocations/7fedd114-5f2e-47bc-beff-1bd259a56fd4" status: 200 len: 258 microversion: 1.28 [pid: 8|app: 0|req: 513/1024] 199.204.45.205 () {34 vars in 861 bytes} [Mon Jul 6 03:09:02 2026] GET /allocations/7fedd114-5f2e-47bc-beff-1bd259a56fd4 => generated 258 bytes in 16 msecs (HTTP/1.1 200) 8 headers in 296 bytes (1 switches on core 0)
2026-07-06 03:09:03.045 7 INFO placement.requestlog [req-cef3164c-a028-43b4-bb0b-8fd5dd47a1e4 req-9a284124-7f85-4fb9-8e41-06bd35d79c83 3bdb634236d0491eb5d8fa7f5b7b9d77 bc71779cecc84092a5442ffc67ad6b33 - - 8ac31541d7b14d5281210efc2bbea991 8ac31541d7b14d5281210efc2bbea991] 199.204.45.205 "GET /allocations/7816809a-a690-4648-81f0-2c4d49d10ee1" status: 200 len: 258 microversion: 1.28 [pid: 7|app: 0|req: 512/1025] 199.204.45.205 () {34 vars in 861 bytes} [Mon Jul 6 03:09:03 2026] GET /allocations/7816809a-a690-4648-81f0-2c4d49d10ee1 => generated 258 bytes in 24 msecs (HTTP/1.1 200) 8 headers in 296 bytes (1 switches on core 0)
2026-07-06 03:09:03.068 8 INFO placement.requestlog [req-cef3164c-a028-43b4-bb0b-8fd5dd47a1e4 req-bc57c729-055e-4280-b452-abc9e005e48f 3bdb634236d0491eb5d8fa7f5b7b9d77 bc71779cecc84092a5442ffc67ad6b33 - - 8ac31541d7b14d5281210efc2bbea991 8ac31541d7b14d5281210efc2bbea991] 199.204.45.205 "GET /allocations/f94b8aae-960f-44a7-b470-56b16e5c19cf" status: 200 len: 258 microversion: 1.28 [pid: 8|app: 0|req: 514/1026] 199.204.45.205 () {34 vars in 861 bytes} [Mon Jul 6 03:09:03 2026] GET /allocations/f94b8aae-960f-44a7-b470-56b16e5c19cf => generated 258 bytes in 15 msecs (HTTP/1.1 200) 8 headers in 296 bytes (1 switches on core 0)
2026-07-06 03:09:03.097 7 INFO placement.requestlog [req-cef3164c-a028-43b4-bb0b-8fd5dd47a1e4 req-a6631b12-fc79-412d-afcf-e09c7c08f5b1 3bdb634236d0491eb5d8fa7f5b7b9d77 bc71779cecc84092a5442ffc67ad6b33 - - 8ac31541d7b14d5281210efc2bbea991 8ac31541d7b14d5281210efc2bbea991] 199.204.45.205 "GET /allocations/2eb7ee44-db2f-4c20-87b1-e5739bb79847" status: 200 len: 258 microversion: 1.28 [pid: 7|app: 0|req: 513/1027] 199.204.45.205 () {34 vars in 861 bytes} [Mon Jul 6 03:09:03 2026] GET /allocations/2eb7ee44-db2f-4c20-87b1-e5739bb79847 => generated 258 bytes in 14 msecs (HTTP/1.1 200) 8 headers in 296 bytes (1 switches on core 0)
2026-07-06 03:09:07.958 8 INFO placement.requestlog [None req-540c19d4-c50a-44f8-aadb-8d17b8fc0fc8 - - - - - -] 10.0.0.91 "GET /" status: 200 len: 136 microversion: 1.0
2026-07-06 03:09:07.959 7 INFO placement.requestlog [None req-fb23928e-dace-45ee-b139-902ac18c7594 - - - - - -] 10.0.0.91 "GET /" status: 200 len: 136 microversion: 1.0
2026-07-06 03:09:08.060 8 INFO placement.requestlog [req-68cb442b-ff90-4749-ae4b-1138ac0d4130 req-11db7612-e4e9-4f31-9e8b-857eec40641c 3bdb634236d0491eb5d8fa7f5b7b9d77 bc71779cecc84092a5442ffc67ad6b33 - - 8ac31541d7b14d5281210efc2bbea991 8ac31541d7b14d5281210efc2bbea991] 199.204.45.205 "GET /resource_providers/ce3887fd-158d-4947-b68b-d065cdaf3152/allocations" status: 200 len: 553 microversion: 1.0 [pid: 8|app: 0|req: 516/1030] 199.204.45.205 () {32 vars in 855 bytes} [Mon Jul 6 03:09:08 2026] GET /resource_providers/ce3887fd-158d-4947-b68b-d065cdaf3152/allocations => generated 553 bytes in 27 msecs (HTTP/1.1 200) 6 headers in 224 bytes (1 switches on core 0)
2026-07-06 03:09:08.079 7 INFO placement.requestlog [req-68cb442b-ff90-4749-ae4b-1138ac0d4130 req-1676894e-9f8f-473d-856e-2818ef7a3f2b 3bdb634236d0491eb5d8fa7f5b7b9d77 bc71779cecc84092a5442ffc67ad6b33 - - 8ac31541d7b14d5281210efc2bbea991 8ac31541d7b14d5281210efc2bbea991] 199.204.45.205 "GET /allocations/ebf4493c-b145-4939-83e3-e2079f1cbd7f" status: 200 len: 258 microversion: 1.28 [pid: 7|app: 0|req: 515/1031] 199.204.45.205 () {34 vars in 861 bytes} [Mon Jul 6 03:09:08 2026] GET /allocations/ebf4493c-b145-4939-83e3-e2079f1cbd7f => generated 258 bytes in 12 msecs (HTTP/1.1 200) 8 headers in 296 bytes (1 switches on core 0)
2026-07-06 03:09:08.106 8 INFO placement.requestlog [req-68cb442b-ff90-4749-ae4b-1138ac0d4130 req-6e55c238-f3dc-41e1-a737-09ca51456bd0 3bdb634236d0491eb5d8fa7f5b7b9d77 bc71779cecc84092a5442ffc67ad6b33 - - 8ac31541d7b14d5281210efc2bbea991 8ac31541d7b14d5281210efc2bbea991] 199.204.45.205 "GET /allocations/7fedd114-5f2e-47bc-beff-1bd259a56fd4" status: 200 len: 258 microversion: 1.28 [pid: 8|app: 0|req: 517/1032] 199.204.45.205 () {34 vars in 861 bytes} [Mon Jul 6 03:09:08 2026] GET /allocations/7fedd114-5f2e-47bc-beff-1bd259a56fd4 => generated 258 bytes in 19 msecs (HTTP/1.1 200) 8 headers in 296 bytes (1 switches on core 0)
2026-07-06 03:09:08.122 7 INFO placement.requestlog [req-68cb442b-ff90-4749-ae4b-1138ac0d4130 req-748513ba-d115-48c1-b189-77daae7cb60e 3bdb634236d0491eb5d8fa7f5b7b9d77 bc71779cecc84092a5442ffc67ad6b33 - - 8ac31541d7b14d5281210efc2bbea991 8ac31541d7b14d5281210efc2bbea991] 199.204.45.205 "GET /allocations/7816809a-a690-4648-81f0-2c4d49d10ee1" status: 200 len: 258 microversion: 1.28 [pid: 7|app: 0|req: 516/1033] 199.204.45.205 () {34 vars in 861 bytes} [Mon Jul 6 03:09:08 2026] GET /allocations/7816809a-a690-4648-81f0-2c4d49d10ee1 => generated 258 bytes in 10 msecs (HTTP/1.1 200) 8 headers in 296 bytes (1 switches on core 0)
2026-07-06 03:09:08.135 8 INFO placement.requestlog [req-68cb442b-ff90-4749-ae4b-1138ac0d4130 req-e1a14f39-cc1b-4d9d-8ac8-204a8fad5892 3bdb634236d0491eb5d8fa7f5b7b9d77 bc71779cecc84092a5442ffc67ad6b33 - - 8ac31541d7b14d5281210efc2bbea991 8ac31541d7b14d5281210efc2bbea991] 199.204.45.205 "GET /allocations/f94b8aae-960f-44a7-b470-56b16e5c19cf" status: 200 len: 258 microversion: 1.28 [pid: 8|app: 0|req: 518/1034] 199.204.45.205 () {34 vars in 861 bytes} [Mon Jul 6 03:09:08 2026] GET /allocations/f94b8aae-960f-44a7-b470-56b16e5c19cf => generated 258 bytes in 10 msecs (HTTP/1.1 200) 8 headers in 296 bytes (1 switches on core 0)
2026-07-06 03:09:08.154 7 INFO placement.requestlog [req-68cb442b-ff90-4749-ae4b-1138ac0d4130 req-808532d7-9c72-45a2-aea6-3d2f4e4f94e8 3bdb634236d0491eb5d8fa7f5b7b9d77 bc71779cecc84092a5442ffc67ad6b33 - - 8ac31541d7b14d5281210efc2bbea991 8ac31541d7b14d5281210efc2bbea991] 199.204.45.205 "GET /allocations/2eb7ee44-db2f-4c20-87b1-e5739bb79847" status: 200 len: 258 microversion: 1.28 [pid: 7|app: 0|req: 517/1035] 199.204.45.205 () {34 vars in 861 bytes} [Mon Jul 6 03:09:08 2026] GET /allocations/2eb7ee44-db2f-4c20-87b1-e5739bb79847 => generated 258 bytes in 13 msecs (HTTP/1.1 200) 8 headers in 296 bytes (1 switches on core 0)
2026-07-06 03:09:09.206 8 INFO placement.requestlog [req-68cb442b-ff90-4749-ae4b-1138ac0d4130 req-cc9184e6-930b-4dab-b99d-b4f454e36df5 3bdb634236d0491eb5d8fa7f5b7b9d77 bc71779cecc84092a5442ffc67ad6b33 - - 8ac31541d7b14d5281210efc2bbea991 8ac31541d7b14d5281210efc2bbea991] 199.204.45.205 "DELETE /allocations/f94b8aae-960f-44a7-b470-56b16e5c19cf" status: 204 len: 0 microversion: 1.0 [pid: 8|app: 0|req: 519/1036] 199.204.45.205 () {34 vars in 839 bytes} [Mon Jul 6 03:09:09 2026] DELETE /allocations/f94b8aae-960f-44a7-b470-56b16e5c19cf => generated 0 bytes in 24 msecs (HTTP/1.1 204) 5 headers in 198 bytes (1 switches on core 0)
2026-07-06 03:09:13.806 8 INFO placement.requestlog [None req-ecd74d3a-ee0c-4358-9ef1-278677483798 13acdbaae7a64dc3baf77bd571aebd69 bc71779cecc84092a5442ffc67ad6b33 - - 8ac31541d7b14d5281210efc2bbea991 8ac31541d7b14d5281210efc2bbea991] 10.0.0.134 "GET /resource_providers/667debb5-6021-4bf4-b03f-98cd4931376e/aggregates" status: 404 len: 235 microversion: 1.1 [pid: 8|app: 0|req: 520/1037] 10.0.0.134 () {32 vars in 814 bytes} [Mon Jul 6 03:09:13 2026] GET /resource_providers/667debb5-6021-4bf4-b03f-98cd4931376e/aggregates => generated 235 bytes in 11 msecs (HTTP/1.1 404) 5 headers in 202 bytes (1 switches on core 0)
2026-07-06 03:09:13.820 7 INFO placement.requestlog [None req-5f51cecf-cc21-45b5-837e-9615339a8b7e 13acdbaae7a64dc3baf77bd571aebd69 bc71779cecc84092a5442ffc67ad6b33 - - 8ac31541d7b14d5281210efc2bbea991 8ac31541d7b14d5281210efc2bbea991] 10.0.0.134 "GET /resource_providers/667debb5-6021-4bf4-b03f-98cd4931376e/aggregates" status: 404 len: 235 microversion: 1.1 [pid: 7|app: 0|req: 518/1038] 10.0.0.134 () {32 vars in 814 bytes} [Mon Jul 6 03:09:13 2026] GET /resource_providers/667debb5-6021-4bf4-b03f-98cd4931376e/aggregates => generated 235 bytes in 25 msecs (HTTP/1.1 404) 5 headers in 202 bytes (1 switches on core 0)
2026-07-06 03:09:13.843 8 INFO placement.requestlog [None req-5cfa065f-5fa8-487b-8606-1e6ab6211784 13acdbaae7a64dc3baf77bd571aebd69 bc71779cecc84092a5442ffc67ad6b33 - - 8ac31541d7b14d5281210efc2bbea991 8ac31541d7b14d5281210efc2bbea991] 10.0.0.134 "DELETE /resource_providers/667debb5-6021-4bf4-b03f-98cd4931376e" status: 404 len: 246 microversion: 1.1
2026-07-06 03:09:13.843 7 INFO placement.requestlog [None req-dd477a97-7797-44e2-9658-d3a04e0d06e4 13acdbaae7a64dc3baf77bd571aebd69 bc71779cecc84092a5442ffc67ad6b33 - - 8ac31541d7b14d5281210efc2bbea991 8ac31541d7b14d5281210efc2bbea991] 10.0.0.134 "DELETE /resource_providers/667debb5-6021-4bf4-b03f-98cd4931376e" status: 404 len: 246 microversion: 1.1 [pid: 7|app: 0|req: 519/1040] 10.0.0.134 () {34 vars in 814 bytes} [Mon Jul 6 03:09:13 2026] DELETE /resource_providers/667debb5-6021-4bf4-b03f-98cd4931376e => generated 246 bytes in 14 msecs (HTTP/1.1 404) 6 headers in 231 bytes (1 switches on core 0) [pid: 8|app: 0|req: 521/1040] 10.0.0.134 () {34 vars in 814 bytes} [Mon Jul 6 03:09:13 2026] DELETE /resource_providers/667debb5-6021-4bf4-b03f-98cd4931376e => generated 246 bytes in 18 msecs (HTTP/1.1 404) 6 headers in 231 bytes (1 switches on core 0)
2026-07-06 03:09:15.869 8 INFO placement.requestlog [None req-8b0741c4-3e00-4c00-a2b7-966e7b79fc01 13acdbaae7a64dc3baf77bd571aebd69 bc71779cecc84092a5442ffc67ad6b33 - - 8ac31541d7b14d5281210efc2bbea991 8ac31541d7b14d5281210efc2bbea991] 10.0.0.134 "GET /resource_providers/ab9b4d04-afdc-43a8-be99-355cfb4a166a/aggregates" status: 404 len: 235 microversion: 1.1 [pid: 8|app: 0|req: 522/1041] 10.0.0.134 () {32 vars in 814 bytes} [Mon Jul 6 03:09:15 2026] GET /resource_providers/ab9b4d04-afdc-43a8-be99-355cfb4a166a/aggregates => generated 235 bytes in 12 msecs (HTTP/1.1 404) 5 headers in 202 bytes (1 switches on core 0)
2026-07-06 03:09:15.873 7 INFO placement.requestlog [None req-677ebe42-5d62-41f6-aace-290e63c944fd 13acdbaae7a64dc3baf77bd571aebd69 bc71779cecc84092a5442ffc67ad6b33 - - 8ac31541d7b14d5281210efc2bbea991 8ac31541d7b14d5281210efc2bbea991] 10.0.0.134 "GET /resource_providers/ab9b4d04-afdc-43a8-be99-355cfb4a166a/aggregates" status: 404 len: 235 microversion: 1.1 [pid: 7|app: 0|req: 520/1042] 10.0.0.134 () {32 vars in 814 bytes} [Mon Jul 6 03:09:15 2026] GET /resource_providers/ab9b4d04-afdc-43a8-be99-355cfb4a166a/aggregates => generated 235 bytes in 18 msecs (HTTP/1.1 404) 5 headers in 202 bytes (1 switches on core 0)
2026-07-06 03:09:15.891 8 INFO placement.requestlog [None req-7ac0c5f5-35da-41ce-bb16-f26b68c489fd 13acdbaae7a64dc3baf77bd571aebd69 bc71779cecc84092a5442ffc67ad6b33 - - 8ac31541d7b14d5281210efc2bbea991 8ac31541d7b14d5281210efc2bbea991] 10.0.0.134 "DELETE /resource_providers/ab9b4d04-afdc-43a8-be99-355cfb4a166a" status: 404 len: 246 microversion: 1.1 [pid: 8|app: 0|req: 523/1043] 10.0.0.134 () {34 vars in 814 bytes} [Mon Jul 6 03:09:15 2026] DELETE /resource_providers/ab9b4d04-afdc-43a8-be99-355cfb4a166a => generated 246 bytes in 12 msecs (HTTP/1.1 404) 6 headers in 231 bytes (1 switches on core 0)
2026-07-06 03:09:15.895 7 INFO placement.requestlog [None req-d50e15c1-ebac-4add-b4e6-9ae5053b2f10 13acdbaae7a64dc3baf77bd571aebd69 bc71779cecc84092a5442ffc67ad6b33 - - 8ac31541d7b14d5281210efc2bbea991 8ac31541d7b14d5281210efc2bbea991] 10.0.0.134 "DELETE /resource_providers/ab9b4d04-afdc-43a8-be99-355cfb4a166a" status: 404 len: 246 microversion: 1.1 [pid: 7|app: 0|req: 521/1044] 10.0.0.134 () {34 vars in 814 bytes} [Mon Jul 6 03:09:15 2026] DELETE /resource_providers/ab9b4d04-afdc-43a8-be99-355cfb4a166a => generated 246 bytes in 8 msecs (HTTP/1.1 404) 6 headers in 231 bytes (1 switches on core 0)
2026-07-06 03:09:17.261 8 INFO placement.requestlog [None req-ddb2c807-6be5-4f08-8361-235528f12b99 13acdbaae7a64dc3baf77bd571aebd69 bc71779cecc84092a5442ffc67ad6b33 - - 8ac31541d7b14d5281210efc2bbea991 8ac31541d7b14d5281210efc2bbea991] 10.0.0.134 "GET /resource_providers/8f3032df-23cb-43e2-980e-3f8afc65e420/aggregates" status: 404 len: 235 microversion: 1.1 [pid: 8|app: 0|req: 524/1045] 10.0.0.134 () {32 vars in 814 bytes} [Mon Jul 6 03:09:17 2026] GET /resource_providers/8f3032df-23cb-43e2-980e-3f8afc65e420/aggregates => generated 235 bytes in 9 msecs (HTTP/1.1 404) 5 headers in 202 bytes (1 switches on core 0)
2026-07-06 03:09:17.263 7 INFO placement.requestlog [None req-8b99a8aa-4562-4d43-b310-c79a94a3438a 13acdbaae7a64dc3baf77bd571aebd69 bc71779cecc84092a5442ffc67ad6b33 - - 8ac31541d7b14d5281210efc2bbea991 8ac31541d7b14d5281210efc2bbea991] 10.0.0.134 "GET /resource_providers/8f3032df-23cb-43e2-980e-3f8afc65e420/aggregates" status: 404 len: 235 microversion: 1.1 [pid: 7|app: 0|req: 522/1046] 10.0.0.134 () {32 vars in 814 bytes} [Mon Jul 6 03:09:17 2026] GET /resource_providers/8f3032df-23cb-43e2-980e-3f8afc65e420/aggregates => generated 235 bytes in 9 msecs (HTTP/1.1 404) 5 headers in 202 bytes (1 switches on core 0)
2026-07-06 03:09:17.288 8 INFO placement.requestlog [None req-3b463b02-b25a-4ff5-a0ea-3b31b508f70f 13acdbaae7a64dc3baf77bd571aebd69 bc71779cecc84092a5442ffc67ad6b33 - - 8ac31541d7b14d5281210efc2bbea991 8ac31541d7b14d5281210efc2bbea991] 10.0.0.134 "DELETE /resource_providers/8f3032df-23cb-43e2-980e-3f8afc65e420" status: 404 len: 246 microversion: 1.1 [pid: 8|app: 0|req: 525/1047] 10.0.0.134 () {34 vars in 814 bytes} [Mon Jul 6 03:09:17 2026] DELETE /resource_providers/8f3032df-23cb-43e2-980e-3f8afc65e420 => generated 246 bytes in 10 msecs (HTTP/1.1 404) 6 headers in 231 bytes (1 switches on core 0)
2026-07-06 03:09:17.291 7 INFO placement.requestlog [None req-c1d475d8-ba6f-40af-aa23-f024b647c12a 13acdbaae7a64dc3baf77bd571aebd69 bc71779cecc84092a5442ffc67ad6b33 - - 8ac31541d7b14d5281210efc2bbea991 8ac31541d7b14d5281210efc2bbea991] 10.0.0.134 "DELETE /resource_providers/8f3032df-23cb-43e2-980e-3f8afc65e420" status: 404 len: 246 microversion: 1.1 [pid: 7|app: 0|req: 523/1048] 10.0.0.134 () {34 vars in 814 bytes} [Mon Jul 6 03:09:17 2026] DELETE /resource_providers/8f3032df-23cb-43e2-980e-3f8afc65e420 => generated 246 bytes in 13 msecs (HTTP/1.1 404) 6 headers in 231 bytes (1 switches on core 0)
2026-07-06 03:09:17.928 7 INFO placement.requestlog [None req-8832a6fd-8789-43c0-a3bb-7148dcfeb7ad 13acdbaae7a64dc3baf77bd571aebd69 bc71779cecc84092a5442ffc67ad6b33 - - 8ac31541d7b14d5281210efc2bbea991 8ac31541d7b14d5281210efc2bbea991] 10.0.0.134 "GET /resource_providers/a7d4820f-ee20-479d-a6a4-44ef29bd7ced/aggregates" status: 404 len: 235 microversion: 1.1 [pid: 7|app: 0|req: 524/1049] 10.0.0.134 () {32 vars in 814 bytes} [Mon Jul 6 03:09:17 2026] GET /resource_providers/a7d4820f-ee20-479d-a6a4-44ef29bd7ced/aggregates => generated 235 bytes in 15 msecs (HTTP/1.1 404) 5 headers in 202 bytes (1 switches on core 0)
2026-07-06 03:09:17.938 8 INFO placement.requestlog [None req-96dc2013-9aaa-47e5-9de3-3c38fb956e63 13acdbaae7a64dc3baf77bd571aebd69 bc71779cecc84092a5442ffc67ad6b33 - - 8ac31541d7b14d5281210efc2bbea991 8ac31541d7b14d5281210efc2bbea991] 10.0.0.134 "GET /resource_providers/a7d4820f-ee20-479d-a6a4-44ef29bd7ced/aggregates" status: 404 len: 235 microversion: 1.1 [pid: 8|app: 0|req: 526/1050] 10.0.0.134 () {32 vars in 814 bytes} [Mon Jul 6 03:09:17 2026] GET /resource_providers/a7d4820f-ee20-479d-a6a4-44ef29bd7ced/aggregates => generated 235 bytes in 32 msecs (HTTP/1.1 404) 5 headers in 202 bytes (1 switches on core 0)
2026-07-06 03:09:17.954 7 INFO placement.requestlog [None req-a2ecfc80-c005-4a86-9269-908d3916a7e0 13acdbaae7a64dc3baf77bd571aebd69 bc71779cecc84092a5442ffc67ad6b33 - - 8ac31541d7b14d5281210efc2bbea991 8ac31541d7b14d5281210efc2bbea991] 10.0.0.134 "DELETE /resource_providers/a7d4820f-ee20-479d-a6a4-44ef29bd7ced" status: 404 len: 246 microversion: 1.1 [pid: 7|app: 0|req: 525/1051] 10.0.0.134 () {34 vars in 814 bytes} [Mon Jul 6 03:09:17 2026] DELETE /resource_providers/a7d4820f-ee20-479d-a6a4-44ef29bd7ced => generated 246 bytes in 15 msecs (HTTP/1.1 404) 6 headers in 231 bytes (1 switches on core 0)
2026-07-06 03:09:17.956 8 INFO placement.requestlog [None req-9acdc55b-71cd-4e26-9160-3f1c9914746d 13acdbaae7a64dc3baf77bd571aebd69 bc71779cecc84092a5442ffc67ad6b33 - - 8ac31541d7b14d5281210efc2bbea991 8ac31541d7b14d5281210efc2bbea991] 10.0.0.134 "DELETE /resource_providers/a7d4820f-ee20-479d-a6a4-44ef29bd7ced" status: 404 len: 246 microversion: 1.1 [pid: 8|app: 0|req: 527/1052] 10.0.0.134 () {34 vars in 814 bytes} [Mon Jul 6 03:09:17 2026] DELETE /resource_providers/a7d4820f-ee20-479d-a6a4-44ef29bd7ced => generated 246 bytes in 8 msecs (HTTP/1.1 404) 6 headers in 231 bytes (1 switches on core 0)
2026-07-06 03:09:17.958 7 INFO placement.requestlog [None req-4a954ca7-b89f-4397-b55b-09e95db62069 - - - - - -] 10.0.0.91 "GET /" status: 200 len: 136 microversion: 1.0
2026-07-06 03:09:17.959 8 INFO placement.requestlog [None req-91f3501f-2b19-455f-a8fc-86967f43d182 - - - - - -] 10.0.0.91 "GET /" status: 200 len: 136 microversion: 1.0
2026-07-06 03:09:17.979 7 INFO placement.requestlog [None req-96ed32d8-0bf7-4adb-a198-239f61dfd78d 13acdbaae7a64dc3baf77bd571aebd69 bc71779cecc84092a5442ffc67ad6b33 - - 8ac31541d7b14d5281210efc2bbea991 8ac31541d7b14d5281210efc2bbea991] 10.0.0.134 "GET /resource_providers/36743c8d-7a8d-4c20-84ba-05a8c3dbaa40/aggregates" status: 404 len: 235 microversion: 1.1 [pid: 7|app: 0|req: 527/1055] 10.0.0.134 () {32 vars in 814 bytes} [Mon Jul 6 03:09:17 2026] GET /resource_providers/36743c8d-7a8d-4c20-84ba-05a8c3dbaa40/aggregates => generated 235 bytes in 11 msecs (HTTP/1.1 404) 5 headers in 202 bytes (1 switches on core 0)
2026-07-06 03:09:17.983 8 INFO placement.requestlog [None req-8650dead-3ce6-4d8a-9cd8-003543245e7e 13acdbaae7a64dc3baf77bd571aebd69 bc71779cecc84092a5442ffc67ad6b33 - - 8ac31541d7b14d5281210efc2bbea991 8ac31541d7b14d5281210efc2bbea991] 10.0.0.134 "GET /resource_providers/36743c8d-7a8d-4c20-84ba-05a8c3dbaa40/aggregates" status: 404 len: 235 microversion: 1.1 [pid: 8|app: 0|req: 529/1056] 10.0.0.134 () {32 vars in 814 bytes} [Mon Jul 6 03:09:17 2026] GET /resource_providers/36743c8d-7a8d-4c20-84ba-05a8c3dbaa40/aggregates => generated 235 bytes in 12 msecs (HTTP/1.1 404) 5 headers in 202 bytes (1 switches on core 0)
2026-07-06 03:09:17.998 8 INFO placement.requestlog [None req-bf10e31d-9638-4644-bdb7-ca3f5c886f67 13acdbaae7a64dc3baf77bd571aebd69 bc71779cecc84092a5442ffc67ad6b33 - - 8ac31541d7b14d5281210efc2bbea991 8ac31541d7b14d5281210efc2bbea991] 10.0.0.134 "DELETE /resource_providers/36743c8d-7a8d-4c20-84ba-05a8c3dbaa40" status: 404 len: 246 microversion: 1.1 [pid: 8|app: 0|req: 530/1057] 10.0.0.134 () {34 vars in 814 bytes} [Mon Jul 6 03:09:17 2026] DELETE /resource_providers/36743c8d-7a8d-4c20-84ba-05a8c3dbaa40 => generated 246 bytes in 7 msecs (HTTP/1.1 404) 6 headers in 231 bytes (1 switches on core 0)
2026-07-06 03:09:18.006 7 INFO placement.requestlog [None req-0bde9071-db6e-436f-a008-3ce92773c89d 13acdbaae7a64dc3baf77bd571aebd69 bc71779cecc84092a5442ffc67ad6b33 - - 8ac31541d7b14d5281210efc2bbea991 8ac31541d7b14d5281210efc2bbea991] 10.0.0.134 "DELETE /resource_providers/36743c8d-7a8d-4c20-84ba-05a8c3dbaa40" status: 404 len: 246 microversion: 1.1 [pid: 7|app: 0|req: 528/1058] 10.0.0.134 () {34 vars in 814 bytes} [Mon Jul 6 03:09:17 2026] DELETE /resource_providers/36743c8d-7a8d-4c20-84ba-05a8c3dbaa40 => generated 246 bytes in 18 msecs (HTTP/1.1 404) 6 headers in 231 bytes (1 switches on core 0)
2026-07-06 03:09:19.311 8 INFO placement.requestlog [None req-3797c957-a720-42fd-a79c-d1a5ce712116 13acdbaae7a64dc3baf77bd571aebd69 bc71779cecc84092a5442ffc67ad6b33 - - 8ac31541d7b14d5281210efc2bbea991 8ac31541d7b14d5281210efc2bbea991] 10.0.0.134 "GET /resource_providers/a9a4f953-ea72-46d7-b15d-e8d3c134d09a/aggregates" status: 404 len: 235 microversion: 1.1 [pid: 8|app: 0|req: 531/1059] 10.0.0.134 () {32 vars in 814 bytes} [Mon Jul 6 03:09:19 2026] GET /resource_providers/a9a4f953-ea72-46d7-b15d-e8d3c134d09a/aggregates => generated 235 bytes in 11 msecs (HTTP/1.1 404) 5 headers in 202 bytes (1 switches on core 0)
2026-07-06 03:09:19.313 7 INFO placement.requestlog [None req-ae1230d8-9a13-431d-a35d-bd5b1bf67439 13acdbaae7a64dc3baf77bd571aebd69 bc71779cecc84092a5442ffc67ad6b33 - - 8ac31541d7b14d5281210efc2bbea991 8ac31541d7b14d5281210efc2bbea991] 10.0.0.134 "GET /resource_providers/a9a4f953-ea72-46d7-b15d-e8d3c134d09a/aggregates" status: 404 len: 235 microversion: 1.1 [pid: 7|app: 0|req: 529/1060] 10.0.0.134 () {32 vars in 814 bytes} [Mon Jul 6 03:09:19 2026] GET /resource_providers/a9a4f953-ea72-46d7-b15d-e8d3c134d09a/aggregates => generated 235 bytes in 10 msecs (HTTP/1.1 404) 5 headers in 202 bytes (1 switches on core 0)
2026-07-06 03:09:19.329 8 INFO placement.requestlog [None req-ca067939-08a4-49fd-99aa-64a6385b4df8 13acdbaae7a64dc3baf77bd571aebd69 bc71779cecc84092a5442ffc67ad6b33 - - 8ac31541d7b14d5281210efc2bbea991 8ac31541d7b14d5281210efc2bbea991] 10.0.0.134 "DELETE /resource_providers/a9a4f953-ea72-46d7-b15d-e8d3c134d09a" status: 404 len: 246 microversion: 1.1 [pid: 8|app: 0|req: 532/1061] 10.0.0.134 () {34 vars in 814 bytes} [Mon Jul 6 03:09:19 2026] DELETE /resource_providers/a9a4f953-ea72-46d7-b15d-e8d3c134d09a => generated 246 bytes in 8 msecs (HTTP/1.1 404) 6 headers in 231 bytes (1 switches on core 0)
2026-07-06 03:09:19.335 7 INFO placement.requestlog [None req-acd001b3-b85e-4a20-803b-a56e128b1ab9 13acdbaae7a64dc3baf77bd571aebd69 bc71779cecc84092a5442ffc67ad6b33 - - 8ac31541d7b14d5281210efc2bbea991 8ac31541d7b14d5281210efc2bbea991] 10.0.0.134 "DELETE /resource_providers/a9a4f953-ea72-46d7-b15d-e8d3c134d09a" status: 404 len: 246 microversion: 1.1 [pid: 7|app: 0|req: 530/1062] 10.0.0.134 () {34 vars in 814 bytes} [Mon Jul 6 03:09:19 2026] DELETE /resource_providers/a9a4f953-ea72-46d7-b15d-e8d3c134d09a => generated 246 bytes in 10 msecs (HTTP/1.1 404) 6 headers in 231 bytes (1 switches on core 0)
2026-07-06 03:09:19.342 8 INFO placement.requestlog [None req-f51594a9-9fe1-4766-9aab-877ca59261c7 13acdbaae7a64dc3baf77bd571aebd69 bc71779cecc84092a5442ffc67ad6b33 - - 8ac31541d7b14d5281210efc2bbea991 8ac31541d7b14d5281210efc2bbea991] 10.0.0.134 "GET /resource_providers/ae314238-2009-46b8-8b5f-1cf9dd6e81a5/aggregates" status: 404 len: 235 microversion: 1.1 [pid: 8|app: 0|req: 533/1063] 10.0.0.134 () {32 vars in 814 bytes} [Mon Jul 6 03:09:19 2026] GET /resource_providers/ae314238-2009-46b8-8b5f-1cf9dd6e81a5/aggregates => generated 235 bytes in 8 msecs (HTTP/1.1 404) 5 headers in 202 bytes (1 switches on core 0)
2026-07-06 03:09:19.352 7 INFO placement.requestlog [None req-f9932167-1166-4bab-8662-7cf6712a8f27 13acdbaae7a64dc3baf77bd571aebd69 bc71779cecc84092a5442ffc67ad6b33 - - 8ac31541d7b14d5281210efc2bbea991 8ac31541d7b14d5281210efc2bbea991] 10.0.0.134 "GET /resource_providers/ae314238-2009-46b8-8b5f-1cf9dd6e81a5/aggregates" status: 404 len: 235 microversion: 1.1 [pid: 7|app: 0|req: 531/1064] 10.0.0.134 () {32 vars in 814 bytes} [Mon Jul 6 03:09:19 2026] GET /resource_providers/ae314238-2009-46b8-8b5f-1cf9dd6e81a5/aggregates => generated 235 bytes in 10 msecs (HTTP/1.1 404) 5 headers in 202 bytes (1 switches on core 0)
2026-07-06 03:09:19.356 8 INFO placement.requestlog [None req-78d4925d-5e44-45c4-b5aa-e960b1d7be5a 13acdbaae7a64dc3baf77bd571aebd69 bc71779cecc84092a5442ffc67ad6b33 - - 8ac31541d7b14d5281210efc2bbea991 8ac31541d7b14d5281210efc2bbea991] 10.0.0.134 "DELETE /resource_providers/ae314238-2009-46b8-8b5f-1cf9dd6e81a5" status: 404 len: 246 microversion: 1.1 [pid: 8|app: 0|req: 534/1065] 10.0.0.134 () {34 vars in 814 bytes} [Mon Jul 6 03:09:19 2026] DELETE /resource_providers/ae314238-2009-46b8-8b5f-1cf9dd6e81a5 => generated 246 bytes in 7 msecs (HTTP/1.1 404) 6 headers in 231 bytes (1 switches on core 0)
2026-07-06 03:09:19.370 7 INFO placement.requestlog [None req-719c7e96-e3b2-45fb-836b-7b21c4e6ba74 13acdbaae7a64dc3baf77bd571aebd69 bc71779cecc84092a5442ffc67ad6b33 - - 8ac31541d7b14d5281210efc2bbea991 8ac31541d7b14d5281210efc2bbea991] 10.0.0.134 "DELETE /resource_providers/ae314238-2009-46b8-8b5f-1cf9dd6e81a5" status: 404 len: 246 microversion: 1.1 [pid: 7|app: 0|req: 532/1066] 10.0.0.134 () {34 vars in 814 bytes} [Mon Jul 6 03:09:19 2026] DELETE /resource_providers/ae314238-2009-46b8-8b5f-1cf9dd6e81a5 => generated 246 bytes in 10 msecs (HTTP/1.1 404) 6 headers in 231 bytes (1 switches on core 0)
2026-07-06 03:09:27.958 8 INFO placement.requestlog [None req-5f5520eb-c608-4ef4-aa6e-aa5a9722f46a - - - - - -] 10.0.0.91 "GET /" status: 200 len: 136 microversion: 1.0
2026-07-06 03:09:27.961 7 INFO placement.requestlog [None req-ade5729b-5ba9-47ad-93ec-cc4f1aa4552f - - - - - -] 10.0.0.91 "GET /" status: 200 len: 136 microversion: 1.0
2026-07-06 03:09:28.797 8 INFO placement.requestlog [req-edb328e6-7c43-4f33-ab0f-74c772a31559 req-11158783-e157-4cb4-82d5-3c2fb18393fe 3bdb634236d0491eb5d8fa7f5b7b9d77 bc71779cecc84092a5442ffc67ad6b33 - - 8ac31541d7b14d5281210efc2bbea991 8ac31541d7b14d5281210efc2bbea991] 10.0.0.94 "GET /allocation_candidates?limit=1000&resources=MEMORY_MB%3A2048%2CVCPU%3A2&root_required=%21COMPUTE_STATUS_DISABLED" status: 200 len: 2630 microversion: 1.36 [pid: 8|app: 0|req: 536/1069] 10.0.0.94 () {34 vars in 983 bytes} [Mon Jul 6 03:09:28 2026] GET /allocation_candidates?limit=1000&resources=MEMORY_MB%3A2048%2CVCPU%3A2&root_required=%21COMPUTE_STATUS_DISABLED => generated 2630 bytes in 42 msecs (HTTP/1.1 200) 8 headers in 297 bytes (1 switches on core 0)
2026-07-06 03:09:28.826 7 INFO placement.requestlog [req-edb328e6-7c43-4f33-ab0f-74c772a31559 req-01b5380b-d143-4b96-b004-428c2b1cf2d1 3bdb634236d0491eb5d8fa7f5b7b9d77 bc71779cecc84092a5442ffc67ad6b33 - - 8ac31541d7b14d5281210efc2bbea991 8ac31541d7b14d5281210efc2bbea991] 10.0.0.94 "GET /allocations/d950c87d-5690-4554-bb66-f96d45c4b0be" status: 200 len: 19 microversion: 1.28 [pid: 7|app: 0|req: 534/1070] 10.0.0.94 () {34 vars in 858 bytes} [Mon Jul 6 03:09:28 2026] GET /allocations/d950c87d-5690-4554-bb66-f96d45c4b0be => generated 19 bytes in 13 msecs (HTTP/1.1 200) 8 headers in 295 bytes (1 switches on core 0)
2026-07-06 03:09:28.911 8 INFO placement.requestlog [req-edb328e6-7c43-4f33-ab0f-74c772a31559 req-0a5fad1a-5498-4242-b9a8-d53036d936b5 3bdb634236d0491eb5d8fa7f5b7b9d77 bc71779cecc84092a5442ffc67ad6b33 - - 8ac31541d7b14d5281210efc2bbea991 8ac31541d7b14d5281210efc2bbea991] 10.0.0.94 "PUT /allocations/d950c87d-5690-4554-bb66-f96d45c4b0be" status: 204 len: 0 microversion: 1.36 [pid: 8|app: 0|req: 537/1071] 10.0.0.94 () {38 vars in 911 bytes} [Mon Jul 6 03:09:28 2026] PUT /allocations/d950c87d-5690-4554-bb66-f96d45c4b0be => generated 0 bytes in 79 msecs (HTTP/1.1 204) 5 headers in 199 bytes (1 switches on core 0)
2026-07-06 03:09:29.906 8 INFO placement.requestlog [None req-5148185d-c429-46f7-b3ba-aa1c2cf909ab 13acdbaae7a64dc3baf77bd571aebd69 bc71779cecc84092a5442ffc67ad6b33 - - 8ac31541d7b14d5281210efc2bbea991 8ac31541d7b14d5281210efc2bbea991] 10.0.0.134 "GET /resource_providers/ff6ea40f-a3e7-4acc-8f82-78a93f9d7a31/aggregates" status: 404 len: 235 microversion: 1.1 [pid: 8|app: 0|req: 538/1072] 10.0.0.134 () {32 vars in 814 bytes} [Mon Jul 6 03:09:29 2026] GET /resource_providers/ff6ea40f-a3e7-4acc-8f82-78a93f9d7a31/aggregates => generated 235 bytes in 11 msecs (HTTP/1.1 404) 5 headers in 202 bytes (1 switches on core 0)
2026-07-06 03:09:29.907 7 INFO placement.requestlog [None req-f4aec96d-a264-499c-b3e8-ba5778dd5b94 13acdbaae7a64dc3baf77bd571aebd69 bc71779cecc84092a5442ffc67ad6b33 - - 8ac31541d7b14d5281210efc2bbea991 8ac31541d7b14d5281210efc2bbea991] 10.0.0.134 "GET /resource_providers/ff6ea40f-a3e7-4acc-8f82-78a93f9d7a31/aggregates" status: 404 len: 235 microversion: 1.1 [pid: 7|app: 0|req: 535/1073] 10.0.0.134 () {32 vars in 814 bytes} [Mon Jul 6 03:09:29 2026] GET /resource_providers/ff6ea40f-a3e7-4acc-8f82-78a93f9d7a31/aggregates => generated 235 bytes in 11 msecs (HTTP/1.1 404) 5 headers in 202 bytes (1 switches on core 0)
2026-07-06 03:09:29.934 7 INFO placement.requestlog [None req-e43830c4-7a94-480d-8eb9-c517f7d59a10 13acdbaae7a64dc3baf77bd571aebd69 bc71779cecc84092a5442ffc67ad6b33 - - 8ac31541d7b14d5281210efc2bbea991 8ac31541d7b14d5281210efc2bbea991] 10.0.0.134 "DELETE /resource_providers/ff6ea40f-a3e7-4acc-8f82-78a93f9d7a31" status: 404 len: 246 microversion: 1.1
2026-07-06 03:09:29.935 8 INFO placement.requestlog [None req-ce0c01b4-c83e-4613-af22-2188471737b2 13acdbaae7a64dc3baf77bd571aebd69 bc71779cecc84092a5442ffc67ad6b33 - - 8ac31541d7b14d5281210efc2bbea991 8ac31541d7b14d5281210efc2bbea991] 10.0.0.134 "DELETE /resource_providers/ff6ea40f-a3e7-4acc-8f82-78a93f9d7a31" status: 404 len: 246 microversion: 1.1 [pid: 7|app: 0|req: 536/1074] 10.0.0.134 () {34 vars in 814 bytes} [Mon Jul 6 03:09:29 2026] DELETE /resource_providers/ff6ea40f-a3e7-4acc-8f82-78a93f9d7a31 => generated 246 bytes in 16 msecs (HTTP/1.1 404) 6 headers in 231 bytes (1 switches on core 0) [pid: 8|app: 0|req: 539/1075] 10.0.0.134 () {34 vars in 814 bytes} [Mon Jul 6 03:09:29 2026] DELETE /resource_providers/ff6ea40f-a3e7-4acc-8f82-78a93f9d7a31 => generated 246 bytes in 17 msecs (HTTP/1.1 404) 6 headers in 231 bytes (1 switches on core 0)
2026-07-06 03:09:30.082 8 INFO placement.requestlog [None req-995d1e89-05f8-4f6e-8e4e-daee655840aa 13acdbaae7a64dc3baf77bd571aebd69 bc71779cecc84092a5442ffc67ad6b33 - - 8ac31541d7b14d5281210efc2bbea991 8ac31541d7b14d5281210efc2bbea991] 10.0.0.134 "GET /resource_providers/4e75e70c-65c4-4c02-87a8-f5c93242a47b/aggregates" status: 404 len: 235 microversion: 1.1 [pid: 8|app: 0|req: 540/1076] 10.0.0.134 () {32 vars in 814 bytes} [Mon Jul 6 03:09:30 2026] GET /resource_providers/4e75e70c-65c4-4c02-87a8-f5c93242a47b/aggregates => generated 235 bytes in 8 msecs (HTTP/1.1 404) 5 headers in 202 bytes (1 switches on core 0)
2026-07-06 03:09:30.087 7 INFO placement.requestlog [None req-4103f06c-febe-4649-9a5c-a0ab95c548ca 13acdbaae7a64dc3baf77bd571aebd69 bc71779cecc84092a5442ffc67ad6b33 - - 8ac31541d7b14d5281210efc2bbea991 8ac31541d7b14d5281210efc2bbea991] 10.0.0.134 "GET /resource_providers/4e75e70c-65c4-4c02-87a8-f5c93242a47b/aggregates" status: 404 len: 235 microversion: 1.1 [pid: 7|app: 0|req: 537/1077] 10.0.0.134 () {32 vars in 814 bytes} [Mon Jul 6 03:09:30 2026] GET /resource_providers/4e75e70c-65c4-4c02-87a8-f5c93242a47b/aggregates => generated 235 bytes in 13 msecs (HTTP/1.1 404) 5 headers in 202 bytes (1 switches on core 0)
2026-07-06 03:09:30.108 8 INFO placement.requestlog [None req-16a2ae64-71c9-434c-aad7-ff4c8db47fb1 13acdbaae7a64dc3baf77bd571aebd69 bc71779cecc84092a5442ffc67ad6b33 - - 8ac31541d7b14d5281210efc2bbea991 8ac31541d7b14d5281210efc2bbea991] 10.0.0.134 "DELETE /resource_providers/4e75e70c-65c4-4c02-87a8-f5c93242a47b" status: 404 len: 246 microversion: 1.1 [pid: 8|app: 0|req: 541/1078] 10.0.0.134 () {34 vars in 814 bytes} [Mon Jul 6 03:09:30 2026] DELETE /resource_providers/4e75e70c-65c4-4c02-87a8-f5c93242a47b => generated 246 bytes in 13 msecs (HTTP/1.1 404) 6 headers in 231 bytes (1 switches on core 0)
2026-07-06 03:09:30.112 7 INFO placement.requestlog [None req-c1e7b511-3053-4098-bf62-ce582c4af17b 13acdbaae7a64dc3baf77bd571aebd69 bc71779cecc84092a5442ffc67ad6b33 - - 8ac31541d7b14d5281210efc2bbea991 8ac31541d7b14d5281210efc2bbea991] 10.0.0.134 "DELETE /resource_providers/4e75e70c-65c4-4c02-87a8-f5c93242a47b" status: 404 len: 246 microversion: 1.1 [pid: 7|app: 0|req: 538/1079] 10.0.0.134 () {34 vars in 814 bytes} [Mon Jul 6 03:09:30 2026] DELETE /resource_providers/4e75e70c-65c4-4c02-87a8-f5c93242a47b => generated 246 bytes in 11 msecs (HTTP/1.1 404) 6 headers in 231 bytes (1 switches on core 0)
2026-07-06 03:09:30.439 8 INFO placement.requestlog [req-edb328e6-7c43-4f33-ab0f-74c772a31559 req-dc2de9c6-a176-48c2-bba7-e14211bb33e9 3bdb634236d0491eb5d8fa7f5b7b9d77 bc71779cecc84092a5442ffc67ad6b33 - - 8ac31541d7b14d5281210efc2bbea991 8ac31541d7b14d5281210efc2bbea991] 199.204.45.205 "GET /allocations/d950c87d-5690-4554-bb66-f96d45c4b0be" status: 200 len: 245 microversion: 1.28 [pid: 8|app: 0|req: 542/1080] 199.204.45.205 () {34 vars in 861 bytes} [Mon Jul 6 03:09:30 2026] GET /allocations/d950c87d-5690-4554-bb66-f96d45c4b0be => generated 245 bytes in 12 msecs (HTTP/1.1 200) 8 headers in 296 bytes (1 switches on core 0)
2026-07-06 03:09:31.482 7 INFO placement.requestlog [req-edb328e6-7c43-4f33-ab0f-74c772a31559 req-c6f4e72d-0b01-4210-a9f7-eb78a062a802 3bdb634236d0491eb5d8fa7f5b7b9d77 bc71779cecc84092a5442ffc67ad6b33 - - 8ac31541d7b14d5281210efc2bbea991 8ac31541d7b14d5281210efc2bbea991] 199.204.45.205 "GET /resource_providers/ce3887fd-158d-4947-b68b-d065cdaf3152/allocations" status: 200 len: 540 microversion: 1.0 [pid: 7|app: 0|req: 539/1081] 199.204.45.205 () {32 vars in 855 bytes} [Mon Jul 6 03:09:31 2026] GET /resource_providers/ce3887fd-158d-4947-b68b-d065cdaf3152/allocations => generated 540 bytes in 17 msecs (HTTP/1.1 200) 6 headers in 224 bytes (1 switches on core 0)
2026-07-06 03:09:31.503 8 INFO placement.requestlog [req-edb328e6-7c43-4f33-ab0f-74c772a31559 req-22915319-0843-4a56-8657-950573ca8f24 3bdb634236d0491eb5d8fa7f5b7b9d77 bc71779cecc84092a5442ffc67ad6b33 - - 8ac31541d7b14d5281210efc2bbea991 8ac31541d7b14d5281210efc2bbea991] 199.204.45.205 "GET /allocations/d950c87d-5690-4554-bb66-f96d45c4b0be" status: 200 len: 245 microversion: 1.28 [pid: 8|app: 0|req: 543/1082] 199.204.45.205 () {34 vars in 861 bytes} [Mon Jul 6 03:09:31 2026] GET /allocations/d950c87d-5690-4554-bb66-f96d45c4b0be => generated 245 bytes in 11 msecs (HTTP/1.1 200) 8 headers in 296 bytes (1 switches on core 0)
2026-07-06 03:09:31.527 7 INFO placement.requestlog [req-edb328e6-7c43-4f33-ab0f-74c772a31559 req-7afe5481-26d0-4991-be64-18214d18db3f 3bdb634236d0491eb5d8fa7f5b7b9d77 bc71779cecc84092a5442ffc67ad6b33 - - 8ac31541d7b14d5281210efc2bbea991 8ac31541d7b14d5281210efc2bbea991] 199.204.45.205 "GET /allocations/ebf4493c-b145-4939-83e3-e2079f1cbd7f" status: 200 len: 258 microversion: 1.28 [pid: 7|app: 0|req: 540/1083] 199.204.45.205 () {34 vars in 861 bytes} [Mon Jul 6 03:09:31 2026] GET /allocations/ebf4493c-b145-4939-83e3-e2079f1cbd7f => generated 258 bytes in 19 msecs (HTTP/1.1 200) 8 headers in 296 bytes (1 switches on core 0)
2026-07-06 03:09:31.551 8 INFO placement.requestlog [req-edb328e6-7c43-4f33-ab0f-74c772a31559 req-9df9b042-427a-4936-a586-c35378346712 3bdb634236d0491eb5d8fa7f5b7b9d77 bc71779cecc84092a5442ffc67ad6b33 - - 8ac31541d7b14d5281210efc2bbea991 8ac31541d7b14d5281210efc2bbea991] 199.204.45.205 "GET /allocations/7fedd114-5f2e-47bc-beff-1bd259a56fd4" status: 200 len: 258 microversion: 1.28 [pid: 8|app: 0|req: 544/1084] 199.204.45.205 () {34 vars in 861 bytes} [Mon Jul 6 03:09:31 2026] GET /allocations/7fedd114-5f2e-47bc-beff-1bd259a56fd4 => generated 258 bytes in 18 msecs (HTTP/1.1 200) 8 headers in 296 bytes (1 switches on core 0)
2026-07-06 03:09:31.571 7 INFO placement.requestlog [req-edb328e6-7c43-4f33-ab0f-74c772a31559 req-9e19fec8-1431-445f-a556-85c87f39b7c8 3bdb634236d0491eb5d8fa7f5b7b9d77 bc71779cecc84092a5442ffc67ad6b33 - - 8ac31541d7b14d5281210efc2bbea991 8ac31541d7b14d5281210efc2bbea991] 199.204.45.205 "GET /allocations/7816809a-a690-4648-81f0-2c4d49d10ee1" status: 200 len: 258 microversion: 1.28 [pid: 7|app: 0|req: 541/1085] 199.204.45.205 () {34 vars in 861 bytes} [Mon Jul 6 03:09:31 2026] GET /allocations/7816809a-a690-4648-81f0-2c4d49d10ee1 => generated 258 bytes in 14 msecs (HTTP/1.1 200) 8 headers in 296 bytes (1 switches on core 0)
2026-07-06 03:09:31.599 8 INFO placement.requestlog [req-edb328e6-7c43-4f33-ab0f-74c772a31559 req-1d7cb878-1c05-46a9-9aa7-bfbacf2293b5 3bdb634236d0491eb5d8fa7f5b7b9d77 bc71779cecc84092a5442ffc67ad6b33 - - 8ac31541d7b14d5281210efc2bbea991 8ac31541d7b14d5281210efc2bbea991] 199.204.45.205 "GET /allocations/2eb7ee44-db2f-4c20-87b1-e5739bb79847" status: 200 len: 258 microversion: 1.28 [pid: 8|app: 0|req: 545/1086] 199.204.45.205 () {34 vars in 861 bytes} [Mon Jul 6 03:09:31 2026] GET /allocations/2eb7ee44-db2f-4c20-87b1-e5739bb79847 => generated 258 bytes in 20 msecs (HTTP/1.1 200) 8 headers in 296 bytes (1 switches on core 0)
2026-07-06 03:09:31.966 7 INFO placement.requestlog [None req-04f0be6d-431b-4bc8-976d-05d41a94bac0 13acdbaae7a64dc3baf77bd571aebd69 bc71779cecc84092a5442ffc67ad6b33 - - 8ac31541d7b14d5281210efc2bbea991 8ac31541d7b14d5281210efc2bbea991] 10.0.0.134 "GET /resource_providers/030463d3-0c1d-46be-a2f0-106159280d86/aggregates" status: 404 len: 235 microversion: 1.1 [pid: 7|app: 0|req: 542/1087] 10.0.0.134 () {32 vars in 814 bytes} [Mon Jul 6 03:09:31 2026] GET /resource_providers/030463d3-0c1d-46be-a2f0-106159280d86/aggregates => generated 235 bytes in 9 msecs (HTTP/1.1 404) 5 headers in 202 bytes (1 switches on core 0)
2026-07-06 03:09:31.979 8 INFO placement.requestlog [None req-f76bd78d-5cd1-4030-b45f-e13cdab1c7b2 13acdbaae7a64dc3baf77bd571aebd69 bc71779cecc84092a5442ffc67ad6b33 - - 8ac31541d7b14d5281210efc2bbea991 8ac31541d7b14d5281210efc2bbea991] 10.0.0.134 "GET /resource_providers/030463d3-0c1d-46be-a2f0-106159280d86/aggregates" status: 404 len: 235 microversion: 1.1 [pid: 8|app: 0|req: 546/1088] 10.0.0.134 () {32 vars in 814 bytes} [Mon Jul 6 03:09:31 2026] GET /resource_providers/030463d3-0c1d-46be-a2f0-106159280d86/aggregates => generated 235 bytes in 13 msecs (HTTP/1.1 404) 5 headers in 202 bytes (1 switches on core 0)
2026-07-06 03:09:32.000 8 INFO placement.requestlog [None req-db18de3f-2312-40eb-8b2e-62978edc4bed 13acdbaae7a64dc3baf77bd571aebd69 bc71779cecc84092a5442ffc67ad6b33 - - 8ac31541d7b14d5281210efc2bbea991 8ac31541d7b14d5281210efc2bbea991] 10.0.0.134 "DELETE /resource_providers/030463d3-0c1d-46be-a2f0-106159280d86" status: 404 len: 246 microversion: 1.1 [pid: 8|app: 0|req: 547/1089] 10.0.0.134 () {34 vars in 814 bytes} [Mon Jul 6 03:09:31 2026] DELETE /resource_providers/030463d3-0c1d-46be-a2f0-106159280d86 => generated 246 bytes in 9 msecs (HTTP/1.1 404) 6 headers in 231 bytes (1 switches on core 0)
2026-07-06 03:09:32.003 7 INFO placement.requestlog [None req-ceba447e-0380-4882-a40f-0ffbb9c4b9e9 13acdbaae7a64dc3baf77bd571aebd69 bc71779cecc84092a5442ffc67ad6b33 - - 8ac31541d7b14d5281210efc2bbea991 8ac31541d7b14d5281210efc2bbea991] 10.0.0.134 "DELETE /resource_providers/030463d3-0c1d-46be-a2f0-106159280d86" status: 404 len: 246 microversion: 1.1 [pid: 7|app: 0|req: 543/1090] 10.0.0.134 () {34 vars in 814 bytes} [Mon Jul 6 03:09:31 2026] DELETE /resource_providers/030463d3-0c1d-46be-a2f0-106159280d86 => generated 246 bytes in 14 msecs (HTTP/1.1 404) 6 headers in 231 bytes (1 switches on core 0)
2026-07-06 03:09:32.132 7 INFO placement.requestlog [None req-d57c7b59-4f05-4745-a860-8885809823bb 13acdbaae7a64dc3baf77bd571aebd69 bc71779cecc84092a5442ffc67ad6b33 - - 8ac31541d7b14d5281210efc2bbea991 8ac31541d7b14d5281210efc2bbea991] 10.0.0.134 "GET /resource_providers/95a512df-03ad-4faf-b3b7-d0de2c575798/aggregates" status: 404 len: 235 microversion: 1.1
2026-07-06 03:09:32.132 8 INFO placement.requestlog [None req-4a068663-66d0-4662-a460-74a940e7de0b 13acdbaae7a64dc3baf77bd571aebd69 bc71779cecc84092a5442ffc67ad6b33 - - 8ac31541d7b14d5281210efc2bbea991 8ac31541d7b14d5281210efc2bbea991] 10.0.0.134 "GET /resource_providers/95a512df-03ad-4faf-b3b7-d0de2c575798/aggregates" status: 404 len: 235 microversion: 1.1 [pid: 7|app: 0|req: 544/1091] 10.0.0.134 () {32 vars in 814 bytes} [Mon Jul 6 03:09:32 2026] GET /resource_providers/95a512df-03ad-4faf-b3b7-d0de2c575798/aggregates => generated 235 bytes in 9 msecs (HTTP/1.1 404) 5 headers in 202 bytes (1 switches on core 0) [pid: 8|app: 0|req: 548/1092] 10.0.0.134 () {32 vars in 814 bytes} [Mon Jul 6 03:09:32 2026] GET /resource_providers/95a512df-03ad-4faf-b3b7-d0de2c575798/aggregates => generated 235 bytes in 15 msecs (HTTP/1.1 404) 5 headers in 202 bytes (1 switches on core 0)
2026-07-06 03:09:32.158 7 INFO placement.requestlog [None req-e9005580-4a2f-4c2b-9056-dd9d6c245230 13acdbaae7a64dc3baf77bd571aebd69 bc71779cecc84092a5442ffc67ad6b33 - - 8ac31541d7b14d5281210efc2bbea991 8ac31541d7b14d5281210efc2bbea991] 10.0.0.134 "DELETE /resource_providers/95a512df-03ad-4faf-b3b7-d0de2c575798" status: 404 len: 246 microversion: 1.1 [pid: 7|app: 0|req: 545/1093] 10.0.0.134 () {34 vars in 814 bytes} [Mon Jul 6 03:09:32 2026] DELETE /resource_providers/95a512df-03ad-4faf-b3b7-d0de2c575798 => generated 246 bytes in 10 msecs (HTTP/1.1 404) 6 headers in 231 bytes (1 switches on core 0)
2026-07-06 03:09:32.168 8 INFO placement.requestlog [None req-3995f6b0-1efa-434d-9675-abd5b4536c2a 13acdbaae7a64dc3baf77bd571aebd69 bc71779cecc84092a5442ffc67ad6b33 - - 8ac31541d7b14d5281210efc2bbea991 8ac31541d7b14d5281210efc2bbea991] 10.0.0.134 "DELETE /resource_providers/95a512df-03ad-4faf-b3b7-d0de2c575798" status: 404 len: 246 microversion: 1.1 [pid: 8|app: 0|req: 549/1094] 10.0.0.134 () {34 vars in 814 bytes} [Mon Jul 6 03:09:32 2026] DELETE /resource_providers/95a512df-03ad-4faf-b3b7-d0de2c575798 => generated 246 bytes in 16 msecs (HTTP/1.1 404) 6 headers in 231 bytes (1 switches on core 0)
2026-07-06 03:09:32.178 7 INFO placement.requestlog [None req-3120ebd2-b701-4dfb-ae48-33fcf0ffeb6e 13acdbaae7a64dc3baf77bd571aebd69 bc71779cecc84092a5442ffc67ad6b33 - - 8ac31541d7b14d5281210efc2bbea991 8ac31541d7b14d5281210efc2bbea991] 10.0.0.134 "GET /resource_providers/e60f17c4-bfd2-4074-ac7d-0d48cc38b3fa/aggregates" status: 404 len: 235 microversion: 1.1 [pid: 7|app: 0|req: 546/1095] 10.0.0.134 () {32 vars in 814 bytes} [Mon Jul 6 03:09:32 2026] GET /resource_providers/e60f17c4-bfd2-4074-ac7d-0d48cc38b3fa/aggregates => generated 235 bytes in 14 msecs (HTTP/1.1 404) 5 headers in 202 bytes (1 switches on core 0)
2026-07-06 03:09:32.190 8 INFO placement.requestlog [None req-603836c1-e37a-4cce-a815-f2e4be1b17fb 13acdbaae7a64dc3baf77bd571aebd69 bc71779cecc84092a5442ffc67ad6b33 - - 8ac31541d7b14d5281210efc2bbea991 8ac31541d7b14d5281210efc2bbea991] 10.0.0.134 "GET /resource_providers/e60f17c4-bfd2-4074-ac7d-0d48cc38b3fa/aggregates" status: 404 len: 235 microversion: 1.1 [pid: 8|app: 0|req: 550/1096] 10.0.0.134 () {32 vars in 814 bytes} [Mon Jul 6 03:09:32 2026] GET /resource_providers/e60f17c4-bfd2-4074-ac7d-0d48cc38b3fa/aggregates => generated 235 bytes in 15 msecs (HTTP/1.1 404) 5 headers in 202 bytes (1 switches on core 0)
2026-07-06 03:09:32.203 7 INFO placement.requestlog [None req-716eb72b-8670-41b6-95f8-755b231c23dc 13acdbaae7a64dc3baf77bd571aebd69 bc71779cecc84092a5442ffc67ad6b33 - - 8ac31541d7b14d5281210efc2bbea991 8ac31541d7b14d5281210efc2bbea991] 10.0.0.134 "DELETE /resource_providers/e60f17c4-bfd2-4074-ac7d-0d48cc38b3fa" status: 404 len: 246 microversion: 1.1 [pid: 7|app: 0|req: 547/1097] 10.0.0.134 () {34 vars in 814 bytes} [Mon Jul 6 03:09:32 2026] DELETE /resource_providers/e60f17c4-bfd2-4074-ac7d-0d48cc38b3fa => generated 246 bytes in 15 msecs (HTTP/1.1 404) 6 headers in 231 bytes (1 switches on core 0)
2026-07-06 03:09:32.206 8 INFO placement.requestlog [None req-2f44ded5-722a-4ed6-ac15-d6d3086e795c 13acdbaae7a64dc3baf77bd571aebd69 bc71779cecc84092a5442ffc67ad6b33 - - 8ac31541d7b14d5281210efc2bbea991 8ac31541d7b14d5281210efc2bbea991] 10.0.0.134 "DELETE /resource_providers/e60f17c4-bfd2-4074-ac7d-0d48cc38b3fa" status: 404 len: 246 microversion: 1.1 [pid: 8|app: 0|req: 551/1098] 10.0.0.134 () {34 vars in 814 bytes} [Mon Jul 6 03:09:32 2026] DELETE /resource_providers/e60f17c4-bfd2-4074-ac7d-0d48cc38b3fa => generated 246 bytes in 8 msecs (HTTP/1.1 404) 6 headers in 231 bytes (1 switches on core 0)
2026-07-06 03:09:37.697 8 INFO placement.requestlog [None req-9d9ebd4c-9505-41a7-9c9d-6edeb2138435 13acdbaae7a64dc3baf77bd571aebd69 bc71779cecc84092a5442ffc67ad6b33 - - 8ac31541d7b14d5281210efc2bbea991 8ac31541d7b14d5281210efc2bbea991] 10.0.0.134 "GET /resource_providers/836bccc5-daed-4a96-bfac-6ca5909fb944/aggregates" status: 404 len: 235 microversion: 1.1
2026-07-06 03:09:37.697 7 INFO placement.requestlog [None req-6378151e-1cc0-45aa-b524-cd036037c17b 13acdbaae7a64dc3baf77bd571aebd69 bc71779cecc84092a5442ffc67ad6b33 - - 8ac31541d7b14d5281210efc2bbea991 8ac31541d7b14d5281210efc2bbea991] 10.0.0.134 "GET /resource_providers/836bccc5-daed-4a96-bfac-6ca5909fb944/aggregates" status: 404 len: 235 microversion: 1.1 [pid: 8|app: 0|req: 552/1099] 10.0.0.134 () {32 vars in 814 bytes} [Mon Jul 6 03:09:37 2026] GET /resource_providers/836bccc5-daed-4a96-bfac-6ca5909fb944/aggregates => generated 235 bytes in 8 msecs (HTTP/1.1 404) 5 headers in 202 bytes (1 switches on core 0) [pid: 7|app: 0|req: 548/1100] 10.0.0.134 () {32 vars in 814 bytes} [Mon Jul 6 03:09:37 2026] GET /resource_providers/836bccc5-daed-4a96-bfac-6ca5909fb944/aggregates => generated 235 bytes in 9 msecs (HTTP/1.1 404) 5 headers in 202 bytes (1 switches on core 0)
