Jul 02 03:18:56.311179 np0000183855 systemd[1]: Starting devstack@n-api-meta.service - Devstack devstack@n-api-meta.service...
Jul 02 03:18:56.318425 np0000183855 devstack@n-api-meta.service[107312]: [uWSGI] getting INI configuration from /etc/nova/nova-metadata-uwsgi.ini
Jul 02 03:18:56.321377 np0000183855 devstack@n-api-meta.service[107312]: *** Starting uWSGI 2.0.24-debian (64bit) on [Thu Jul 2 03:18:56 2026] ***
Jul 02 03:18:56.321377 np0000183855 devstack@n-api-meta.service[107312]: compiled with version: 13.2.0 on 17 April 2024 16:23:48
Jul 02 03:18:56.321377 np0000183855 devstack@n-api-meta.service[107312]: os: Linux-6.8.0-124-generic #124-Ubuntu SMP PREEMPT_DYNAMIC Tue May 26 13:00:45 UTC 2026
Jul 02 03:18:56.321377 np0000183855 devstack@n-api-meta.service[107312]: nodename: np0000183855
Jul 02 03:18:56.321377 np0000183855 devstack@n-api-meta.service[107312]: machine: x86_64
Jul 02 03:18:56.321377 np0000183855 devstack@n-api-meta.service[107312]: clock source: unix
Jul 02 03:18:56.321377 np0000183855 devstack@n-api-meta.service[107312]: pcre jit disabled
Jul 02 03:18:56.321377 np0000183855 devstack@n-api-meta.service[107312]: detected number of CPU cores: 16
Jul 02 03:18:56.321377 np0000183855 devstack@n-api-meta.service[107312]: current working directory: /
Jul 02 03:18:56.321377 np0000183855 devstack@n-api-meta.service[107312]: detected binary path: /usr/bin/uwsgi-core
Jul 02 03:18:56.321377 np0000183855 devstack@n-api-meta.service[107312]: your processes number limit is 256917
Jul 02 03:18:56.321377 np0000183855 devstack@n-api-meta.service[107312]: your memory page size is 4096 bytes
Jul 02 03:18:56.321377 np0000183855 devstack@n-api-meta.service[107312]: detected max file descriptor number: 2048
Jul 02 03:18:56.321377 np0000183855 devstack@n-api-meta.service[107312]: lock engine: pthread robust mutexes
Jul 02 03:18:56.322135 np0000183855 devstack@n-api-meta.service[107312]: thunder lock: enabled
Jul 02 03:18:56.322135 np0000183855 devstack@n-api-meta.service[107312]: uWSGI http bound on 0.0.0.0:8775 fd 5
Jul 02 03:18:56.322135 np0000183855 devstack@n-api-meta.service[107312]: uwsgi socket 0 bound to TCP address 127.0.0.1:41209 (port auto-assigned) fd 4
Jul 02 03:18:56.322135 np0000183855 devstack@n-api-meta.service[107312]: Python version: 3.12.3 (main, Mar 23 2026, 19:04:32) [GCC 13.3.0]
Jul 02 03:18:56.322135 np0000183855 devstack@n-api-meta.service[107312]: PEP 405 virtualenv detected: /opt/stack/data/venv
Jul 02 03:18:56.322135 np0000183855 devstack@n-api-meta.service[107312]: Set PythonHome to /opt/stack/data/venv
Jul 02 03:18:56.358608 np0000183855 devstack@n-api-meta.service[107312]: Python main interpreter initialized at 0x7b385f2a3668
Jul 02 03:18:56.358608 np0000183855 devstack@n-api-meta.service[107312]: python threads support enabled
Jul 02 03:18:56.358608 np0000183855 devstack@n-api-meta.service[107312]: your server socket listen backlog is limited to 100 connections
Jul 02 03:18:56.358608 np0000183855 devstack@n-api-meta.service[107312]: your mercy for graceful operations on workers is 80 seconds
Jul 02 03:18:56.359144 np0000183855 devstack@n-api-meta.service[107312]: mapped 671795 bytes (656 KB) for 4 cores
Jul 02 03:18:56.359281 np0000183855 devstack@n-api-meta.service[107312]: *** Operational MODE: preforking ***
Jul 02 03:18:56.359466 np0000183855 devstack@n-api-meta.service[107312]: *** uWSGI is running in multiple interpreter mode ***
Jul 02 03:18:56.359466 np0000183855 devstack@n-api-meta.service[107312]: spawned uWSGI master process (pid: 107312)
Jul 02 03:18:56.359759 np0000183855 systemd[1]: Started devstack@n-api-meta.service - Devstack devstack@n-api-meta.service.
Jul 02 03:18:56.360193 np0000183855 devstack@n-api-meta.service[107312]: spawned uWSGI worker 1 (pid: 107313, cores: 1)
Jul 02 03:18:56.360807 np0000183855 devstack@n-api-meta.service[107312]: spawned uWSGI worker 2 (pid: 107314, cores: 1)
Jul 02 03:18:56.361397 np0000183855 devstack@n-api-meta.service[107312]: spawned uWSGI worker 3 (pid: 107315, cores: 1)
Jul 02 03:18:56.362013 np0000183855 devstack@n-api-meta.service[107312]: spawned uWSGI worker 4 (pid: 107316, cores: 1)
Jul 02 03:18:56.362647 np0000183855 devstack@n-api-meta.service[107312]: spawned uWSGI http 1 (pid: 107317)
Jul 02 03:18:56.362647 np0000183855 devstack@n-api-meta.service[107312]: running "unix_signal:15 gracefully_kill_them_all" (master-start)...
Jul 02 03:18:58.139676 np0000183855 devstack@n-api-meta.service[107313]: INFO dbcounter [None req-b36cb70a-244b-4cf8-80b8-5f8c699d622c None None] Registered counter for database nova_api
Jul 02 03:18:58.176750 np0000183855 devstack@n-api-meta.service[107316]: INFO dbcounter [None req-1722757e-6379-40c2-a441-d683a9e1eecc None None] Registered counter for database nova_api
Jul 02 03:18:58.185811 np0000183855 devstack@n-api-meta.service[107313]: DEBUG oslo_db.sqlalchemy.engines [None req-b36cb70a-244b-4cf8-80b8-5f8c699d622c None None] MySQL server mode set to STRICT_TRANS_TABLES,STRICT_ALL_TABLES,NO_ZERO_IN_DATE,NO_ZERO_DATE,ERROR_FOR_DIVISION_BY_ZERO,TRADITIONAL,NO_ENGINE_SUBSTITUTION {{(pid=107313) _check_effective_sql_mode /opt/stack/data/venv/lib/python3.12/site-packages/oslo_db/sqlalchemy/engines.py:325}}
Jul 02 03:18:58.201325 np0000183855 devstack@n-api-meta.service[107314]: INFO dbcounter [None req-76befacf-54a2-4e08-be31-7d220a21df08 None None] Registered counter for database nova_api
Jul 02 03:18:58.210542 np0000183855 devstack@n-api-meta.service[107315]: INFO dbcounter [None req-50a76f3c-a46d-4b22-a1c0-505ca0911d4f None None] Registered counter for database nova_api
Jul 02 03:18:58.220183 np0000183855 devstack@n-api-meta.service[107313]: DEBUG dbcounter [-] [107313] Writer thread running {{(pid=107313) stat_writer /opt/stack/data/venv/lib/python3.12/site-packages/dbcounter.py:102}}
Jul 02 03:18:58.222943 np0000183855 devstack@n-api-meta.service[107313]: DEBUG nova.context [None req-b36cb70a-244b-4cf8-80b8-5f8c699d622c None None] Found 2 cells: 00000000-0000-0000-0000-000000000000(cell0),7de03b8e-d433-43e4-b8e9-8f824cef1298(cell1) {{(pid=107313) load_cells /opt/stack/nova/nova/context.py:509}}
Jul 02 03:18:58.223011 np0000183855 devstack@n-api-meta.service[107316]: DEBUG oslo_db.sqlalchemy.engines [None req-1722757e-6379-40c2-a441-d683a9e1eecc None None] MySQL server mode set to STRICT_TRANS_TABLES,STRICT_ALL_TABLES,NO_ZERO_IN_DATE,NO_ZERO_DATE,ERROR_FOR_DIVISION_BY_ZERO,TRADITIONAL,NO_ENGINE_SUBSTITUTION {{(pid=107316) _check_effective_sql_mode /opt/stack/data/venv/lib/python3.12/site-packages/oslo_db/sqlalchemy/engines.py:325}}
Jul 02 03:18:58.223237 np0000183855 devstack@n-api-meta.service[107313]: INFO nova.utils [None req-b36cb70a-244b-4cf8-80b8-5f8c699d622c None None] The cell worker thread pool MainProcess.cell_worker is initialized
Jul 02 03:18:58.225044 np0000183855 devstack@n-api-meta.service[107313]: DEBUG oslo_concurrency.lockutils [None req-b36cb70a-244b-4cf8-80b8-5f8c699d622c None None] Acquiring lock "00000000-0000-0000-0000-000000000000" by "nova.context.set_target_cell..get_or_set_cached_cell_and_set_connections" {{(pid=107313) inner /opt/stack/data/venv/lib/python3.12/site-packages/oslo_concurrency/lockutils.py:511}}
Jul 02 03:18:58.225148 np0000183855 devstack@n-api-meta.service[107313]: DEBUG oslo_concurrency.lockutils [None req-b36cb70a-244b-4cf8-80b8-5f8c699d622c None None] Lock "00000000-0000-0000-0000-000000000000" acquired by "nova.context.set_target_cell..get_or_set_cached_cell_and_set_connections" :: waited 0.000s {{(pid=107313) inner /opt/stack/data/venv/lib/python3.12/site-packages/oslo_concurrency/lockutils.py:524}}
Jul 02 03:18:58.225691 np0000183855 devstack@n-api-meta.service[107313]: DEBUG oslo_concurrency.lockutils [None req-b36cb70a-244b-4cf8-80b8-5f8c699d622c None None] Lock "00000000-0000-0000-0000-000000000000" "released" by "nova.context.set_target_cell..get_or_set_cached_cell_and_set_connections" :: held 0.000s {{(pid=107313) inner /opt/stack/data/venv/lib/python3.12/site-packages/oslo_concurrency/lockutils.py:543}}
Jul 02 03:18:58.226292 np0000183855 devstack@n-api-meta.service[107313]: DEBUG oslo_concurrency.lockutils [None req-b36cb70a-244b-4cf8-80b8-5f8c699d622c None None] Acquiring lock "7de03b8e-d433-43e4-b8e9-8f824cef1298" by "nova.context.set_target_cell..get_or_set_cached_cell_and_set_connections" {{(pid=107313) inner /opt/stack/data/venv/lib/python3.12/site-packages/oslo_concurrency/lockutils.py:511}}
Jul 02 03:18:58.226572 np0000183855 devstack@n-api-meta.service[107313]: DEBUG oslo_concurrency.lockutils [None req-b36cb70a-244b-4cf8-80b8-5f8c699d622c None None] Lock "7de03b8e-d433-43e4-b8e9-8f824cef1298" acquired by "nova.context.set_target_cell..get_or_set_cached_cell_and_set_connections" :: waited 0.000s {{(pid=107313) inner /opt/stack/data/venv/lib/python3.12/site-packages/oslo_concurrency/lockutils.py:524}}
Jul 02 03:18:58.227461 np0000183855 devstack@n-api-meta.service[107313]: DEBUG oslo_concurrency.lockutils [None req-b36cb70a-244b-4cf8-80b8-5f8c699d622c None None] Lock "7de03b8e-d433-43e4-b8e9-8f824cef1298" "released" by "nova.context.set_target_cell..get_or_set_cached_cell_and_set_connections" :: held 0.001s {{(pid=107313) inner /opt/stack/data/venv/lib/python3.12/site-packages/oslo_concurrency/lockutils.py:543}}
Jul 02 03:18:58.229585 np0000183855 devstack@n-api-meta.service[107313]: INFO dbcounter [None req-b36cb70a-244b-4cf8-80b8-5f8c699d622c None None] Registered counter for database nova_cell0
Jul 02 03:18:58.234084 np0000183855 devstack@n-api-meta.service[107313]: INFO dbcounter [None req-b36cb70a-244b-4cf8-80b8-5f8c699d622c None None] Registered counter for database nova_cell1
Jul 02 03:18:58.247201 np0000183855 devstack@n-api-meta.service[107314]: DEBUG oslo_db.sqlalchemy.engines [None req-76befacf-54a2-4e08-be31-7d220a21df08 None None] MySQL server mode set to STRICT_TRANS_TABLES,STRICT_ALL_TABLES,NO_ZERO_IN_DATE,NO_ZERO_DATE,ERROR_FOR_DIVISION_BY_ZERO,TRADITIONAL,NO_ENGINE_SUBSTITUTION {{(pid=107314) _check_effective_sql_mode /opt/stack/data/venv/lib/python3.12/site-packages/oslo_db/sqlalchemy/engines.py:325}}
Jul 02 03:18:58.257822 np0000183855 devstack@n-api-meta.service[107316]: DEBUG dbcounter [-] [107316] Writer thread running {{(pid=107316) stat_writer /opt/stack/data/venv/lib/python3.12/site-packages/dbcounter.py:102}}
Jul 02 03:18:58.260134 np0000183855 devstack@n-api-meta.service[107316]: DEBUG nova.context [None req-1722757e-6379-40c2-a441-d683a9e1eecc None None] Found 2 cells: 00000000-0000-0000-0000-000000000000(cell0),7de03b8e-d433-43e4-b8e9-8f824cef1298(cell1) {{(pid=107316) load_cells /opt/stack/nova/nova/context.py:509}}
Jul 02 03:18:58.260351 np0000183855 devstack@n-api-meta.service[107316]: INFO nova.utils [None req-1722757e-6379-40c2-a441-d683a9e1eecc None None] The cell worker thread pool MainProcess.cell_worker is initialized
Jul 02 03:18:58.262099 np0000183855 devstack@n-api-meta.service[107316]: DEBUG oslo_concurrency.lockutils [None req-1722757e-6379-40c2-a441-d683a9e1eecc None None] Acquiring lock "00000000-0000-0000-0000-000000000000" by "nova.context.set_target_cell..get_or_set_cached_cell_and_set_connections" {{(pid=107316) inner /opt/stack/data/venv/lib/python3.12/site-packages/oslo_concurrency/lockutils.py:511}}
Jul 02 03:18:58.262264 np0000183855 devstack@n-api-meta.service[107316]: DEBUG oslo_concurrency.lockutils [None req-1722757e-6379-40c2-a441-d683a9e1eecc None None] Lock "00000000-0000-0000-0000-000000000000" acquired by "nova.context.set_target_cell..get_or_set_cached_cell_and_set_connections" :: waited 0.000s {{(pid=107316) inner /opt/stack/data/venv/lib/python3.12/site-packages/oslo_concurrency/lockutils.py:524}}
Jul 02 03:18:58.262602 np0000183855 devstack@n-api-meta.service[107316]: DEBUG oslo_concurrency.lockutils [None req-1722757e-6379-40c2-a441-d683a9e1eecc None None] Lock "00000000-0000-0000-0000-000000000000" "released" by "nova.context.set_target_cell..get_or_set_cached_cell_and_set_connections" :: held 0.000s {{(pid=107316) inner /opt/stack/data/venv/lib/python3.12/site-packages/oslo_concurrency/lockutils.py:543}}
Jul 02 03:18:58.263318 np0000183855 devstack@n-api-meta.service[107316]: DEBUG oslo_concurrency.lockutils [None req-1722757e-6379-40c2-a441-d683a9e1eecc None None] Acquiring lock "7de03b8e-d433-43e4-b8e9-8f824cef1298" by "nova.context.set_target_cell..get_or_set_cached_cell_and_set_connections" {{(pid=107316) inner /opt/stack/data/venv/lib/python3.12/site-packages/oslo_concurrency/lockutils.py:511}}
Jul 02 03:18:58.263461 np0000183855 devstack@n-api-meta.service[107316]: DEBUG oslo_concurrency.lockutils [None req-1722757e-6379-40c2-a441-d683a9e1eecc None None] Lock "7de03b8e-d433-43e4-b8e9-8f824cef1298" acquired by "nova.context.set_target_cell..get_or_set_cached_cell_and_set_connections" :: waited 0.000s {{(pid=107316) inner /opt/stack/data/venv/lib/python3.12/site-packages/oslo_concurrency/lockutils.py:524}}
Jul 02 03:18:58.264255 np0000183855 devstack@n-api-meta.service[107316]: DEBUG oslo_concurrency.lockutils [None req-1722757e-6379-40c2-a441-d683a9e1eecc None None] Lock "7de03b8e-d433-43e4-b8e9-8f824cef1298" "released" by "nova.context.set_target_cell..get_or_set_cached_cell_and_set_connections" :: held 0.001s {{(pid=107316) inner /opt/stack/data/venv/lib/python3.12/site-packages/oslo_concurrency/lockutils.py:543}}
Jul 02 03:18:58.265646 np0000183855 devstack@n-api-meta.service[107315]: DEBUG oslo_db.sqlalchemy.engines [None req-50a76f3c-a46d-4b22-a1c0-505ca0911d4f None None] MySQL server mode set to STRICT_TRANS_TABLES,STRICT_ALL_TABLES,NO_ZERO_IN_DATE,NO_ZERO_DATE,ERROR_FOR_DIVISION_BY_ZERO,TRADITIONAL,NO_ENGINE_SUBSTITUTION {{(pid=107315) _check_effective_sql_mode /opt/stack/data/venv/lib/python3.12/site-packages/oslo_db/sqlalchemy/engines.py:325}}
Jul 02 03:18:58.267794 np0000183855 devstack@n-api-meta.service[107316]: INFO dbcounter [None req-1722757e-6379-40c2-a441-d683a9e1eecc None None] Registered counter for database nova_cell0
Jul 02 03:18:58.272986 np0000183855 devstack@n-api-meta.service[107316]: INFO dbcounter [None req-1722757e-6379-40c2-a441-d683a9e1eecc None None] Registered counter for database nova_cell1
Jul 02 03:18:58.284436 np0000183855 devstack@n-api-meta.service[107314]: DEBUG dbcounter [-] [107314] Writer thread running {{(pid=107314) stat_writer /opt/stack/data/venv/lib/python3.12/site-packages/dbcounter.py:102}}
Jul 02 03:18:58.286805 np0000183855 devstack@n-api-meta.service[107314]: DEBUG nova.context [None req-76befacf-54a2-4e08-be31-7d220a21df08 None None] Found 2 cells: 00000000-0000-0000-0000-000000000000(cell0),7de03b8e-d433-43e4-b8e9-8f824cef1298(cell1) {{(pid=107314) load_cells /opt/stack/nova/nova/context.py:509}}
Jul 02 03:18:58.287094 np0000183855 devstack@n-api-meta.service[107314]: INFO nova.utils [None req-76befacf-54a2-4e08-be31-7d220a21df08 None None] The cell worker thread pool MainProcess.cell_worker is initialized
Jul 02 03:18:58.289511 np0000183855 devstack@n-api-meta.service[107314]: DEBUG oslo_concurrency.lockutils [None req-76befacf-54a2-4e08-be31-7d220a21df08 None None] Acquiring lock "00000000-0000-0000-0000-000000000000" by "nova.context.set_target_cell..get_or_set_cached_cell_and_set_connections" {{(pid=107314) inner /opt/stack/data/venv/lib/python3.12/site-packages/oslo_concurrency/lockutils.py:511}}
Jul 02 03:18:58.289742 np0000183855 devstack@n-api-meta.service[107314]: DEBUG oslo_concurrency.lockutils [None req-76befacf-54a2-4e08-be31-7d220a21df08 None None] Lock "00000000-0000-0000-0000-000000000000" acquired by "nova.context.set_target_cell..get_or_set_cached_cell_and_set_connections" :: waited 0.000s {{(pid=107314) inner /opt/stack/data/venv/lib/python3.12/site-packages/oslo_concurrency/lockutils.py:524}}
Jul 02 03:18:58.290520 np0000183855 devstack@n-api-meta.service[107314]: DEBUG oslo_concurrency.lockutils [None req-76befacf-54a2-4e08-be31-7d220a21df08 None None] Lock "00000000-0000-0000-0000-000000000000" "released" by "nova.context.set_target_cell..get_or_set_cached_cell_and_set_connections" :: held 0.001s {{(pid=107314) inner /opt/stack/data/venv/lib/python3.12/site-packages/oslo_concurrency/lockutils.py:543}}
Jul 02 03:18:58.291285 np0000183855 devstack@n-api-meta.service[107314]: DEBUG oslo_concurrency.lockutils [None req-76befacf-54a2-4e08-be31-7d220a21df08 None None] Acquiring lock "7de03b8e-d433-43e4-b8e9-8f824cef1298" by "nova.context.set_target_cell..get_or_set_cached_cell_and_set_connections" {{(pid=107314) inner /opt/stack/data/venv/lib/python3.12/site-packages/oslo_concurrency/lockutils.py:511}}
Jul 02 03:18:58.291513 np0000183855 devstack@n-api-meta.service[107314]: DEBUG oslo_concurrency.lockutils [None req-76befacf-54a2-4e08-be31-7d220a21df08 None None] Lock "7de03b8e-d433-43e4-b8e9-8f824cef1298" acquired by "nova.context.set_target_cell..get_or_set_cached_cell_and_set_connections" :: waited 0.000s {{(pid=107314) inner /opt/stack/data/venv/lib/python3.12/site-packages/oslo_concurrency/lockutils.py:524}}
Jul 02 03:18:58.291805 np0000183855 devstack@n-api-meta.service[107313]: DEBUG oslo_db.sqlalchemy.engines [None req-b36cb70a-244b-4cf8-80b8-5f8c699d622c None None] MySQL server mode set to STRICT_TRANS_TABLES,STRICT_ALL_TABLES,NO_ZERO_IN_DATE,NO_ZERO_DATE,ERROR_FOR_DIVISION_BY_ZERO,TRADITIONAL,NO_ENGINE_SUBSTITUTION {{(pid=107313) _check_effective_sql_mode /opt/stack/data/venv/lib/python3.12/site-packages/oslo_db/sqlalchemy/engines.py:325}}
Jul 02 03:18:58.292716 np0000183855 devstack@n-api-meta.service[107314]: DEBUG oslo_concurrency.lockutils [None req-76befacf-54a2-4e08-be31-7d220a21df08 None None] Lock "7de03b8e-d433-43e4-b8e9-8f824cef1298" "released" by "nova.context.set_target_cell..get_or_set_cached_cell_and_set_connections" :: held 0.001s {{(pid=107314) inner /opt/stack/data/venv/lib/python3.12/site-packages/oslo_concurrency/lockutils.py:543}}
Jul 02 03:18:58.296724 np0000183855 devstack@n-api-meta.service[107314]: INFO dbcounter [None req-76befacf-54a2-4e08-be31-7d220a21df08 None None] Registered counter for database nova_cell0
Jul 02 03:18:58.301411 np0000183855 devstack@n-api-meta.service[107314]: INFO dbcounter [None req-76befacf-54a2-4e08-be31-7d220a21df08 None None] Registered counter for database nova_cell1
Jul 02 03:18:58.302608 np0000183855 devstack@n-api-meta.service[107315]: DEBUG dbcounter [-] [107315] Writer thread running {{(pid=107315) stat_writer /opt/stack/data/venv/lib/python3.12/site-packages/dbcounter.py:102}}
Jul 02 03:18:58.305083 np0000183855 devstack@n-api-meta.service[107315]: DEBUG nova.context [None req-50a76f3c-a46d-4b22-a1c0-505ca0911d4f None None] Found 2 cells: 00000000-0000-0000-0000-000000000000(cell0),7de03b8e-d433-43e4-b8e9-8f824cef1298(cell1) {{(pid=107315) load_cells /opt/stack/nova/nova/context.py:509}}
Jul 02 03:18:58.305358 np0000183855 devstack@n-api-meta.service[107315]: INFO nova.utils [None req-50a76f3c-a46d-4b22-a1c0-505ca0911d4f None None] The cell worker thread pool MainProcess.cell_worker is initialized
Jul 02 03:18:58.307152 np0000183855 devstack@n-api-meta.service[107315]: DEBUG oslo_concurrency.lockutils [None req-50a76f3c-a46d-4b22-a1c0-505ca0911d4f None None] Acquiring lock "00000000-0000-0000-0000-000000000000" by "nova.context.set_target_cell..get_or_set_cached_cell_and_set_connections" {{(pid=107315) inner /opt/stack/data/venv/lib/python3.12/site-packages/oslo_concurrency/lockutils.py:511}}
Jul 02 03:18:58.307347 np0000183855 devstack@n-api-meta.service[107315]: DEBUG oslo_concurrency.lockutils [None req-50a76f3c-a46d-4b22-a1c0-505ca0911d4f None None] Lock "00000000-0000-0000-0000-000000000000" acquired by "nova.context.set_target_cell..get_or_set_cached_cell_and_set_connections" :: waited 0.000s {{(pid=107315) inner /opt/stack/data/venv/lib/python3.12/site-packages/oslo_concurrency/lockutils.py:524}}
Jul 02 03:18:58.307734 np0000183855 devstack@n-api-meta.service[107315]: DEBUG oslo_concurrency.lockutils [None req-50a76f3c-a46d-4b22-a1c0-505ca0911d4f None None] Lock "00000000-0000-0000-0000-000000000000" "released" by "nova.context.set_target_cell..get_or_set_cached_cell_and_set_connections" :: held 0.000s {{(pid=107315) inner /opt/stack/data/venv/lib/python3.12/site-packages/oslo_concurrency/lockutils.py:543}}
Jul 02 03:18:58.308498 np0000183855 devstack@n-api-meta.service[107315]: DEBUG oslo_concurrency.lockutils [None req-50a76f3c-a46d-4b22-a1c0-505ca0911d4f None None] Acquiring lock "7de03b8e-d433-43e4-b8e9-8f824cef1298" by "nova.context.set_target_cell..get_or_set_cached_cell_and_set_connections" {{(pid=107315) inner /opt/stack/data/venv/lib/python3.12/site-packages/oslo_concurrency/lockutils.py:511}}
Jul 02 03:18:58.308646 np0000183855 devstack@n-api-meta.service[107315]: DEBUG oslo_concurrency.lockutils [None req-50a76f3c-a46d-4b22-a1c0-505ca0911d4f None None] Lock "7de03b8e-d433-43e4-b8e9-8f824cef1298" acquired by "nova.context.set_target_cell..get_or_set_cached_cell_and_set_connections" :: waited 0.000s {{(pid=107315) inner /opt/stack/data/venv/lib/python3.12/site-packages/oslo_concurrency/lockutils.py:524}}
Jul 02 03:18:58.309516 np0000183855 devstack@n-api-meta.service[107315]: DEBUG oslo_concurrency.lockutils [None req-50a76f3c-a46d-4b22-a1c0-505ca0911d4f None None] Lock "7de03b8e-d433-43e4-b8e9-8f824cef1298" "released" by "nova.context.set_target_cell..get_or_set_cached_cell_and_set_connections" :: held 0.001s {{(pid=107315) inner /opt/stack/data/venv/lib/python3.12/site-packages/oslo_concurrency/lockutils.py:543}}
Jul 02 03:18:58.312708 np0000183855 devstack@n-api-meta.service[107315]: INFO dbcounter [None req-50a76f3c-a46d-4b22-a1c0-505ca0911d4f None None] Registered counter for database nova_cell0
Jul 02 03:18:58.317993 np0000183855 devstack@n-api-meta.service[107315]: INFO dbcounter [None req-50a76f3c-a46d-4b22-a1c0-505ca0911d4f None None] Registered counter for database nova_cell1
Jul 02 03:18:58.330540 np0000183855 devstack@n-api-meta.service[107316]: DEBUG oslo_db.sqlalchemy.engines [None req-1722757e-6379-40c2-a441-d683a9e1eecc None None] MySQL server mode set to STRICT_TRANS_TABLES,STRICT_ALL_TABLES,NO_ZERO_IN_DATE,NO_ZERO_DATE,ERROR_FOR_DIVISION_BY_ZERO,TRADITIONAL,NO_ENGINE_SUBSTITUTION {{(pid=107316) _check_effective_sql_mode /opt/stack/data/venv/lib/python3.12/site-packages/oslo_db/sqlalchemy/engines.py:325}}
Jul 02 03:18:58.354157 np0000183855 devstack@n-api-meta.service[107316]: DEBUG oslo_db.sqlalchemy.engines [None req-1722757e-6379-40c2-a441-d683a9e1eecc None None] MySQL server mode set to STRICT_TRANS_TABLES,STRICT_ALL_TABLES,NO_ZERO_IN_DATE,NO_ZERO_DATE,ERROR_FOR_DIVISION_BY_ZERO,TRADITIONAL,NO_ENGINE_SUBSTITUTION {{(pid=107316) _check_effective_sql_mode /opt/stack/data/venv/lib/python3.12/site-packages/oslo_db/sqlalchemy/engines.py:325}}
Jul 02 03:18:58.358035 np0000183855 devstack@n-api-meta.service[107313]: DEBUG oslo_db.sqlalchemy.engines [None req-b36cb70a-244b-4cf8-80b8-5f8c699d622c None None] MySQL server mode set to STRICT_TRANS_TABLES,STRICT_ALL_TABLES,NO_ZERO_IN_DATE,NO_ZERO_DATE,ERROR_FOR_DIVISION_BY_ZERO,TRADITIONAL,NO_ENGINE_SUBSTITUTION {{(pid=107313) _check_effective_sql_mode /opt/stack/data/venv/lib/python3.12/site-packages/oslo_db/sqlalchemy/engines.py:325}}
Jul 02 03:18:58.377180 np0000183855 devstack@n-api-meta.service[107315]: DEBUG oslo_db.sqlalchemy.engines [None req-50a76f3c-a46d-4b22-a1c0-505ca0911d4f None None] MySQL server mode set to STRICT_TRANS_TABLES,STRICT_ALL_TABLES,NO_ZERO_IN_DATE,NO_ZERO_DATE,ERROR_FOR_DIVISION_BY_ZERO,TRADITIONAL,NO_ENGINE_SUBSTITUTION {{(pid=107315) _check_effective_sql_mode /opt/stack/data/venv/lib/python3.12/site-packages/oslo_db/sqlalchemy/engines.py:325}}
Jul 02 03:18:58.383380 np0000183855 devstack@n-api-meta.service[107315]: DEBUG oslo_db.sqlalchemy.engines [None req-50a76f3c-a46d-4b22-a1c0-505ca0911d4f None None] MySQL server mode set to STRICT_TRANS_TABLES,STRICT_ALL_TABLES,NO_ZERO_IN_DATE,NO_ZERO_DATE,ERROR_FOR_DIVISION_BY_ZERO,TRADITIONAL,NO_ENGINE_SUBSTITUTION {{(pid=107315) _check_effective_sql_mode /opt/stack/data/venv/lib/python3.12/site-packages/oslo_db/sqlalchemy/engines.py:325}}
Jul 02 03:18:58.386968 np0000183855 devstack@n-api-meta.service[107314]: DEBUG oslo_db.sqlalchemy.engines [None req-76befacf-54a2-4e08-be31-7d220a21df08 None None] MySQL server mode set to STRICT_TRANS_TABLES,STRICT_ALL_TABLES,NO_ZERO_IN_DATE,NO_ZERO_DATE,ERROR_FOR_DIVISION_BY_ZERO,TRADITIONAL,NO_ENGINE_SUBSTITUTION {{(pid=107314) _check_effective_sql_mode /opt/stack/data/venv/lib/python3.12/site-packages/oslo_db/sqlalchemy/engines.py:325}}
Jul 02 03:18:58.398348 np0000183855 devstack@n-api-meta.service[107313]: DEBUG dbcounter [-] [107313] Writer thread running {{(pid=107313) stat_writer /opt/stack/data/venv/lib/python3.12/site-packages/dbcounter.py:102}}
Jul 02 03:18:58.398971 np0000183855 devstack@n-api-meta.service[107314]: DEBUG oslo_db.sqlalchemy.engines [None req-76befacf-54a2-4e08-be31-7d220a21df08 None None] MySQL server mode set to STRICT_TRANS_TABLES,STRICT_ALL_TABLES,NO_ZERO_IN_DATE,NO_ZERO_DATE,ERROR_FOR_DIVISION_BY_ZERO,TRADITIONAL,NO_ENGINE_SUBSTITUTION {{(pid=107314) _check_effective_sql_mode /opt/stack/data/venv/lib/python3.12/site-packages/oslo_db/sqlalchemy/engines.py:325}}
Jul 02 03:18:58.405312 np0000183855 devstack@n-api-meta.service[107313]: DEBUG dbcounter [-] [107313] Writer thread running {{(pid=107313) stat_writer /opt/stack/data/venv/lib/python3.12/site-packages/dbcounter.py:102}}
Jul 02 03:18:58.409419 np0000183855 devstack@n-api-meta.service[107313]: INFO dbcounter [None req-b36cb70a-244b-4cf8-80b8-5f8c699d622c None None] Registered counter for database nova_cell0
Jul 02 03:18:58.427826 np0000183855 devstack@n-api-meta.service[107316]: DEBUG dbcounter [-] [107316] Writer thread running {{(pid=107316) stat_writer /opt/stack/data/venv/lib/python3.12/site-packages/dbcounter.py:102}}
Jul 02 03:18:58.433642 np0000183855 devstack@n-api-meta.service[107316]: DEBUG dbcounter [-] [107316] Writer thread running {{(pid=107316) stat_writer /opt/stack/data/venv/lib/python3.12/site-packages/dbcounter.py:102}}
Jul 02 03:18:58.437943 np0000183855 devstack@n-api-meta.service[107316]: INFO dbcounter [None req-1722757e-6379-40c2-a441-d683a9e1eecc None None] Registered counter for database nova_cell0
Jul 02 03:18:58.453460 np0000183855 devstack@n-api-meta.service[107313]: DEBUG oslo_db.sqlalchemy.engines [None req-b36cb70a-244b-4cf8-80b8-5f8c699d622c None None] MySQL server mode set to STRICT_TRANS_TABLES,STRICT_ALL_TABLES,NO_ZERO_IN_DATE,NO_ZERO_DATE,ERROR_FOR_DIVISION_BY_ZERO,TRADITIONAL,NO_ENGINE_SUBSTITUTION {{(pid=107313) _check_effective_sql_mode /opt/stack/data/venv/lib/python3.12/site-packages/oslo_db/sqlalchemy/engines.py:325}}
Jul 02 03:18:58.460893 np0000183855 devstack@n-api-meta.service[107313]: DEBUG dbcounter [-] [107313] Writer thread running {{(pid=107313) stat_writer /opt/stack/data/venv/lib/python3.12/site-packages/dbcounter.py:102}}
Jul 02 03:18:58.468998 np0000183855 devstack@n-api-meta.service[107315]: DEBUG dbcounter [-] [107315] Writer thread running {{(pid=107315) stat_writer /opt/stack/data/venv/lib/python3.12/site-packages/dbcounter.py:102}}
Jul 02 03:18:58.476622 np0000183855 devstack@n-api-meta.service[107315]: DEBUG dbcounter [-] [107315] Writer thread running {{(pid=107315) stat_writer /opt/stack/data/venv/lib/python3.12/site-packages/dbcounter.py:102}}
Jul 02 03:18:58.479301 np0000183855 devstack@n-api-meta.service[107316]: DEBUG oslo_db.sqlalchemy.engines [None req-1722757e-6379-40c2-a441-d683a9e1eecc None None] MySQL server mode set to STRICT_TRANS_TABLES,STRICT_ALL_TABLES,NO_ZERO_IN_DATE,NO_ZERO_DATE,ERROR_FOR_DIVISION_BY_ZERO,TRADITIONAL,NO_ENGINE_SUBSTITUTION {{(pid=107316) _check_effective_sql_mode /opt/stack/data/venv/lib/python3.12/site-packages/oslo_db/sqlalchemy/engines.py:325}}
Jul 02 03:18:58.482266 np0000183855 devstack@n-api-meta.service[107315]: INFO dbcounter [None req-50a76f3c-a46d-4b22-a1c0-505ca0911d4f None None] Registered counter for database nova_cell0
Jul 02 03:18:58.488880 np0000183855 devstack@n-api-meta.service[107316]: DEBUG dbcounter [-] [107316] Writer thread running {{(pid=107316) stat_writer /opt/stack/data/venv/lib/python3.12/site-packages/dbcounter.py:102}}
Jul 02 03:18:58.491419 np0000183855 devstack@n-api-meta.service[107314]: DEBUG dbcounter [-] [107314] Writer thread running {{(pid=107314) stat_writer /opt/stack/data/venv/lib/python3.12/site-packages/dbcounter.py:102}}
Jul 02 03:18:58.497181 np0000183855 devstack@n-api-meta.service[107314]: DEBUG dbcounter [-] [107314] Writer thread running {{(pid=107314) stat_writer /opt/stack/data/venv/lib/python3.12/site-packages/dbcounter.py:102}}
Jul 02 03:18:58.501584 np0000183855 devstack@n-api-meta.service[107314]: INFO dbcounter [None req-76befacf-54a2-4e08-be31-7d220a21df08 None None] Registered counter for database nova_cell0
Jul 02 03:18:58.511730 np0000183855 devstack@n-api-meta.service[107313]: WARNING nova.api.metadata.handler [None req-b36cb70a-244b-4cf8-80b8-5f8c699d622c None None] metadata_proxy_shared_secret is not configured, the metadata information returned by the proxy cannot be trusted
Jul 02 03:18:58.514033 np0000183855 devstack@n-api-meta.service[107313]: DEBUG nova.api.openstack.wsgi_app [None req-b36cb70a-244b-4cf8-80b8-5f8c699d622c None None] ******************************************************************************** {{(pid=107313) log_opt_values /opt/stack/data/venv/lib/python3.12/site-packages/oslo_config/cfg.py:3226}}
Jul 02 03:18:58.514226 np0000183855 devstack@n-api-meta.service[107313]: DEBUG nova.api.openstack.wsgi_app [None req-b36cb70a-244b-4cf8-80b8-5f8c699d622c None None] Configuration options gathered from: {{(pid=107313) log_opt_values /opt/stack/data/venv/lib/python3.12/site-packages/oslo_config/cfg.py:3227}}
Jul 02 03:18:58.514226 np0000183855 devstack@n-api-meta.service[107313]: DEBUG nova.api.openstack.wsgi_app [None req-b36cb70a-244b-4cf8-80b8-5f8c699d622c None None] command line args: [] {{(pid=107313) log_opt_values /opt/stack/data/venv/lib/python3.12/site-packages/oslo_config/cfg.py:3228}}
Jul 02 03:18:58.514396 np0000183855 devstack@n-api-meta.service[107313]: DEBUG nova.api.openstack.wsgi_app [None req-b36cb70a-244b-4cf8-80b8-5f8c699d622c None None] config files: ['/etc/nova/api-paste.ini', '/etc/nova/nova.conf'] {{(pid=107313) log_opt_values /opt/stack/data/venv/lib/python3.12/site-packages/oslo_config/cfg.py:3229}}
Jul 02 03:18:58.514506 np0000183855 devstack@n-api-meta.service[107313]: DEBUG nova.api.openstack.wsgi_app [None req-b36cb70a-244b-4cf8-80b8-5f8c699d622c None None] ================================================================================ {{(pid=107313) log_opt_values /opt/stack/data/venv/lib/python3.12/site-packages/oslo_config/cfg.py:3234}}
Jul 02 03:18:58.514671 np0000183855 devstack@n-api-meta.service[107313]: DEBUG nova.api.openstack.wsgi_app [None req-b36cb70a-244b-4cf8-80b8-5f8c699d622c None None] allow_resize_to_same_host = True {{(pid=107313) log_opt_values /opt/stack/data/venv/lib/python3.12/site-packages/oslo_config/cfg.py:3242}}
Jul 02 03:18:58.514800 np0000183855 devstack@n-api-meta.service[107313]: DEBUG nova.api.openstack.wsgi_app [None req-b36cb70a-244b-4cf8-80b8-5f8c699d622c None None] arq_binding_timeout = 300 {{(pid=107313) log_opt_values /opt/stack/data/venv/lib/python3.12/site-packages/oslo_config/cfg.py:3242}}
Jul 02 03:18:58.514931 np0000183855 devstack@n-api-meta.service[107313]: DEBUG nova.api.openstack.wsgi_app [None req-b36cb70a-244b-4cf8-80b8-5f8c699d622c None None] block_device_allocate_retries = 60 {{(pid=107313) log_opt_values /opt/stack/data/venv/lib/python3.12/site-packages/oslo_config/cfg.py:3242}}
Jul 02 03:18:58.515057 np0000183855 devstack@n-api-meta.service[107313]: DEBUG nova.api.openstack.wsgi_app [None req-b36cb70a-244b-4cf8-80b8-5f8c699d622c None None] block_device_allocate_retries_interval = 3 {{(pid=107313) log_opt_values /opt/stack/data/venv/lib/python3.12/site-packages/oslo_config/cfg.py:3242}}
Jul 02 03:18:58.515181 np0000183855 devstack@n-api-meta.service[107313]: DEBUG nova.api.openstack.wsgi_app [None req-b36cb70a-244b-4cf8-80b8-5f8c699d622c None None] cell_worker_thread_pool_size = 5 {{(pid=107313) log_opt_values /opt/stack/data/venv/lib/python3.12/site-packages/oslo_config/cfg.py:3242}}
Jul 02 03:18:58.515329 np0000183855 devstack@n-api-meta.service[107313]: DEBUG nova.api.openstack.wsgi_app [None req-b36cb70a-244b-4cf8-80b8-5f8c699d622c None None] cert = self.pem {{(pid=107313) log_opt_values /opt/stack/data/venv/lib/python3.12/site-packages/oslo_config/cfg.py:3242}}
Jul 02 03:18:58.515470 np0000183855 devstack@n-api-meta.service[107313]: DEBUG nova.api.openstack.wsgi_app [None req-b36cb70a-244b-4cf8-80b8-5f8c699d622c None None] compute_driver = libvirt.LibvirtDriver {{(pid=107313) log_opt_values /opt/stack/data/venv/lib/python3.12/site-packages/oslo_config/cfg.py:3242}}
Jul 02 03:18:58.515604 np0000183855 devstack@n-api-meta.service[107313]: DEBUG nova.api.openstack.wsgi_app [None req-b36cb70a-244b-4cf8-80b8-5f8c699d622c None None] compute_monitors = [] {{(pid=107313) log_opt_values /opt/stack/data/venv/lib/python3.12/site-packages/oslo_config/cfg.py:3242}}
Jul 02 03:18:58.515736 np0000183855 devstack@n-api-meta.service[107313]: DEBUG nova.api.openstack.wsgi_app [None req-b36cb70a-244b-4cf8-80b8-5f8c699d622c None None] config_dir = [] {{(pid=107313) log_opt_values /opt/stack/data/venv/lib/python3.12/site-packages/oslo_config/cfg.py:3242}}
Jul 02 03:18:58.515875 np0000183855 devstack@n-api-meta.service[107313]: DEBUG nova.api.openstack.wsgi_app [None req-b36cb70a-244b-4cf8-80b8-5f8c699d622c None None] config_drive_format = iso9660 {{(pid=107313) log_opt_values /opt/stack/data/venv/lib/python3.12/site-packages/oslo_config/cfg.py:3242}}
Jul 02 03:18:58.515979 np0000183855 devstack@n-api-meta.service[107313]: DEBUG nova.api.openstack.wsgi_app [None req-b36cb70a-244b-4cf8-80b8-5f8c699d622c None None] config_file = ['/etc/nova/api-paste.ini', '/etc/nova/nova.conf'] {{(pid=107313) log_opt_values /opt/stack/data/venv/lib/python3.12/site-packages/oslo_config/cfg.py:3242}}
Jul 02 03:18:58.516108 np0000183855 devstack@n-api-meta.service[107313]: DEBUG nova.api.openstack.wsgi_app [None req-b36cb70a-244b-4cf8-80b8-5f8c699d622c None None] config_source = [] {{(pid=107313) log_opt_values /opt/stack/data/venv/lib/python3.12/site-packages/oslo_config/cfg.py:3242}}
Jul 02 03:18:58.517723 np0000183855 devstack@n-api-meta.service[107313]: DEBUG nova.api.openstack.wsgi_app [None req-b36cb70a-244b-4cf8-80b8-5f8c699d622c None None] console_host = np0000183855 {{(pid=107313) log_opt_values /opt/stack/data/venv/lib/python3.12/site-packages/oslo_config/cfg.py:3242}}
Jul 02 03:18:58.517723 np0000183855 devstack@n-api-meta.service[107313]: DEBUG nova.api.openstack.wsgi_app [None req-b36cb70a-244b-4cf8-80b8-5f8c699d622c None None] control_exchange = nova {{(pid=107313) log_opt_values /opt/stack/data/venv/lib/python3.12/site-packages/oslo_config/cfg.py:3242}}
Jul 02 03:18:58.517723 np0000183855 devstack@n-api-meta.service[107313]: DEBUG nova.api.openstack.wsgi_app [None req-b36cb70a-244b-4cf8-80b8-5f8c699d622c None None] cpu_allocation_ratio = None {{(pid=107313) log_opt_values /opt/stack/data/venv/lib/python3.12/site-packages/oslo_config/cfg.py:3242}}
Jul 02 03:18:58.517723 np0000183855 devstack@n-api-meta.service[107313]: DEBUG nova.api.openstack.wsgi_app [None req-b36cb70a-244b-4cf8-80b8-5f8c699d622c None None] daemon = False {{(pid=107313) log_opt_values /opt/stack/data/venv/lib/python3.12/site-packages/oslo_config/cfg.py:3242}}
Jul 02 03:18:58.517723 np0000183855 devstack@n-api-meta.service[107313]: DEBUG nova.api.openstack.wsgi_app [None req-b36cb70a-244b-4cf8-80b8-5f8c699d622c None None] debug = True {{(pid=107313) log_opt_values /opt/stack/data/venv/lib/python3.12/site-packages/oslo_config/cfg.py:3242}}
Jul 02 03:18:58.517723 np0000183855 devstack@n-api-meta.service[107313]: DEBUG nova.api.openstack.wsgi_app [None req-b36cb70a-244b-4cf8-80b8-5f8c699d622c None None] default_access_ip_network_name = None {{(pid=107313) log_opt_values /opt/stack/data/venv/lib/python3.12/site-packages/oslo_config/cfg.py:3242}}
Jul 02 03:18:58.517723 np0000183855 devstack@n-api-meta.service[107313]: DEBUG nova.api.openstack.wsgi_app [None req-b36cb70a-244b-4cf8-80b8-5f8c699d622c None None] default_availability_zone = nova {{(pid=107313) log_opt_values /opt/stack/data/venv/lib/python3.12/site-packages/oslo_config/cfg.py:3242}}
Jul 02 03:18:58.518122 np0000183855 devstack@n-api-meta.service[107313]: DEBUG nova.api.openstack.wsgi_app [None req-b36cb70a-244b-4cf8-80b8-5f8c699d622c None None] default_ephemeral_format = ext4 {{(pid=107313) log_opt_values /opt/stack/data/venv/lib/python3.12/site-packages/oslo_config/cfg.py:3242}}
Jul 02 03:18:58.518122 np0000183855 devstack@n-api-meta.service[107313]: DEBUG nova.api.openstack.wsgi_app [None req-b36cb70a-244b-4cf8-80b8-5f8c699d622c None None] default_green_pool_size = 1000 {{(pid=107313) log_opt_values /opt/stack/data/venv/lib/python3.12/site-packages/oslo_config/cfg.py:3242}}
Jul 02 03:18:58.518122 np0000183855 devstack@n-api-meta.service[107313]: DEBUG nova.api.openstack.wsgi_app [None req-b36cb70a-244b-4cf8-80b8-5f8c699d622c None None] default_log_levels = ['amqp=WARN', 'boto=WARN', 'sqlalchemy=WARN', 'suds=INFO', 'oslo.messaging=INFO', 'oslo_messaging=INFO', 'iso8601=WARN', 'requests.packages.urllib3.connectionpool=WARN', 'urllib3.connectionpool=WARN', 'websocket=WARN', 'requests.packages.urllib3.util.retry=WARN', 'urllib3.util.retry=WARN', 'keystonemiddleware=WARN', 'routes.middleware=WARN', 'stevedore=WARN', 'taskflow=WARN', 'keystoneauth=WARN', 'oslo.cache=INFO', 'oslo_policy=INFO', 'dogpile.core.dogpile=INFO', 'glanceclient=WARN', 'oslo.privsep.daemon=INFO'] {{(pid=107313) log_opt_values /opt/stack/data/venv/lib/python3.12/site-packages/oslo_config/cfg.py:3242}}
Jul 02 03:18:58.518122 np0000183855 devstack@n-api-meta.service[107313]: DEBUG nova.api.openstack.wsgi_app [None req-b36cb70a-244b-4cf8-80b8-5f8c699d622c None None] default_schedule_zone = None {{(pid=107313) log_opt_values /opt/stack/data/venv/lib/python3.12/site-packages/oslo_config/cfg.py:3242}}
Jul 02 03:18:58.518122 np0000183855 devstack@n-api-meta.service[107313]: DEBUG nova.api.openstack.wsgi_app [None req-b36cb70a-244b-4cf8-80b8-5f8c699d622c None None] default_thread_pool_size = 10 {{(pid=107313) log_opt_values /opt/stack/data/venv/lib/python3.12/site-packages/oslo_config/cfg.py:3242}}
Jul 02 03:18:58.518511 np0000183855 devstack@n-api-meta.service[107313]: DEBUG nova.api.openstack.wsgi_app [None req-b36cb70a-244b-4cf8-80b8-5f8c699d622c None None] disk_allocation_ratio = None {{(pid=107313) log_opt_values /opt/stack/data/venv/lib/python3.12/site-packages/oslo_config/cfg.py:3242}}
Jul 02 03:18:58.518511 np0000183855 devstack@n-api-meta.service[107313]: DEBUG nova.api.openstack.wsgi_app [None req-b36cb70a-244b-4cf8-80b8-5f8c699d622c None None] enable_new_services = True {{(pid=107313) log_opt_values /opt/stack/data/venv/lib/python3.12/site-packages/oslo_config/cfg.py:3242}}
Jul 02 03:18:58.518511 np0000183855 devstack@n-api-meta.service[107313]: DEBUG nova.api.openstack.wsgi_app [None req-b36cb70a-244b-4cf8-80b8-5f8c699d622c None None] flat_injected = False {{(pid=107313) log_opt_values /opt/stack/data/venv/lib/python3.12/site-packages/oslo_config/cfg.py:3242}}
Jul 02 03:18:58.518511 np0000183855 devstack@n-api-meta.service[107313]: DEBUG nova.api.openstack.wsgi_app [None req-b36cb70a-244b-4cf8-80b8-5f8c699d622c None None] force_config_drive = False {{(pid=107313) log_opt_values /opt/stack/data/venv/lib/python3.12/site-packages/oslo_config/cfg.py:3242}}
Jul 02 03:18:58.518511 np0000183855 devstack@n-api-meta.service[107313]: DEBUG nova.api.openstack.wsgi_app [None req-b36cb70a-244b-4cf8-80b8-5f8c699d622c None None] force_raw_images = True {{(pid=107313) log_opt_values /opt/stack/data/venv/lib/python3.12/site-packages/oslo_config/cfg.py:3242}}
Jul 02 03:18:58.518511 np0000183855 devstack@n-api-meta.service[107313]: DEBUG nova.api.openstack.wsgi_app [None req-b36cb70a-244b-4cf8-80b8-5f8c699d622c None None] graceful_shutdown_timeout = 5 {{(pid=107313) log_opt_values /opt/stack/data/venv/lib/python3.12/site-packages/oslo_config/cfg.py:3242}}
Jul 02 03:18:58.518832 np0000183855 devstack@n-api-meta.service[107313]: DEBUG nova.api.openstack.wsgi_app [None req-b36cb70a-244b-4cf8-80b8-5f8c699d622c None None] heal_instance_info_cache_interval = -1 {{(pid=107313) log_opt_values /opt/stack/data/venv/lib/python3.12/site-packages/oslo_config/cfg.py:3242}}
Jul 02 03:18:58.518832 np0000183855 devstack@n-api-meta.service[107313]: DEBUG nova.api.openstack.wsgi_app [None req-b36cb70a-244b-4cf8-80b8-5f8c699d622c None None] host = np0000183855 {{(pid=107313) log_opt_values /opt/stack/data/venv/lib/python3.12/site-packages/oslo_config/cfg.py:3242}}
Jul 02 03:18:58.518936 np0000183855 devstack@n-api-meta.service[107313]: DEBUG nova.api.openstack.wsgi_app [None req-b36cb70a-244b-4cf8-80b8-5f8c699d622c None None] initial_cpu_allocation_ratio = 4.0 {{(pid=107313) log_opt_values /opt/stack/data/venv/lib/python3.12/site-packages/oslo_config/cfg.py:3242}}
Jul 02 03:18:58.519059 np0000183855 devstack@n-api-meta.service[107313]: DEBUG nova.api.openstack.wsgi_app [None req-b36cb70a-244b-4cf8-80b8-5f8c699d622c None None] initial_disk_allocation_ratio = 1.0 {{(pid=107313) log_opt_values /opt/stack/data/venv/lib/python3.12/site-packages/oslo_config/cfg.py:3242}}
Jul 02 03:18:58.519201 np0000183855 devstack@n-api-meta.service[107313]: DEBUG nova.api.openstack.wsgi_app [None req-b36cb70a-244b-4cf8-80b8-5f8c699d622c None None] initial_ram_allocation_ratio = 1.0 {{(pid=107313) log_opt_values /opt/stack/data/venv/lib/python3.12/site-packages/oslo_config/cfg.py:3242}}
Jul 02 03:18:58.519370 np0000183855 devstack@n-api-meta.service[107313]: DEBUG nova.api.openstack.wsgi_app [None req-b36cb70a-244b-4cf8-80b8-5f8c699d622c None None] injected_network_template = /opt/stack/nova/nova/virt/interfaces.template {{(pid=107313) log_opt_values /opt/stack/data/venv/lib/python3.12/site-packages/oslo_config/cfg.py:3242}}
Jul 02 03:18:58.519529 np0000183855 devstack@n-api-meta.service[107313]: DEBUG nova.api.openstack.wsgi_app [None req-b36cb70a-244b-4cf8-80b8-5f8c699d622c None None] instance_build_timeout = 0 {{(pid=107313) log_opt_values /opt/stack/data/venv/lib/python3.12/site-packages/oslo_config/cfg.py:3242}}
Jul 02 03:18:58.519641 np0000183855 devstack@n-api-meta.service[107313]: DEBUG nova.api.openstack.wsgi_app [None req-b36cb70a-244b-4cf8-80b8-5f8c699d622c None None] instance_delete_interval = 300 {{(pid=107313) log_opt_values /opt/stack/data/venv/lib/python3.12/site-packages/oslo_config/cfg.py:3242}}
Jul 02 03:18:58.519798 np0000183855 devstack@n-api-meta.service[107313]: DEBUG nova.api.openstack.wsgi_app [None req-b36cb70a-244b-4cf8-80b8-5f8c699d622c None None] instance_format = [instance: %(uuid)s] {{(pid=107313) log_opt_values /opt/stack/data/venv/lib/python3.12/site-packages/oslo_config/cfg.py:3242}}
Jul 02 03:18:58.519918 np0000183855 devstack@n-api-meta.service[107313]: DEBUG nova.api.openstack.wsgi_app [None req-b36cb70a-244b-4cf8-80b8-5f8c699d622c None None] instance_name_template = instance-%08x {{(pid=107313) log_opt_values /opt/stack/data/venv/lib/python3.12/site-packages/oslo_config/cfg.py:3242}}
Jul 02 03:18:58.520046 np0000183855 devstack@n-api-meta.service[107313]: DEBUG nova.api.openstack.wsgi_app [None req-b36cb70a-244b-4cf8-80b8-5f8c699d622c None None] instance_usage_audit = False {{(pid=107313) log_opt_values /opt/stack/data/venv/lib/python3.12/site-packages/oslo_config/cfg.py:3242}}
Jul 02 03:18:58.520182 np0000183855 devstack@n-api-meta.service[107313]: DEBUG nova.api.openstack.wsgi_app [None req-b36cb70a-244b-4cf8-80b8-5f8c699d622c None None] instance_usage_audit_period = month {{(pid=107313) log_opt_values /opt/stack/data/venv/lib/python3.12/site-packages/oslo_config/cfg.py:3242}}
Jul 02 03:18:58.520307 np0000183855 devstack@n-api-meta.service[107313]: DEBUG nova.api.openstack.wsgi_app [None req-b36cb70a-244b-4cf8-80b8-5f8c699d622c None None] instance_uuid_format = [instance: %(uuid)s] {{(pid=107313) log_opt_values /opt/stack/data/venv/lib/python3.12/site-packages/oslo_config/cfg.py:3242}}
Jul 02 03:18:58.520456 np0000183855 devstack@n-api-meta.service[107313]: DEBUG nova.api.openstack.wsgi_app [None req-b36cb70a-244b-4cf8-80b8-5f8c699d622c None None] instances_path = /opt/stack/data/nova/instances {{(pid=107313) log_opt_values /opt/stack/data/venv/lib/python3.12/site-packages/oslo_config/cfg.py:3242}}
Jul 02 03:18:58.520602 np0000183855 devstack@n-api-meta.service[107313]: DEBUG nova.api.openstack.wsgi_app [None req-b36cb70a-244b-4cf8-80b8-5f8c699d622c None None] internal_service_availability_zone = internal {{(pid=107313) log_opt_values /opt/stack/data/venv/lib/python3.12/site-packages/oslo_config/cfg.py:3242}}
Jul 02 03:18:58.520714 np0000183855 devstack@n-api-meta.service[107313]: DEBUG nova.api.openstack.wsgi_app [None req-b36cb70a-244b-4cf8-80b8-5f8c699d622c None None] key = None {{(pid=107313) log_opt_values /opt/stack/data/venv/lib/python3.12/site-packages/oslo_config/cfg.py:3242}}
Jul 02 03:18:58.520839 np0000183855 devstack@n-api-meta.service[107313]: DEBUG nova.api.openstack.wsgi_app [None req-b36cb70a-244b-4cf8-80b8-5f8c699d622c None None] live_migration_retry_count = 30 {{(pid=107313) log_opt_values /opt/stack/data/venv/lib/python3.12/site-packages/oslo_config/cfg.py:3242}}
Jul 02 03:18:58.520975 np0000183855 devstack@n-api-meta.service[107313]: DEBUG nova.api.openstack.wsgi_app [None req-b36cb70a-244b-4cf8-80b8-5f8c699d622c None None] log_color = False {{(pid=107313) log_opt_values /opt/stack/data/venv/lib/python3.12/site-packages/oslo_config/cfg.py:3242}}
Jul 02 03:18:58.521102 np0000183855 devstack@n-api-meta.service[107313]: DEBUG nova.api.openstack.wsgi_app [None req-b36cb70a-244b-4cf8-80b8-5f8c699d622c None None] log_config_append = None {{(pid=107313) log_opt_values /opt/stack/data/venv/lib/python3.12/site-packages/oslo_config/cfg.py:3242}}
Jul 02 03:18:58.521233 np0000183855 devstack@n-api-meta.service[107313]: DEBUG nova.api.openstack.wsgi_app [None req-b36cb70a-244b-4cf8-80b8-5f8c699d622c None None] log_date_format = %Y-%m-%d %H:%M:%S {{(pid=107313) log_opt_values /opt/stack/data/venv/lib/python3.12/site-packages/oslo_config/cfg.py:3242}}
Jul 02 03:18:58.521359 np0000183855 devstack@n-api-meta.service[107313]: DEBUG nova.api.openstack.wsgi_app [None req-b36cb70a-244b-4cf8-80b8-5f8c699d622c None None] log_dir = None {{(pid=107313) log_opt_values /opt/stack/data/venv/lib/python3.12/site-packages/oslo_config/cfg.py:3242}}
Jul 02 03:18:58.521540 np0000183855 devstack@n-api-meta.service[107313]: DEBUG nova.api.openstack.wsgi_app [None req-b36cb70a-244b-4cf8-80b8-5f8c699d622c None None] log_file = None {{(pid=107313) log_opt_values /opt/stack/data/venv/lib/python3.12/site-packages/oslo_config/cfg.py:3242}}
Jul 02 03:18:58.521641 np0000183855 devstack@n-api-meta.service[107313]: DEBUG nova.api.openstack.wsgi_app [None req-b36cb70a-244b-4cf8-80b8-5f8c699d622c None None] log_options = True {{(pid=107313) log_opt_values /opt/stack/data/venv/lib/python3.12/site-packages/oslo_config/cfg.py:3242}}
Jul 02 03:18:58.521763 np0000183855 devstack@n-api-meta.service[107313]: DEBUG nova.api.openstack.wsgi_app [None req-b36cb70a-244b-4cf8-80b8-5f8c699d622c None None] log_rotate_interval = 1 {{(pid=107313) log_opt_values /opt/stack/data/venv/lib/python3.12/site-packages/oslo_config/cfg.py:3242}}
Jul 02 03:18:58.521904 np0000183855 devstack@n-api-meta.service[107313]: DEBUG nova.api.openstack.wsgi_app [None req-b36cb70a-244b-4cf8-80b8-5f8c699d622c None None] log_rotate_interval_type = days {{(pid=107313) log_opt_values /opt/stack/data/venv/lib/python3.12/site-packages/oslo_config/cfg.py:3242}}
Jul 02 03:18:58.522032 np0000183855 devstack@n-api-meta.service[107313]: DEBUG nova.api.openstack.wsgi_app [None req-b36cb70a-244b-4cf8-80b8-5f8c699d622c None None] log_rotation_type = none {{(pid=107313) log_opt_values /opt/stack/data/venv/lib/python3.12/site-packages/oslo_config/cfg.py:3242}}
Jul 02 03:18:58.522133 np0000183855 devstack@n-api-meta.service[107313]: DEBUG nova.api.openstack.wsgi_app [None req-b36cb70a-244b-4cf8-80b8-5f8c699d622c None None] logging_context_format_string = %(color)s%(levelname)s %(name)s [%(global_request_id)s %(request_id)s %(project_name)s %(user_name)s%(color)s] %(instance)s%(color)s%(message)s {{(pid=107313) log_opt_values /opt/stack/data/venv/lib/python3.12/site-packages/oslo_config/cfg.py:3242}}
Jul 02 03:18:58.522232 np0000183855 devstack@n-api-meta.service[107313]: DEBUG nova.api.openstack.wsgi_app [None req-b36cb70a-244b-4cf8-80b8-5f8c699d622c None None] logging_debug_format_suffix = {{(pid=%(process)d) %(funcName)s %(pathname)s:%(lineno)d}} {{(pid=107313) log_opt_values /opt/stack/data/venv/lib/python3.12/site-packages/oslo_config/cfg.py:3242}}
Jul 02 03:18:58.522365 np0000183855 devstack@n-api-meta.service[107313]: DEBUG nova.api.openstack.wsgi_app [None req-b36cb70a-244b-4cf8-80b8-5f8c699d622c None None] logging_default_format_string = %(color)s%(levelname)s %(name)s [-%(color)s] %(instance)s%(color)s%(message)s {{(pid=107313) log_opt_values /opt/stack/data/venv/lib/python3.12/site-packages/oslo_config/cfg.py:3242}}
Jul 02 03:18:58.522513 np0000183855 devstack@n-api-meta.service[107313]: DEBUG nova.api.openstack.wsgi_app [None req-b36cb70a-244b-4cf8-80b8-5f8c699d622c None None] logging_exception_prefix = ERROR %(name)s %(instance)s {{(pid=107313) log_opt_values /opt/stack/data/venv/lib/python3.12/site-packages/oslo_config/cfg.py:3242}}
Jul 02 03:18:58.522618 np0000183855 devstack@n-api-meta.service[107313]: DEBUG nova.api.openstack.wsgi_app [None req-b36cb70a-244b-4cf8-80b8-5f8c699d622c None None] logging_user_identity_format = %(user)s %(project)s %(domain)s %(system_scope)s %(user_domain)s %(project_domain)s {{(pid=107313) log_opt_values /opt/stack/data/venv/lib/python3.12/site-packages/oslo_config/cfg.py:3242}}
