+ COMMAND=start + start + for KEYSTONE_WSGI_SCRIPT in keystone-wsgi-public ++ type -p keystone-wsgi-public + cp -a /var/lib/openstack/bin/keystone-wsgi-public /var/www/cgi-bin/keystone/ + '[' -f /etc/apache2/envvars ']' + source /etc/apache2/envvars ++ unset HOME ++ '[' '' '!=' '' ']' ++ SUFFIX= ++ export APACHE_RUN_USER=www-data ++ APACHE_RUN_USER=www-data ++ export APACHE_RUN_GROUP=www-data ++ APACHE_RUN_GROUP=www-data ++ export APACHE_PID_FILE=/var/run/apache2/apache2.pid ++ APACHE_PID_FILE=/var/run/apache2/apache2.pid ++ export APACHE_RUN_DIR=/var/run/apache2 ++ APACHE_RUN_DIR=/var/run/apache2 ++ export APACHE_LOCK_DIR=/var/lock/apache2 ++ APACHE_LOCK_DIR=/var/lock/apache2 ++ export APACHE_LOG_DIR=/var/log/apache2 ++ APACHE_LOG_DIR=/var/log/apache2 ++ export LANG=C ++ LANG=C ++ export LANG + '[' -f /var/run/apache2/apache2.pid ']' + exec apache2 -DFOREGROUND AH00558: apache2: Could not reliably determine the server's fully qualified domain name, using 10.0.0.18. Set the 'ServerName' directive globally to suppress this message AH00558: apache2: Could not reliably determine the server's fully qualified domain name, using 10.0.0.18. Set the 'ServerName' directive globally to suppress this message
[Mon Apr 13 21:02:33.177130 2026] [mpm_event:notice] [pid 1:tid 140396859582336] AH00489: Apache/2.4.58 (Ubuntu) mod_wsgi/5.0.0 Python/3.12 configured -- resuming normal operations
[Mon Apr 13 21:02:33.177337 2026] [core:notice] [pid 1:tid 140396859582336] AH00094: Command line: 'apache2 -D FOREGROUND'
[Mon Apr 13 21:03:32.754229 2026] [wsgi:error] [pid 12:tid 140396222809792] /var/lib/openstack/lib/python3.12/site-packages/oslo_utils/importutils.py:77: EventletDeprecationWarning:
[Mon Apr 13 21:03:32.754274 2026] [wsgi:error] [pid 12:tid 140396222809792] Eventlet is deprecated. It is currently being maintained in bugfix mode, and
[Mon Apr 13 21:03:32.754276 2026] [wsgi:error] [pid 12:tid 140396222809792] we strongly recommend against using it for new projects.
[Mon Apr 13 21:03:32.754277 2026] [wsgi:error] [pid 12:tid 140396222809792]
[Mon Apr 13 21:03:32.754279 2026] [wsgi:error] [pid 12:tid 140396222809792] If you are already using Eventlet, we recommend migrating to a different
[Mon Apr 13 21:03:32.754280 2026] [wsgi:error] [pid 12:tid 140396222809792] framework. For more detail see
[Mon Apr 13 21:03:32.754281 2026] [wsgi:error] [pid 12:tid 140396222809792] https://eventlet.readthedocs.io/en/latest/asyncio/migration.html
[Mon Apr 13 21:03:32.754282 2026] [wsgi:error] [pid 12:tid 140396222809792]
[Mon Apr 13 21:03:32.754283 2026] [wsgi:error] [pid 12:tid 140396222809792] __import__(import_str)
[Mon Apr 13 21:03:32.772935 2026] [wsgi:error] [pid 11:tid 140396222809792] /var/lib/openstack/lib/python3.12/site-packages/oslo_utils/importutils.py:77: EventletDeprecationWarning:
[Mon Apr 13 21:03:32.772977 2026] [wsgi:error] [pid 11:tid 140396222809792] Eventlet is deprecated. It is currently being maintained in bugfix mode, and
[Mon Apr 13 21:03:32.772979 2026] [wsgi:error] [pid 11:tid 140396222809792] we strongly recommend against using it for new projects.
[Mon Apr 13 21:03:32.772980 2026] [wsgi:error] [pid 11:tid 140396222809792]
[Mon Apr 13 21:03:32.772981 2026] [wsgi:error] [pid 11:tid 140396222809792] If you are already using Eventlet, we recommend migrating to a different
[Mon Apr 13 21:03:32.772982 2026] [wsgi:error] [pid 11:tid 140396222809792] framework. For more detail see
[Mon Apr 13 21:03:32.772983 2026] [wsgi:error] [pid 11:tid 140396222809792] https://eventlet.readthedocs.io/en/latest/asyncio/migration.html
[Mon Apr 13 21:03:32.772984 2026] [wsgi:error] [pid 11:tid 140396222809792]
[Mon Apr 13 21:03:32.772985 2026] [wsgi:error] [pid 11:tid 140396222809792] __import__(import_str) 10.0.0.36 - - [13/Apr/2026:21:03:31 +0000] "GET /v3/ HTTP/1.1" 200 249 10.0.0.36 - - [13/Apr/2026:21:03:31 +0000] "GET /v3/ HTTP/1.1" 200 249
[Mon Apr 13 21:03:44.869468 2026] [wsgi:error] [pid 10:tid 140396222809792] /var/lib/openstack/lib/python3.12/site-packages/oslo_utils/importutils.py:77: EventletDeprecationWarning:
[Mon Apr 13 21:03:44.869761 2026] [wsgi:error] [pid 10:tid 140396222809792] Eventlet is deprecated. It is currently being maintained in bugfix mode, and
[Mon Apr 13 21:03:44.869793 2026] [wsgi:error] [pid 10:tid 140396222809792] we strongly recommend against using it for new projects.
[Mon Apr 13 21:03:44.869808 2026] [wsgi:error] [pid 10:tid 140396222809792]
[Mon Apr 13 21:03:44.869819 2026] [wsgi:error] [pid 10:tid 140396222809792] If you are already using Eventlet, we recommend migrating to a different
[Mon Apr 13 21:03:44.869829 2026] [wsgi:error] [pid 10:tid 140396222809792] framework. For more detail see
[Mon Apr 13 21:03:44.869840 2026] [wsgi:error] [pid 10:tid 140396222809792] https://eventlet.readthedocs.io/en/latest/asyncio/migration.html
[Mon Apr 13 21:03:44.869870 2026] [wsgi:error] [pid 10:tid 140396222809792]
[Mon Apr 13 21:03:44.869881 2026] [wsgi:error] [pid 10:tid 140396222809792] __import__(import_str) 10.0.0.21 - - [13/Apr/2026:21:03:43 +0000] "GET / HTTP/1.1" 300 295
[Mon Apr 13 21:03:50.187665 2026] [wsgi:error] [pid 9:tid 140396222809792] /var/lib/openstack/lib/python3.12/site-packages/oslo_utils/importutils.py:77: EventletDeprecationWarning:
[Mon Apr 13 21:03:50.187703 2026] [wsgi:error] [pid 9:tid 140396222809792] Eventlet is deprecated. It is currently being maintained in bugfix mode, and
[Mon Apr 13 21:03:50.187705 2026] [wsgi:error] [pid 9:tid 140396222809792] we strongly recommend against using it for new projects.
[Mon Apr 13 21:03:50.187707 2026] [wsgi:error] [pid 9:tid 140396222809792]
[Mon Apr 13 21:03:50.187708 2026] [wsgi:error] [pid 9:tid 140396222809792] If you are already using Eventlet, we recommend migrating to a different
[Mon Apr 13 21:03:50.187709 2026] [wsgi:error] [pid 9:tid 140396222809792] framework. For more detail see
[Mon Apr 13 21:03:50.187710 2026] [wsgi:error] [pid 9:tid 140396222809792] https://eventlet.readthedocs.io/en/latest/asyncio/migration.html
[Mon Apr 13 21:03:50.187711 2026] [wsgi:error] [pid 9:tid 140396222809792]
[Mon Apr 13 21:03:50.187712 2026] [wsgi:error] [pid 9:tid 140396222809792] __import__(import_str)
[Mon Apr 13 21:03:54.932508 2026] [wsgi:error] [pid 9:tid 140396222809792] [remote 10.0.0.21:36102] 2026-04-13 21:03:54.929 9 WARNING keystone.identity.core [None req-20cc1432-a90f-46c2-9a77-267f75105a33 - - - - - -] Invalid domain name (atmosphere) found in config file name: keystone.exception.DomainNotFound: Could not find domain: atmosphere.
[Mon Apr 13 21:03:54.995251 2026] [wsgi:error] [pid 9:tid 140396222809792] [remote 10.0.0.21:36102] 2026-04-13 21:03:54.994 9 WARNING keystone.common.password_hashing [None req-20cc1432-a90f-46c2-9a77-267f75105a33 - - - - - -] Truncating password to algorithm specific maximum length 72 characters.
[Mon Apr 13 21:03:55.287639 2026] [wsgi:error] [pid 9:tid 140396222809792] [remote 10.0.0.21:36102] 2026-04-13 21:03:55.287 9 WARNING keystone.common.fernet_utils [None req-20cc1432-a90f-46c2-9a77-267f75105a33 - - - - - -] key_repository is world readable: /etc/keystone/fernet-keys/ 10.0.0.21 - - [13/Apr/2026:21:03:49 +0000] "POST /v3/auth/tokens HTTP/1.1" 201 1359
[Mon Apr 13 21:03:55.660056 2026] [wsgi:error] [pid 11:tid 140396222809792] [remote 10.0.0.21:36102] 2026-04-13 21:03:55.656 11 WARNING keystone.identity.core [None req-3f08acd4-4181-42b0-9ec2-27b2939612f6 - - - - - -] Invalid domain name (atmosphere) found in config file name: keystone.exception.DomainNotFound: Could not find domain: atmosphere. 10.0.0.21 - - [13/Apr/2026:21:03:55 +0000] "POST /v3/domains HTTP/1.1" 201 261 10.0.0.14 - - [13/Apr/2026:21:04:06 +0000] "GET / HTTP/1.1" 300 295
[Mon Apr 13 21:04:06.642491 2026] [wsgi:error] [pid 10:tid 140396222809792] [remote 10.0.0.14:60162] 2026-04-13 21:04:06.641 10 WARNING keystone.common.password_hashing [None req-63bca7af-d717-441b-b415-80ea035522b7 - - - - - -] Truncating password to algorithm specific maximum length 72 characters.
[Mon Apr 13 21:04:06.928862 2026] [wsgi:error] [pid 10:tid 140396222809792] [remote 10.0.0.14:60162] 2026-04-13 21:04:06.928 10 WARNING keystone.common.fernet_utils [None req-63bca7af-d717-441b-b415-80ea035522b7 - - - - - -] key_repository is world readable: /etc/keystone/fernet-keys/ 10.0.0.14 - - [13/Apr/2026:21:04:06 +0000] "POST /v3/auth/tokens HTTP/1.1" 201 1359 10.0.0.14 - - [13/Apr/2026:21:04:07 +0000] "GET /v3/roles/admin HTTP/1.1" 404 83
[Mon Apr 13 21:04:07.171202 2026] [wsgi:error] [pid 11:tid 140396222809792] [remote 10.0.0.14:60162] 2026-04-13 21:04:07.170 11 WARNING keystone.common.rbac_enforcer.enforcer [None req-7bd861b0-1c23-4c7b-8351-36632196406a 43ee4a2c1c034a45be9f48392bc7913b 77a3f72f236c4a4cbb1c434c86db1781 - - default default] Deprecated policy rules found. Use oslopolicy-policy-generator and oslopolicy-policy-upgrade to detect and resolve deprecated policies in your configuration. 10.0.0.14 - - [13/Apr/2026:21:04:07 +0000] "GET /v3/roles?name=admin HTTP/1.1" 200 389
[Mon Apr 13 21:04:07.560627 2026] [wsgi:error] [pid 12:tid 140396222809792] [remote 10.0.0.14:60162] 2026-04-13 21:04:07.560 12 WARNING keystone.common.rbac_enforcer.enforcer [None req-0c71e77e-36bb-469c-b9f7-ee9a5c678b81 43ee4a2c1c034a45be9f48392bc7913b 77a3f72f236c4a4cbb1c434c86db1781 - - default default] Deprecated policy rules found. Use oslopolicy-policy-generator and oslopolicy-policy-upgrade to detect and resolve deprecated policies in your configuration. 10.0.0.14 - - [13/Apr/2026:21:04:07 +0000] "GET /v3/users/admin-RegionOne HTTP/1.1" 404 93
[Mon Apr 13 21:04:07.791276 2026] [wsgi:error] [pid 10:tid 140396222809792] [remote 10.0.0.14:60162] 2026-04-13 21:04:07.790 10 WARNING keystone.common.rbac_enforcer.enforcer [None req-6c6fe6dc-4822-40c8-bb79-18713ab99e5b 43ee4a2c1c034a45be9f48392bc7913b 77a3f72f236c4a4cbb1c434c86db1781 - - default default] Deprecated policy rules found. Use oslopolicy-policy-generator and oslopolicy-policy-upgrade to detect and resolve deprecated policies in your configuration. 10.0.0.14 - - [13/Apr/2026:21:04:07 +0000] "GET /v3/users?name=admin-RegionOne HTTP/1.1" 200 422
[Mon Apr 13 21:04:07.964700 2026] [wsgi:error] [pid 9:tid 140396222809792] [remote 10.0.0.14:60162] 2026-04-13 21:04:07.964 9 WARNING keystone.common.rbac_enforcer.enforcer [None req-2b2a8c84-a925-4d7e-9ecd-80161d7a40ff 43ee4a2c1c034a45be9f48392bc7913b 77a3f72f236c4a4cbb1c434c86db1781 - - default default] Deprecated policy rules found. Use oslopolicy-policy-generator and oslopolicy-policy-upgrade to detect and resolve deprecated policies in your configuration. 10.0.0.14 - - [13/Apr/2026:21:04:07 +0000] "GET /v3/domains/default HTTP/1.1" 200 224 10.0.0.14 - - [13/Apr/2026:21:04:07 +0000] "PUT /v3/domains/default/users/43ee4a2c1c034a45be9f48392bc7913b/roles/6b08e23bf0fe48148d12a27908fe3755 HTTP/1.1" 204 - 10.0.0.36 - - [13/Apr/2026:21:04:18 +0000] "GET / HTTP/1.1" 300 280 10.0.0.36 - - [13/Apr/2026:21:04:20 +0000] "GET /v3 HTTP/1.1" 200 265
[Mon Apr 13 21:04:20.438085 2026] [wsgi:error] [pid 9:tid 140396222809792] [remote 10.0.0.36:57896] 2026-04-13 21:04:20.437 9 WARNING keystone.common.password_hashing [None req-509f1f1e-ddd4-4e84-bfc6-b5192637acd0 - - - - - -] Truncating password to algorithm specific maximum length 72 characters.
[Mon Apr 13 21:04:20.723909 2026] [wsgi:error] [pid 9:tid 140396222809792] [remote 10.0.0.36:57896] 2026-04-13 21:04:20.723 9 WARNING keystone.common.fernet_utils [None req-509f1f1e-ddd4-4e84-bfc6-b5192637acd0 - - - - - -] key_repository is world readable: /etc/keystone/fernet-keys/ 10.0.0.36 - - [13/Apr/2026:21:04:20 +0000] "POST /v3/auth/tokens HTTP/1.1" 201 1359 10.0.0.36 - - [13/Apr/2026:21:04:20 +0000] "GET / HTTP/1.1" 300 280 10.0.0.36 - - [13/Apr/2026:21:04:20 +0000] "GET /v3/domains/atmosphere HTTP/1.1" 404 90 10.0.0.36 - - [13/Apr/2026:21:04:20 +0000] "GET /v3/domains?name=atmosphere HTTP/1.1" 200 368 10.0.0.36 - - [13/Apr/2026:21:04:20 +0000] "GET /v3/domains/4a00a040175040e3b462a441b841c53e HTTP/1.1" 200 246 10.0.0.36 - - [13/Apr/2026:21:04:21 +0000] "GET /v3 HTTP/1.1" 200 265
[Mon Apr 13 21:04:21.926337 2026] [wsgi:error] [pid 12:tid 140396222809792] [remote 10.0.0.36:57890] 2026-04-13 21:04:21.925 12 WARNING keystone.common.password_hashing [None req-1137dfeb-f246-46e4-89a8-bc9473b99b0a - - - - - -] Truncating password to algorithm specific maximum length 72 characters.
[Mon Apr 13 21:04:22.201845 2026] [wsgi:error] [pid 12:tid 140396222809792] [remote 10.0.0.36:57890] 2026-04-13 21:04:22.201 12 WARNING keystone.common.fernet_utils [None req-1137dfeb-f246-46e4-89a8-bc9473b99b0a - - - - - -] key_repository is world readable: /etc/keystone/fernet-keys/ 10.0.0.36 - - [13/Apr/2026:21:04:21 +0000] "POST /v3/auth/tokens HTTP/1.1" 201 1359 10.0.0.36 - - [13/Apr/2026:21:04:22 +0000] "GET / HTTP/1.1" 300 280 10.0.0.36 - - [13/Apr/2026:21:04:22 +0000] "GET /v3/OS-FEDERATION/identity_providers/atmosphere HTTP/1.1" 404 101 10.0.0.36 - - [13/Apr/2026:21:04:22 +0000] "GET /v3/OS-FEDERATION/identity_providers HTTP/1.1" 200 155 10.0.0.36 - - [13/Apr/2026:21:04:22 +0000] "PUT /v3/OS-FEDERATION/identity_providers/atmosphere HTTP/1.1" 201 340 10.0.0.36 - - [13/Apr/2026:21:04:23 +0000] "GET /v3 HTTP/1.1" 200 265
[Mon Apr 13 21:04:23.167088 2026] [wsgi:error] [pid 9:tid 140396222809792] [remote 10.0.0.36:57890] 2026-04-13 21:04:23.166 9 WARNING keystone.common.password_hashing [None req-0a8b758e-0e9a-4676-803d-91e0a44d1b8b - - - - - -] Truncating password to algorithm specific maximum length 72 characters.
[Mon Apr 13 21:04:23.456515 2026] [wsgi:error] [pid 9:tid 140396222809792] [remote 10.0.0.36:57890] 2026-04-13 21:04:23.456 9 WARNING keystone.common.fernet_utils [None req-0a8b758e-0e9a-4676-803d-91e0a44d1b8b - - - - - -] key_repository is world readable: /etc/keystone/fernet-keys/ 10.0.0.36 - - [13/Apr/2026:21:04:23 +0000] "POST /v3/auth/tokens HTTP/1.1" 201 1359 10.0.0.36 - - [13/Apr/2026:21:04:23 +0000] "GET / HTTP/1.1" 300 280 10.0.0.36 - - [13/Apr/2026:21:04:23 +0000] "GET /v3/OS-FEDERATION/mappings/atmosphere-openid HTTP/1.1" 404 98 10.0.0.36 - - [13/Apr/2026:21:04:23 +0000] "GET /v3/OS-FEDERATION/mappings HTTP/1.1" 200 135 10.0.0.36 - - [13/Apr/2026:21:04:23 +0000] "PUT /v3/OS-FEDERATION/mappings/atmosphere-openid HTTP/1.1" 201 356 10.0.0.36 - - [13/Apr/2026:21:04:24 +0000] "GET /v3 HTTP/1.1" 200 265
[Mon Apr 13 21:04:24.266747 2026] [wsgi:error] [pid 12:tid 140396222809792] [remote 10.0.0.36:57896] 2026-04-13 21:04:24.266 12 WARNING keystone.common.password_hashing [None req-cd43a08b-7a27-4f95-b030-be384698e95b - - - - - -] Truncating password to algorithm specific maximum length 72 characters.
[Mon Apr 13 21:04:24.550903 2026] [wsgi:error] [pid 12:tid 140396222809792] [remote 10.0.0.36:57896] 2026-04-13 21:04:24.550 12 WARNING keystone.common.fernet_utils [None req-cd43a08b-7a27-4f95-b030-be384698e95b - - - - - -] key_repository is world readable: /etc/keystone/fernet-keys/ 10.0.0.36 - - [13/Apr/2026:21:04:24 +0000] "POST /v3/auth/tokens HTTP/1.1" 201 1359 10.0.0.36 - - [13/Apr/2026:21:04:24 +0000] "GET / HTTP/1.1" 300 280 10.0.0.36 - - [13/Apr/2026:21:04:24 +0000] "GET /v3/OS-FEDERATION/identity_providers/atmosphere/protocols/openid?idp_id=atmosphere HTTP/1.1" 404 131 10.0.0.36 - - [13/Apr/2026:21:04:24 +0000] "GET /v3/OS-FEDERATION/identity_providers/atmosphere/protocols HTTP/1.1" 200 167 10.0.0.36 - - [13/Apr/2026:21:04:24 +0000] "PUT /v3/OS-FEDERATION/identity_providers/atmosphere/protocols/openid HTTP/1.1" 201 222 10.0.0.36 - - [13/Apr/2026:21:04:31 +0000] "GET /v3/ HTTP/1.1" 200 249 10.0.0.36 - - [13/Apr/2026:21:04:31 +0000] "GET /v3/ HTTP/1.1" 200 249 10.0.0.36 - - [13/Apr/2026:21:05:31 +0000] "GET /v3/ HTTP/1.1" 200 249 10.0.0.36 - - [13/Apr/2026:21:05:31 +0000] "GET /v3/ HTTP/1.1" 200 249 10.0.0.70 - - [13/Apr/2026:21:05:48 +0000] "GET / HTTP/1.1" 300 295
[Mon Apr 13 21:05:48.336627 2026] [wsgi:error] [pid 9:tid 140396222809792] [remote 10.0.0.70:59238] 2026-04-13 21:05:48.336 9 WARNING keystone.common.password_hashing [None req-3e759b6a-744b-4909-a10f-70c5bb13f6c3 - - - - - -] Truncating password to algorithm specific maximum length 72 characters.
[Mon Apr 13 21:05:48.607368 2026] [wsgi:error] [pid 9:tid 140396222809792] [remote 10.0.0.70:59238] 2026-04-13 21:05:48.607 9 WARNING keystone.common.fernet_utils [None req-3e759b6a-744b-4909-a10f-70c5bb13f6c3 - - - - - -] key_repository is world readable: /etc/keystone/fernet-keys/ 10.0.0.70 - - [13/Apr/2026:21:05:48 +0000] "POST /v3/auth/tokens HTTP/1.1" 201 1359 10.0.0.70 - - [13/Apr/2026:21:05:48 +0000] "GET /v3/services HTTP/1.1" 200 355 10.0.0.70 - - [13/Apr/2026:21:05:52 +0000] "GET / HTTP/1.1" 300 295
[Mon Apr 13 21:05:52.362808 2026] [wsgi:error] [pid 10:tid 140396222809792] [remote 10.0.0.70:59254] 2026-04-13 21:05:52.362 10 WARNING keystone.common.password_hashing [None req-e26ffcde-18c9-413b-bec6-1396b86cf52e - - - - - -] Truncating password to algorithm specific maximum length 72 characters.
[Mon Apr 13 21:05:52.635975 2026] [wsgi:error] [pid 10:tid 140396222809792] [remote 10.0.0.70:59254] 2026-04-13 21:05:52.635 10 WARNING keystone.common.fernet_utils [None req-e26ffcde-18c9-413b-bec6-1396b86cf52e - - - - - -] key_repository is world readable: /etc/keystone/fernet-keys/ 10.0.0.70 - - [13/Apr/2026:21:05:52 +0000] "POST /v3/auth/tokens HTTP/1.1" 201 1359 10.0.0.70 - - [13/Apr/2026:21:05:52 +0000] "GET /v3/services HTTP/1.1" 200 355 10.0.0.70 - - [13/Apr/2026:21:05:56 +0000] "GET / HTTP/1.1" 300 295
[Mon Apr 13 21:05:56.197525 2026] [wsgi:error] [pid 12:tid 140396222809792] [remote 10.0.0.70:36316] 2026-04-13 21:05:56.197 12 WARNING keystone.common.password_hashing [None req-f2fc734c-a391-4c1c-aeb0-7b537444667e - - - - - -] Truncating password to algorithm specific maximum length 72 characters.
[Mon Apr 13 21:05:56.477377 2026] [wsgi:error] [pid 12:tid 140396222809792] [remote 10.0.0.70:36316] 2026-04-13 21:05:56.477 12 WARNING keystone.common.fernet_utils [None req-f2fc734c-a391-4c1c-aeb0-7b537444667e - - - - - -] key_repository is world readable: /etc/keystone/fernet-keys/ 10.0.0.70 - - [13/Apr/2026:21:05:56 +0000] "POST /v3/auth/tokens HTTP/1.1" 201 1359 10.0.0.70 - - [13/Apr/2026:21:05:56 +0000] "GET /v3/services HTTP/1.1" 200 355 10.0.0.70 - - [13/Apr/2026:21:06:00 +0000] "GET / HTTP/1.1" 300 295
[Mon Apr 13 21:06:00.215088 2026] [wsgi:error] [pid 11:tid 140396222809792] [remote 10.0.0.70:36322] 2026-04-13 21:06:00.214 11 WARNING keystone.common.password_hashing [None req-80baabc8-53ed-4631-b0d7-834084e4388a - - - - - -] Truncating password to algorithm specific maximum length 72 characters.
[Mon Apr 13 21:06:00.499172 2026] [wsgi:error] [pid 11:tid 140396222809792] [remote 10.0.0.70:36322] 2026-04-13 21:06:00.498 11 WARNING keystone.common.fernet_utils [None req-80baabc8-53ed-4631-b0d7-834084e4388a - - - - - -] key_repository is world readable: /etc/keystone/fernet-keys/ 10.0.0.70 - - [13/Apr/2026:21:06:00 +0000] "POST /v3/auth/tokens HTTP/1.1" 201 1359 10.0.0.70 - - [13/Apr/2026:21:06:00 +0000] "POST /v3/services HTTP/1.1" 201 296 10.0.0.213 - - [13/Apr/2026:21:06:11 +0000] "GET / HTTP/1.1" 300 295 10.0.0.213 - - [13/Apr/2026:21:06:11 +0000] "GET / HTTP/1.1" 300 295
[Mon Apr 13 21:06:11.556277 2026] [wsgi:error] [pid 9:tid 140396222809792] [remote 10.0.0.213:45240] 2026-04-13 21:06:11.555 9 WARNING keystone.common.password_hashing [None req-2925e6b6-b8c8-429d-bdf6-e880d4d98522 - - - - - -] Truncating password to algorithm specific maximum length 72 characters.
[Mon Apr 13 21:06:11.565678 2026] [wsgi:error] [pid 12:tid 140396222809792] [remote 10.0.0.213:45242] 2026-04-13 21:06:11.565 12 WARNING keystone.common.password_hashing [None req-c1f1ff38-4dfc-487c-a33f-600fdaac297d - - - - - -] Truncating password to algorithm specific maximum length 72 characters. 10.0.0.213 - - [13/Apr/2026:21:06:11 +0000] "GET / HTTP/1.1" 300 295
[Mon Apr 13 21:06:11.655364 2026] [wsgi:error] [pid 11:tid 140396222809792] [remote 10.0.0.213:45252] 2026-04-13 21:06:11.655 11 WARNING keystone.common.password_hashing [None req-ea01f20c-29e3-4927-8fb4-2b2a67b60530 - - - - - -] Truncating password to algorithm specific maximum length 72 characters.
[Mon Apr 13 21:06:11.853327 2026] [wsgi:error] [pid 9:tid 140396222809792] [remote 10.0.0.213:45240] 2026-04-13 21:06:11.853 9 WARNING keystone.common.fernet_utils [None req-2925e6b6-b8c8-429d-bdf6-e880d4d98522 - - - - - -] key_repository is world readable: /etc/keystone/fernet-keys/
[Mon Apr 13 21:06:11.864115 2026] [wsgi:error] [pid 12:tid 140396222809792] [remote 10.0.0.213:45242] 2026-04-13 21:06:11.863 12 WARNING keystone.common.fernet_utils [None req-c1f1ff38-4dfc-487c-a33f-600fdaac297d - - - - - -] key_repository is world readable: /etc/keystone/fernet-keys/ 10.0.0.213 - - [13/Apr/2026:21:06:11 +0000] "POST /v3/auth/tokens HTTP/1.1" 201 1463 10.0.0.213 - - [13/Apr/2026:21:06:11 +0000] "POST /v3/auth/tokens HTTP/1.1" 201 1463
[Mon Apr 13 21:06:11.944549 2026] [wsgi:error] [pid 11:tid 140396222809792] [remote 10.0.0.213:45252] 2026-04-13 21:06:11.944 11 WARNING keystone.common.fernet_utils [None req-ea01f20c-29e3-4927-8fb4-2b2a67b60530 - - - - - -] key_repository is world readable: /etc/keystone/fernet-keys/ 10.0.0.213 - - [13/Apr/2026:21:06:11 +0000] "POST /v3/auth/tokens HTTP/1.1" 201 1463 10.0.0.213 - - [13/Apr/2026:21:06:11 +0000] "GET /v3/services HTTP/1.1" 200 639 10.0.0.213 - - [13/Apr/2026:21:06:11 +0000] "GET /v3/services HTTP/1.1" 200 639 10.0.0.213 - - [13/Apr/2026:21:06:12 +0000] "GET /v3/services HTTP/1.1" 200 639 10.0.0.213 - - [13/Apr/2026:21:06:13 +0000] "GET / HTTP/1.1" 300 295
[Mon Apr 13 21:06:13.589645 2026] [wsgi:error] [pid 9:tid 140396222809792] [remote 10.0.0.213:45264] 2026-04-13 21:06:13.589 9 WARNING keystone.common.password_hashing [None req-f9fba86f-4001-4857-903a-e4bf152f2a93 - - - - - -] Truncating password to algorithm specific maximum length 72 characters. 10.0.0.213 - - [13/Apr/2026:21:06:13 +0000] "GET / HTTP/1.1" 300 295
[Mon Apr 13 21:06:13.663210 2026] [wsgi:error] [pid 12:tid 140396222809792] [remote 10.0.0.213:45278] 2026-04-13 21:06:13.662 12 WARNING keystone.common.password_hashing [None req-33e6d847-1a5a-44ea-a939-6826731c3781 - - - - - -] Truncating password to algorithm specific maximum length 72 characters. 10.0.0.213 - - [13/Apr/2026:21:06:13 +0000] "GET / HTTP/1.1" 300 295
[Mon Apr 13 21:06:13.767429 2026] [wsgi:error] [pid 10:tid 140396222809792] [remote 10.0.0.213:45284] 2026-04-13 21:06:13.767 10 WARNING keystone.common.password_hashing [None req-8305b8cb-002c-4edd-b5b1-c671136009e6 - - - - - -] Truncating password to algorithm specific maximum length 72 characters.
[Mon Apr 13 21:06:13.862995 2026] [wsgi:error] [pid 9:tid 140396222809792] [remote 10.0.0.213:45264] 2026-04-13 21:06:13.862 9 WARNING keystone.common.fernet_utils [None req-f9fba86f-4001-4857-903a-e4bf152f2a93 - - - - - -] key_repository is world readable: /etc/keystone/fernet-keys/ 10.0.0.213 - - [13/Apr/2026:21:06:13 +0000] "POST /v3/auth/tokens HTTP/1.1" 201 1463
[Mon Apr 13 21:06:13.942530 2026] [wsgi:error] [pid 12:tid 140396222809792] [remote 10.0.0.213:45278] 2026-04-13 21:06:13.942 12 WARNING keystone.common.fernet_utils [None req-33e6d847-1a5a-44ea-a939-6826731c3781 - - - - - -] key_repository is world readable: /etc/keystone/fernet-keys/ 10.0.0.213 - - [13/Apr/2026:21:06:13 +0000] "POST /v3/auth/tokens HTTP/1.1" 201 1463 10.0.0.213 - - [13/Apr/2026:21:06:13 +0000] "GET /v3/endpoints HTTP/1.1" 200 1226 10.0.0.213 - - [13/Apr/2026:21:06:13 +0000] "GET /v3/services/dee4df539613422f939c2f08aacabdba HTTP/1.1" 200 233 10.0.0.213 - - [13/Apr/2026:21:06:13 +0000] "GET /v3/services/dee4df539613422f939c2f08aacabdba HTTP/1.1" 200 233 10.0.0.213 - - [13/Apr/2026:21:06:14 +0000] "GET /v3/services/dee4df539613422f939c2f08aacabdba HTTP/1.1" 200 233
[Mon Apr 13 21:06:14.052451 2026] [wsgi:error] [pid 10:tid 140396222809792] [remote 10.0.0.213:45284] 2026-04-13 21:06:14.052 10 WARNING keystone.common.fernet_utils [None req-8305b8cb-002c-4edd-b5b1-c671136009e6 - - - - - -] key_repository is world readable: /etc/keystone/fernet-keys/ 10.0.0.213 - - [13/Apr/2026:21:06:13 +0000] "POST /v3/auth/tokens HTTP/1.1" 201 1463 10.0.0.213 - - [13/Apr/2026:21:06:14 +0000] "GET /v3/endpoints HTTP/1.1" 200 1226 10.0.0.213 - - [13/Apr/2026:21:06:14 +0000] "GET /v3/services/dee4df539613422f939c2f08aacabdba HTTP/1.1" 200 233 10.0.0.213 - - [13/Apr/2026:21:06:14 +0000] "GET /v3/services/dee4df539613422f939c2f08aacabdba HTTP/1.1" 200 233 10.0.0.213 - - [13/Apr/2026:21:06:14 +0000] "GET /v3/services/dee4df539613422f939c2f08aacabdba HTTP/1.1" 200 233 10.0.0.213 - - [13/Apr/2026:21:06:14 +0000] "GET /v3/endpoints HTTP/1.1" 200 1226 10.0.0.213 - - [13/Apr/2026:21:06:14 +0000] "GET /v3/services/dee4df539613422f939c2f08aacabdba HTTP/1.1" 200 233 10.0.0.213 - - [13/Apr/2026:21:06:14 +0000] "GET /v3/services/dee4df539613422f939c2f08aacabdba HTTP/1.1" 200 233 10.0.0.213 - - [13/Apr/2026:21:06:14 +0000] "GET /v3/services/dee4df539613422f939c2f08aacabdba HTTP/1.1" 200 233 10.0.0.213 - - [13/Apr/2026:21:06:15 +0000] "GET / HTTP/1.1" 300 295
[Mon Apr 13 21:06:15.469345 2026] [wsgi:error] [pid 12:tid 140396222809792] [remote 10.0.0.213:60896] 2026-04-13 21:06:15.469 12 WARNING keystone.common.password_hashing [None req-b55cb39c-312b-45e8-a4b2-53012e7d69e0 - - - - - -] Truncating password to algorithm specific maximum length 72 characters. 10.0.0.213 - - [13/Apr/2026:21:06:15 +0000] "GET / HTTP/1.1" 300 295
[Mon Apr 13 21:06:15.506479 2026] [wsgi:error] [pid 10:tid 140396222809792] [remote 10.0.0.213:60910] 2026-04-13 21:06:15.506 10 WARNING keystone.common.password_hashing [None req-b01d3edf-c1c1-4514-be6b-6f68bb4b7038 - - - - - -] Truncating password to algorithm specific maximum length 72 characters. 10.0.0.213 - - [13/Apr/2026:21:06:15 +0000] "GET / HTTP/1.1" 300 295
[Mon Apr 13 21:06:15.527891 2026] [wsgi:error] [pid 11:tid 140396222809792] [remote 10.0.0.213:60912] 2026-04-13 21:06:15.527 11 WARNING keystone.common.password_hashing [None req-1eefc5d6-9c35-452b-bcb5-e198862d5339 - - - - - -] Truncating password to algorithm specific maximum length 72 characters.
[Mon Apr 13 21:06:15.741872 2026] [wsgi:error] [pid 12:tid 140396222809792] [remote 10.0.0.213:60896] 2026-04-13 21:06:15.741 12 WARNING keystone.common.fernet_utils [None req-b55cb39c-312b-45e8-a4b2-53012e7d69e0 - - - - - -] key_repository is world readable: /etc/keystone/fernet-keys/ 10.0.0.213 - - [13/Apr/2026:21:06:15 +0000] "POST /v3/auth/tokens HTTP/1.1" 201 1463
[Mon Apr 13 21:06:15.798577 2026] [wsgi:error] [pid 11:tid 140396222809792] [remote 10.0.0.213:60912] 2026-04-13 21:06:15.798 11 WARNING keystone.common.fernet_utils [None req-1eefc5d6-9c35-452b-bcb5-e198862d5339 - - - - - -] key_repository is world readable: /etc/keystone/fernet-keys/ 10.0.0.213 - - [13/Apr/2026:21:06:15 +0000] "POST /v3/auth/tokens HTTP/1.1" 201 1463
[Mon Apr 13 21:06:15.804702 2026] [wsgi:error] [pid 10:tid 140396222809792] [remote 10.0.0.213:60910] 2026-04-13 21:06:15.804 10 WARNING keystone.common.fernet_utils [None req-b01d3edf-c1c1-4514-be6b-6f68bb4b7038 - - - - - -] key_repository is world readable: /etc/keystone/fernet-keys/ 10.0.0.213 - - [13/Apr/2026:21:06:15 +0000] "POST /v3/auth/tokens HTTP/1.1" 201 1463 10.0.0.213 - - [13/Apr/2026:21:06:15 +0000] "GET /v3/services/a6f9ed60ba754a8196d80bf70ed29548 HTTP/1.1" 200 296 10.0.0.213 - - [13/Apr/2026:21:06:15 +0000] "GET /v3/regions/RegionOne HTTP/1.1" 200 173 10.0.0.213 - - [13/Apr/2026:21:06:15 +0000] "POST /v3/endpoints HTTP/1.1" 201 380 10.0.0.213 - - [13/Apr/2026:21:06:15 +0000] "GET /v3/services/a6f9ed60ba754a8196d80bf70ed29548 HTTP/1.1" 200 296 10.0.0.213 - - [13/Apr/2026:21:06:15 +0000] "GET /v3/services/a6f9ed60ba754a8196d80bf70ed29548 HTTP/1.1" 200 296 10.0.0.213 - - [13/Apr/2026:21:06:15 +0000] "GET /v3/regions/RegionOne HTTP/1.1" 200 173 10.0.0.213 - - [13/Apr/2026:21:06:15 +0000] "GET /v3/regions/RegionOne HTTP/1.1" 200 173 10.0.0.213 - - [13/Apr/2026:21:06:15 +0000] "POST /v3/endpoints HTTP/1.1" 201 369 10.0.0.213 - - [13/Apr/2026:21:06:15 +0000] "POST /v3/endpoints HTTP/1.1" 201 383 10.0.0.213 - - [13/Apr/2026:21:06:17 +0000] "GET / HTTP/1.1" 300 295
[Mon Apr 13 21:06:17.366972 2026] [wsgi:error] [pid 11:tid 140396222809792] [remote 10.0.0.213:60928] 2026-04-13 21:06:17.366 11 WARNING keystone.common.password_hashing [None req-d83f66ea-412b-4f96-a204-8e07a21fad24 - - - - - -] Truncating password to algorithm specific maximum length 72 characters. 10.0.0.213 - - [13/Apr/2026:21:06:17 +0000] "GET / HTTP/1.1" 300 295
[Mon Apr 13 21:06:17.443937 2026] [wsgi:error] [pid 9:tid 140396222809792] [remote 10.0.0.213:60940] 2026-04-13 21:06:17.443 9 WARNING keystone.common.password_hashing [None req-3ad4b2cf-5b7a-4ba1-80a0-36351bcfa55c - - - - - -] Truncating password to algorithm specific maximum length 72 characters. 10.0.0.213 - - [13/Apr/2026:21:06:17 +0000] "GET / HTTP/1.1" 300 295
[Mon Apr 13 21:06:17.552307 2026] [wsgi:error] [pid 10:tid 140396222809792] [remote 10.0.0.213:60952] 2026-04-13 21:06:17.552 10 WARNING keystone.common.password_hashing [None req-d2cb9726-3166-4ba9-bb12-23f25a81d416 - - - - - -] Truncating password to algorithm specific maximum length 72 characters.
[Mon Apr 13 21:06:17.643182 2026] [wsgi:error] [pid 11:tid 140396222809792] [remote 10.0.0.213:60928] 2026-04-13 21:06:17.642 11 WARNING keystone.common.fernet_utils [None req-d83f66ea-412b-4f96-a204-8e07a21fad24 - - - - - -] key_repository is world readable: /etc/keystone/fernet-keys/ 10.0.0.213 - - [13/Apr/2026:21:06:17 +0000] "POST /v3/auth/tokens HTTP/1.1" 201 1990
[Mon Apr 13 21:06:17.728667 2026] [wsgi:error] [pid 9:tid 140396222809792] [remote 10.0.0.213:60940] 2026-04-13 21:06:17.728 9 WARNING keystone.common.fernet_utils [None req-3ad4b2cf-5b7a-4ba1-80a0-36351bcfa55c - - - - - -] key_repository is world readable: /etc/keystone/fernet-keys/ 10.0.0.213 - - [13/Apr/2026:21:06:17 +0000] "POST /v3/auth/tokens HTTP/1.1" 201 1990 10.0.0.213 - - [13/Apr/2026:21:06:17 +0000] "GET /v3/endpoints/2b3e745178ae41bf85d39f7fe0ec444c HTTP/1.1" 200 380 10.0.0.213 - - [13/Apr/2026:21:06:17 +0000] "GET /v3/services/a6f9ed60ba754a8196d80bf70ed29548 HTTP/1.1" 200 296
[Mon Apr 13 21:06:17.833037 2026] [wsgi:error] [pid 10:tid 140396222809792] [remote 10.0.0.213:60952] 2026-04-13 21:06:17.832 10 WARNING keystone.common.fernet_utils [None req-d2cb9726-3166-4ba9-bb12-23f25a81d416 - - - - - -] key_repository is world readable: /etc/keystone/fernet-keys/ 10.0.0.213 - - [13/Apr/2026:21:06:17 +0000] "POST /v3/auth/tokens HTTP/1.1" 201 1990 10.0.0.213 - - [13/Apr/2026:21:06:17 +0000] "GET /v3/endpoints/ccf59be00ff84974b6774e4a4dd53e5e HTTP/1.1" 200 383 10.0.0.213 - - [13/Apr/2026:21:06:17 +0000] "GET /v3/services/a6f9ed60ba754a8196d80bf70ed29548 HTTP/1.1" 200 296 10.0.0.213 - - [13/Apr/2026:21:06:17 +0000] "GET /v3/endpoints/f3564aaf9d1c4fd9a3589a764b686b34 HTTP/1.1" 200 369 10.0.0.213 - - [13/Apr/2026:21:06:17 +0000] "GET /v3/services/a6f9ed60ba754a8196d80bf70ed29548 HTTP/1.1" 200 296 10.0.0.114 - - [13/Apr/2026:21:06:29 +0000] "GET / HTTP/1.1" 300 295
[Mon Apr 13 21:06:29.664927 2026] [wsgi:error] [pid 12:tid 140396222809792] [remote 10.0.0.114:54724] 2026-04-13 21:06:29.664 12 WARNING keystone.common.password_hashing [None req-211a2253-6db6-485b-878e-2474118baf87 - - - - - -] Truncating password to algorithm specific maximum length 72 characters.
[Mon Apr 13 21:06:29.934513 2026] [wsgi:error] [pid 12:tid 140396222809792] [remote 10.0.0.114:54724] 2026-04-13 21:06:29.934 12 WARNING keystone.common.fernet_utils [None req-211a2253-6db6-485b-878e-2474118baf87 - - - - - -] key_repository is world readable: /etc/keystone/fernet-keys/ 10.0.0.114 - - [13/Apr/2026:21:06:29 +0000] "POST /v3/auth/tokens HTTP/1.1" 201 1990 10.0.0.114 - - [13/Apr/2026:21:06:30 +0000] "POST /v3/domains HTTP/1.1" 201 284 10.0.0.114 - - [13/Apr/2026:21:06:31 +0000] "GET / HTTP/1.1" 300 295
[Mon Apr 13 21:06:31.566375 2026] [wsgi:error] [pid 9:tid 140396222809792] [remote 10.0.0.114:54732] 2026-04-13 21:06:31.566 9 WARNING keystone.common.password_hashing [None req-ec99802e-76b6-4893-a0a1-29cb5f28c047 - - - - - -] Truncating password to algorithm specific maximum length 72 characters.
[Mon Apr 13 21:06:31.837645 2026] [wsgi:error] [pid 9:tid 140396222809792] [remote 10.0.0.114:54732] 2026-04-13 21:06:31.837 9 WARNING keystone.common.fernet_utils [None req-ec99802e-76b6-4893-a0a1-29cb5f28c047 - - - - - -] key_repository is world readable: /etc/keystone/fernet-keys/ 10.0.0.114 - - [13/Apr/2026:21:06:31 +0000] "POST /v3/auth/tokens HTTP/1.1" 201 1990 10.0.0.36 - - [13/Apr/2026:21:06:31 +0000] "GET /v3/ HTTP/1.1" 200 249 10.0.0.36 - - [13/Apr/2026:21:06:31 +0000] "GET /v3/ HTTP/1.1" 200 249
[Mon Apr 13 21:06:32.034841 2026] [wsgi:error] [pid 10:tid 140396222809792] [remote 10.0.0.114:54732] 2026-04-13 21:06:32.015 10 ERROR keystone.server.flask.application [None req-fcfc889d-f608-4c2b-b182-0417ab6018d8 43ee4a2c1c034a45be9f48392bc7913b 77a3f72f236c4a4cbb1c434c86db1781 - - default default] Conflict occurred attempting to store project - it is not permitted to have two projects acting as domains with the same name: service.: keystone.exception.Conflict: Conflict occurred attempting to store project - it is not permitted to have two projects acting as domains with the same name: service.
[Mon Apr 13 21:06:32.034873 2026] [wsgi:error] [pid 10:tid 140396222809792] [remote 10.0.0.114:54732] 2026-04-13 21:06:32.015 10 ERROR keystone.server.flask.application
Traceback (most recent call last):
[Mon Apr 13 21:06:32.034876 2026] [wsgi:error] [pid 10:tid 140396222809792] [remote 10.0.0.114:54732] 2026-04-13 21:06:32.015 10 ERROR keystone.server.flask.application
File "/var/lib/openstack/lib/python3.12/site-packages/sqlalchemy/engine/base.py", line 1967, in _exec_single_context
[Mon Apr 13 21:06:32.034877 2026] [wsgi:error] [pid 10:tid 140396222809792] [remote 10.0.0.114:54732] 2026-04-13 21:06:32.015 10 ERROR keystone.server.flask.application self.dialect.do_execute(
[Mon Apr 13 21:06:32.034879 2026] [wsgi:error] [pid 10:tid 140396222809792] [remote 10.0.0.114:54732] 2026-04-13 21:06:32.015 10 ERROR keystone.server.flask.application
File "/var/lib/openstack/lib/python3.12/site-packages/sqlalchemy/engine/default.py", line 952, in do_execute
[Mon Apr 13 21:06:32.034881 2026] [wsgi:error] [pid 10:tid 140396222809792] [remote 10.0.0.114:54732] 2026-04-13 21:06:32.015 10 ERROR keystone.server.flask.application cursor.execute(statement, parameters)
[Mon Apr 13 21:06:32.034883 2026] [wsgi:error] [pid 10:tid 140396222809792] [remote 10.0.0.114:54732] 2026-04-13 21:06:32.015 10 ERROR keystone.server.flask.application
File "/var/lib/openstack/lib/python3.12/site-packages/pymysql/cursors.py", line 153, in execute
[Mon Apr 13 21:06:32.034884 2026] [wsgi:error] [pid 10:tid 140396222809792] [remote 10.0.0.114:54732] 2026-04-13 21:06:32.015 10 ERROR keystone.server.flask.application result = self._query(query)
[Mon Apr 13 21:06:32.034886 2026] [wsgi:error] [pid 10:tid 140396222809792] [remote 10.0.0.114:54732] 2026-04-13 21:06:32.015 10 ERROR keystone.server.flask.application ^^^^^^^^^^^^^^^^^^
[Mon Apr 13 21:06:32.034887 2026] [wsgi:error] [pid 10:tid 140396222809792] [remote 10.0.0.114:54732] 2026-04-13 21:06:32.015 10 ERROR keystone.server.flask.application
File "/var/lib/openstack/lib/python3.12/site-packages/pymysql/cursors.py", line 322, in _query
[Mon Apr 13 21:06:32.034889 2026] [wsgi:error] [pid 10:tid 140396222809792] [remote 10.0.0.114:54732] 2026-04-13 21:06:32.015 10 ERROR keystone.server.flask.application conn.query(q)
[Mon Apr 13 21:06:32.034890 2026] [wsgi:error] [pid 10:tid 140396222809792] [remote 10.0.0.114:54732] 2026-04-13 21:06:32.015 10 ERROR keystone.server.flask.application
File "/var/lib/openstack/lib/python3.12/site-packages/pymysql/connections.py", line 575, in query
[Mon Apr 13 21:06:32.034892 2026] [wsgi:error] [pid 10:tid 140396222809792] [remote 10.0.0.114:54732] 2026-04-13 21:06:32.015 10 ERROR keystone.server.flask.application self._affected_rows = self._read_query_result(unbuffered=unbuffered)
[Mon Apr 13 21:06:32.034894 2026] [wsgi:error] [pid 10:tid 140396222809792] [remote 10.0.0.114:54732] 2026-04-13 21:06:32.015 10 ERROR keystone.server.flask.application ^^^^^^^^^^^^^^^^^^^^^^^^^^^^^^^^^^^^^^^^^^^^^^
[Mon Apr 13 21:06:32.034895 2026] [wsgi:error] [pid 10:tid 140396222809792] [remote 10.0.0.114:54732] 2026-04-13 21:06:32.015 10 ERROR keystone.server.flask.application
File "/var/lib/openstack/lib/python3.12/site-packages/pymysql/connections.py", line 826, in _read_query_result
[Mon Apr 13 21:06:32.034897 2026] [wsgi:error] [pid 10:tid 140396222809792] [remote 10.0.0.114:54732] 2026-04-13 21:06:32.015 10 ERROR keystone.server.flask.application result.read()
[Mon Apr 13 21:06:32.034900 2026] [wsgi:error] [pid 10:tid 140396222809792] [remote 10.0.0.114:54732] 2026-04-13 21:06:32.015 10 ERROR keystone.server.flask.application
File "/var/lib/openstack/lib/python3.12/site-packages/pymysql/connections.py", line 1203, in read
[Mon Apr 13 21:06:32.034901 2026] [wsgi:error] [pid 10:tid 140396222809792] [remote 10.0.0.114:54732] 2026-04-13 21:06:32.015 10 ERROR keystone.server.flask.application first_packet = self.connection._read_packet()
[Mon Apr 13 21:06:32.034903 2026] [wsgi:error] [pid 10:tid 140396222809792] [remote 10.0.0.114:54732] 2026-04-13 21:06:32.015 10 ERROR keystone.server.flask.application ^^^^^^^^^^^^^^^^^^^^^^^^^^^^^^
[Mon Apr 13 21:06:32.034904 2026] [wsgi:error] [pid 10:tid 140396222809792] [remote 10.0.0.114:54732] 2026-04-13 21:06:32.015 10 ERROR keystone.server.flask.application
File "/var/lib/openstack/lib/python3.12/site-packages/pymysql/connections.py", line 782, in _read_packet
[Mon Apr 13 21:06:32.034905 2026] [wsgi:error] [pid 10:tid 140396222809792] [remote 10.0.0.114:54732] 2026-04-13 21:06:32.015 10 ERROR keystone.server.flask.application packet.raise_for_error()
[Mon Apr 13 21:06:32.034907 2026] [wsgi:error] [pid 10:tid 140396222809792] [remote 10.0.0.114:54732] 2026-04-13 21:06:32.015 10 ERROR keystone.server.flask.application
File "/var/lib/openstack/lib/python3.12/site-packages/pymysql/protocol.py", line 219, in raise_for_error
[Mon Apr 13 21:06:32.034908 2026] [wsgi:error] [pid 10:tid 140396222809792] [remote 10.0.0.114:54732] 2026-04-13 21:06:32.015 10 ERROR keystone.server.flask.application err.raise_mysql_exception(self._data)
[Mon Apr 13 21:06:32.034910 2026] [wsgi:error] [pid 10:tid 140396222809792] [remote 10.0.0.114:54732] 2026-04-13 21:06:32.015 10 ERROR keystone.server.flask.application
File "/var/lib/openstack/lib/python3.12/site-packages/pymysql/err.py", line 150, in raise_mysql_exception
[Mon Apr 13 21:06:32.034911 2026] [wsgi:error] [pid 10:tid 140396222809792] [remote 10.0.0.114:54732] 2026-04-13 21:06:32.015 10 ERROR keystone.server.flask.application raise errorclass(errno, errval)
[Mon Apr 13 21:06:32.034913 2026] [wsgi:error] [pid 10:tid 140396222809792] [remote 10.0.0.114:54732] 2026-04-13 21:06:32.015 10 ERROR keystone.server.flask.application pymysql.err.IntegrityError: (1062, "Duplicate entry '<>-service' for key 'project.ixu_project_name_domain_id'")
[Mon Apr 13 21:06:32.034915 2026] [wsgi:error] [pid 10:tid 140396222809792] [remote 10.0.0.114:54732] 2026-04-13 21:06:32.015 10 ERROR keystone.server.flask.application
[Mon Apr 13 21:06:32.034917 2026] [wsgi:error] [pid 10:tid 140396222809792] [remote 10.0.0.114:54732] 2026-04-13 21:06:32.015 10 ERROR keystone.server.flask.application The above exception was the direct cause of the following exception:
[Mon Apr 13 21:06:32.034919 2026] [wsgi:error] [pid 10:tid 140396222809792] [remote 10.0.0.114:54732] 2026-04-13 21:06:32.015 10 ERROR keystone.server.flask.application
[Mon Apr 13 21:06:32.034920 2026] [wsgi:error] [pid 10:tid 140396222809792] [remote 10.0.0.114:54732] 2026-04-13 21:06:32.015 10 ERROR keystone.server.flask.application
Traceback (most recent call last):
[Mon Apr 13 21:06:32.034921 2026] [wsgi:error] [pid 10:tid 140396222809792] [remote 10.0.0.114:54732] 2026-04-13 21:06:32.015 10 ERROR keystone.server.flask.application
File "/var/lib/openstack/lib/python3.12/site-packages/keystone/common/sql/core.py", line 575, in wrapper
[Mon Apr 13 21:06:32.034923 2026] [wsgi:error] [pid 10:tid 140396222809792] [remote 10.0.0.114:54732] 2026-04-13 21:06:32.015 10 ERROR keystone.server.flask.application return method(*args, **kwargs)
[Mon Apr 13 21:06:32.034924 2026] [wsgi:error] [pid 10:tid 140396222809792] [remote 10.0.0.114:54732] 2026-04-13 21:06:32.015 10 ERROR keystone.server.flask.application ^^^^^^^^^^^^^^^^^^^^^^^
[Mon Apr 13 21:06:32.034926 2026] [wsgi:error] [pid 10:tid 140396222809792] [remote 10.0.0.114:54732] 2026-04-13 21:06:32.015 10 ERROR keystone.server.flask.application
File "/var/lib/openstack/lib/python3.12/site-packages/keystone/resource/backends/sql.py", line 278, in create_project
[Mon Apr 13 21:06:32.034928 2026] [wsgi:error] [pid 10:tid 140396222809792] [remote 10.0.0.114:54732] 2026-04-13 21:06:32.015 10 ERROR keystone.server.flask.application with sql.session_for_write() as session:
[Mon Apr 13 21:06:32.034929 2026] [wsgi:error] [pid 10:tid 140396222809792] [remote 10.0.0.114:54732] 2026-04-13 21:06:32.015 10 ERROR keystone.server.flask.application
File "/usr/lib/python3.12/contextlib.py", line 144, in __exit__
[Mon Apr 13 21:06:32.034930 2026] [wsgi:error] [pid 10:tid 140396222809792] [remote 10.0.0.114:54732] 2026-04-13 21:06:32.015 10 ERROR keystone.server.flask.application next(self.gen)
[Mon Apr 13 21:06:32.034932 2026] [wsgi:error] [pid 10:tid 140396222809792] [remote 10.0.0.114:54732] 2026-04-13 21:06:32.015 10 ERROR keystone.server.flask.application
File "/var/lib/openstack/lib/python3.12/site-packages/oslo_db/sqlalchemy/enginefacade.py", line 1175, in _transaction_scope
[Mon Apr 13 21:06:32.034933 2026] [wsgi:error] [pid 10:tid 140396222809792] [remote 10.0.0.114:54732] 2026-04-13 21:06:32.015 10 ERROR keystone.server.flask.application with current._produce_block(
[Mon Apr 13 21:06:32.034934 2026] [wsgi:error] [pid 10:tid 140396222809792] [remote 10.0.0.114:54732] 2026-04-13 21:06:32.015 10 ERROR keystone.server.flask.application
File "/usr/lib/python3.12/contextlib.py", line 144, in __exit__
[Mon Apr 13 21:06:32.034936 2026] [wsgi:error] [pid 10:tid 140396222809792] [remote 10.0.0.114:54732] 2026-04-13 21:06:32.015 10 ERROR keystone.server.flask.application next(self.gen)
[Mon Apr 13 21:06:32.034937 2026] [wsgi:error] [pid 10:tid 140396222809792] [remote 10.0.0.114:54732] 2026-04-13 21:06:32.015 10 ERROR keystone.server.flask.application
File "/var/lib/openstack/lib/python3.12/site-packages/oslo_db/sqlalchemy/enginefacade.py", line 837, in _session
[Mon Apr 13 21:06:32.034939 2026] [wsgi:error] [pid 10:tid 140396222809792] [remote 10.0.0.114:54732] 2026-04-13 21:06:32.015 10 ERROR keystone.server.flask.application with excutils.save_and_reraise_exception():
[Mon Apr 13 21:06:32.034940 2026] [wsgi:error] [pid 10:tid 140396222809792] [remote 10.0.0.114:54732] 2026-04-13 21:06:32.015 10 ERROR keystone.server.flask.application
File "/var/lib/openstack/lib/python3.12/site-packages/oslo_utils/excutils.py", line 271, in __exit__
[Mon Apr 13 21:06:32.034941 2026] [wsgi:error] [pid 10:tid 140396222809792] [remote 10.0.0.114:54732] 2026-04-13 21:06:32.015 10 ERROR keystone.server.flask.application self.force_reraise()
[Mon Apr 13 21:06:32.034943 2026] [wsgi:error] [pid 10:tid 140396222809792] [remote 10.0.0.114:54732] 2026-04-13 21:06:32.015 10 ERROR keystone.server.flask.application
File "/var/lib/openstack/lib/python3.12/site-packages/oslo_utils/excutils.py", line 233, in force_reraise
[Mon Apr 13 21:06:32.034944 2026] [wsgi:error] [pid 10:tid 140396222809792] [remote 10.0.0.114:54732] 2026-04-13 21:06:32.015 10 ERROR keystone.server.flask.application raise self.value
[Mon Apr 13 21:06:32.034945 2026] [wsgi:error] [pid 10:tid 140396222809792] [remote 10.0.0.114:54732] 2026-04-13 21:06:32.015 10 ERROR keystone.server.flask.application
File "/var/lib/openstack/lib/python3.12/site-packages/oslo_db/sqlalchemy/enginefacade.py", line 835, in _session
[Mon Apr 13 21:06:32.034961 2026] [wsgi:error] [pid 10:tid 140396222809792] [remote 10.0.0.114:54732] 2026-04-13 21:06:32.015 10 ERROR keystone.server.flask.application self._end_session_transaction(self.session)
[Mon Apr 13 21:06:32.034962 2026] [wsgi:error] [pid 10:tid 140396222809792] [remote 10.0.0.114:54732] 2026-04-13 21:06:32.015 10 ERROR keystone.server.flask.application
File "/var/lib/openstack/lib/python3.12/site-packages/oslo_db/sqlalchemy/enginefacade.py", line 748, in _end_session_transaction
[Mon Apr 13 21:06:32.034964 2026] [wsgi:error] [pid 10:tid 140396222809792] [remote 10.0.0.114:54732] 2026-04-13 21:06:32.015 10 ERROR keystone.server.flask.application session.commit()
[Mon Apr 13 21:06:32.034966 2026] [wsgi:error] [pid 10:tid 140396222809792] [remote 10.0.0.114:54732] 2026-04-13 21:06:32.015 10 ERROR keystone.server.flask.application
File "/var/lib/openstack/lib/python3.12/site-packages/sqlalchemy/orm/session.py", line 2030, in commit
[Mon Apr 13 21:06:32.034967 2026] [wsgi:error] [pid 10:tid 140396222809792] [remote 10.0.0.114:54732] 2026-04-13 21:06:32.015 10 ERROR keystone.server.flask.application trans.commit(_to_root=True)
[Mon Apr 13 21:06:32.034969 2026] [wsgi:error] [pid 10:tid 140396222809792] [remote 10.0.0.114:54732] 2026-04-13 21:06:32.015 10 ERROR keystone.server.flask.application File "", line 2, in commit
[Mon Apr 13 21:06:32.034971 2026] [wsgi:error] [pid 10:tid 140396222809792] [remote 10.0.0.114:54732] 2026-04-13 21:06:32.015 10 ERROR keystone.server.flask.application
File "/var/lib/openstack/lib/python3.12/site-packages/sqlalchemy/orm/state_changes.py", line 137, in _go
[Mon Apr 13 21:06:32.034972 2026] [wsgi:error] [pid 10:tid 140396222809792] [remote 10.0.0.114:54732] 2026-04-13 21:06:32.015 10 ERROR keystone.server.flask.application ret_value = fn(self, *arg, **kw)
[Mon Apr 13 21:06:32.034974 2026] [wsgi:error] [pid 10:tid 140396222809792] [remote 10.0.0.114:54732] 2026-04-13 21:06:32.015 10 ERROR keystone.server.flask.application ^^^^^^^^^^^^^^^^^^^^
[Mon Apr 13 21:06:32.034976 2026] [wsgi:error] [pid 10:tid 140396222809792] [remote 10.0.0.114:54732] 2026-04-13 21:06:32.015 10 ERROR keystone.server.flask.application
File "/var/lib/openstack/lib/python3.12/site-packages/sqlalchemy/orm/session.py", line 1311, in commit
[Mon Apr 13 21:06:32.034978 2026] [wsgi:error] [pid 10:tid 140396222809792] [remote 10.0.0.114:54732] 2026-04-13 21:06:32.015 10 ERROR keystone.server.flask.application self._prepare_impl()
[Mon Apr 13 21:06:32.034979 2026] [wsgi:error] [pid 10:tid 140396222809792] [remote 10.0.0.114:54732] 2026-04-13 21:06:32.015 10 ERROR keystone.server.flask.application File "", line 2, in _prepare_impl
[Mon Apr 13 21:06:32.034981 2026] [wsgi:error] [pid 10:tid 140396222809792] [remote 10.0.0.114:54732] 2026-04-13 21:06:32.015 10 ERROR keystone.server.flask.application
File "/var/lib/openstack/lib/python3.12/site-packages/sqlalchemy/orm/state_changes.py", line 137, in _go
[Mon Apr 13 21:06:32.034982 2026] [wsgi:error] [pid 10:tid 140396222809792] [remote 10.0.0.114:54732] 2026-04-13 21:06:32.015 10 ERROR keystone.server.flask.application ret_value = fn(self, *arg, **kw)
[Mon Apr 13 21:06:32.034984 2026] [wsgi:error] [pid 10:tid 140396222809792] [remote 10.0.0.114:54732] 2026-04-13 21:06:32.015 10 ERROR keystone.server.flask.application ^^^^^^^^^^^^^^^^^^^^
[Mon Apr 13 21:06:32.034985 2026] [wsgi:error] [pid 10:tid 140396222809792] [remote 10.0.0.114:54732] 2026-04-13 21:06:32.015 10 ERROR keystone.server.flask.application
File "/var/lib/openstack/lib/python3.12/site-packages/sqlalchemy/orm/session.py", line 1286, in _prepare_impl
[Mon Apr 13 21:06:32.034987 2026] [wsgi:error] [pid 10:tid 140396222809792] [remote 10.0.0.114:54732] 2026-04-13 21:06:32.015 10 ERROR keystone.server.flask.application self.session.flush()
[Mon Apr 13 21:06:32.034990 2026] [wsgi:error] [pid 10:tid 140396222809792] [remote 10.0.0.114:54732] 2026-04-13 21:06:32.015 10 ERROR keystone.server.flask.application
File "/var/lib/openstack/lib/python3.12/site-packages/sqlalchemy/orm/session.py", line 4331, in flush
[Mon Apr 13 21:06:32.034991 2026] [wsgi:error] [pid 10:tid 140396222809792] [remote 10.0.0.114:54732] 2026-04-13 21:06:32.015 10 ERROR keystone.server.flask.application self._flush(objects)
[Mon Apr 13 21:06:32.034997 2026] [wsgi:error] [pid 10:tid 140396222809792] [remote 10.0.0.114:54732] 2026-04-13 21:06:32.015 10 ERROR keystone.server.flask.application
File "/var/lib/openstack/lib/python3.12/site-packages/sqlalchemy/orm/session.py", line 4466, in _flush
[Mon Apr 13 21:06:32.034999 2026] [wsgi:error] [pid 10:tid 140396222809792] [remote 10.0.0.114:54732] 2026-04-13 21:06:32.015 10 ERROR keystone.server.flask.application with util.safe_reraise():
[Mon Apr 13 21:06:32.035001 2026] [wsgi:error] [pid 10:tid 140396222809792] [remote 10.0.0.114:54732] 2026-04-13 21:06:32.015 10 ERROR keystone.server.flask.application
File "/var/lib/openstack/lib/python3.12/site-packages/sqlalchemy/util/langhelpers.py", line 121, in __exit__
[Mon Apr 13 21:06:32.035003 2026] [wsgi:error] [pid 10:tid 140396222809792] [remote 10.0.0.114:54732] 2026-04-13 21:06:32.015 10 ERROR keystone.server.flask.application raise exc_value.with_traceback(exc_tb)
[Mon Apr 13 21:06:32.035005 2026] [wsgi:error] [pid 10:tid 140396222809792] [remote 10.0.0.114:54732] 2026-04-13 21:06:32.015 10 ERROR keystone.server.flask.application
File "/var/lib/openstack/lib/python3.12/site-packages/sqlalchemy/orm/session.py", line 4427, in _flush
[Mon Apr 13 21:06:32.035007 2026] [wsgi:error] [pid 10:tid 140396222809792] [remote 10.0.0.114:54732] 2026-04-13 21:06:32.015 10 ERROR keystone.server.flask.application flush_context.execute()
[Mon Apr 13 21:06:32.035009 2026] [wsgi:error] [pid 10:tid 140396222809792] [remote 10.0.0.114:54732] 2026-04-13 21:06:32.015 10 ERROR keystone.server.flask.application
