2026-06-19 02:42:29.205 7 INFO placement.requestlog [None req-86042170-29f8-4b8a-a4de-be647d10aada 111b7c050460491c8ceff60cfd0e0e5a 7c1d491e3cb14a64b08d86ebb09085d6 - - 582d23189cde4c9ab1f97f00c4deb504 582d23189cde4c9ab1f97f00c4deb504] 10.0.0.107 "DELETE /resource_providers/013e7aa3-c720-456a-b6f0-2eb7b74e9b3b" status: 404 len: 246 microversion: 1.1 [pid: 7|app: 0|req: 348/692] 10.0.0.107 () {34 vars in 816 bytes} [Fri Jun 19 02:42:29 2026] DELETE /resource_providers/013e7aa3-c720-456a-b6f0-2eb7b74e9b3b => generated 246 bytes in 9 msecs (HTTP/1.1 404) 6 headers in 231 bytes (1 switches on core 0)
2026-06-19 02:42:29.206 8 INFO placement.requestlog [None req-399c0178-301f-48f3-b125-a8d981cebaa9 111b7c050460491c8ceff60cfd0e0e5a 7c1d491e3cb14a64b08d86ebb09085d6 - - 582d23189cde4c9ab1f97f00c4deb504 582d23189cde4c9ab1f97f00c4deb504] 10.0.0.107 "DELETE /resource_providers/013e7aa3-c720-456a-b6f0-2eb7b74e9b3b" status: 404 len: 246 microversion: 1.1 [pid: 8|app: 0|req: 345/693] 10.0.0.107 () {34 vars in 816 bytes} [Fri Jun 19 02:42:29 2026] DELETE /resource_providers/013e7aa3-c720-456a-b6f0-2eb7b74e9b3b => generated 246 bytes in 9 msecs (HTTP/1.1 404) 6 headers in 231 bytes (1 switches on core 0)
2026-06-19 02:42:30.561 7 INFO placement.requestlog [req-6b05bdc1-84dd-45dd-bd93-f803aa25012a req-b0adb832-37e5-4ded-82e5-d1f156d7b205 a248d550db3a4a9da5f5bf5e821e6342 7c1d491e3cb14a64b08d86ebb09085d6 - - 582d23189cde4c9ab1f97f00c4deb504 582d23189cde4c9ab1f97f00c4deb504] 199.204.45.144 "GET /resource_providers/2434c1d3-6d21-428c-9867-a02677ee648a/allocations" status: 200 len: 252 microversion: 1.0 [pid: 7|app: 0|req: 349/694] 199.204.45.144 () {32 vars in 857 bytes} [Fri Jun 19 02:42:30 2026] GET /resource_providers/2434c1d3-6d21-428c-9867-a02677ee648a/allocations => generated 252 bytes in 15 msecs (HTTP/1.1 200) 6 headers in 224 bytes (1 switches on core 0)
2026-06-19 02:42:30.577 8 INFO placement.requestlog [req-6b05bdc1-84dd-45dd-bd93-f803aa25012a req-67e9c969-b2a5-477f-b682-2d21d94bc7ea a248d550db3a4a9da5f5bf5e821e6342 7c1d491e3cb14a64b08d86ebb09085d6 - - 582d23189cde4c9ab1f97f00c4deb504 582d23189cde4c9ab1f97f00c4deb504] 199.204.45.144 "GET /allocations/814e5d5f-f161-4c52-a04d-d364617da206" status: 200 len: 257 microversion: 1.28 [pid: 8|app: 0|req: 346/695] 199.204.45.144 () {34 vars in 863 bytes} [Fri Jun 19 02:42:30 2026] GET /allocations/814e5d5f-f161-4c52-a04d-d364617da206 => generated 257 bytes in 12 msecs (HTTP/1.1 200) 8 headers in 296 bytes (1 switches on core 0)
2026-06-19 02:42:30.592 7 INFO placement.requestlog [req-6b05bdc1-84dd-45dd-bd93-f803aa25012a req-91267770-0a47-4b6f-90a1-c3e20f7e067e a248d550db3a4a9da5f5bf5e821e6342 7c1d491e3cb14a64b08d86ebb09085d6 - - 582d23189cde4c9ab1f97f00c4deb504 582d23189cde4c9ab1f97f00c4deb504] 199.204.45.144 "GET /allocations/59bad010-d11c-42b0-893a-4587bcebcf7c" status: 200 len: 257 microversion: 1.28 [pid: 7|app: 0|req: 350/696] 199.204.45.144 () {34 vars in 863 bytes} [Fri Jun 19 02:42:30 2026] GET /allocations/59bad010-d11c-42b0-893a-4587bcebcf7c => generated 257 bytes in 9 msecs (HTTP/1.1 200) 8 headers in 296 bytes (1 switches on core 0)
2026-06-19 02:42:31.638 8 INFO placement.requestlog [req-6b05bdc1-84dd-45dd-bd93-f803aa25012a req-f614f74c-e4e3-4eb4-8e8d-5808f8805a84 a248d550db3a4a9da5f5bf5e821e6342 7c1d491e3cb14a64b08d86ebb09085d6 - - 582d23189cde4c9ab1f97f00c4deb504 582d23189cde4c9ab1f97f00c4deb504] 199.204.45.144 "DELETE /allocations/814e5d5f-f161-4c52-a04d-d364617da206" status: 204 len: 0 microversion: 1.0 [pid: 8|app: 0|req: 347/697] 199.204.45.144 () {34 vars in 841 bytes} [Fri Jun 19 02:42:31 2026] DELETE /allocations/814e5d5f-f161-4c52-a04d-d364617da206 => generated 0 bytes in 21 msecs (HTTP/1.1 204) 5 headers in 198 bytes (1 switches on core 0)
2026-06-19 02:42:32.217 8 INFO placement.requestlog [None req-9490ac64-fa9a-470f-88dc-70b1ac3d419f 111b7c050460491c8ceff60cfd0e0e5a 7c1d491e3cb14a64b08d86ebb09085d6 - - 582d23189cde4c9ab1f97f00c4deb504 582d23189cde4c9ab1f97f00c4deb504] 10.0.0.107 "GET /resource_providers/a13fb0d0-0f41-4199-9ddf-bc8daa6a3d81/aggregates" status: 404 len: 235 microversion: 1.1 [pid: 8|app: 0|req: 348/698] 10.0.0.107 () {32 vars in 816 bytes} [Fri Jun 19 02:42:32 2026] GET /resource_providers/a13fb0d0-0f41-4199-9ddf-bc8daa6a3d81/aggregates => generated 235 bytes in 6 msecs (HTTP/1.1 404) 5 headers in 202 bytes (1 switches on core 0)
2026-06-19 02:42:32.219 7 INFO placement.requestlog [None req-d74564fa-86d2-469c-901a-ceb4807b6ace 111b7c050460491c8ceff60cfd0e0e5a 7c1d491e3cb14a64b08d86ebb09085d6 - - 582d23189cde4c9ab1f97f00c4deb504 582d23189cde4c9ab1f97f00c4deb504] 10.0.0.107 "GET /resource_providers/a13fb0d0-0f41-4199-9ddf-bc8daa6a3d81/aggregates" status: 404 len: 235 microversion: 1.1 [pid: 7|app: 0|req: 351/699] 10.0.0.107 () {32 vars in 816 bytes} [Fri Jun 19 02:42:32 2026] GET /resource_providers/a13fb0d0-0f41-4199-9ddf-bc8daa6a3d81/aggregates => generated 235 bytes in 9 msecs (HTTP/1.1 404) 5 headers in 202 bytes (1 switches on core 0)
2026-06-19 02:42:32.239 8 INFO placement.requestlog [None req-fc936fea-596b-4e58-ad0f-53b1ce236e3d 111b7c050460491c8ceff60cfd0e0e5a 7c1d491e3cb14a64b08d86ebb09085d6 - - 582d23189cde4c9ab1f97f00c4deb504 582d23189cde4c9ab1f97f00c4deb504] 10.0.0.107 "DELETE /resource_providers/a13fb0d0-0f41-4199-9ddf-bc8daa6a3d81" status: 404 len: 246 microversion: 1.1 [pid: 8|app: 0|req: 349/700] 10.0.0.107 () {34 vars in 816 bytes} [Fri Jun 19 02:42:32 2026] DELETE /resource_providers/a13fb0d0-0f41-4199-9ddf-bc8daa6a3d81 => generated 246 bytes in 10 msecs (HTTP/1.1 404) 6 headers in 231 bytes (1 switches on core 0)
2026-06-19 02:42:32.243 7 INFO placement.requestlog [None req-c51022ae-0ebc-4b04-807d-f4b3f85db810 111b7c050460491c8ceff60cfd0e0e5a 7c1d491e3cb14a64b08d86ebb09085d6 - - 582d23189cde4c9ab1f97f00c4deb504 582d23189cde4c9ab1f97f00c4deb504] 10.0.0.107 "DELETE /resource_providers/a13fb0d0-0f41-4199-9ddf-bc8daa6a3d81" status: 404 len: 246 microversion: 1.1 [pid: 7|app: 0|req: 352/701] 10.0.0.107 () {34 vars in 816 bytes} [Fri Jun 19 02:42:32 2026] DELETE /resource_providers/a13fb0d0-0f41-4199-9ddf-bc8daa6a3d81 => generated 246 bytes in 13 msecs (HTTP/1.1 404) 6 headers in 231 bytes (1 switches on core 0)
2026-06-19 02:42:33.516 7 INFO placement.requestlog [None req-f23e2ba0-dfbd-4813-8cf6-0612fa63d700 - - - - - -] 10.0.0.249 "GET /" status: 200 len: 136 microversion: 1.0
2026-06-19 02:42:33.517 8 INFO placement.requestlog [None req-5df9697f-3f66-4c01-8ab8-f09b1ef91951 - - - - - -] 10.0.0.249 "GET /" status: 200 len: 136 microversion: 1.0
2026-06-19 02:42:35.369 8 INFO placement.requestlog [None req-703bbe01-4ebb-41d9-ab23-37d8bfcce160 111b7c050460491c8ceff60cfd0e0e5a 7c1d491e3cb14a64b08d86ebb09085d6 - - 582d23189cde4c9ab1f97f00c4deb504 582d23189cde4c9ab1f97f00c4deb504] 10.0.0.107 "GET /resource_providers/595145a9-4039-4710-9017-8ff8a5da98ef/aggregates" status: 404 len: 235 microversion: 1.1
2026-06-19 02:42:35.369 7 INFO placement.requestlog [None req-233caa54-abf2-413b-8165-b131c5f1893c 111b7c050460491c8ceff60cfd0e0e5a 7c1d491e3cb14a64b08d86ebb09085d6 - - 582d23189cde4c9ab1f97f00c4deb504 582d23189cde4c9ab1f97f00c4deb504] 10.0.0.107 "GET /resource_providers/595145a9-4039-4710-9017-8ff8a5da98ef/aggregates" status: 404 len: 235 microversion: 1.1 [pid: 8|app: 0|req: 351/704] 10.0.0.107 () {32 vars in 816 bytes} [Fri Jun 19 02:42:35 2026] GET /resource_providers/595145a9-4039-4710-9017-8ff8a5da98ef/aggregates => generated 235 bytes in 15 msecs (HTTP/1.1 404) 5 headers in 202 bytes (1 switches on core 0) [pid: 7|app: 0|req: 354/705] 10.0.0.107 () {32 vars in 816 bytes} [Fri Jun 19 02:42:35 2026] GET /resource_providers/595145a9-4039-4710-9017-8ff8a5da98ef/aggregates => generated 235 bytes in 14 msecs (HTTP/1.1 404) 5 headers in 202 bytes (1 switches on core 0)
2026-06-19 02:42:35.390 8 INFO placement.requestlog [None req-15222d8e-6834-4b13-80da-814b227889d7 111b7c050460491c8ceff60cfd0e0e5a 7c1d491e3cb14a64b08d86ebb09085d6 - - 582d23189cde4c9ab1f97f00c4deb504 582d23189cde4c9ab1f97f00c4deb504] 10.0.0.107 "DELETE /resource_providers/595145a9-4039-4710-9017-8ff8a5da98ef" status: 404 len: 246 microversion: 1.1 [pid: 8|app: 0|req: 352/706] 10.0.0.107 () {34 vars in 816 bytes} [Fri Jun 19 02:42:35 2026] DELETE /resource_providers/595145a9-4039-4710-9017-8ff8a5da98ef => generated 246 bytes in 10 msecs (HTTP/1.1 404) 6 headers in 231 bytes (1 switches on core 0)
2026-06-19 02:42:35.402 7 INFO placement.requestlog [None req-8eff9c9b-0a9a-4187-87ef-39ddf4d89427 111b7c050460491c8ceff60cfd0e0e5a 7c1d491e3cb14a64b08d86ebb09085d6 - - 582d23189cde4c9ab1f97f00c4deb504 582d23189cde4c9ab1f97f00c4deb504] 10.0.0.107 "DELETE /resource_providers/595145a9-4039-4710-9017-8ff8a5da98ef" status: 404 len: 246 microversion: 1.1 [pid: 7|app: 0|req: 355/707] 10.0.0.107 () {34 vars in 816 bytes} [Fri Jun 19 02:42:35 2026] DELETE /resource_providers/595145a9-4039-4710-9017-8ff8a5da98ef => generated 246 bytes in 14 msecs (HTTP/1.1 404) 6 headers in 231 bytes (1 switches on core 0)
2026-06-19 02:42:43.515 8 INFO placement.requestlog [None req-80bdcf81-497c-4837-b70d-a3f7f1135cc5 - - - - - -] 10.0.0.249 "GET /" status: 200 len: 136 microversion: 1.0
2026-06-19 02:42:43.515 7 INFO placement.requestlog [None req-b6289e33-ca59-4de7-b877-2803a961eb31 - - - - - -] 10.0.0.249 "GET /" status: 200 len: 136 microversion: 1.0
2026-06-19 02:42:44.731 8 INFO placement.requestlog [req-1b8eddca-56ee-43eb-a8ff-df3cdbbafc5d req-182d1c8b-7ca7-432d-9a06-e7b20fe48f3a a248d550db3a4a9da5f5bf5e821e6342 7c1d491e3cb14a64b08d86ebb09085d6 - - 582d23189cde4c9ab1f97f00c4deb504 582d23189cde4c9ab1f97f00c4deb504] 199.204.45.144 "GET /resource_providers/2434c1d3-6d21-428c-9867-a02677ee648a/allocations" status: 200 len: 152 microversion: 1.0 [pid: 8|app: 0|req: 354/710] 199.204.45.144 () {32 vars in 857 bytes} [Fri Jun 19 02:42:44 2026] GET /resource_providers/2434c1d3-6d21-428c-9867-a02677ee648a/allocations => generated 152 bytes in 17 msecs (HTTP/1.1 200) 6 headers in 224 bytes (1 switches on core 0)
2026-06-19 02:42:44.754 7 INFO placement.requestlog [req-1b8eddca-56ee-43eb-a8ff-df3cdbbafc5d req-f741f155-9f25-4e1c-9964-e95becd88c26 a248d550db3a4a9da5f5bf5e821e6342 7c1d491e3cb14a64b08d86ebb09085d6 - - 582d23189cde4c9ab1f97f00c4deb504 582d23189cde4c9ab1f97f00c4deb504] 199.204.45.144 "GET /resource_providers/2434c1d3-6d21-428c-9867-a02677ee648a/allocations" status: 200 len: 152 microversion: 1.0 [pid: 7|app: 0|req: 357/711] 199.204.45.144 () {32 vars in 857 bytes} [Fri Jun 19 02:42:44 2026] GET /resource_providers/2434c1d3-6d21-428c-9867-a02677ee648a/allocations => generated 152 bytes in 14 msecs (HTTP/1.1 200) 6 headers in 224 bytes (1 switches on core 0)
2026-06-19 02:42:44.772 8 INFO placement.requestlog [req-1b8eddca-56ee-43eb-a8ff-df3cdbbafc5d req-d42c402f-7b6d-402a-8c22-b94e4ae0344e a248d550db3a4a9da5f5bf5e821e6342 7c1d491e3cb14a64b08d86ebb09085d6 - - 582d23189cde4c9ab1f97f00c4deb504 582d23189cde4c9ab1f97f00c4deb504] 199.204.45.144 "GET /allocations/59bad010-d11c-42b0-893a-4587bcebcf7c" status: 200 len: 257 microversion: 1.28 [pid: 8|app: 0|req: 355/712] 199.204.45.144 () {34 vars in 863 bytes} [Fri Jun 19 02:42:44 2026] GET /allocations/59bad010-d11c-42b0-893a-4587bcebcf7c => generated 257 bytes in 13 msecs (HTTP/1.1 200) 8 headers in 296 bytes (1 switches on core 0)
2026-06-19 02:42:48.632 7 INFO placement.requestlog [req-acb5847f-5a48-4cd9-aff8-df691157ce17 req-e546e515-eddf-480a-aa50-09e28d36462a a248d550db3a4a9da5f5bf5e821e6342 7c1d491e3cb14a64b08d86ebb09085d6 - - 582d23189cde4c9ab1f97f00c4deb504 582d23189cde4c9ab1f97f00c4deb504] 10.0.0.219 "GET /allocation_candidates?limit=1000&resources=DISK_GB%3A1%2CMEMORY_MB%3A512%2CVCPU%3A1&root_required=%21COMPUTE_STATUS_DISABLED" status: 200 len: 2783 microversion: 1.36 [pid: 7|app: 0|req: 358/713] 10.0.0.219 () {34 vars in 1012 bytes} [Fri Jun 19 02:42:48 2026] GET /allocation_candidates?limit=1000&resources=DISK_GB%3A1%2CMEMORY_MB%3A512%2CVCPU%3A1&root_required=%21COMPUTE_STATUS_DISABLED => generated 2783 bytes in 54 msecs (HTTP/1.1 200) 8 headers in 297 bytes (1 switches on core 0)
2026-06-19 02:42:48.666 8 INFO placement.requestlog [req-acb5847f-5a48-4cd9-aff8-df691157ce17 req-cf85ff43-d82a-4870-83c1-49103003f0c2 a248d550db3a4a9da5f5bf5e821e6342 7c1d491e3cb14a64b08d86ebb09085d6 - - 582d23189cde4c9ab1f97f00c4deb504 582d23189cde4c9ab1f97f00c4deb504] 10.0.0.219 "GET /allocations/c87835cf-9182-4810-b835-07e090193ba2" status: 200 len: 19 microversion: 1.28 [pid: 8|app: 0|req: 356/714] 10.0.0.219 () {34 vars in 861 bytes} [Fri Jun 19 02:42:48 2026] GET /allocations/c87835cf-9182-4810-b835-07e090193ba2 => generated 19 bytes in 15 msecs (HTTP/1.1 200) 8 headers in 295 bytes (1 switches on core 0)
2026-06-19 02:42:48.748 7 INFO placement.requestlog [req-acb5847f-5a48-4cd9-aff8-df691157ce17 req-ab543e04-9990-400c-8fe2-b4b50a6ac22b a248d550db3a4a9da5f5bf5e821e6342 7c1d491e3cb14a64b08d86ebb09085d6 - - 582d23189cde4c9ab1f97f00c4deb504 582d23189cde4c9ab1f97f00c4deb504] 10.0.0.219 "PUT /allocations/c87835cf-9182-4810-b835-07e090193ba2" status: 204 len: 0 microversion: 1.36 [pid: 7|app: 0|req: 359/715] 10.0.0.219 () {38 vars in 914 bytes} [Fri Jun 19 02:42:48 2026] PUT /allocations/c87835cf-9182-4810-b835-07e090193ba2 => generated 0 bytes in 76 msecs (HTTP/1.1 204) 5 headers in 199 bytes (1 switches on core 0)
2026-06-19 02:42:50.245 8 INFO placement.requestlog [req-acb5847f-5a48-4cd9-aff8-df691157ce17 req-7928a7a5-7c83-47f3-bdf1-209ce4c536df a248d550db3a4a9da5f5bf5e821e6342 7c1d491e3cb14a64b08d86ebb09085d6 - - 582d23189cde4c9ab1f97f00c4deb504 582d23189cde4c9ab1f97f00c4deb504] 199.204.45.144 "GET /allocations/c87835cf-9182-4810-b835-07e090193ba2" status: 200 len: 257 microversion: 1.28 [pid: 8|app: 0|req: 357/716] 199.204.45.144 () {34 vars in 863 bytes} [Fri Jun 19 02:42:50 2026] GET /allocations/c87835cf-9182-4810-b835-07e090193ba2 => generated 257 bytes in 12 msecs (HTTP/1.1 200) 8 headers in 296 bytes (1 switches on core 0)
2026-06-19 02:42:51.287 7 INFO placement.requestlog [req-acb5847f-5a48-4cd9-aff8-df691157ce17 req-fa9b3223-677e-41ce-b091-ef7ba10fb659 a248d550db3a4a9da5f5bf5e821e6342 7c1d491e3cb14a64b08d86ebb09085d6 - - 582d23189cde4c9ab1f97f00c4deb504 582d23189cde4c9ab1f97f00c4deb504] 199.204.45.144 "GET /resource_providers/2434c1d3-6d21-428c-9867-a02677ee648a/allocations" status: 200 len: 252 microversion: 1.0 [pid: 7|app: 0|req: 360/717] 199.204.45.144 () {32 vars in 857 bytes} [Fri Jun 19 02:42:51 2026] GET /resource_providers/2434c1d3-6d21-428c-9867-a02677ee648a/allocations => generated 252 bytes in 17 msecs (HTTP/1.1 200) 6 headers in 224 bytes (1 switches on core 0)
2026-06-19 02:42:51.316 8 INFO placement.requestlog [req-acb5847f-5a48-4cd9-aff8-df691157ce17 req-9a63eae1-6e57-416a-8c1c-45c029ef3976 a248d550db3a4a9da5f5bf5e821e6342 7c1d491e3cb14a64b08d86ebb09085d6 - - 582d23189cde4c9ab1f97f00c4deb504 582d23189cde4c9ab1f97f00c4deb504] 199.204.45.144 "GET /allocations/c87835cf-9182-4810-b835-07e090193ba2" status: 200 len: 257 microversion: 1.28 [pid: 8|app: 0|req: 358/718] 199.204.45.144 () {34 vars in 863 bytes} [Fri Jun 19 02:42:51 2026] GET /allocations/c87835cf-9182-4810-b835-07e090193ba2 => generated 257 bytes in 22 msecs (HTTP/1.1 200) 8 headers in 296 bytes (1 switches on core 0)
2026-06-19 02:42:51.334 7 INFO placement.requestlog [req-acb5847f-5a48-4cd9-aff8-df691157ce17 req-0e9bb8e2-f65b-4cf7-87c0-26ac4d6d3a3d a248d550db3a4a9da5f5bf5e821e6342 7c1d491e3cb14a64b08d86ebb09085d6 - - 582d23189cde4c9ab1f97f00c4deb504 582d23189cde4c9ab1f97f00c4deb504] 199.204.45.144 "GET /allocations/59bad010-d11c-42b0-893a-4587bcebcf7c" status: 200 len: 257 microversion: 1.28 [pid: 7|app: 0|req: 361/719] 199.204.45.144 () {34 vars in 863 bytes} [Fri Jun 19 02:42:51 2026] GET /allocations/59bad010-d11c-42b0-893a-4587bcebcf7c => generated 257 bytes in 9 msecs (HTTP/1.1 200) 8 headers in 296 bytes (1 switches on core 0)
2026-06-19 02:42:52.223 8 INFO placement.requestlog [None req-70303364-49b7-4dc7-bebf-b43db853db3d 111b7c050460491c8ceff60cfd0e0e5a 7c1d491e3cb14a64b08d86ebb09085d6 - - 582d23189cde4c9ab1f97f00c4deb504 582d23189cde4c9ab1f97f00c4deb504] 10.0.0.107 "GET /resource_providers/8caeb110-5725-4c20-a8f0-023466647b7f/aggregates" status: 404 len: 235 microversion: 1.1
2026-06-19 02:42:52.224 7 INFO placement.requestlog [None req-314c85a0-7608-4797-a7b4-f5f7f3773bbe 111b7c050460491c8ceff60cfd0e0e5a 7c1d491e3cb14a64b08d86ebb09085d6 - - 582d23189cde4c9ab1f97f00c4deb504 582d23189cde4c9ab1f97f00c4deb504] 10.0.0.107 "GET /resource_providers/8caeb110-5725-4c20-a8f0-023466647b7f/aggregates" status: 404 len: 235 microversion: 1.1 [pid: 8|app: 0|req: 359/720] 10.0.0.107 () {32 vars in 816 bytes} [Fri Jun 19 02:42:52 2026] GET /resource_providers/8caeb110-5725-4c20-a8f0-023466647b7f/aggregates => generated 235 bytes in 11 msecs (HTTP/1.1 404) 5 headers in 202 bytes (1 switches on core 0) [pid: 7|app: 0|req: 362/721] 10.0.0.107 () {32 vars in 816 bytes} [Fri Jun 19 02:42:52 2026] GET /resource_providers/8caeb110-5725-4c20-a8f0-023466647b7f/aggregates => generated 235 bytes in 11 msecs (HTTP/1.1 404) 5 headers in 202 bytes (1 switches on core 0)
2026-06-19 02:42:52.244 8 INFO placement.requestlog [None req-9834e28b-f093-47fe-a8be-785c09fd2104 111b7c050460491c8ceff60cfd0e0e5a 7c1d491e3cb14a64b08d86ebb09085d6 - - 582d23189cde4c9ab1f97f00c4deb504 582d23189cde4c9ab1f97f00c4deb504] 10.0.0.107 "DELETE /resource_providers/8caeb110-5725-4c20-a8f0-023466647b7f" status: 404 len: 246 microversion: 1.1 [pid: 8|app: 0|req: 360/722] 10.0.0.107 () {34 vars in 816 bytes} [Fri Jun 19 02:42:52 2026] DELETE /resource_providers/8caeb110-5725-4c20-a8f0-023466647b7f => generated 246 bytes in 9 msecs (HTTP/1.1 404) 6 headers in 231 bytes (1 switches on core 0)
2026-06-19 02:42:52.245 7 INFO placement.requestlog [None req-bb525c34-9e4e-4c38-bfce-ec8f9d0c608f 111b7c050460491c8ceff60cfd0e0e5a 7c1d491e3cb14a64b08d86ebb09085d6 - - 582d23189cde4c9ab1f97f00c4deb504 582d23189cde4c9ab1f97f00c4deb504] 10.0.0.107 "DELETE /resource_providers/8caeb110-5725-4c20-a8f0-023466647b7f" status: 404 len: 246 microversion: 1.1 [pid: 7|app: 0|req: 363/723] 10.0.0.107 () {34 vars in 816 bytes} [Fri Jun 19 02:42:52 2026] DELETE /resource_providers/8caeb110-5725-4c20-a8f0-023466647b7f => generated 246 bytes in 8 msecs (HTTP/1.1 404) 6 headers in 231 bytes (1 switches on core 0)
2026-06-19 02:42:52.393 8 INFO placement.requestlog [req-ccf25ab3-796f-4913-af6f-8ba581c4ae43 req-43ac92c3-3e54-41d5-bfbc-b94a6cc7abb2 a248d550db3a4a9da5f5bf5e821e6342 7c1d491e3cb14a64b08d86ebb09085d6 - - 582d23189cde4c9ab1f97f00c4deb504 582d23189cde4c9ab1f97f00c4deb504] 199.204.45.144 "GET /resource_providers/2434c1d3-6d21-428c-9867-a02677ee648a/allocations" status: 200 len: 252 microversion: 1.0 [pid: 8|app: 0|req: 361/724] 199.204.45.144 () {32 vars in 857 bytes} [Fri Jun 19 02:42:52 2026] GET /resource_providers/2434c1d3-6d21-428c-9867-a02677ee648a/allocations => generated 252 bytes in 25 msecs (HTTP/1.1 200) 6 headers in 224 bytes (1 switches on core 0)
2026-06-19 02:42:52.418 7 INFO placement.requestlog [req-ccf25ab3-796f-4913-af6f-8ba581c4ae43 req-6e9f1d13-2c58-49c7-be54-72c073405441 a248d550db3a4a9da5f5bf5e821e6342 7c1d491e3cb14a64b08d86ebb09085d6 - - 582d23189cde4c9ab1f97f00c4deb504 582d23189cde4c9ab1f97f00c4deb504] 199.204.45.144 "GET /allocations/c87835cf-9182-4810-b835-07e090193ba2" status: 200 len: 257 microversion: 1.28 [pid: 7|app: 0|req: 364/725] 199.204.45.144 () {34 vars in 863 bytes} [Fri Jun 19 02:42:52 2026] GET /allocations/c87835cf-9182-4810-b835-07e090193ba2 => generated 257 bytes in 15 msecs (HTTP/1.1 200) 8 headers in 296 bytes (1 switches on core 0)
2026-06-19 02:42:52.444 8 INFO placement.requestlog [req-ccf25ab3-796f-4913-af6f-8ba581c4ae43 req-744ffa52-dbe1-4b95-9b44-3d93842c049f a248d550db3a4a9da5f5bf5e821e6342 7c1d491e3cb14a64b08d86ebb09085d6 - - 582d23189cde4c9ab1f97f00c4deb504 582d23189cde4c9ab1f97f00c4deb504] 199.204.45.144 "GET /allocations/59bad010-d11c-42b0-893a-4587bcebcf7c" status: 200 len: 257 microversion: 1.28 [pid: 8|app: 0|req: 362/726] 199.204.45.144 () {34 vars in 863 bytes} [Fri Jun 19 02:42:52 2026] GET /allocations/59bad010-d11c-42b0-893a-4587bcebcf7c => generated 257 bytes in 17 msecs (HTTP/1.1 200) 8 headers in 296 bytes (1 switches on core 0)
2026-06-19 02:42:53.496 7 INFO placement.requestlog [req-ccf25ab3-796f-4913-af6f-8ba581c4ae43 req-5a46ed55-42ff-4bcd-9560-cca38b08f988 a248d550db3a4a9da5f5bf5e821e6342 7c1d491e3cb14a64b08d86ebb09085d6 - - 582d23189cde4c9ab1f97f00c4deb504 582d23189cde4c9ab1f97f00c4deb504] 199.204.45.144 "DELETE /allocations/59bad010-d11c-42b0-893a-4587bcebcf7c" status: 204 len: 0 microversion: 1.0 [pid: 7|app: 0|req: 365/727] 199.204.45.144 () {34 vars in 841 bytes} [Fri Jun 19 02:42:53 2026] DELETE /allocations/59bad010-d11c-42b0-893a-4587bcebcf7c => generated 0 bytes in 23 msecs (HTTP/1.1 204) 5 headers in 198 bytes (1 switches on core 0)
2026-06-19 02:42:53.517 8 INFO placement.requestlog [None req-6b2a39e0-428a-4063-bfbe-dc3e60169681 - - - - - -] 10.0.0.249 "GET /" status: 200 len: 136 microversion: 1.0
2026-06-19 02:42:53.517 7 INFO placement.requestlog [None req-a83c0360-b84f-4f06-8d21-c5220e8e895f - - - - - -] 10.0.0.249 "GET /" status: 200 len: 136 microversion: 1.0
2026-06-19 02:42:57.399 8 INFO placement.requestlog [None req-e6f94429-1fe3-4fb0-81e0-7c4739a18e5e 111b7c050460491c8ceff60cfd0e0e5a 7c1d491e3cb14a64b08d86ebb09085d6 - - 582d23189cde4c9ab1f97f00c4deb504 582d23189cde4c9ab1f97f00c4deb504] 10.0.0.107 "GET /resource_providers/1a706bfc-90c5-4c1d-ab97-24066aec6679/aggregates" status: 404 len: 235 microversion: 1.1 [pid: 8|app: 0|req: 364/730] 10.0.0.107 () {32 vars in 816 bytes} [Fri Jun 19 02:42:57 2026] GET /resource_providers/1a706bfc-90c5-4c1d-ab97-24066aec6679/aggregates => generated 235 bytes in 16 msecs (HTTP/1.1 404) 5 headers in 202 bytes (1 switches on core 0)
2026-06-19 02:42:57.403 7 INFO placement.requestlog [None req-692515c6-62a2-46f5-bec6-0d24ad9a5d00 111b7c050460491c8ceff60cfd0e0e5a 7c1d491e3cb14a64b08d86ebb09085d6 - - 582d23189cde4c9ab1f97f00c4deb504 582d23189cde4c9ab1f97f00c4deb504] 10.0.0.107 "GET /resource_providers/1a706bfc-90c5-4c1d-ab97-24066aec6679/aggregates" status: 404 len: 235 microversion: 1.1 [pid: 7|app: 0|req: 367/731] 10.0.0.107 () {32 vars in 816 bytes} [Fri Jun 19 02:42:57 2026] GET /resource_providers/1a706bfc-90c5-4c1d-ab97-24066aec6679/aggregates => generated 235 bytes in 19 msecs (HTTP/1.1 404) 5 headers in 202 bytes (1 switches on core 0)
2026-06-19 02:42:57.426 7 INFO placement.requestlog [None req-11bb57a2-a47a-4070-a7b4-a651560360b5 111b7c050460491c8ceff60cfd0e0e5a 7c1d491e3cb14a64b08d86ebb09085d6 - - 582d23189cde4c9ab1f97f00c4deb504 582d23189cde4c9ab1f97f00c4deb504] 10.0.0.107 "DELETE /resource_providers/1a706bfc-90c5-4c1d-ab97-24066aec6679" status: 404 len: 246 microversion: 1.1 [pid: 7|app: 0|req: 368/732] 10.0.0.107 () {34 vars in 816 bytes} [Fri Jun 19 02:42:57 2026] DELETE /resource_providers/1a706bfc-90c5-4c1d-ab97-24066aec6679 => generated 246 bytes in 12 msecs (HTTP/1.1 404) 6 headers in 231 bytes (1 switches on core 0)
2026-06-19 02:42:57.429 8 INFO placement.requestlog [None req-fee5cb7e-6209-4f85-9ccc-1b6eabbcfbd4 111b7c050460491c8ceff60cfd0e0e5a 7c1d491e3cb14a64b08d86ebb09085d6 - - 582d23189cde4c9ab1f97f00c4deb504 582d23189cde4c9ab1f97f00c4deb504] 10.0.0.107 "DELETE /resource_providers/1a706bfc-90c5-4c1d-ab97-24066aec6679" status: 404 len: 246 microversion: 1.1 [pid: 8|app: 0|req: 365/733] 10.0.0.107 () {34 vars in 816 bytes} [Fri Jun 19 02:42:57 2026] DELETE /resource_providers/1a706bfc-90c5-4c1d-ab97-24066aec6679 => generated 246 bytes in 16 msecs (HTTP/1.1 404) 6 headers in 231 bytes (1 switches on core 0)
2026-06-19 02:42:59.458 8 INFO placement.requestlog [None req-982aa532-c776-4f0d-9082-3174d2739e59 111b7c050460491c8ceff60cfd0e0e5a 7c1d491e3cb14a64b08d86ebb09085d6 - - 582d23189cde4c9ab1f97f00c4deb504 582d23189cde4c9ab1f97f00c4deb504] 10.0.0.107 "GET /resource_providers/bf9f7a40-aa05-4973-a218-16d791c7c8b6/aggregates" status: 404 len: 235 microversion: 1.1 [pid: 8|app: 0|req: 366/734] 10.0.0.107 () {32 vars in 816 bytes} [Fri Jun 19 02:42:59 2026] GET /resource_providers/bf9f7a40-aa05-4973-a218-16d791c7c8b6/aggregates => generated 235 bytes in 12 msecs (HTTP/1.1 404) 5 headers in 202 bytes (1 switches on core 0)
2026-06-19 02:42:59.460 7 INFO placement.requestlog [None req-606cf4ef-aa1e-4193-95bf-d9ecb08e917d 111b7c050460491c8ceff60cfd0e0e5a 7c1d491e3cb14a64b08d86ebb09085d6 - - 582d23189cde4c9ab1f97f00c4deb504 582d23189cde4c9ab1f97f00c4deb504] 10.0.0.107 "GET /resource_providers/bf9f7a40-aa05-4973-a218-16d791c7c8b6/aggregates" status: 404 len: 235 microversion: 1.1 [pid: 7|app: 0|req: 369/735] 10.0.0.107 () {32 vars in 816 bytes} [Fri Jun 19 02:42:59 2026] GET /resource_providers/bf9f7a40-aa05-4973-a218-16d791c7c8b6/aggregates => generated 235 bytes in 15 msecs (HTTP/1.1 404) 5 headers in 202 bytes (1 switches on core 0)
2026-06-19 02:42:59.481 8 INFO placement.requestlog [None req-9ce27c85-941f-4f4f-bc91-c44e86ee4662 111b7c050460491c8ceff60cfd0e0e5a 7c1d491e3cb14a64b08d86ebb09085d6 - - 582d23189cde4c9ab1f97f00c4deb504 582d23189cde4c9ab1f97f00c4deb504] 10.0.0.107 "DELETE /resource_providers/bf9f7a40-aa05-4973-a218-16d791c7c8b6" status: 404 len: 246 microversion: 1.1 [pid: 8|app: 0|req: 367/736] 10.0.0.107 () {34 vars in 816 bytes} [Fri Jun 19 02:42:59 2026] DELETE /resource_providers/bf9f7a40-aa05-4973-a218-16d791c7c8b6 => generated 246 bytes in 12 msecs (HTTP/1.1 404) 6 headers in 231 bytes (1 switches on core 0)
2026-06-19 02:42:59.483 7 INFO placement.requestlog [None req-29fdbf9f-a95b-4c57-8a31-6716c2c7b3fa 111b7c050460491c8ceff60cfd0e0e5a 7c1d491e3cb14a64b08d86ebb09085d6 - - 582d23189cde4c9ab1f97f00c4deb504 582d23189cde4c9ab1f97f00c4deb504] 10.0.0.107 "DELETE /resource_providers/bf9f7a40-aa05-4973-a218-16d791c7c8b6" status: 404 len: 246 microversion: 1.1 [pid: 7|app: 0|req: 370/737] 10.0.0.107 () {34 vars in 816 bytes} [Fri Jun 19 02:42:59 2026] DELETE /resource_providers/bf9f7a40-aa05-4973-a218-16d791c7c8b6 => generated 246 bytes in 14 msecs (HTTP/1.1 404) 6 headers in 231 bytes (1 switches on core 0)
2026-06-19 02:42:59.501 8 INFO placement.requestlog [None req-80bad959-7886-4ed3-a53f-edece5072d3a 111b7c050460491c8ceff60cfd0e0e5a 7c1d491e3cb14a64b08d86ebb09085d6 - - 582d23189cde4c9ab1f97f00c4deb504 582d23189cde4c9ab1f97f00c4deb504] 10.0.0.107 "GET /resource_providers/b1766c6b-b2fd-43a6-b54f-451a3b018f6a/aggregates" status: 404 len: 235 microversion: 1.1 [pid: 8|app: 0|req: 368/738] 10.0.0.107 () {32 vars in 816 bytes} [Fri Jun 19 02:42:59 2026] GET /resource_providers/b1766c6b-b2fd-43a6-b54f-451a3b018f6a/aggregates => generated 235 bytes in 10 msecs (HTTP/1.1 404) 5 headers in 202 bytes (1 switches on core 0)
2026-06-19 02:42:59.513 7 INFO placement.requestlog [None req-208c0f4b-a3b6-4e52-80c8-a60f1faa266b 111b7c050460491c8ceff60cfd0e0e5a 7c1d491e3cb14a64b08d86ebb09085d6 - - 582d23189cde4c9ab1f97f00c4deb504 582d23189cde4c9ab1f97f00c4deb504] 10.0.0.107 "GET /resource_providers/b1766c6b-b2fd-43a6-b54f-451a3b018f6a/aggregates" status: 404 len: 235 microversion: 1.1 [pid: 7|app: 0|req: 371/739] 10.0.0.107 () {32 vars in 816 bytes} [Fri Jun 19 02:42:59 2026] GET /resource_providers/b1766c6b-b2fd-43a6-b54f-451a3b018f6a/aggregates => generated 235 bytes in 21 msecs (HTTP/1.1 404) 5 headers in 202 bytes (1 switches on core 0)
2026-06-19 02:42:59.525 8 INFO placement.requestlog [None req-3aecfe2d-d353-4434-89f1-c05691e200d1 111b7c050460491c8ceff60cfd0e0e5a 7c1d491e3cb14a64b08d86ebb09085d6 - - 582d23189cde4c9ab1f97f00c4deb504 582d23189cde4c9ab1f97f00c4deb504] 10.0.0.107 "DELETE /resource_providers/b1766c6b-b2fd-43a6-b54f-451a3b018f6a" status: 404 len: 246 microversion: 1.1 [pid: 8|app: 0|req: 369/740] 10.0.0.107 () {34 vars in 816 bytes} [Fri Jun 19 02:42:59 2026] DELETE /resource_providers/b1766c6b-b2fd-43a6-b54f-451a3b018f6a => generated 246 bytes in 12 msecs (HTTP/1.1 404) 6 headers in 231 bytes (1 switches on core 0)
2026-06-19 02:42:59.542 7 INFO placement.requestlog [None req-68a8dcd4-e85d-4223-9436-337f3cee375c 111b7c050460491c8ceff60cfd0e0e5a 7c1d491e3cb14a64b08d86ebb09085d6 - - 582d23189cde4c9ab1f97f00c4deb504 582d23189cde4c9ab1f97f00c4deb504] 10.0.0.107 "DELETE /resource_providers/b1766c6b-b2fd-43a6-b54f-451a3b018f6a" status: 404 len: 246 microversion: 1.1 [pid: 7|app: 0|req: 372/741] 10.0.0.107 () {34 vars in 816 bytes} [Fri Jun 19 02:42:59 2026] DELETE /resource_providers/b1766c6b-b2fd-43a6-b54f-451a3b018f6a => generated 246 bytes in 11 msecs (HTTP/1.1 404) 6 headers in 231 bytes (1 switches on core 0)
2026-06-19 02:43:03.516 8 INFO placement.requestlog [None req-44ad187b-4cf6-464d-ae27-ec64e400d44b - - - - - -] 10.0.0.249 "GET /" status: 200 len: 136 microversion: 1.0
2026-06-19 02:43:03.516 7 INFO placement.requestlog [None req-c813d450-a883-496d-9f0c-10a08f9675a8 - - - - - -] 10.0.0.249 "GET /" status: 200 len: 136 microversion: 1.0
2026-06-19 02:43:07.436 8 INFO placement.requestlog [None req-ffcb07ce-4be6-4738-a6df-58b24c681895 111b7c050460491c8ceff60cfd0e0e5a 7c1d491e3cb14a64b08d86ebb09085d6 - - 582d23189cde4c9ab1f97f00c4deb504 582d23189cde4c9ab1f97f00c4deb504] 10.0.0.107 "GET /resource_providers/ccd7e01a-7990-4da9-aabd-03a6d1a7551c/aggregates" status: 404 len: 235 microversion: 1.1 [pid: 8|app: 0|req: 371/744] 10.0.0.107 () {32 vars in 816 bytes} [Fri Jun 19 02:43:07 2026] GET /resource_providers/ccd7e01a-7990-4da9-aabd-03a6d1a7551c/aggregates => generated 235 bytes in 13 msecs (HTTP/1.1 404) 5 headers in 202 bytes (1 switches on core 0)
2026-06-19 02:43:07.439 7 INFO placement.requestlog [None req-b2df92d3-6a3e-4dc7-a8ce-9bb2f9a25ebe 111b7c050460491c8ceff60cfd0e0e5a 7c1d491e3cb14a64b08d86ebb09085d6 - - 582d23189cde4c9ab1f97f00c4deb504 582d23189cde4c9ab1f97f00c4deb504] 10.0.0.107 "GET /resource_providers/ccd7e01a-7990-4da9-aabd-03a6d1a7551c/aggregates" status: 404 len: 235 microversion: 1.1 [pid: 7|app: 0|req: 374/745] 10.0.0.107 () {32 vars in 816 bytes} [Fri Jun 19 02:43:07 2026] GET /resource_providers/ccd7e01a-7990-4da9-aabd-03a6d1a7551c/aggregates => generated 235 bytes in 15 msecs (HTTP/1.1 404) 5 headers in 202 bytes (1 switches on core 0)
2026-06-19 02:43:07.465 8 INFO placement.requestlog [None req-ed24dc61-0b72-4745-b51a-30705e4dc517 111b7c050460491c8ceff60cfd0e0e5a 7c1d491e3cb14a64b08d86ebb09085d6 - - 582d23189cde4c9ab1f97f00c4deb504 582d23189cde4c9ab1f97f00c4deb504] 10.0.0.107 "DELETE /resource_providers/ccd7e01a-7990-4da9-aabd-03a6d1a7551c" status: 404 len: 246 microversion: 1.1 [pid: 8|app: 0|req: 372/746] 10.0.0.107 () {34 vars in 816 bytes} [Fri Jun 19 02:43:07 2026] DELETE /resource_providers/ccd7e01a-7990-4da9-aabd-03a6d1a7551c => generated 246 bytes in 16 msecs (HTTP/1.1 404) 6 headers in 231 bytes (1 switches on core 0)
2026-06-19 02:43:07.470 7 INFO placement.requestlog [None req-c1f6953d-d4b4-421c-a114-3458c6cebb46 111b7c050460491c8ceff60cfd0e0e5a 7c1d491e3cb14a64b08d86ebb09085d6 - - 582d23189cde4c9ab1f97f00c4deb504 582d23189cde4c9ab1f97f00c4deb504] 10.0.0.107 "DELETE /resource_providers/ccd7e01a-7990-4da9-aabd-03a6d1a7551c" status: 404 len: 246 microversion: 1.1 [pid: 7|app: 0|req: 375/747] 10.0.0.107 () {34 vars in 816 bytes} [Fri Jun 19 02:43:07 2026] DELETE /resource_providers/ccd7e01a-7990-4da9-aabd-03a6d1a7551c => generated 246 bytes in 21 msecs (HTTP/1.1 404) 6 headers in 231 bytes (1 switches on core 0)
2026-06-19 02:43:07.822 8 INFO placement.requestlog [None req-32745b2f-59f1-4576-bd78-48fcdc22c2ae 111b7c050460491c8ceff60cfd0e0e5a 7c1d491e3cb14a64b08d86ebb09085d6 - - 582d23189cde4c9ab1f97f00c4deb504 582d23189cde4c9ab1f97f00c4deb504] 10.0.0.107 "GET /resource_providers/b269a49a-e83d-4de6-b63a-0fa2a8413442/aggregates" status: 404 len: 235 microversion: 1.1 [pid: 8|app: 0|req: 373/748] 10.0.0.107 () {32 vars in 816 bytes} [Fri Jun 19 02:43:07 2026] GET /resource_providers/b269a49a-e83d-4de6-b63a-0fa2a8413442/aggregates => generated 235 bytes in 10 msecs (HTTP/1.1 404) 5 headers in 202 bytes (1 switches on core 0)
2026-06-19 02:43:07.826 7 INFO placement.requestlog [None req-3f0b2efa-09b7-4b74-ab15-010b13b0d419 111b7c050460491c8ceff60cfd0e0e5a 7c1d491e3cb14a64b08d86ebb09085d6 - - 582d23189cde4c9ab1f97f00c4deb504 582d23189cde4c9ab1f97f00c4deb504] 10.0.0.107 "GET /resource_providers/b269a49a-e83d-4de6-b63a-0fa2a8413442/aggregates" status: 404 len: 235 microversion: 1.1 [pid: 7|app: 0|req: 376/749] 10.0.0.107 () {32 vars in 816 bytes} [Fri Jun 19 02:43:07 2026] GET /resource_providers/b269a49a-e83d-4de6-b63a-0fa2a8413442/aggregates => generated 235 bytes in 14 msecs (HTTP/1.1 404) 5 headers in 202 bytes (1 switches on core 0)
2026-06-19 02:43:07.852 8 INFO placement.requestlog [None req-6fc2e607-0443-43e4-8509-edead3bc5d4e 111b7c050460491c8ceff60cfd0e0e5a 7c1d491e3cb14a64b08d86ebb09085d6 - - 582d23189cde4c9ab1f97f00c4deb504 582d23189cde4c9ab1f97f00c4deb504] 10.0.0.107 "DELETE /resource_providers/b269a49a-e83d-4de6-b63a-0fa2a8413442" status: 404 len: 246 microversion: 1.1 [pid: 8|app: 0|req: 374/750] 10.0.0.107 () {34 vars in 816 bytes} [Fri Jun 19 02:43:07 2026] DELETE /resource_providers/b269a49a-e83d-4de6-b63a-0fa2a8413442 => generated 246 bytes in 14 msecs (HTTP/1.1 404) 6 headers in 231 bytes (1 switches on core 0)
2026-06-19 02:43:07.857 7 INFO placement.requestlog [None req-382398ce-8349-4860-9fd2-feb116971273 111b7c050460491c8ceff60cfd0e0e5a 7c1d491e3cb14a64b08d86ebb09085d6 - - 582d23189cde4c9ab1f97f00c4deb504 582d23189cde4c9ab1f97f00c4deb504] 10.0.0.107 "DELETE /resource_providers/b269a49a-e83d-4de6-b63a-0fa2a8413442" status: 404 len: 246 microversion: 1.1 [pid: 7|app: 0|req: 377/751] 10.0.0.107 () {34 vars in 816 bytes} [Fri Jun 19 02:43:07 2026] DELETE /resource_providers/b269a49a-e83d-4de6-b63a-0fa2a8413442 => generated 246 bytes in 14 msecs (HTTP/1.1 404) 6 headers in 231 bytes (1 switches on core 0)
2026-06-19 02:43:09.494 7 INFO placement.requestlog [None req-c9aa1df4-afe2-4434-8956-7d1767e68478 111b7c050460491c8ceff60cfd0e0e5a 7c1d491e3cb14a64b08d86ebb09085d6 - - 582d23189cde4c9ab1f97f00c4deb504 582d23189cde4c9ab1f97f00c4deb504] 10.0.0.107 "GET /resource_providers/5213a90e-2616-429b-9e5b-e0c0b017eb28/aggregates" status: 404 len: 235 microversion: 1.1 [pid: 7|app: 0|req: 378/752] 10.0.0.107 () {32 vars in 816 bytes} [Fri Jun 19 02:43:09 2026] GET /resource_providers/5213a90e-2616-429b-9e5b-e0c0b017eb28/aggregates => generated 235 bytes in 12 msecs (HTTP/1.1 404) 5 headers in 202 bytes (1 switches on core 0)
2026-06-19 02:43:09.495 8 INFO placement.requestlog [None req-2b90a527-3925-4546-af38-9887461182d2 111b7c050460491c8ceff60cfd0e0e5a 7c1d491e3cb14a64b08d86ebb09085d6 - - 582d23189cde4c9ab1f97f00c4deb504 582d23189cde4c9ab1f97f00c4deb504] 10.0.0.107 "GET /resource_providers/5213a90e-2616-429b-9e5b-e0c0b017eb28/aggregates" status: 404 len: 235 microversion: 1.1 [pid: 8|app: 0|req: 375/753] 10.0.0.107 () {32 vars in 816 bytes} [Fri Jun 19 02:43:09 2026] GET /resource_providers/5213a90e-2616-429b-9e5b-e0c0b017eb28/aggregates => generated 235 bytes in 12 msecs (HTTP/1.1 404) 5 headers in 202 bytes (1 switches on core 0)
2026-06-19 02:43:09.520 8 INFO placement.requestlog [None req-63becfa2-bd63-4d56-a3f1-122f359c9fef 111b7c050460491c8ceff60cfd0e0e5a 7c1d491e3cb14a64b08d86ebb09085d6 - - 582d23189cde4c9ab1f97f00c4deb504 582d23189cde4c9ab1f97f00c4deb504] 10.0.0.107 "DELETE /resource_providers/5213a90e-2616-429b-9e5b-e0c0b017eb28" status: 404 len: 246 microversion: 1.1 [pid: 8|app: 0|req: 376/754] 10.0.0.107 () {34 vars in 816 bytes} [Fri Jun 19 02:43:09 2026] DELETE /resource_providers/5213a90e-2616-429b-9e5b-e0c0b017eb28 => generated 246 bytes in 9 msecs (HTTP/1.1 404) 6 headers in 231 bytes (1 switches on core 0)
2026-06-19 02:43:09.522 7 INFO placement.requestlog [None req-9d46af04-df12-42f8-bc79-49632e829bf8 111b7c050460491c8ceff60cfd0e0e5a 7c1d491e3cb14a64b08d86ebb09085d6 - - 582d23189cde4c9ab1f97f00c4deb504 582d23189cde4c9ab1f97f00c4deb504] 10.0.0.107 "DELETE /resource_providers/5213a90e-2616-429b-9e5b-e0c0b017eb28" status: 404 len: 246 microversion: 1.1 [pid: 7|app: 0|req: 379/755] 10.0.0.107 () {34 vars in 816 bytes} [Fri Jun 19 02:43:09 2026] DELETE /resource_providers/5213a90e-2616-429b-9e5b-e0c0b017eb28 => generated 246 bytes in 10 msecs (HTTP/1.1 404) 6 headers in 231 bytes (1 switches on core 0)
2026-06-19 02:43:09.875 8 INFO placement.requestlog [None req-f74de0cf-dd69-4285-9c89-67c68e09f4ef 111b7c050460491c8ceff60cfd0e0e5a 7c1d491e3cb14a64b08d86ebb09085d6 - - 582d23189cde4c9ab1f97f00c4deb504 582d23189cde4c9ab1f97f00c4deb504] 10.0.0.107 "GET /resource_providers/267882a1-2753-4589-8e2f-e9be12a3f8d8/aggregates" status: 404 len: 235 microversion: 1.1 [pid: 8|app: 0|req: 377/756] 10.0.0.107 () {32 vars in 816 bytes} [Fri Jun 19 02:43:09 2026] GET /resource_providers/267882a1-2753-4589-8e2f-e9be12a3f8d8/aggregates => generated 235 bytes in 10 msecs (HTTP/1.1 404) 5 headers in 202 bytes (1 switches on core 0)
2026-06-19 02:43:09.877 7 INFO placement.requestlog [None req-c1aac2eb-067d-45d4-9866-3410860bfb14 111b7c050460491c8ceff60cfd0e0e5a 7c1d491e3cb14a64b08d86ebb09085d6 - - 582d23189cde4c9ab1f97f00c4deb504 582d23189cde4c9ab1f97f00c4deb504] 10.0.0.107 "GET /resource_providers/267882a1-2753-4589-8e2f-e9be12a3f8d8/aggregates" status: 404 len: 235 microversion: 1.1 [pid: 7|app: 0|req: 380/757] 10.0.0.107 () {32 vars in 816 bytes} [Fri Jun 19 02:43:09 2026] GET /resource_providers/267882a1-2753-4589-8e2f-e9be12a3f8d8/aggregates => generated 235 bytes in 10 msecs (HTTP/1.1 404) 5 headers in 202 bytes (1 switches on core 0)
2026-06-19 02:43:09.897 8 INFO placement.requestlog [None req-7c646791-4739-4b7f-b137-3ff58be72ed8 111b7c050460491c8ceff60cfd0e0e5a 7c1d491e3cb14a64b08d86ebb09085d6 - - 582d23189cde4c9ab1f97f00c4deb504 582d23189cde4c9ab1f97f00c4deb504] 10.0.0.107 "DELETE /resource_providers/267882a1-2753-4589-8e2f-e9be12a3f8d8" status: 404 len: 246 microversion: 1.1 [pid: 8|app: 0|req: 378/758] 10.0.0.107 () {34 vars in 816 bytes} [Fri Jun 19 02:43:09 2026] DELETE /resource_providers/267882a1-2753-4589-8e2f-e9be12a3f8d8 => generated 246 bytes in 10 msecs (HTTP/1.1 404) 6 headers in 231 bytes (1 switches on core 0)
2026-06-19 02:43:09.899 7 INFO placement.requestlog [None req-ac7b8e28-1f98-4863-a135-8b7e665d9b40 111b7c050460491c8ceff60cfd0e0e5a 7c1d491e3cb14a64b08d86ebb09085d6 - - 582d23189cde4c9ab1f97f00c4deb504 582d23189cde4c9ab1f97f00c4deb504] 10.0.0.107 "DELETE /resource_providers/267882a1-2753-4589-8e2f-e9be12a3f8d8" status: 404 len: 246 microversion: 1.1 [pid: 7|app: 0|req: 381/759] 10.0.0.107 () {34 vars in 816 bytes} [Fri Jun 19 02:43:09 2026] DELETE /resource_providers/267882a1-2753-4589-8e2f-e9be12a3f8d8 => generated 246 bytes in 10 msecs (HTTP/1.1 404) 6 headers in 231 bytes (1 switches on core 0)
2026-06-19 02:43:13.517 8 INFO placement.requestlog [None req-32a1b4c1-f00c-408d-9e6e-c039fe200ff6 - - - - - -] 10.0.0.249 "GET /" status: 200 len: 136 microversion: 1.0
2026-06-19 02:43:13.519 7 INFO placement.requestlog [None req-4fb545b7-b5b1-41e4-960e-9dfc9624a177 - - - - - -] 10.0.0.249 "GET /" status: 200 len: 136 microversion: 1.0
2026-06-19 02:43:15.683 8 INFO placement.requestlog [req-21ef9def-cbdf-4ae5-8d73-7c88f2f4b138 req-09ecf34b-87ca-4365-9c88-672ae159bb29 a248d550db3a4a9da5f5bf5e821e6342 7c1d491e3cb14a64b08d86ebb09085d6 - - 582d23189cde4c9ab1f97f00c4deb504 582d23189cde4c9ab1f97f00c4deb504] 10.0.0.219 "GET /allocation_candidates?limit=1000&resources=MEMORY_MB%3A512%2CVCPU%3A1&root_required=%21COMPUTE_STATUS_DISABLED" status: 200 len: 2769 microversion: 1.36 [pid: 8|app: 0|req: 380/762] 10.0.0.219 () {34 vars in 984 bytes} [Fri Jun 19 02:43:15 2026] GET /allocation_candidates?limit=1000&resources=MEMORY_MB%3A512%2CVCPU%3A1&root_required=%21COMPUTE_STATUS_DISABLED => generated 2769 bytes in 68 msecs (HTTP/1.1 200) 8 headers in 297 bytes (1 switches on core 0)
2026-06-19 02:43:15.726 7 INFO placement.requestlog [req-21ef9def-cbdf-4ae5-8d73-7c88f2f4b138 req-67ff9558-3bdc-4fbd-a9a4-2553b2f12ea6 a248d550db3a4a9da5f5bf5e821e6342 7c1d491e3cb14a64b08d86ebb09085d6 - - 582d23189cde4c9ab1f97f00c4deb504 582d23189cde4c9ab1f97f00c4deb504] 10.0.0.219 "GET /allocations/6eb91ed3-365f-446e-be59-47dc99a1d3e6" status: 200 len: 19 microversion: 1.28 [pid: 7|app: 0|req: 383/763] 10.0.0.219 () {34 vars in 861 bytes} [Fri Jun 19 02:43:15 2026] GET /allocations/6eb91ed3-365f-446e-be59-47dc99a1d3e6 => generated 19 bytes in 9 msecs (HTTP/1.1 200) 8 headers in 295 bytes (1 switches on core 0)
2026-06-19 02:43:15.803 8 INFO placement.requestlog [req-21ef9def-cbdf-4ae5-8d73-7c88f2f4b138 req-56d45744-9702-4942-ac3f-60f7308b74d1 a248d550db3a4a9da5f5bf5e821e6342 7c1d491e3cb14a64b08d86ebb09085d6 - - 582d23189cde4c9ab1f97f00c4deb504 582d23189cde4c9ab1f97f00c4deb504] 10.0.0.219 "PUT /allocations/6eb91ed3-365f-446e-be59-47dc99a1d3e6" status: 204 len: 0 microversion: 1.36 [pid: 8|app: 0|req: 381/764] 10.0.0.219 () {38 vars in 914 bytes} [Fri Jun 19 02:43:15 2026] PUT /allocations/6eb91ed3-365f-446e-be59-47dc99a1d3e6 => generated 0 bytes in 69 msecs (HTTP/1.1 204) 5 headers in 199 bytes (1 switches on core 0)
2026-06-19 02:43:15.901 7 INFO placement.requestlog [None req-360b73e3-930d-489b-bef9-f64ad41ec062 111b7c050460491c8ceff60cfd0e0e5a 7c1d491e3cb14a64b08d86ebb09085d6 - - 582d23189cde4c9ab1f97f00c4deb504 582d23189cde4c9ab1f97f00c4deb504] 10.0.0.107 "GET /resource_providers/e84661b9-0a55-4c40-85a9-541d6b18d56a/aggregates" status: 404 len: 235 microversion: 1.1 [pid: 7|app: 0|req: 384/765] 10.0.0.107 () {32 vars in 816 bytes} [Fri Jun 19 02:43:15 2026] GET /resource_providers/e84661b9-0a55-4c40-85a9-541d6b18d56a/aggregates => generated 235 bytes in 9 msecs (HTTP/1.1 404) 5 headers in 202 bytes (1 switches on core 0)
2026-06-19 02:43:15.904 8 INFO placement.requestlog [None req-0a39efe2-bd7d-45c5-bddc-6dbbe25f9ed9 111b7c050460491c8ceff60cfd0e0e5a 7c1d491e3cb14a64b08d86ebb09085d6 - - 582d23189cde4c9ab1f97f00c4deb504 582d23189cde4c9ab1f97f00c4deb504] 10.0.0.107 "GET /resource_providers/e84661b9-0a55-4c40-85a9-541d6b18d56a/aggregates" status: 404 len: 235 microversion: 1.1 [pid: 8|app: 0|req: 382/766] 10.0.0.107 () {32 vars in 816 bytes} [Fri Jun 19 02:43:15 2026] GET /resource_providers/e84661b9-0a55-4c40-85a9-541d6b18d56a/aggregates => generated 235 bytes in 10 msecs (HTTP/1.1 404) 5 headers in 202 bytes (1 switches on core 0)
2026-06-19 02:43:15.922 7 INFO placement.requestlog [None req-54dba11d-0d3b-4177-8403-aaaca1472958 111b7c050460491c8ceff60cfd0e0e5a 7c1d491e3cb14a64b08d86ebb09085d6 - - 582d23189cde4c9ab1f97f00c4deb504 582d23189cde4c9ab1f97f00c4deb504] 10.0.0.107 "DELETE /resource_providers/e84661b9-0a55-4c40-85a9-541d6b18d56a" status: 404 len: 246 microversion: 1.1 [pid: 7|app: 0|req: 385/767] 10.0.0.107 () {34 vars in 816 bytes} [Fri Jun 19 02:43:15 2026] DELETE /resource_providers/e84661b9-0a55-4c40-85a9-541d6b18d56a => generated 246 bytes in 8 msecs (HTTP/1.1 404) 6 headers in 231 bytes (1 switches on core 0)
2026-06-19 02:43:15.926 8 INFO placement.requestlog [None req-efe4e679-45ec-45ef-86ed-67faabb0ab36 111b7c050460491c8ceff60cfd0e0e5a 7c1d491e3cb14a64b08d86ebb09085d6 - - 582d23189cde4c9ab1f97f00c4deb504 582d23189cde4c9ab1f97f00c4deb504] 10.0.0.107 "DELETE /resource_providers/e84661b9-0a55-4c40-85a9-541d6b18d56a" status: 404 len: 246 microversion: 1.1 [pid: 8|app: 0|req: 383/768] 10.0.0.107 () {34 vars in 816 bytes} [Fri Jun 19 02:43:15 2026] DELETE /resource_providers/e84661b9-0a55-4c40-85a9-541d6b18d56a => generated 246 bytes in 8 msecs (HTTP/1.1 404) 6 headers in 231 bytes (1 switches on core 0)
2026-06-19 02:43:17.303 7 INFO placement.requestlog [req-21ef9def-cbdf-4ae5-8d73-7c88f2f4b138 req-301c8bc4-d621-4df0-bd81-2a7744f1d513 a248d550db3a4a9da5f5bf5e821e6342 7c1d491e3cb14a64b08d86ebb09085d6 - - 582d23189cde4c9ab1f97f00c4deb504 582d23189cde4c9ab1f97f00c4deb504] 199.204.45.144 "GET /allocations/6eb91ed3-365f-446e-be59-47dc99a1d3e6" status: 200 len: 243 microversion: 1.28 [pid: 7|app: 0|req: 386/769] 199.204.45.144 () {34 vars in 863 bytes} [Fri Jun 19 02:43:17 2026] GET /allocations/6eb91ed3-365f-446e-be59-47dc99a1d3e6 => generated 243 bytes in 13 msecs (HTTP/1.1 200) 8 headers in 296 bytes (1 switches on core 0)
2026-06-19 02:43:18.187 7 INFO placement.requestlog [None req-f16a5e5e-6b4a-427f-b7d6-e6eee7281655 111b7c050460491c8ceff60cfd0e0e5a 7c1d491e3cb14a64b08d86ebb09085d6 - - 582d23189cde4c9ab1f97f00c4deb504 582d23189cde4c9ab1f97f00c4deb504] 10.0.0.107 "GET /resource_providers/8552f005-0c18-4bd8-a251-9ed3edeb1934/aggregates" status: 404 len: 235 microversion: 1.1 [pid: 7|app: 0|req: 387/770] 10.0.0.107 () {32 vars in 816 bytes} [Fri Jun 19 02:43:18 2026] GET /resource_providers/8552f005-0c18-4bd8-a251-9ed3edeb1934/aggregates => generated 235 bytes in 8 msecs (HTTP/1.1 404) 5 headers in 202 bytes (1 switches on core 0)
2026-06-19 02:43:18.191 8 INFO placement.requestlog [None req-e0794425-b5e1-4343-8368-3c733d9d4261 111b7c050460491c8ceff60cfd0e0e5a 7c1d491e3cb14a64b08d86ebb09085d6 - - 582d23189cde4c9ab1f97f00c4deb504 582d23189cde4c9ab1f97f00c4deb504] 10.0.0.107 "GET /resource_providers/8552f005-0c18-4bd8-a251-9ed3edeb1934/aggregates" status: 404 len: 235 microversion: 1.1 [pid: 8|app: 0|req: 384/771] 10.0.0.107 () {32 vars in 816 bytes} [Fri Jun 19 02:43:18 2026] GET /resource_providers/8552f005-0c18-4bd8-a251-9ed3edeb1934/aggregates => generated 235 bytes in 12 msecs (HTTP/1.1 404) 5 headers in 202 bytes (1 switches on core 0)
2026-06-19 02:43:18.208 7 INFO placement.requestlog [None req-3569cd34-64ee-4503-9557-924769e93acd 111b7c050460491c8ceff60cfd0e0e5a 7c1d491e3cb14a64b08d86ebb09085d6 - - 582d23189cde4c9ab1f97f00c4deb504 582d23189cde4c9ab1f97f00c4deb504] 10.0.0.107 "DELETE /resource_providers/8552f005-0c18-4bd8-a251-9ed3edeb1934" status: 404 len: 246 microversion: 1.1 [pid: 7|app: 0|req: 388/772] 10.0.0.107 () {34 vars in 816 bytes} [Fri Jun 19 02:43:18 2026] DELETE /resource_providers/8552f005-0c18-4bd8-a251-9ed3edeb1934 => generated 246 bytes in 9 msecs (HTTP/1.1 404) 6 headers in 231 bytes (1 switches on core 0)
2026-06-19 02:43:18.211 8 INFO placement.requestlog [None req-496360ab-4f76-4120-a746-f3b96ddea53b 111b7c050460491c8ceff60cfd0e0e5a 7c1d491e3cb14a64b08d86ebb09085d6 - - 582d23189cde4c9ab1f97f00c4deb504 582d23189cde4c9ab1f97f00c4deb504] 10.0.0.107 "DELETE /resource_providers/8552f005-0c18-4bd8-a251-9ed3edeb1934" status: 404 len: 246 microversion: 1.1 [pid: 8|app: 0|req: 385/773] 10.0.0.107 () {34 vars in 816 bytes} [Fri Jun 19 02:43:18 2026] DELETE /resource_providers/8552f005-0c18-4bd8-a251-9ed3edeb1934 => generated 246 bytes in 9 msecs (HTTP/1.1 404) 6 headers in 231 bytes (1 switches on core 0)
2026-06-19 02:43:18.353 7 INFO placement.requestlog [req-21ef9def-cbdf-4ae5-8d73-7c88f2f4b138 req-d9b5fc1f-2fd8-430f-9419-c2854e4e9275 a248d550db3a4a9da5f5bf5e821e6342 7c1d491e3cb14a64b08d86ebb09085d6 - - 582d23189cde4c9ab1f97f00c4deb504 582d23189cde4c9ab1f97f00c4deb504] 199.204.45.144 "GET /resource_providers/2434c1d3-6d21-428c-9867-a02677ee648a/allocations" status: 200 len: 238 microversion: 1.0 [pid: 7|app: 0|req: 389/774] 199.204.45.144 () {32 vars in 857 bytes} [Fri Jun 19 02:43:18 2026] GET /resource_providers/2434c1d3-6d21-428c-9867-a02677ee648a/allocations => generated 238 bytes in 24 msecs (HTTP/1.1 200) 6 headers in 224 bytes (1 switches on core 0)
2026-06-19 02:43:18.381 8 INFO placement.requestlog [req-21ef9def-cbdf-4ae5-8d73-7c88f2f4b138 req-712871ea-afc2-4dee-9cfe-aac7dc45505c a248d550db3a4a9da5f5bf5e821e6342 7c1d491e3cb14a64b08d86ebb09085d6 - - 582d23189cde4c9ab1f97f00c4deb504 582d23189cde4c9ab1f97f00c4deb504] 199.204.45.144 "GET /allocations/6eb91ed3-365f-446e-be59-47dc99a1d3e6" status: 200 len: 243 microversion: 1.28 [pid: 8|app: 0|req: 386/775] 199.204.45.144 () {34 vars in 863 bytes} [Fri Jun 19 02:43:18 2026] GET /allocations/6eb91ed3-365f-446e-be59-47dc99a1d3e6 => generated 243 bytes in 19 msecs (HTTP/1.1 200) 8 headers in 296 bytes (1 switches on core 0)
2026-06-19 02:43:18.399 7 INFO placement.requestlog [req-21ef9def-cbdf-4ae5-8d73-7c88f2f4b138 req-fd913e17-2c64-46bd-a0a9-88b775c8d6ad a248d550db3a4a9da5f5bf5e821e6342 7c1d491e3cb14a64b08d86ebb09085d6 - - 582d23189cde4c9ab1f97f00c4deb504 582d23189cde4c9ab1f97f00c4deb504] 199.204.45.144 "GET /allocations/c87835cf-9182-4810-b835-07e090193ba2" status: 200 len: 257 microversion: 1.28 [pid: 7|app: 0|req: 390/776] 199.204.45.144 () {34 vars in 863 bytes} [Fri Jun 19 02:43:18 2026] GET /allocations/c87835cf-9182-4810-b835-07e090193ba2 => generated 257 bytes in 12 msecs (HTTP/1.1 200) 8 headers in 296 bytes (1 switches on core 0)
2026-06-19 02:43:18.990 7 INFO placement.requestlog [None req-75a953d7-2f3f-4c8a-bcc7-8d32a341c720 111b7c050460491c8ceff60cfd0e0e5a 7c1d491e3cb14a64b08d86ebb09085d6 - - 582d23189cde4c9ab1f97f00c4deb504 582d23189cde4c9ab1f97f00c4deb504] 10.0.0.107 "GET /resource_providers/4214ddd3-f5f0-432b-af5a-05b8de57765f/aggregates" status: 404 len: 235 microversion: 1.1 [pid: 7|app: 0|req: 391/777] 10.0.0.107 () {32 vars in 816 bytes} [Fri Jun 19 02:43:18 2026] GET /resource_providers/4214ddd3-f5f0-432b-af5a-05b8de57765f/aggregates => generated 235 bytes in 8 msecs (HTTP/1.1 404) 5 headers in 202 bytes (1 switches on core 0)
2026-06-19 02:43:18.993 8 INFO placement.requestlog [None req-6799d0e6-352d-40f3-9e43-7e58f4591256 111b7c050460491c8ceff60cfd0e0e5a 7c1d491e3cb14a64b08d86ebb09085d6 - - 582d23189cde4c9ab1f97f00c4deb504 582d23189cde4c9ab1f97f00c4deb504] 10.0.0.107 "GET /resource_providers/4214ddd3-f5f0-432b-af5a-05b8de57765f/aggregates" status: 404 len: 235 microversion: 1.1 [pid: 8|app: 0|req: 387/778] 10.0.0.107 () {32 vars in 816 bytes} [Fri Jun 19 02:43:18 2026] GET /resource_providers/4214ddd3-f5f0-432b-af5a-05b8de57765f/aggregates => generated 235 bytes in 11 msecs (HTTP/1.1 404) 5 headers in 202 bytes (1 switches on core 0)
