2026-06-19 02:45:07.746 8 WARNING neutron.scheduler.dhcp_agent_scheduler [None req-08be1664-7b58-4be5-af89-1cbb2df323ce 2171c5f1210b4f2980744477361ea823 b34ed6d391444b3697390ce1a680963b - - default default] No more DHCP agents
2026-06-19 02:45:07.749 8 WARNING neutron.api.rpc.agentnotifiers.dhcp_rpc_agent_api [None req-08be1664-7b58-4be5-af89-1cbb2df323ce 2171c5f1210b4f2980744477361ea823 b34ed6d391444b3697390ce1a680963b - - default default] Unable to schedule network 138b508d-09a3-4e08-8ed7-9ab804ea970f: no agents available; will retry on subsequent port and subnet creation events.
2026-06-19 02:45:07.918 8 INFO neutron.db.ovn_revision_numbers_db [None req-cf928cbb-3e95-4840-bb5d-4f34e37bfe19 - - - - - -] Successfully bumped revision number for resource b7cc0a49-ec8b-4b6f-b135-81f8bf8e1c39 (type: ports) to 5
2026-06-19 02:45:07.956 8 INFO neutron.db.ovn_revision_numbers_db [None req-08be1664-7b58-4be5-af89-1cbb2df323ce 2171c5f1210b4f2980744477361ea823 b34ed6d391444b3697390ce1a680963b - - default default] Successfully bumped revision number for resource 99d8db94-7468-4869-bf94-56adb56edd14 (type: ports) to 1 [pid: 8|app: 0|req: 1014/2022] 10.0.0.115 () {34 vars in 670 bytes} [Fri Jun 19 02:45:06 2026] POST /v2.0/networks => generated 749 bytes in 1085 msecs (HTTP/1.1 201) 4 headers in 162 bytes (1 switches on core 0)
2026-06-19 02:45:08.189 7 WARNING neutron.scheduler.dhcp_agent_scheduler [None req-97efca4e-eea9-4cc1-a784-98a275b1a52e 404d70d3f9eb40448fefb3bedc1c31d7 deae075677a74717a7187d20891946db - - default default] No more DHCP agents
2026-06-19 02:45:08.191 7 WARNING neutron.api.rpc.agentnotifiers.dhcp_rpc_agent_api [None req-97efca4e-eea9-4cc1-a784-98a275b1a52e 404d70d3f9eb40448fefb3bedc1c31d7 deae075677a74717a7187d20891946db - - default default] Unable to schedule network fe9981fc-c029-4899-9da9-19580636a61e: no agents available; will retry on subsequent port and subnet creation events. [pid: 8|app: 0|req: 1015/2023] 10.0.0.115 () {32 vars in 740 bytes} [Fri Jun 19 02:45:07 2026] DELETE /v2.0/security-groups/f3612a69-263e-491a-be61-f2bfd065b67f => generated 0 bytes in 250 msecs (HTTP/1.1 204) 2 headers in 112 bytes (1 switches on core 0)
2026-06-19 02:45:08.327 7 INFO neutron.plugins.ml2.drivers.ovn.mech_driver.mech_driver [None req-c5ebb10d-a1fe-4b82-b144-9ef05c1d2208 - - - - - -] OVN reports status down for port: 57493e36-ade6-43c8-abc7-05f0094bcc43
2026-06-19 02:45:08.407 7 INFO neutron.db.ovn_revision_numbers_db [None req-97efca4e-eea9-4cc1-a784-98a275b1a52e 404d70d3f9eb40448fefb3bedc1c31d7 deae075677a74717a7187d20891946db - - default default] Successfully bumped revision number for resource 57493e36-ade6-43c8-abc7-05f0094bcc43 (type: ports) to 1
2026-06-19 02:45:08.444 8 WARNING neutron.scheduler.dhcp_agent_scheduler [None req-29932b99-1aba-4f13-963d-f7cc0265b9a6 2171c5f1210b4f2980744477361ea823 b34ed6d391444b3697390ce1a680963b - - default default] No more DHCP agents
2026-06-19 02:45:08.446 8 WARNING neutron.api.rpc.agentnotifiers.dhcp_rpc_agent_api [None req-29932b99-1aba-4f13-963d-f7cc0265b9a6 2171c5f1210b4f2980744477361ea823 b34ed6d391444b3697390ce1a680963b - - default default] Unable to schedule network 138b508d-09a3-4e08-8ed7-9ab804ea970f: no agents available; will retry on subsequent port and subnet creation events.
2026-06-19 02:45:08.547 8 INFO neutron.plugins.ml2.drivers.ovn.mech_driver.mech_driver [None req-5bd177be-a519-40c0-8a81-8e2c386927d0 - - - - - -] OVN reports status down for port: 99d8db94-7468-4869-bf94-56adb56edd14
2026-06-19 02:45:08.958 8 INFO neutron.db.ovn_revision_numbers_db [None req-efc01e5f-e424-492c-ad90-1231dbbba408 - - - - - -] Successfully bumped revision number for resource 99d8db94-7468-4869-bf94-56adb56edd14 (type: ports) to 2
2026-06-19 02:45:08.991 8 INFO neutron.db.ovn_revision_numbers_db [None req-efc01e5f-e424-492c-ad90-1231dbbba408 - - - - - -] Successfully bumped revision number for resource 88e14897-a525-40c8-9e9a-5cd71a9eba70 (type: subnets) to 0 [pid: 8|app: 0|req: 1016/2024] 10.0.0.115 () {34 vars in 669 bytes} [Fri Jun 19 02:45:08 2026] POST /v2.0/subnets => generated 647 bytes in 762 msecs (HTTP/1.1 201) 4 headers in 162 bytes (1 switches on core 0)
2026-06-19 02:45:09.074 7 INFO neutron.plugins.ml2.drivers.ovn.mech_driver.mech_driver [None req-c5ebb10d-a1fe-4b82-b144-9ef05c1d2208 - - - - - -] OVN reports status up for port: 57493e36-ade6-43c8-abc7-05f0094bcc43
2026-06-19 02:45:09.103 7 INFO neutron.plugins.ml2.plugin [None req-c5ebb10d-a1fe-4b82-b144-9ef05c1d2208 - - - - - -] Attempt 1 to provision port 57493e36-ade6-43c8-abc7-05f0094bcc43
2026-06-19 02:45:09.223 7 WARNING neutron.scheduler.dhcp_agent_scheduler [None req-97efca4e-eea9-4cc1-a784-98a275b1a52e 404d70d3f9eb40448fefb3bedc1c31d7 deae075677a74717a7187d20891946db - - default default] No more DHCP agents
2026-06-19 02:45:09.227 7 WARNING neutron.api.rpc.agentnotifiers.dhcp_rpc_agent_api [None req-97efca4e-eea9-4cc1-a784-98a275b1a52e 404d70d3f9eb40448fefb3bedc1c31d7 deae075677a74717a7187d20891946db - - default default] Unable to schedule network fe9981fc-c029-4899-9da9-19580636a61e: no agents available; will retry on subsequent port and subnet creation events.
2026-06-19 02:45:09.456 8 INFO neutron.db.ovn_revision_numbers_db [None req-22b3f50e-3824-4954-abc6-3a171adada4a 8019a8d567164933ab445b86f47a3f6f 32513b2bd6f541fcb1d1cde71fb90a2c - - default default] Successfully bumped revision number for resource bea740ee-7926-4465-ae59-1cafac1a7442 (type: security_groups) to 1
2026-06-19 02:45:09.479 8 INFO neutron.db.ovn_revision_numbers_db [None req-22b3f50e-3824-4954-abc6-3a171adada4a 8019a8d567164933ab445b86f47a3f6f 32513b2bd6f541fcb1d1cde71fb90a2c - - default default] Successfully bumped revision number for resource 43fd7678-a125-42a4-91fc-79604d34117e (type: security_group_rules) to 0
2026-06-19 02:45:09.523 8 INFO neutron.db.ovn_revision_numbers_db [None req-22b3f50e-3824-4954-abc6-3a171adada4a 8019a8d567164933ab445b86f47a3f6f 32513b2bd6f541fcb1d1cde71fb90a2c - - default default] Successfully bumped revision number for resource 9a0f1af3-7875-4e09-815f-87ca978cb0ec (type: security_group_rules) to 0
2026-06-19 02:45:09.535 8 INFO neutron.db.ovn_revision_numbers_db [None req-22b3f50e-3824-4954-abc6-3a171adada4a 8019a8d567164933ab445b86f47a3f6f 32513b2bd6f541fcb1d1cde71fb90a2c - - default default] Successfully bumped revision number for resource c877ccd3-e37c-49d0-9710-b8ce6aff0528 (type: security_group_rules) to 0
2026-06-19 02:45:09.552 8 INFO neutron.db.ovn_revision_numbers_db [None req-22b3f50e-3824-4954-abc6-3a171adada4a 8019a8d567164933ab445b86f47a3f6f 32513b2bd6f541fcb1d1cde71fb90a2c - - default default] Successfully bumped revision number for resource d9877ae2-6425-4fe2-ac48-93081e24842d (type: security_group_rules) to 0
2026-06-19 02:45:09.674 8 INFO neutron.db.segments_db [None req-22b3f50e-3824-4954-abc6-3a171adada4a 8019a8d567164933ab445b86f47a3f6f 32513b2bd6f541fcb1d1cde71fb90a2c - - default default] Added segment cf92f671-73c7-4d3c-abf1-3059fb16e9f2 of type geneve for network 45f72c8b-6452-418c-b970-3354aa82f636
2026-06-19 02:45:09.808 8 INFO neutron.db.ovn_revision_numbers_db [None req-22b3f50e-3824-4954-abc6-3a171adada4a 8019a8d567164933ab445b86f47a3f6f 32513b2bd6f541fcb1d1cde71fb90a2c - - default default] Successfully bumped revision number for resource 45f72c8b-6452-418c-b970-3354aa82f636 (type: networks) to 1
2026-06-19 02:45:09.829 7 INFO neutron.db.ovn_revision_numbers_db [None req-c5ebb10d-a1fe-4b82-b144-9ef05c1d2208 - - - - - -] Successfully bumped revision number for resource 57493e36-ade6-43c8-abc7-05f0094bcc43 (type: ports) to 2
2026-06-19 02:45:10.029 7 INFO neutron.db.ovn_revision_numbers_db [None req-97efca4e-eea9-4cc1-a784-98a275b1a52e 404d70d3f9eb40448fefb3bedc1c31d7 deae075677a74717a7187d20891946db - - default default] Successfully bumped revision number for resource 57493e36-ade6-43c8-abc7-05f0094bcc43 (type: router_ports) to 1 [pid: 7|app: 0|req: 1009/2025] 10.0.0.115 () {34 vars in 783 bytes} [Fri Jun 19 02:45:07 2026] PUT /v2.0/routers/d65607d9-1872-42a6-ac01-ef6f66d364c2/add_router_interface => generated 309 bytes in 2390 msecs (HTTP/1.1 200) 4 headers in 157 bytes (1 switches on core 0)
2026-06-19 02:45:10.057 8 WARNING neutron.scheduler.dhcp_agent_scheduler [None req-22b3f50e-3824-4954-abc6-3a171adada4a 8019a8d567164933ab445b86f47a3f6f 32513b2bd6f541fcb1d1cde71fb90a2c - - default default] No more DHCP agents
2026-06-19 02:45:10.065 8 WARNING neutron.api.rpc.agentnotifiers.dhcp_rpc_agent_api [None req-22b3f50e-3824-4954-abc6-3a171adada4a 8019a8d567164933ab445b86f47a3f6f 32513b2bd6f541fcb1d1cde71fb90a2c - - default default] Unable to schedule network 45f72c8b-6452-418c-b970-3354aa82f636: no agents available; will retry on subsequent port and subnet creation events.
2026-06-19 02:45:10.137 8 INFO neutron.plugins.ml2.drivers.ovn.mech_driver.mech_driver [None req-5bd177be-a519-40c0-8a81-8e2c386927d0 - - - - - -] OVN reports status down for port: edd83977-d0dd-4c2c-bc3a-74e22cb9f066
2026-06-19 02:45:10.200 8 INFO neutron.db.ovn_revision_numbers_db [None req-22b3f50e-3824-4954-abc6-3a171adada4a 8019a8d567164933ab445b86f47a3f6f 32513b2bd6f541fcb1d1cde71fb90a2c - - default default] Successfully bumped revision number for resource edd83977-d0dd-4c2c-bc3a-74e22cb9f066 (type: ports) to 1
2026-06-19 02:45:10.215 7 INFO neutron.db.ovn_revision_numbers_db [None req-be83b591-a516-4d3f-ae75-8abb08b2336b 39f5da8489f14b56a860580cdd6af586 8b5e114b9a5e4e47a5f0feb01bde1845 - - default default] Successfully bumped revision number for resource 23adbb0e-ca54-4ec0-9b7f-53d45c61c3a0 (type: security_groups) to 1
2026-06-19 02:45:10.229 7 INFO neutron.db.ovn_revision_numbers_db [None req-be83b591-a516-4d3f-ae75-8abb08b2336b 39f5da8489f14b56a860580cdd6af586 8b5e114b9a5e4e47a5f0feb01bde1845 - - default default] Successfully bumped revision number for resource 3d9955bd-f41d-4fba-a3d8-32e60f4519dd (type: security_group_rules) to 0
2026-06-19 02:45:10.246 7 INFO neutron.db.ovn_revision_numbers_db [None req-be83b591-a516-4d3f-ae75-8abb08b2336b 39f5da8489f14b56a860580cdd6af586 8b5e114b9a5e4e47a5f0feb01bde1845 - - default default] Successfully bumped revision number for resource 6a9130d9-06b2-4f20-9828-0b5112ddc7de (type: security_group_rules) to 0
2026-06-19 02:45:10.259 7 INFO neutron.db.ovn_revision_numbers_db [None req-be83b591-a516-4d3f-ae75-8abb08b2336b 39f5da8489f14b56a860580cdd6af586 8b5e114b9a5e4e47a5f0feb01bde1845 - - default default] Successfully bumped revision number for resource 92cddc1d-57c8-42aa-b8c7-80c6f5ebe9d0 (type: security_group_rules) to 0 [pid: 8|app: 0|req: 1017/2026] 10.0.0.115 () {34 vars in 670 bytes} [Fri Jun 19 02:45:09 2026] POST /v2.0/networks => generated 650 bytes in 1248 msecs (HTTP/1.1 201) 4 headers in 162 bytes (1 switches on core 0)
2026-06-19 02:45:10.265 8 WARNING neutron.api.v2.base [None req-66911620-fff2-4832-a9d1-5c9946f00c4a 2171c5f1210b4f2980744477361ea823 b34ed6d391444b3697390ce1a680963b - - default default] An exception happened while processing the request body. The exception message is [Invalid input for target_tenant. Reason: '1234123412341234123412341234123412341234123412341234123412341234123412341234123412341234123412341234123412341234123412341234123412341234123412341234123412341234123412341234123412341234123412341234123412341234123412341234123412341234123412341234123412341234123412341234123412341234123412341234123412341234123412341234123412341234123412341234123412341234123412341234123412341234123412341234123412341234' exceeds maximum length of 255.].: webob.exc.HTTPBadRequest: Invalid input for target_tenant. Reason: '1234123412341234123412341234123412341234123412341234123412341234123412341234123412341234123412341234123412341234123412341234123412341234123412341234123412341234123412341234123412341234123412341234123412341234123412341234123412341234123412341234123412341234123412341234123412341234123412341234123412341234123412341234123412341234123412341234123412341234123412341234123412341234123412341234123412341234' exceeds maximum length of 255.
2026-06-19 02:45:10.266 8 INFO neutron.api.v2.resource [None req-66911620-fff2-4832-a9d1-5c9946f00c4a 2171c5f1210b4f2980744477361ea823 b34ed6d391444b3697390ce1a680963b - - default default] create failed (client error): Invalid input for target_tenant. Reason: '1234123412341234123412341234123412341234123412341234123412341234123412341234123412341234123412341234123412341234123412341234123412341234123412341234123412341234123412341234123412341234123412341234123412341234123412341234123412341234123412341234123412341234123412341234123412341234123412341234123412341234123412341234123412341234123412341234123412341234123412341234123412341234123412341234123412341234' exceeds maximum length of 255. [pid: 8|app: 0|req: 1018/2027] 10.0.0.115 () {34 vars in 681 bytes} [Fri Jun 19 02:45:10 2026] POST /v2.0/rbac-policies => generated 547 bytes in 7 msecs (HTTP/1.1 400) 4 headers in 166 bytes (1 switches on core 0)
2026-06-19 02:45:10.272 7 INFO neutron.db.ovn_revision_numbers_db [None req-be83b591-a516-4d3f-ae75-8abb08b2336b 39f5da8489f14b56a860580cdd6af586 8b5e114b9a5e4e47a5f0feb01bde1845 - - default default] Successfully bumped revision number for resource f096625b-7454-412e-8e7f-636391bfc8d2 (type: security_group_rules) to 0 [pid: 7|app: 0|req: 1010/2028] 10.0.0.115 () {32 vars in 774 bytes} [Fri Jun 19 02:45:10 2026] GET /v2.0/security-groups?tenant_id=15fc8fcd599341e7be52a6c8b6b9eee6&name=default => generated 2925 bytes in 289 msecs (HTTP/1.1 200) 4 headers in 158 bytes (1 switches on core 0) [pid: 8|app: 0|req: 1019/2029] 10.0.0.115 () {32 vars in 649 bytes} [Fri Jun 19 02:45:10 2026] GET /v2.0/networks => generated 4596 bytes in 71 msecs (HTTP/1.1 200) 4 headers in 158 bytes (1 switches on core 0)
2026-06-19 02:45:10.503 8 INFO neutron_taas.services.taas.taas_plugin [None req-3c9cd08b-da3b-46cf-84f1-be6254f3c252 2171c5f1210b4f2980744477361ea823 b34ed6d391444b3697390ce1a680963b - - default default] TaaS: Handle Delete Port: 99d8db94-7468-4869-bf94-56adb56edd14
2026-06-19 02:45:10.506 8 INFO neutron_taas.services.taas.tap_mirror_plugin [None req-3c9cd08b-da3b-46cf-84f1-be6254f3c252 2171c5f1210b4f2980744477361ea823 b34ed6d391444b3697390ce1a680963b - - default default] Tap Mirror: Handle Delete Port: 99d8db94-7468-4869-bf94-56adb56edd14
2026-06-19 02:45:10.575 7 WARNING neutron.scheduler.dhcp_agent_scheduler [None req-d107fbb3-7900-48c6-a2b2-437221753efe 8019a8d567164933ab445b86f47a3f6f 32513b2bd6f541fcb1d1cde71fb90a2c - - default default] No more DHCP agents
2026-06-19 02:45:10.576 7 WARNING neutron.api.rpc.agentnotifiers.dhcp_rpc_agent_api [None req-d107fbb3-7900-48c6-a2b2-437221753efe 8019a8d567164933ab445b86f47a3f6f 32513b2bd6f541fcb1d1cde71fb90a2c - - default default] Unable to schedule network 45f72c8b-6452-418c-b970-3354aa82f636: no agents available; will retry on subsequent port and subnet creation events.
2026-06-19 02:45:10.668 8 INFO neutron.plugins.ml2.drivers.ovn.mech_driver.mech_driver [None req-5bd177be-a519-40c0-8a81-8e2c386927d0 - - - - - -] OVN reports status down for port: 4802c209-e6c1-4515-8a8b-0079b00c6637
2026-06-19 02:45:10.675 7 INFO neutron.db.ovn_revision_numbers_db [None req-d107fbb3-7900-48c6-a2b2-437221753efe 8019a8d567164933ab445b86f47a3f6f 32513b2bd6f541fcb1d1cde71fb90a2c - - default default] Successfully bumped revision number for resource 4802c209-e6c1-4515-8a8b-0079b00c6637 (type: ports) to 1 [pid: 7|app: 0|req: 1011/2030] 10.0.0.115 () {34 vars in 664 bytes} [Fri Jun 19 02:45:10 2026] POST /v2.0/ports => generated 743 bytes in 419 msecs (HTTP/1.1 201) 4 headers in 162 bytes (1 switches on core 0) /var/lib/openstack/lib/python3.12/site-packages/pycadf/identifier.py:70: UserWarning: Invalid uuid: neutron. To ensure interoperability, identifiers should be a valid uuid. warnings.warn(('Invalid uuid: %s. To ensure interoperability, '
2026-06-19 02:45:10.899 8 INFO neutron.services.segments.plugin [-] Segment fb6d7088-3d81-4cd5-aa4a-54b6d5812529 resource provider aggregate not found
2026-06-19 02:45:10.904 8 INFO neutron.services.segments.plugin [-] Segment fb6d7088-3d81-4cd5-aa4a-54b6d5812529 resource provider aggregate not found
2026-06-19 02:45:10.926 8 INFO neutron.services.segments.plugin [-] Segment fb6d7088-3d81-4cd5-aa4a-54b6d5812529 resource provider not found; error: Placement Client Error (4xx): {"errors": [{"status": 404, "title": "Not Found", "detail": "The resource could not be found.\n\n No resource provider with uuid fb6d7088-3d81-4cd5-aa4a-54b6d5812529 found for delete ", "request_id": "req-e6ef9111-73fe-44a8-b57e-f080c3db5afc"}]}
2026-06-19 02:45:10.929 8 INFO neutron.services.segments.plugin [-] Segment fb6d7088-3d81-4cd5-aa4a-54b6d5812529 resource provider not found; error: Placement Client Error (4xx): {"errors": [{"status": 404, "title": "Not Found", "detail": "The resource could not be found.\n\n No resource provider with uuid fb6d7088-3d81-4cd5-aa4a-54b6d5812529 found for delete ", "request_id": "req-06b535cf-4a90-4b63-9f07-607a8a94a62b"}]} [pid: 8|app: 0|req: 1020/2031] 10.0.0.115 () {32 vars in 726 bytes} [Fri Jun 19 02:45:10 2026] DELETE /v2.0/networks/138b508d-09a3-4e08-8ed7-9ab804ea970f => generated 0 bytes in 619 msecs (HTTP/1.1 204) 3 headers in 131 bytes (1 switches on core 0) [pid: 8|app: 0|req: 1021/2032] 10.0.0.115 () {32 vars in 647 bytes} [Fri Jun 19 02:45:10 2026] GET /v2.0/subnets => generated 1972 bytes in 41 msecs (HTTP/1.1 200) 4 headers in 158 bytes (1 switches on core 0) [pid: 7|app: 0|req: 1012/2033] 10.0.0.115 () {32 vars in 740 bytes} [Fri Jun 19 02:45:10 2026] DELETE /v2.0/security-groups/23adbb0e-ca54-4ec0-9b7f-53d45c61c3a0 => generated 0 bytes in 282 msecs (HTTP/1.1 204) 2 headers in 112 bytes (1 switches on core 0)
2026-06-19 02:45:11.148 7 INFO neutron.db.segments_db [None req-095efe07-2da8-4bda-8dab-df4b21f610f5 2171c5f1210b4f2980744477361ea823 b34ed6d391444b3697390ce1a680963b - - default default] Added segment 59d774f2-249a-4aa3-a379-fe637b435de2 of type geneve for network b45619ad-276f-4452-94e6-76c88ffc477a
2026-06-19 02:45:11.228 7 INFO neutron.db.ovn_revision_numbers_db [None req-095efe07-2da8-4bda-8dab-df4b21f610f5 2171c5f1210b4f2980744477361ea823 b34ed6d391444b3697390ce1a680963b - - default default] Successfully bumped revision number for resource b45619ad-276f-4452-94e6-76c88ffc477a (type: networks) to 1 [pid: 8|app: 0|req: 1022/2034] 10.0.0.115 () {34 vars in 666 bytes} [Fri Jun 19 02:45:10 2026] POST /v2.0/trunks => generated 409 bytes in 252 msecs (HTTP/1.1 201) 4 headers in 162 bytes (1 switches on core 0) [pid: 8|app: 0|req: 1023/2035] 10.0.0.115 () {32 vars in 647 bytes} [Fri Jun 19 02:45:11 2026] GET /v2.0/routers => generated 976 bytes in 109 msecs (HTTP/1.1 200) 4 headers in 157 bytes (1 switches on core 0)
2026-06-19 02:45:11.376 7 WARNING neutron.scheduler.dhcp_agent_scheduler [None req-095efe07-2da8-4bda-8dab-df4b21f610f5 2171c5f1210b4f2980744477361ea823 b34ed6d391444b3697390ce1a680963b - - default default] No more DHCP agents
2026-06-19 02:45:11.378 7 WARNING neutron.api.rpc.agentnotifiers.dhcp_rpc_agent_api [None req-095efe07-2da8-4bda-8dab-df4b21f610f5 2171c5f1210b4f2980744477361ea823 b34ed6d391444b3697390ce1a680963b - - default default] Unable to schedule network b45619ad-276f-4452-94e6-76c88ffc477a: no agents available; will retry on subsequent port and subnet creation events.
2026-06-19 02:45:11.461 8 INFO neutron.plugins.ml2.drivers.ovn.mech_driver.mech_driver [None req-5bd177be-a519-40c0-8a81-8e2c386927d0 - - - - - -] OVN reports status down for port: 8d0d7a7e-ea1e-41d3-b1b1-0667f5bbc246
2026-06-19 02:45:11.470 7 INFO neutron.db.ovn_revision_numbers_db [None req-095efe07-2da8-4bda-8dab-df4b21f610f5 2171c5f1210b4f2980744477361ea823 b34ed6d391444b3697390ce1a680963b - - default default] Successfully bumped revision number for resource 8d0d7a7e-ea1e-41d3-b1b1-0667f5bbc246 (type: ports) to 1 [pid: 7|app: 0|req: 1013/2036] 10.0.0.115 () {34 vars in 670 bytes} [Fri Jun 19 02:45:11 2026] POST /v2.0/networks => generated 748 bytes in 462 msecs (HTTP/1.1 201) 4 headers in 162 bytes (1 switches on core 0)
2026-06-19 02:45:11.500 8 INFO neutron.db.segments_db [None req-936957ad-3aaa-4c16-8639-7b2b3714a4ca 8019a8d567164933ab445b86f47a3f6f 32513b2bd6f541fcb1d1cde71fb90a2c - - default default] Added segment d3e2e2fc-35fb-4a8a-a467-2884420f8259 of type geneve for network 0e68a8ea-9e9d-4348-869f-201c8c4c2842
2026-06-19 02:45:11.622 7 INFO neutron.db.ovn_revision_numbers_db [None req-c41909f5-807e-4c3a-811d-e1174c1db3ae 404d70d3f9eb40448fefb3bedc1c31d7 deae075677a74717a7187d20891946db - - default default] Successfully bumped revision number for resource 35e04c6b-adfc-4afb-a8fd-879aad691176 (type: security_groups) to 1
2026-06-19 02:45:11.637 7 INFO neutron.db.ovn_revision_numbers_db [None req-c41909f5-807e-4c3a-811d-e1174c1db3ae 404d70d3f9eb40448fefb3bedc1c31d7 deae075677a74717a7187d20891946db - - default default] Successfully bumped revision number for resource 60867c63-aafa-468c-b1f0-aea999547d77 (type: security_group_rules) to 0
2026-06-19 02:45:11.648 7 INFO neutron.db.ovn_revision_numbers_db [None req-c41909f5-807e-4c3a-811d-e1174c1db3ae 404d70d3f9eb40448fefb3bedc1c31d7 deae075677a74717a7187d20891946db - - default default] Successfully bumped revision number for resource cd9bdc26-7ff3-486b-968b-0acb13b6c9cf (type: security_group_rules) to 0
2026-06-19 02:45:11.657 8 INFO neutron.db.ovn_revision_numbers_db [None req-936957ad-3aaa-4c16-8639-7b2b3714a4ca 8019a8d567164933ab445b86f47a3f6f 32513b2bd6f541fcb1d1cde71fb90a2c - - default default] Successfully bumped revision number for resource 0e68a8ea-9e9d-4348-869f-201c8c4c2842 (type: networks) to 1 [pid: 7|app: 0|req: 1014/2037] 10.0.0.115 () {34 vars in 685 bytes} [Fri Jun 19 02:45:11 2026] POST /v2.0/security-groups => generated 1675 bytes in 188 msecs (HTTP/1.1 201) 4 headers in 163 bytes (1 switches on core 0)
2026-06-19 02:45:11.814 7 WARNING neutron.scheduler.dhcp_agent_scheduler [None req-c2f3f140-1b9b-4860-8d9a-2113eec123c2 2171c5f1210b4f2980744477361ea823 b34ed6d391444b3697390ce1a680963b - - default default] No more DHCP agents
2026-06-19 02:45:11.815 8 WARNING neutron.scheduler.dhcp_agent_scheduler [None req-936957ad-3aaa-4c16-8639-7b2b3714a4ca 8019a8d567164933ab445b86f47a3f6f 32513b2bd6f541fcb1d1cde71fb90a2c - - default default] No more DHCP agents
2026-06-19 02:45:11.815 7 WARNING neutron.api.rpc.agentnotifiers.dhcp_rpc_agent_api [None req-c2f3f140-1b9b-4860-8d9a-2113eec123c2 2171c5f1210b4f2980744477361ea823 b34ed6d391444b3697390ce1a680963b - - default default] Unable to schedule network b45619ad-276f-4452-94e6-76c88ffc477a: no agents available; will retry on subsequent port and subnet creation events.
2026-06-19 02:45:11.816 8 WARNING neutron.api.rpc.agentnotifiers.dhcp_rpc_agent_api [None req-936957ad-3aaa-4c16-8639-7b2b3714a4ca 8019a8d567164933ab445b86f47a3f6f 32513b2bd6f541fcb1d1cde71fb90a2c - - default default] Unable to schedule network 0e68a8ea-9e9d-4348-869f-201c8c4c2842: no agents available; will retry on subsequent port and subnet creation events.
2026-06-19 02:45:11.881 8 INFO neutron.plugins.ml2.drivers.ovn.mech_driver.mech_driver [None req-5bd177be-a519-40c0-8a81-8e2c386927d0 - - - - - -] OVN reports status down for port: 7294e967-6e5a-47c5-8962-9ffc780493dc
2026-06-19 02:45:11.932 8 INFO neutron.db.ovn_revision_numbers_db [None req-936957ad-3aaa-4c16-8639-7b2b3714a4ca 8019a8d567164933ab445b86f47a3f6f 32513b2bd6f541fcb1d1cde71fb90a2c - - default default] Successfully bumped revision number for resource 7294e967-6e5a-47c5-8962-9ffc780493dc (type: ports) to 1 [pid: 8|app: 0|req: 1024/2038] 10.0.0.115 () {34 vars in 670 bytes} [Fri Jun 19 02:45:11 2026] POST /v2.0/networks => generated 650 bytes in 616 msecs (HTTP/1.1 201) 4 headers in 162 bytes (1 switches on core 0)
2026-06-19 02:45:12.125 8 INFO neutron.db.ovn_revision_numbers_db [None req-1da15752-c90b-4640-bfe3-106fb0f3cf1e 404d70d3f9eb40448fefb3bedc1c31d7 deae075677a74717a7187d20891946db - - default default] Successfully bumped revision number for resource e7395a0d-c92e-48d9-9994-83d7d7e1fb3c (type: security_group_rules) to 0 [pid: 8|app: 0|req: 1025/2039] 10.0.0.115 () {34 vars in 695 bytes} [Fri Jun 19 02:45:11 2026] POST /v2.0/security-group-rules => generated 597 bytes in 180 msecs (HTTP/1.1 201) 4 headers in 162 bytes (1 switches on core 0)
2026-06-19 02:45:12.325 7 INFO neutron.db.ovn_revision_numbers_db [None req-b06f8ecf-073d-43cc-871e-b263ae4a298a - - - - - -] Successfully bumped revision number for resource 8d0d7a7e-ea1e-41d3-b1b1-0667f5bbc246 (type: ports) to 2
2026-06-19 02:45:12.381 7 INFO neutron.db.ovn_revision_numbers_db [None req-b06f8ecf-073d-43cc-871e-b263ae4a298a - - - - - -] Successfully bumped revision number for resource 83eb19bc-944b-4dbd-93b8-bb0bcdebe730 (type: subnets) to 0 [pid: 7|app: 0|req: 1015/2040] 10.0.0.115 () {34 vars in 669 bytes} [Fri Jun 19 02:45:11 2026] POST /v2.0/subnets => generated 647 bytes in 720 msecs (HTTP/1.1 201) 4 headers in 162 bytes (1 switches on core 0)
2026-06-19 02:45:12.422 8 WARNING neutron.scheduler.dhcp_agent_scheduler [None req-f660e9c7-56eb-49e6-a139-1a0190973055 8019a8d567164933ab445b86f47a3f6f 32513b2bd6f541fcb1d1cde71fb90a2c - - default default] No more DHCP agents
2026-06-19 02:45:12.424 8 WARNING neutron.api.rpc.agentnotifiers.dhcp_rpc_agent_api [None req-f660e9c7-56eb-49e6-a139-1a0190973055 8019a8d567164933ab445b86f47a3f6f 32513b2bd6f541fcb1d1cde71fb90a2c - - default default] Unable to schedule network 0e68a8ea-9e9d-4348-869f-201c8c4c2842: no agents available; will retry on subsequent port and subnet creation events.
2026-06-19 02:45:12.515 8 INFO neutron.db.ovn_revision_numbers_db [None req-f660e9c7-56eb-49e6-a139-1a0190973055 8019a8d567164933ab445b86f47a3f6f 32513b2bd6f541fcb1d1cde71fb90a2c - - default default] Successfully bumped revision number for resource bb9938a9-9d15-4c20-91d4-66003b55b01f (type: ports) to 1 [pid: 8|app: 0|req: 1026/2041] 10.0.0.115 () {34 vars in 664 bytes} [Fri Jun 19 02:45:12 2026] POST /v2.0/ports => generated 743 bytes in 411 msecs (HTTP/1.1 201) 4 headers in 162 bytes (1 switches on core 0) /var/lib/openstack/lib/python3.12/site-packages/pycadf/identifier.py:70: UserWarning: Invalid uuid: neutron. To ensure interoperability, identifiers should be a valid uuid. warnings.warn(('Invalid uuid: %s. To ensure interoperability, '
2026-06-19 02:45:12.616 7 INFO neutron.db.ovn_revision_numbers_db [None req-456d8ea1-d2db-48c3-856f-5c6b085dfcf8 404d70d3f9eb40448fefb3bedc1c31d7 deae075677a74717a7187d20891946db - - default default] Successfully bumped revision number for resource 4d1961d8-43aa-4c3a-8dbb-012fc93dcbbf (type: security_group_rules) to 0 [pid: 7|app: 0|req: 1016/2042] 10.0.0.115 () {34 vars in 695 bytes} [Fri Jun 19 02:45:12 2026] POST /v2.0/security-group-rules => generated 596 bytes in 248 msecs (HTTP/1.1 201) 4 headers in 162 bytes (1 switches on core 0) [pid: 8|app: 0|req: 1027/2043] 10.0.0.115 () {34 vars in 681 bytes} [Fri Jun 19 02:45:12 2026] POST /v2.0/rbac-policies => generated 324 bytes in 218 msecs (HTTP/1.1 201) 4 headers in 162 bytes (1 switches on core 0) [pid: 7|app: 0|req: 1017/2044] 10.0.0.115 () {34 vars in 666 bytes} [Fri Jun 19 02:45:12 2026] POST /v2.0/trunks => generated 409 bytes in 255 msecs (HTTP/1.1 201) 4 headers in 162 bytes (1 switches on core 0)
2026-06-19 02:45:12.920 8 INFO neutron.db.ovn_revision_numbers_db [None req-782bbfc8-429f-48b1-8377-740e3964483d 404d70d3f9eb40448fefb3bedc1c31d7 deae075677a74717a7187d20891946db - - default default] Successfully bumped revision number for resource 94d53551-89b9-4b75-b701-9c36fe7a6539 (type: security_group_rules) to 0 [pid: 8|app: 0|req: 1028/2045] 10.0.0.115 () {34 vars in 695 bytes} [Fri Jun 19 02:45:12 2026] POST /v2.0/security-group-rules => generated 602 bytes in 163 msecs (HTTP/1.1 201) 4 headers in 162 bytes (1 switches on core 0)
2026-06-19 02:45:13.012 7 INFO neutron.db.segments_db [None req-d77ac82b-45ad-4040-812c-be6a9e95297d 8019a8d567164933ab445b86f47a3f6f 32513b2bd6f541fcb1d1cde71fb90a2c - - default default] Added segment c3628645-caf3-4f13-a567-8e000779f392 of type geneve for network cc634bb3-dffd-4286-849c-567d59867753
2026-06-19 02:45:13.082 8 INFO neutron.db.ovn_revision_numbers_db [None req-7d05656e-983b-4349-953c-0ed052311566 404d70d3f9eb40448fefb3bedc1c31d7 deae075677a74717a7187d20891946db - - default default] Successfully bumped revision number for resource 8991d74f-d32c-43b1-9743-1448daba336a (type: security_group_rules) to 0 [pid: 8|app: 0|req: 1029/2046] 10.0.0.115 () {34 vars in 695 bytes} [Fri Jun 19 02:45:12 2026] POST /v2.0/security-group-rules => generated 601 bytes in 164 msecs (HTTP/1.1 201) 4 headers in 162 bytes (1 switches on core 0)
2026-06-19 02:45:13.154 7 INFO neutron.db.ovn_revision_numbers_db [None req-d77ac82b-45ad-4040-812c-be6a9e95297d 8019a8d567164933ab445b86f47a3f6f 32513b2bd6f541fcb1d1cde71fb90a2c - - default default] Successfully bumped revision number for resource cc634bb3-dffd-4286-849c-567d59867753 (type: networks) to 1
2026-06-19 02:45:13.173 8 INFO neutron.db.securitygroups_db [None req-52b32267-2930-469d-9e56-6e4f956dd5e5 404d70d3f9eb40448fefb3bedc1c31d7 deae075677a74717a7187d20891946db - - default default] Project deae075677a74717a7187d20891946db added a security group rule with legacy IPv6 ICMP protocol name icmp, ipv6-icmp should be used instead. It was automatically converted.
2026-06-19 02:45:13.275 8 INFO neutron.db.ovn_revision_numbers_db [None req-52b32267-2930-469d-9e56-6e4f956dd5e5 404d70d3f9eb40448fefb3bedc1c31d7 deae075677a74717a7187d20891946db - - default default] Successfully bumped revision number for resource 00cf2067-4582-42de-9cc3-4ec6c651b135 (type: security_group_rules) to 0 [pid: 8|app: 0|req: 1030/2047] 10.0.0.115 () {34 vars in 695 bytes} [Fri Jun 19 02:45:13 2026] POST /v2.0/security-group-rules => generated 607 bytes in 183 msecs (HTTP/1.1 201) 4 headers in 162 bytes (1 switches on core 0)
2026-06-19 02:45:13.372 7 WARNING neutron.scheduler.dhcp_agent_scheduler [None req-d77ac82b-45ad-4040-812c-be6a9e95297d 8019a8d567164933ab445b86f47a3f6f 32513b2bd6f541fcb1d1cde71fb90a2c - - default default] No more DHCP agents
2026-06-19 02:45:13.375 7 WARNING neutron.api.rpc.agentnotifiers.dhcp_rpc_agent_api [None req-d77ac82b-45ad-4040-812c-be6a9e95297d 8019a8d567164933ab445b86f47a3f6f 32513b2bd6f541fcb1d1cde71fb90a2c - - default default] Unable to schedule network cc634bb3-dffd-4286-849c-567d59867753: no agents available; will retry on subsequent port and subnet creation events. [pid: 8|app: 0|req: 1031/2048] 10.0.0.115 () {32 vars in 723 bytes} [Fri Jun 19 02:45:13 2026] GET /v2.0/networks/b45619ad-276f-4452-94e6-76c88ffc477a => generated 692 bytes in 188 msecs (HTTP/1.1 200) 4 headers in 157 bytes (1 switches on core 0)
2026-06-19 02:45:13.508 7 INFO neutron.db.ovn_revision_numbers_db [None req-d77ac82b-45ad-4040-812c-be6a9e95297d 8019a8d567164933ab445b86f47a3f6f 32513b2bd6f541fcb1d1cde71fb90a2c - - default default] Successfully bumped revision number for resource 9139bcac-785c-4bad-aa52-9e6b317cdef9 (type: ports) to 1
2026-06-19 02:45:13.537 8 INFO neutron.db.securitygroups_db [None req-848ad9d1-291c-413e-af2f-928c2018958d 404d70d3f9eb40448fefb3bedc1c31d7 deae075677a74717a7187d20891946db - - default default] Project deae075677a74717a7187d20891946db added a security group rule with legacy IPv6 ICMP protocol name icmp, ipv6-icmp should be used instead. It was automatically converted. [pid: 7|app: 0|req: 1018/2049] 10.0.0.115 () {34 vars in 670 bytes} [Fri Jun 19 02:45:12 2026] POST /v2.0/networks => generated 651 bytes in 627 msecs (HTTP/1.1 201) 4 headers in 162 bytes (1 switches on core 0)
2026-06-19 02:45:13.716 8 INFO neutron.db.ovn_revision_numbers_db [None req-848ad9d1-291c-413e-af2f-928c2018958d 404d70d3f9eb40448fefb3bedc1c31d7 deae075677a74717a7187d20891946db - - default default] Successfully bumped revision number for resource 3951910b-f9c6-48d5-859f-9ed3f542f5b4 (type: security_group_rules) to 0 [pid: 8|app: 0|req: 1032/2050] 10.0.0.115 () {34 vars in 695 bytes} [Fri Jun 19 02:45:13 2026] POST /v2.0/security-group-rules => generated 606 bytes in 244 msecs (HTTP/1.1 201) 4 headers in 162 bytes (1 switches on core 0)
2026-06-19 02:45:13.796 7 WARNING neutron.scheduler.dhcp_agent_scheduler [None req-a4060f6b-5517-401c-98a0-d70ef7466842 8019a8d567164933ab445b86f47a3f6f 32513b2bd6f541fcb1d1cde71fb90a2c - - default default] No more DHCP agents
2026-06-19 02:45:13.797 7 WARNING neutron.api.rpc.agentnotifiers.dhcp_rpc_agent_api [None req-a4060f6b-5517-401c-98a0-d70ef7466842 8019a8d567164933ab445b86f47a3f6f 32513b2bd6f541fcb1d1cde71fb90a2c - - default default] Unable to schedule network cc634bb3-dffd-4286-849c-567d59867753: no agents available; will retry on subsequent port and subnet creation events.
2026-06-19 02:45:13.923 7 INFO neutron.db.ovn_revision_numbers_db [None req-a4060f6b-5517-401c-98a0-d70ef7466842 8019a8d567164933ab445b86f47a3f6f 32513b2bd6f541fcb1d1cde71fb90a2c - - default default] Successfully bumped revision number for resource dbf86937-58f1-4d39-9482-8c035b607727 (type: ports) to 1 [pid: 7|app: 0|req: 1019/2051] 10.0.0.115 () {34 vars in 664 bytes} [Fri Jun 19 02:45:13 2026] POST /v2.0/ports => generated 743 bytes in 428 msecs (HTTP/1.1 201) 4 headers in 162 bytes (1 switches on core 0) /var/lib/openstack/lib/python3.12/site-packages/pycadf/identifier.py:70: UserWarning: Invalid uuid: neutron. To ensure interoperability, identifiers should be a valid uuid. warnings.warn(('Invalid uuid: %s. To ensure interoperability, '
2026-06-19 02:45:14.014 8 INFO neutron.pecan_wsgi.hooks.translation [None req-ff2041c7-5ef8-4c65-b8a7-ab80ea508d30 5f0c68f1f666481daca8cbb67e29dc4c 6e03c87913834807a02645f7dcc00b50 - - default default] GET failed (client error): The resource could not be found. [pid: 8|app: 0|req: 1033/2052] 10.0.0.115 () {32 vars in 723 bytes} [Fri Jun 19 02:45:13 2026] GET /v2.0/networks/b45619ad-276f-4452-94e6-76c88ffc477a => generated 138 bytes in 135 msecs (HTTP/1.1 404) 4 headers in 164 bytes (1 switches on core 0) [pid: 7|app: 0|req: 1020/2053] 10.0.0.115 () {34 vars in 666 bytes} [Fri Jun 19 02:45:13 2026] POST /v2.0/trunks => generated 409 bytes in 163 msecs (HTTP/1.1 201) 4 headers in 162 bytes (1 switches on core 0)
2026-06-19 02:45:14.173 8 INFO neutron_taas.services.taas.taas_plugin [None req-f6125ac1-79cf-4e56-af1c-a4199d36e73b 2171c5f1210b4f2980744477361ea823 b34ed6d391444b3697390ce1a680963b - - default default] TaaS: Handle Delete Port: 8d0d7a7e-ea1e-41d3-b1b1-0667f5bbc246
2026-06-19 02:45:14.180 8 INFO neutron_taas.services.taas.tap_mirror_plugin [None req-f6125ac1-79cf-4e56-af1c-a4199d36e73b 2171c5f1210b4f2980744477361ea823 b34ed6d391444b3697390ce1a680963b - - default default] Tap Mirror: Handle Delete Port: 8d0d7a7e-ea1e-41d3-b1b1-0667f5bbc246 [pid: 7|app: 0|req: 1021/2054] 10.0.0.115 () {32 vars in 649 bytes} [Fri Jun 19 02:45:14 2026] GET /v2.0/networks => generated 1374 bytes in 85 msecs (HTTP/1.1 200) 4 headers in 158 bytes (1 switches on core 0)
2026-06-19 02:45:14.354 7 INFO neutron.db.segments_db [None req-714e8d88-4ceb-457a-9eaf-032159512e8c 8019a8d567164933ab445b86f47a3f6f 32513b2bd6f541fcb1d1cde71fb90a2c - - default default] Added segment f6120e1b-262e-4d7b-839c-0fbeb43c3ba0 of type geneve for network ce608045-bf96-4029-8b02-544d5402a2da
2026-06-19 02:45:14.514 7 INFO neutron.db.ovn_revision_numbers_db [None req-714e8d88-4ceb-457a-9eaf-032159512e8c 8019a8d567164933ab445b86f47a3f6f 32513b2bd6f541fcb1d1cde71fb90a2c - - default default] Successfully bumped revision number for resource ce608045-bf96-4029-8b02-544d5402a2da (type: networks) to 1
2026-06-19 02:45:14.603 8 INFO neutron.services.segments.plugin [-] Segment 59d774f2-249a-4aa3-a379-fe637b435de2 resource provider aggregate not found
2026-06-19 02:45:14.611 8 INFO neutron.services.segments.plugin [-] Segment 59d774f2-249a-4aa3-a379-fe637b435de2 resource provider aggregate not found
2026-06-19 02:45:14.628 8 INFO neutron.services.segments.plugin [-] Segment 59d774f2-249a-4aa3-a379-fe637b435de2 resource provider not found; error: Placement Client Error (4xx): {"errors": [{"status": 404, "title": "Not Found", "detail": "The resource could not be found.\n\n No resource provider with uuid 59d774f2-249a-4aa3-a379-fe637b435de2 found for delete ", "request_id": "req-37e21a73-ae15-4213-9f58-6ab6f204070c"}]}
2026-06-19 02:45:14.639 8 INFO neutron.services.segments.plugin [-] Segment 59d774f2-249a-4aa3-a379-fe637b435de2 resource provider not found; error: Placement Client Error (4xx): {"errors": [{"status": 404, "title": "Not Found", "detail": "The resource could not be found.\n\n No resource provider with uuid 59d774f2-249a-4aa3-a379-fe637b435de2 found for delete ", "request_id": "req-ac676ca8-8412-4590-99f5-7026c2ac4c43"}]} [pid: 8|app: 0|req: 1034/2055] 10.0.0.115 () {32 vars in 726 bytes} [Fri Jun 19 02:45:14 2026] DELETE /v2.0/networks/b45619ad-276f-4452-94e6-76c88ffc477a => generated 0 bytes in 649 msecs (HTTP/1.1 204) 3 headers in 131 bytes (1 switches on core 0)
2026-06-19 02:45:14.698 7 WARNING neutron.scheduler.dhcp_agent_scheduler [None req-714e8d88-4ceb-457a-9eaf-032159512e8c 8019a8d567164933ab445b86f47a3f6f 32513b2bd6f541fcb1d1cde71fb90a2c - - default default] No more DHCP agents
2026-06-19 02:45:14.700 7 WARNING neutron.api.rpc.agentnotifiers.dhcp_rpc_agent_api [None req-714e8d88-4ceb-457a-9eaf-032159512e8c 8019a8d567164933ab445b86f47a3f6f 32513b2bd6f541fcb1d1cde71fb90a2c - - default default] Unable to schedule network ce608045-bf96-4029-8b02-544d5402a2da: no agents available; will retry on subsequent port and subnet creation events. [pid: 8|app: 0|req: 1035/2056] 10.0.0.230 () {34 vars in 1100 bytes} [Fri Jun 19 02:45:14 2026] GET /v2.0/security-groups?name=tempest-secgroup-smoke-1514092826&fields=id&tenant_id=deae075677a74717a7187d20891946db => generated 69 bytes in 33 msecs (HTTP/1.1 200) 4 headers in 156 bytes (1 switches on core 0)
2026-06-19 02:45:14.793 7 INFO neutron.db.ovn_revision_numbers_db [None req-714e8d88-4ceb-457a-9eaf-032159512e8c 8019a8d567164933ab445b86f47a3f6f 32513b2bd6f541fcb1d1cde71fb90a2c - - default default] Successfully bumped revision number for resource e0db68b2-f83b-4711-80a5-4ba08e950fd0 (type: ports) to 1 [pid: 7|app: 0|req: 1022/2057] 10.0.0.115 () {34 vars in 670 bytes} [Fri Jun 19 02:45:14 2026] POST /v2.0/networks => generated 650 bytes in 584 msecs (HTTP/1.1 201) 4 headers in 162 bytes (1 switches on core 0) [pid: 8|app: 0|req: 1036/2058] 10.0.0.115 () {34 vars in 676 bytes} [Fri Jun 19 02:45:14 2026] POST /v2.0/subnetpools => generated 516 bytes in 120 msecs (HTTP/1.1 201) 4 headers in 162 bytes (1 switches on core 0)
2026-06-19 02:45:14.828 7 INFO neutron.pecan_wsgi.hooks.translation [None req-a76df177-4c77-49e7-9f4b-eb4a571057d4 2171c5f1210b4f2980744477361ea823 b34ed6d391444b3697390ce1a680963b - - default default] DELETE failed (client error): The resource could not be found. [pid: 7|app: 0|req: 1023/2059] 10.0.0.115 () {32 vars in 724 bytes} [Fri Jun 19 02:45:14 2026] DELETE /v2.0/subnets/a72b967a-d93d-44e4-9c73-ece3a9edc081 => generated 136 bytes in 13 msecs (HTTP/1.1 404) 4 headers in 164 bytes (1 switches on core 0) [pid: 8|app: 0|req: 1037/2060] 10.0.0.230 () {34 vars in 982 bytes} [Fri Jun 19 02:45:14 2026] GET /v2.0/networks?id=fe9981fc-c029-4899-9da9-19580636a61e => generated 699 bytes in 45 msecs (HTTP/1.1 200) 4 headers in 157 bytes (1 switches on core 0) [pid: 8|app: 0|req: 1038/2061] 10.0.0.115 () {34 vars in 759 bytes} [Fri Jun 19 02:45:14 2026] PUT /v2.0/subnetpools/f5abfaa8-9928-4e4a-b035-c86b4fa4fb79/tags => generated 25 bytes in 52 msecs (HTTP/1.1 200) 4 headers in 156 bytes (1 switches on core 0)
2026-06-19 02:45:14.939 8 INFO neutron.pecan_wsgi.hooks.translation [None req-40080115-6a03-413d-b5dd-28fe9abbb937 2171c5f1210b4f2980744477361ea823 b34ed6d391444b3697390ce1a680963b - - default default] DELETE failed (client error): The resource could not be found. [pid: 8|app: 0|req: 1039/2062] 10.0.0.115 () {32 vars in 724 bytes} [Fri Jun 19 02:45:14 2026] DELETE /v2.0/subnets/88e14897-a525-40c8-9e9a-5cd71a9eba70 => generated 136 bytes in 18 msecs (HTTP/1.1 404) 4 headers in 164 bytes (1 switches on core 0) [pid: 8|app: 0|req: 1040/2063] 10.0.0.230 () {34 vars in 965 bytes} [Fri Jun 19 02:45:14 2026] GET /v2.0/quotas/deae075677a74717a7187d20891946db => generated 292 bytes in 7 msecs (HTTP/1.1 200) 4 headers in 157 bytes (1 switches on core 0) [pid: 8|app: 0|req: 1041/2064] 10.0.0.115 () {32 vars in 739 bytes} [Fri Jun 19 02:45:14 2026] GET /v2.0/subnetpools/f5abfaa8-9928-4e4a-b035-c86b4fa4fb79/tags => generated 25 bytes in 23 msecs (HTTP/1.1 200) 4 headers in 156 bytes (1 switches on core 0)
2026-06-19 02:45:14.982 8 INFO neutron.pecan_wsgi.hooks.translation [None req-e6de4618-8e88-4245-8f14-1e8592f75aa3 2171c5f1210b4f2980744477361ea823 b34ed6d391444b3697390ce1a680963b - - default default] DELETE failed (client error): The resource could not be found. [pid: 8|app: 0|req: 1042/2065] 10.0.0.115 () {32 vars in 724 bytes} [Fri Jun 19 02:45:14 2026] DELETE /v2.0/subnets/83eb19bc-944b-4dbd-93b8-bb0bcdebe730 => generated 136 bytes in 12 msecs (HTTP/1.1 404) 4 headers in 164 bytes (1 switches on core 0)
2026-06-19 02:45:15.014 7 WARNING neutron.scheduler.dhcp_agent_scheduler [None req-c6a72a9c-7572-4241-a8f8-d9f56a3b5902 8019a8d567164933ab445b86f47a3f6f 32513b2bd6f541fcb1d1cde71fb90a2c - - default default] No more DHCP agents
2026-06-19 02:45:15.015 7 WARNING neutron.api.rpc.agentnotifiers.dhcp_rpc_agent_api [None req-c6a72a9c-7572-4241-a8f8-d9f56a3b5902 8019a8d567164933ab445b86f47a3f6f 32513b2bd6f541fcb1d1cde71fb90a2c - - default default] Unable to schedule network ce608045-bf96-4029-8b02-544d5402a2da: no agents available; will retry on subsequent port and subnet creation events. [pid: 8|app: 0|req: 1043/2066] 10.0.0.230 () {34 vars in 1002 bytes} [Fri Jun 19 02:45:14 2026] GET /v2.0/ports?tenant_id=deae075677a74717a7187d20891946db&fields=id => generated 103 bytes in 75 msecs (HTTP/1.1 200) 4 headers in 157 bytes (1 switches on core 0)
2026-06-19 02:45:15.144 7 WARNING neutron.plugins.ml2.drivers.ovn.mech_driver.ovsdb.ovn_client [None req-63be1b66-4a88-43ff-b0b3-19112c556e47 - - - - - -] No hosting information found for port 57493e36-ade6-43c8-abc7-05f0094bcc43: RuntimeError: No hosting information found for port 57493e36-ade6-43c8-abc7-05f0094bcc43 [pid: 8|app: 0|req: 1044/2067] 10.0.0.115 () {34 vars in 770 bytes} [Fri Jun 19 02:45:15 2026] PUT /v2.0/subnetpools/f5abfaa8-9928-4e4a-b035-c86b4fa4fb79/tags/green => generated 4 bytes in 135 msecs (HTTP/1.1 201) 4 headers in 160 bytes (1 switches on core 0)
2026-06-19 02:45:15.213 7 INFO neutron.db.ovn_revision_numbers_db [None req-c6a72a9c-7572-4241-a8f8-d9f56a3b5902 8019a8d567164933ab445b86f47a3f6f 32513b2bd6f541fcb1d1cde71fb90a2c - - default default] Successfully bumped revision number for resource 23bc87c0-f919-4a0d-a585-b54dc3a0e87e (type: ports) to 1 [pid: 8|app: 0|req: 1045/2068] 10.0.0.230 () {34 vars in 1008 bytes} [Fri Jun 19 02:45:15 2026] GET /v2.0/networks/fe9981fc-c029-4899-9da9-19580636a61e?fields=segments => generated 14 bytes in 60 msecs (HTTP/1.1 200) 4 headers in 156 bytes (1 switches on core 0)
2026-06-19 02:45:15.269 7 INFO neutron.db.ovn_revision_numbers_db [None req-63be1b66-4a88-43ff-b0b3-19112c556e47 - - - - - -] Successfully bumped revision number for resource 57493e36-ade6-43c8-abc7-05f0094bcc43 (type: router_ports) to 2
2026-06-19 02:45:15.269 7 INFO neutron.plugins.ml2.drivers.ovn.mech_driver.mech_driver [None req-63be1b66-4a88-43ff-b0b3-19112c556e47 - - - - - -] OVN reports status down for port: bb9938a9-9d15-4c20-91d4-66003b55b01f [pid: 8|app: 0|req: 1046/2069] 10.0.0.115 () {32 vars in 739 bytes} [Fri Jun 19 02:45:15 2026] GET /v2.0/subnetpools/f5abfaa8-9928-4e4a-b035-c86b4fa4fb79/tags => generated 34 bytes in 28 msecs (HTTP/1.1 200) 4 headers in 156 bytes (1 switches on core 0) [pid: 7|app: 0|req: 1024/2070] 10.0.0.115 () {34 vars in 664 bytes} [Fri Jun 19 02:45:14 2026] POST /v2.0/ports => generated 743 bytes in 469 msecs (HTTP/1.1 201) 4 headers in 162 bytes (1 switches on core 0) /var/lib/openstack/lib/python3.12/site-packages/pycadf/identifier.py:70: UserWarning: Invalid uuid: neutron. To ensure interoperability, identifiers should be a valid uuid. warnings.warn(('Invalid uuid: %s. To ensure interoperability, ' [pid: 8|app: 0|req: 1047/2071] 10.0.0.230 () {34 vars in 1108 bytes} [Fri Jun 19 02:45:15 2026] GET /v2.0/networks/fe9981fc-c029-4899-9da9-19580636a61e?fields=provider%3Aphysical_network&fields=provider%3Anetwork_type => generated 79 bytes in 55 msecs (HTTP/1.1 200) 4 headers in 156 bytes (1 switches on core 0)
2026-06-19 02:45:15.392 7 INFO neutron.plugins.ml2.drivers.ovn.mech_driver.mech_driver [None req-63be1b66-4a88-43ff-b0b3-19112c556e47 - - - - - -] OVN reports status down for port: 9139bcac-785c-4bad-aa52-9e6b317cdef9 [pid: 7|app: 0|req: 1025/2072] 10.0.0.115 () {34 vars in 766 bytes} [Fri Jun 19 02:45:15 2026] PUT /v2.0/subnetpools/f5abfaa8-9928-4e4a-b035-c86b4fa4fb79/tags/red => generated 4 bytes in 108 msecs (HTTP/1.1 201) 4 headers in 160 bytes (1 switches on core 0) [pid: 7|app: 0|req: 1026/2073] 10.0.0.115 () {32 vars in 739 bytes} [Fri Jun 19 02:45:15 2026] GET /v2.0/subnetpools/f5abfaa8-9928-4e4a-b035-c86b4fa4fb79/tags => generated 34 bytes in 82 msecs (HTTP/1.1 200) 4 headers in 156 bytes (1 switches on core 0)
2026-06-19 02:45:15.515 7 INFO neutron.plugins.ml2.drivers.ovn.mech_driver.mech_driver [None req-63be1b66-4a88-43ff-b0b3-19112c556e47 - - - - - -] OVN reports status down for port: dbf86937-58f1-4d39-9482-8c035b607727 [pid: 8|app: 0|req: 1048/2074] 10.0.0.115 () {34 vars in 666 bytes} [Fri Jun 19 02:45:15 2026] POST /v2.0/trunks => generated 409 bytes in 214 msecs (HTTP/1.1 201) 4 headers in 162 bytes (1 switches on core 0) [pid: 8|app: 0|req: 1049/2075] 10.0.0.230 () {34 vars in 990 bytes} [Fri Jun 19 02:45:15 2026] GET /v2.0/ports?device_id=c95bddba-0536-4d3a-862a-7058c1b56ade => generated 12 bytes in 20 msecs (HTTP/1.1 200) 4 headers in 156 bytes (1 switches on core 0)
2026-06-19 02:45:15.625 7 INFO neutron.plugins.ml2.drivers.ovn.mech_driver.mech_driver [None req-63be1b66-4a88-43ff-b0b3-19112c556e47 - - - - - -] OVN reports status down for port: e0db68b2-f83b-4711-80a5-4ba08e950fd0 [pid: 7|app: 0|req: 1027/2076] 10.0.0.115 () {34 vars in 788 bytes} [Fri Jun 19 02:45:15 2026] PUT /v2.0/subnetpools/f5abfaa8-9928-4e4a-b035-c86b4fa4fb79/tags/black.or.white => generated 4 bytes in 141 msecs (HTTP/1.1 201) 4 headers in 160 bytes (1 switches on core 0)
2026-06-19 02:45:15.676 8 INFO neutron.db.segments_db [None req-387d791d-3532-498c-959e-bdd876c8f718 8019a8d567164933ab445b86f47a3f6f 32513b2bd6f541fcb1d1cde71fb90a2c - - default default] Added segment c14b5564-f7e5-433a-abdc-9be91d313604 of type geneve for network 07661cf0-04ef-4a4c-a3d1-ff304aced7e7 [pid: 7|app: 0|req: 1028/2077] 10.0.0.115 () {32 vars in 739 bytes} [Fri Jun 19 02:45:15 2026] GET /v2.0/subnetpools/f5abfaa8-9928-4e4a-b035-c86b4fa4fb79/tags => generated 52 bytes in 53 msecs (HTTP/1.1 200) 4 headers in 156 bytes (1 switches on core 0)
2026-06-19 02:45:15.745 7 INFO neutron.plugins.ml2.drivers.ovn.mech_driver.mech_driver [None req-63be1b66-4a88-43ff-b0b3-19112c556e47 - - - - - -] OVN reports status down for port: 23bc87c0-f919-4a0d-a585-b54dc3a0e87e
2026-06-19 02:45:15.836 8 INFO neutron.db.ovn_revision_numbers_db [None req-387d791d-3532-498c-959e-bdd876c8f718 8019a8d567164933ab445b86f47a3f6f 32513b2bd6f541fcb1d1cde71fb90a2c - - default default] Successfully bumped revision number for resource 07661cf0-04ef-4a4c-a3d1-ff304aced7e7 (type: networks) to 1 [pid: 7|app: 0|req: 1029/2078] 10.0.0.115 () {34 vars in 759 bytes} [Fri Jun 19 02:45:15 2026] PUT /v2.0/subnetpools/f5abfaa8-9928-4e4a-b035-c86b4fa4fb79/tags => generated 37 bytes in 137 msecs (HTTP/1.1 200) 4 headers in 156 bytes (1 switches on core 0) [pid: 7|app: 0|req: 1030/2079] 10.0.0.115 () {32 vars in 739 bytes} [Fri Jun 19 02:45:15 2026] GET /v2.0/subnetpools/f5abfaa8-9928-4e4a-b035-c86b4fa4fb79/tags => generated 37 bytes in 60 msecs (HTTP/1.1 200) 4 headers in 156 bytes (1 switches on core 0) [pid: 7|app: 0|req: 1031/2080] 10.0.0.115 () {32 vars in 747 bytes} [Fri Jun 19 02:45:15 2026] GET /v2.0/subnetpools/f5abfaa8-9928-4e4a-b035-c86b4fa4fb79/tags/red => generated 0 bytes in 48 msecs (HTTP/1.1 204) 2 headers in 112 bytes (1 switches on core 0)
2026-06-19 02:45:16.026 8 WARNING neutron.scheduler.dhcp_agent_scheduler [None req-387d791d-3532-498c-959e-bdd876c8f718 8019a8d567164933ab445b86f47a3f6f 32513b2bd6f541fcb1d1cde71fb90a2c - - default default] No more DHCP agents
2026-06-19 02:45:16.030 8 WARNING neutron.api.rpc.agentnotifiers.dhcp_rpc_agent_api [None req-387d791d-3532-498c-959e-bdd876c8f718 8019a8d567164933ab445b86f47a3f6f 32513b2bd6f541fcb1d1cde71fb90a2c - - default default] Unable to schedule network 07661cf0-04ef-4a4c-a3d1-ff304aced7e7: no agents available; will retry on subsequent port and subnet creation events.
2026-06-19 02:45:16.101 7 INFO neutron.plugins.ml2.drivers.ovn.mech_driver.mech_driver [None req-63be1b66-4a88-43ff-b0b3-19112c556e47 - - - - - -] OVN reports status down for port: 0fa57f8e-cf8d-47ad-87cd-edf8c6653689
2026-06-19 02:45:16.135 8 INFO neutron.db.ovn_revision_numbers_db [None req-387d791d-3532-498c-959e-bdd876c8f718 8019a8d567164933ab445b86f47a3f6f 32513b2bd6f541fcb1d1cde71fb90a2c - - default default] Successfully bumped revision number for resource 0fa57f8e-cf8d-47ad-87cd-edf8c6653689 (type: ports) to 1 [pid: 8|app: 0|req: 1050/2081] 10.0.0.115 () {34 vars in 670 bytes} [Fri Jun 19 02:45:15 2026] POST /v2.0/networks => generated 650 bytes in 594 msecs (HTTP/1.1 201) 4 headers in 162 bytes (1 switches on core 0)
