2026-02-27 19:00:25.731 7 INFO neutron.api.extensions [None req-fbf2c110-59cd-4e94-be5a-262866dfe0e7 - - - - - -] Extension local_ip not supported by any of loaded plugins
2026-02-27 19:00:25.732 7 INFO neutron.api.extensions [None req-fbf2c110-59cd-4e94-be5a-262866dfe0e7 - - - - - -] Extension logging not supported by any of loaded plugins
2026-02-27 19:00:25.733 8 INFO neutron.quota.resource_registry [None req-24220f19-ae51-4c55-8a67-eef36670e431 - - - - - -] Creating instance of TrackedResource for resource:router
2026-02-27 19:00:25.734 8 WARNING neutron.quota.resource_registry [None req-24220f19-ae51-4c55-8a67-eef36670e431 - - - - - -] router is already registered
2026-02-27 19:00:25.734 7 INFO neutron.api.extensions [None req-fbf2c110-59cd-4e94-be5a-262866dfe0e7 - - - - - -] Extension metering not supported by any of loaded plugins
2026-02-27 19:00:25.734 8 INFO neutron.quota.resource_registry [None req-24220f19-ae51-4c55-8a67-eef36670e431 - - - - - -] Creating instance of TrackedResource for resource:floatingip
2026-02-27 19:00:25.734 7 INFO neutron.api.extensions [None req-fbf2c110-59cd-4e94-be5a-262866dfe0e7 - - - - - -] Extension metering_source_and_destination_fields not supported by any of loaded plugins
2026-02-27 19:00:25.734 8 WARNING neutron.quota.resource_registry [None req-24220f19-ae51-4c55-8a67-eef36670e431 - - - - - -] floatingip is already registered
2026-02-27 19:00:25.735 7 INFO neutron.api.extensions [None req-fbf2c110-59cd-4e94-be5a-262866dfe0e7 - - - - - -] Loaded extension: multi-provider
2026-02-27 19:00:25.735 7 INFO neutron.api.extensions [None req-fbf2c110-59cd-4e94-be5a-262866dfe0e7 - - - - - -] Loaded extension: net-mtu
2026-02-27 19:00:25.736 7 INFO neutron.api.extensions [None req-fbf2c110-59cd-4e94-be5a-262866dfe0e7 - - - - - -] Loaded extension: net-mtu-writable
2026-02-27 19:00:25.737 7 INFO neutron.api.extensions [None req-fbf2c110-59cd-4e94-be5a-262866dfe0e7 - - - - - -] Loaded extension: network_availability_zone
2026-02-27 19:00:25.737 7 INFO neutron.api.extensions [None req-fbf2c110-59cd-4e94-be5a-262866dfe0e7 - - - - - -] Loaded extension: network_ha
2026-02-27 19:00:25.738 7 INFO neutron.api.extensions [None req-fbf2c110-59cd-4e94-be5a-262866dfe0e7 - - - - - -] Loaded extension: network-ip-availability
2026-02-27 19:00:25.739 7 INFO neutron.api.extensions [None req-fbf2c110-59cd-4e94-be5a-262866dfe0e7 - - - - - -] Extension network-segment-range not supported by any of loaded plugins
2026-02-27 19:00:25.739 8 INFO neutron.quota.resource_registry [None req-24220f19-ae51-4c55-8a67-eef36670e431 - - - - - -] Creating instance of CountableResource for resource:rbac_policy
2026-02-27 19:00:25.739 8 WARNING neutron.quota.resource_registry [None req-24220f19-ae51-4c55-8a67-eef36670e431 - - - - - -] rbac_policy is already registered
2026-02-27 19:00:25.739 7 INFO neutron.api.extensions [None req-fbf2c110-59cd-4e94-be5a-262866dfe0e7 - - - - - -] Loaded extension: pagination
2026-02-27 19:00:25.740 7 INFO neutron.api.extensions [None req-fbf2c110-59cd-4e94-be5a-262866dfe0e7 - - - - - -] Loaded extension: port-device-profile
2026-02-27 19:00:25.740 8 INFO neutron.quota.resource_registry [None req-24220f19-ae51-4c55-8a67-eef36670e431 - - - - - -] Creating instance of TrackedResource for resource:security_group
2026-02-27 19:00:25.740 8 WARNING neutron.quota.resource_registry [None req-24220f19-ae51-4c55-8a67-eef36670e431 - - - - - -] security_group is already registered
2026-02-27 19:00:25.740 7 INFO neutron.api.extensions [None req-fbf2c110-59cd-4e94-be5a-262866dfe0e7 - - - - - -] Extension port-hardware-offload-type not supported by any of loaded plugins
2026-02-27 19:00:25.741 8 INFO neutron.quota.resource_registry [None req-24220f19-ae51-4c55-8a67-eef36670e431 - - - - - -] Creating instance of TrackedResource for resource:security_group_rule
2026-02-27 19:00:25.741 7 INFO neutron.api.extensions [None req-fbf2c110-59cd-4e94-be5a-262866dfe0e7 - - - - - -] Extension port-hint-ovs-tx-steering not supported by any of loaded plugins
2026-02-27 19:00:25.741 8 WARNING neutron.quota.resource_registry [None req-24220f19-ae51-4c55-8a67-eef36670e431 - - - - - -] security_group_rule is already registered
2026-02-27 19:00:25.742 7 INFO neutron.api.extensions [None req-fbf2c110-59cd-4e94-be5a-262866dfe0e7 - - - - - -] Extension port-hints not supported by any of loaded plugins
2026-02-27 19:00:25.742 7 INFO neutron.api.extensions [None req-fbf2c110-59cd-4e94-be5a-262866dfe0e7 - - - - - -] Loaded extension: port-mac-override
2026-02-27 19:00:25.742 8 INFO neutron.quota.resource_registry [None req-24220f19-ae51-4c55-8a67-eef36670e431 - - - - - -] Creating instance of TrackedResource for resource:subnetpool
2026-02-27 19:00:25.742 8 WARNING neutron.quota.resource_registry [None req-24220f19-ae51-4c55-8a67-eef36670e431 - - - - - -] subnetpool is already registered
2026-02-27 19:00:25.743 7 INFO neutron.api.extensions [None req-fbf2c110-59cd-4e94-be5a-262866dfe0e7 - - - - - -] Loaded extension: port-mac-address-regenerate
2026-02-27 19:00:25.743 8 INFO neutron.quota.resource_registry [None req-24220f19-ae51-4c55-8a67-eef36670e431 - - - - - -] Creating instance of TrackedResource for resource:subnetpool
2026-02-27 19:00:25.743 8 WARNING neutron.quota.resource_registry [None req-24220f19-ae51-4c55-8a67-eef36670e431 - - - - - -] subnetpool is already registered
2026-02-27 19:00:25.743 7 INFO neutron.api.extensions [None req-fbf2c110-59cd-4e94-be5a-262866dfe0e7 - - - - - -] Loaded extension: port-numa-affinity-policy
2026-02-27 19:00:25.744 8 INFO neutron.quota.resource_registry [None req-24220f19-ae51-4c55-8a67-eef36670e431 - - - - - -] Creating instance of CountableResource for resource:trunk
2026-02-27 19:00:25.744 7 INFO neutron.api.extensions [None req-fbf2c110-59cd-4e94-be5a-262866dfe0e7 - - - - - -] Loaded extension: port-resource-request
2026-02-27 19:00:25.744 8 WARNING neutron.quota.resource_registry [None req-24220f19-ae51-4c55-8a67-eef36670e431 - - - - - -] trunk is already registered
2026-02-27 19:00:25.744 7 INFO neutron.api.extensions [None req-fbf2c110-59cd-4e94-be5a-262866dfe0e7 - - - - - -] Loaded extension: port-resource-request-groups
2026-02-27 19:00:25.744 8 INFO neutron.quota.resource_registry [None req-24220f19-ae51-4c55-8a67-eef36670e431 - - - - - -] Creating instance of CountableResource for resource:endpoint_group
2026-02-27 19:00:25.745 8 WARNING neutron.quota.resource_registry [None req-24220f19-ae51-4c55-8a67-eef36670e431 - - - - - -] endpoint_group is already registered
2026-02-27 19:00:25.745 7 INFO neutron.api.extensions [None req-fbf2c110-59cd-4e94-be5a-262866dfe0e7 - - - - - -] Loaded extension: binding
2026-02-27 19:00:25.745 8 INFO neutron.quota.resource_registry [None req-24220f19-ae51-4c55-8a67-eef36670e431 - - - - - -] Creating instance of CountableResource for resource:vpnservice
2026-02-27 19:00:25.745 8 WARNING neutron.quota.resource_registry [None req-24220f19-ae51-4c55-8a67-eef36670e431 - - - - - -] vpnservice is already registered
2026-02-27 19:00:25.746 7 INFO neutron.api.extensions [None req-fbf2c110-59cd-4e94-be5a-262866dfe0e7 - - - - - -] Loaded extension: binding-extended
2026-02-27 19:00:25.746 8 INFO neutron.quota.resource_registry [None req-24220f19-ae51-4c55-8a67-eef36670e431 - - - - - -] Creating instance of CountableResource for resource:ipsec_site_connection
2026-02-27 19:00:25.746 8 WARNING neutron.quota.resource_registry [None req-24220f19-ae51-4c55-8a67-eef36670e431 - - - - - -] ipsec_site_connection is already registered
2026-02-27 19:00:25.746 7 INFO neutron.api.extensions [None req-fbf2c110-59cd-4e94-be5a-262866dfe0e7 - - - - - -] Loaded extension: port-security
2026-02-27 19:00:25.747 8 INFO neutron.quota.resource_registry [None req-24220f19-ae51-4c55-8a67-eef36670e431 - - - - - -] Creating instance of CountableResource for resource:ipsecpolicy
2026-02-27 19:00:25.747 7 INFO neutron.api.extensions [None req-fbf2c110-59cd-4e94-be5a-262866dfe0e7 - - - - - -] Loaded extension: project-id
2026-02-27 19:00:25.747 8 WARNING neutron.quota.resource_registry [None req-24220f19-ae51-4c55-8a67-eef36670e431 - - - - - -] ipsecpolicy is already registered
2026-02-27 19:00:25.747 7 INFO neutron.api.extensions [None req-fbf2c110-59cd-4e94-be5a-262866dfe0e7 - - - - - -] Loaded extension: provider
2026-02-27 19:00:25.747 8 INFO neutron.quota.resource_registry [None req-24220f19-ae51-4c55-8a67-eef36670e431 - - - - - -] Creating instance of CountableResource for resource:ikepolicy
2026-02-27 19:00:25.748 8 WARNING neutron.quota.resource_registry [None req-24220f19-ae51-4c55-8a67-eef36670e431 - - - - - -] ikepolicy is already registered
2026-02-27 19:00:25.749 7 INFO neutron.api.extensions [None req-fbf2c110-59cd-4e94-be5a-262866dfe0e7 - - - - - -] Loaded extension: qos
2026-02-27 19:00:25.750 7 INFO neutron.api.extensions [None req-fbf2c110-59cd-4e94-be5a-262866dfe0e7 - - - - - -] Loaded extension: qos-bw-limit-direction
2026-02-27 19:00:25.750 7 INFO neutron.api.extensions [None req-fbf2c110-59cd-4e94-be5a-262866dfe0e7 - - - - - -] Loaded extension: qos-bw-minimum-ingress
2026-02-27 19:00:25.751 7 INFO neutron.api.extensions [None req-fbf2c110-59cd-4e94-be5a-262866dfe0e7 - - - - - -] Loaded extension: qos-default
2026-02-27 19:00:25.752 7 INFO neutron.api.extensions [None req-fbf2c110-59cd-4e94-be5a-262866dfe0e7 - - - - - -] Loaded extension: qos-fip
2026-02-27 19:00:25.752 7 INFO neutron.api.extensions [None req-fbf2c110-59cd-4e94-be5a-262866dfe0e7 - - - - - -] Extension qos-fip-network-policy not supported by any of loaded plugins
2026-02-27 19:00:25.753 7 INFO neutron.api.extensions [None req-fbf2c110-59cd-4e94-be5a-262866dfe0e7 - - - - - -] Loaded extension: qos-gateway-ip
2026-02-27 19:00:25.753 7 INFO neutron.api.extensions [None req-fbf2c110-59cd-4e94-be5a-262866dfe0e7 - - - - - -] Loaded extension: qos-port-network-policy
2026-02-27 19:00:25.754 7 INFO neutron.api.extensions [None req-fbf2c110-59cd-4e94-be5a-262866dfe0e7 - - - - - -] Loaded extension: qos-pps-minimum
2026-02-27 19:00:25.755 7 INFO neutron.api.extensions [None req-fbf2c110-59cd-4e94-be5a-262866dfe0e7 - - - - - -] Loaded extension: qos-pps-minimum-rule-alias
2026-02-27 19:00:25.755 7 INFO neutron.api.extensions [None req-fbf2c110-59cd-4e94-be5a-262866dfe0e7 - - - - - -] Loaded extension: qos-pps
2026-02-27 19:00:25.756 7 INFO neutron.api.extensions [None req-fbf2c110-59cd-4e94-be5a-262866dfe0e7 - - - - - -] Loaded extension: qos-rule-type-details
2026-02-27 19:00:25.756 7 INFO neutron.api.extensions [None req-fbf2c110-59cd-4e94-be5a-262866dfe0e7 - - - - - -] Loaded extension: qos-rule-type-filter
2026-02-27 19:00:25.757 7 INFO neutron.api.extensions [None req-fbf2c110-59cd-4e94-be5a-262866dfe0e7 - - - - - -] Loaded extension: qos-rules-alias
2026-02-27 19:00:25.758 7 INFO neutron.api.extensions [None req-fbf2c110-59cd-4e94-be5a-262866dfe0e7 - - - - - -] Loaded extension: quota-check-limit
2026-02-27 19:00:25.760 7 INFO neutron.api.extensions [None req-fbf2c110-59cd-4e94-be5a-262866dfe0e7 - - - - - -] Loaded extension: quotas
2026-02-27 19:00:25.760 7 INFO neutron.api.extensions [None req-fbf2c110-59cd-4e94-be5a-262866dfe0e7 - - - - - -] Loaded extension: quota_details
2026-02-27 19:00:25.762 7 INFO neutron.api.extensions [None req-fbf2c110-59cd-4e94-be5a-262866dfe0e7 - - - - - -] Loaded extension: rbac-policies
2026-02-27 19:00:25.762 7 INFO neutron.api.extensions [None req-fbf2c110-59cd-4e94-be5a-262866dfe0e7 - - - - - -] Loaded extension: rbac-address-group
2026-02-27 19:00:25.763 7 INFO neutron.api.extensions [None req-fbf2c110-59cd-4e94-be5a-262866dfe0e7 - - - - - -] Loaded extension: rbac-address-scope
2026-02-27 19:00:25.763 7 INFO neutron.api.extensions [None req-fbf2c110-59cd-4e94-be5a-262866dfe0e7 - - - - - -] Loaded extension: rbac-security-groups
2026-02-27 19:00:25.764 7 INFO neutron.api.extensions [None req-fbf2c110-59cd-4e94-be5a-262866dfe0e7 - - - - - -] Loaded extension: rbac-subnetpool
2026-02-27 19:00:25.764 7 INFO neutron.api.extensions [None req-fbf2c110-59cd-4e94-be5a-262866dfe0e7 - - - - - -] Loaded extension: revision-if-match
2026-02-27 19:00:25.765 7 INFO neutron.api.extensions [None req-fbf2c110-59cd-4e94-be5a-262866dfe0e7 - - - - - -] Loaded extension: standard-attr-revisions
2026-02-27 19:00:25.766 7 INFO neutron.api.extensions [None req-fbf2c110-59cd-4e94-be5a-262866dfe0e7 - - - - - -] Loaded extension: router_availability_zone
2026-02-27 19:00:25.766 7 INFO neutron.api.extensions [None req-fbf2c110-59cd-4e94-be5a-262866dfe0e7 - - - - - -] Extension router-service-type not supported by any of loaded plugins
2026-02-27 19:00:25.768 7 INFO neutron.api.extensions [None req-fbf2c110-59cd-4e94-be5a-262866dfe0e7 - - - - - -] Loaded extension: security-groups-default-rules
2026-02-27 19:00:25.768 7 INFO neutron.api.extensions [None req-fbf2c110-59cd-4e94-be5a-262866dfe0e7 - - - - - -] Loaded extension: security-groups-normalized-cidr
2026-02-27 19:00:25.769 7 INFO neutron.api.extensions [None req-fbf2c110-59cd-4e94-be5a-262866dfe0e7 - - - - - -] Loaded extension: port-security-groups-filtering
2026-02-27 19:00:25.770 7 INFO neutron.api.extensions [None req-fbf2c110-59cd-4e94-be5a-262866dfe0e7 - - - - - -] Loaded extension: security-groups-remote-address-group
2026-02-27 19:00:25.770 7 INFO neutron.api.extensions [None req-fbf2c110-59cd-4e94-be5a-262866dfe0e7 - - - - - -] Loaded extension: security-groups-rules-belongs-to-default-sg
2026-02-27 19:00:25.771 7 INFO neutron.api.extensions [None req-fbf2c110-59cd-4e94-be5a-262866dfe0e7 - - - - - -] Loaded extension: security-groups-shared-filtering
2026-02-27 19:00:25.779 7 INFO neutron.api.extensions [None req-fbf2c110-59cd-4e94-be5a-262866dfe0e7 - - - - - -] Loaded extension: security-group
2026-02-27 19:00:25.780 7 INFO neutron.api.extensions [None req-fbf2c110-59cd-4e94-be5a-262866dfe0e7 - - - - - -] Loaded extension: segment
2026-02-27 19:00:25.781 7 INFO neutron.api.extensions [None req-fbf2c110-59cd-4e94-be5a-262866dfe0e7 - - - - - -] Loaded extension: segments-peer-subnet-host-routes
2026-02-27 19:00:25.782 7 INFO neutron.api.extensions [None req-fbf2c110-59cd-4e94-be5a-262866dfe0e7 - - - - - -] Loaded extension: service-type
2026-02-27 19:00:25.782 7 INFO neutron.api.extensions [None req-fbf2c110-59cd-4e94-be5a-262866dfe0e7 - - - - - -] Loaded extension: sorting
2026-02-27 19:00:25.783 7 INFO neutron.api.extensions [None req-fbf2c110-59cd-4e94-be5a-262866dfe0e7 - - - - - -] Loaded extension: standard-attr-segment
2026-02-27 19:00:25.783 7 INFO neutron.api.extensions [None req-fbf2c110-59cd-4e94-be5a-262866dfe0e7 - - - - - -] Loaded extension: standard-attr-description
2026-02-27 19:00:25.784 7 INFO neutron.api.extensions [None req-fbf2c110-59cd-4e94-be5a-262866dfe0e7 - - - - - -] Loaded extension: stateful-security-group
2026-02-27 19:00:25.785 7 WARNING neutron.api.extensions [None req-fbf2c110-59cd-4e94-be5a-262866dfe0e7 - - - - - -] Did not find expected name "Stdattrs_common" in /var/lib/openstack/lib/python3.10/site-packages/neutron/extensions/stdattrs_common.py
2026-02-27 19:00:25.785 7 INFO neutron.api.extensions [None req-fbf2c110-59cd-4e94-be5a-262866dfe0e7 - - - - - -] Extension subnet-dns-publish-fixed-ip not supported by any of loaded plugins
2026-02-27 19:00:25.786 8 WARNING keystonemiddleware._common.config [None req-24220f19-ae51-4c55-8a67-eef36670e431 - - - - - -] The option "audit_map_file" is not known to keystonemiddleware
2026-02-27 19:00:25.786 7 INFO neutron.api.extensions [None req-fbf2c110-59cd-4e94-be5a-262866dfe0e7 - - - - - -] Loaded extension: subnet_onboard
2026-02-27 19:00:25.787 7 INFO neutron.api.extensions [None req-fbf2c110-59cd-4e94-be5a-262866dfe0e7 - - - - - -] Loaded extension: subnet-segmentid-writable
2026-02-27 19:00:25.787 7 INFO neutron.api.extensions [None req-fbf2c110-59cd-4e94-be5a-262866dfe0e7 - - - - - -] Loaded extension: subnet-service-types
2026-02-27 19:00:25.788 7 INFO neutron.api.extensions [None req-fbf2c110-59cd-4e94-be5a-262866dfe0e7 - - - - - -] Loaded extension: subnet_allocation
2026-02-27 19:00:25.789 7 INFO neutron.api.extensions [None req-fbf2c110-59cd-4e94-be5a-262866dfe0e7 - - - - - -] Loaded extension: subnetpool-prefix-ops
2026-02-27 19:00:25.789 7 INFO neutron.api.extensions [None req-fbf2c110-59cd-4e94-be5a-262866dfe0e7 - - - - - -] Extension tag-ports-during-bulk-creation not supported by any of loaded plugins
2026-02-27 19:00:25.792 7 INFO neutron.api.extensions [None req-fbf2c110-59cd-4e94-be5a-262866dfe0e7 - - - - - -] Loaded extension: standard-attr-tag
2026-02-27 19:00:25.793 7 INFO neutron.api.extensions [None req-fbf2c110-59cd-4e94-be5a-262866dfe0e7 - - - - - -] Loaded extension: standard-attr-timestamp
2026-02-27 19:00:25.793 8 WARNING oslo_config.cfg [None req-24220f19-ae51-4c55-8a67-eef36670e431 - - - - - -] Deprecated: Option "auth_uri" from group "keystone_authtoken" is deprecated. Use option "www_authenticate_uri" from group "keystone_authtoken".
2026-02-27 19:00:25.793 7 INFO neutron.api.extensions [None req-fbf2c110-59cd-4e94-be5a-262866dfe0e7 - - - - - -] Loaded extension: trunk
2026-02-27 19:00:25.794 7 INFO neutron.api.extensions [None req-fbf2c110-59cd-4e94-be5a-262866dfe0e7 - - - - - -] Loaded extension: trunk-details
2026-02-27 19:00:25.795 7 INFO neutron.api.extensions [None req-fbf2c110-59cd-4e94-be5a-262866dfe0e7 - - - - - -] Extension uplink-status-propagation not supported by any of loaded plugins
2026-02-27 19:00:25.795 7 INFO neutron.api.extensions [None req-fbf2c110-59cd-4e94-be5a-262866dfe0e7 - - - - - -] Extension vlan-transparent not supported by any of loaded plugins WSGI app 0 (mountpoint='') ready in 6 seconds on interpreter 0x561fc26fd160 pid: 8 (default app)
2026-02-27 19:00:25.797 7 INFO neutron.api.extensions [None req-fbf2c110-59cd-4e94-be5a-262866dfe0e7 - - - - - -] Extension vpn-agent-scheduler not supported by any of loaded plugins
2026-02-27 19:00:25.798 7 INFO neutron.api.extensions [None req-fbf2c110-59cd-4e94-be5a-262866dfe0e7 - - - - - -] Loaded extension: vpn-endpoint-groups
2026-02-27 19:00:25.798 7 INFO neutron.api.extensions [None req-fbf2c110-59cd-4e94-be5a-262866dfe0e7 - - - - - -] Loaded extension: vpn-flavors
2026-02-27 19:00:25.800 7 INFO neutron.api.extensions [None req-fbf2c110-59cd-4e94-be5a-262866dfe0e7 - - - - - -] Loaded extension: vpnaas
2026-02-27 19:00:25.802 7 INFO neutron.quota.resource_registry [None req-fbf2c110-59cd-4e94-be5a-262866dfe0e7 - - - - - -] Creating instance of TrackedResource for resource:network
2026-02-27 19:00:25.802 7 INFO neutron.quota.resource_registry [None req-fbf2c110-59cd-4e94-be5a-262866dfe0e7 - - - - - -] Creating instance of TrackedResource for resource:subnet
2026-02-27 19:00:25.802 7 INFO neutron.quota.resource_registry [None req-fbf2c110-59cd-4e94-be5a-262866dfe0e7 - - - - - -] Creating instance of TrackedResource for resource:subnetpool
2026-02-27 19:00:25.803 7 INFO neutron.quota.resource_registry [None req-fbf2c110-59cd-4e94-be5a-262866dfe0e7 - - - - - -] Creating instance of TrackedResource for resource:port
2026-02-27 19:00:25.807 7 INFO neutron.quota.resource_registry [None req-fbf2c110-59cd-4e94-be5a-262866dfe0e7 - - - - - -] Creating instance of TrackedResource for resource:router
2026-02-27 19:00:25.807 7 INFO neutron.quota.resource_registry [None req-fbf2c110-59cd-4e94-be5a-262866dfe0e7 - - - - - -] Creating instance of TrackedResource for resource:floatingip
2026-02-27 19:00:25.813 7 INFO neutron.quota.resource_registry [None req-fbf2c110-59cd-4e94-be5a-262866dfe0e7 - - - - - -] Creating instance of CountableResource for resource:rbac_policy
2026-02-27 19:00:25.814 7 INFO neutron.quota.resource_registry [None req-fbf2c110-59cd-4e94-be5a-262866dfe0e7 - - - - - -] Creating instance of TrackedResource for resource:security_group
2026-02-27 19:00:25.815 7 INFO neutron.quota.resource_registry [None req-fbf2c110-59cd-4e94-be5a-262866dfe0e7 - - - - - -] Creating instance of TrackedResource for resource:security_group_rule
2026-02-27 19:00:25.816 7 INFO neutron.quota.resource_registry [None req-fbf2c110-59cd-4e94-be5a-262866dfe0e7 - - - - - -] Creating instance of TrackedResource for resource:subnetpool
2026-02-27 19:00:25.816 7 WARNING neutron.quota.resource_registry [None req-fbf2c110-59cd-4e94-be5a-262866dfe0e7 - - - - - -] subnetpool is already registered
2026-02-27 19:00:25.817 7 INFO neutron.quota.resource_registry [None req-fbf2c110-59cd-4e94-be5a-262866dfe0e7 - - - - - -] Creating instance of TrackedResource for resource:subnetpool
2026-02-27 19:00:25.817 7 WARNING neutron.quota.resource_registry [None req-fbf2c110-59cd-4e94-be5a-262866dfe0e7 - - - - - -] subnetpool is already registered
2026-02-27 19:00:25.819 7 INFO neutron.quota.resource_registry [None req-fbf2c110-59cd-4e94-be5a-262866dfe0e7 - - - - - -] Creating instance of CountableResource for resource:trunk
2026-02-27 19:00:25.820 7 INFO neutron.quota.resource_registry [None req-fbf2c110-59cd-4e94-be5a-262866dfe0e7 - - - - - -] Creating instance of CountableResource for resource:endpoint_group
2026-02-27 19:00:25.821 7 INFO neutron.quota.resource_registry [None req-fbf2c110-59cd-4e94-be5a-262866dfe0e7 - - - - - -] Creating instance of CountableResource for resource:vpnservice
2026-02-27 19:00:25.821 7 INFO neutron.quota.resource_registry [None req-fbf2c110-59cd-4e94-be5a-262866dfe0e7 - - - - - -] Creating instance of CountableResource for resource:ipsec_site_connection
2026-02-27 19:00:25.822 7 INFO neutron.quota.resource_registry [None req-fbf2c110-59cd-4e94-be5a-262866dfe0e7 - - - - - -] Creating instance of CountableResource for resource:ipsecpolicy
2026-02-27 19:00:25.823 7 INFO neutron.quota.resource_registry [None req-fbf2c110-59cd-4e94-be5a-262866dfe0e7 - - - - - -] Creating instance of CountableResource for resource:ikepolicy
2026-02-27 19:00:25.829 7 INFO neutron.quota.resource_registry [None req-fbf2c110-59cd-4e94-be5a-262866dfe0e7 - - - - - -] Creating instance of TrackedResource for resource:router
2026-02-27 19:00:25.829 7 WARNING neutron.quota.resource_registry [None req-fbf2c110-59cd-4e94-be5a-262866dfe0e7 - - - - - -] router is already registered
2026-02-27 19:00:25.830 7 INFO neutron.quota.resource_registry [None req-fbf2c110-59cd-4e94-be5a-262866dfe0e7 - - - - - -] Creating instance of TrackedResource for resource:floatingip
2026-02-27 19:00:25.830 7 WARNING neutron.quota.resource_registry [None req-fbf2c110-59cd-4e94-be5a-262866dfe0e7 - - - - - -] floatingip is already registered
2026-02-27 19:00:25.837 7 INFO neutron.quota.resource_registry [None req-fbf2c110-59cd-4e94-be5a-262866dfe0e7 - - - - - -] Creating instance of CountableResource for resource:rbac_policy
2026-02-27 19:00:25.838 7 WARNING neutron.quota.resource_registry [None req-fbf2c110-59cd-4e94-be5a-262866dfe0e7 - - - - - -] rbac_policy is already registered
2026-02-27 19:00:25.839 7 INFO neutron.quota.resource_registry [None req-fbf2c110-59cd-4e94-be5a-262866dfe0e7 - - - - - -] Creating instance of TrackedResource for resource:security_group
2026-02-27 19:00:25.839 7 WARNING neutron.quota.resource_registry [None req-fbf2c110-59cd-4e94-be5a-262866dfe0e7 - - - - - -] security_group is already registered
2026-02-27 19:00:25.840 7 INFO neutron.quota.resource_registry [None req-fbf2c110-59cd-4e94-be5a-262866dfe0e7 - - - - - -] Creating instance of TrackedResource for resource:security_group_rule
2026-02-27 19:00:25.840 7 WARNING neutron.quota.resource_registry [None req-fbf2c110-59cd-4e94-be5a-262866dfe0e7 - - - - - -] security_group_rule is already registered
2026-02-27 19:00:25.842 7 INFO neutron.quota.resource_registry [None req-fbf2c110-59cd-4e94-be5a-262866dfe0e7 - - - - - -] Creating instance of TrackedResource for resource:subnetpool
2026-02-27 19:00:25.842 7 WARNING neutron.quota.resource_registry [None req-fbf2c110-59cd-4e94-be5a-262866dfe0e7 - - - - - -] subnetpool is already registered
2026-02-27 19:00:25.843 7 INFO neutron.quota.resource_registry [None req-fbf2c110-59cd-4e94-be5a-262866dfe0e7 - - - - - -] Creating instance of TrackedResource for resource:subnetpool
2026-02-27 19:00:25.843 7 WARNING neutron.quota.resource_registry [None req-fbf2c110-59cd-4e94-be5a-262866dfe0e7 - - - - - -] subnetpool is already registered
2026-02-27 19:00:25.844 7 INFO neutron.quota.resource_registry [None req-fbf2c110-59cd-4e94-be5a-262866dfe0e7 - - - - - -] Creating instance of CountableResource for resource:trunk
2026-02-27 19:00:25.844 7 WARNING neutron.quota.resource_registry [None req-fbf2c110-59cd-4e94-be5a-262866dfe0e7 - - - - - -] trunk is already registered
2026-02-27 19:00:25.845 7 INFO neutron.quota.resource_registry [None req-fbf2c110-59cd-4e94-be5a-262866dfe0e7 - - - - - -] Creating instance of CountableResource for resource:endpoint_group
2026-02-27 19:00:25.845 7 WARNING neutron.quota.resource_registry [None req-fbf2c110-59cd-4e94-be5a-262866dfe0e7 - - - - - -] endpoint_group is already registered
2026-02-27 19:00:25.846 7 INFO neutron.quota.resource_registry [None req-fbf2c110-59cd-4e94-be5a-262866dfe0e7 - - - - - -] Creating instance of CountableResource for resource:vpnservice
2026-02-27 19:00:25.846 7 WARNING neutron.quota.resource_registry [None req-fbf2c110-59cd-4e94-be5a-262866dfe0e7 - - - - - -] vpnservice is already registered
2026-02-27 19:00:25.847 7 INFO neutron.quota.resource_registry [None req-fbf2c110-59cd-4e94-be5a-262866dfe0e7 - - - - - -] Creating instance of CountableResource for resource:ipsec_site_connection
2026-02-27 19:00:25.847 7 WARNING neutron.quota.resource_registry [None req-fbf2c110-59cd-4e94-be5a-262866dfe0e7 - - - - - -] ipsec_site_connection is already registered
2026-02-27 19:00:25.847 7 INFO neutron.quota.resource_registry [None req-fbf2c110-59cd-4e94-be5a-262866dfe0e7 - - - - - -] Creating instance of CountableResource for resource:ipsecpolicy
2026-02-27 19:00:25.848 7 WARNING neutron.quota.resource_registry [None req-fbf2c110-59cd-4e94-be5a-262866dfe0e7 - - - - - -] ipsecpolicy is already registered
2026-02-27 19:00:25.848 7 INFO neutron.quota.resource_registry [None req-fbf2c110-59cd-4e94-be5a-262866dfe0e7 - - - - - -] Creating instance of CountableResource for resource:ikepolicy
2026-02-27 19:00:25.848 7 WARNING neutron.quota.resource_registry [None req-fbf2c110-59cd-4e94-be5a-262866dfe0e7 - - - - - -] ikepolicy is already registered
2026-02-27 19:00:25.890 7 WARNING keystonemiddleware._common.config [None req-fbf2c110-59cd-4e94-be5a-262866dfe0e7 - - - - - -] The option "audit_map_file" is not known to keystonemiddleware
2026-02-27 19:00:25.899 7 WARNING oslo_config.cfg [None req-fbf2c110-59cd-4e94-be5a-262866dfe0e7 - - - - - -] Deprecated: Option "auth_uri" from group "keystone_authtoken" is deprecated. Use option "www_authenticate_uri" from group "keystone_authtoken". WSGI app 0 (mountpoint='') ready in 6 seconds on interpreter 0x561fc26fd160 pid: 7 (default app) /var/lib/openstack/lib/python3.10/site-packages/pycadf/identifier.py:71: UserWarning: Invalid uuid: unknown. To ensure interoperability, identifiers should be a valid uuid. warnings.warn(('Invalid uuid: %s. To ensure interoperability, '
2026-02-27 19:00:32.017 8 INFO neutron.pecan_wsgi.hooks.translation [None req-d2208632-5cd5-4125-bf5e-823fc53e9c2f 17c1115616264a13a62edd3389d96bb3 461b34afb98d4c758174f4bec50ed920 - - default default] GET failed (client error): The resource could not be found. [pid: 8|app: 0|req: 3/3] 199.204.45.95 () {44 vars in 924 bytes} [Fri Feb 27 19:00:31 2026] GET /v2.0/networks/public => generated 108 bytes in 829 msecs (HTTP/1.1 404) 4 headers in 164 bytes (1 switches on core 0) /var/lib/openstack/lib/python3.10/site-packages/pycadf/identifier.py:71: UserWarning: Invalid uuid: unknown. To ensure interoperability, identifiers should be a valid uuid. warnings.warn(('Invalid uuid: %s. To ensure interoperability, ' [pid: 7|app: 0|req: 1/4] 199.204.45.95 () {44 vars in 946 bytes} [Fri Feb 27 19:00:32 2026] GET /v2.0/networks?name=public => generated 15 bytes in 379 msecs (HTTP/1.1 200) 4 headers in 156 bytes (1 switches on core 0)
2026-02-27 19:00:32.580 8 WARNING oslo_policy.policy [None req-bbf5d363-5520-49b4-8986-1fb3aea500bb 17c1115616264a13a62edd3389d96bb3 461b34afb98d4c758174f4bec50ed920 - - default default] Policies ['get_subnets_tags'] reference a rule that is not defined.
2026-02-27 19:00:32.717 8 WARNING neutron.services.revisions.revision_plugin [None req-bbf5d363-5520-49b4-8986-1fb3aea500bb 17c1115616264a13a62edd3389d96bb3 461b34afb98d4c758174f4bec50ed920 - - default default] Could not find related network for resource to bump revision.
2026-02-27 19:00:32.745 8 INFO neutron.db.segments_db [None req-bbf5d363-5520-49b4-8986-1fb3aea500bb 17c1115616264a13a62edd3389d96bb3 461b34afb98d4c758174f4bec50ed920 - - default default] Added segment 8d326c91-bbd4-4e1e-bbf6-fceb42d9ab05 of type flat for network 44fd67b1-6397-4580-8e47-56d8343954df
2026-02-27 19:00:32.806 8 INFO neutron.pecan_wsgi.hooks.translation [None req-bbf5d363-5520-49b4-8986-1fb3aea500bb 17c1115616264a13a62edd3389d96bb3 461b34afb98d4c758174f4bec50ed920 - - default default] POST failed (client error): The resource could not be found. [pid: 8|app: 0|req: 4/5] 199.204.45.95 () {48 vars in 964 bytes} [Fri Feb 27 19:00:32 2026] POST /v2.0/networks => generated 124 bytes in 417 msecs (HTTP/1.1 404) 4 headers in 164 bytes (1 switches on core 0)
2026-02-27 19:00:38.657 8 INFO neutron.pecan_wsgi.hooks.translation [None req-13a4d1e2-ad70-4267-8208-1416880b3600 17c1115616264a13a62edd3389d96bb3 461b34afb98d4c758174f4bec50ed920 - - default default] GET failed (client error): The resource could not be found. [pid: 8|app: 0|req: 5/7] 199.204.45.95 () {44 vars in 924 bytes} [Fri Feb 27 19:00:38 2026] GET /v2.0/networks/public => generated 108 bytes in 56 msecs (HTTP/1.1 404) 4 headers in 164 bytes (1 switches on core 0) [pid: 7|app: 0|req: 3/8] 199.204.45.95 () {44 vars in 946 bytes} [Fri Feb 27 19:00:38 2026] GET /v2.0/networks?name=public => generated 15 bytes in 18 msecs (HTTP/1.1 200) 4 headers in 156 bytes (1 switches on core 0)
2026-02-27 19:00:38.788 8 WARNING neutron.services.revisions.revision_plugin [None req-c6bd96db-826c-4867-95f2-0f48c2691d4c 17c1115616264a13a62edd3389d96bb3 461b34afb98d4c758174f4bec50ed920 - - default default] Could not find related network for resource to bump revision.
2026-02-27 19:00:38.804 8 INFO neutron.db.segments_db [None req-c6bd96db-826c-4867-95f2-0f48c2691d4c 17c1115616264a13a62edd3389d96bb3 461b34afb98d4c758174f4bec50ed920 - - default default] Added segment 37b0abca-b316-4f4d-b0f2-de4de1b6ab89 of type flat for network fb34262b-7410-4738-9f1c-80f0f9f4e878
2026-02-27 19:00:38.837 8 INFO neutron.pecan_wsgi.hooks.translation [None req-c6bd96db-826c-4867-95f2-0f48c2691d4c 17c1115616264a13a62edd3389d96bb3 461b34afb98d4c758174f4bec50ed920 - - default default] POST failed (client error): The resource could not be found. [pid: 8|app: 0|req: 6/9] 199.204.45.95 () {48 vars in 964 bytes} [Fri Feb 27 19:00:38 2026] POST /v2.0/networks => generated 124 bytes in 171 msecs (HTTP/1.1 404) 4 headers in 164 bytes (1 switches on core 0)
2026-02-27 19:00:45.013 7 INFO neutron.pecan_wsgi.hooks.translation [None req-1a8bbd5c-a125-4eb4-89ae-4dd310ad30d3 17c1115616264a13a62edd3389d96bb3 461b34afb98d4c758174f4bec50ed920 - - default default] GET failed (client error): The resource could not be found. [pid: 7|app: 0|req: 4/10] 199.204.45.95 () {44 vars in 924 bytes} [Fri Feb 27 19:00:44 2026] GET /v2.0/networks/public => generated 108 bytes in 391 msecs (HTTP/1.1 404) 4 headers in 164 bytes (1 switches on core 0) [pid: 8|app: 0|req: 7/11] 199.204.45.95 () {44 vars in 946 bytes} [Fri Feb 27 19:00:45 2026] GET /v2.0/networks?name=public => generated 15 bytes in 23 msecs (HTTP/1.1 200) 4 headers in 156 bytes (1 switches on core 0)
2026-02-27 19:00:45.210 7 WARNING oslo_policy.policy [None req-880c502c-9392-44c7-aa0a-3d107d5316b2 17c1115616264a13a62edd3389d96bb3 461b34afb98d4c758174f4bec50ed920 - - default default] Policies ['get_subnets_tags'] reference a rule that is not defined.
2026-02-27 19:00:45.258 7 WARNING neutron.services.revisions.revision_plugin [None req-880c502c-9392-44c7-aa0a-3d107d5316b2 17c1115616264a13a62edd3389d96bb3 461b34afb98d4c758174f4bec50ed920 - - default default] Could not find related network for resource to bump revision.
2026-02-27 19:00:45.289 7 INFO neutron.db.segments_db [None req-880c502c-9392-44c7-aa0a-3d107d5316b2 17c1115616264a13a62edd3389d96bb3 461b34afb98d4c758174f4bec50ed920 - - default default] Added segment 2b6080ab-466e-4b6d-bb08-5318abc3d592 of type flat for network be1ad842-38d7-4539-bf83-33868319a14f
2026-02-27 19:00:45.355 7 INFO neutron.pecan_wsgi.hooks.translation [None req-880c502c-9392-44c7-aa0a-3d107d5316b2 17c1115616264a13a62edd3389d96bb3 461b34afb98d4c758174f4bec50ed920 - - default default] POST failed (client error): The resource could not be found. [pid: 7|app: 0|req: 5/12] 199.204.45.95 () {48 vars in 964 bytes} [Fri Feb 27 19:00:45 2026] POST /v2.0/networks => generated 124 bytes in 324 msecs (HTTP/1.1 404) 4 headers in 164 bytes (1 switches on core 0)
2026-02-27 19:00:51.213 8 INFO neutron.pecan_wsgi.hooks.translation [None req-8512efb5-f209-44ae-8ee4-1d4b1a64210e 17c1115616264a13a62edd3389d96bb3 461b34afb98d4c758174f4bec50ed920 - - default default] GET failed (client error): The resource could not be found. [pid: 8|app: 0|req: 8/13] 199.204.45.95 () {44 vars in 924 bytes} [Fri Feb 27 19:00:51 2026] GET /v2.0/networks/public => generated 108 bytes in 52 msecs (HTTP/1.1 404) 4 headers in 164 bytes (1 switches on core 0) [pid: 7|app: 0|req: 6/14] 199.204.45.95 () {44 vars in 946 bytes} [Fri Feb 27 19:00:51 2026] GET /v2.0/networks?name=public => generated 15 bytes in 41 msecs (HTTP/1.1 200) 4 headers in 156 bytes (1 switches on core 0)
2026-02-27 19:00:51.322 8 WARNING neutron.services.revisions.revision_plugin [None req-e6b564f9-e130-4ad3-898b-cc34287200e1 17c1115616264a13a62edd3389d96bb3 461b34afb98d4c758174f4bec50ed920 - - default default] Could not find related network for resource to bump revision.
2026-02-27 19:00:51.343 8 INFO neutron.db.segments_db [None req-e6b564f9-e130-4ad3-898b-cc34287200e1 17c1115616264a13a62edd3389d96bb3 461b34afb98d4c758174f4bec50ed920 - - default default] Added segment 05d20b8e-f4aa-4761-a06a-32e0023c179d of type flat for network 03f4a03b-5ad1-4061-bc56-eaafad0fd7a0
2026-02-27 19:00:51.383 8 INFO neutron.pecan_wsgi.hooks.translation [None req-e6b564f9-e130-4ad3-898b-cc34287200e1 17c1115616264a13a62edd3389d96bb3 461b34afb98d4c758174f4bec50ed920 - - default default] POST failed (client error): The resource could not be found. [pid: 8|app: 0|req: 9/15] 199.204.45.95 () {48 vars in 964 bytes} [Fri Feb 27 19:00:51 2026] POST /v2.0/networks => generated 124 bytes in 141 msecs (HTTP/1.1 404) 4 headers in 164 bytes (1 switches on core 0)
2026-02-27 19:00:57.328 8 INFO neutron.pecan_wsgi.hooks.translation [None req-9a98fe36-0f40-4527-aacf-7b01f3e4f185 17c1115616264a13a62edd3389d96bb3 461b34afb98d4c758174f4bec50ed920 - - default default] GET failed (client error): The resource could not be found. [pid: 8|app: 0|req: 10/17] 199.204.45.95 () {44 vars in 924 bytes} [Fri Feb 27 19:00:57 2026] GET /v2.0/networks/public => generated 108 bytes in 66 msecs (HTTP/1.1 404) 4 headers in 164 bytes (1 switches on core 0) [pid: 7|app: 0|req: 8/18] 199.204.45.95 () {44 vars in 946 bytes} [Fri Feb 27 19:00:57 2026] GET /v2.0/networks?name=public => generated 15 bytes in 38 msecs (HTTP/1.1 200) 4 headers in 156 bytes (1 switches on core 0)
2026-02-27 19:00:57.458 8 WARNING neutron.services.revisions.revision_plugin [None req-16d389d1-5af1-4a9f-8977-e1065a2d6be9 17c1115616264a13a62edd3389d96bb3 461b34afb98d4c758174f4bec50ed920 - - default default] Could not find related network for resource to bump revision.
2026-02-27 19:00:57.480 8 INFO neutron.db.segments_db [None req-16d389d1-5af1-4a9f-8977-e1065a2d6be9 17c1115616264a13a62edd3389d96bb3 461b34afb98d4c758174f4bec50ed920 - - default default] Added segment a738fa60-2738-44d8-94a1-b412e17fb73e of type flat for network efa215da-4053-4675-9501-97d798ca999f [pid: 8|app: 0|req: 11/19] 199.204.45.95 () {48 vars in 964 bytes} [Fri Feb 27 19:00:57 2026] POST /v2.0/networks => generated 706 bytes in 572 msecs (HTTP/1.1 201) 4 headers in 162 bytes (1 switches on core 0)
2026-02-27 19:00:59.092 7 INFO neutron.pecan_wsgi.hooks.translation [None req-4272f7c1-ac9f-4f4b-a002-186a334e73d9 17c1115616264a13a62edd3389d96bb3 461b34afb98d4c758174f4bec50ed920 - - default default] GET failed (client error): The resource could not be found. [pid: 7|app: 0|req: 9/20] 199.204.45.95 () {44 vars in 924 bytes} [Fri Feb 27 19:00:59 2026] GET /v2.0/networks/public => generated 108 bytes in 57 msecs (HTTP/1.1 404) 4 headers in 164 bytes (1 switches on core 0) [pid: 8|app: 0|req: 12/21] 199.204.45.95 () {44 vars in 946 bytes} [Fri Feb 27 19:00:59 2026] GET /v2.0/networks?name=public => generated 709 bytes in 59 msecs (HTTP/1.1 200) 4 headers in 157 bytes (1 switches on core 0)
2026-02-27 19:00:59.190 7 INFO neutron.pecan_wsgi.hooks.translation [None req-7892c201-9306-46c9-bc87-c9d8c84fc6d0 17c1115616264a13a62edd3389d96bb3 461b34afb98d4c758174f4bec50ed920 - - default default] GET failed (client error): The resource could not be found. [pid: 7|app: 0|req: 10/22] 199.204.45.95 () {44 vars in 1031 bytes} [Fri Feb 27 19:00:59 2026] GET /v2.0/subnets/public-subnet?network_id=efa215da-4053-4675-9501-97d798ca999f => generated 113 bytes in 25 msecs (HTTP/1.1 404) 4 headers in 164 bytes (1 switches on core 0) [pid: 8|app: 0|req: 13/23] 199.204.45.95 () {44 vars in 1054 bytes} [Fri Feb 27 19:00:59 2026] GET /v2.0/subnets?name=public-subnet&network_id=efa215da-4053-4675-9501-97d798ca999f => generated 14 bytes in 26 msecs (HTTP/1.1 200) 4 headers in 156 bytes (1 switches on core 0) [pid: 7|app: 0|req: 11/24] 199.204.45.95 () {48 vars in 962 bytes} [Fri Feb 27 19:00:59 2026] POST /v2.0/subnets => generated 641 bytes in 482 msecs (HTTP/1.1 201) 4 headers in 162 bytes (1 switches on core 0)
2026-02-27 19:05:29.458 7 ERROR oslo.messaging._drivers.impl_rabbit [-] [df1cdf5d-7d16-4821-970e-4d47b9593056] AMQP server on rabbitmq-neutron.openstack.svc.cluster.local:5672 is unreachable: . Trying again in 1 seconds.: amqp.exceptions.RecoverableConnectionError: 
2026-02-27 19:05:29.461 7 ERROR oslo.messaging._drivers.impl_rabbit [-] [c083dde6-9731-4384-8aaa-5b9b722dafaf] AMQP server on rabbitmq-neutron.openstack.svc.cluster.local:5672 is unreachable: . Trying again in 1 seconds.: amqp.exceptions.RecoverableConnectionError: 
2026-02-27 19:05:29.462 7 INFO oslo.messaging._drivers.impl_rabbit [-] A recoverable connection/channel error occurred, trying to reconnect: Server unexpectedly closed connection Fri Feb 27 19:05:29 2026 - SIGPIPE: writing to a closed pipe/socket/fd (probably the client disconnected) on request /v2.0/networks/lb-mgmt-net (ip 199.204.45.95) !!!
2026-02-27 19:05:29.607 7 INFO neutron.pecan_wsgi.hooks.translation [None req-c42e5ff3-ee90-46c2-b920-3c15b884cc89 17c1115616264a13a62edd3389d96bb3 461b34afb98d4c758174f4bec50ed920 - - default default] GET failed (client error): The resource could not be found. [pid: 7|app: 0|req: 29/60] 199.204.45.95 () {44 vars in 934 bytes} [Fri Feb 27 19:05:29 2026] GET /v2.0/networks/lb-mgmt-net => generated 113 bytes in 156 msecs (HTTP/1.1 404) 4 headers in 164 bytes (1 switches on core 0)
2026-02-27 19:05:29.621 8 ERROR oslo.messaging._drivers.impl_rabbit [-] [060ff04e-f32c-4595-bfc9-48961bf0b19a] AMQP server on rabbitmq-neutron.openstack.svc.cluster.local:5672 is unreachable: . Trying again in 1 seconds.: amqp.exceptions.RecoverableConnectionError: 
2026-02-27 19:05:29.622 8 ERROR oslo.messaging._drivers.impl_rabbit [-] [7ddf422e-59d8-4cfb-84e8-b9f5aab87ec7] AMQP server on rabbitmq-neutron.openstack.svc.cluster.local:5672 is unreachable: . Trying again in 1 seconds.: amqp.exceptions.RecoverableConnectionError: 
2026-02-27 19:05:29.623 8 INFO oslo.messaging._drivers.impl_rabbit [-] A recoverable connection/channel error occurred, trying to reconnect: Server unexpectedly closed connection Fri Feb 27 19:05:29 2026 - SIGPIPE: writing to a closed pipe/socket/fd (probably the client disconnected) on request /v2.0/networks?name=lb-mgmt-net (ip 199.204.45.95) !!! [pid: 8|app: 0|req: 32/61] 199.204.45.95 () {44 vars in 956 bytes} [Fri Feb 27 19:05:29 2026] GET /v2.0/networks?name=lb-mgmt-net => generated 15 bytes in 37 msecs (HTTP/1.1 200) 4 headers in 156 bytes (1 switches on core 0)
2026-02-27 19:05:29.709 7 INFO neutron.db.segments_db [None req-ce69e63b-83ef-461f-b0d6-344709e5f8c2 17c1115616264a13a62edd3389d96bb3 461b34afb98d4c758174f4bec50ed920 - - default default] Added segment d163910b-7f6f-484f-b595-be8bfa85094b of type vxlan for network f98b6b6c-149d-45a7-9e23-a023b9689839 [pid: 7|app: 0|req: 30/62] 199.204.45.95 () {48 vars in 963 bytes} [Fri Feb 27 19:05:29 2026] POST /v2.0/networks => generated 707 bytes in 166 msecs (HTTP/1.1 201) 4 headers in 162 bytes (1 switches on core 0)
2026-02-27 19:05:30.705 8 INFO oslo.messaging._drivers.impl_rabbit [-] [060ff04e-f32c-4595-bfc9-48961bf0b19a] Reconnected to AMQP server on rabbitmq-neutron.openstack.svc.cluster.local:5672 via [amqp] client with port 53178.
2026-02-27 19:05:30.706 8 INFO oslo.messaging._drivers.impl_rabbit [-] [7ddf422e-59d8-4cfb-84e8-b9f5aab87ec7] Reconnected to AMQP server on rabbitmq-neutron.openstack.svc.cluster.local:5672 via [amqp] client with port 53168.
2026-02-27 19:05:30.744 8 INFO neutron.pecan_wsgi.hooks.translation [None req-73921e5c-70ce-4050-9f56-f1b071a46ac2 17c1115616264a13a62edd3389d96bb3 461b34afb98d4c758174f4bec50ed920 - - default default] GET failed (client error): The resource could not be found. [pid: 8|app: 0|req: 33/63] 199.204.45.95 () {44 vars in 934 bytes} [Fri Feb 27 19:05:30 2026] GET /v2.0/networks/lb-mgmt-net => generated 113 bytes in 70 msecs (HTTP/1.1 404) 4 headers in 164 bytes (1 switches on core 0)
2026-02-27 19:05:30.816 7 INFO oslo.messaging._drivers.impl_rabbit [-] [df1cdf5d-7d16-4821-970e-4d47b9593056] Reconnected to AMQP server on rabbitmq-neutron.openstack.svc.cluster.local:5672 via [amqp] client with port 53204.
2026-02-27 19:05:30.817 7 INFO oslo.messaging._drivers.impl_rabbit [-] [c083dde6-9731-4384-8aaa-5b9b722dafaf] Reconnected to AMQP server on rabbitmq-neutron.openstack.svc.cluster.local:5672 via [amqp] client with port 53210. [pid: 7|app: 0|req: 31/64] 199.204.45.95 () {44 vars in 956 bytes} [Fri Feb 27 19:05:30 2026] GET /v2.0/networks?name=lb-mgmt-net => generated 691 bytes in 82 msecs (HTTP/1.1 200) 4 headers in 157 bytes (1 switches on core 0)
2026-02-27 19:05:30.863 8 INFO neutron.pecan_wsgi.hooks.translation [None req-493323c5-354e-4ce2-aed7-960b0bdae10c 17c1115616264a13a62edd3389d96bb3 461b34afb98d4c758174f4bec50ed920 - - default default] GET failed (client error): The resource could not be found. [pid: 8|app: 0|req: 34/65] 199.204.45.95 () {44 vars in 1033 bytes} [Fri Feb 27 19:05:30 2026] GET /v2.0/subnets/lb-mgmt-subnet?network_id=f98b6b6c-149d-45a7-9e23-a023b9689839 => generated 114 bytes in 23 msecs (HTTP/1.1 404) 4 headers in 164 bytes (1 switches on core 0) [pid: 7|app: 0|req: 32/66] 199.204.45.95 () {44 vars in 1056 bytes} [Fri Feb 27 19:05:30 2026] GET /v2.0/subnets?name=lb-mgmt-subnet&network_id=f98b6b6c-149d-45a7-9e23-a023b9689839 => generated 14 bytes in 28 msecs (HTTP/1.1 200) 4 headers in 156 bytes (1 switches on core 0) [pid: 8|app: 0|req: 35/67] 199.204.45.95 () {48 vars in 962 bytes} [Fri Feb 27 19:05:30 2026] POST /v2.0/subnets => generated 627 bytes in 423 msecs (HTTP/1.1 201) 4 headers in 162 bytes (1 switches on core 0)
2026-02-27 19:05:32.445 7 INFO neutron.api.v2.resource [None req-7d328ad0-4af1-4715-867c-30e556e3c3a7 17c1115616264a13a62edd3389d96bb3 461b34afb98d4c758174f4bec50ed920 - - default default] show failed (client error): The resource could not be found. [pid: 7|app: 0|req: 33/68] 199.204.45.95 () {44 vars in 968 bytes} [Fri Feb 27 19:05:32 2026] GET /v2.0/security-groups/lb-health-mgr-sec-grp => generated 131 bytes in 47 msecs (HTTP/1.1 404) 4 headers in 164 bytes (1 switches on core 0) [pid: 8|app: 0|req: 36/69] 199.204.45.95 () {44 vars in 990 bytes} [Fri Feb 27 19:05:32 2026] GET /v2.0/security-groups?name=lb-health-mgr-sec-grp => generated 23 bytes in 39 msecs (HTTP/1.1 200) 4 headers in 156 bytes (1 switches on core 0) [pid: 7|app: 0|req: 34/70] 199.204.45.95 () {48 vars in 977 bytes} [Fri Feb 27 19:05:32 2026] POST /v2.0/security-groups => generated 1616 bytes in 354 msecs (HTTP/1.1 201) 4 headers in 163 bytes (1 switches on core 0) [pid: 8|app: 0|req: 37/71] 199.204.45.95 () {44 vars in 998 bytes} [Fri Feb 27 19:05:33 2026] GET /v2.0/security-groups/b1d06648-d04b-4b82-9cf6-a8e94d215d3d => generated 1616 bytes in 54 msecs (HTTP/1.1 200) 4 headers in 158 bytes (1 switches on core 0) [pid: 7|app: 0|req: 35/72] 199.204.45.95 () {44 vars in 998 bytes} [Fri Feb 27 19:05:33 2026] GET /v2.0/security-groups/b1d06648-d04b-4b82-9cf6-a8e94d215d3d => generated 1616 bytes in 37 msecs (HTTP/1.1 200) 4 headers in 158 bytes (1 switches on core 0) [pid: 8|app: 0|req: 38/73] 199.204.45.95 () {44 vars in 998 bytes} [Fri Feb 27 19:05:34 2026] GET /v2.0/security-groups/b1d06648-d04b-4b82-9cf6-a8e94d215d3d => generated 1616 bytes in 28 msecs (HTTP/1.1 200) 4 headers in 158 bytes (1 switches on core 0) [pid: 7|app: 0|req: 36/74] 199.204.45.95 () {48 vars in 988 bytes} [Fri Feb 27 19:05:34 2026] POST /v2.0/security-group-rules => generated 601 bytes in 132 msecs (HTTP/1.1 201) 4 headers in 162 bytes (1 switches on core 0) [pid: 8|app: 0|req: 39/75] 199.204.45.95 () {44 vars in 998 bytes} [Fri Feb 27 19:05:34 2026] GET /v2.0/security-groups/b1d06648-d04b-4b82-9cf6-a8e94d215d3d => generated 2230 bytes in 69 msecs (HTTP/1.1 200) 4 headers in 158 bytes (1 switches on core 0) [pid: 7|app: 0|req: 37/76] 199.204.45.95 () {44 vars in 998 bytes} [Fri Feb 27 19:05:35 2026] GET /v2.0/security-groups/b1d06648-d04b-4b82-9cf6-a8e94d215d3d => generated 2230 bytes in 29 msecs (HTTP/1.1 200) 4 headers in 158 bytes (1 switches on core 0) [pid: 8|app: 0|req: 40/77] 199.204.45.95 () {44 vars in 998 bytes} [Fri Feb 27 19:05:35 2026] GET /v2.0/security-groups/b1d06648-d04b-4b82-9cf6-a8e94d215d3d => generated 2230 bytes in 39 msecs (HTTP/1.1 200) 4 headers in 158 bytes (1 switches on core 0) [pid: 7|app: 0|req: 38/78] 199.204.45.95 () {48 vars in 988 bytes} [Fri Feb 27 19:05:35 2026] POST /v2.0/security-group-rules => generated 603 bytes in 114 msecs (HTTP/1.1 201) 4 headers in 162 bytes (1 switches on core 0) [pid: 8|app: 0|req: 41/79] 199.204.45.95 () {44 vars in 998 bytes} [Fri Feb 27 19:05:35 2026] GET /v2.0/security-groups/b1d06648-d04b-4b82-9cf6-a8e94d215d3d => generated 2846 bytes in 75 msecs (HTTP/1.1 200) 4 headers in 158 bytes (1 switches on core 0) [pid: 7|app: 0|req: 39/80] 199.204.45.95 () {44 vars in 998 bytes} [Fri Feb 27 19:05:36 2026] GET /v2.0/security-groups/b1d06648-d04b-4b82-9cf6-a8e94d215d3d => generated 2846 bytes in 36 msecs (HTTP/1.1 200) 4 headers in 158 bytes (1 switches on core 0) [pid: 8|app: 0|req: 42/81] 199.204.45.95 () {44 vars in 998 bytes} [Fri Feb 27 19:05:36 2026] GET /v2.0/security-groups/b1d06648-d04b-4b82-9cf6-a8e94d215d3d => generated 2846 bytes in 31 msecs (HTTP/1.1 200) 4 headers in 158 bytes (1 switches on core 0) [pid: 7|app: 0|req: 40/82] 199.204.45.95 () {48 vars in 988 bytes} [Fri Feb 27 19:05:36 2026] POST /v2.0/security-group-rules => generated 603 bytes in 109 msecs (HTTP/1.1 201) 4 headers in 162 bytes (1 switches on core 0) [pid: 8|app: 0|req: 43/83] 199.204.45.95 () {44 vars in 998 bytes} [Fri Feb 27 19:05:37 2026] GET /v2.0/security-groups/b1d06648-d04b-4b82-9cf6-a8e94d215d3d => generated 3462 bytes in 67 msecs (HTTP/1.1 200) 4 headers in 158 bytes (1 switches on core 0) [pid: 7|app: 0|req: 41/84] 199.204.45.95 () {44 vars in 998 bytes} [Fri Feb 27 19:05:37 2026] GET /v2.0/security-groups/b1d06648-d04b-4b82-9cf6-a8e94d215d3d => generated 3462 bytes in 37 msecs (HTTP/1.1 200) 4 headers in 158 bytes (1 switches on core 0) [pid: 8|app: 0|req: 44/85] 199.204.45.95 () {44 vars in 998 bytes} [Fri Feb 27 19:05:37 2026] GET /v2.0/security-groups/b1d06648-d04b-4b82-9cf6-a8e94d215d3d => generated 3462 bytes in 36 msecs (HTTP/1.1 200) 4 headers in 158 bytes (1 switches on core 0) [pid: 7|app: 0|req: 42/86] 199.204.45.95 () {48 vars in 988 bytes} [Fri Feb 27 19:05:37 2026] POST /v2.0/security-group-rules => generated 603 bytes in 115 msecs (HTTP/1.1 201) 4 headers in 162 bytes (1 switches on core 0) [pid: 8|app: 0|req: 46/89] 199.204.45.95 () {44 vars in 998 bytes} [Fri Feb 27 19:05:38 2026] GET /v2.0/security-groups/b1d06648-d04b-4b82-9cf6-a8e94d215d3d => generated 4078 bytes in 70 msecs (HTTP/1.1 200) 4 headers in 158 bytes (1 switches on core 0) [pid: 7|app: 0|req: 44/90] 199.204.45.95 () {44 vars in 998 bytes} [Fri Feb 27 19:05:38 2026] GET /v2.0/security-groups/b1d06648-d04b-4b82-9cf6-a8e94d215d3d => generated 4078 bytes in 35 msecs (HTTP/1.1 200) 4 headers in 158 bytes (1 switches on core 0) [pid: 8|app: 0|req: 47/91] 199.204.45.95 () {44 vars in 998 bytes} [Fri Feb 27 19:05:38 2026] GET /v2.0/security-groups/b1d06648-d04b-4b82-9cf6-a8e94d215d3d => generated 4078 bytes in 37 msecs (HTTP/1.1 200) 4 headers in 158 bytes (1 switches on core 0) [pid: 7|app: 0|req: 45/92] 199.204.45.95 () {48 vars in 988 bytes} [Fri Feb 27 19:05:38 2026] POST /v2.0/security-group-rules => generated 603 bytes in 114 msecs (HTTP/1.1 201) 4 headers in 162 bytes (1 switches on core 0) [pid: 8|app: 0|req: 48/93] 199.204.45.95 () {44 vars in 984 bytes} [Fri Feb 27 19:05:39 2026] GET /v2.0/networks/f98b6b6c-149d-45a7-9e23-a023b9689839 => generated 732 bytes in 97 msecs (HTTP/1.1 200) 4 headers in 157 bytes (1 switches on core 0)
