Jun 30 00:14:50.547911 np0000183502 devstack@n-api.service[100003]: DEBUG nova.api.openstack.wsgi [None req-d17ecbf2-bedc-4e48-88c5-dbf15d85a690 admin admin] Calling method '>' {{(pid=100003) _process_stack /opt/stack/nova/nova/api/openstack/wsgi.py:551}}
Jun 30 00:14:50.553558 np0000183502 devstack@n-api.service[100003]: INFO nova.api.openstack.requestlog [None req-d17ecbf2-bedc-4e48-88c5-dbf15d85a690 admin admin] 199.204.45.177 "GET /compute/v2.1/" status: 200 len: 393 microversion: 2.1 time: 0.006108
Jun 30 00:14:50.553785 np0000183502 devstack@n-api.service[100003]: [pid: 100003|app: 0|req: 16/62] 199.204.45.177 () {62 vars in 1066 bytes} [Tue Jun 30 00:14:50 2026] GET /compute/v2.1/ => generated 393 bytes in 7 msecs (HTTP/1.1 200) 9 headers in 357 bytes (1 switches on core 0)
Jun 30 00:14:50.622567 np0000183502 devstack@n-api.service[100002]: DEBUG nova.api.openstack.wsgi [None req-2f524933-37f2-4918-a850-2dd62e264f74 demo demo] Calling method '>' {{(pid=100002) _process_stack /opt/stack/nova/nova/api/openstack/wsgi.py:551}}
Jun 30 00:14:50.655081 np0000183502 devstack@n-api.service[100002]: INFO nova.api.openstack.requestlog [None req-2f524933-37f2-4918-a850-2dd62e264f74 demo demo] 199.204.45.177 "GET /compute/v2.1/flavors/detail?is_public=None" status: 200 len: 5262 microversion: 2.61 time: 0.036454
Jun 30 00:14:50.655364 np0000183502 devstack@n-api.service[100002]: [pid: 100002|app: 0|req: 17/63] 199.204.45.177 () {68 vars in 1424 bytes} [Tue Jun 30 00:14:50 2026] GET /compute/v2.1/flavors/detail?is_public=None => generated 5262 bytes in 37 msecs (HTTP/1.1 200) 9 headers in 360 bytes (1 switches on core 0)
Jun 30 00:14:50.706747 np0000183502 devstack@n-api.service[100004]: DEBUG nova.api.openstack.wsgi [None req-e73ac45f-8fac-4a9b-b7d4-ccc6660e48da demo demo] Calling method '>' {{(pid=100004) _process_stack /opt/stack/nova/nova/api/openstack/wsgi.py:551}}
Jun 30 00:14:50.737029 np0000183502 devstack@n-api.service[100004]: INFO nova.api.openstack.requestlog [None req-e73ac45f-8fac-4a9b-b7d4-ccc6660e48da demo demo] 199.204.45.177 "GET /compute/v2.1/flavors/detail?is_public=None" status: 200 len: 5262 microversion: 2.61 time: 0.032471
Jun 30 00:14:50.737373 np0000183502 devstack@n-api.service[100004]: [pid: 100004|app: 0|req: 16/64] 199.204.45.177 () {68 vars in 1424 bytes} [Tue Jun 30 00:14:50 2026] GET /compute/v2.1/flavors/detail?is_public=None => generated 5262 bytes in 33 msecs (HTTP/1.1 200) 9 headers in 360 bytes (1 switches on core 0)
Jun 30 00:14:51.011022 np0000183502 devstack@n-api.service[100005]: DEBUG nova.api.openstack.wsgi [None req-d5567f32-44b1-4a9f-82d6-fa1db987228f admin admin] Calling method '>' {{(pid=100005) _process_stack /opt/stack/nova/nova/api/openstack/wsgi.py:551}}
Jun 30 00:14:51.015648 np0000183502 devstack@n-api.service[100005]: INFO nova.api.openstack.requestlog [None req-d5567f32-44b1-4a9f-82d6-fa1db987228f admin admin] 199.204.45.177 "GET /compute/v2.1" status: 200 len: 393 microversion: 2.1 time: 0.005126
Jun 30 00:14:51.015893 np0000183502 devstack@n-api.service[100005]: [pid: 100005|app: 0|req: 16/65] 199.204.45.177 () {62 vars in 1063 bytes} [Tue Jun 30 00:14:51 2026] GET /compute/v2.1 => generated 393 bytes in 6 msecs (HTTP/1.1 200) 9 headers in 357 bytes (1 switches on core 0)
Jun 30 00:14:51.052764 np0000183502 devstack@n-api.service[100003]: DEBUG nova.api.openstack.wsgi [None req-d17ecbf2-bedc-4e48-88c5-dbf15d85a690 admin admin] Calling method '>' {{(pid=100003) _process_stack /opt/stack/nova/nova/api/openstack/wsgi.py:551}}
Jun 30 00:14:51.058700 np0000183502 devstack@n-api.service[100003]: INFO nova.api.openstack.requestlog [None req-d17ecbf2-bedc-4e48-88c5-dbf15d85a690 admin admin] 199.204.45.177 "GET /compute/v2.1/" status: 200 len: 393 microversion: 2.1 time: 0.006345
Jun 30 00:14:51.059087 np0000183502 devstack@n-api.service[100003]: [pid: 100003|app: 0|req: 17/66] 199.204.45.177 () {62 vars in 1066 bytes} [Tue Jun 30 00:14:51 2026] GET /compute/v2.1/ => generated 393 bytes in 7 msecs (HTTP/1.1 200) 9 headers in 357 bytes (1 switches on core 0)
Jun 30 00:14:51.100052 np0000183502 devstack@n-api.service[100002]: DEBUG nova.api.openstack.wsgi [None req-afc45d9b-8ed9-41d5-9925-3a55b28049dc demo demo] Calling method '>' {{(pid=100002) _process_stack /opt/stack/nova/nova/api/openstack/wsgi.py:551}}
Jun 30 00:14:51.122361 np0000183502 devstack@n-api.service[100002]: INFO nova.api.openstack.requestlog [None req-afc45d9b-8ed9-41d5-9925-3a55b28049dc demo demo] 199.204.45.177 "GET /compute/v2.1/flavors/detail?is_public=None" status: 200 len: 5262 microversion: 2.61 time: 0.025693
Jun 30 00:14:51.122644 np0000183502 devstack@n-api.service[100002]: [pid: 100002|app: 0|req: 18/67] 199.204.45.177 () {68 vars in 1424 bytes} [Tue Jun 30 00:14:51 2026] GET /compute/v2.1/flavors/detail?is_public=None => generated 5262 bytes in 26 msecs (HTTP/1.1 200) 9 headers in 360 bytes (1 switches on core 0)
Jun 30 00:14:51.174339 np0000183502 devstack@n-api.service[100004]: DEBUG nova.api.openstack.wsgi [None req-3f6a6a96-093b-4203-a2aa-3a7f1431dda2 demo demo] Calling method '>' {{(pid=100004) _process_stack /opt/stack/nova/nova/api/openstack/wsgi.py:551}}
Jun 30 00:14:51.195398 np0000183502 devstack@n-api.service[100004]: INFO nova.api.openstack.requestlog [None req-3f6a6a96-093b-4203-a2aa-3a7f1431dda2 demo demo] 199.204.45.177 "GET /compute/v2.1/flavors/detail?is_public=None" status: 200 len: 5262 microversion: 2.61 time: 0.023419
Jun 30 00:14:51.195669 np0000183502 devstack@n-api.service[100004]: [pid: 100004|app: 0|req: 17/68] 199.204.45.177 () {68 vars in 1424 bytes} [Tue Jun 30 00:14:51 2026] GET /compute/v2.1/flavors/detail?is_public=None => generated 5262 bytes in 24 msecs (HTTP/1.1 200) 9 headers in 360 bytes (1 switches on core 0)
Jun 30 00:14:55.387317 np0000183502 devstack@n-api.service[100005]: DEBUG nova.api.openstack.wsgi [None req-d5567f32-44b1-4a9f-82d6-fa1db987228f admin admin] Calling method '>' {{(pid=100005) _process_stack /opt/stack/nova/nova/api/openstack/wsgi.py:551}}
Jun 30 00:14:55.393303 np0000183502 devstack@n-api.service[100005]: INFO nova.api.openstack.requestlog [None req-d5567f32-44b1-4a9f-82d6-fa1db987228f admin admin] 199.204.45.177 "GET /compute/v2.1" status: 200 len: 393 microversion: 2.1 time: 0.006411
Jun 30 00:14:55.393755 np0000183502 devstack@n-api.service[100005]: [pid: 100005|app: 0|req: 17/69] 199.204.45.177 () {62 vars in 1063 bytes} [Tue Jun 30 00:14:55 2026] GET /compute/v2.1 => generated 393 bytes in 7 msecs (HTTP/1.1 200) 9 headers in 357 bytes (1 switches on core 0)
Jun 30 00:14:55.429905 np0000183502 devstack@n-api.service[100003]: DEBUG nova.api.openstack.wsgi [None req-d17ecbf2-bedc-4e48-88c5-dbf15d85a690 admin admin] Calling method '>' {{(pid=100003) _process_stack /opt/stack/nova/nova/api/openstack/wsgi.py:551}}
Jun 30 00:14:55.436062 np0000183502 devstack@n-api.service[100003]: INFO nova.api.openstack.requestlog [None req-d17ecbf2-bedc-4e48-88c5-dbf15d85a690 admin admin] 199.204.45.177 "GET /compute/v2.1/" status: 200 len: 393 microversion: 2.1 time: 0.006580
Jun 30 00:14:55.436431 np0000183502 devstack@n-api.service[100003]: [pid: 100003|app: 0|req: 18/70] 199.204.45.177 () {62 vars in 1066 bytes} [Tue Jun 30 00:14:55 2026] GET /compute/v2.1/ => generated 393 bytes in 7 msecs (HTTP/1.1 200) 9 headers in 357 bytes (1 switches on core 0)
Jun 30 00:14:55.475518 np0000183502 devstack@n-api.service[100002]: DEBUG nova.api.openstack.wsgi [None req-9ba129cd-d5a5-4c87-8a13-59b573d1ce4a demo demo] Calling method '>' {{(pid=100002) _process_stack /opt/stack/nova/nova/api/openstack/wsgi.py:551}}
Jun 30 00:14:55.496643 np0000183502 devstack@n-api.service[100002]: INFO nova.api.openstack.requestlog [None req-9ba129cd-d5a5-4c87-8a13-59b573d1ce4a demo demo] 199.204.45.177 "GET /compute/v2.1/flavors/detail?is_public=None" status: 200 len: 5262 microversion: 2.61 time: 0.024414
Jun 30 00:14:55.496917 np0000183502 devstack@n-api.service[100002]: [pid: 100002|app: 0|req: 19/71] 199.204.45.177 () {68 vars in 1424 bytes} [Tue Jun 30 00:14:55 2026] GET /compute/v2.1/flavors/detail?is_public=None => generated 5262 bytes in 25 msecs (HTTP/1.1 200) 9 headers in 360 bytes (1 switches on core 0)
Jun 30 00:14:55.547524 np0000183502 devstack@n-api.service[100004]: DEBUG nova.api.openstack.wsgi [None req-a62fd577-03fb-40e2-8bc5-9ac753144edd demo demo] Calling method '>' {{(pid=100004) _process_stack /opt/stack/nova/nova/api/openstack/wsgi.py:551}}
Jun 30 00:14:55.567700 np0000183502 devstack@n-api.service[100004]: INFO nova.api.openstack.requestlog [None req-a62fd577-03fb-40e2-8bc5-9ac753144edd demo demo] 199.204.45.177 "GET /compute/v2.1/flavors/detail?is_public=None" status: 200 len: 5262 microversion: 2.61 time: 0.023487
Jun 30 00:14:55.567933 np0000183502 devstack@n-api.service[100004]: [pid: 100004|app: 0|req: 18/72] 199.204.45.177 () {68 vars in 1424 bytes} [Tue Jun 30 00:14:55 2026] GET /compute/v2.1/flavors/detail?is_public=None => generated 5262 bytes in 24 msecs (HTTP/1.1 200) 9 headers in 360 bytes (1 switches on core 0)
Jun 30 00:14:55.728045 np0000183502 devstack@n-api.service[100005]: DEBUG nova.api.openstack.wsgi [None req-d5567f32-44b1-4a9f-82d6-fa1db987228f admin admin] Calling method '>' {{(pid=100005) _process_stack /opt/stack/nova/nova/api/openstack/wsgi.py:551}}
Jun 30 00:14:55.731131 np0000183502 devstack@n-api.service[100005]: INFO nova.api.openstack.requestlog [None req-d5567f32-44b1-4a9f-82d6-fa1db987228f admin admin] 199.204.45.177 "GET /compute/v2.1" status: 200 len: 393 microversion: 2.1 time: 0.004285
Jun 30 00:14:55.731347 np0000183502 devstack@n-api.service[100005]: [pid: 100005|app: 0|req: 18/73] 199.204.45.177 () {62 vars in 1063 bytes} [Tue Jun 30 00:14:55 2026] GET /compute/v2.1 => generated 393 bytes in 5 msecs (HTTP/1.1 200) 9 headers in 357 bytes (1 switches on core 0)
Jun 30 00:14:55.768703 np0000183502 devstack@n-api.service[100003]: DEBUG nova.api.openstack.wsgi [None req-d17ecbf2-bedc-4e48-88c5-dbf15d85a690 admin admin] Calling method '>' {{(pid=100003) _process_stack /opt/stack/nova/nova/api/openstack/wsgi.py:551}}
Jun 30 00:14:55.772877 np0000183502 devstack@n-api.service[100003]: INFO nova.api.openstack.requestlog [None req-d17ecbf2-bedc-4e48-88c5-dbf15d85a690 admin admin] 199.204.45.177 "GET /compute/v2.1/" status: 200 len: 393 microversion: 2.1 time: 0.005829
Jun 30 00:14:55.773148 np0000183502 devstack@n-api.service[100003]: [pid: 100003|app: 0|req: 19/74] 199.204.45.177 () {62 vars in 1066 bytes} [Tue Jun 30 00:14:55 2026] GET /compute/v2.1/ => generated 393 bytes in 7 msecs (HTTP/1.1 200) 9 headers in 357 bytes (1 switches on core 0)
Jun 30 00:14:55.812645 np0000183502 devstack@n-api.service[100002]: DEBUG nova.api.openstack.wsgi [None req-e5f7613b-5c4f-45ca-9276-976a223b8559 demo demo] Calling method '>' {{(pid=100002) _process_stack /opt/stack/nova/nova/api/openstack/wsgi.py:551}}
Jun 30 00:14:55.832729 np0000183502 devstack@n-api.service[100002]: INFO nova.api.openstack.requestlog [None req-e5f7613b-5c4f-45ca-9276-976a223b8559 demo demo] 199.204.45.177 "GET /compute/v2.1/flavors/detail?is_public=None" status: 200 len: 5262 microversion: 2.61 time: 0.023571
Jun 30 00:14:55.833022 np0000183502 devstack@n-api.service[100002]: [pid: 100002|app: 0|req: 20/75] 199.204.45.177 () {68 vars in 1424 bytes} [Tue Jun 30 00:14:55 2026] GET /compute/v2.1/flavors/detail?is_public=None => generated 5262 bytes in 25 msecs (HTTP/1.1 200) 9 headers in 360 bytes (1 switches on core 0)
Jun 30 00:14:55.886480 np0000183502 devstack@n-api.service[100004]: DEBUG nova.api.openstack.wsgi [None req-e6094972-3883-45ee-bb08-f5abceb0d72b demo demo] Calling method '>' {{(pid=100004) _process_stack /opt/stack/nova/nova/api/openstack/wsgi.py:551}}
Jun 30 00:14:55.916650 np0000183502 devstack@n-api.service[100004]: INFO nova.api.openstack.requestlog [None req-e6094972-3883-45ee-bb08-f5abceb0d72b demo demo] 199.204.45.177 "GET /compute/v2.1/flavors/detail?is_public=None" status: 200 len: 5262 microversion: 2.61 time: 0.033669
Jun 30 00:14:55.916931 np0000183502 devstack@n-api.service[100004]: [pid: 100004|app: 0|req: 19/76] 199.204.45.177 () {68 vars in 1424 bytes} [Tue Jun 30 00:14:55 2026] GET /compute/v2.1/flavors/detail?is_public=None => generated 5262 bytes in 34 msecs (HTTP/1.1 200) 9 headers in 360 bytes (1 switches on core 0)
Jun 30 00:14:59.478848 np0000183502 devstack@n-api.service[100005]: DEBUG nova.api.openstack.wsgi [None req-d5567f32-44b1-4a9f-82d6-fa1db987228f admin admin] Calling method '>' {{(pid=100005) _process_stack /opt/stack/nova/nova/api/openstack/wsgi.py:551}}
Jun 30 00:14:59.482879 np0000183502 devstack@n-api.service[100005]: INFO nova.api.openstack.requestlog [None req-d5567f32-44b1-4a9f-82d6-fa1db987228f admin admin] 199.204.45.177 "GET /compute/v2.1" status: 200 len: 393 microversion: 2.1 time: 0.004444
Jun 30 00:14:59.483135 np0000183502 devstack@n-api.service[100005]: [pid: 100005|app: 0|req: 19/77] 199.204.45.177 () {62 vars in 1074 bytes} [Tue Jun 30 00:14:59 2026] GET /compute/v2.1 => generated 393 bytes in 5 msecs (HTTP/1.1 200) 9 headers in 357 bytes (1 switches on core 0)
Jun 30 00:14:59.520781 np0000183502 devstack@n-api.service[100003]: DEBUG nova.api.openstack.wsgi [None req-d17ecbf2-bedc-4e48-88c5-dbf15d85a690 admin admin] Calling method '>' {{(pid=100003) _process_stack /opt/stack/nova/nova/api/openstack/wsgi.py:551}}
Jun 30 00:14:59.527014 np0000183502 devstack@n-api.service[100003]: INFO nova.api.openstack.requestlog [None req-d17ecbf2-bedc-4e48-88c5-dbf15d85a690 admin admin] 199.204.45.177 "GET /compute/v2.1/" status: 200 len: 393 microversion: 2.1 time: 0.006982
Jun 30 00:14:59.527300 np0000183502 devstack@n-api.service[100003]: [pid: 100003|app: 0|req: 20/78] 199.204.45.177 () {62 vars in 1077 bytes} [Tue Jun 30 00:14:59 2026] GET /compute/v2.1/ => generated 393 bytes in 8 msecs (HTTP/1.1 200) 9 headers in 357 bytes (1 switches on core 0)
Jun 30 00:14:59.565771 np0000183502 devstack@n-api.service[100002]: DEBUG nova.api.openstack.wsgi [None req-862f823a-9d29-420c-b72e-c694db5d2728 demo demo] Calling method '>' {{(pid=100002) _process_stack /opt/stack/nova/nova/api/openstack/wsgi.py:551}}
Jun 30 00:14:59.595754 np0000183502 devstack@n-api.service[100002]: INFO nova.api.openstack.requestlog [None req-862f823a-9d29-420c-b72e-c694db5d2728 demo demo] 199.204.45.177 "GET /compute/v2.1/os-server-groups" status: 200 len: 21 microversion: 2.64 time: 0.033559
Jun 30 00:14:59.596095 np0000183502 devstack@n-api.service[100002]: [pid: 100002|app: 0|req: 21/79] 199.204.45.177 () {68 vars in 1412 bytes} [Tue Jun 30 00:14:59 2026] GET /compute/v2.1/os-server-groups => generated 21 bytes in 34 msecs (HTTP/1.1 200) 9 headers in 358 bytes (1 switches on core 0)
Jun 30 00:14:59.636026 np0000183502 devstack@n-api.service[100004]: DEBUG nova.api.openstack.wsgi [None req-e6094972-3883-45ee-bb08-f5abceb0d72b demo demo] Calling method '>' {{(pid=100004) _process_stack /opt/stack/nova/nova/api/openstack/wsgi.py:551}}
Jun 30 00:14:59.641858 np0000183502 devstack@n-api.service[100004]: INFO nova.api.openstack.requestlog [None req-e6094972-3883-45ee-bb08-f5abceb0d72b demo demo] 199.204.45.177 "GET /compute/v2.1" status: 200 len: 393 microversion: 2.1 time: 0.006310
Jun 30 00:14:59.642242 np0000183502 devstack@n-api.service[100004]: [pid: 100004|app: 0|req: 20/80] 199.204.45.177 () {62 vars in 1074 bytes} [Tue Jun 30 00:14:59 2026] GET /compute/v2.1 => generated 393 bytes in 7 msecs (HTTP/1.1 200) 9 headers in 357 bytes (1 switches on core 0)
Jun 30 00:14:59.680711 np0000183502 devstack@n-api.service[100005]: DEBUG nova.api.openstack.wsgi [None req-d5567f32-44b1-4a9f-82d6-fa1db987228f admin admin] Calling method '>' {{(pid=100005) _process_stack /opt/stack/nova/nova/api/openstack/wsgi.py:551}}
Jun 30 00:14:59.687991 np0000183502 devstack@n-api.service[100005]: INFO nova.api.openstack.requestlog [None req-d5567f32-44b1-4a9f-82d6-fa1db987228f admin admin] 199.204.45.177 "GET /compute/v2.1/" status: 200 len: 393 microversion: 2.1 time: 0.007733
Jun 30 00:14:59.688258 np0000183502 devstack@n-api.service[100005]: [pid: 100005|app: 0|req: 20/81] 199.204.45.177 () {62 vars in 1077 bytes} [Tue Jun 30 00:14:59 2026] GET /compute/v2.1/ => generated 393 bytes in 8 msecs (HTTP/1.1 200) 9 headers in 357 bytes (1 switches on core 0)
Jun 30 00:14:59.729360 np0000183502 devstack@n-api.service[100003]: DEBUG nova.api.openstack.wsgi [None req-26a1c646-dfd3-4966-bedf-b017900803b1 demo demo] Action: 'create', calling method: >, body: {"server_group": {"name": "kube-ua4o9", "policy": "soft-anti-affinity"}} {{(pid=100003) _process_stack /opt/stack/nova/nova/api/openstack/wsgi.py:549}}
Jun 30 00:14:59.763402 np0000183502 devstack@n-api.service[100003]: DEBUG nova.quota [None req-26a1c646-dfd3-4966-bedf-b017900803b1 demo demo] Getting quotas for project a5f97d0555864426a7164b4ef3bb42bc. Resources: {'server_groups'} {{(pid=100003) _get_quotas /opt/stack/nova/nova/quota.py:389}}
Jun 30 00:14:59.769050 np0000183502 devstack@n-api.service[100003]: DEBUG nova.quota [None req-26a1c646-dfd3-4966-bedf-b017900803b1 demo demo] Getting quotas for user 78b72bdd588b4242bdf33e5fe1940251 and project a5f97d0555864426a7164b4ef3bb42bc. Resources: {'server_groups'} {{(pid=100003) _get_quotas /opt/stack/nova/nova/quota.py:379}}
Jun 30 00:14:59.830973 np0000183502 devstack@n-api.service[100003]: DEBUG nova.quota [None req-26a1c646-dfd3-4966-bedf-b017900803b1 demo demo] Getting quotas for project a5f97d0555864426a7164b4ef3bb42bc. Resources: {'server_groups'} {{(pid=100003) _get_quotas /opt/stack/nova/nova/quota.py:389}}
Jun 30 00:14:59.834251 np0000183502 devstack@n-api.service[100003]: DEBUG nova.quota [None req-26a1c646-dfd3-4966-bedf-b017900803b1 demo demo] Getting quotas for user 78b72bdd588b4242bdf33e5fe1940251 and project a5f97d0555864426a7164b4ef3bb42bc. Resources: {'server_groups'} {{(pid=100003) _get_quotas /opt/stack/nova/nova/quota.py:379}}
Jun 30 00:14:59.843211 np0000183502 devstack@n-api.service[100003]: INFO nova.api.openstack.requestlog [None req-26a1c646-dfd3-4966-bedf-b017900803b1 demo demo] 199.204.45.177 "POST /compute/v2.1/os-server-groups" status: 200 len: 243 microversion: 2.64 time: 0.118510
Jun 30 00:14:59.843947 np0000183502 devstack@n-api.service[100003]: [pid: 100003|app: 0|req: 21/82] 199.204.45.177 () {72 vars in 1452 bytes} [Tue Jun 30 00:14:59 2026] POST /compute/v2.1/os-server-groups => generated 243 bytes in 120 msecs (HTTP/1.1 200) 9 headers in 359 bytes (1 switches on core 0)
Jun 30 00:14:59.890998 np0000183502 devstack@n-api.service[100002]: DEBUG nova.api.openstack.wsgi [None req-862f823a-9d29-420c-b72e-c694db5d2728 demo demo] Calling method '>' {{(pid=100002) _process_stack /opt/stack/nova/nova/api/openstack/wsgi.py:551}}
Jun 30 00:14:59.894458 np0000183502 devstack@n-api.service[100002]: INFO nova.api.openstack.requestlog [None req-862f823a-9d29-420c-b72e-c694db5d2728 demo demo] 199.204.45.177 "GET /compute/v2.1" status: 200 len: 393 microversion: 2.1 time: 0.003808
Jun 30 00:14:59.894779 np0000183502 devstack@n-api.service[100002]: [pid: 100002|app: 0|req: 22/83] 199.204.45.177 () {62 vars in 1074 bytes} [Tue Jun 30 00:14:59 2026] GET /compute/v2.1 => generated 393 bytes in 4 msecs (HTTP/1.1 200) 9 headers in 357 bytes (1 switches on core 0)
Jun 30 00:14:59.932242 np0000183502 devstack@n-api.service[100004]: DEBUG nova.api.openstack.wsgi [None req-e6094972-3883-45ee-bb08-f5abceb0d72b demo demo] Calling method '>' {{(pid=100004) _process_stack /opt/stack/nova/nova/api/openstack/wsgi.py:551}}
Jun 30 00:14:59.937485 np0000183502 devstack@n-api.service[100004]: INFO nova.api.openstack.requestlog [None req-e6094972-3883-45ee-bb08-f5abceb0d72b demo demo] 199.204.45.177 "GET /compute/v2.1/" status: 200 len: 393 microversion: 2.1 time: 0.005728
Jun 30 00:14:59.937485 np0000183502 devstack@n-api.service[100004]: [pid: 100004|app: 0|req: 21/84] 199.204.45.177 () {62 vars in 1077 bytes} [Tue Jun 30 00:14:59 2026] GET /compute/v2.1/ => generated 393 bytes in 7 msecs (HTTP/1.1 200) 9 headers in 357 bytes (1 switches on core 0)
Jun 30 00:14:59.976638 np0000183502 devstack@n-api.service[100005]: DEBUG nova.api.openstack.wsgi [None req-b3c6d3fa-8b83-4737-9d26-728522ca5c6d demo demo] Calling method '>' {{(pid=100005) _process_stack /opt/stack/nova/nova/api/openstack/wsgi.py:551}}
Jun 30 00:14:59.996676 np0000183502 devstack@n-api.service[100005]: INFO nova.api.openstack.requestlog [None req-b3c6d3fa-8b83-4737-9d26-728522ca5c6d demo demo] 199.204.45.177 "GET /compute/v2.1/os-server-groups" status: 200 len: 246 microversion: 2.64 time: 0.023817
Jun 30 00:14:59.996959 np0000183502 devstack@n-api.service[100005]: [pid: 100005|app: 0|req: 21/85] 199.204.45.177 () {68 vars in 1412 bytes} [Tue Jun 30 00:14:59 2026] GET /compute/v2.1/os-server-groups => generated 246 bytes in 25 msecs (HTTP/1.1 200) 9 headers in 359 bytes (1 switches on core 0)
Jun 30 00:15:00.036718 np0000183502 devstack@n-api.service[100003]: DEBUG nova.api.openstack.wsgi [None req-26a1c646-dfd3-4966-bedf-b017900803b1 demo demo] Calling method '>' {{(pid=100003) _process_stack /opt/stack/nova/nova/api/openstack/wsgi.py:551}}
Jun 30 00:15:00.042247 np0000183502 devstack@n-api.service[100003]: INFO nova.api.openstack.requestlog [None req-26a1c646-dfd3-4966-bedf-b017900803b1 demo demo] 199.204.45.177 "GET /compute/v2.1" status: 200 len: 393 microversion: 2.1 time: 0.006494
Jun 30 00:15:00.042613 np0000183502 devstack@n-api.service[100003]: [pid: 100003|app: 0|req: 22/86] 199.204.45.177 () {62 vars in 1074 bytes} [Tue Jun 30 00:15:00 2026] GET /compute/v2.1 => generated 393 bytes in 8 msecs (HTTP/1.1 200) 9 headers in 357 bytes (1 switches on core 0)
Jun 30 00:15:00.082757 np0000183502 devstack@n-api.service[100002]: DEBUG nova.api.openstack.wsgi [None req-862f823a-9d29-420c-b72e-c694db5d2728 demo demo] Calling method '>' {{(pid=100002) _process_stack /opt/stack/nova/nova/api/openstack/wsgi.py:551}}
Jun 30 00:15:00.089090 np0000183502 devstack@n-api.service[100002]: INFO nova.api.openstack.requestlog [None req-862f823a-9d29-420c-b72e-c694db5d2728 demo demo] 199.204.45.177 "GET /compute/v2.1/" status: 200 len: 393 microversion: 2.1 time: 0.007019
Jun 30 00:15:00.089464 np0000183502 devstack@n-api.service[100002]: [pid: 100002|app: 0|req: 23/87] 199.204.45.177 () {62 vars in 1077 bytes} [Tue Jun 30 00:15:00 2026] GET /compute/v2.1/ => generated 393 bytes in 8 msecs (HTTP/1.1 200) 9 headers in 357 bytes (1 switches on core 0)
Jun 30 00:15:00.128234 np0000183502 devstack@n-api.service[100004]: DEBUG nova.api.openstack.wsgi [None req-5fbb89c9-8274-4ec2-8ccf-9c72f500cf61 demo demo] Action: 'create', calling method: >, body: {"server_group": {"name": "kube-ua4o9-default-worker", "policy": "soft-anti-affinity"}} {{(pid=100004) _process_stack /opt/stack/nova/nova/api/openstack/wsgi.py:549}}
Jun 30 00:15:00.157474 np0000183502 devstack@n-api.service[100004]: DEBUG nova.quota [None req-5fbb89c9-8274-4ec2-8ccf-9c72f500cf61 demo demo] Getting quotas for project a5f97d0555864426a7164b4ef3bb42bc. Resources: {'server_groups'} {{(pid=100004) _get_quotas /opt/stack/nova/nova/quota.py:389}}
Jun 30 00:15:00.160272 np0000183502 devstack@n-api.service[100004]: DEBUG nova.quota [None req-5fbb89c9-8274-4ec2-8ccf-9c72f500cf61 demo demo] Getting quotas for user 78b72bdd588b4242bdf33e5fe1940251 and project a5f97d0555864426a7164b4ef3bb42bc. Resources: {'server_groups'} {{(pid=100004) _get_quotas /opt/stack/nova/nova/quota.py:379}}
Jun 30 00:15:00.209751 np0000183502 devstack@n-api.service[100004]: DEBUG nova.quota [None req-5fbb89c9-8274-4ec2-8ccf-9c72f500cf61 demo demo] Getting quotas for project a5f97d0555864426a7164b4ef3bb42bc. Resources: {'server_groups'} {{(pid=100004) _get_quotas /opt/stack/nova/nova/quota.py:389}}
Jun 30 00:15:00.211655 np0000183502 devstack@n-api.service[100004]: DEBUG nova.quota [None req-5fbb89c9-8274-4ec2-8ccf-9c72f500cf61 demo demo] Getting quotas for user 78b72bdd588b4242bdf33e5fe1940251 and project a5f97d0555864426a7164b4ef3bb42bc. Resources: {'server_groups'} {{(pid=100004) _get_quotas /opt/stack/nova/nova/quota.py:379}}
Jun 30 00:15:00.219152 np0000183502 devstack@n-api.service[100004]: INFO nova.api.openstack.requestlog [None req-5fbb89c9-8274-4ec2-8ccf-9c72f500cf61 demo demo] 199.204.45.177 "POST /compute/v2.1/os-server-groups" status: 200 len: 258 microversion: 2.64 time: 0.094884
Jun 30 00:15:00.219513 np0000183502 devstack@n-api.service[100004]: [pid: 100004|app: 0|req: 22/88] 199.204.45.177 () {72 vars in 1452 bytes} [Tue Jun 30 00:15:00 2026] POST /compute/v2.1/os-server-groups => generated 258 bytes in 96 msecs (HTTP/1.1 200) 9 headers in 359 bytes (1 switches on core 0)
Jun 30 00:15:03.360619 np0000183502 devstack@n-api.service[100005]: DEBUG nova.api.openstack.wsgi [None req-b3c6d3fa-8b83-4737-9d26-728522ca5c6d demo demo] Calling method '>' {{(pid=100005) _process_stack /opt/stack/nova/nova/api/openstack/wsgi.py:551}}
Jun 30 00:15:03.363963 np0000183502 devstack@n-api.service[100005]: INFO nova.api.openstack.requestlog [None req-b3c6d3fa-8b83-4737-9d26-728522ca5c6d demo demo] 199.204.45.177 "GET /compute/v2.1" status: 200 len: 393 microversion: 2.1 time: 0.003696
Jun 30 00:15:03.364203 np0000183502 devstack@n-api.service[100005]: [pid: 100005|app: 0|req: 22/89] 199.204.45.177 () {62 vars in 1074 bytes} [Tue Jun 30 00:15:03 2026] GET /compute/v2.1 => generated 393 bytes in 4 msecs (HTTP/1.1 200) 9 headers in 357 bytes (1 switches on core 0)
Jun 30 00:15:03.395719 np0000183502 devstack@n-api.service[100003]: DEBUG nova.api.openstack.wsgi [None req-26a1c646-dfd3-4966-bedf-b017900803b1 demo demo] Calling method '>' {{(pid=100003) _process_stack /opt/stack/nova/nova/api/openstack/wsgi.py:551}}
Jun 30 00:15:03.401681 np0000183502 devstack@n-api.service[100003]: INFO nova.api.openstack.requestlog [None req-26a1c646-dfd3-4966-bedf-b017900803b1 demo demo] 199.204.45.177 "GET /compute/v2.1/" status: 200 len: 393 microversion: 2.1 time: 0.006244
Jun 30 00:15:03.402044 np0000183502 devstack@n-api.service[100003]: [pid: 100003|app: 0|req: 23/90] 199.204.45.177 () {62 vars in 1077 bytes} [Tue Jun 30 00:15:03 2026] GET /compute/v2.1/ => generated 393 bytes in 7 msecs (HTTP/1.1 200) 9 headers in 357 bytes (1 switches on core 0)
Jun 30 00:15:03.440837 np0000183502 devstack@n-api.service[100002]: DEBUG nova.api.openstack.wsgi [None req-0d978b3e-8a51-4144-bb71-5a5eea1aaf59 demo demo] Calling method '>' {{(pid=100002) _process_stack /opt/stack/nova/nova/api/openstack/wsgi.py:551}}
Jun 30 00:15:03.466993 np0000183502 devstack@n-api.service[100002]: INFO nova.api.openstack.requestlog [None req-0d978b3e-8a51-4144-bb71-5a5eea1aaf59 demo demo] 199.204.45.177 "GET /compute/v2.1/flavors/detail?is_public=None" status: 200 len: 5262 microversion: 2.61 time: 0.029531
Jun 30 00:15:03.467315 np0000183502 devstack@n-api.service[100002]: [pid: 100002|app: 0|req: 24/91] 199.204.45.177 () {68 vars in 1435 bytes} [Tue Jun 30 00:15:03 2026] GET /compute/v2.1/flavors/detail?is_public=None => generated 5262 bytes in 30 msecs (HTTP/1.1 200) 9 headers in 360 bytes (1 switches on core 0)
Jun 30 00:15:03.515711 np0000183502 devstack@n-api.service[100004]: DEBUG nova.api.openstack.wsgi [None req-9a0af473-dd58-4c20-9a2c-5d20f003e2c7 demo demo] Calling method '>' {{(pid=100004) _process_stack /opt/stack/nova/nova/api/openstack/wsgi.py:551}}
Jun 30 00:15:03.536368 np0000183502 devstack@n-api.service[100004]: INFO nova.api.openstack.requestlog [None req-9a0af473-dd58-4c20-9a2c-5d20f003e2c7 demo demo] 199.204.45.177 "GET /compute/v2.1/flavors/detail?is_public=None" status: 200 len: 5262 microversion: 2.61 time: 0.024547
Jun 30 00:15:03.536778 np0000183502 devstack@n-api.service[100004]: [pid: 100004|app: 0|req: 23/92] 199.204.45.177 () {68 vars in 1435 bytes} [Tue Jun 30 00:15:03 2026] GET /compute/v2.1/flavors/detail?is_public=None => generated 5262 bytes in 25 msecs (HTTP/1.1 200) 9 headers in 360 bytes (1 switches on core 0)
Jun 30 00:15:03.698995 np0000183502 devstack@n-api.service[100005]: DEBUG nova.api.openstack.wsgi [None req-b3c6d3fa-8b83-4737-9d26-728522ca5c6d demo demo] Calling method '>' {{(pid=100005) _process_stack /opt/stack/nova/nova/api/openstack/wsgi.py:551}}
Jun 30 00:15:03.703109 np0000183502 devstack@n-api.service[100005]: INFO nova.api.openstack.requestlog [None req-b3c6d3fa-8b83-4737-9d26-728522ca5c6d demo demo] 199.204.45.177 "GET /compute/v2.1" status: 200 len: 393 microversion: 2.1 time: 0.004438
Jun 30 00:15:03.703353 np0000183502 devstack@n-api.service[100005]: [pid: 100005|app: 0|req: 23/93] 199.204.45.177 () {62 vars in 1074 bytes} [Tue Jun 30 00:15:03 2026] GET /compute/v2.1 => generated 393 bytes in 5 msecs (HTTP/1.1 200) 9 headers in 357 bytes (1 switches on core 0)
Jun 30 00:15:03.737473 np0000183502 devstack@n-api.service[100003]: DEBUG nova.api.openstack.wsgi [None req-26a1c646-dfd3-4966-bedf-b017900803b1 demo demo] Calling method '>' {{(pid=100003) _process_stack /opt/stack/nova/nova/api/openstack/wsgi.py:551}}
Jun 30 00:15:03.741453 np0000183502 devstack@n-api.service[100003]: INFO nova.api.openstack.requestlog [None req-26a1c646-dfd3-4966-bedf-b017900803b1 demo demo] 199.204.45.177 "GET /compute/v2.1/" status: 200 len: 393 microversion: 2.1 time: 0.004512
Jun 30 00:15:03.741779 np0000183502 devstack@n-api.service[100003]: [pid: 100003|app: 0|req: 24/94] 199.204.45.177 () {62 vars in 1077 bytes} [Tue Jun 30 00:15:03 2026] GET /compute/v2.1/ => generated 393 bytes in 5 msecs (HTTP/1.1 200) 9 headers in 357 bytes (1 switches on core 0)
Jun 30 00:15:03.780807 np0000183502 devstack@n-api.service[100002]: DEBUG nova.api.openstack.wsgi [None req-5b953600-7c9b-452e-8bf2-3a7ff4c84589 demo demo] Calling method '>' {{(pid=100002) _process_stack /opt/stack/nova/nova/api/openstack/wsgi.py:551}}
Jun 30 00:15:03.801390 np0000183502 devstack@n-api.service[100002]: INFO nova.api.openstack.requestlog [None req-5b953600-7c9b-452e-8bf2-3a7ff4c84589 demo demo] 199.204.45.177 "GET /compute/v2.1/flavors/detail?is_public=None" status: 200 len: 5262 microversion: 2.61 time: 0.024312
Jun 30 00:15:03.801751 np0000183502 devstack@n-api.service[100002]: [pid: 100002|app: 0|req: 25/95] 199.204.45.177 () {68 vars in 1435 bytes} [Tue Jun 30 00:15:03 2026] GET /compute/v2.1/flavors/detail?is_public=None => generated 5262 bytes in 25 msecs (HTTP/1.1 200) 9 headers in 360 bytes (1 switches on core 0)
Jun 30 00:15:09.837855 np0000183502 devstack@n-api.service[100003]: DEBUG dbcounter [-] [100003] Writing DB stats nova_cell0:SELECT=4 {{(pid=100003) stat_writer /opt/stack/data/venv/lib/python3.12/site-packages/dbcounter.py:115}}
Jun 30 00:15:09.840164 np0000183502 devstack@n-api.service[100003]: DEBUG dbcounter [-] [100003] Writing DB stats nova_api:SELECT=14,nova_api:INSERT=2 {{(pid=100003) stat_writer /opt/stack/data/venv/lib/python3.12/site-packages/dbcounter.py:115}}
Jun 30 00:15:09.993835 np0000183502 devstack@n-api.service[100005]: DEBUG dbcounter [-] [100005] Writing DB stats nova_api:SELECT=2 {{(pid=100005) stat_writer /opt/stack/data/venv/lib/python3.12/site-packages/dbcounter.py:115}}
Jun 30 00:15:10.214951 np0000183502 devstack@n-api.service[100004]: DEBUG dbcounter [-] [100004] Writing DB stats nova_cell0:SELECT=4 {{(pid=100004) stat_writer /opt/stack/data/venv/lib/python3.12/site-packages/dbcounter.py:115}}
Jun 30 00:15:13.525343 np0000183502 devstack@n-api.service[100004]: DEBUG dbcounter [-] [100004] Writing DB stats nova_api:SELECT=19,nova_api:INSERT=2 {{(pid=100004) stat_writer /opt/stack/data/venv/lib/python3.12/site-packages/dbcounter.py:115}}
Jun 30 00:15:13.786790 np0000183502 devstack@n-api.service[100002]: DEBUG dbcounter [-] [100002] Writing DB stats nova_api:SELECT=8 {{(pid=100002) stat_writer /opt/stack/data/venv/lib/python3.12/site-packages/dbcounter.py:115}}
Jun 30 00:15:25.365405 np0000183502 devstack@n-api.service[100004]: DEBUG nova.api.openstack.wsgi [None req-9a0af473-dd58-4c20-9a2c-5d20f003e2c7 demo demo] Calling method '>' {{(pid=100004) _process_stack /opt/stack/nova/nova/api/openstack/wsgi.py:551}}
Jun 30 00:15:25.369197 np0000183502 devstack@n-api.service[100004]: INFO nova.api.openstack.requestlog [None req-9a0af473-dd58-4c20-9a2c-5d20f003e2c7 demo demo] 172.18.0.2 "GET /compute/v2.1/" status: 200 len: 393 microversion: 2.1 time: 0.004225
Jun 30 00:15:25.369452 np0000183502 devstack@n-api.service[100004]: [pid: 100004|app: 0|req: 24/96] 199.204.45.177 () {64 vars in 1272 bytes} [Tue Jun 30 00:15:25 2026] GET /compute/v2.1/ => generated 393 bytes in 5 msecs (HTTP/1.1 200) 9 headers in 357 bytes (1 switches on core 0)
Jun 30 00:15:25.379188 np0000183502 devstack@n-api.service[100005]: DEBUG nova.api.openstack.wsgi [None req-5a1409d2-b8d8-4af1-ada5-25215c6592d4 demo demo] Calling method '>' {{(pid=100005) _process_stack /opt/stack/nova/nova/api/openstack/wsgi.py:551}}
Jun 30 00:15:25.382957 np0000183502 devstack@n-api.service[100005]: DEBUG oslo_concurrency.lockutils [None req-5a1409d2-b8d8-4af1-ada5-25215c6592d4 demo demo] Acquiring lock "00000000-0000-0000-0000-000000000000" by "nova.context.set_target_cell..get_or_set_cached_cell_and_set_connections" {{(pid=100005) inner /opt/stack/data/venv/lib/python3.12/site-packages/oslo_concurrency/lockutils.py:511}}
Jun 30 00:15:25.383400 np0000183502 devstack@n-api.service[100005]: DEBUG oslo_concurrency.lockutils [None req-5a1409d2-b8d8-4af1-ada5-25215c6592d4 demo demo] Lock "00000000-0000-0000-0000-000000000000" acquired by "nova.context.set_target_cell..get_or_set_cached_cell_and_set_connections" :: waited 0.000s {{(pid=100005) inner /opt/stack/data/venv/lib/python3.12/site-packages/oslo_concurrency/lockutils.py:524}}
Jun 30 00:15:25.383788 np0000183502 devstack@n-api.service[100005]: DEBUG oslo_concurrency.lockutils [None req-5a1409d2-b8d8-4af1-ada5-25215c6592d4 demo demo] Lock "00000000-0000-0000-0000-000000000000" "released" by "nova.context.set_target_cell..get_or_set_cached_cell_and_set_connections" :: held 0.000s {{(pid=100005) inner /opt/stack/data/venv/lib/python3.12/site-packages/oslo_concurrency/lockutils.py:543}}
Jun 30 00:15:25.385409 np0000183502 devstack@n-api.service[100005]: DEBUG oslo_concurrency.lockutils [None req-5a1409d2-b8d8-4af1-ada5-25215c6592d4 demo demo] Acquiring lock "8e9e8d92-64c3-49a7-b30f-b0aa9152e3c6" by "nova.context.set_target_cell..get_or_set_cached_cell_and_set_connections" {{(pid=100005) inner /opt/stack/data/venv/lib/python3.12/site-packages/oslo_concurrency/lockutils.py:511}}
Jun 30 00:15:25.385603 np0000183502 devstack@n-api.service[100005]: DEBUG oslo_concurrency.lockutils [None req-5a1409d2-b8d8-4af1-ada5-25215c6592d4 demo demo] Lock "8e9e8d92-64c3-49a7-b30f-b0aa9152e3c6" acquired by "nova.context.set_target_cell..get_or_set_cached_cell_and_set_connections" :: waited 0.000s {{(pid=100005) inner /opt/stack/data/venv/lib/python3.12/site-packages/oslo_concurrency/lockutils.py:524}}
Jun 30 00:15:25.385765 np0000183502 devstack@n-api.service[100005]: DEBUG oslo_concurrency.lockutils [None req-5a1409d2-b8d8-4af1-ada5-25215c6592d4 demo demo] Lock "8e9e8d92-64c3-49a7-b30f-b0aa9152e3c6" "released" by "nova.context.set_target_cell..get_or_set_cached_cell_and_set_connections" :: held 0.000s {{(pid=100005) inner /opt/stack/data/venv/lib/python3.12/site-packages/oslo_concurrency/lockutils.py:543}}
Jun 30 00:15:25.452886 np0000183502 devstack@n-api.service[100005]: INFO nova.api.openstack.requestlog [None req-5a1409d2-b8d8-4af1-ada5-25215c6592d4 demo demo] 172.18.0.2 "GET /compute/v2.1/os-availability-zone" status: 200 len: 97 microversion: 2.38 time: 0.076865
Jun 30 00:15:25.453773 np0000183502 devstack@n-api.service[100005]: [pid: 100005|app: 0|req: 24/97] 199.204.45.177 () {68 vars in 1415 bytes} [Tue Jun 30 00:15:25 2026] GET /compute/v2.1/os-availability-zone => generated 97 bytes in 79 msecs (HTTP/1.1 200) 9 headers in 358 bytes (1 switches on core 0)
Jun 30 00:15:26.259785 np0000183502 devstack@n-api.service[100003]: DEBUG nova.api.openstack.wsgi [None req-26a1c646-dfd3-4966-bedf-b017900803b1 demo demo] Calling method '>' {{(pid=100003) _process_stack /opt/stack/nova/nova/api/openstack/wsgi.py:551}}
Jun 30 00:15:26.264172 np0000183502 devstack@n-api.service[100003]: INFO nova.api.openstack.requestlog [None req-26a1c646-dfd3-4966-bedf-b017900803b1 demo demo] 172.18.0.2 "GET /compute/v2.1/" status: 200 len: 393 microversion: 2.1 time: 0.004881
Jun 30 00:15:26.264416 np0000183502 devstack@n-api.service[100003]: [pid: 100003|app: 0|req: 25/98] 199.204.45.177 () {64 vars in 1272 bytes} [Tue Jun 30 00:15:26 2026] GET /compute/v2.1/ => generated 393 bytes in 5 msecs (HTTP/1.1 200) 9 headers in 357 bytes (1 switches on core 0)
Jun 30 00:15:26.272112 np0000183502 devstack@n-api.service[100002]: DEBUG nova.api.openstack.wsgi [None req-ec1bd002-7981-4579-bfe6-3643dc978ac7 demo demo] Calling method '>' {{(pid=100002) _process_stack /opt/stack/nova/nova/api/openstack/wsgi.py:551}}
Jun 30 00:15:26.274726 np0000183502 devstack@n-api.service[100002]: DEBUG oslo_concurrency.lockutils [None req-ec1bd002-7981-4579-bfe6-3643dc978ac7 demo demo] Acquiring lock "00000000-0000-0000-0000-000000000000" by "nova.context.set_target_cell..get_or_set_cached_cell_and_set_connections" {{(pid=100002) inner /opt/stack/data/venv/lib/python3.12/site-packages/oslo_concurrency/lockutils.py:511}}
Jun 30 00:15:26.274960 np0000183502 devstack@n-api.service[100002]: DEBUG oslo_concurrency.lockutils [None req-ec1bd002-7981-4579-bfe6-3643dc978ac7 demo demo] Lock "00000000-0000-0000-0000-000000000000" acquired by "nova.context.set_target_cell..get_or_set_cached_cell_and_set_connections" :: waited 0.000s {{(pid=100002) inner /opt/stack/data/venv/lib/python3.12/site-packages/oslo_concurrency/lockutils.py:524}}
Jun 30 00:15:26.275149 np0000183502 devstack@n-api.service[100002]: DEBUG oslo_concurrency.lockutils [None req-ec1bd002-7981-4579-bfe6-3643dc978ac7 demo demo] Lock "00000000-0000-0000-0000-000000000000" "released" by "nova.context.set_target_cell..get_or_set_cached_cell_and_set_connections" :: held 0.000s {{(pid=100002) inner /opt/stack/data/venv/lib/python3.12/site-packages/oslo_concurrency/lockutils.py:543}}
Jun 30 00:15:26.276324 np0000183502 devstack@n-api.service[100002]: DEBUG oslo_concurrency.lockutils [None req-ec1bd002-7981-4579-bfe6-3643dc978ac7 demo demo] Acquiring lock "8e9e8d92-64c3-49a7-b30f-b0aa9152e3c6" by "nova.context.set_target_cell..get_or_set_cached_cell_and_set_connections" {{(pid=100002) inner /opt/stack/data/venv/lib/python3.12/site-packages/oslo_concurrency/lockutils.py:511}}
Jun 30 00:15:26.276404 np0000183502 devstack@n-api.service[100002]: DEBUG oslo_concurrency.lockutils [None req-ec1bd002-7981-4579-bfe6-3643dc978ac7 demo demo] Lock "8e9e8d92-64c3-49a7-b30f-b0aa9152e3c6" acquired by "nova.context.set_target_cell..get_or_set_cached_cell_and_set_connections" :: waited 0.000s {{(pid=100002) inner /opt/stack/data/venv/lib/python3.12/site-packages/oslo_concurrency/lockutils.py:524}}
Jun 30 00:15:26.276644 np0000183502 devstack@n-api.service[100002]: DEBUG oslo_concurrency.lockutils [None req-ec1bd002-7981-4579-bfe6-3643dc978ac7 demo demo] Lock "8e9e8d92-64c3-49a7-b30f-b0aa9152e3c6" "released" by "nova.context.set_target_cell..get_or_set_cached_cell_and_set_connections" :: held 0.000s {{(pid=100002) inner /opt/stack/data/venv/lib/python3.12/site-packages/oslo_concurrency/lockutils.py:543}}
Jun 30 00:15:26.347034 np0000183502 devstack@n-api.service[100002]: INFO nova.api.openstack.requestlog [None req-ec1bd002-7981-4579-bfe6-3643dc978ac7 demo demo] 172.18.0.2 "GET /compute/v2.1/os-availability-zone" status: 200 len: 97 microversion: 2.38 time: 0.076948
Jun 30 00:15:26.347679 np0000183502 devstack@n-api.service[100002]: [pid: 100002|app: 0|req: 26/99] 199.204.45.177 () {68 vars in 1415 bytes} [Tue Jun 30 00:15:26 2026] GET /compute/v2.1/os-availability-zone => generated 97 bytes in 78 msecs (HTTP/1.1 200) 9 headers in 358 bytes (1 switches on core 0)
Jun 30 00:15:26.989297 np0000183502 devstack@n-api.service[100004]: DEBUG nova.api.openstack.wsgi [None req-9a0af473-dd58-4c20-9a2c-5d20f003e2c7 demo demo] Calling method '>' {{(pid=100004) _process_stack /opt/stack/nova/nova/api/openstack/wsgi.py:551}}
Jun 30 00:15:26.995861 np0000183502 devstack@n-api.service[100004]: INFO nova.api.openstack.requestlog [None req-9a0af473-dd58-4c20-9a2c-5d20f003e2c7 demo demo] 172.18.0.2 "GET /compute/v2.1/" status: 200 len: 393 microversion: 2.1 time: 0.006909
Jun 30 00:15:26.996297 np0000183502 devstack@n-api.service[100004]: [pid: 100004|app: 0|req: 25/100] 199.204.45.177 () {64 vars in 1272 bytes} [Tue Jun 30 00:15:26 2026] GET /compute/v2.1/ => generated 393 bytes in 8 msecs (HTTP/1.1 200) 9 headers in 357 bytes (1 switches on core 0)
Jun 30 00:15:27.004394 np0000183502 devstack@n-api.service[100005]: DEBUG nova.api.openstack.wsgi [None req-b9d94990-b384-4d8a-bfe7-138e5db22aad demo demo] Calling method '>' {{(pid=100005) _process_stack /opt/stack/nova/nova/api/openstack/wsgi.py:551}}
Jun 30 00:15:27.007032 np0000183502 devstack@n-api.service[100005]: DEBUG oslo_concurrency.lockutils [None req-b9d94990-b384-4d8a-bfe7-138e5db22aad demo demo] Acquiring lock "00000000-0000-0000-0000-000000000000" by "nova.context.set_target_cell..get_or_set_cached_cell_and_set_connections" {{(pid=100005) inner /opt/stack/data/venv/lib/python3.12/site-packages/oslo_concurrency/lockutils.py:511}}
Jun 30 00:15:27.007259 np0000183502 devstack@n-api.service[100005]: DEBUG oslo_concurrency.lockutils [None req-b9d94990-b384-4d8a-bfe7-138e5db22aad demo demo] Lock "00000000-0000-0000-0000-000000000000" acquired by "nova.context.set_target_cell..get_or_set_cached_cell_and_set_connections" :: waited 0.000s {{(pid=100005) inner /opt/stack/data/venv/lib/python3.12/site-packages/oslo_concurrency/lockutils.py:524}}
Jun 30 00:15:27.007482 np0000183502 devstack@n-api.service[100005]: DEBUG oslo_concurrency.lockutils [None req-b9d94990-b384-4d8a-bfe7-138e5db22aad demo demo] Lock "00000000-0000-0000-0000-000000000000" "released" by "nova.context.set_target_cell..get_or_set_cached_cell_and_set_connections" :: held 0.000s {{(pid=100005) inner /opt/stack/data/venv/lib/python3.12/site-packages/oslo_concurrency/lockutils.py:543}}
Jun 30 00:15:27.008699 np0000183502 devstack@n-api.service[100005]: DEBUG oslo_concurrency.lockutils [None req-b9d94990-b384-4d8a-bfe7-138e5db22aad demo demo] Acquiring lock "8e9e8d92-64c3-49a7-b30f-b0aa9152e3c6" by "nova.context.set_target_cell..get_or_set_cached_cell_and_set_connections" {{(pid=100005) inner /opt/stack/data/venv/lib/python3.12/site-packages/oslo_concurrency/lockutils.py:511}}
Jun 30 00:15:27.008917 np0000183502 devstack@n-api.service[100005]: DEBUG oslo_concurrency.lockutils [None req-b9d94990-b384-4d8a-bfe7-138e5db22aad demo demo] Lock "8e9e8d92-64c3-49a7-b30f-b0aa9152e3c6" acquired by "nova.context.set_target_cell..get_or_set_cached_cell_and_set_connections" :: waited 0.000s {{(pid=100005) inner /opt/stack/data/venv/lib/python3.12/site-packages/oslo_concurrency/lockutils.py:524}}
Jun 30 00:15:27.009165 np0000183502 devstack@n-api.service[100005]: DEBUG oslo_concurrency.lockutils [None req-b9d94990-b384-4d8a-bfe7-138e5db22aad demo demo] Lock "8e9e8d92-64c3-49a7-b30f-b0aa9152e3c6" "released" by "nova.context.set_target_cell..get_or_set_cached_cell_and_set_connections" :: held 0.000s {{(pid=100005) inner /opt/stack/data/venv/lib/python3.12/site-packages/oslo_concurrency/lockutils.py:543}}
Jun 30 00:15:27.032291 np0000183502 devstack@n-api.service[100005]: INFO nova.api.openstack.requestlog [None req-b9d94990-b384-4d8a-bfe7-138e5db22aad demo demo] 172.18.0.2 "GET /compute/v2.1/os-availability-zone" status: 200 len: 97 microversion: 2.38 time: 0.030012
Jun 30 00:15:27.032989 np0000183502 devstack@n-api.service[100005]: [pid: 100005|app: 0|req: 25/101] 199.204.45.177 () {68 vars in 1415 bytes} [Tue Jun 30 00:15:27 2026] GET /compute/v2.1/os-availability-zone => generated 97 bytes in 31 msecs (HTTP/1.1 200) 9 headers in 358 bytes (1 switches on core 0)
Jun 30 00:15:27.587793 np0000183502 devstack@n-api.service[100003]: DEBUG nova.api.openstack.wsgi [None req-26a1c646-dfd3-4966-bedf-b017900803b1 demo demo] Calling method '>' {{(pid=100003) _process_stack /opt/stack/nova/nova/api/openstack/wsgi.py:551}}
Jun 30 00:15:27.591724 np0000183502 devstack@n-api.service[100003]: INFO nova.api.openstack.requestlog [None req-26a1c646-dfd3-4966-bedf-b017900803b1 demo demo] 172.18.0.2 "GET /compute/v2.1/" status: 200 len: 393 microversion: 2.1 time: 0.004184
Jun 30 00:15:27.591964 np0000183502 devstack@n-api.service[100003]: [pid: 100003|app: 0|req: 26/102] 199.204.45.177 () {64 vars in 1272 bytes} [Tue Jun 30 00:15:27 2026] GET /compute/v2.1/ => generated 393 bytes in 5 msecs (HTTP/1.1 200) 9 headers in 357 bytes (1 switches on core 0)
Jun 30 00:15:27.599581 np0000183502 devstack@n-api.service[100002]: DEBUG nova.api.openstack.wsgi [None req-38b842f1-eced-46cf-b1b0-323fa8c0b8e5 demo demo] Calling method '>' {{(pid=100002) _process_stack /opt/stack/nova/nova/api/openstack/wsgi.py:551}}
Jun 30 00:15:27.603168 np0000183502 devstack@n-api.service[100002]: DEBUG oslo_concurrency.lockutils [None req-38b842f1-eced-46cf-b1b0-323fa8c0b8e5 demo demo] Acquiring lock "00000000-0000-0000-0000-000000000000" by "nova.context.set_target_cell..get_or_set_cached_cell_and_set_connections" {{(pid=100002) inner /opt/stack/data/venv/lib/python3.12/site-packages/oslo_concurrency/lockutils.py:511}}
Jun 30 00:15:27.603434 np0000183502 devstack@n-api.service[100002]: DEBUG oslo_concurrency.lockutils [None req-38b842f1-eced-46cf-b1b0-323fa8c0b8e5 demo demo] Lock "00000000-0000-0000-0000-000000000000" acquired by "nova.context.set_target_cell..get_or_set_cached_cell_and_set_connections" :: waited 0.000s {{(pid=100002) inner /opt/stack/data/venv/lib/python3.12/site-packages/oslo_concurrency/lockutils.py:524}}
Jun 30 00:15:27.603700 np0000183502 devstack@n-api.service[100002]: DEBUG oslo_concurrency.lockutils [None req-38b842f1-eced-46cf-b1b0-323fa8c0b8e5 demo demo] Lock "00000000-0000-0000-0000-000000000000" "released" by "nova.context.set_target_cell..get_or_set_cached_cell_and_set_connections" :: held 0.000s {{(pid=100002) inner /opt/stack/data/venv/lib/python3.12/site-packages/oslo_concurrency/lockutils.py:543}}
Jun 30 00:15:27.604716 np0000183502 devstack@n-api.service[100002]: DEBUG oslo_concurrency.lockutils [None req-38b842f1-eced-46cf-b1b0-323fa8c0b8e5 demo demo] Acquiring lock "8e9e8d92-64c3-49a7-b30f-b0aa9152e3c6" by "nova.context.set_target_cell..get_or_set_cached_cell_and_set_connections" {{(pid=100002) inner /opt/stack/data/venv/lib/python3.12/site-packages/oslo_concurrency/lockutils.py:511}}
Jun 30 00:15:27.604946 np0000183502 devstack@n-api.service[100002]: DEBUG oslo_concurrency.lockutils [None req-38b842f1-eced-46cf-b1b0-323fa8c0b8e5 demo demo] Lock "8e9e8d92-64c3-49a7-b30f-b0aa9152e3c6" acquired by "nova.context.set_target_cell..get_or_set_cached_cell_and_set_connections" :: waited 0.000s {{(pid=100002) inner /opt/stack/data/venv/lib/python3.12/site-packages/oslo_concurrency/lockutils.py:524}}
Jun 30 00:15:27.605151 np0000183502 devstack@n-api.service[100002]: DEBUG oslo_concurrency.lockutils [None req-38b842f1-eced-46cf-b1b0-323fa8c0b8e5 demo demo] Lock "8e9e8d92-64c3-49a7-b30f-b0aa9152e3c6" "released" by "nova.context.set_target_cell..get_or_set_cached_cell_and_set_connections" :: held 0.000s {{(pid=100002) inner /opt/stack/data/venv/lib/python3.12/site-packages/oslo_concurrency/lockutils.py:543}}
Jun 30 00:15:27.624068 np0000183502 devstack@n-api.service[100002]: INFO nova.api.openstack.requestlog [None req-38b842f1-eced-46cf-b1b0-323fa8c0b8e5 demo demo] 172.18.0.2 "GET /compute/v2.1/os-availability-zone" status: 200 len: 97 microversion: 2.38 time: 0.026831
Jun 30 00:15:27.624670 np0000183502 devstack@n-api.service[100002]: [pid: 100002|app: 0|req: 27/103] 199.204.45.177 () {68 vars in 1415 bytes} [Tue Jun 30 00:15:27 2026] GET /compute/v2.1/os-availability-zone => generated 97 bytes in 28 msecs (HTTP/1.1 200) 9 headers in 358 bytes (1 switches on core 0)
Jun 30 00:15:32.097385 np0000183502 devstack@n-api.service[100004]: DEBUG nova.api.openstack.wsgi [None req-9a0af473-dd58-4c20-9a2c-5d20f003e2c7 demo demo] Calling method '>' {{(pid=100004) _process_stack /opt/stack/nova/nova/api/openstack/wsgi.py:551}}
Jun 30 00:15:32.102622 np0000183502 devstack@n-api.service[100004]: INFO nova.api.openstack.requestlog [None req-9a0af473-dd58-4c20-9a2c-5d20f003e2c7 demo demo] 172.18.0.2 "GET /compute/v2.1/" status: 200 len: 393 microversion: 2.1 time: 0.005516
Jun 30 00:15:32.102872 np0000183502 devstack@n-api.service[100004]: [pid: 100004|app: 0|req: 26/104] 199.204.45.177 () {64 vars in 1272 bytes} [Tue Jun 30 00:15:32 2026] GET /compute/v2.1/ => generated 393 bytes in 6 msecs (HTTP/1.1 200) 9 headers in 357 bytes (1 switches on core 0)
Jun 30 00:15:32.113811 np0000183502 devstack@n-api.service[100005]: DEBUG nova.api.openstack.wsgi [None req-d4b6ec7c-3637-4249-8878-e10261c28c40 demo demo] Calling method '>' {{(pid=100005) _process_stack /opt/stack/nova/nova/api/openstack/wsgi.py:551}}
Jun 30 00:15:32.140901 np0000183502 devstack@n-api.service[100005]: INFO nova.api.openstack.requestlog [None req-d4b6ec7c-3637-4249-8878-e10261c28c40 demo demo] 172.18.0.2 "GET /compute/v2.1/flavors/detail" status: 200 len: 4022 microversion: 2.38 time: 0.030578
Jun 30 00:15:32.141383 np0000183502 devstack@n-api.service[100005]: [pid: 100005|app: 0|req: 26/105] 199.204.45.177 () {68 vars in 1397 bytes} [Tue Jun 30 00:15:32 2026] GET /compute/v2.1/flavors/detail => generated 4022 bytes in 31 msecs (HTTP/1.1 200) 9 headers in 360 bytes (1 switches on core 0)
Jun 30 00:15:32.804679 np0000183502 devstack@n-api.service[100003]: DEBUG nova.api.openstack.wsgi [None req-26a1c646-dfd3-4966-bedf-b017900803b1 demo demo] Calling method '>' {{(pid=100003) _process_stack /opt/stack/nova/nova/api/openstack/wsgi.py:551}}
