May 02 14:03:53.689981 np0000171491 devstack@neutron-api.service[104194]: DEBUG ovsdbapp.backend.ovs_idl.transaction [None req-fbf5aa27-3d07-4f9b-9a66-ad64ef28f512 None None] Running txn n=1 command(idx=0): AddNetworkCommand(_result=None, network_uuid=bbdc69c7-e7dc-4a50-89da-4b4fbfdbcc52, may_exist=True, columns={'external_ids': {'neutron:network_name': 'admin_net', 'neutron:mtu': '1372', 'neutron:revision_number': '1', 'neutron:availability_zone_hints': '', 'neutron:provnet-network-type': 'geneve'}, 'other_config': {'mcast_snoop': 'false', 'mcast_flood_unregistered': 'false', 'vlan-passthru': 'false'}}) {{(pid=104194) do_commit /opt/stack/data/venv/lib/python3.12/site-packages/ovsdbapp/backend/ovs_idl/transaction.py:89}}
May 02 14:03:53.697589 np0000171491 devstack@neutron-api.service[104192]: DEBUG neutron.plugins.ml2.drivers.ovn.mech_driver.ovsdb.ovsdb_monitor [None req-2b54d487-5bf7-48f3-b8b0-dda8302bf127 None None] Touching Hash Ring node "957001b4336e53268d0d3d8b6d8785ca" from IDL notify handler {{(pid=104192) notify /opt/stack/neutron/neutron/plugins/ml2/drivers/ovn/mech_driver/ovsdb/ovsdb_monitor.py:934}}
May 02 14:03:53.701353 np0000171491 devstack@neutron-api.service[104191]: DEBUG neutron.plugins.ml2.drivers.ovn.mech_driver.ovsdb.ovsdb_monitor [None req-ec91d9c3-0857-4f39-8bd7-2918526d2f8e None None] Hash Ring: Node c3d204780c2856deab1fca749339c32a (host: np0000171491) handling event "create" for row f1f9a6ae-b534-4c9d-a0af-75e9411de914 (table: Datapath_Binding) {{(pid=104191) notify /opt/stack/neutron/neutron/plugins/ml2/drivers/ovn/mech_driver/ovsdb/ovsdb_monitor.py:942}}
May 02 14:03:53.706184 np0000171491 devstack@neutron-api.service[104192]: DEBUG neutron.plugins.ml2.drivers.ovn.mech_driver.ovsdb.ovsdb_monitor [None req-2b54d487-5bf7-48f3-b8b0-dda8302bf127 None None] Hash Ring: Node 957001b4336e53268d0d3d8b6d8785ca (host: np0000171491) handling event "create" for row bbdc69c7-e7dc-4a50-89da-4b4fbfdbcc52 (table: Logical_Switch) {{(pid=104192) notify /opt/stack/neutron/neutron/plugins/ml2/drivers/ovn/mech_driver/ovsdb/ovsdb_monitor.py:942}}
May 02 14:03:53.717275 np0000171491 devstack@neutron-api.service[104194]: INFO neutron.db.ovn_revision_numbers_db [None req-38049fb6-1569-4b92-844e-c72c11757110 admin admin] Successfully bumped revision number for resource bbdc69c7-e7dc-4a50-89da-4b4fbfdbcc52 (type: networks) to 1
May 02 14:03:53.730243 np0000171491 devstack@neutron-api.service[104194]: DEBUG neutron_lib.callbacks.manager [None req-38049fb6-1569-4b92-844e-c72c11757110 admin admin] Publish callbacks ['neutron.plugins.ml2.plugin.SecurityGroupDbMixin._ensure_default_security_group_handler-29709'] for port (None), before_create {{(pid=104194) _notify_loop /opt/stack/data/venv/lib/python3.12/site-packages/neutron_lib/callbacks/manager.py:184}}
May 02 14:03:53.796229 np0000171491 devstack@neutron-api.service[104194]: DEBUG neutron_lib.callbacks.manager [None req-38049fb6-1569-4b92-844e-c72c11757110 admin admin] Publish callbacks ['neutron.plugins.ml2.drivers.ovn.mech_driver.mech_driver.OVNMechanismDriver._validate_allowed_address_pairs-837879'] for allowed_address_pair (0204e77d-8ccf-4fcc-988c-259971ec55cd), before_create {{(pid=104194) _notify_loop /opt/stack/data/venv/lib/python3.12/site-packages/neutron_lib/callbacks/manager.py:184}}
May 02 14:03:53.796673 np0000171491 devstack@neutron-api.service[104194]: DEBUG neutron_lib.callbacks.manager [None req-38049fb6-1569-4b92-844e-c72c11757110 admin admin] Publish callbacks [] for port (0204e77d-8ccf-4fcc-988c-259971ec55cd), precommit_create {{(pid=104194) _notify_loop /opt/stack/data/venv/lib/python3.12/site-packages/neutron_lib/callbacks/manager.py:184}}
May 02 14:03:53.796829 np0000171491 devstack@neutron-api.service[104194]: DEBUG neutron.plugins.ml2.drivers.ovn.mech_driver.mech_driver [None req-38049fb6-1569-4b92-844e-c72c11757110 admin admin] No provisioning block for port 0204e77d-8ccf-4fcc-988c-259971ec55cd since it does not have a host {{(pid=104194) _is_port_provisioning_required /opt/stack/neutron/neutron/plugins/ml2/drivers/ovn/mech_driver/mech_driver.py:894}}
May 02 14:03:53.796926 np0000171491 devstack@neutron-api.service[104194]: DEBUG neutron.db.ovn_revision_numbers_db [None req-38049fb6-1569-4b92-844e-c72c11757110 admin admin] create_initial_revision uuid=0204e77d-8ccf-4fcc-988c-259971ec55cd, type=ports, rev=-1 {{(pid=104194) create_initial_revision /opt/stack/neutron/neutron/db/ovn_revision_numbers_db.py:98}}
May 02 14:03:53.824276 np0000171491 devstack@neutron-api.service[104194]: DEBUG neutron_lib.callbacks.manager [None req-38049fb6-1569-4b92-844e-c72c11757110 admin admin] Publish callbacks ['neutron.plugins.ml2.ovo_rpc._ObjectChangeHandler.handle_event-1689538'] for port (0204e77d-8ccf-4fcc-988c-259971ec55cd), after_create {{(pid=104194) _notify_loop /opt/stack/data/venv/lib/python3.12/site-packages/neutron_lib/callbacks/manager.py:184}}
May 02 14:03:53.853861 np0000171491 devstack@neutron-api.service[104194]: DEBUG neutron.api.rpc.handlers.resources_rpc [None req-38049fb6-1569-4b92-844e-c72c11757110 admin admin] Pushing event updated for resources: {'Port': ['ID=0204e77d-8ccf-4fcc-988c-259971ec55cd,revision_number=1']} {{(pid=104194) push /opt/stack/neutron/neutron/api/rpc/handlers/resources_rpc.py:237}}
May 02 14:03:53.861419 np0000171491 devstack@neutron-api.service[104194]: DEBUG ovsdbapp.backend.ovs_idl.transaction [None req-fbf5aa27-3d07-4f9b-9a66-ad64ef28f512 None None] Running txn n=1 command(idx=0): AddLSwitchPortCommand(_result=None, lport=0204e77d-8ccf-4fcc-988c-259971ec55cd, lswitch=neutron-bbdc69c7-e7dc-4a50-89da-4b4fbfdbcc52, may_exist=True, network_uuid=bbdc69c7-e7dc-4a50-89da-4b4fbfdbcc52, columns={'addresses': ['fa:16:3e:94:a8:67'], 'external_ids': {'neutron:port_name': '', 'neutron:device_id': 'ovnmeta-bbdc69c7-e7dc-4a50-89da-4b4fbfdbcc52', 'neutron:project_id': '9b855294ced8486d9793a4eeb956c35d', 'neutron:cidrs': '', 'neutron:device_owner': 'network:distributed', 'neutron:subnet_pool_addr_scope4': '', 'neutron:subnet_pool_addr_scope6': '', 'neutron:network_name': 'neutron-bbdc69c7-e7dc-4a50-89da-4b4fbfdbcc52', 'neutron:security_group_ids': '', 'neutron:revision_number': '1', 'neutron:vnic_type': 'normal', 'neutron:port_capabilities': '', 'neutron:mtu': ''}, 'parent_name': [], 'tag': [], 'enabled': True, 'options': {}, 'type': 'localport', 'port_security': [], 'dhcpv4_options': [], 'dhcpv6_options': []}) {{(pid=104194) do_commit /opt/stack/data/venv/lib/python3.12/site-packages/ovsdbapp/backend/ovs_idl/transaction.py:89}}
May 02 14:03:53.862408 np0000171491 devstack@neutron-api.service[104194]: DEBUG ovsdbapp.backend.ovs_idl.transaction [None req-fbf5aa27-3d07-4f9b-9a66-ad64ef28f512 None None] Running txn n=1 command(idx=1): QoSDelCommand(_result=None, switch=neutron-bbdc69c7-e7dc-4a50-89da-4b4fbfdbcc52, conditions=[('direction', '=', 'to-lport'), ('priority', '=', 2002), ('match', '=', 'outport == "0204e77d-8ccf-4fcc-988c-259971ec55cd"')], if_exists=True) {{(pid=104194) do_commit /opt/stack/data/venv/lib/python3.12/site-packages/ovsdbapp/backend/ovs_idl/transaction.py:89}}
May 02 14:03:53.862847 np0000171491 devstack@neutron-api.service[104194]: DEBUG ovsdbapp.backend.ovs_idl.transaction [None req-fbf5aa27-3d07-4f9b-9a66-ad64ef28f512 None None] Running txn n=1 command(idx=2): QoSDelCommand(_result=None, switch=neutron-bbdc69c7-e7dc-4a50-89da-4b4fbfdbcc52, conditions=[('direction', '=', 'from-lport'), ('priority', '=', 2002), ('match', '=', 'inport == "0204e77d-8ccf-4fcc-988c-259971ec55cd"')], if_exists=True) {{(pid=104194) do_commit /opt/stack/data/venv/lib/python3.12/site-packages/ovsdbapp/backend/ovs_idl/transaction.py:89}}
May 02 14:03:53.903221 np0000171491 devstack@neutron-api.service[104193]: DEBUG neutron.plugins.ml2.drivers.ovn.mech_driver.ovsdb.ovsdb_monitor [None req-99919268-8632-4c36-98d5-be00abca68da None None] Hash Ring: Node 6cdab1fbb7dc562bae4e05984a0f82c2 (host: np0000171491) handling event "create" for row af2bf9e2-a2a5-4893-a011-c5fd821e920b (table: Port_Binding) {{(pid=104193) notify /opt/stack/neutron/neutron/plugins/ml2/drivers/ovn/mech_driver/ovsdb/ovsdb_monitor.py:942}}
May 02 14:03:53.903589 np0000171491 devstack@neutron-api.service[104192]: DEBUG neutron.plugins.ml2.drivers.ovn.mech_driver.ovsdb.ovsdb_monitor [None req-2b54d487-5bf7-48f3-b8b0-dda8302bf127 None None] Touching Hash Ring node "957001b4336e53268d0d3d8b6d8785ca" from IDL notify handler {{(pid=104192) notify /opt/stack/neutron/neutron/plugins/ml2/drivers/ovn/mech_driver/ovsdb/ovsdb_monitor.py:934}}
May 02 14:03:53.908062 np0000171491 devstack@neutron-api.service[104192]: DEBUG neutron.plugins.ml2.drivers.ovn.mech_driver.ovsdb.ovsdb_monitor [None req-2b54d487-5bf7-48f3-b8b0-dda8302bf127 None None] Hash Ring: Node 957001b4336e53268d0d3d8b6d8785ca (host: np0000171491) handling event "update" for row bbdc69c7-e7dc-4a50-89da-4b4fbfdbcc52 (table: Logical_Switch) {{(pid=104192) notify /opt/stack/neutron/neutron/plugins/ml2/drivers/ovn/mech_driver/ovsdb/ovsdb_monitor.py:942}}
May 02 14:03:53.909041 np0000171491 devstack@neutron-api.service[104192]: DEBUG neutron.plugins.ml2.drivers.ovn.mech_driver.ovsdb.ovsdb_monitor [None req-2b54d487-5bf7-48f3-b8b0-dda8302bf127 None None] Touching Hash Ring node "957001b4336e53268d0d3d8b6d8785ca" from IDL notify handler {{(pid=104192) notify /opt/stack/neutron/neutron/plugins/ml2/drivers/ovn/mech_driver/ovsdb/ovsdb_monitor.py:934}}
May 02 14:03:53.913429 np0000171491 devstack@neutron-api.service[104192]: DEBUG neutron.plugins.ml2.drivers.ovn.mech_driver.ovsdb.ovsdb_monitor [None req-2b54d487-5bf7-48f3-b8b0-dda8302bf127 None None] Hash Ring: Node 957001b4336e53268d0d3d8b6d8785ca (host: np0000171491) handling event "create" for row 17e820ae-19a0-4ae1-9cfd-6f5ffcfae9aa (table: Logical_Switch_Port) {{(pid=104192) notify /opt/stack/neutron/neutron/plugins/ml2/drivers/ovn/mech_driver/ovsdb/ovsdb_monitor.py:942}}
May 02 14:03:53.914909 np0000171491 devstack@neutron-api.service[104192]: DEBUG ovsdbapp.backend.ovs_idl.event [None req-2b54d487-5bf7-48f3-b8b0-dda8302bf127 None None] Matched CREATE: LogicalSwitchPortCreateEvent(events=('create',), table='Logical_Switch_Port', conditions=[], old_conditions=None), priority=20 to row=Logical_Switch_Port(uuid=17e820ae-19a0-4ae1-9cfd-6f5ffcfae9aa, addresses=['fa:16:3e:94:a8:67'], dhcpv4_options=[], dhcpv6_options=[], dynamic_addresses=[], enabled=True, external_ids={'neutron:cidrs': '', 'neutron:device_id': 'ovnmeta-bbdc69c7-e7dc-4a50-89da-4b4fbfdbcc52', 'neutron:device_owner': 'network:distributed', 'neutron:mtu': '', 'neutron:network_name': 'neutron-bbdc69c7-e7dc-4a50-89da-4b4fbfdbcc52', 'neutron:port_capabilities': '', 'neutron:port_name': '', 'neutron:project_id': '9b855294ced8486d9793a4eeb956c35d', 'neutron:revision_number': '1', 'neutron:security_group_ids': '', 'neutron:subnet_pool_addr_scope4': '', 'neutron:subnet_pool_addr_scope6': '', 'neutron:vnic_type': 'normal'}, ha_chassis_group=[], mirror_rules=[], name='0204e77d-8ccf-4fcc-988c-259971ec55cd', options={}, parent_name=[], port_security=[], tag=[], tag_request=[], type='localport', up=[]) old= {{(pid=104192) matches /opt/stack/data/venv/lib/python3.12/site-packages/ovsdbapp/backend/ovs_idl/event.py:55}}
May 02 14:03:53.915971 np0000171491 devstack@neutron-api.service[104192]: INFO neutron.plugins.ml2.drivers.ovn.mech_driver.mech_driver [None req-f07ed41f-09fe-4ec1-923a-eca8e333fd0e None None] OVN reports status down for port: 0204e77d-8ccf-4fcc-988c-259971ec55cd
May 02 14:03:53.917772 np0000171491 devstack@neutron-api.service[104192]: DEBUG neutron.plugins.ml2.drivers.ovn.mech_driver.ovsdb.ovsdb_monitor [None req-2b54d487-5bf7-48f3-b8b0-dda8302bf127 None None] Touching Hash Ring node "957001b4336e53268d0d3d8b6d8785ca" from IDL notify handler {{(pid=104192) notify /opt/stack/neutron/neutron/plugins/ml2/drivers/ovn/mech_driver/ovsdb/ovsdb_monitor.py:934}}
May 02 14:03:53.920550 np0000171491 devstack@neutron-api.service[104192]: DEBUG neutron.plugins.ml2.drivers.ovn.mech_driver.ovsdb.ovsdb_monitor [None req-2b54d487-5bf7-48f3-b8b0-dda8302bf127 None None] Hash Ring: Node 957001b4336e53268d0d3d8b6d8785ca (host: np0000171491) handling event "update" for row 17e820ae-19a0-4ae1-9cfd-6f5ffcfae9aa (table: Logical_Switch_Port) {{(pid=104192) notify /opt/stack/neutron/neutron/plugins/ml2/drivers/ovn/mech_driver/ovsdb/ovsdb_monitor.py:942}}
May 02 14:03:53.935249 np0000171491 devstack@neutron-api.service[104194]: INFO neutron.db.ovn_revision_numbers_db [None req-38049fb6-1569-4b92-844e-c72c11757110 admin admin] Successfully bumped revision number for resource 0204e77d-8ccf-4fcc-988c-259971ec55cd (type: ports) to 1
May 02 14:03:53.942914 np0000171491 devstack@neutron-api.service[104194]: DEBUG neutron.pecan_wsgi.hooks.policy_enforcement [None req-38049fb6-1569-4b92-844e-c72c11757110 admin admin] Attributes excluded by policy engine: ['standard_attr_id'] {{(pid=104194) _exclude_attributes_by_policy /opt/stack/neutron/neutron/pecan_wsgi/hooks/policy_enforcement.py:256}}
May 02 14:03:53.943343 np0000171491 devstack@neutron-api.service[104194]: DEBUG neutron_lib.callbacks.manager [None req-38049fb6-1569-4b92-844e-c72c11757110 admin admin] Publish callbacks [] for network (None), before_response {{(pid=104194) _notify_loop /opt/stack/data/venv/lib/python3.12/site-packages/neutron_lib/callbacks/manager.py:184}}
May 02 14:03:53.947608 np0000171491 devstack@neutron-api.service[104192]: DEBUG neutron.db.provisioning_blocks [None req-f07ed41f-09fe-4ec1-923a-eca8e333fd0e None None] Transition to ACTIVE for port object 0204e77d-8ccf-4fcc-988c-259971ec55cd will not be triggered until provisioned by entity L2. {{(pid=104192) add_provisioning_component /opt/stack/neutron/neutron/db/provisioning_blocks.py:74}}
May 02 14:03:53.955232 np0000171491 devstack@neutron-api.service[104194]: [pid: 104194|app: 0|req: 23/93] 199.204.45.138 () {68 vars in 1358 bytes} [Sat May 2 14:03:53 2026] POST /networking/v2.0/networks => generated 683 bytes in 595 msecs (HTTP/1.1 201) 4 headers in 162 bytes (1 switches on core 0)
May 02 14:03:53.974231 np0000171491 devstack@neutron-api.service[104192]: DEBUG neutron.plugins.ml2.plugin [None req-f07ed41f-09fe-4ec1-923a-eca8e333fd0e None None] Current status of the port 0204e77d-8ccf-4fcc-988c-259971ec55cd is: DOWN; New status is: DOWN {{(pid=104192) _update_individual_port_db_status /opt/stack/neutron/neutron/plugins/ml2/plugin.py:2464}}
May 02 14:03:53.975424 np0000171491 devstack@neutron-api.service[104192]: DEBUG ovsdbapp.backend.ovs_idl.transaction [None req-2b54d487-5bf7-48f3-b8b0-dda8302bf127 None None] Running txn n=1 command(idx=0): DbRemoveCommand(_result=None, table=Logical_Switch_Port, record=0204e77d-8ccf-4fcc-988c-259971ec55cd, column=external_ids, values=('neutron:host_id',), keyvalues={}, if_exists=True) {{(pid=104192) do_commit /opt/stack/data/venv/lib/python3.12/site-packages/ovsdbapp/backend/ovs_idl/transaction.py:89}}
May 02 14:03:54.179473 np0000171491 devstack@neutron-api.service[104192]: INFO neutron.pecan_wsgi.hooks.translation [None req-c714df9d-b035-4c3d-8f1d-780ffb908bd4 admin admin] GET failed (client error): The resource could not be found.
May 02 14:03:54.180406 np0000171491 devstack@neutron-api.service[104192]: [pid: 104192|app: 0|req: 25/94] 199.204.45.138 () {64 vars in 1334 bytes} [Sat May 2 14:03:54 2026] GET /networking/v2.0/networks/admin_net => generated 111 bytes in 15 msecs (HTTP/1.1 404) 4 headers in 164 bytes (1 switches on core 0)
May 02 14:03:54.228920 np0000171491 devstack@neutron-api.service[104193]: DEBUG neutron.pecan_wsgi.hooks.policy_enforcement [None req-274ccc77-a1a5-457f-8ffe-f86159afa882 admin admin] Attributes excluded by policy engine: ['standard_attr_id'] {{(pid=104193) _exclude_attributes_by_policy /opt/stack/neutron/neutron/pecan_wsgi/hooks/policy_enforcement.py:256}}
May 02 14:03:54.229804 np0000171491 devstack@neutron-api.service[104193]: [pid: 104193|app: 0|req: 24/95] 199.204.45.138 () {64 vars in 1346 bytes} [Sat May 2 14:03:54 2026] GET /networking/v2.0/networks?name=admin_net => generated 667 bytes in 38 msecs (HTTP/1.1 200) 4 headers in 157 bytes (1 switches on core 0)
May 02 14:03:54.459743 np0000171491 devstack@neutron-api.service[104191]: INFO neutron.pecan_wsgi.hooks.translation [None req-5695a606-0823-417a-8a5a-2b1ecfe62af0 admin admin] GET failed (client error): The resource could not be found.
May 02 14:03:54.460571 np0000171491 devstack@neutron-api.service[104191]: [pid: 104191|app: 0|req: 24/96] 199.204.45.138 () {64 vars in 1340 bytes} [Sat May 2 14:03:54 2026] GET /networking/v2.0/subnets/admin_subnet => generated 112 bytes in 13 msecs (HTTP/1.1 404) 4 headers in 164 bytes (1 switches on core 0)
May 02 14:03:54.492316 np0000171491 devstack@neutron-api.service[104194]: [pid: 104194|app: 0|req: 24/97] 199.204.45.138 () {64 vars in 1349 bytes} [Sat May 2 14:03:54 2026] GET /networking/v2.0/subnets?name=admin_subnet => generated 14 bytes in 24 msecs (HTTP/1.1 200) 4 headers in 156 bytes (1 switches on core 0)
May 02 14:03:54.775041 np0000171491 devstack@neutron-api.service[104192]: DEBUG neutron.pecan_wsgi.hooks.policy_enforcement [None req-e1fc8c3f-a07d-463e-b3f5-d0246e02c1b6 admin admin] Attributes excluded by policy engine: ['standard_attr_id'] {{(pid=104192) _exclude_attributes_by_policy /opt/stack/neutron/neutron/pecan_wsgi/hooks/policy_enforcement.py:256}}
May 02 14:03:54.775638 np0000171491 devstack@neutron-api.service[104192]: [pid: 104192|app: 0|req: 26/98] 199.204.45.138 () {64 vars in 1415 bytes} [Sat May 2 14:03:54 2026] GET /networking/v2.0/networks/bbdc69c7-e7dc-4a50-89da-4b4fbfdbcc52 => generated 664 bytes in 27 msecs (HTTP/1.1 200) 4 headers in 157 bytes (1 switches on core 0)
May 02 14:03:54.791779 np0000171491 devstack@neutron-api.service[104193]: DEBUG neutron.api.v2.base [None req-358de0a3-f9ca-47f4-8bb0-49f9bb2308e2 admin admin] Request body: {'subnet': {'cidr': '10.2.5.0/24', 'name': 'admin_subnet', 'ip_version': 4, 'gateway_ip': None, 'project_id': '9b855294ced8486d9793a4eeb956c35d', 'network_id': 'bbdc69c7-e7dc-4a50-89da-4b4fbfdbcc52'}} {{(pid=104193) prepare_request_body /opt/stack/neutron/neutron/api/v2/base.py:727}}
May 02 14:03:54.809297 np0000171491 devstack@neutron-api.service[104193]: DEBUG neutron.pecan_wsgi.hooks.quota_enforcement [None req-358de0a3-f9ca-47f4-8bb0-49f9bb2308e2 admin admin] Made reservation on behalf of 9b855294ced8486d9793a4eeb956c35d for: {'subnet': 1} {{(pid=104193) before /opt/stack/neutron/neutron/pecan_wsgi/hooks/quota_enforcement.py:66}}
May 02 14:03:54.812442 np0000171491 devstack@neutron-api.service[104193]: DEBUG neutron_lib.callbacks.manager [None req-358de0a3-f9ca-47f4-8bb0-49f9bb2308e2 admin admin] Publish callbacks [] for subnet (None), before_create {{(pid=104193) _notify_loop /opt/stack/data/venv/lib/python3.12/site-packages/neutron_lib/callbacks/manager.py:184}}
May 02 14:03:54.874957 np0000171491 devstack@neutron-api.service[104193]: DEBUG neutron.db.ovn_revision_numbers_db [None req-358de0a3-f9ca-47f4-8bb0-49f9bb2308e2 admin admin] create_initial_revision uuid=8ff4a728-d0aa-4935-985c-9c5a0d620a42, type=subnets, rev=-1 {{(pid=104193) create_initial_revision /opt/stack/neutron/neutron/db/ovn_revision_numbers_db.py:98}}
May 02 14:03:54.880462 np0000171491 devstack@neutron-api.service[104193]: DEBUG neutron_lib.callbacks.manager [None req-358de0a3-f9ca-47f4-8bb0-49f9bb2308e2 admin admin] Publish callbacks ['neutron.plugins.ml2.ovo_rpc._ObjectChangeHandler.handle_event-2467480'] for subnet (8ff4a728-d0aa-4935-985c-9c5a0d620a42), after_create {{(pid=104193) _notify_loop /opt/stack/data/venv/lib/python3.12/site-packages/neutron_lib/callbacks/manager.py:184}}
May 02 14:03:54.896318 np0000171491 devstack@neutron-api.service[104193]: DEBUG neutron.api.rpc.handlers.resources_rpc [None req-358de0a3-f9ca-47f4-8bb0-49f9bb2308e2 admin admin] Pushing event updated for resources: {'Subnet': ['ID=8ff4a728-d0aa-4935-985c-9c5a0d620a42,revision_number=0']} {{(pid=104193) push /opt/stack/neutron/neutron/api/rpc/handlers/resources_rpc.py:237}}
May 02 14:03:54.901246 np0000171491 devstack@neutron-api.service[104193]: DEBUG neutron.api.rpc.callbacks.version_manager [None req-358de0a3-f9ca-47f4-8bb0-49f9bb2308e2 admin admin] Tracked resource versions report:
May 02 14:03:54.901246 np0000171491 devstack@neutron-api.service[104193]: pushed versions:
May 02 14:03:54.901246 np0000171491 devstack@neutron-api.service[104193]: { 'AddressGroup': {'1.2'},
May 02 14:03:54.901246 np0000171491 devstack@neutron-api.service[104193]: 'Agent': {'1.1'},
May 02 14:03:54.901246 np0000171491 devstack@neutron-api.service[104193]: 'ConntrackHelper': {'1.0'},
May 02 14:03:54.901246 np0000171491 devstack@neutron-api.service[104193]: 'LocalIPAssociation': {'1.0'},
May 02 14:03:54.901246 np0000171491 devstack@neutron-api.service[104193]: 'Log': {'1.0'},
May 02 14:03:54.901246 np0000171491 devstack@neutron-api.service[104193]: 'NDPProxy': {'1.0'},
May 02 14:03:54.901246 np0000171491 devstack@neutron-api.service[104193]: 'Network': {'1.2'},
May 02 14:03:54.901246 np0000171491 devstack@neutron-api.service[104193]: 'Port': {'1.10'},
May 02 14:03:54.901246 np0000171491 devstack@neutron-api.service[104193]: 'PortForwarding': {'1.3'},
May 02 14:03:54.901246 np0000171491 devstack@neutron-api.service[104193]: 'QosPolicy': {'1.10'},
May 02 14:03:54.901246 np0000171491 devstack@neutron-api.service[104193]: 'SecurityGroup': {'1.6'},
May 02 14:03:54.901246 np0000171491 devstack@neutron-api.service[104193]: 'SecurityGroupRule': {'1.3'},
May 02 14:03:54.901246 np0000171491 devstack@neutron-api.service[104193]: 'SubPort': {'1.0'},
May 02 14:03:54.901246 np0000171491 devstack@neutron-api.service[104193]: 'Subnet': {'1.2'},
May 02 14:03:54.901246 np0000171491 devstack@neutron-api.service[104193]: 'Trunk': {'1.1'}}
May 02 14:03:54.901246 np0000171491 devstack@neutron-api.service[104193]: consumer versions:
May 02 14:03:54.901246 np0000171491 devstack@neutron-api.service[104193]: { OVN Neutron agent@np0000171491: {},
May 02 14:03:54.901246 np0000171491 devstack@neutron-api.service[104193]: OVN Controller Gateway agent@np0000171491: {}}
May 02 14:03:54.901246 np0000171491 devstack@neutron-api.service[104193]: {{(pid=104193) report /opt/stack/neutron/neutron/api/rpc/callbacks/version_manager.py:183}}
May 02 14:03:54.945901 np0000171491 devstack@neutron-api.service[104193]: DEBUG neutron_lib.callbacks.manager [None req-358de0a3-f9ca-47f4-8bb0-49f9bb2308e2 admin admin] Publish callbacks ['neutron.plugins.ml2.plugin.SecurityGroupDbMixin._ensure_default_security_group_handler-306176', 'neutron.services.ovn_l3.plugin.OVNL3RouterPlugin._port_update-7947444691068', 'neutron.db.l3_db.L3_NAT_dbonly_mixin._prevent_internal_ip_change_for_fip-7947446455740'] for port (0204e77d-8ccf-4fcc-988c-259971ec55cd), before_update {{(pid=104193) _notify_loop /opt/stack/data/venv/lib/python3.12/site-packages/neutron_lib/callbacks/manager.py:184}}
May 02 14:03:55.033716 np0000171491 devstack@neutron-api.service[104193]: DEBUG neutron.db.db_base_plugin_common [None req-358de0a3-f9ca-47f4-8bb0-49f9bb2308e2 admin admin] Allocated IP 10.2.5.1 (bbdc69c7-e7dc-4a50-89da-4b4fbfdbcc52/8ff4a728-d0aa-4935-985c-9c5a0d620a42/0204e77d-8ccf-4fcc-988c-259971ec55cd) {{(pid=104193) _store_ip_allocation /opt/stack/neutron/neutron/db/db_base_plugin_common.py:131}}
May 02 14:03:55.100279 np0000171491 devstack@neutron-api.service[104193]: DEBUG neutron_lib.callbacks.manager [None req-358de0a3-f9ca-47f4-8bb0-49f9bb2308e2 admin admin] Publish callbacks [] for port (0204e77d-8ccf-4fcc-988c-259971ec55cd), precommit_update {{(pid=104193) _notify_loop /opt/stack/data/venv/lib/python3.12/site-packages/neutron_lib/callbacks/manager.py:184}}
May 02 14:03:55.100476 np0000171491 devstack@neutron-api.service[104193]: DEBUG neutron.plugins.ml2.drivers.ovn.mech_driver.mech_driver [None req-358de0a3-f9ca-47f4-8bb0-49f9bb2308e2 admin admin] No provisioning block for port 0204e77d-8ccf-4fcc-988c-259971ec55cd since it does not have a host {{(pid=104193) _is_port_provisioning_required /opt/stack/neutron/neutron/plugins/ml2/drivers/ovn/mech_driver/mech_driver.py:894}}
May 02 14:03:55.113035 np0000171491 devstack@neutron-api.service[104193]: DEBUG neutron_lib.callbacks.manager [None req-358de0a3-f9ca-47f4-8bb0-49f9bb2308e2 admin admin] Publish callbacks ['neutron.plugins.ml2.ovo_rpc._ObjectChangeHandler.handle_event-2467691', 'neutron.db.l3_db.L3RpcNotifierMixin._notify_gateway_port_ip_changed-7947446459332', 'neutron.services.ovn_l3.plugin.OVNL3RouterPlugin._port_update-7947444691068'] for port (0204e77d-8ccf-4fcc-988c-259971ec55cd), after_update {{(pid=104193) _notify_loop /opt/stack/data/venv/lib/python3.12/site-packages/neutron_lib/callbacks/manager.py:184}}
May 02 14:03:55.140726 np0000171491 devstack@neutron-api.service[104193]: DEBUG neutron.api.rpc.handlers.resources_rpc [None req-358de0a3-f9ca-47f4-8bb0-49f9bb2308e2 admin admin] Pushing event updated for resources: {'Port': ['ID=0204e77d-8ccf-4fcc-988c-259971ec55cd,revision_number=2']} {{(pid=104193) push /opt/stack/neutron/neutron/api/rpc/handlers/resources_rpc.py:237}}
May 02 14:03:55.232883 np0000171491 devstack@neutron-api.service[104193]: DEBUG ovsdbapp.backend.ovs_idl.transaction [None req-dfc4bd40-6b2e-487a-80d7-c43b062be6d2 None None] Running txn n=1 command(idx=0): CheckRevisionNumberCommand(_result=None, name=0204e77d-8ccf-4fcc-988c-259971ec55cd, resource={'id': '0204e77d-8ccf-4fcc-988c-259971ec55cd', 'name': '', 'network_id': 'bbdc69c7-e7dc-4a50-89da-4b4fbfdbcc52', 'project_id': '9b855294ced8486d9793a4eeb956c35d', 'mac_address': 'fa:16:3e:94:a8:67', 'admin_state_up': True, 'status': 'DOWN', 'device_id': 'ovnmeta-bbdc69c7-e7dc-4a50-89da-4b4fbfdbcc52', 'device_owner': 'network:distributed', 'standard_attr_id': 44, 'fixed_ips': [{'subnet_id': '8ff4a728-d0aa-4935-985c-9c5a0d620a42', 'ip_address': '10.2.5.1'}], 'allowed_address_pairs': [], 'extra_dhcp_opts': [], 'security_groups': [], 'description': '', 'binding:vnic_type': 'normal', 'binding:profile': {}, 'binding:host_id': '', 'binding:vif_type': 'unbound', 'binding:vif_details': {}, 'port_security_enabled': False, 'tags': [], 'created_at': '2026-05-02T14:03:53Z', 'updated_at': '2026-05-02T14:03:55Z', 'revision_number': 2, 'tenant_id': '9b855294ced8486d9793a4eeb956c35d', 'network': {'id': 'bbdc69c7-e7dc-4a50-89da-4b4fbfdbcc52', 'name': 'admin_net', 'tenant_id': '9b855294ced8486d9793a4eeb956c35d', 'project_id': '9b855294ced8486d9793a4eeb956c35d', 'admin_state_up': True, 'mtu': 1372, 'status': 'ACTIVE', 'subnets': ['8ff4a728-d0aa-4935-985c-9c5a0d620a42'], 'standard_attr_id': 42, 'shared': False, 'availability_zone_hints': [], 'availability_zones': [], 'ipv4_address_scope': None, 'ipv6_address_scope': None, 'router:external': False, 'qinq': False, 'vlan_transparent': False, 'description': '', 'port_security_enabled': True, 'tags': [], 'created_at': '2026-05-02T14:03:53Z', 'updated_at': '2026-05-02T14:03:54Z', 'revision_number': 2, 'provider:network_type': 'geneve', 'provider:physical_network': None, 'provider:segmentation_id': 14830}}, resource_type=ports, if_exists=True) {{(pid=104193) do_commit /opt/stack/data/venv/lib/python3.12/site-packages/ovsdbapp/backend/ovs_idl/transaction.py:89}}
May 02 14:03:55.234215 np0000171491 devstack@neutron-api.service[104193]: DEBUG ovsdbapp.backend.ovs_idl.transaction [None req-dfc4bd40-6b2e-487a-80d7-c43b062be6d2 None None] Running txn n=1 command(idx=1): AddDHCPOptionsCommand(_result=None, columns={'cidr': '10.2.5.0/24', 'options': {'server_id': '10.2.5.1', 'lease_time': '43200', 'mtu': '1372', 'server_mac': 'fa:16:3e:65:ab:58', 'dns_server': '{127.0.0.53}', 'classless_static_route': '{169.254.169.254/32,10.2.5.1}'}, 'external_ids': {'subnet_id': '8ff4a728-d0aa-4935-985c-9c5a0d620a42', 'neutron:network_id': 'bbdc69c7-e7dc-4a50-89da-4b4fbfdbcc52', 'neutron:revision_number': '0'}}, may_exist=True, subnet_id=8ff4a728-d0aa-4935-985c-9c5a0d620a42, port_id=None, new_insert=False) {{(pid=104193) do_commit /opt/stack/data/venv/lib/python3.12/site-packages/ovsdbapp/backend/ovs_idl/transaction.py:89}}
May 02 14:03:55.234215 np0000171491 devstack@neutron-api.service[104193]: DEBUG ovsdbapp.backend.ovs_idl.transaction [None req-dfc4bd40-6b2e-487a-80d7-c43b062be6d2 None None] Running txn n=1 command(idx=2): SetLSwitchPortCommand(_result=None, lport=0204e77d-8ccf-4fcc-988c-259971ec55cd, external_ids_update=None, columns={'external_ids': {'neutron:port_name': '', 'neutron:device_id': 'ovnmeta-bbdc69c7-e7dc-4a50-89da-4b4fbfdbcc52', 'neutron:project_id': '9b855294ced8486d9793a4eeb956c35d', 'neutron:cidrs': '10.2.5.1/24', 'neutron:device_owner': 'network:distributed', 'neutron:subnet_pool_addr_scope4': '', 'neutron:subnet_pool_addr_scope6': '', 'neutron:network_name': 'neutron-bbdc69c7-e7dc-4a50-89da-4b4fbfdbcc52', 'neutron:security_group_ids': '', 'neutron:revision_number': '2', 'neutron:vnic_type': 'normal', 'neutron:port_capabilities': '', 'neutron:mtu': ''}, 'parent_name': [], 'tag': [], 'options': {}, 'enabled': True, 'port_security': [], 'dhcpv4_options': [], 'dhcpv6_options': [], 'type': 'localport', 'addresses': ['fa:16:3e:94:a8:67 10.2.5.1'], 'ha_chassis_group': []}, if_exists=False) {{(pid=104193) do_commit /opt/stack/data/venv/lib/python3.12/site-packages/ovsdbapp/backend/ovs_idl/transaction.py:89}}
May 02 14:03:55.235424 np0000171491 devstack@neutron-api.service[104193]: DEBUG ovsdbapp.backend.ovs_idl.transaction [None req-dfc4bd40-6b2e-487a-80d7-c43b062be6d2 None None] Running txn n=1 command(idx=3): PgDelPortCommand(_result=None, port_group=neutron_pg_drop, lsp=['0204e77d-8ccf-4fcc-988c-259971ec55cd'], if_exists=False) {{(pid=104193) do_commit /opt/stack/data/venv/lib/python3.12/site-packages/ovsdbapp/backend/ovs_idl/transaction.py:89}}
May 02 14:03:55.241973 np0000171491 devstack@neutron-api.service[104194]: DEBUG neutron.plugins.ml2.drivers.ovn.mech_driver.ovsdb.ovsdb_monitor [None req-fbf5aa27-3d07-4f9b-9a66-ad64ef28f512 None None] Touching Hash Ring node "fd50c100b29b583792a238e283259e8c" from IDL notify handler {{(pid=104194) notify /opt/stack/neutron/neutron/plugins/ml2/drivers/ovn/mech_driver/ovsdb/ovsdb_monitor.py:934}}
May 02 14:03:55.243115 np0000171491 devstack@neutron-api.service[104192]: DEBUG neutron.plugins.ml2.drivers.ovn.mech_driver.ovsdb.ovsdb_monitor [None req-2b54d487-5bf7-48f3-b8b0-dda8302bf127 None None] Touching Hash Ring node "957001b4336e53268d0d3d8b6d8785ca" from IDL notify handler {{(pid=104192) notify /opt/stack/neutron/neutron/plugins/ml2/drivers/ovn/mech_driver/ovsdb/ovsdb_monitor.py:934}}
May 02 14:03:55.248403 np0000171491 devstack@neutron-api.service[104194]: DEBUG neutron.plugins.ml2.drivers.ovn.mech_driver.ovsdb.ovsdb_monitor [None req-fbf5aa27-3d07-4f9b-9a66-ad64ef28f512 None None] Hash Ring: Node fd50c100b29b583792a238e283259e8c (host: np0000171491) handling event "create" for row 60efad89-8622-479b-892d-dc74dc5750fb (table: DHCP_Options) {{(pid=104194) notify /opt/stack/neutron/neutron/plugins/ml2/drivers/ovn/mech_driver/ovsdb/ovsdb_monitor.py:942}}
May 02 14:03:55.248449 np0000171491 devstack@neutron-api.service[104193]: DEBUG neutron.plugins.ml2.drivers.ovn.mech_driver.ovsdb.ovsdb_monitor [None req-99919268-8632-4c36-98d5-be00abca68da None None] Hash Ring: Node 6cdab1fbb7dc562bae4e05984a0f82c2 (host: np0000171491) handling event "update" for row af2bf9e2-a2a5-4893-a011-c5fd821e920b (table: Port_Binding) {{(pid=104193) notify /opt/stack/neutron/neutron/plugins/ml2/drivers/ovn/mech_driver/ovsdb/ovsdb_monitor.py:942}}
May 02 14:03:55.252750 np0000171491 devstack@neutron-api.service[104192]: DEBUG neutron.plugins.ml2.drivers.ovn.mech_driver.ovsdb.ovsdb_monitor [None req-2b54d487-5bf7-48f3-b8b0-dda8302bf127 None None] Hash Ring: Node 957001b4336e53268d0d3d8b6d8785ca (host: np0000171491) handling event "update" for row 17e820ae-19a0-4ae1-9cfd-6f5ffcfae9aa (table: Logical_Switch_Port) {{(pid=104192) notify /opt/stack/neutron/neutron/plugins/ml2/drivers/ovn/mech_driver/ovsdb/ovsdb_monitor.py:942}}
May 02 14:03:55.277033 np0000171491 devstack@neutron-api.service[104193]: INFO neutron.db.ovn_revision_numbers_db [None req-358de0a3-f9ca-47f4-8bb0-49f9bb2308e2 admin admin] Successfully bumped revision number for resource 0204e77d-8ccf-4fcc-988c-259971ec55cd (type: ports) to 2
May 02 14:03:55.288360 np0000171491 devstack@neutron-api.service[104193]: DEBUG neutron.plugins.ml2.plugin [None req-358de0a3-f9ca-47f4-8bb0-49f9bb2308e2 admin admin] In _notify_port_updated(), no bound segment for port 0204e77d-8ccf-4fcc-988c-259971ec55cd on network bbdc69c7-e7dc-4a50-89da-4b4fbfdbcc52 {{(pid=104193) _notify_port_updated /opt/stack/neutron/neutron/plugins/ml2/plugin.py:1032}}
May 02 14:03:55.306508 np0000171491 devstack@neutron-api.service[104193]: INFO neutron.db.ovn_revision_numbers_db [None req-358de0a3-f9ca-47f4-8bb0-49f9bb2308e2 admin admin] Successfully bumped revision number for resource 8ff4a728-d0aa-4935-985c-9c5a0d620a42 (type: subnets) to 0
May 02 14:03:55.308323 np0000171491 devstack@neutron-api.service[104193]: DEBUG neutron.pecan_wsgi.hooks.policy_enforcement [None req-358de0a3-f9ca-47f4-8bb0-49f9bb2308e2 admin admin] Attributes excluded by policy engine: ['standard_attr_id', 'shared', 'network'] {{(pid=104193) _exclude_attributes_by_policy /opt/stack/neutron/neutron/pecan_wsgi/hooks/policy_enforcement.py:256}}
May 02 14:03:55.308756 np0000171491 devstack@neutron-api.service[104193]: DEBUG neutron_lib.callbacks.manager [None req-358de0a3-f9ca-47f4-8bb0-49f9bb2308e2 admin admin] Publish callbacks [] for subnet (None), before_response {{(pid=104193) _notify_loop /opt/stack/data/venv/lib/python3.12/site-packages/neutron_lib/callbacks/manager.py:184}}
May 02 14:03:55.320923 np0000171491 devstack@neutron-api.service[104193]: [pid: 104193|app: 0|req: 25/99] 199.204.45.138 () {68 vars in 1355 bytes} [Sat May 2 14:03:54 2026] POST /networking/v2.0/subnets => generated 625 bytes in 534 msecs (HTTP/1.1 201) 4 headers in 162 bytes (1 switches on core 0)
May 02 14:03:55.550553 np0000171491 devstack@neutron-api.service[104191]: INFO neutron.pecan_wsgi.hooks.translation [None req-6e1525b8-e72f-46c6-a3cc-80d72945d799 admin admin] GET failed (client error): The resource could not be found.
May 02 14:03:55.551322 np0000171491 devstack@neutron-api.service[104191]: [pid: 104191|app: 0|req: 25/100] 199.204.45.138 () {64 vars in 1340 bytes} [Sat May 2 14:03:55 2026] GET /networking/v2.0/subnets/admin_subnet => generated 112 bytes in 14 msecs (HTTP/1.1 404) 4 headers in 164 bytes (1 switches on core 0)
May 02 14:03:55.585918 np0000171491 devstack@neutron-api.service[104194]: DEBUG neutron.pecan_wsgi.hooks.policy_enforcement [None req-8ce02370-622c-4afe-862d-8309ed0fbf59 admin admin] Attributes excluded by policy engine: ['standard_attr_id', 'shared'] {{(pid=104194) _exclude_attributes_by_policy /opt/stack/neutron/neutron/pecan_wsgi/hooks/policy_enforcement.py:256}}
May 02 14:03:55.586731 np0000171491 devstack@neutron-api.service[104194]: [pid: 104194|app: 0|req: 25/101] 199.204.45.138 () {64 vars in 1349 bytes} [Sat May 2 14:03:55 2026] GET /networking/v2.0/subnets?name=admin_subnet => generated 628 bytes in 23 msecs (HTTP/1.1 200) 4 headers in 157 bytes (1 switches on core 0)
May 02 14:03:58.144297 np0000171491 devstack@neutron-api.service[104192]: DEBUG futurist.periodics [-] Submitting periodic callback 'neutron.plugins.ml2.drivers.ovn.mech_driver.ovsdb.maintenance.HashRingHealthCheckPeriodics.touch_hash_ring_node' {{(pid=104192) _process_scheduled /opt/stack/data/venv/lib/python3.12/site-packages/futurist/periodics.py:784}}
May 02 14:03:58.144979 np0000171491 devstack@neutron-api.service[104192]: DEBUG neutron.plugins.ml2.drivers.ovn.mech_driver.ovsdb.maintenance [-] Touching Hash Ring node "957001b4336e53268d0d3d8b6d8785ca" from periodic health check thread {{(pid=104192) touch_hash_ring_node /opt/stack/neutron/neutron/plugins/ml2/drivers/ovn/mech_driver/ovsdb/maintenance.py:1466}}
May 02 14:03:59.121322 np0000171491 devstack@neutron-api.service[104191]: DEBUG futurist.periodics [-] Submitting periodic callback 'neutron.plugins.ml2.drivers.ovn.mech_driver.ovsdb.maintenance.HashRingHealthCheckPeriodics.touch_hash_ring_node' {{(pid=104191) _process_scheduled /opt/stack/data/venv/lib/python3.12/site-packages/futurist/periodics.py:784}}
May 02 14:03:59.121870 np0000171491 devstack@neutron-api.service[104191]: DEBUG neutron.plugins.ml2.drivers.ovn.mech_driver.ovsdb.maintenance [-] Touching Hash Ring node "c3d204780c2856deab1fca749339c32a" from periodic health check thread {{(pid=104191) touch_hash_ring_node /opt/stack/neutron/neutron/plugins/ml2/drivers/ovn/mech_driver/ovsdb/maintenance.py:1466}}
May 02 14:03:59.143528 np0000171491 devstack@neutron-api.service[104193]: DEBUG futurist.periodics [-] Submitting periodic callback 'neutron.plugins.ml2.drivers.ovn.mech_driver.ovsdb.maintenance.HashRingHealthCheckPeriodics.touch_hash_ring_node' {{(pid=104193) _process_scheduled /opt/stack/data/venv/lib/python3.12/site-packages/futurist/periodics.py:784}}
May 02 14:03:59.144313 np0000171491 devstack@neutron-api.service[104193]: DEBUG neutron.plugins.ml2.drivers.ovn.mech_driver.ovsdb.maintenance [-] Touching Hash Ring node "6cdab1fbb7dc562bae4e05984a0f82c2" from periodic health check thread {{(pid=104193) touch_hash_ring_node /opt/stack/neutron/neutron/plugins/ml2/drivers/ovn/mech_driver/ovsdb/maintenance.py:1466}}
May 02 14:03:59.274056 np0000171491 devstack@neutron-api.service[104194]: DEBUG futurist.periodics [-] Submitting periodic callback 'neutron.plugins.ml2.drivers.ovn.mech_driver.ovsdb.maintenance.HashRingHealthCheckPeriodics.touch_hash_ring_node' {{(pid=104194) _process_scheduled /opt/stack/data/venv/lib/python3.12/site-packages/futurist/periodics.py:784}}
May 02 14:03:59.274691 np0000171491 devstack@neutron-api.service[104194]: DEBUG neutron.plugins.ml2.drivers.ovn.mech_driver.ovsdb.maintenance [-] Touching Hash Ring node "fd50c100b29b583792a238e283259e8c" from periodic health check thread {{(pid=104194) touch_hash_ring_node /opt/stack/neutron/neutron/plugins/ml2/drivers/ovn/mech_driver/ovsdb/maintenance.py:1466}}
May 02 14:04:00.457911 np0000171491 devstack@neutron-api.service[104192]: [pid: 104192|app: 0|req: 27/102] 199.204.45.138 () {64 vars in 1369 bytes} [Sat May 2 14:04:00 2026] GET /networking/v2.0/ports?device_id=manila-admin-share&binding%3Ahost_id=np0000171491 => generated 12 bytes in 67 msecs (HTTP/1.1 200) 4 headers in 156 bytes (1 switches on core 0)
May 02 14:04:00.504983 np0000171491 devstack@neutron-api.service[104193]: DEBUG neutron.api.wsgi [None req-a849100c-4bed-4f8b-99a5-8bd080f5e5a9 service neutron] Missing Content-Type {{(pid=104193) get_content_type /opt/stack/neutron/neutron/api/wsgi.py:80}}
May 02 14:04:00.505468 np0000171491 devstack@neutron-api.service[104193]: DEBUG neutron.api.wsgi [None req-a849100c-4bed-4f8b-99a5-8bd080f5e5a9 service neutron] https://199.204.45.138/networking/v2.0/extensions returned with HTTP 200 {{(pid=104193) __call__ /opt/stack/neutron/neutron/api/wsgi.py:540}}
May 02 14:04:00.505921 np0000171491 devstack@neutron-api.service[104193]: [pid: 104193|app: 0|req: 26/103] 199.204.45.138 () {64 vars in 1265 bytes} [Sat May 2 14:04:00 2026] GET /networking/v2.0/extensions => generated 15209 bytes in 4 msecs (HTTP/1.1 200) 4 headers in 159 bytes (1 switches on core 0)
May 02 14:04:00.567651 np0000171491 devstack@neutron-api.service[104191]: DEBUG neutron.api.v2.base [None req-95321f94-26f8-4196-9f4a-53a9afff1e85 service neutron] Request body: {'port': {'network_id': 'bbdc69c7-e7dc-4a50-89da-4b4fbfdbcc52', 'admin_state_up': True, 'tenant_id': '9b855294ced8486d9793a4eeb956c35d', 'port_security_enabled': False, 'binding:host_id': 'np0000171491', 'fixed_ips': [{'subnet_id': '8ff4a728-d0aa-4935-985c-9c5a0d620a42'}], 'device_owner': 'manila:share', 'device_id': 'manila-admin-share'}} {{(pid=104191) prepare_request_body /opt/stack/neutron/neutron/api/v2/base.py:727}}
May 02 14:04:00.587284 np0000171491 devstack@neutron-api.service[104191]: DEBUG neutron.pecan_wsgi.hooks.quota_enforcement [None req-95321f94-26f8-4196-9f4a-53a9afff1e85 service neutron] Made reservation on behalf of 9b855294ced8486d9793a4eeb956c35d for: {'port': 1} {{(pid=104191) before /opt/stack/neutron/neutron/pecan_wsgi/hooks/quota_enforcement.py:66}}
May 02 14:04:00.592725 np0000171491 devstack@neutron-api.service[104191]: DEBUG neutron_lib.callbacks.manager [None req-95321f94-26f8-4196-9f4a-53a9afff1e85 service neutron] Publish callbacks ['neutron.plugins.ml2.plugin.SecurityGroupDbMixin._ensure_default_security_group_handler-7258994'] for port (None), before_create {{(pid=104191) _notify_loop /opt/stack/data/venv/lib/python3.12/site-packages/neutron_lib/callbacks/manager.py:184}}
May 02 14:04:00.663990 np0000171491 devstack@neutron-api.service[104191]: DEBUG neutron.db.db_base_plugin_common [None req-95321f94-26f8-4196-9f4a-53a9afff1e85 service neutron] Allocated IP 10.2.5.156 (bbdc69c7-e7dc-4a50-89da-4b4fbfdbcc52/8ff4a728-d0aa-4935-985c-9c5a0d620a42/2e10381d-3b81-4ed6-ac39-c7cf5e2cd867) {{(pid=104191) _store_ip_allocation /opt/stack/neutron/neutron/db/db_base_plugin_common.py:131}}
May 02 14:04:00.722759 np0000171491 devstack@neutron-api.service[104191]: DEBUG neutron_lib.callbacks.manager [None req-95321f94-26f8-4196-9f4a-53a9afff1e85 service neutron] Publish callbacks ['neutron.plugins.ml2.drivers.ovn.mech_driver.mech_driver.OVNMechanismDriver._validate_allowed_address_pairs-850384'] for allowed_address_pair (2e10381d-3b81-4ed6-ac39-c7cf5e2cd867), before_create {{(pid=104191) _notify_loop /opt/stack/data/venv/lib/python3.12/site-packages/neutron_lib/callbacks/manager.py:184}}
May 02 14:04:00.724883 np0000171491 devstack@neutron-api.service[104191]: DEBUG neutron_lib.callbacks.manager [None req-95321f94-26f8-4196-9f4a-53a9afff1e85 service neutron] Publish callbacks [] for port (2e10381d-3b81-4ed6-ac39-c7cf5e2cd867), precommit_create {{(pid=104191) _notify_loop /opt/stack/data/venv/lib/python3.12/site-packages/neutron_lib/callbacks/manager.py:184}}
May 02 14:04:00.729601 np0000171491 devstack@neutron-api.service[104191]: DEBUG neutron.db.provisioning_blocks [None req-95321f94-26f8-4196-9f4a-53a9afff1e85 service neutron] Transition to ACTIVE for port object 2e10381d-3b81-4ed6-ac39-c7cf5e2cd867 will not be triggered until provisioned by entity L2. {{(pid=104191) add_provisioning_component /opt/stack/neutron/neutron/db/provisioning_blocks.py:74}}
May 02 14:04:00.729752 np0000171491 devstack@neutron-api.service[104191]: DEBUG neutron.db.ovn_revision_numbers_db [None req-95321f94-26f8-4196-9f4a-53a9afff1e85 service neutron] create_initial_revision uuid=2e10381d-3b81-4ed6-ac39-c7cf5e2cd867, type=ports, rev=-1 {{(pid=104191) create_initial_revision /opt/stack/neutron/neutron/db/ovn_revision_numbers_db.py:98}}
May 02 14:04:00.740873 np0000171491 devstack@neutron-api.service[104191]: DEBUG neutron_lib.callbacks.manager [None req-95321f94-26f8-4196-9f4a-53a9afff1e85 service neutron] Publish callbacks ['neutron.plugins.ml2.ovo_rpc._ObjectChangeHandler.handle_event-2472538'] for port (2e10381d-3b81-4ed6-ac39-c7cf5e2cd867), after_create {{(pid=104191) _notify_loop /opt/stack/data/venv/lib/python3.12/site-packages/neutron_lib/callbacks/manager.py:184}}
May 02 14:04:00.763159 np0000171491 devstack@neutron-api.service[104191]: DEBUG neutron.api.rpc.handlers.resources_rpc [None req-95321f94-26f8-4196-9f4a-53a9afff1e85 service neutron] Pushing event updated for resources: {'Port': ['ID=2e10381d-3b81-4ed6-ac39-c7cf5e2cd867,revision_number=1']} {{(pid=104191) push /opt/stack/neutron/neutron/api/rpc/handlers/resources_rpc.py:237}}
May 02 14:04:00.801365 np0000171491 devstack@neutron-api.service[104191]: DEBUG ovsdbapp.backend.ovs_idl.transaction [None req-ad3d82f9-fbca-4655-983c-ad52a5bdb2b6 None None] Running txn n=1 command(idx=0): AddLSwitchPortCommand(_result=None, lport=2e10381d-3b81-4ed6-ac39-c7cf5e2cd867, lswitch=neutron-bbdc69c7-e7dc-4a50-89da-4b4fbfdbcc52, may_exist=True, network_uuid=bbdc69c7-e7dc-4a50-89da-4b4fbfdbcc52, columns={'addresses': ['fa:16:3e:d0:84:32 10.2.5.156', 'unknown'], 'external_ids': {'neutron:port_name': '', 'neutron:device_id': 'manila-admin-share', 'neutron:project_id': '9b855294ced8486d9793a4eeb956c35d', 'neutron:cidrs': '10.2.5.156/24', 'neutron:device_owner': 'manila:share', 'neutron:subnet_pool_addr_scope4': '', 'neutron:subnet_pool_addr_scope6': '', 'neutron:network_name': 'neutron-bbdc69c7-e7dc-4a50-89da-4b4fbfdbcc52', 'neutron:security_group_ids': '', 'neutron:revision_number': '1', 'neutron:vnic_type': 'normal', 'neutron:port_capabilities': '', 'neutron:mtu': ''}, 'parent_name': [], 'tag': [], 'enabled': True, 'options': {'requested-chassis': 'np0000171491'}, 'type': '', 'port_security': [], 'dhcpv4_options': [UUID('60efad89-8622-479b-892d-dc74dc5750fb')], 'dhcpv6_options': []}) {{(pid=104191) do_commit /opt/stack/data/venv/lib/python3.12/site-packages/ovsdbapp/backend/ovs_idl/transaction.py:89}}
May 02 14:04:00.801365 np0000171491 devstack@neutron-api.service[104191]: DEBUG ovsdbapp.backend.ovs_idl.transaction [None req-ad3d82f9-fbca-4655-983c-ad52a5bdb2b6 None None] Running txn n=1 command(idx=1): QoSDelCommand(_result=None, switch=neutron-bbdc69c7-e7dc-4a50-89da-4b4fbfdbcc52, conditions=[('direction', '=', 'to-lport'), ('priority', '=', 2002), ('match', '=', 'outport == "2e10381d-3b81-4ed6-ac39-c7cf5e2cd867"')], if_exists=True) {{(pid=104191) do_commit /opt/stack/data/venv/lib/python3.12/site-packages/ovsdbapp/backend/ovs_idl/transaction.py:89}}
May 02 14:04:00.801365 np0000171491 devstack@neutron-api.service[104191]: DEBUG ovsdbapp.backend.ovs_idl.transaction [None req-ad3d82f9-fbca-4655-983c-ad52a5bdb2b6 None None] Running txn n=1 command(idx=2): QoSDelCommand(_result=None, switch=neutron-bbdc69c7-e7dc-4a50-89da-4b4fbfdbcc52, conditions=[('direction', '=', 'from-lport'), ('priority', '=', 2002), ('match', '=', 'inport == "2e10381d-3b81-4ed6-ac39-c7cf5e2cd867"')], if_exists=True) {{(pid=104191) do_commit /opt/stack/data/venv/lib/python3.12/site-packages/ovsdbapp/backend/ovs_idl/transaction.py:89}}
May 02 14:04:00.808618 np0000171491 devstack@neutron-api.service[104194]: DEBUG neutron.plugins.ml2.drivers.ovn.mech_driver.ovsdb.ovsdb_monitor [None req-fbf5aa27-3d07-4f9b-9a66-ad64ef28f512 None None] Touching Hash Ring node "fd50c100b29b583792a238e283259e8c" from IDL notify handler {{(pid=104194) notify /opt/stack/neutron/neutron/plugins/ml2/drivers/ovn/mech_driver/ovsdb/ovsdb_monitor.py:934}}
May 02 14:04:00.810331 np0000171491 devstack@neutron-api.service[104192]: DEBUG neutron.plugins.ml2.drivers.ovn.mech_driver.ovsdb.ovsdb_monitor [None req-2b54d487-5bf7-48f3-b8b0-dda8302bf127 None None] Touching Hash Ring node "957001b4336e53268d0d3d8b6d8785ca" from IDL notify handler {{(pid=104192) notify /opt/stack/neutron/neutron/plugins/ml2/drivers/ovn/mech_driver/ovsdb/ovsdb_monitor.py:934}}
May 02 14:04:00.816060 np0000171491 devstack@neutron-api.service[104194]: DEBUG neutron.plugins.ml2.drivers.ovn.mech_driver.ovsdb.ovsdb_monitor [None req-fbf5aa27-3d07-4f9b-9a66-ad64ef28f512 None None] Hash Ring: Node fd50c100b29b583792a238e283259e8c (host: np0000171491) handling event "create" for row 6be5fe18-58df-447a-9079-b9ffe70fe8d7 (table: Logical_Switch_Port) {{(pid=104194) notify /opt/stack/neutron/neutron/plugins/ml2/drivers/ovn/mech_driver/ovsdb/ovsdb_monitor.py:942}}
May 02 14:04:00.817297 np0000171491 devstack@neutron-api.service[104194]: DEBUG ovsdbapp.backend.ovs_idl.event [None req-fbf5aa27-3d07-4f9b-9a66-ad64ef28f512 None None] Matched CREATE: LogicalSwitchPortCreateEvent(events=('create',), table='Logical_Switch_Port', conditions=[], old_conditions=None), priority=20 to row=Logical_Switch_Port(uuid=6be5fe18-58df-447a-9079-b9ffe70fe8d7, addresses=['fa:16:3e:d0:84:32 10.2.5.156', 'unknown'], dhcpv4_options=60efad89-8622-479b-892d-dc74dc5750fb, dhcpv6_options=[], dynamic_addresses=[], enabled=True, external_ids={'neutron:cidrs': '10.2.5.156/24', 'neutron:device_id': 'manila-admin-share', 'neutron:device_owner': 'manila:share', 'neutron:mtu': '', 'neutron:network_name': 'neutron-bbdc69c7-e7dc-4a50-89da-4b4fbfdbcc52', 'neutron:port_capabilities': '', 'neutron:port_name': '', 'neutron:project_id': '9b855294ced8486d9793a4eeb956c35d', 'neutron:revision_number': '1', 'neutron:security_group_ids': '', 'neutron:subnet_pool_addr_scope4': '', 'neutron:subnet_pool_addr_scope6': '', 'neutron:vnic_type': 'normal'}, ha_chassis_group=[], mirror_rules=[], name='2e10381d-3b81-4ed6-ac39-c7cf5e2cd867', options={'requested-chassis': 'np0000171491'}, parent_name=[], port_security=[], tag=[], tag_request=[], type='', up=[]) old= {{(pid=104194) matches /opt/stack/data/venv/lib/python3.12/site-packages/ovsdbapp/backend/ovs_idl/event.py:55}}
May 02 14:04:00.819545 np0000171491 devstack@neutron-api.service[104194]: INFO neutron.plugins.ml2.drivers.ovn.mech_driver.mech_driver [None req-5f584bef-3b7d-421c-9e14-a7fac9d40497 None None] OVN reports status down for port: 2e10381d-3b81-4ed6-ac39-c7cf5e2cd867
May 02 14:04:00.820060 np0000171491 devstack@neutron-api.service[104192]: DEBUG neutron.plugins.ml2.drivers.ovn.mech_driver.ovsdb.ovsdb_monitor [None req-802efcbe-9c08-4da7-a216-f01f8238502f None None] Hash Ring: Node 957001b4336e53268d0d3d8b6d8785ca (host: np0000171491) handling event "create" for row caa7ccee-b3ed-42e2-8b58-84abf8d0be9a (table: Port_Binding) {{(pid=104192) notify /opt/stack/neutron/neutron/plugins/ml2/drivers/ovn/mech_driver/ovsdb/ovsdb_monitor.py:942}}
May 02 14:04:00.820157 np0000171491 devstack@neutron-api.service[104194]: DEBUG neutron.plugins.ml2.drivers.ovn.mech_driver.ovsdb.ovsdb_monitor [None req-fbf5aa27-3d07-4f9b-9a66-ad64ef28f512 None None] Touching Hash Ring node "fd50c100b29b583792a238e283259e8c" from IDL notify handler {{(pid=104194) notify /opt/stack/neutron/neutron/plugins/ml2/drivers/ovn/mech_driver/ovsdb/ovsdb_monitor.py:934}}
