Apr 27 08:08:57.092697 np0000170431 devstack@n-api-meta.service[109328]: DEBUG nova.api.openstack.wsgi_app [None req-e49bbf99-7dbb-4d66-a4bd-d22087dcaded None None] oslo_limit.endpoint_region_name = None {{(pid=109328) log_opt_values /opt/stack/data/venv/lib/python3.12/site-packages/oslo_config/cfg.py:3006}}
Apr 27 08:08:57.092878 np0000170431 devstack@n-api-meta.service[109328]: DEBUG nova.api.openstack.wsgi_app [None req-e49bbf99-7dbb-4d66-a4bd-d22087dcaded None None] oslo_limit.endpoint_service_name = None {{(pid=109328) log_opt_values /opt/stack/data/venv/lib/python3.12/site-packages/oslo_config/cfg.py:3006}}
Apr 27 08:08:57.093051 np0000170431 devstack@n-api-meta.service[109328]: DEBUG nova.api.openstack.wsgi_app [None req-e49bbf99-7dbb-4d66-a4bd-d22087dcaded None None] oslo_limit.endpoint_service_type = None {{(pid=109328) log_opt_values /opt/stack/data/venv/lib/python3.12/site-packages/oslo_config/cfg.py:3006}}
Apr 27 08:08:57.093232 np0000170431 devstack@n-api-meta.service[109328]: DEBUG nova.api.openstack.wsgi_app [None req-e49bbf99-7dbb-4d66-a4bd-d22087dcaded None None] oslo_limit.insecure = False {{(pid=109328) log_opt_values /opt/stack/data/venv/lib/python3.12/site-packages/oslo_config/cfg.py:3006}}
Apr 27 08:08:57.093410 np0000170431 devstack@n-api-meta.service[109328]: DEBUG nova.api.openstack.wsgi_app [None req-e49bbf99-7dbb-4d66-a4bd-d22087dcaded None None] oslo_limit.keyfile = None {{(pid=109328) log_opt_values /opt/stack/data/venv/lib/python3.12/site-packages/oslo_config/cfg.py:3006}}
Apr 27 08:08:57.093594 np0000170431 devstack@n-api-meta.service[109328]: DEBUG nova.api.openstack.wsgi_app [None req-e49bbf99-7dbb-4d66-a4bd-d22087dcaded None None] oslo_limit.max_version = None {{(pid=109328) log_opt_values /opt/stack/data/venv/lib/python3.12/site-packages/oslo_config/cfg.py:3006}}
Apr 27 08:08:57.093807 np0000170431 devstack@n-api-meta.service[109328]: DEBUG nova.api.openstack.wsgi_app [None req-e49bbf99-7dbb-4d66-a4bd-d22087dcaded None None] oslo_limit.min_version = None {{(pid=109328) log_opt_values /opt/stack/data/venv/lib/python3.12/site-packages/oslo_config/cfg.py:3006}}
Apr 27 08:08:57.093988 np0000170431 devstack@n-api-meta.service[109328]: DEBUG nova.api.openstack.wsgi_app [None req-e49bbf99-7dbb-4d66-a4bd-d22087dcaded None None] oslo_limit.region_name = None {{(pid=109328) log_opt_values /opt/stack/data/venv/lib/python3.12/site-packages/oslo_config/cfg.py:3006}}
Apr 27 08:08:57.094153 np0000170431 devstack@n-api-meta.service[109328]: DEBUG nova.api.openstack.wsgi_app [None req-e49bbf99-7dbb-4d66-a4bd-d22087dcaded None None] oslo_limit.retriable_status_codes = None {{(pid=109328) log_opt_values /opt/stack/data/venv/lib/python3.12/site-packages/oslo_config/cfg.py:3006}}
Apr 27 08:08:57.094331 np0000170431 devstack@n-api-meta.service[109328]: DEBUG nova.api.openstack.wsgi_app [None req-e49bbf99-7dbb-4d66-a4bd-d22087dcaded None None] oslo_limit.service_name = None {{(pid=109328) log_opt_values /opt/stack/data/venv/lib/python3.12/site-packages/oslo_config/cfg.py:3006}}
Apr 27 08:08:57.094510 np0000170431 devstack@n-api-meta.service[109328]: DEBUG nova.api.openstack.wsgi_app [None req-e49bbf99-7dbb-4d66-a4bd-d22087dcaded None None] oslo_limit.service_type = None {{(pid=109328) log_opt_values /opt/stack/data/venv/lib/python3.12/site-packages/oslo_config/cfg.py:3006}}
Apr 27 08:08:57.094712 np0000170431 devstack@n-api-meta.service[109328]: DEBUG nova.api.openstack.wsgi_app [None req-e49bbf99-7dbb-4d66-a4bd-d22087dcaded None None] oslo_limit.split_loggers = False {{(pid=109328) log_opt_values /opt/stack/data/venv/lib/python3.12/site-packages/oslo_config/cfg.py:3006}}
Apr 27 08:08:57.094894 np0000170431 devstack@n-api-meta.service[109328]: DEBUG nova.api.openstack.wsgi_app [None req-e49bbf99-7dbb-4d66-a4bd-d22087dcaded None None] oslo_limit.status_code_retries = None {{(pid=109328) log_opt_values /opt/stack/data/venv/lib/python3.12/site-packages/oslo_config/cfg.py:3006}}
Apr 27 08:08:57.095069 np0000170431 devstack@n-api-meta.service[109328]: DEBUG nova.api.openstack.wsgi_app [None req-e49bbf99-7dbb-4d66-a4bd-d22087dcaded None None] oslo_limit.status_code_retry_delay = None {{(pid=109328) log_opt_values /opt/stack/data/venv/lib/python3.12/site-packages/oslo_config/cfg.py:3006}}
Apr 27 08:08:57.095261 np0000170431 devstack@n-api-meta.service[109328]: DEBUG nova.api.openstack.wsgi_app [None req-e49bbf99-7dbb-4d66-a4bd-d22087dcaded None None] oslo_limit.timeout = None {{(pid=109328) log_opt_values /opt/stack/data/venv/lib/python3.12/site-packages/oslo_config/cfg.py:3006}}
Apr 27 08:08:57.095429 np0000170431 devstack@n-api-meta.service[109328]: DEBUG nova.api.openstack.wsgi_app [None req-e49bbf99-7dbb-4d66-a4bd-d22087dcaded None None] oslo_limit.valid_interfaces = None {{(pid=109328) log_opt_values /opt/stack/data/venv/lib/python3.12/site-packages/oslo_config/cfg.py:3006}}
Apr 27 08:08:57.095598 np0000170431 devstack@n-api-meta.service[109328]: DEBUG nova.api.openstack.wsgi_app [None req-e49bbf99-7dbb-4d66-a4bd-d22087dcaded None None] oslo_limit.version = None {{(pid=109328) log_opt_values /opt/stack/data/venv/lib/python3.12/site-packages/oslo_config/cfg.py:3006}}
Apr 27 08:08:57.095817 np0000170431 devstack@n-api-meta.service[109328]: DEBUG nova.api.openstack.wsgi_app [None req-e49bbf99-7dbb-4d66-a4bd-d22087dcaded None None] oslo_messaging_rabbit.amqp_auto_delete = False {{(pid=109328) log_opt_values /opt/stack/data/venv/lib/python3.12/site-packages/oslo_config/cfg.py:3006}}
Apr 27 08:08:57.095993 np0000170431 devstack@n-api-meta.service[109328]: DEBUG nova.api.openstack.wsgi_app [None req-e49bbf99-7dbb-4d66-a4bd-d22087dcaded None None] oslo_messaging_rabbit.amqp_durable_queues = False {{(pid=109328) log_opt_values /opt/stack/data/venv/lib/python3.12/site-packages/oslo_config/cfg.py:3006}}
Apr 27 08:08:57.096173 np0000170431 devstack@n-api-meta.service[109328]: DEBUG nova.api.openstack.wsgi_app [None req-e49bbf99-7dbb-4d66-a4bd-d22087dcaded None None] oslo_messaging_rabbit.conn_pool_min_size = 2 {{(pid=109328) log_opt_values /opt/stack/data/venv/lib/python3.12/site-packages/oslo_config/cfg.py:3006}}
Apr 27 08:08:57.096357 np0000170431 devstack@n-api-meta.service[109328]: DEBUG nova.api.openstack.wsgi_app [None req-e49bbf99-7dbb-4d66-a4bd-d22087dcaded None None] oslo_messaging_rabbit.conn_pool_ttl = 1200 {{(pid=109328) log_opt_values /opt/stack/data/venv/lib/python3.12/site-packages/oslo_config/cfg.py:3006}}
Apr 27 08:08:57.096538 np0000170431 devstack@n-api-meta.service[109328]: DEBUG nova.api.openstack.wsgi_app [None req-e49bbf99-7dbb-4d66-a4bd-d22087dcaded None None] oslo_messaging_rabbit.direct_mandatory_flag = True {{(pid=109328) log_opt_values /opt/stack/data/venv/lib/python3.12/site-packages/oslo_config/cfg.py:3006}}
Apr 27 08:08:57.096731 np0000170431 devstack@n-api-meta.service[109328]: DEBUG nova.api.openstack.wsgi_app [None req-e49bbf99-7dbb-4d66-a4bd-d22087dcaded None None] oslo_messaging_rabbit.enable_cancel_on_failover = False {{(pid=109328) log_opt_values /opt/stack/data/venv/lib/python3.12/site-packages/oslo_config/cfg.py:3006}}
Apr 27 08:08:57.096906 np0000170431 devstack@n-api-meta.service[109328]: DEBUG nova.api.openstack.wsgi_app [None req-e49bbf99-7dbb-4d66-a4bd-d22087dcaded None None] oslo_messaging_rabbit.heartbeat_in_pthread = False {{(pid=109328) log_opt_values /opt/stack/data/venv/lib/python3.12/site-packages/oslo_config/cfg.py:3006}}
Apr 27 08:08:57.097087 np0000170431 devstack@n-api-meta.service[109328]: DEBUG nova.api.openstack.wsgi_app [None req-e49bbf99-7dbb-4d66-a4bd-d22087dcaded None None] oslo_messaging_rabbit.heartbeat_rate = 3 {{(pid=109328) log_opt_values /opt/stack/data/venv/lib/python3.12/site-packages/oslo_config/cfg.py:3006}}
Apr 27 08:08:57.097267 np0000170431 devstack@n-api-meta.service[109328]: DEBUG nova.api.openstack.wsgi_app [None req-e49bbf99-7dbb-4d66-a4bd-d22087dcaded None None] oslo_messaging_rabbit.heartbeat_timeout_threshold = 60 {{(pid=109328) log_opt_values /opt/stack/data/venv/lib/python3.12/site-packages/oslo_config/cfg.py:3006}}
Apr 27 08:08:57.097456 np0000170431 devstack@n-api-meta.service[109328]: DEBUG nova.api.openstack.wsgi_app [None req-e49bbf99-7dbb-4d66-a4bd-d22087dcaded None None] oslo_messaging_rabbit.hostname = np0000170431 {{(pid=109328) log_opt_values /opt/stack/data/venv/lib/python3.12/site-packages/oslo_config/cfg.py:3006}}
Apr 27 08:08:57.097650 np0000170431 devstack@n-api-meta.service[109328]: DEBUG nova.api.openstack.wsgi_app [None req-e49bbf99-7dbb-4d66-a4bd-d22087dcaded None None] oslo_messaging_rabbit.kombu_compression = None {{(pid=109328) log_opt_values /opt/stack/data/venv/lib/python3.12/site-packages/oslo_config/cfg.py:3006}}
Apr 27 08:08:57.097856 np0000170431 devstack@n-api-meta.service[109328]: DEBUG nova.api.openstack.wsgi_app [None req-e49bbf99-7dbb-4d66-a4bd-d22087dcaded None None] oslo_messaging_rabbit.kombu_failover_strategy = round-robin {{(pid=109328) log_opt_values /opt/stack/data/venv/lib/python3.12/site-packages/oslo_config/cfg.py:3006}}
Apr 27 08:08:57.098039 np0000170431 devstack@n-api-meta.service[109328]: DEBUG nova.api.openstack.wsgi_app [None req-e49bbf99-7dbb-4d66-a4bd-d22087dcaded None None] oslo_messaging_rabbit.kombu_missing_consumer_retry_timeout = 60 {{(pid=109328) log_opt_values /opt/stack/data/venv/lib/python3.12/site-packages/oslo_config/cfg.py:3006}}
Apr 27 08:08:57.098221 np0000170431 devstack@n-api-meta.service[109328]: DEBUG nova.api.openstack.wsgi_app [None req-e49bbf99-7dbb-4d66-a4bd-d22087dcaded None None] oslo_messaging_rabbit.kombu_reconnect_delay = 1.0 {{(pid=109328) log_opt_values /opt/stack/data/venv/lib/python3.12/site-packages/oslo_config/cfg.py:3006}}
Apr 27 08:08:57.098396 np0000170431 devstack@n-api-meta.service[109328]: DEBUG nova.api.openstack.wsgi_app [None req-e49bbf99-7dbb-4d66-a4bd-d22087dcaded None None] oslo_messaging_rabbit.kombu_reconnect_splay = 0.0 {{(pid=109328) log_opt_values /opt/stack/data/venv/lib/python3.12/site-packages/oslo_config/cfg.py:3006}}
Apr 27 08:08:57.098543 np0000170431 devstack@n-api-meta.service[109328]: DEBUG nova.api.openstack.wsgi_app [None req-e49bbf99-7dbb-4d66-a4bd-d22087dcaded None None] oslo_messaging_rabbit.processname = uwsgi {{(pid=109328) log_opt_values /opt/stack/data/venv/lib/python3.12/site-packages/oslo_config/cfg.py:3006}}
Apr 27 08:08:57.098698 np0000170431 devstack@n-api-meta.service[109328]: DEBUG nova.api.openstack.wsgi_app [None req-e49bbf99-7dbb-4d66-a4bd-d22087dcaded None None] oslo_messaging_rabbit.rabbit_ha_queues = False {{(pid=109328) log_opt_values /opt/stack/data/venv/lib/python3.12/site-packages/oslo_config/cfg.py:3006}}
Apr 27 08:08:57.098855 np0000170431 devstack@n-api-meta.service[109328]: DEBUG nova.api.openstack.wsgi_app [None req-e49bbf99-7dbb-4d66-a4bd-d22087dcaded None None] oslo_messaging_rabbit.rabbit_interval_max = 30 {{(pid=109328) log_opt_values /opt/stack/data/venv/lib/python3.12/site-packages/oslo_config/cfg.py:3006}}
Apr 27 08:08:57.099027 np0000170431 devstack@n-api-meta.service[109328]: DEBUG nova.api.openstack.wsgi_app [None req-e49bbf99-7dbb-4d66-a4bd-d22087dcaded None None] oslo_messaging_rabbit.rabbit_login_method = AMQPLAIN {{(pid=109328) log_opt_values /opt/stack/data/venv/lib/python3.12/site-packages/oslo_config/cfg.py:3006}}
Apr 27 08:08:57.099186 np0000170431 devstack@n-api-meta.service[109328]: DEBUG nova.api.openstack.wsgi_app [None req-e49bbf99-7dbb-4d66-a4bd-d22087dcaded None None] oslo_messaging_rabbit.rabbit_qos_prefetch_count = 0 {{(pid=109328) log_opt_values /opt/stack/data/venv/lib/python3.12/site-packages/oslo_config/cfg.py:3006}}
Apr 27 08:08:57.099346 np0000170431 devstack@n-api-meta.service[109328]: DEBUG nova.api.openstack.wsgi_app [None req-e49bbf99-7dbb-4d66-a4bd-d22087dcaded None None] oslo_messaging_rabbit.rabbit_quorum_delivery_limit = 0 {{(pid=109328) log_opt_values /opt/stack/data/venv/lib/python3.12/site-packages/oslo_config/cfg.py:3006}}
Apr 27 08:08:57.099507 np0000170431 devstack@n-api-meta.service[109328]: DEBUG nova.api.openstack.wsgi_app [None req-e49bbf99-7dbb-4d66-a4bd-d22087dcaded None None] oslo_messaging_rabbit.rabbit_quorum_max_memory_bytes = 0 {{(pid=109328) log_opt_values /opt/stack/data/venv/lib/python3.12/site-packages/oslo_config/cfg.py:3006}}
Apr 27 08:08:57.099707 np0000170431 devstack@n-api-meta.service[109328]: DEBUG nova.api.openstack.wsgi_app [None req-e49bbf99-7dbb-4d66-a4bd-d22087dcaded None None] oslo_messaging_rabbit.rabbit_quorum_max_memory_length = 0 {{(pid=109328) log_opt_values /opt/stack/data/venv/lib/python3.12/site-packages/oslo_config/cfg.py:3006}}
Apr 27 08:08:57.099880 np0000170431 devstack@n-api-meta.service[109328]: DEBUG nova.api.openstack.wsgi_app [None req-e49bbf99-7dbb-4d66-a4bd-d22087dcaded None None] oslo_messaging_rabbit.rabbit_quorum_queue = False {{(pid=109328) log_opt_values /opt/stack/data/venv/lib/python3.12/site-packages/oslo_config/cfg.py:3006}}
Apr 27 08:08:57.100060 np0000170431 devstack@n-api-meta.service[109328]: DEBUG nova.api.openstack.wsgi_app [None req-e49bbf99-7dbb-4d66-a4bd-d22087dcaded None None] oslo_messaging_rabbit.rabbit_retry_backoff = 2 {{(pid=109328) log_opt_values /opt/stack/data/venv/lib/python3.12/site-packages/oslo_config/cfg.py:3006}}
Apr 27 08:08:57.100249 np0000170431 devstack@n-api-meta.service[109328]: DEBUG nova.api.openstack.wsgi_app [None req-e49bbf99-7dbb-4d66-a4bd-d22087dcaded None None] oslo_messaging_rabbit.rabbit_retry_interval = 1 {{(pid=109328) log_opt_values /opt/stack/data/venv/lib/python3.12/site-packages/oslo_config/cfg.py:3006}}
Apr 27 08:08:57.100410 np0000170431 devstack@n-api-meta.service[109328]: DEBUG nova.api.openstack.wsgi_app [None req-e49bbf99-7dbb-4d66-a4bd-d22087dcaded None None] oslo_messaging_rabbit.rabbit_stream_fanout = False {{(pid=109328) log_opt_values /opt/stack/data/venv/lib/python3.12/site-packages/oslo_config/cfg.py:3006}}
Apr 27 08:08:57.100588 np0000170431 devstack@n-api-meta.service[109328]: DEBUG nova.api.openstack.wsgi_app [None req-e49bbf99-7dbb-4d66-a4bd-d22087dcaded None None] oslo_messaging_rabbit.rabbit_transient_queues_ttl = 1800 {{(pid=109328) log_opt_values /opt/stack/data/venv/lib/python3.12/site-packages/oslo_config/cfg.py:3006}}
Apr 27 08:08:57.100758 np0000170431 devstack@n-api-meta.service[109328]: DEBUG nova.api.openstack.wsgi_app [None req-e49bbf99-7dbb-4d66-a4bd-d22087dcaded None None] oslo_messaging_rabbit.rabbit_transient_quorum_queue = False {{(pid=109328) log_opt_values /opt/stack/data/venv/lib/python3.12/site-packages/oslo_config/cfg.py:3006}}
Apr 27 08:08:57.100896 np0000170431 devstack@n-api-meta.service[109328]: DEBUG nova.api.openstack.wsgi_app [None req-e49bbf99-7dbb-4d66-a4bd-d22087dcaded None None] oslo_messaging_rabbit.rpc_conn_pool_size = 30 {{(pid=109328) log_opt_values /opt/stack/data/venv/lib/python3.12/site-packages/oslo_config/cfg.py:3006}}
Apr 27 08:08:57.101038 np0000170431 devstack@n-api-meta.service[109328]: DEBUG nova.api.openstack.wsgi_app [None req-e49bbf99-7dbb-4d66-a4bd-d22087dcaded None None] oslo_messaging_rabbit.ssl = False {{(pid=109328) log_opt_values /opt/stack/data/venv/lib/python3.12/site-packages/oslo_config/cfg.py:3006}}
Apr 27 08:08:57.101164 np0000170431 devstack@n-api-meta.service[109328]: DEBUG nova.api.openstack.wsgi_app [None req-e49bbf99-7dbb-4d66-a4bd-d22087dcaded None None] oslo_messaging_rabbit.ssl_ca_file = {{(pid=109328) log_opt_values /opt/stack/data/venv/lib/python3.12/site-packages/oslo_config/cfg.py:3006}}
Apr 27 08:08:57.101397 np0000170431 devstack@n-api-meta.service[109328]: DEBUG nova.api.openstack.wsgi_app [None req-e49bbf99-7dbb-4d66-a4bd-d22087dcaded None None] oslo_messaging_rabbit.ssl_cert_file = {{(pid=109328) log_opt_values /opt/stack/data/venv/lib/python3.12/site-packages/oslo_config/cfg.py:3006}}
Apr 27 08:08:57.101441 np0000170431 devstack@n-api-meta.service[109328]: DEBUG nova.api.openstack.wsgi_app [None req-e49bbf99-7dbb-4d66-a4bd-d22087dcaded None None] oslo_messaging_rabbit.ssl_enforce_fips_mode = False {{(pid=109328) log_opt_values /opt/stack/data/venv/lib/python3.12/site-packages/oslo_config/cfg.py:3006}}
Apr 27 08:08:57.101567 np0000170431 devstack@n-api-meta.service[109328]: DEBUG nova.api.openstack.wsgi_app [None req-e49bbf99-7dbb-4d66-a4bd-d22087dcaded None None] oslo_messaging_rabbit.ssl_key_file = {{(pid=109328) log_opt_values /opt/stack/data/venv/lib/python3.12/site-packages/oslo_config/cfg.py:3006}}
Apr 27 08:08:57.101763 np0000170431 devstack@n-api-meta.service[109328]: DEBUG nova.api.openstack.wsgi_app [None req-e49bbf99-7dbb-4d66-a4bd-d22087dcaded None None] oslo_messaging_rabbit.ssl_version = {{(pid=109328) log_opt_values /opt/stack/data/venv/lib/python3.12/site-packages/oslo_config/cfg.py:3006}}
Apr 27 08:08:57.102007 np0000170431 devstack@n-api-meta.service[109328]: DEBUG nova.api.openstack.wsgi_app [None req-e49bbf99-7dbb-4d66-a4bd-d22087dcaded None None] oslo_messaging_rabbit.use_queue_manager = False {{(pid=109328) log_opt_values /opt/stack/data/venv/lib/python3.12/site-packages/oslo_config/cfg.py:3006}}
Apr 27 08:08:57.102048 np0000170431 devstack@n-api-meta.service[109328]: DEBUG nova.api.openstack.wsgi_app [None req-e49bbf99-7dbb-4d66-a4bd-d22087dcaded None None] oslo_messaging_notifications.driver = ['messagingv2'] {{(pid=109328) log_opt_values /opt/stack/data/venv/lib/python3.12/site-packages/oslo_config/cfg.py:3006}}
Apr 27 08:08:57.102164 np0000170431 devstack@n-api-meta.service[109328]: DEBUG nova.api.openstack.wsgi_app [None req-e49bbf99-7dbb-4d66-a4bd-d22087dcaded None None] oslo_messaging_notifications.retry = -1 {{(pid=109328) log_opt_values /opt/stack/data/venv/lib/python3.12/site-packages/oslo_config/cfg.py:3006}}
Apr 27 08:08:57.102304 np0000170431 devstack@n-api-meta.service[109328]: DEBUG nova.api.openstack.wsgi_app [None req-e49bbf99-7dbb-4d66-a4bd-d22087dcaded None None] oslo_messaging_notifications.topics = ['notifications'] {{(pid=109328) log_opt_values /opt/stack/data/venv/lib/python3.12/site-packages/oslo_config/cfg.py:3006}}
Apr 27 08:08:57.102444 np0000170431 devstack@n-api-meta.service[109328]: DEBUG nova.api.openstack.wsgi_app [None req-e49bbf99-7dbb-4d66-a4bd-d22087dcaded None None] oslo_messaging_notifications.transport_url = **** {{(pid=109328) log_opt_values /opt/stack/data/venv/lib/python3.12/site-packages/oslo_config/cfg.py:3006}}
Apr 27 08:08:57.102580 np0000170431 devstack@n-api-meta.service[109328]: DEBUG nova.api.openstack.wsgi_app [None req-e49bbf99-7dbb-4d66-a4bd-d22087dcaded None None] oslo_reports.file_event_handler = None {{(pid=109328) log_opt_values /opt/stack/data/venv/lib/python3.12/site-packages/oslo_config/cfg.py:3006}}
Apr 27 08:08:57.102750 np0000170431 devstack@n-api-meta.service[109328]: DEBUG nova.api.openstack.wsgi_app [None req-e49bbf99-7dbb-4d66-a4bd-d22087dcaded None None] oslo_reports.file_event_handler_interval = 1 {{(pid=109328) log_opt_values /opt/stack/data/venv/lib/python3.12/site-packages/oslo_config/cfg.py:3006}}
Apr 27 08:08:57.102880 np0000170431 devstack@n-api-meta.service[109328]: DEBUG nova.api.openstack.wsgi_app [None req-e49bbf99-7dbb-4d66-a4bd-d22087dcaded None None] oslo_reports.log_dir = None {{(pid=109328) log_opt_values /opt/stack/data/venv/lib/python3.12/site-packages/oslo_config/cfg.py:3006}}
Apr 27 08:08:57.102986 np0000170431 devstack@n-api-meta.service[109328]: DEBUG nova.api.openstack.wsgi_app [None req-e49bbf99-7dbb-4d66-a4bd-d22087dcaded None None] ******************************************************************************** {{(pid=109328) log_opt_values /opt/stack/data/venv/lib/python3.12/site-packages/oslo_config/cfg.py:3013}}
Apr 27 08:08:57.103370 np0000170431 devstack@n-api-meta.service[109328]: WSGI app 0 (mountpoint='') ready in 3 seconds on interpreter 0x7d4abd6a3668 pid: 109328 (default app)
Apr 27 08:09:06.718545 np0000170431 devstack@n-api-meta.service[109326]: DEBUG dbcounter [-] [109326] Writing DB stats nova_api:SELECT=1 {{(pid=109326) stat_writer /opt/stack/data/venv/lib/python3.12/site-packages/dbcounter.py:115}}
Apr 27 08:09:06.743803 np0000170431 devstack@n-api-meta.service[109327]: DEBUG dbcounter [-] [109327] Writing DB stats nova_api:SELECT=1 {{(pid=109327) stat_writer /opt/stack/data/venv/lib/python3.12/site-packages/dbcounter.py:115}}
Apr 27 08:09:06.779215 np0000170431 devstack@n-api-meta.service[109328]: DEBUG dbcounter [-] [109328] Writing DB stats nova_api:SELECT=1 {{(pid=109328) stat_writer /opt/stack/data/venv/lib/python3.12/site-packages/dbcounter.py:115}}
Apr 27 08:09:06.794951 np0000170431 devstack@n-api-meta.service[109329]: DEBUG dbcounter [-] [109329] Writing DB stats nova_api:SELECT=1 {{(pid=109329) stat_writer /opt/stack/data/venv/lib/python3.12/site-packages/dbcounter.py:115}}
Apr 27 08:09:06.840645 np0000170431 devstack@n-api-meta.service[109326]: DEBUG dbcounter [-] [109326] Writing DB stats nova_cell0:SELECT=1 {{(pid=109326) stat_writer /opt/stack/data/venv/lib/python3.12/site-packages/dbcounter.py:115}}
Apr 27 08:09:06.843890 np0000170431 devstack@n-api-meta.service[109326]: DEBUG dbcounter [-] [109326] Writing DB stats nova_cell1:SELECT=1 {{(pid=109326) stat_writer /opt/stack/data/venv/lib/python3.12/site-packages/dbcounter.py:115}}
Apr 27 08:09:06.871241 np0000170431 devstack@n-api-meta.service[109327]: DEBUG dbcounter [-] [109327] Writing DB stats nova_cell0:SELECT=1 {{(pid=109327) stat_writer /opt/stack/data/venv/lib/python3.12/site-packages/dbcounter.py:115}}
Apr 27 08:09:06.872068 np0000170431 devstack@n-api-meta.service[109327]: DEBUG dbcounter [-] [109327] Writing DB stats nova_cell1:SELECT=1 {{(pid=109327) stat_writer /opt/stack/data/venv/lib/python3.12/site-packages/dbcounter.py:115}}
Apr 27 08:09:06.874207 np0000170431 devstack@n-api-meta.service[109326]: DEBUG dbcounter [-] [109326] Writing DB stats nova_cell0:SELECT=2,nova_cell0:INSERT=1 {{(pid=109326) stat_writer /opt/stack/data/venv/lib/python3.12/site-packages/dbcounter.py:115}}
Apr 27 08:09:06.891856 np0000170431 devstack@n-api-meta.service[109327]: DEBUG dbcounter [-] [109327] Writing DB stats nova_cell0:SELECT=1 {{(pid=109327) stat_writer /opt/stack/data/venv/lib/python3.12/site-packages/dbcounter.py:115}}
Apr 27 08:09:06.900892 np0000170431 devstack@n-api-meta.service[109329]: DEBUG dbcounter [-] [109329] Writing DB stats nova_cell0:SELECT=1 {{(pid=109329) stat_writer /opt/stack/data/venv/lib/python3.12/site-packages/dbcounter.py:115}}
Apr 27 08:09:06.906978 np0000170431 devstack@n-api-meta.service[109328]: DEBUG dbcounter [-] [109328] Writing DB stats nova_cell1:SELECT=1 {{(pid=109328) stat_writer /opt/stack/data/venv/lib/python3.12/site-packages/dbcounter.py:115}}
Apr 27 08:09:06.907766 np0000170431 devstack@n-api-meta.service[109329]: DEBUG dbcounter [-] [109329] Writing DB stats nova_cell1:SELECT=1 {{(pid=109329) stat_writer /opt/stack/data/venv/lib/python3.12/site-packages/dbcounter.py:115}}
Apr 27 08:09:06.913063 np0000170431 devstack@n-api-meta.service[109328]: DEBUG dbcounter [-] [109328] Writing DB stats nova_cell0:SELECT=1 {{(pid=109328) stat_writer /opt/stack/data/venv/lib/python3.12/site-packages/dbcounter.py:115}}
Apr 27 08:09:06.933081 np0000170431 devstack@n-api-meta.service[109329]: DEBUG dbcounter [-] [109329] Writing DB stats nova_cell0:SELECT=1 {{(pid=109329) stat_writer /opt/stack/data/venv/lib/python3.12/site-packages/dbcounter.py:115}}
Apr 27 08:09:06.938971 np0000170431 devstack@n-api-meta.service[109328]: DEBUG dbcounter [-] [109328] Writing DB stats nova_cell0:SELECT=1 {{(pid=109328) stat_writer /opt/stack/data/venv/lib/python3.12/site-packages/dbcounter.py:115}}
Apr 27 08:15:44.929464 np0000170431 devstack@n-api-meta.service[109326]: DEBUG nova.api.metadata.handler [None req-e82fe60c-88b9-4d64-b606-f141339631c5 None None] Metadata request headers: {'Host': '199.204.45.4:8775', 'User-Agent': 'python-requests/2.33.1', 'Accept-Encoding': 'gzip, deflate', 'Accept': '*/*', 'Connection': 'keep-alive', 'X-Forwarded-For': '192.168.24.144', 'X-Instance-Id': 'a77c7751-61f2-460e-b50c-3cf8b2cda4a9', 'X-Tenant-Id': '832df775a0ab40348290b872c17c79b1', 'X-Instance-Id-Signature': '1e4bb4964c27f62c19766f09d4101ca1dffe5bc48b208d1bc82b1d9e10283bf0'} {{(pid=109326) __call__ /opt/stack/nova/nova/api/metadata/handler.py:109}}
Apr 27 08:15:44.942851 np0000170431 devstack@n-api-meta.service[109326]: DEBUG oslo_concurrency.lockutils [None req-0bd42870-42ab-49b1-9b60-8b4629593cdd None None] Acquiring lock "dded3902-7675-4f23-ab5c-6760625af3fb" by "nova.context.set_target_cell..get_or_set_cached_cell_and_set_connections" {{(pid=109326) inner /opt/stack/data/venv/lib/python3.12/site-packages/oslo_concurrency/lockutils.py:506}}
Apr 27 08:15:44.943006 np0000170431 devstack@n-api-meta.service[109326]: DEBUG oslo_concurrency.lockutils [None req-0bd42870-42ab-49b1-9b60-8b4629593cdd None None] Lock "dded3902-7675-4f23-ab5c-6760625af3fb" acquired by "nova.context.set_target_cell..get_or_set_cached_cell_and_set_connections" :: waited 0.000s {{(pid=109326) inner /opt/stack/data/venv/lib/python3.12/site-packages/oslo_concurrency/lockutils.py:519}}
Apr 27 08:15:44.943099 np0000170431 devstack@n-api-meta.service[109326]: DEBUG oslo_concurrency.lockutils [None req-0bd42870-42ab-49b1-9b60-8b4629593cdd None None] Lock "dded3902-7675-4f23-ab5c-6760625af3fb" "released" by "nova.context.set_target_cell..get_or_set_cached_cell_and_set_connections" :: held 0.000s {{(pid=109326) inner /opt/stack/data/venv/lib/python3.12/site-packages/oslo_concurrency/lockutils.py:538}}
Apr 27 08:15:44.996513 np0000170431 devstack@n-api-meta.service[109326]: WARNING neutronclient.v2_0.client [None req-0bd42870-42ab-49b1-9b60-8b4629593cdd None None] The python binding code in neutronclient is deprecated in favor of OpenstackSDK, please use that as this will be removed in a future release.
Apr 27 08:15:45.390653 np0000170431 devstack@n-api-meta.service[109326]: [pid: 109326|app: 0|req: 1/1] 199.204.45.4 () {40 vars in 639 bytes} [Mon Apr 27 08:15:44 2026] GET /openstack => generated 116 bytes in 463 msecs (HTTP/1.1 200) 3 headers in 100 bytes (1 switches on core 0)
Apr 27 08:15:45.403594 np0000170431 devstack@n-api-meta.service[109327]: DEBUG nova.api.metadata.handler [None req-6f14062d-414c-4301-b76f-fa690f46b283 None None] Metadata request headers: {'Host': '199.204.45.4:8775', 'User-Agent': 'python-requests/2.33.1', 'Accept-Encoding': 'gzip, deflate', 'Accept': '*/*', 'Connection': 'keep-alive', 'X-Forwarded-For': '192.168.24.144', 'X-Instance-Id': 'a77c7751-61f2-460e-b50c-3cf8b2cda4a9', 'X-Tenant-Id': '832df775a0ab40348290b872c17c79b1', 'X-Instance-Id-Signature': '1e4bb4964c27f62c19766f09d4101ca1dffe5bc48b208d1bc82b1d9e10283bf0'} {{(pid=109327) __call__ /opt/stack/nova/nova/api/metadata/handler.py:109}}
Apr 27 08:15:45.408818 np0000170431 devstack@n-api-meta.service[109327]: DEBUG nova.api.metadata.handler [None req-6f14062d-414c-4301-b76f-fa690f46b283 None None] Using cached metadata for instance a77c7751-61f2-460e-b50c-3cf8b2cda4a9 {{(pid=109327) get_metadata_by_instance_id /opt/stack/nova/nova/api/metadata/handler.py:84}}
Apr 27 08:15:45.409247 np0000170431 devstack@n-api-meta.service[109327]: [pid: 109327|app: 0|req: 1/2] 199.204.45.4 () {40 vars in 639 bytes} [Mon Apr 27 08:15:45 2026] GET /openstack => generated 116 bytes in 7 msecs (HTTP/1.1 200) 3 headers in 100 bytes (1 switches on core 0)
Apr 27 08:15:45.417865 np0000170431 devstack@n-api-meta.service[109329]: DEBUG nova.api.metadata.handler [None req-a6a10b42-66b2-41bd-bdcd-cb7b380aef7f None None] Metadata request headers: {'Host': '199.204.45.4:8775', 'User-Agent': 'python-requests/2.33.1', 'Accept-Encoding': 'gzip, deflate', 'Accept': '*/*', 'Connection': 'keep-alive', 'X-Forwarded-For': '192.168.24.144', 'X-Instance-Id': 'a77c7751-61f2-460e-b50c-3cf8b2cda4a9', 'X-Tenant-Id': '832df775a0ab40348290b872c17c79b1', 'X-Instance-Id-Signature': '1e4bb4964c27f62c19766f09d4101ca1dffe5bc48b208d1bc82b1d9e10283bf0'} {{(pid=109329) __call__ /opt/stack/nova/nova/api/metadata/handler.py:109}}
Apr 27 08:15:45.424173 np0000170431 devstack@n-api-meta.service[109329]: DEBUG nova.api.metadata.handler [None req-a6a10b42-66b2-41bd-bdcd-cb7b380aef7f None None] Using cached metadata for instance a77c7751-61f2-460e-b50c-3cf8b2cda4a9 {{(pid=109329) get_metadata_by_instance_id /opt/stack/nova/nova/api/metadata/handler.py:84}}
Apr 27 08:15:45.424728 np0000170431 devstack@n-api-meta.service[109329]: [pid: 109329|app: 0|req: 1/3] 199.204.45.4 () {40 vars in 691 bytes} [Mon Apr 27 08:15:45 2026] GET /openstack/2018-08-27/meta_data.json => generated 946 bytes in 8 msecs (HTTP/1.1 200) 3 headers in 91 bytes (1 switches on core 0)
Apr 27 08:15:45.433113 np0000170431 devstack@n-api-meta.service[109328]: DEBUG nova.api.metadata.handler [None req-e49bbf99-7dbb-4d66-a4bd-d22087dcaded None None] Metadata request headers: {'Host': '199.204.45.4:8775', 'User-Agent': 'python-requests/2.33.1', 'Accept-Encoding': 'gzip, deflate', 'Accept': '*/*', 'Connection': 'keep-alive', 'X-Forwarded-For': '192.168.24.144', 'X-Instance-Id': 'a77c7751-61f2-460e-b50c-3cf8b2cda4a9', 'X-Tenant-Id': '832df775a0ab40348290b872c17c79b1', 'X-Instance-Id-Signature': '1e4bb4964c27f62c19766f09d4101ca1dffe5bc48b208d1bc82b1d9e10283bf0'} {{(pid=109328) __call__ /opt/stack/nova/nova/api/metadata/handler.py:109}}
Apr 27 08:15:45.438164 np0000170431 devstack@n-api-meta.service[109328]: DEBUG nova.api.metadata.handler [None req-e49bbf99-7dbb-4d66-a4bd-d22087dcaded None None] Using cached metadata for instance a77c7751-61f2-460e-b50c-3cf8b2cda4a9 {{(pid=109328) get_metadata_by_instance_id /opt/stack/nova/nova/api/metadata/handler.py:84}}
Apr 27 08:15:45.438862 np0000170431 devstack@n-api-meta.service[109328]: [pid: 109328|app: 0|req: 1/4] 199.204.45.4 () {40 vars in 681 bytes} [Mon Apr 27 08:15:45 2026] GET /openstack/2018-08-27/user_data => generated 26433 bytes in 8 msecs (HTTP/1.1 200) 3 headers in 102 bytes (1 switches on core 0)
Apr 27 08:15:45.447535 np0000170431 devstack@n-api-meta.service[109326]: DEBUG nova.api.metadata.handler [None req-0bd42870-42ab-49b1-9b60-8b4629593cdd None None] Metadata request headers: {'Host': '199.204.45.4:8775', 'User-Agent': 'python-requests/2.33.1', 'Accept-Encoding': 'gzip, deflate', 'Accept': '*/*', 'Connection': 'keep-alive', 'X-Forwarded-For': '192.168.24.144', 'X-Instance-Id': 'a77c7751-61f2-460e-b50c-3cf8b2cda4a9', 'X-Tenant-Id': '832df775a0ab40348290b872c17c79b1', 'X-Instance-Id-Signature': '1e4bb4964c27f62c19766f09d4101ca1dffe5bc48b208d1bc82b1d9e10283bf0'} {{(pid=109326) __call__ /opt/stack/nova/nova/api/metadata/handler.py:109}}
Apr 27 08:15:45.450705 np0000170431 devstack@n-api-meta.service[109326]: DEBUG nova.api.metadata.handler [None req-0bd42870-42ab-49b1-9b60-8b4629593cdd None None] Using cached metadata for instance a77c7751-61f2-460e-b50c-3cf8b2cda4a9 {{(pid=109326) get_metadata_by_instance_id /opt/stack/nova/nova/api/metadata/handler.py:84}}
Apr 27 08:15:45.451461 np0000170431 devstack@n-api-meta.service[109326]: [pid: 109326|app: 0|req: 2/5] 199.204.45.4 () {40 vars in 695 bytes} [Mon Apr 27 08:15:45 2026] GET /openstack/2018-08-27/vendor_data.json => generated 2 bytes in 5 msecs (HTTP/1.1 200) 3 headers in 89 bytes (1 switches on core 0)
Apr 27 08:15:45.457015 np0000170431 devstack@n-api-meta.service[109327]: DEBUG nova.api.metadata.handler [None req-6f14062d-414c-4301-b76f-fa690f46b283 None None] Metadata request headers: {'Host': '199.204.45.4:8775', 'User-Agent': 'python-requests/2.33.1', 'Accept-Encoding': 'gzip, deflate', 'Accept': '*/*', 'Connection': 'keep-alive', 'X-Forwarded-For': '192.168.24.144', 'X-Instance-Id': 'a77c7751-61f2-460e-b50c-3cf8b2cda4a9', 'X-Tenant-Id': '832df775a0ab40348290b872c17c79b1', 'X-Instance-Id-Signature': '1e4bb4964c27f62c19766f09d4101ca1dffe5bc48b208d1bc82b1d9e10283bf0'} {{(pid=109327) __call__ /opt/stack/nova/nova/api/metadata/handler.py:109}}
Apr 27 08:15:45.458929 np0000170431 devstack@n-api-meta.service[109327]: DEBUG nova.api.metadata.handler [None req-6f14062d-414c-4301-b76f-fa690f46b283 None None] Using cached metadata for instance a77c7751-61f2-460e-b50c-3cf8b2cda4a9 {{(pid=109327) get_metadata_by_instance_id /opt/stack/nova/nova/api/metadata/handler.py:84}}
Apr 27 08:15:45.459441 np0000170431 devstack@n-api-meta.service[109327]: [pid: 109327|app: 0|req: 2/6] 199.204.45.4 () {40 vars in 697 bytes} [Mon Apr 27 08:15:45 2026] GET /openstack/2018-08-27/vendor_data2.json => generated 14 bytes in 3 msecs (HTTP/1.1 200) 3 headers in 90 bytes (1 switches on core 0)
Apr 27 08:15:45.466648 np0000170431 devstack@n-api-meta.service[109329]: DEBUG nova.api.metadata.handler [None req-a6a10b42-66b2-41bd-bdcd-cb7b380aef7f None None] Metadata request headers: {'Host': '199.204.45.4:8775', 'User-Agent': 'python-requests/2.33.1', 'Accept-Encoding': 'gzip, deflate', 'Accept': '*/*', 'Connection': 'keep-alive', 'X-Forwarded-For': '192.168.24.144', 'X-Instance-Id': 'a77c7751-61f2-460e-b50c-3cf8b2cda4a9', 'X-Tenant-Id': '832df775a0ab40348290b872c17c79b1', 'X-Instance-Id-Signature': '1e4bb4964c27f62c19766f09d4101ca1dffe5bc48b208d1bc82b1d9e10283bf0'} {{(pid=109329) __call__ /opt/stack/nova/nova/api/metadata/handler.py:109}}
Apr 27 08:15:45.469314 np0000170431 devstack@n-api-meta.service[109329]: DEBUG nova.api.metadata.handler [None req-a6a10b42-66b2-41bd-bdcd-cb7b380aef7f None None] Using cached metadata for instance a77c7751-61f2-460e-b50c-3cf8b2cda4a9 {{(pid=109329) get_metadata_by_instance_id /opt/stack/nova/nova/api/metadata/handler.py:84}}
Apr 27 08:15:45.469965 np0000170431 devstack@n-api-meta.service[109329]: [pid: 109329|app: 0|req: 2/7] 199.204.45.4 () {40 vars in 697 bytes} [Mon Apr 27 08:15:45 2026] GET /openstack/2018-08-27/network_data.json => generated 348 bytes in 4 msecs (HTTP/1.1 200) 3 headers in 100 bytes (1 switches on core 0)
Apr 27 08:15:45.477756 np0000170431 devstack@n-api-meta.service[109328]: DEBUG nova.api.metadata.handler [None req-e49bbf99-7dbb-4d66-a4bd-d22087dcaded None None] Metadata request headers: {'Host': '199.204.45.4:8775', 'User-Agent': 'python-requests/2.33.1', 'Accept-Encoding': 'gzip, deflate', 'Accept': '*/*', 'Connection': 'keep-alive', 'X-Forwarded-For': '192.168.24.144', 'X-Instance-Id': 'a77c7751-61f2-460e-b50c-3cf8b2cda4a9', 'X-Tenant-Id': '832df775a0ab40348290b872c17c79b1', 'X-Instance-Id-Signature': '1e4bb4964c27f62c19766f09d4101ca1dffe5bc48b208d1bc82b1d9e10283bf0'} {{(pid=109328) __call__ /opt/stack/nova/nova/api/metadata/handler.py:109}}
Apr 27 08:15:45.481295 np0000170431 devstack@n-api-meta.service[109328]: DEBUG nova.api.metadata.handler [None req-e49bbf99-7dbb-4d66-a4bd-d22087dcaded None None] Using cached metadata for instance a77c7751-61f2-460e-b50c-3cf8b2cda4a9 {{(pid=109328) get_metadata_by_instance_id /opt/stack/nova/nova/api/metadata/handler.py:84}}
Apr 27 08:15:45.482228 np0000170431 devstack@n-api-meta.service[109328]: [pid: 109328|app: 0|req: 2/8] 199.204.45.4 () {40 vars in 655 bytes} [Mon Apr 27 08:15:45 2026] GET /latest/meta-data/ => generated 210 bytes in 5 msecs (HTTP/1.1 200) 3 headers in 100 bytes (1 switches on core 0)
Apr 27 08:15:45.489128 np0000170431 devstack@n-api-meta.service[109326]: DEBUG nova.api.metadata.handler [None req-0bd42870-42ab-49b1-9b60-8b4629593cdd None None] Metadata request headers: {'Host': '199.204.45.4:8775', 'User-Agent': 'python-requests/2.33.1', 'Accept-Encoding': 'gzip, deflate', 'Accept': '*/*', 'Connection': 'keep-alive', 'X-Forwarded-For': '192.168.24.144', 'X-Instance-Id': 'a77c7751-61f2-460e-b50c-3cf8b2cda4a9', 'X-Tenant-Id': '832df775a0ab40348290b872c17c79b1', 'X-Instance-Id-Signature': '1e4bb4964c27f62c19766f09d4101ca1dffe5bc48b208d1bc82b1d9e10283bf0'} {{(pid=109326) __call__ /opt/stack/nova/nova/api/metadata/handler.py:109}}
Apr 27 08:15:45.492173 np0000170431 devstack@n-api-meta.service[109326]: DEBUG nova.api.metadata.handler [None req-0bd42870-42ab-49b1-9b60-8b4629593cdd None None] Using cached metadata for instance a77c7751-61f2-460e-b50c-3cf8b2cda4a9 {{(pid=109326) get_metadata_by_instance_id /opt/stack/nova/nova/api/metadata/handler.py:84}}
Apr 27 08:15:45.492685 np0000170431 devstack@n-api-meta.service[109326]: [pid: 109326|app: 0|req: 3/9] 199.204.45.4 () {40 vars in 697 bytes} [Mon Apr 27 08:15:45 2026] GET /latest/meta-data/block-device-mapping/ => generated 8 bytes in 4 msecs (HTTP/1.1 200) 3 headers in 98 bytes (1 switches on core 0)
Apr 27 08:15:45.500275 np0000170431 devstack@n-api-meta.service[109327]: DEBUG nova.api.metadata.handler [None req-6f14062d-414c-4301-b76f-fa690f46b283 None None] Metadata request headers: {'Host': '199.204.45.4:8775', 'User-Agent': 'python-requests/2.33.1', 'Accept-Encoding': 'gzip, deflate', 'Accept': '*/*', 'Connection': 'keep-alive', 'X-Forwarded-For': '192.168.24.144', 'X-Instance-Id': 'a77c7751-61f2-460e-b50c-3cf8b2cda4a9', 'X-Tenant-Id': '832df775a0ab40348290b872c17c79b1', 'X-Instance-Id-Signature': '1e4bb4964c27f62c19766f09d4101ca1dffe5bc48b208d1bc82b1d9e10283bf0'} {{(pid=109327) __call__ /opt/stack/nova/nova/api/metadata/handler.py:109}}
Apr 27 08:15:45.503431 np0000170431 devstack@n-api-meta.service[109327]: DEBUG nova.api.metadata.handler [None req-6f14062d-414c-4301-b76f-fa690f46b283 None None] Using cached metadata for instance a77c7751-61f2-460e-b50c-3cf8b2cda4a9 {{(pid=109327) get_metadata_by_instance_id /opt/stack/nova/nova/api/metadata/handler.py:84}}
Apr 27 08:15:45.504198 np0000170431 devstack@n-api-meta.service[109327]: [pid: 109327|app: 0|req: 3/10] 199.204.45.4 () {40 vars in 701 bytes} [Mon Apr 27 08:15:45 2026] GET /latest/meta-data/block-device-mapping/ami => generated 3 bytes in 4 msecs (HTTP/1.1 200) 3 headers in 98 bytes (1 switches on core 0)
Apr 27 08:15:45.512592 np0000170431 devstack@n-api-meta.service[109329]: DEBUG nova.api.metadata.handler [None req-a6a10b42-66b2-41bd-bdcd-cb7b380aef7f None None] Metadata request headers: {'Host': '199.204.45.4:8775', 'User-Agent': 'python-requests/2.33.1', 'Accept-Encoding': 'gzip, deflate', 'Accept': '*/*', 'Connection': 'keep-alive', 'X-Forwarded-For': '192.168.24.144', 'X-Instance-Id': 'a77c7751-61f2-460e-b50c-3cf8b2cda4a9', 'X-Tenant-Id': '832df775a0ab40348290b872c17c79b1', 'X-Instance-Id-Signature': '1e4bb4964c27f62c19766f09d4101ca1dffe5bc48b208d1bc82b1d9e10283bf0'} {{(pid=109329) __call__ /opt/stack/nova/nova/api/metadata/handler.py:109}}
Apr 27 08:15:45.515136 np0000170431 devstack@n-api-meta.service[109329]: DEBUG nova.api.metadata.handler [None req-a6a10b42-66b2-41bd-bdcd-cb7b380aef7f None None] Using cached metadata for instance a77c7751-61f2-460e-b50c-3cf8b2cda4a9 {{(pid=109329) get_metadata_by_instance_id /opt/stack/nova/nova/api/metadata/handler.py:84}}
Apr 27 08:15:45.515747 np0000170431 devstack@n-api-meta.service[109329]: [pid: 109329|app: 0|req: 3/11] 199.204.45.4 () {40 vars in 704 bytes} [Mon Apr 27 08:15:45 2026] GET /latest/meta-data/block-device-mapping/root => generated 8 bytes in 3 msecs (HTTP/1.1 200) 3 headers in 98 bytes (1 switches on core 0)
Apr 27 08:15:45.521478 np0000170431 devstack@n-api-meta.service[109328]: DEBUG nova.api.metadata.handler [None req-e49bbf99-7dbb-4d66-a4bd-d22087dcaded None None] Metadata request headers: {'Host': '199.204.45.4:8775', 'User-Agent': 'python-requests/2.33.1', 'Accept-Encoding': 'gzip, deflate', 'Accept': '*/*', 'Connection': 'keep-alive', 'X-Forwarded-For': '192.168.24.144', 'X-Instance-Id': 'a77c7751-61f2-460e-b50c-3cf8b2cda4a9', 'X-Tenant-Id': '832df775a0ab40348290b872c17c79b1', 'X-Instance-Id-Signature': '1e4bb4964c27f62c19766f09d4101ca1dffe5bc48b208d1bc82b1d9e10283bf0'} {{(pid=109328) __call__ /opt/stack/nova/nova/api/metadata/handler.py:109}}
Apr 27 08:15:45.523351 np0000170431 devstack@n-api-meta.service[109328]: DEBUG nova.api.metadata.handler [None req-e49bbf99-7dbb-4d66-a4bd-d22087dcaded None None] Using cached metadata for instance a77c7751-61f2-460e-b50c-3cf8b2cda4a9 {{(pid=109328) get_metadata_by_instance_id /opt/stack/nova/nova/api/metadata/handler.py:84}}
Apr 27 08:15:45.523847 np0000170431 devstack@n-api-meta.service[109328]: [pid: 109328|app: 0|req: 3/12] 199.204.45.4 () {40 vars in 674 bytes} [Mon Apr 27 08:15:45 2026] GET /latest/meta-data/placement/ => generated 17 bytes in 3 msecs (HTTP/1.1 200) 3 headers in 99 bytes (1 switches on core 0)
Apr 27 08:15:45.530582 np0000170431 devstack@n-api-meta.service[109326]: DEBUG nova.api.metadata.handler [None req-0bd42870-42ab-49b1-9b60-8b4629593cdd None None] Metadata request headers: {'Host': '199.204.45.4:8775', 'User-Agent': 'python-requests/2.33.1', 'Accept-Encoding': 'gzip, deflate', 'Accept': '*/*', 'Connection': 'keep-alive', 'X-Forwarded-For': '192.168.24.144', 'X-Instance-Id': 'a77c7751-61f2-460e-b50c-3cf8b2cda4a9', 'X-Tenant-Id': '832df775a0ab40348290b872c17c79b1', 'X-Instance-Id-Signature': '1e4bb4964c27f62c19766f09d4101ca1dffe5bc48b208d1bc82b1d9e10283bf0'} {{(pid=109326) __call__ /opt/stack/nova/nova/api/metadata/handler.py:109}}
Apr 27 08:15:45.533483 np0000170431 devstack@n-api-meta.service[109326]: DEBUG nova.api.metadata.handler [None req-0bd42870-42ab-49b1-9b60-8b4629593cdd None None] Using cached metadata for instance a77c7751-61f2-460e-b50c-3cf8b2cda4a9 {{(pid=109326) get_metadata_by_instance_id /opt/stack/nova/nova/api/metadata/handler.py:84}}
Apr 27 08:15:45.534163 np0000170431 devstack@n-api-meta.service[109326]: [pid: 109326|app: 0|req: 4/13] 199.204.45.4 () {40 vars in 708 bytes} [Mon Apr 27 08:15:45 2026] GET /latest/meta-data/placement/availability-zone => generated 4 bytes in 4 msecs (HTTP/1.1 200) 3 headers in 98 bytes (1 switches on core 0)
Apr 27 08:15:45.542078 np0000170431 devstack@n-api-meta.service[109327]: DEBUG nova.api.metadata.handler [None req-6f14062d-414c-4301-b76f-fa690f46b283 None None] Metadata request headers: {'Host': '199.204.45.4:8775', 'User-Agent': 'python-requests/2.33.1', 'Accept-Encoding': 'gzip, deflate', 'Accept': '*/*', 'Connection': 'keep-alive', 'X-Forwarded-For': '192.168.24.144', 'X-Instance-Id': 'a77c7751-61f2-460e-b50c-3cf8b2cda4a9', 'X-Tenant-Id': '832df775a0ab40348290b872c17c79b1', 'X-Instance-Id-Signature': '1e4bb4964c27f62c19766f09d4101ca1dffe5bc48b208d1bc82b1d9e10283bf0'} {{(pid=109327) __call__ /opt/stack/nova/nova/api/metadata/handler.py:109}}
Apr 27 08:15:45.544482 np0000170431 devstack@n-api-meta.service[109327]: DEBUG nova.api.metadata.handler [None req-6f14062d-414c-4301-b76f-fa690f46b283 None None] Using cached metadata for instance a77c7751-61f2-460e-b50c-3cf8b2cda4a9 {{(pid=109327) get_metadata_by_instance_id /opt/stack/nova/nova/api/metadata/handler.py:84}}
Apr 27 08:15:45.545086 np0000170431 devstack@n-api-meta.service[109327]: [pid: 109327|app: 0|req: 4/14] 199.204.45.4 () {40 vars in 666 bytes} [Mon Apr 27 08:15:45 2026] GET /latest/meta-data/ami-id => generated 12 bytes in 3 msecs (HTTP/1.1 200) 3 headers in 99 bytes (1 switches on core 0)
Apr 27 08:15:45.552216 np0000170431 devstack@n-api-meta.service[109329]: DEBUG nova.api.metadata.handler [None req-a6a10b42-66b2-41bd-bdcd-cb7b380aef7f None None] Metadata request headers: {'Host': '199.204.45.4:8775', 'User-Agent': 'python-requests/2.33.1', 'Accept-Encoding': 'gzip, deflate', 'Accept': '*/*', 'Connection': 'keep-alive', 'X-Forwarded-For': '192.168.24.144', 'X-Instance-Id': 'a77c7751-61f2-460e-b50c-3cf8b2cda4a9', 'X-Tenant-Id': '832df775a0ab40348290b872c17c79b1', 'X-Instance-Id-Signature': '1e4bb4964c27f62c19766f09d4101ca1dffe5bc48b208d1bc82b1d9e10283bf0'} {{(pid=109329) __call__ /opt/stack/nova/nova/api/metadata/handler.py:109}}
Apr 27 08:15:45.554851 np0000170431 devstack@n-api-meta.service[109329]: DEBUG nova.api.metadata.handler [None req-a6a10b42-66b2-41bd-bdcd-cb7b380aef7f None None] Using cached metadata for instance a77c7751-61f2-460e-b50c-3cf8b2cda4a9 {{(pid=109329) get_metadata_by_instance_id /opt/stack/nova/nova/api/metadata/handler.py:84}}
Apr 27 08:15:45.555432 np0000170431 devstack@n-api-meta.service[109329]: [pid: 109329|app: 0|req: 4/15] 199.204.45.4 () {40 vars in 687 bytes} [Mon Apr 27 08:15:45 2026] GET /latest/meta-data/ami-launch-index => generated 1 bytes in 4 msecs (HTTP/1.1 200) 3 headers in 98 bytes (1 switches on core 0)
Apr 27 08:15:45.563912 np0000170431 devstack@n-api-meta.service[109328]: DEBUG nova.api.metadata.handler [None req-e49bbf99-7dbb-4d66-a4bd-d22087dcaded None None] Metadata request headers: {'Host': '199.204.45.4:8775', 'User-Agent': 'python-requests/2.33.1', 'Accept-Encoding': 'gzip, deflate', 'Accept': '*/*', 'Connection': 'keep-alive', 'X-Forwarded-For': '192.168.24.144', 'X-Instance-Id': 'a77c7751-61f2-460e-b50c-3cf8b2cda4a9', 'X-Tenant-Id': '832df775a0ab40348290b872c17c79b1', 'X-Instance-Id-Signature': '1e4bb4964c27f62c19766f09d4101ca1dffe5bc48b208d1bc82b1d9e10283bf0'} {{(pid=109328) __call__ /opt/stack/nova/nova/api/metadata/handler.py:109}}
Apr 27 08:15:45.566801 np0000170431 devstack@n-api-meta.service[109328]: DEBUG nova.api.metadata.handler [None req-e49bbf99-7dbb-4d66-a4bd-d22087dcaded None None] Using cached metadata for instance a77c7751-61f2-460e-b50c-3cf8b2cda4a9 {{(pid=109328) get_metadata_by_instance_id /opt/stack/nova/nova/api/metadata/handler.py:84}}
Apr 27 08:15:45.567537 np0000170431 devstack@n-api-meta.service[109328]: [pid: 109328|app: 0|req: 4/16] 199.204.45.4 () {40 vars in 689 bytes} [Mon Apr 27 08:15:45 2026] GET /latest/meta-data/ami-manifest-path => generated 5 bytes in 4 msecs (HTTP/1.1 200) 3 headers in 98 bytes (1 switches on core 0)
Apr 27 08:15:45.576766 np0000170431 devstack@n-api-meta.service[109326]: DEBUG nova.api.metadata.handler [None req-0bd42870-42ab-49b1-9b60-8b4629593cdd None None] Metadata request headers: {'Host': '199.204.45.4:8775', 'User-Agent': 'python-requests/2.33.1', 'Accept-Encoding': 'gzip, deflate', 'Accept': '*/*', 'Connection': 'keep-alive', 'X-Forwarded-For': '192.168.24.144', 'X-Instance-Id': 'a77c7751-61f2-460e-b50c-3cf8b2cda4a9', 'X-Tenant-Id': '832df775a0ab40348290b872c17c79b1', 'X-Instance-Id-Signature': '1e4bb4964c27f62c19766f09d4101ca1dffe5bc48b208d1bc82b1d9e10283bf0'} {{(pid=109326) __call__ /opt/stack/nova/nova/api/metadata/handler.py:109}}
Apr 27 08:15:45.579084 np0000170431 devstack@n-api-meta.service[109326]: DEBUG nova.api.metadata.handler [None req-0bd42870-42ab-49b1-9b60-8b4629593cdd None None] Using cached metadata for instance a77c7751-61f2-460e-b50c-3cf8b2cda4a9 {{(pid=109326) get_metadata_by_instance_id /opt/stack/nova/nova/api/metadata/handler.py:84}}
Apr 27 08:15:45.579710 np0000170431 devstack@n-api-meta.service[109326]: [pid: 109326|app: 0|req: 5/17] 199.204.45.4 () {40 vars in 671 bytes} [Mon Apr 27 08:15:45 2026] GET /latest/meta-data/hostname => generated 32 bytes in 3 msecs (HTTP/1.1 200) 3 headers in 99 bytes (1 switches on core 0)
Apr 27 08:15:45.586864 np0000170431 devstack@n-api-meta.service[109327]: DEBUG nova.api.metadata.handler [None req-6f14062d-414c-4301-b76f-fa690f46b283 None None] Metadata request headers: {'Host': '199.204.45.4:8775', 'User-Agent': 'python-requests/2.33.1', 'Accept-Encoding': 'gzip, deflate', 'Accept': '*/*', 'Connection': 'keep-alive', 'X-Forwarded-For': '192.168.24.144', 'X-Instance-Id': 'a77c7751-61f2-460e-b50c-3cf8b2cda4a9', 'X-Tenant-Id': '832df775a0ab40348290b872c17c79b1', 'X-Instance-Id-Signature': '1e4bb4964c27f62c19766f09d4101ca1dffe5bc48b208d1bc82b1d9e10283bf0'} {{(pid=109327) __call__ /opt/stack/nova/nova/api/metadata/handler.py:109}}
Apr 27 08:15:45.589529 np0000170431 devstack@n-api-meta.service[109327]: DEBUG nova.api.metadata.handler [None req-6f14062d-414c-4301-b76f-fa690f46b283 None None] Using cached metadata for instance a77c7751-61f2-460e-b50c-3cf8b2cda4a9 {{(pid=109327) get_metadata_by_instance_id /opt/stack/nova/nova/api/metadata/handler.py:84}}
Apr 27 08:15:45.590182 np0000170431 devstack@n-api-meta.service[109327]: [pid: 109327|app: 0|req: 5/18] 199.204.45.4 () {40 vars in 685 bytes} [Mon Apr 27 08:15:45 2026] GET /latest/meta-data/instance-action => generated 4 bytes in 4 msecs (HTTP/1.1 200) 3 headers in 98 bytes (1 switches on core 0)
Apr 27 08:15:45.597093 np0000170431 devstack@n-api-meta.service[109329]: DEBUG nova.api.metadata.handler [None req-a6a10b42-66b2-41bd-bdcd-cb7b380aef7f None None] Metadata request headers: {'Host': '199.204.45.4:8775', 'User-Agent': 'python-requests/2.33.1', 'Accept-Encoding': 'gzip, deflate', 'Accept': '*/*', 'Connection': 'keep-alive', 'X-Forwarded-For': '192.168.24.144', 'X-Instance-Id': 'a77c7751-61f2-460e-b50c-3cf8b2cda4a9', 'X-Tenant-Id': '832df775a0ab40348290b872c17c79b1', 'X-Instance-Id-Signature': '1e4bb4964c27f62c19766f09d4101ca1dffe5bc48b208d1bc82b1d9e10283bf0'} {{(pid=109329) __call__ /opt/stack/nova/nova/api/metadata/handler.py:109}}
Apr 27 08:15:45.599521 np0000170431 devstack@n-api-meta.service[109329]: DEBUG nova.api.metadata.handler [None req-a6a10b42-66b2-41bd-bdcd-cb7b380aef7f None None] Using cached metadata for instance a77c7751-61f2-460e-b50c-3cf8b2cda4a9 {{(pid=109329) get_metadata_by_instance_id /opt/stack/nova/nova/api/metadata/handler.py:84}}
Apr 27 08:15:45.600127 np0000170431 devstack@n-api-meta.service[109329]: [pid: 109329|app: 0|req: 5/19] 199.204.45.4 () {40 vars in 677 bytes} [Mon Apr 27 08:15:45 2026] GET /latest/meta-data/instance-id => generated 10 bytes in 3 msecs (HTTP/1.1 200) 3 headers in 99 bytes (1 switches on core 0)
Apr 27 08:15:45.607166 np0000170431 devstack@n-api-meta.service[109328]: DEBUG nova.api.metadata.handler [None req-e49bbf99-7dbb-4d66-a4bd-d22087dcaded None None] Metadata request headers: {'Host': '199.204.45.4:8775', 'User-Agent': 'python-requests/2.33.1', 'Accept-Encoding': 'gzip, deflate', 'Accept': '*/*', 'Connection': 'keep-alive', 'X-Forwarded-For': '192.168.24.144', 'X-Instance-Id': 'a77c7751-61f2-460e-b50c-3cf8b2cda4a9', 'X-Tenant-Id': '832df775a0ab40348290b872c17c79b1', 'X-Instance-Id-Signature': '1e4bb4964c27f62c19766f09d4101ca1dffe5bc48b208d1bc82b1d9e10283bf0'} {{(pid=109328) __call__ /opt/stack/nova/nova/api/metadata/handler.py:109}}
