+ COMMAND=start + start + for KEYSTONE_WSGI_SCRIPT in keystone-wsgi-public ++ type -p keystone-wsgi-public + cp -a /var/lib/openstack/bin/keystone-wsgi-public /var/www/cgi-bin/keystone/ + '[' -f /etc/apache2/envvars ']' + source /etc/apache2/envvars ++ unset HOME ++ '[' '' '!=' '' ']' ++ SUFFIX= ++ export APACHE_RUN_USER=www-data ++ APACHE_RUN_USER=www-data ++ export APACHE_RUN_GROUP=www-data ++ APACHE_RUN_GROUP=www-data ++ export APACHE_PID_FILE=/var/run/apache2/apache2.pid ++ APACHE_PID_FILE=/var/run/apache2/apache2.pid ++ export APACHE_RUN_DIR=/var/run/apache2 ++ APACHE_RUN_DIR=/var/run/apache2 ++ export APACHE_LOCK_DIR=/var/lock/apache2 ++ APACHE_LOCK_DIR=/var/lock/apache2 ++ export APACHE_LOG_DIR=/var/log/apache2 ++ APACHE_LOG_DIR=/var/log/apache2 ++ export LANG=C ++ LANG=C ++ export LANG + '[' -f /var/run/apache2/apache2.pid ']' + exec apache2 -DFOREGROUND AH00558: apache2: Could not reliably determine the server's fully qualified domain name, using 10.0.0.4. Set the 'ServerName' directive globally to suppress this message AH00558: apache2: Could not reliably determine the server's fully qualified domain name, using 10.0.0.4. Set the 'ServerName' directive globally to suppress this message
[Wed Aug 19 20:37:01.836860 2026] [mpm_event:notice] [pid 1:tid 139734396155776] AH00489: Apache/2.4.58 (Ubuntu) mod_wsgi/5.0.0 Python/3.12 configured -- resuming normal operations
[Wed Aug 19 20:37:01.837230 2026] [core:notice] [pid 1:tid 139734396155776] AH00094: Command line: 'apache2 -D FOREGROUND'
[Wed Aug 19 20:38:00.552309 2026] [wsgi:error] [pid 10:tid 139733759383232] /var/lib/openstack/lib/python3.12/site-packages/oslo_utils/importutils.py:77: EventletDeprecationWarning:
[Wed Aug 19 20:38:00.552375 2026] [wsgi:error] [pid 10:tid 139733759383232] Eventlet is deprecated. It is currently being maintained in bugfix mode, and
[Wed Aug 19 20:38:00.552377 2026] [wsgi:error] [pid 10:tid 139733759383232] we strongly recommend against using it for new projects.
[Wed Aug 19 20:38:00.552378 2026] [wsgi:error] [pid 10:tid 139733759383232]
[Wed Aug 19 20:38:00.552379 2026] [wsgi:error] [pid 10:tid 139733759383232] If you are already using Eventlet, we recommend migrating to a different
[Wed Aug 19 20:38:00.552380 2026] [wsgi:error] [pid 10:tid 139733759383232] framework. For more detail see
[Wed Aug 19 20:38:00.552381 2026] [wsgi:error] [pid 10:tid 139733759383232] https://eventlet.readthedocs.io/en/latest/asyncio/migration.html
[Wed Aug 19 20:38:00.552382 2026] [wsgi:error] [pid 10:tid 139733759383232]
[Wed Aug 19 20:38:00.552383 2026] [wsgi:error] [pid 10:tid 139733759383232] __import__(import_str)
[Wed Aug 19 20:38:00.554239 2026] [wsgi:error] [pid 12:tid 139733759383232] /var/lib/openstack/lib/python3.12/site-packages/oslo_utils/importutils.py:77: EventletDeprecationWarning:
[Wed Aug 19 20:38:00.554298 2026] [wsgi:error] [pid 12:tid 139733759383232] Eventlet is deprecated. It is currently being maintained in bugfix mode, and
[Wed Aug 19 20:38:00.554301 2026] [wsgi:error] [pid 12:tid 139733759383232] we strongly recommend against using it for new projects.
[Wed Aug 19 20:38:00.554302 2026] [wsgi:error] [pid 12:tid 139733759383232]
[Wed Aug 19 20:38:00.554304 2026] [wsgi:error] [pid 12:tid 139733759383232] If you are already using Eventlet, we recommend migrating to a different
[Wed Aug 19 20:38:00.554305 2026] [wsgi:error] [pid 12:tid 139733759383232] framework. For more detail see
[Wed Aug 19 20:38:00.554306 2026] [wsgi:error] [pid 12:tid 139733759383232] https://eventlet.readthedocs.io/en/latest/asyncio/migration.html
[Wed Aug 19 20:38:00.554308 2026] [wsgi:error] [pid 12:tid 139733759383232]
[Wed Aug 19 20:38:00.554309 2026] [wsgi:error] [pid 12:tid 139733759383232] __import__(import_str) 10.0.0.116 - - [19/Aug/2026:20:37:59 +0000] "GET /v3/ HTTP/1.1" 200 248 10.0.0.116 - - [19/Aug/2026:20:37:59 +0000] "GET /v3/ HTTP/1.1" 200 248
[Wed Aug 19 20:38:13.943295 2026] [wsgi:error] [pid 11:tid 139733759383232] /var/lib/openstack/lib/python3.12/site-packages/oslo_utils/importutils.py:77: EventletDeprecationWarning:
[Wed Aug 19 20:38:13.943342 2026] [wsgi:error] [pid 11:tid 139733759383232] Eventlet is deprecated. It is currently being maintained in bugfix mode, and
[Wed Aug 19 20:38:13.943344 2026] [wsgi:error] [pid 11:tid 139733759383232] we strongly recommend against using it for new projects.
[Wed Aug 19 20:38:13.943345 2026] [wsgi:error] [pid 11:tid 139733759383232]
[Wed Aug 19 20:38:13.943347 2026] [wsgi:error] [pid 11:tid 139733759383232] If you are already using Eventlet, we recommend migrating to a different
[Wed Aug 19 20:38:13.943348 2026] [wsgi:error] [pid 11:tid 139733759383232] framework. For more detail see
[Wed Aug 19 20:38:13.943349 2026] [wsgi:error] [pid 11:tid 139733759383232] https://eventlet.readthedocs.io/en/latest/asyncio/migration.html
[Wed Aug 19 20:38:13.943350 2026] [wsgi:error] [pid 11:tid 139733759383232]
[Wed Aug 19 20:38:13.943351 2026] [wsgi:error] [pid 11:tid 139733759383232] __import__(import_str) 10.0.0.22 - - [19/Aug/2026:20:38:13 +0000] "GET / HTTP/1.1" 300 295
[Wed Aug 19 20:38:19.288226 2026] [wsgi:error] [pid 9:tid 139733759383232] /var/lib/openstack/lib/python3.12/site-packages/oslo_utils/importutils.py:77: EventletDeprecationWarning:
[Wed Aug 19 20:38:19.288340 2026] [wsgi:error] [pid 9:tid 139733759383232] Eventlet is deprecated. It is currently being maintained in bugfix mode, and
[Wed Aug 19 20:38:19.288353 2026] [wsgi:error] [pid 9:tid 139733759383232] we strongly recommend against using it for new projects.
[Wed Aug 19 20:38:19.288364 2026] [wsgi:error] [pid 9:tid 139733759383232]
[Wed Aug 19 20:38:19.288376 2026] [wsgi:error] [pid 9:tid 139733759383232] If you are already using Eventlet, we recommend migrating to a different
[Wed Aug 19 20:38:19.288386 2026] [wsgi:error] [pid 9:tid 139733759383232] framework. For more detail see
[Wed Aug 19 20:38:19.288396 2026] [wsgi:error] [pid 9:tid 139733759383232] https://eventlet.readthedocs.io/en/latest/asyncio/migration.html
[Wed Aug 19 20:38:19.288406 2026] [wsgi:error] [pid 9:tid 139733759383232]
[Wed Aug 19 20:38:19.288419 2026] [wsgi:error] [pid 9:tid 139733759383232] __import__(import_str)
[Wed Aug 19 20:38:24.056606 2026] [wsgi:error] [pid 9:tid 139733759383232] [remote 10.0.0.22:41490] 2026-08-19 20:38:24.053 9 WARNING keystone.identity.core [None req-23a9d2c8-e2ca-4c5f-b0d7-3635f8f10450 - - - - - -] Invalid domain name (atmosphere) found in config file name: keystone.exception.DomainNotFound: Could not find domain: atmosphere.
[Wed Aug 19 20:38:24.119327 2026] [wsgi:error] [pid 9:tid 139733759383232] [remote 10.0.0.22:41490] 2026-08-19 20:38:24.118 9 WARNING keystone.common.password_hashing [None req-23a9d2c8-e2ca-4c5f-b0d7-3635f8f10450 - - - - - -] Truncating password to algorithm specific maximum length 72 characters.
[Wed Aug 19 20:38:24.408475 2026] [wsgi:error] [pid 9:tid 139733759383232] [remote 10.0.0.22:41490] 2026-08-19 20:38:24.408 9 WARNING keystone.common.fernet_utils [None req-23a9d2c8-e2ca-4c5f-b0d7-3635f8f10450 - - - - - -] key_repository is world readable: /etc/keystone/fernet-keys/ 10.0.0.22 - - [19/Aug/2026:20:38:18 +0000] "POST /v3/auth/tokens HTTP/1.1" 201 1360
[Wed Aug 19 20:38:24.775065 2026] [wsgi:error] [pid 12:tid 139733759383232] [remote 10.0.0.22:41490] 2026-08-19 20:38:24.772 12 WARNING keystone.identity.core [None req-8026e51d-64ab-46ac-a8a7-72a89e09d44b - - - - - -] Invalid domain name (atmosphere) found in config file name: keystone.exception.DomainNotFound: Could not find domain: atmosphere. 10.0.0.22 - - [19/Aug/2026:20:38:24 +0000] "POST /v3/domains HTTP/1.1" 201 261 10.0.0.106 - - [19/Aug/2026:20:38:36 +0000] "GET / HTTP/1.1" 300 295
[Wed Aug 19 20:38:36.723048 2026] [wsgi:error] [pid 11:tid 139733759383232] [remote 10.0.0.106:53518] 2026-08-19 20:38:36.722 11 WARNING keystone.common.password_hashing [None req-c93586cb-7026-4efb-9e51-4ccd2e90f98c - - - - - -] Truncating password to algorithm specific maximum length 72 characters.
[Wed Aug 19 20:38:37.018791 2026] [wsgi:error] [pid 11:tid 139733759383232] [remote 10.0.0.106:53518] 2026-08-19 20:38:37.018 11 WARNING keystone.common.fernet_utils [None req-c93586cb-7026-4efb-9e51-4ccd2e90f98c - - - - - -] key_repository is world readable: /etc/keystone/fernet-keys/ 10.0.0.106 - - [19/Aug/2026:20:38:36 +0000] "POST /v3/auth/tokens HTTP/1.1" 201 1360 10.0.0.106 - - [19/Aug/2026:20:38:37 +0000] "GET /v3/roles/admin HTTP/1.1" 404 83
[Wed Aug 19 20:38:37.281748 2026] [wsgi:error] [pid 12:tid 139733759383232] [remote 10.0.0.106:53518] 2026-08-19 20:38:37.281 12 WARNING keystone.common.rbac_enforcer.enforcer [None req-3691502d-ed57-41a2-878f-225c977c3ace b940fc682ced4da6859bbac434ee40ad 03f45781dd2e4f9285667f774fc70f4c - - default default] Deprecated policy rules found. Use oslopolicy-policy-generator and oslopolicy-policy-upgrade to detect and resolve deprecated policies in your configuration. 10.0.0.106 - - [19/Aug/2026:20:38:37 +0000] "GET /v3/roles?name=admin HTTP/1.1" 200 389
[Wed Aug 19 20:38:37.816485 2026] [wsgi:error] [pid 10:tid 139733759383232] [remote 10.0.0.106:53518] 2026-08-19 20:38:37.816 10 WARNING keystone.common.rbac_enforcer.enforcer [None req-bec3b483-d6bb-4fc4-ad68-e1c4bd4059f1 b940fc682ced4da6859bbac434ee40ad 03f45781dd2e4f9285667f774fc70f4c - - default default] Deprecated policy rules found. Use oslopolicy-policy-generator and oslopolicy-policy-upgrade to detect and resolve deprecated policies in your configuration. 10.0.0.106 - - [19/Aug/2026:20:38:37 +0000] "GET /v3/users/admin-RegionOne HTTP/1.1" 404 93
[Wed Aug 19 20:38:37.966490 2026] [wsgi:error] [pid 11:tid 139733759383232] [remote 10.0.0.106:53518] 2026-08-19 20:38:37.966 11 WARNING keystone.common.rbac_enforcer.enforcer [None req-5c2f3f51-de42-453b-8ffa-33495cf5ca85 b940fc682ced4da6859bbac434ee40ad 03f45781dd2e4f9285667f774fc70f4c - - default default] Deprecated policy rules found. Use oslopolicy-policy-generator and oslopolicy-policy-upgrade to detect and resolve deprecated policies in your configuration. 10.0.0.106 - - [19/Aug/2026:20:38:37 +0000] "GET /v3/users?name=admin-RegionOne HTTP/1.1" 200 422
[Wed Aug 19 20:38:38.135253 2026] [wsgi:error] [pid 9:tid 139733759383232] [remote 10.0.0.106:53518] 2026-08-19 20:38:38.135 9 WARNING keystone.common.rbac_enforcer.enforcer [None req-5f107d95-7ded-46a2-9d91-19ae7118c22d b940fc682ced4da6859bbac434ee40ad 03f45781dd2e4f9285667f774fc70f4c - - default default] Deprecated policy rules found. Use oslopolicy-policy-generator and oslopolicy-policy-upgrade to detect and resolve deprecated policies in your configuration. 10.0.0.106 - - [19/Aug/2026:20:38:38 +0000] "GET /v3/domains/default HTTP/1.1" 200 224 10.0.0.106 - - [19/Aug/2026:20:38:38 +0000] "PUT /v3/domains/default/users/b940fc682ced4da6859bbac434ee40ad/roles/78c0d8ae367d4f9eb4f88590318a9213 HTTP/1.1" 204 - 10.0.0.116 - - [19/Aug/2026:20:38:48 +0000] "GET / HTTP/1.1" 300 281 10.0.0.116 - - [19/Aug/2026:20:38:50 +0000] "GET /v3 HTTP/1.1" 200 266
[Wed Aug 19 20:38:50.217360 2026] [wsgi:error] [pid 9:tid 139733759383232] [remote 10.0.0.116:40952] 2026-08-19 20:38:50.217 9 WARNING keystone.common.password_hashing [None req-ce08da36-753b-46d3-bf4f-a1b75bf8b456 - - - - - -] Truncating password to algorithm specific maximum length 72 characters.
[Wed Aug 19 20:38:50.514131 2026] [wsgi:error] [pid 9:tid 139733759383232] [remote 10.0.0.116:40952] 2026-08-19 20:38:50.513 9 WARNING keystone.common.fernet_utils [None req-ce08da36-753b-46d3-bf4f-a1b75bf8b456 - - - - - -] key_repository is world readable: /etc/keystone/fernet-keys/ 10.0.0.116 - - [19/Aug/2026:20:38:50 +0000] "POST /v3/auth/tokens HTTP/1.1" 201 1360 10.0.0.116 - - [19/Aug/2026:20:38:50 +0000] "GET / HTTP/1.1" 300 281 10.0.0.116 - - [19/Aug/2026:20:38:50 +0000] "GET /v3/domains/atmosphere HTTP/1.1" 404 90 10.0.0.116 - - [19/Aug/2026:20:38:50 +0000] "GET /v3/domains?name=atmosphere HTTP/1.1" 200 370 10.0.0.116 - - [19/Aug/2026:20:38:50 +0000] "GET /v3/domains/8d86319b01b44d42af7e56713ec2915e HTTP/1.1" 200 247 10.0.0.116 - - [19/Aug/2026:20:38:51 +0000] "GET /v3 HTTP/1.1" 200 266
[Wed Aug 19 20:38:51.686389 2026] [wsgi:error] [pid 10:tid 139733759383232] [remote 10.0.0.116:40962] 2026-08-19 20:38:51.685 10 WARNING keystone.common.password_hashing [None req-58b72097-a248-4013-b5c5-5a11a49c90db - - - - - -] Truncating password to algorithm specific maximum length 72 characters.
[Wed Aug 19 20:38:51.963799 2026] [wsgi:error] [pid 10:tid 139733759383232] [remote 10.0.0.116:40962] 2026-08-19 20:38:51.963 10 WARNING keystone.common.fernet_utils [None req-58b72097-a248-4013-b5c5-5a11a49c90db - - - - - -] key_repository is world readable: /etc/keystone/fernet-keys/ 10.0.0.116 - - [19/Aug/2026:20:38:51 +0000] "POST /v3/auth/tokens HTTP/1.1" 201 1360 10.0.0.116 - - [19/Aug/2026:20:38:51 +0000] "GET / HTTP/1.1" 300 281 10.0.0.116 - - [19/Aug/2026:20:38:51 +0000] "GET /v3/OS-FEDERATION/identity_providers/atmosphere HTTP/1.1" 404 101 10.0.0.116 - - [19/Aug/2026:20:38:52 +0000] "GET /v3/OS-FEDERATION/identity_providers HTTP/1.1" 200 156 10.0.0.116 - - [19/Aug/2026:20:38:52 +0000] "PUT /v3/OS-FEDERATION/identity_providers/atmosphere HTTP/1.1" 201 342 10.0.0.116 - - [19/Aug/2026:20:38:52 +0000] "GET /v3 HTTP/1.1" 200 266
[Wed Aug 19 20:38:52.836300 2026] [wsgi:error] [pid 9:tid 139733759383232] [remote 10.0.0.116:40962] 2026-08-19 20:38:52.836 9 WARNING keystone.common.password_hashing [None req-df09cc92-b42f-44f8-9e15-372613e0f2f8 - - - - - -] Truncating password to algorithm specific maximum length 72 characters.
[Wed Aug 19 20:38:53.114955 2026] [wsgi:error] [pid 9:tid 139733759383232] [remote 10.0.0.116:40962] 2026-08-19 20:38:53.114 9 WARNING keystone.common.fernet_utils [None req-df09cc92-b42f-44f8-9e15-372613e0f2f8 - - - - - -] key_repository is world readable: /etc/keystone/fernet-keys/ 10.0.0.116 - - [19/Aug/2026:20:38:52 +0000] "POST /v3/auth/tokens HTTP/1.1" 201 1360 10.0.0.116 - - [19/Aug/2026:20:38:53 +0000] "GET / HTTP/1.1" 300 281 10.0.0.116 - - [19/Aug/2026:20:38:53 +0000] "GET /v3/OS-FEDERATION/mappings/atmosphere-openid HTTP/1.1" 404 98 10.0.0.116 - - [19/Aug/2026:20:38:53 +0000] "GET /v3/OS-FEDERATION/mappings HTTP/1.1" 200 136 10.0.0.116 - - [19/Aug/2026:20:38:53 +0000] "PUT /v3/OS-FEDERATION/mappings/atmosphere-openid HTTP/1.1" 201 357 10.0.0.116 - - [19/Aug/2026:20:38:54 +0000] "GET /v3 HTTP/1.1" 200 266
[Wed Aug 19 20:38:54.114913 2026] [wsgi:error] [pid 10:tid 139733759383232] [remote 10.0.0.116:40962] 2026-08-19 20:38:54.114 10 WARNING keystone.common.password_hashing [None req-6157100a-568b-426e-aeb0-a5c119136a28 - - - - - -] Truncating password to algorithm specific maximum length 72 characters.
[Wed Aug 19 20:38:54.400289 2026] [wsgi:error] [pid 10:tid 139733759383232] [remote 10.0.0.116:40962] 2026-08-19 20:38:54.399 10 WARNING keystone.common.fernet_utils [None req-6157100a-568b-426e-aeb0-a5c119136a28 - - - - - -] key_repository is world readable: /etc/keystone/fernet-keys/ 10.0.0.116 - - [19/Aug/2026:20:38:54 +0000] "POST /v3/auth/tokens HTTP/1.1" 201 1360 10.0.0.116 - - [19/Aug/2026:20:38:54 +0000] "GET / HTTP/1.1" 300 281 10.0.0.116 - - [19/Aug/2026:20:38:54 +0000] "GET /v3/OS-FEDERATION/identity_providers/atmosphere/protocols/openid?idp_id=atmosphere HTTP/1.1" 404 131 10.0.0.116 - - [19/Aug/2026:20:38:54 +0000] "GET /v3/OS-FEDERATION/identity_providers/atmosphere/protocols HTTP/1.1" 200 168 10.0.0.116 - - [19/Aug/2026:20:38:54 +0000] "PUT /v3/OS-FEDERATION/identity_providers/atmosphere/protocols/openid HTTP/1.1" 201 224 10.0.0.116 - - [19/Aug/2026:20:38:59 +0000] "GET /v3/ HTTP/1.1" 200 248 10.0.0.116 - - [19/Aug/2026:20:38:59 +0000] "GET /v3/ HTTP/1.1" 200 248 10.0.0.116 - - [19/Aug/2026:20:39:59 +0000] "GET /v3/ HTTP/1.1" 200 248 10.0.0.116 - - [19/Aug/2026:20:39:59 +0000] "GET /v3/ HTTP/1.1" 200 248 10.0.0.53 - - [19/Aug/2026:20:40:19 +0000] "GET / HTTP/1.1" 300 295
[Wed Aug 19 20:40:19.410449 2026] [wsgi:error] [pid 9:tid 139733759383232] [remote 10.0.0.53:47114] 2026-08-19 20:40:19.410 9 WARNING keystone.common.password_hashing [None req-9668fd7e-b696-4c61-840b-fffef748a2d3 - - - - - -] Truncating password to algorithm specific maximum length 72 characters.
[Wed Aug 19 20:40:19.686497 2026] [wsgi:error] [pid 9:tid 139733759383232] [remote 10.0.0.53:47114] 2026-08-19 20:40:19.686 9 WARNING keystone.common.fernet_utils [None req-9668fd7e-b696-4c61-840b-fffef748a2d3 - - - - - -] key_repository is world readable: /etc/keystone/fernet-keys/ 10.0.0.53 - - [19/Aug/2026:20:40:19 +0000] "POST /v3/auth/tokens HTTP/1.1" 201 1360 10.0.0.53 - - [19/Aug/2026:20:40:19 +0000] "GET /v3/services HTTP/1.1" 200 355 10.0.0.53 - - [19/Aug/2026:20:40:23 +0000] "GET / HTTP/1.1" 300 295
[Wed Aug 19 20:40:23.570233 2026] [wsgi:error] [pid 11:tid 139733759383232] [remote 10.0.0.53:50520] 2026-08-19 20:40:23.570 11 WARNING keystone.common.password_hashing [None req-0325d6fd-f23e-499f-b082-73657ed57c6c - - - - - -] Truncating password to algorithm specific maximum length 72 characters.
[Wed Aug 19 20:40:23.842570 2026] [wsgi:error] [pid 11:tid 139733759383232] [remote 10.0.0.53:50520] 2026-08-19 20:40:23.842 11 WARNING keystone.common.fernet_utils [None req-0325d6fd-f23e-499f-b082-73657ed57c6c - - - - - -] key_repository is world readable: /etc/keystone/fernet-keys/ 10.0.0.53 - - [19/Aug/2026:20:40:23 +0000] "POST /v3/auth/tokens HTTP/1.1" 201 1360 10.0.0.53 - - [19/Aug/2026:20:40:23 +0000] "GET /v3/services HTTP/1.1" 200 355 10.0.0.53 - - [19/Aug/2026:20:40:27 +0000] "GET / HTTP/1.1" 300 295
[Wed Aug 19 20:40:27.794638 2026] [wsgi:error] [pid 12:tid 139733759383232] [remote 10.0.0.53:50534] 2026-08-19 20:40:27.794 12 WARNING keystone.common.password_hashing [None req-496aff66-b723-4576-8ce9-4723577de2f1 - - - - - -] Truncating password to algorithm specific maximum length 72 characters.
[Wed Aug 19 20:40:28.068634 2026] [wsgi:error] [pid 12:tid 139733759383232] [remote 10.0.0.53:50534] 2026-08-19 20:40:28.068 12 WARNING keystone.common.fernet_utils [None req-496aff66-b723-4576-8ce9-4723577de2f1 - - - - - -] key_repository is world readable: /etc/keystone/fernet-keys/ 10.0.0.53 - - [19/Aug/2026:20:40:27 +0000] "POST /v3/auth/tokens HTTP/1.1" 201 1360 10.0.0.53 - - [19/Aug/2026:20:40:28 +0000] "GET /v3/services HTTP/1.1" 200 355 10.0.0.53 - - [19/Aug/2026:20:40:32 +0000] "GET / HTTP/1.1" 300 295
[Wed Aug 19 20:40:32.106542 2026] [wsgi:error] [pid 10:tid 139733759383232] [remote 10.0.0.53:50542] 2026-08-19 20:40:32.106 10 WARNING keystone.common.password_hashing [None req-7839e0af-1272-4796-a7d9-7ef44c813fc7 - - - - - -] Truncating password to algorithm specific maximum length 72 characters.
[Wed Aug 19 20:40:32.383856 2026] [wsgi:error] [pid 10:tid 139733759383232] [remote 10.0.0.53:50542] 2026-08-19 20:40:32.383 10 WARNING keystone.common.fernet_utils [None req-7839e0af-1272-4796-a7d9-7ef44c813fc7 - - - - - -] key_repository is world readable: /etc/keystone/fernet-keys/ 10.0.0.53 - - [19/Aug/2026:20:40:32 +0000] "POST /v3/auth/tokens HTTP/1.1" 201 1360 10.0.0.53 - - [19/Aug/2026:20:40:32 +0000] "POST /v3/services HTTP/1.1" 201 296 10.0.0.42 - - [19/Aug/2026:20:40:43 +0000] "GET / HTTP/1.1" 300 295
[Wed Aug 19 20:40:43.640148 2026] [wsgi:error] [pid 9:tid 139733759383232] [remote 10.0.0.42:50822] 2026-08-19 20:40:43.639 9 WARNING keystone.common.password_hashing [None req-9f80d295-d378-4a83-a8cc-f7d3d3e0e5df - - - - - -] Truncating password to algorithm specific maximum length 72 characters. 10.0.0.42 - - [19/Aug/2026:20:40:43 +0000] "GET / HTTP/1.1" 300 295
[Wed Aug 19 20:40:43.769853 2026] [wsgi:error] [pid 12:tid 139733759383232] [remote 10.0.0.42:50836] 2026-08-19 20:40:43.769 12 WARNING keystone.common.password_hashing [None req-9652b7dd-280e-4c9d-9c8d-870964969942 - - - - - -] Truncating password to algorithm specific maximum length 72 characters.
[Wed Aug 19 20:40:43.926621 2026] [wsgi:error] [pid 9:tid 139733759383232] [remote 10.0.0.42:50822] 2026-08-19 20:40:43.926 9 WARNING keystone.common.fernet_utils [None req-9f80d295-d378-4a83-a8cc-f7d3d3e0e5df - - - - - -] key_repository is world readable: /etc/keystone/fernet-keys/ 10.0.0.42 - - [19/Aug/2026:20:40:43 +0000] "POST /v3/auth/tokens HTTP/1.1" 201 1464
[Wed Aug 19 20:40:44.045114 2026] [wsgi:error] [pid 12:tid 139733759383232] [remote 10.0.0.42:50836] 2026-08-19 20:40:44.044 12 WARNING keystone.common.fernet_utils [None req-9652b7dd-280e-4c9d-9c8d-870964969942 - - - - - -] key_repository is world readable: /etc/keystone/fernet-keys/ 10.0.0.42 - - [19/Aug/2026:20:40:43 +0000] "POST /v3/auth/tokens HTTP/1.1" 201 1464 10.0.0.42 - - [19/Aug/2026:20:40:44 +0000] "GET /v3/services HTTP/1.1" 200 639 10.0.0.42 - - [19/Aug/2026:20:40:44 +0000] "GET / HTTP/1.1" 300 295
[Wed Aug 19 20:40:44.117990 2026] [wsgi:error] [pid 9:tid 139733759383232] [remote 10.0.0.42:50846] 2026-08-19 20:40:44.117 9 WARNING keystone.common.password_hashing [None req-c2610154-9e83-4c63-80c1-496e62ef0809 - - - - - -] Truncating password to algorithm specific maximum length 72 characters. 10.0.0.42 - - [19/Aug/2026:20:40:44 +0000] "GET /v3/services HTTP/1.1" 200 639
[Wed Aug 19 20:40:44.410019 2026] [wsgi:error] [pid 9:tid 139733759383232] [remote 10.0.0.42:50846] 2026-08-19 20:40:44.409 9 WARNING keystone.common.fernet_utils [None req-c2610154-9e83-4c63-80c1-496e62ef0809 - - - - - -] key_repository is world readable: /etc/keystone/fernet-keys/ 10.0.0.42 - - [19/Aug/2026:20:40:44 +0000] "POST /v3/auth/tokens HTTP/1.1" 201 1464 10.0.0.42 - - [19/Aug/2026:20:40:44 +0000] "GET /v3/services HTTP/1.1" 200 639 10.0.0.42 - - [19/Aug/2026:20:40:45 +0000] "GET / HTTP/1.1" 300 295
[Wed Aug 19 20:40:45.672293 2026] [wsgi:error] [pid 12:tid 139733759383232] [remote 10.0.0.42:50860] 2026-08-19 20:40:45.672 12 WARNING keystone.common.password_hashing [None req-f4c399e6-e06f-4c32-8348-a6dd557c33a0 - - - - - -] Truncating password to algorithm specific maximum length 72 characters. 10.0.0.42 - - [19/Aug/2026:20:40:45 +0000] "GET / HTTP/1.1" 300 295
[Wed Aug 19 20:40:45.853164 2026] [wsgi:error] [pid 11:tid 139733759383232] [remote 10.0.0.42:50876] 2026-08-19 20:40:45.852 11 WARNING keystone.common.password_hashing [None req-cea58db6-36d5-49b1-bada-70cd8b4683a0 - - - - - -] Truncating password to algorithm specific maximum length 72 characters.
[Wed Aug 19 20:40:45.957276 2026] [wsgi:error] [pid 12:tid 139733759383232] [remote 10.0.0.42:50860] 2026-08-19 20:40:45.957 12 WARNING keystone.common.fernet_utils [None req-f4c399e6-e06f-4c32-8348-a6dd557c33a0 - - - - - -] key_repository is world readable: /etc/keystone/fernet-keys/ 10.0.0.42 - - [19/Aug/2026:20:40:45 +0000] "POST /v3/auth/tokens HTTP/1.1" 201 1464 10.0.0.42 - - [19/Aug/2026:20:40:46 +0000] "GET /v3/endpoints HTTP/1.1" 200 1227 10.0.0.42 - - [19/Aug/2026:20:40:46 +0000] "GET /v3/services/3ffd8fe4dfd94a8b8b80479d1f50be69 HTTP/1.1" 200 233
[Wed Aug 19 20:40:46.126782 2026] [wsgi:error] [pid 11:tid 139733759383232] [remote 10.0.0.42:50876] 2026-08-19 20:40:46.126 11 WARNING keystone.common.fernet_utils [None req-cea58db6-36d5-49b1-bada-70cd8b4683a0 - - - - - -] key_repository is world readable: /etc/keystone/fernet-keys/ 10.0.0.42 - - [19/Aug/2026:20:40:46 +0000] "GET /v3/services/3ffd8fe4dfd94a8b8b80479d1f50be69 HTTP/1.1" 200 233 10.0.0.42 - - [19/Aug/2026:20:40:45 +0000] "POST /v3/auth/tokens HTTP/1.1" 201 1464 10.0.0.42 - - [19/Aug/2026:20:40:46 +0000] "GET /v3/services/3ffd8fe4dfd94a8b8b80479d1f50be69 HTTP/1.1" 200 233 10.0.0.42 - - [19/Aug/2026:20:40:46 +0000] "GET /v3/endpoints HTTP/1.1" 200 1227 10.0.0.42 - - [19/Aug/2026:20:40:46 +0000] "GET / HTTP/1.1" 300 295
[Wed Aug 19 20:40:46.304552 2026] [wsgi:error] [pid 11:tid 139733759383232] [remote 10.0.0.42:50884] 2026-08-19 20:40:46.304 11 WARNING keystone.common.password_hashing [None req-82aeb5f9-9eb9-49da-ada0-84f2eedf3d81 - - - - - -] Truncating password to algorithm specific maximum length 72 characters. 10.0.0.42 - - [19/Aug/2026:20:40:46 +0000] "GET /v3/services/3ffd8fe4dfd94a8b8b80479d1f50be69 HTTP/1.1" 200 233 10.0.0.42 - - [19/Aug/2026:20:40:46 +0000] "GET /v3/services/3ffd8fe4dfd94a8b8b80479d1f50be69 HTTP/1.1" 200 233 10.0.0.42 - - [19/Aug/2026:20:40:46 +0000] "GET /v3/services/3ffd8fe4dfd94a8b8b80479d1f50be69 HTTP/1.1" 200 233
[Wed Aug 19 20:40:46.582816 2026] [wsgi:error] [pid 11:tid 139733759383232] [remote 10.0.0.42:50884] 2026-08-19 20:40:46.582 11 WARNING keystone.common.fernet_utils [None req-82aeb5f9-9eb9-49da-ada0-84f2eedf3d81 - - - - - -] key_repository is world readable: /etc/keystone/fernet-keys/ 10.0.0.42 - - [19/Aug/2026:20:40:46 +0000] "POST /v3/auth/tokens HTTP/1.1" 201 1464 10.0.0.42 - - [19/Aug/2026:20:40:46 +0000] "GET /v3/endpoints HTTP/1.1" 200 1227 10.0.0.42 - - [19/Aug/2026:20:40:46 +0000] "GET /v3/services/3ffd8fe4dfd94a8b8b80479d1f50be69 HTTP/1.1" 200 233 10.0.0.42 - - [19/Aug/2026:20:40:46 +0000] "GET /v3/services/3ffd8fe4dfd94a8b8b80479d1f50be69 HTTP/1.1" 200 233 10.0.0.42 - - [19/Aug/2026:20:40:46 +0000] "GET /v3/services/3ffd8fe4dfd94a8b8b80479d1f50be69 HTTP/1.1" 200 233 10.0.0.42 - - [19/Aug/2026:20:40:47 +0000] "GET / HTTP/1.1" 300 295
[Wed Aug 19 20:40:47.788995 2026] [wsgi:error] [pid 9:tid 139733759383232] [remote 10.0.0.42:50890] 2026-08-19 20:40:47.788 9 WARNING keystone.common.password_hashing [None req-f1438433-7acb-439a-aa7e-281dcefd7e6a - - - - - -] Truncating password to algorithm specific maximum length 72 characters. 10.0.0.42 - - [19/Aug/2026:20:40:48 +0000] "GET / HTTP/1.1" 300 295
[Wed Aug 19 20:40:48.046827 2026] [wsgi:error] [pid 11:tid 139733759383232] [remote 10.0.0.42:50902] 2026-08-19 20:40:48.046 11 WARNING keystone.common.password_hashing [None req-e878bffb-1589-4b03-b6fd-2452e0028ce3 - - - - - -] Truncating password to algorithm specific maximum length 72 characters.
[Wed Aug 19 20:40:48.063331 2026] [wsgi:error] [pid 9:tid 139733759383232] [remote 10.0.0.42:50890] 2026-08-19 20:40:48.063 9 WARNING keystone.common.fernet_utils [None req-f1438433-7acb-439a-aa7e-281dcefd7e6a - - - - - -] key_repository is world readable: /etc/keystone/fernet-keys/ 10.0.0.42 - - [19/Aug/2026:20:40:47 +0000] "POST /v3/auth/tokens HTTP/1.1" 201 1464 10.0.0.42 - - [19/Aug/2026:20:40:48 +0000] "GET /v3/services/96004e2d9749419cb72ec2e75ab06a31 HTTP/1.1" 200 296 10.0.0.42 - - [19/Aug/2026:20:40:48 +0000] "GET /v3/regions/RegionOne HTTP/1.1" 200 173 10.0.0.42 - - [19/Aug/2026:20:40:48 +0000] "GET / HTTP/1.1" 300 295
[Wed Aug 19 20:40:48.333622 2026] [wsgi:error] [pid 11:tid 139733759383232] [remote 10.0.0.42:50902] 2026-08-19 20:40:48.333 11 WARNING keystone.common.fernet_utils [None req-e878bffb-1589-4b03-b6fd-2452e0028ce3 - - - - - -] key_repository is world readable: /etc/keystone/fernet-keys/ 10.0.0.42 - - [19/Aug/2026:20:40:48 +0000] "POST /v3/auth/tokens HTTP/1.1" 201 1464
[Wed Aug 19 20:40:48.341886 2026] [wsgi:error] [pid 12:tid 139733759383232] [remote 10.0.0.42:50908] 2026-08-19 20:40:48.341 12 WARNING keystone.common.password_hashing [None req-5e44d20e-b7ea-46fa-b019-7c3550832ce8 - - - - - -] Truncating password to algorithm specific maximum length 72 characters. 10.0.0.42 - - [19/Aug/2026:20:40:48 +0000] "POST /v3/endpoints HTTP/1.1" 201 380 10.0.0.42 - - [19/Aug/2026:20:40:48 +0000] "GET /v3/services/96004e2d9749419cb72ec2e75ab06a31 HTTP/1.1" 200 296 10.0.0.42 - - [19/Aug/2026:20:40:48 +0000] "GET /v3/regions/RegionOne HTTP/1.1" 200 173 10.0.0.42 - - [19/Aug/2026:20:40:48 +0000] "POST /v3/endpoints HTTP/1.1" 201 383
[Wed Aug 19 20:40:48.633462 2026] [wsgi:error] [pid 12:tid 139733759383232] [remote 10.0.0.42:50908] 2026-08-19 20:40:48.633 12 WARNING keystone.common.fernet_utils [None req-5e44d20e-b7ea-46fa-b019-7c3550832ce8 - - - - - -] key_repository is world readable: /etc/keystone/fernet-keys/ 10.0.0.42 - - [19/Aug/2026:20:40:48 +0000] "POST /v3/auth/tokens HTTP/1.1" 201 1823 10.0.0.42 - - [19/Aug/2026:20:40:48 +0000] "GET /v3/services/96004e2d9749419cb72ec2e75ab06a31 HTTP/1.1" 200 296 10.0.0.42 - - [19/Aug/2026:20:40:48 +0000] "GET /v3/regions/RegionOne HTTP/1.1" 200 173 10.0.0.42 - - [19/Aug/2026:20:40:48 +0000] "POST /v3/endpoints HTTP/1.1" 201 370 10.0.0.42 - - [19/Aug/2026:20:40:50 +0000] "GET / HTTP/1.1" 300 295
[Wed Aug 19 20:40:50.040084 2026] [wsgi:error] [pid 10:tid 139733759383232] [remote 10.0.0.42:50920] 2026-08-19 20:40:50.039 10 WARNING keystone.common.password_hashing [None req-d2df43d9-d3e5-49d4-8b7b-66f6191dba9a - - - - - -] Truncating password to algorithm specific maximum length 72 characters. 10.0.0.42 - - [19/Aug/2026:20:40:50 +0000] "GET / HTTP/1.1" 300 295
[Wed Aug 19 20:40:50.078099 2026] [wsgi:error] [pid 9:tid 139733759383232] [remote 10.0.0.42:50922] 2026-08-19 20:40:50.077 9 WARNING keystone.common.password_hashing [None req-22982876-588e-4cd5-a8a9-caba85cef782 - - - - - -] Truncating password to algorithm specific maximum length 72 characters.
[Wed Aug 19 20:40:50.314922 2026] [wsgi:error] [pid 10:tid 139733759383232] [remote 10.0.0.42:50920] 2026-08-19 20:40:50.314 10 WARNING keystone.common.fernet_utils [None req-d2df43d9-d3e5-49d4-8b7b-66f6191dba9a - - - - - -] key_repository is world readable: /etc/keystone/fernet-keys/ 10.0.0.42 - - [19/Aug/2026:20:40:50 +0000] "POST /v3/auth/tokens HTTP/1.1" 201 1992
[Wed Aug 19 20:40:50.362078 2026] [wsgi:error] [pid 9:tid 139733759383232] [remote 10.0.0.42:50922] 2026-08-19 20:40:50.361 9 WARNING keystone.common.fernet_utils [None req-22982876-588e-4cd5-a8a9-caba85cef782 - - - - - -] key_repository is world readable: /etc/keystone/fernet-keys/ 10.0.0.42 - - [19/Aug/2026:20:40:50 +0000] "POST /v3/auth/tokens HTTP/1.1" 201 1992 10.0.0.42 - - [19/Aug/2026:20:40:50 +0000] "GET / HTTP/1.1" 300 295
[Wed Aug 19 20:40:50.396020 2026] [wsgi:error] [pid 12:tid 139733759383232] [remote 10.0.0.42:50926] 2026-08-19 20:40:50.395 12 WARNING keystone.common.password_hashing [None req-a28e2fd5-078f-4924-a76d-52234432abc7 - - - - - -] Truncating password to algorithm specific maximum length 72 characters. 10.0.0.42 - - [19/Aug/2026:20:40:50 +0000] "GET /v3/endpoints/830c7ef5bc684eb6829cf819b7cf7a5a HTTP/1.1" 200 380 10.0.0.42 - - [19/Aug/2026:20:40:50 +0000] "GET /v3/services/96004e2d9749419cb72ec2e75ab06a31 HTTP/1.1" 200 296 10.0.0.42 - - [19/Aug/2026:20:40:50 +0000] "GET /v3/endpoints/4a7f107988c5492abb5b08203f6a7ea4 HTTP/1.1" 200 383 10.0.0.42 - - [19/Aug/2026:20:40:50 +0000] "GET /v3/services/96004e2d9749419cb72ec2e75ab06a31 HTTP/1.1" 200 296
[Wed Aug 19 20:40:50.711473 2026] [wsgi:error] [pid 12:tid 139733759383232] [remote 10.0.0.42:50926] 2026-08-19 20:40:50.711 12 WARNING keystone.common.fernet_utils [None req-a28e2fd5-078f-4924-a76d-52234432abc7 - - - - - -] key_repository is world readable: /etc/keystone/fernet-keys/ 10.0.0.42 - - [19/Aug/2026:20:40:50 +0000] "POST /v3/auth/tokens HTTP/1.1" 201 1992 10.0.0.42 - - [19/Aug/2026:20:40:50 +0000] "GET /v3/endpoints/e2bb7eb180514337a51c21e74e40c26c HTTP/1.1" 200 370 10.0.0.42 - - [19/Aug/2026:20:40:50 +0000] "GET /v3/services/96004e2d9749419cb72ec2e75ab06a31 HTTP/1.1" 200 296 10.0.0.116 - - [19/Aug/2026:20:40:59 +0000] "GET /v3/ HTTP/1.1" 200 248 10.0.0.116 - - [19/Aug/2026:20:40:59 +0000] "GET /v3/ HTTP/1.1" 200 248 10.0.0.200 - - [19/Aug/2026:20:41:01 +0000] "GET / HTTP/1.1" 300 295
[Wed Aug 19 20:41:01.782393 2026] [wsgi:error] [pid 9:tid 139733759383232] [remote 10.0.0.200:33864] 2026-08-19 20:41:01.782 9 WARNING keystone.common.password_hashing [None req-212c4897-3133-4d5e-bd65-77ada0a8ee44 - - - - - -] Truncating password to algorithm specific maximum length 72 characters.
[Wed Aug 19 20:41:02.054589 2026] [wsgi:error] [pid 9:tid 139733759383232] [remote 10.0.0.200:33864] 2026-08-19 20:41:02.054 9 WARNING keystone.common.fernet_utils [None req-212c4897-3133-4d5e-bd65-77ada0a8ee44 - - - - - -] key_repository is world readable: /etc/keystone/fernet-keys/ 10.0.0.200 - - [19/Aug/2026:20:41:01 +0000] "POST /v3/auth/tokens HTTP/1.1" 201 1992 10.0.0.200 - - [19/Aug/2026:20:41:02 +0000] "POST /v3/domains HTTP/1.1" 201 284 10.0.0.200 - - [19/Aug/2026:20:41:03 +0000] "GET / HTTP/1.1" 300 295
[Wed Aug 19 20:41:03.902003 2026] [wsgi:error] [pid 10:tid 139733759383232] [remote 10.0.0.200:40916] 2026-08-19 20:41:03.901 10 WARNING keystone.common.password_hashing [None req-cddbe00d-2108-43d7-861a-981f32760509 - - - - - -] Truncating password to algorithm specific maximum length 72 characters.
[Wed Aug 19 20:41:04.176458 2026] [wsgi:error] [pid 10:tid 139733759383232] [remote 10.0.0.200:40916] 2026-08-19 20:41:04.176 10 WARNING keystone.common.fernet_utils [None req-cddbe00d-2108-43d7-861a-981f32760509 - - - - - -] key_repository is world readable: /etc/keystone/fernet-keys/ 10.0.0.200 - - [19/Aug/2026:20:41:03 +0000] "POST /v3/auth/tokens HTTP/1.1" 201 1992
[Wed Aug 19 20:41:04.372542 2026] [wsgi:error] [pid 9:tid 139733759383232] [remote 10.0.0.200:40916] 2026-08-19 20:41:04.357 9 ERROR keystone.server.flask.application [None req-e7cead45-84bf-4193-8ccd-e20aebdc1ea1 b940fc682ced4da6859bbac434ee40ad 03f45781dd2e4f9285667f774fc70f4c - - default default] Conflict occurred attempting to store project - it is not permitted to have two projects acting as domains with the same name: service.: keystone.exception.Conflict: Conflict occurred attempting to store project - it is not permitted to have two projects acting as domains with the same name: service.
[Wed Aug 19 20:41:04.372572 2026] [wsgi:error] [pid 9:tid 139733759383232] [remote 10.0.0.200:40916] 2026-08-19 20:41:04.357 9 ERROR keystone.server.flask.application
Traceback (most recent call last):
[Wed Aug 19 20:41:04.372574 2026] [wsgi:error] [pid 9:tid 139733759383232] [remote 10.0.0.200:40916] 2026-08-19 20:41:04.357 9 ERROR keystone.server.flask.application
File "/var/lib/openstack/lib/python3.12/site-packages/sqlalchemy/engine/base.py", line 1969, in _exec_single_context
[Wed Aug 19 20:41:04.372576 2026] [wsgi:error] [pid 9:tid 139733759383232] [remote 10.0.0.200:40916] 2026-08-19 20:41:04.357 9 ERROR keystone.server.flask.application self.dialect.do_execute(
[Wed Aug 19 20:41:04.372578 2026] [wsgi:error] [pid 9:tid 139733759383232] [remote 10.0.0.200:40916] 2026-08-19 20:41:04.357 9 ERROR keystone.server.flask.application
File "/var/lib/openstack/lib/python3.12/site-packages/sqlalchemy/engine/default.py", line 952, in do_execute
[Wed Aug 19 20:41:04.372579 2026] [wsgi:error] [pid 9:tid 139733759383232] [remote 10.0.0.200:40916] 2026-08-19 20:41:04.357 9 ERROR keystone.server.flask.application cursor.execute(statement, parameters)
[Wed Aug 19 20:41:04.372581 2026] [wsgi:error] [pid 9:tid 139733759383232] [remote 10.0.0.200:40916] 2026-08-19 20:41:04.357 9 ERROR keystone.server.flask.application
File "/var/lib/openstack/lib/python3.12/site-packages/pymysql/cursors.py", line 159, in execute
[Wed Aug 19 20:41:04.372583 2026] [wsgi:error] [pid 9:tid 139733759383232] [remote 10.0.0.200:40916] 2026-08-19 20:41:04.357 9 ERROR keystone.server.flask.application result = self._query(query)
[Wed Aug 19 20:41:04.372584 2026] [wsgi:error] [pid 9:tid 139733759383232] [remote 10.0.0.200:40916] 2026-08-19 20:41:04.357 9 ERROR keystone.server.flask.application ^^^^^^^^^^^^^^^^^^
[Wed Aug 19 20:41:04.372585 2026] [wsgi:error] [pid 9:tid 139733759383232] [remote 10.0.0.200:40916] 2026-08-19 20:41:04.357 9 ERROR keystone.server.flask.application
File "/var/lib/openstack/lib/python3.12/site-packages/pymysql/cursors.py", line 330, in _query
[Wed Aug 19 20:41:04.372587 2026] [wsgi:error] [pid 9:tid 139733759383232] [remote 10.0.0.200:40916] 2026-08-19 20:41:04.357 9 ERROR keystone.server.flask.application conn.query(q)
[Wed Aug 19 20:41:04.372588 2026] [wsgi:error] [pid 9:tid 139733759383232] [remote 10.0.0.200:40916] 2026-08-19 20:41:04.357 9 ERROR keystone.server.flask.application
File "/var/lib/openstack/lib/python3.12/site-packages/pymysql/connections.py", line 582, in query
[Wed Aug 19 20:41:04.372590 2026] [wsgi:error] [pid 9:tid 139733759383232] [remote 10.0.0.200:40916] 2026-08-19 20:41:04.357 9 ERROR keystone.server.flask.application self._affected_rows = self._read_query_result(unbuffered=unbuffered)
[Wed Aug 19 20:41:04.372591 2026] [wsgi:error] [pid 9:tid 139733759383232] [remote 10.0.0.200:40916] 2026-08-19 20:41:04.357 9 ERROR keystone.server.flask.application ^^^^^^^^^^^^^^^^^^^^^^^^^^^^^^^^^^^^^^^^^^^^^^
[Wed Aug 19 20:41:04.372592 2026] [wsgi:error] [pid 9:tid 139733759383232] [remote 10.0.0.200:40916] 2026-08-19 20:41:04.357 9 ERROR keystone.server.flask.application
File "/var/lib/openstack/lib/python3.12/site-packages/pymysql/connections.py", line 847, in _read_query_result
[Wed Aug 19 20:41:04.372594 2026] [wsgi:error] [pid 9:tid 139733759383232] [remote 10.0.0.200:40916] 2026-08-19 20:41:04.357 9 ERROR keystone.server.flask.application result.read()
[Wed Aug 19 20:41:04.372597 2026] [wsgi:error] [pid 9:tid 139733759383232] [remote 10.0.0.200:40916] 2026-08-19 20:41:04.357 9 ERROR keystone.server.flask.application
File "/var/lib/openstack/lib/python3.12/site-packages/pymysql/connections.py", line 1245, in read
[Wed Aug 19 20:41:04.372598 2026] [wsgi:error] [pid 9:tid 139733759383232] [remote 10.0.0.200:40916] 2026-08-19 20:41:04.357 9 ERROR keystone.server.flask.application first_packet = self.connection._read_packet()
[Wed Aug 19 20:41:04.372600 2026] [wsgi:error] [pid 9:tid 139733759383232] [remote 10.0.0.200:40916] 2026-08-19 20:41:04.357 9 ERROR keystone.server.flask.application ^^^^^^^^^^^^^^^^^^^^^^^^^^^^^^
[Wed Aug 19 20:41:04.372601 2026] [wsgi:error] [pid 9:tid 139733759383232] [remote 10.0.0.200:40916] 2026-08-19 20:41:04.357 9 ERROR keystone.server.flask.application
File "/var/lib/openstack/lib/python3.12/site-packages/pymysql/connections.py", line 803, in _read_packet
[Wed Aug 19 20:41:04.372602 2026] [wsgi:error] [pid 9:tid 139733759383232] [remote 10.0.0.200:40916] 2026-08-19 20:41:04.357 9 ERROR keystone.server.flask.application packet.raise_for_error()
[Wed Aug 19 20:41:04.372604 2026] [wsgi:error] [pid 9:tid 139733759383232] [remote 10.0.0.200:40916] 2026-08-19 20:41:04.357 9 ERROR keystone.server.flask.application
File "/var/lib/openstack/lib/python3.12/site-packages/pymysql/protocol.py", line 219, in raise_for_error
[Wed Aug 19 20:41:04.372606 2026] [wsgi:error] [pid 9:tid 139733759383232] [remote 10.0.0.200:40916] 2026-08-19 20:41:04.357 9 ERROR keystone.server.flask.application err.raise_mysql_exception(self._data)
[Wed Aug 19 20:41:04.372607 2026] [wsgi:error] [pid 9:tid 139733759383232] [remote 10.0.0.200:40916] 2026-08-19 20:41:04.357 9 ERROR keystone.server.flask.application
File "/var/lib/openstack/lib/python3.12/site-packages/pymysql/err.py", line 154, in raise_mysql_exception
[Wed Aug 19 20:41:04.372609 2026] [wsgi:error] [pid 9:tid 139733759383232] [remote 10.0.0.200:40916] 2026-08-19 20:41:04.357 9 ERROR keystone.server.flask.application raise errorclass(errno, errval, sqlstate=sqlstate)
[Wed Aug 19 20:41:04.372611 2026] [wsgi:error] [pid 9:tid 139733759383232] [remote 10.0.0.200:40916] 2026-08-19 20:41:04.357 9 ERROR keystone.server.flask.application pymysql.err.IntegrityError: (1062, "Duplicate entry '<>-service' for key 'project.ixu_project_name_domain_id'")
[Wed Aug 19 20:41:04.372612 2026] [wsgi:error] [pid 9:tid 139733759383232] [remote 10.0.0.200:40916] 2026-08-19 20:41:04.357 9 ERROR keystone.server.flask.application
[Wed Aug 19 20:41:04.372613 2026] [wsgi:error] [pid 9:tid 139733759383232] [remote 10.0.0.200:40916] 2026-08-19 20:41:04.357 9 ERROR keystone.server.flask.application The above exception was the direct cause of the following exception:
[Wed Aug 19 20:41:04.372615 2026] [wsgi:error] [pid 9:tid 139733759383232] [remote 10.0.0.200:40916] 2026-08-19 20:41:04.357 9 ERROR keystone.server.flask.application
[Wed Aug 19 20:41:04.372616 2026] [wsgi:error] [pid 9:tid 139733759383232] [remote 10.0.0.200:40916] 2026-08-19 20:41:04.357 9 ERROR keystone.server.flask.application
Traceback (most recent call last):
[Wed Aug 19 20:41:04.372617 2026] [wsgi:error] [pid 9:tid 139733759383232] [remote 10.0.0.200:40916] 2026-08-19 20:41:04.357 9 ERROR keystone.server.flask.application
File "/var/lib/openstack/lib/python3.12/site-packages/keystone/common/sql/core.py", line 575, in wrapper
[Wed Aug 19 20:41:04.372619 2026] [wsgi:error] [pid 9:tid 139733759383232] [remote 10.0.0.200:40916] 2026-08-19 20:41:04.357 9 ERROR keystone.server.flask.application return method(*args, **kwargs)
[Wed Aug 19 20:41:04.372620 2026] [wsgi:error] [pid 9:tid 139733759383232] [remote 10.0.0.200:40916] 2026-08-19 20:41:04.357 9 ERROR keystone.server.flask.application ^^^^^^^^^^^^^^^^^^^^^^^
[Wed Aug 19 20:41:04.372621 2026] [wsgi:error] [pid 9:tid 139733759383232] [remote 10.0.0.200:40916] 2026-08-19 20:41:04.357 9 ERROR keystone.server.flask.application
File "/var/lib/openstack/lib/python3.12/site-packages/keystone/resource/backends/sql.py", line 278, in create_project
[Wed Aug 19 20:41:04.372624 2026] [wsgi:error] [pid 9:tid 139733759383232] [remote 10.0.0.200:40916] 2026-08-19 20:41:04.357 9 ERROR keystone.server.flask.application with sql.session_for_write() as session:
[Wed Aug 19 20:41:04.372625 2026] [wsgi:error] [pid 9:tid 139733759383232] [remote 10.0.0.200:40916] 2026-08-19 20:41:04.357 9 ERROR keystone.server.flask.application
File "/usr/lib/python3.12/contextlib.py", line 144, in __exit__
[Wed Aug 19 20:41:04.372627 2026] [wsgi:error] [pid 9:tid 139733759383232] [remote 10.0.0.200:40916] 2026-08-19 20:41:04.357 9 ERROR keystone.server.flask.application next(self.gen)
[Wed Aug 19 20:41:04.372628 2026] [wsgi:error] [pid 9:tid 139733759383232] [remote 10.0.0.200:40916] 2026-08-19 20:41:04.357 9 ERROR keystone.server.flask.application
File "/var/lib/openstack/lib/python3.12/site-packages/oslo_db/sqlalchemy/enginefacade.py", line 1175, in _transaction_scope
[Wed Aug 19 20:41:04.372629 2026] [wsgi:error] [pid 9:tid 139733759383232] [remote 10.0.0.200:40916] 2026-08-19 20:41:04.357 9 ERROR keystone.server.flask.application with current._produce_block(
[Wed Aug 19 20:41:04.372631 2026] [wsgi:error] [pid 9:tid 139733759383232] [remote 10.0.0.200:40916] 2026-08-19 20:41:04.357 9 ERROR keystone.server.flask.application
File "/usr/lib/python3.12/contextlib.py", line 144, in __exit__
[Wed Aug 19 20:41:04.372632 2026] [wsgi:error] [pid 9:tid 139733759383232] [remote 10.0.0.200:40916] 2026-08-19 20:41:04.357 9 ERROR keystone.server.flask.application next(self.gen)
[Wed Aug 19 20:41:04.372633 2026] [wsgi:error] [pid 9:tid 139733759383232] [remote 10.0.0.200:40916] 2026-08-19 20:41:04.357 9 ERROR keystone.server.flask.application
File "/var/lib/openstack/lib/python3.12/site-packages/oslo_db/sqlalchemy/enginefacade.py", line 837, in _session
[Wed Aug 19 20:41:04.372635 2026] [wsgi:error] [pid 9:tid 139733759383232] [remote 10.0.0.200:40916] 2026-08-19 20:41:04.357 9 ERROR keystone.server.flask.application with excutils.save_and_reraise_exception():
[Wed Aug 19 20:41:04.372636 2026] [wsgi:error] [pid 9:tid 139733759383232] [remote 10.0.0.200:40916] 2026-08-19 20:41:04.357 9 ERROR keystone.server.flask.application
File "/var/lib/openstack/lib/python3.12/site-packages/oslo_utils/excutils.py", line 266, in __exit__
[Wed Aug 19 20:41:04.372667 2026] [wsgi:error] [pid 9:tid 139733759383232] [remote 10.0.0.200:40916] 2026-08-19 20:41:04.357 9 ERROR keystone.server.flask.application self.force_reraise()
[Wed Aug 19 20:41:04.372669 2026] [wsgi:error] [pid 9:tid 139733759383232] [remote 10.0.0.200:40916] 2026-08-19 20:41:04.357 9 ERROR keystone.server.flask.application
File "/var/lib/openstack/lib/python3.12/site-packages/oslo_utils/excutils.py", line 232, in force_reraise
[Wed Aug 19 20:41:04.372671 2026] [wsgi:error] [pid 9:tid 139733759383232] [remote 10.0.0.200:40916] 2026-08-19 20:41:04.357 9 ERROR keystone.server.flask.application raise self.value
[Wed Aug 19 20:41:04.372672 2026] [wsgi:error] [pid 9:tid 139733759383232] [remote 10.0.0.200:40916] 2026-08-19 20:41:04.357 9 ERROR keystone.server.flask.application
File "/var/lib/openstack/lib/python3.12/site-packages/oslo_db/sqlalchemy/enginefacade.py", line 835, in _session
[Wed Aug 19 20:41:04.372674 2026] [wsgi:error] [pid 9:tid 139733759383232] [remote 10.0.0.200:40916] 2026-08-19 20:41:04.357 9 ERROR keystone.server.flask.application self._end_session_transaction(self.session)
[Wed Aug 19 20:41:04.372676 2026] [wsgi:error] [pid 9:tid 139733759383232] [remote 10.0.0.200:40916] 2026-08-19 20:41:04.357 9 ERROR keystone.server.flask.application
File "/var/lib/openstack/lib/python3.12/site-packages/oslo_db/sqlalchemy/enginefacade.py", line 748, in _end_session_transaction
[Wed Aug 19 20:41:04.372678 2026] [wsgi:error] [pid 9:tid 139733759383232] [remote 10.0.0.200:40916] 2026-08-19 20:41:04.357 9 ERROR keystone.server.flask.application session.commit()
[Wed Aug 19 20:41:04.372680 2026] [wsgi:error] [pid 9:tid 139733759383232] [remote 10.0.0.200:40916] 2026-08-19 20:41:04.357 9 ERROR keystone.server.flask.application
File "/var/lib/openstack/lib/python3.12/site-packages/sqlalchemy/orm/session.py", line 2034, in commit
[Wed Aug 19 20:41:04.372681 2026] [wsgi:error] [pid 9:tid 139733759383232] [remote 10.0.0.200:40916] 2026-08-19 20:41:04.357 9 ERROR keystone.server.flask.application trans.commit(_to_root=True)
[Wed Aug 19 20:41:04.372683 2026] [wsgi:error] [pid 9:tid 139733759383232] [remote 10.0.0.200:40916] 2026-08-19 20:41:04.357 9 ERROR keystone.server.flask.application File "", line 2, in commit
[Wed Aug 19 20:41:04.372685 2026] [wsgi:error] [pid 9:tid 139733759383232] [remote 10.0.0.200:40916] 2026-08-19 20:41:04.357 9 ERROR keystone.server.flask.application
File "/var/lib/openstack/lib/python3.12/site-packages/sqlalchemy/orm/state_changes.py", line 137, in _go
[Wed Aug 19 20:41:04.372687 2026] [wsgi:error] [pid 9:tid 139733759383232] [remote 10.0.0.200:40916] 2026-08-19 20:41:04.357 9 ERROR keystone.server.flask.application ret_value = fn(self, *arg, **kw)
[Wed Aug 19 20:41:04.372688 2026] [wsgi:error] [pid 9:tid 139733759383232] [remote 10.0.0.200:40916] 2026-08-19 20:41:04.357 9 ERROR keystone.server.flask.application ^^^^^^^^^^^^^^^^^^^^
[Wed Aug 19 20:41:04.372690 2026] [wsgi:error] [pid 9:tid 139733759383232] [remote 10.0.0.200:40916] 2026-08-19 20:41:04.357 9 ERROR keystone.server.flask.application
File "/var/lib/openstack/lib/python3.12/site-packages/sqlalchemy/orm/session.py", line 1315, in commit
[Wed Aug 19 20:41:04.372691 2026] [wsgi:error] [pid 9:tid 139733759383232] [remote 10.0.0.200:40916] 2026-08-19 20:41:04.357 9 ERROR keystone.server.flask.application self._prepare_impl()
[Wed Aug 19 20:41:04.372693 2026] [wsgi:error] [pid 9:tid 139733759383232] [remote 10.0.0.200:40916] 2026-08-19 20:41:04.357 9 ERROR keystone.server.flask.application File "", line 2, in _prepare_impl
[Wed Aug 19 20:41:04.372695 2026] [wsgi:error] [pid 9:tid 139733759383232] [remote 10.0.0.200:40916] 2026-08-19 20:41:04.357 9 ERROR keystone.server.flask.application
File "/var/lib/openstack/lib/python3.12/site-packages/sqlalchemy/orm/state_changes.py", line 137, in _go
[Wed Aug 19 20:41:04.372699 2026] [wsgi:error] [pid 9:tid 139733759383232] [remote 10.0.0.200:40916] 2026-08-19 20:41:04.357 9 ERROR keystone.server.flask.application ret_value = fn(self, *arg, **kw)
[Wed Aug 19 20:41:04.372704 2026] [wsgi:error] [pid 9:tid 139733759383232] [remote 10.0.0.200:40916] 2026-08-19 20:41:04.357 9 ERROR keystone.server.flask.application ^^^^^^^^^^^^^^^^^^^^
[Wed Aug 19 20:41:04.372706 2026] [wsgi:error] [pid 9:tid 139733759383232] [remote 10.0.0.200:40916] 2026-08-19 20:41:04.357 9 ERROR keystone.server.flask.application
File "/var/lib/openstack/lib/python3.12/site-packages/sqlalchemy/orm/session.py", line 1290, in _prepare_impl
[Wed Aug 19 20:41:04.372708 2026] [wsgi:error] [pid 9:tid 139733759383232] [remote 10.0.0.200:40916] 2026-08-19 20:41:04.357 9 ERROR keystone.server.flask.application self.session.flush()
[Wed Aug 19 20:41:04.372711 2026] [wsgi:error] [pid 9:tid 139733759383232] [remote 10.0.0.200:40916] 2026-08-19 20:41:04.357 9 ERROR keystone.server.flask.application
File "/var/lib/openstack/lib/python3.12/site-packages/sqlalchemy/orm/session.py", line 4352, in flush
[Wed Aug 19 20:41:04.372714 2026] [wsgi:error] [pid 9:tid 139733759383232] [remote 10.0.0.200:40916] 2026-08-19 20:41:04.357 9 ERROR keystone.server.flask.application self._flush(objects)
[Wed Aug 19 20:41:04.372715 2026] [wsgi:error] [pid 9:tid 139733759383232] [remote 10.0.0.200:40916] 2026-08-19 20:41:04.357 9 ERROR keystone.server.flask.application
File "/var/lib/openstack/lib/python3.12/site-packages/sqlalchemy/orm/session.py", line 4487, in _flush
[Wed Aug 19 20:41:04.372719 2026] [wsgi:error] [pid 9:tid 139733759383232] [remote 10.0.0.200:40916] 2026-08-19 20:41:04.357 9 ERROR keystone.server.flask.application with util.safe_reraise():
[Wed Aug 19 20:41:04.372722 2026] [wsgi:error] [pid 9:tid 139733759383232] [remote 10.0.0.200:40916] 2026-08-19 20:41:04.357 9 ERROR keystone.server.flask.application
File "/var/lib/openstack/lib/python3.12/site-packages/sqlalchemy/util/langhelpers.py", line 122, in __exit__
[Wed Aug 19 20:41:04.372725 2026] [wsgi:error] [pid 9:tid 139733759383232] [remote 10.0.0.200:40916] 2026-08-19 20:41:04.357 9 ERROR keystone.server.flask.application raise exc_value.with_traceback(exc_tb)
[Wed Aug 19 20:41:04.372728 2026] [wsgi:error] [pid 9:tid 139733759383232] [remote 10.0.0.200:40916] 2026-08-19 20:41:04.357 9 ERROR keystone.server.flask.application
File "/var/lib/openstack/lib/python3.12/site-packages/sqlalchemy/orm/session.py", line 4448, in _flush
[Wed Aug 19 20:41:04.372732 2026] [wsgi:error] [pid 9:tid 139733759383232] [remote 10.0.0.200:40916] 2026-08-19 20:41:04.357 9 ERROR keystone.server.flask.application flush_context.execute()
[Wed Aug 19 20:41:04.372734 2026] [wsgi:error] [pid 9:tid 139733759383232] [remote 10.0.0.200:40916] 2026-08-19 20:41:04.357 9 ERROR keystone.server.flask.application
File "/var/lib/openstack/lib/python3.12/site-packages/sqlalchemy/orm/unitofwork.py", line 465, in execute
