2026-06-24 19:17:53.308 9 INFO placement.requestlog [None req-79f87c9a-8e92-479c-86e6-d77702af25ee 8ba6341e06554a6d9cefae991b77451a 1b557a4766d842af8cf5e54e96912487 - - 635b1182c1674aac93cf1747c6ce260a 635b1182c1674aac93cf1747c6ce260a] 10.0.0.52 "DELETE /resource_providers/2fd1aa02-4143-4019-b543-c12bf996dcda" status: 404 len: 246 microversion: 1.1 [pid: 9|app: 0|req: 352/705] 10.0.0.52 () {34 vars in 815 bytes} [Wed Jun 24 19:17:53 2026] DELETE /resource_providers/2fd1aa02-4143-4019-b543-c12bf996dcda => generated 246 bytes in 18 msecs (HTTP/1.1 404) 6 headers in 231 bytes (1 switches on core 0)
2026-06-24 19:17:56.582 8 INFO placement.requestlog [None req-5accd33b-6efa-42e3-b112-3fd680e612e1 - - - - - -] 10.0.0.207 "GET /" status: 200 len: 136 microversion: 1.0
2026-06-24 19:17:56.583 9 INFO placement.requestlog [None req-8716d7e9-d5a0-4c3e-ad12-79bc5b8235e7 - - - - - -] 10.0.0.207 "GET /" status: 200 len: 136 microversion: 1.0
2026-06-24 19:17:56.858 8 INFO placement.requestlog [req-88b645c8-cc2c-418e-8129-04b33f671a9f req-26623d53-135f-4fca-9c93-231ee3dba356 4d14c53ed36c492bb42568efd1f16c2a 1b557a4766d842af8cf5e54e96912487 - - 635b1182c1674aac93cf1747c6ce260a 635b1182c1674aac93cf1747c6ce260a] 199.19.213.80 "GET /resource_providers/aa8e4474-714d-4de5-b145-73fdc25f4988/allocations" status: 200 len: 352 microversion: 1.0 [pid: 8|app: 0|req: 355/708] 199.19.213.80 () {32 vars in 856 bytes} [Wed Jun 24 19:17:56 2026] GET /resource_providers/aa8e4474-714d-4de5-b145-73fdc25f4988/allocations => generated 352 bytes in 23 msecs (HTTP/1.1 200) 6 headers in 224 bytes (1 switches on core 0)
2026-06-24 19:17:56.883 9 INFO placement.requestlog [req-88b645c8-cc2c-418e-8129-04b33f671a9f req-81196c46-b781-48ba-a16c-68818bea606f 4d14c53ed36c492bb42568efd1f16c2a 1b557a4766d842af8cf5e54e96912487 - - 635b1182c1674aac93cf1747c6ce260a 635b1182c1674aac93cf1747c6ce260a] 199.19.213.80 "GET /allocations/869e07f9-0779-45d1-8682-b55efa76c575" status: 200 len: 257 microversion: 1.28 [pid: 9|app: 0|req: 354/709] 199.19.213.80 () {34 vars in 862 bytes} [Wed Jun 24 19:17:56 2026] GET /allocations/869e07f9-0779-45d1-8682-b55efa76c575 => generated 257 bytes in 17 msecs (HTTP/1.1 200) 8 headers in 296 bytes (1 switches on core 0)
2026-06-24 19:17:56.909 8 INFO placement.requestlog [req-88b645c8-cc2c-418e-8129-04b33f671a9f req-8b963e75-6cbe-4d8e-a8ef-0697aae68905 4d14c53ed36c492bb42568efd1f16c2a 1b557a4766d842af8cf5e54e96912487 - - 635b1182c1674aac93cf1747c6ce260a 635b1182c1674aac93cf1747c6ce260a] 199.19.213.80 "GET /allocations/a22b767d-66f3-417e-94f3-573767327837" status: 200 len: 257 microversion: 1.28 [pid: 8|app: 0|req: 356/710] 199.19.213.80 () {34 vars in 862 bytes} [Wed Jun 24 19:17:56 2026] GET /allocations/a22b767d-66f3-417e-94f3-573767327837 => generated 257 bytes in 18 msecs (HTTP/1.1 200) 8 headers in 296 bytes (1 switches on core 0)
2026-06-24 19:17:56.934 9 INFO placement.requestlog [req-88b645c8-cc2c-418e-8129-04b33f671a9f req-744f3f23-da1c-4de9-bd31-d3776290206b 4d14c53ed36c492bb42568efd1f16c2a 1b557a4766d842af8cf5e54e96912487 - - 635b1182c1674aac93cf1747c6ce260a 635b1182c1674aac93cf1747c6ce260a] 199.19.213.80 "GET /allocations/dfaed424-ced6-404c-af4e-5783d1881a59" status: 200 len: 257 microversion: 1.28 [pid: 9|app: 0|req: 355/711] 199.19.213.80 () {34 vars in 862 bytes} [Wed Jun 24 19:17:56 2026] GET /allocations/dfaed424-ced6-404c-af4e-5783d1881a59 => generated 257 bytes in 16 msecs (HTTP/1.1 200) 8 headers in 296 bytes (1 switches on core 0)
2026-06-24 19:17:57.434 8 INFO placement.requestlog [None req-2345f70b-b203-49a3-875f-607e025627cb 8ba6341e06554a6d9cefae991b77451a 1b557a4766d842af8cf5e54e96912487 - - 635b1182c1674aac93cf1747c6ce260a 635b1182c1674aac93cf1747c6ce260a] 10.0.0.52 "GET /resource_providers/dba13494-88b5-41a0-937b-ac05c0ea0123/aggregates" status: 404 len: 235 microversion: 1.1 [pid: 8|app: 0|req: 357/712] 10.0.0.52 () {32 vars in 815 bytes} [Wed Jun 24 19:17:57 2026] GET /resource_providers/dba13494-88b5-41a0-937b-ac05c0ea0123/aggregates => generated 235 bytes in 10 msecs (HTTP/1.1 404) 5 headers in 202 bytes (1 switches on core 0)
2026-06-24 19:17:57.443 9 INFO placement.requestlog [None req-268d7a62-5c0a-4946-b971-4f025696b5c4 8ba6341e06554a6d9cefae991b77451a 1b557a4766d842af8cf5e54e96912487 - - 635b1182c1674aac93cf1747c6ce260a 635b1182c1674aac93cf1747c6ce260a] 10.0.0.52 "GET /resource_providers/dba13494-88b5-41a0-937b-ac05c0ea0123/aggregates" status: 404 len: 235 microversion: 1.1 [pid: 9|app: 0|req: 356/713] 10.0.0.52 () {32 vars in 815 bytes} [Wed Jun 24 19:17:57 2026] GET /resource_providers/dba13494-88b5-41a0-937b-ac05c0ea0123/aggregates => generated 235 bytes in 15 msecs (HTTP/1.1 404) 5 headers in 202 bytes (1 switches on core 0)
2026-06-24 19:17:57.460 8 INFO placement.requestlog [None req-236c8e8d-aab5-407d-8abe-05d14a146a50 8ba6341e06554a6d9cefae991b77451a 1b557a4766d842af8cf5e54e96912487 - - 635b1182c1674aac93cf1747c6ce260a 635b1182c1674aac93cf1747c6ce260a] 10.0.0.52 "DELETE /resource_providers/dba13494-88b5-41a0-937b-ac05c0ea0123" status: 404 len: 246 microversion: 1.1 [pid: 8|app: 0|req: 358/714] 10.0.0.52 () {34 vars in 815 bytes} [Wed Jun 24 19:17:57 2026] DELETE /resource_providers/dba13494-88b5-41a0-937b-ac05c0ea0123 => generated 246 bytes in 11 msecs (HTTP/1.1 404) 6 headers in 231 bytes (1 switches on core 0)
2026-06-24 19:17:57.473 9 INFO placement.requestlog [None req-fdbba71d-9cf9-4e5b-8d16-08a502ea2611 8ba6341e06554a6d9cefae991b77451a 1b557a4766d842af8cf5e54e96912487 - - 635b1182c1674aac93cf1747c6ce260a 635b1182c1674aac93cf1747c6ce260a] 10.0.0.52 "DELETE /resource_providers/dba13494-88b5-41a0-937b-ac05c0ea0123" status: 404 len: 246 microversion: 1.1 [pid: 9|app: 0|req: 357/715] 10.0.0.52 () {34 vars in 815 bytes} [Wed Jun 24 19:17:57 2026] DELETE /resource_providers/dba13494-88b5-41a0-937b-ac05c0ea0123 => generated 246 bytes in 14 msecs (HTTP/1.1 404) 6 headers in 231 bytes (1 switches on core 0)
2026-06-24 19:17:57.641 9 INFO placement.requestlog [None req-7bf0061d-6c47-460f-a9a8-797a036cfb81 8ba6341e06554a6d9cefae991b77451a 1b557a4766d842af8cf5e54e96912487 - - 635b1182c1674aac93cf1747c6ce260a 635b1182c1674aac93cf1747c6ce260a] 10.0.0.52 "GET /resource_providers/208a53a2-7478-4ace-8b85-899ba4ed8b8b/aggregates" status: 404 len: 235 microversion: 1.1 [pid: 9|app: 0|req: 358/716] 10.0.0.52 () {32 vars in 815 bytes} [Wed Jun 24 19:17:57 2026] GET /resource_providers/208a53a2-7478-4ace-8b85-899ba4ed8b8b/aggregates => generated 235 bytes in 13 msecs (HTTP/1.1 404) 5 headers in 202 bytes (1 switches on core 0)
2026-06-24 19:17:57.646 8 INFO placement.requestlog [None req-312c4363-115f-44ad-8167-cd12fc11f359 8ba6341e06554a6d9cefae991b77451a 1b557a4766d842af8cf5e54e96912487 - - 635b1182c1674aac93cf1747c6ce260a 635b1182c1674aac93cf1747c6ce260a] 10.0.0.52 "GET /resource_providers/208a53a2-7478-4ace-8b85-899ba4ed8b8b/aggregates" status: 404 len: 235 microversion: 1.1 [pid: 8|app: 0|req: 359/717] 10.0.0.52 () {32 vars in 815 bytes} [Wed Jun 24 19:17:57 2026] GET /resource_providers/208a53a2-7478-4ace-8b85-899ba4ed8b8b/aggregates => generated 235 bytes in 19 msecs (HTTP/1.1 404) 5 headers in 202 bytes (1 switches on core 0)
2026-06-24 19:17:57.677 8 INFO placement.requestlog [None req-472543c3-175c-48e9-b778-fc1faaf83e10 8ba6341e06554a6d9cefae991b77451a 1b557a4766d842af8cf5e54e96912487 - - 635b1182c1674aac93cf1747c6ce260a 635b1182c1674aac93cf1747c6ce260a] 10.0.0.52 "DELETE /resource_providers/208a53a2-7478-4ace-8b85-899ba4ed8b8b" status: 404 len: 246 microversion: 1.1 [pid: 8|app: 0|req: 360/718] 10.0.0.52 () {34 vars in 815 bytes} [Wed Jun 24 19:17:57 2026] DELETE /resource_providers/208a53a2-7478-4ace-8b85-899ba4ed8b8b => generated 246 bytes in 13 msecs (HTTP/1.1 404) 6 headers in 231 bytes (1 switches on core 0)
2026-06-24 19:17:57.678 9 INFO placement.requestlog [None req-652c00c6-f314-4c31-9afb-f824c78ae809 8ba6341e06554a6d9cefae991b77451a 1b557a4766d842af8cf5e54e96912487 - - 635b1182c1674aac93cf1747c6ce260a 635b1182c1674aac93cf1747c6ce260a] 10.0.0.52 "DELETE /resource_providers/208a53a2-7478-4ace-8b85-899ba4ed8b8b" status: 404 len: 246 microversion: 1.1 [pid: 9|app: 0|req: 359/719] 10.0.0.52 () {34 vars in 815 bytes} [Wed Jun 24 19:17:57 2026] DELETE /resource_providers/208a53a2-7478-4ace-8b85-899ba4ed8b8b => generated 246 bytes in 23 msecs (HTTP/1.1 404) 6 headers in 231 bytes (1 switches on core 0)
2026-06-24 19:17:58.007 8 INFO placement.requestlog [req-88b645c8-cc2c-418e-8129-04b33f671a9f req-e922b2c8-c17b-48e4-8bab-ab3a14ec7ee1 4d14c53ed36c492bb42568efd1f16c2a 1b557a4766d842af8cf5e54e96912487 - - 635b1182c1674aac93cf1747c6ce260a 635b1182c1674aac93cf1747c6ce260a] 199.19.213.80 "DELETE /allocations/dfaed424-ced6-404c-af4e-5783d1881a59" status: 204 len: 0 microversion: 1.0 [pid: 8|app: 0|req: 361/720] 199.19.213.80 () {34 vars in 840 bytes} [Wed Jun 24 19:17:57 2026] DELETE /allocations/dfaed424-ced6-404c-af4e-5783d1881a59 => generated 0 bytes in 34 msecs (HTTP/1.1 204) 5 headers in 198 bytes (1 switches on core 0)
2026-06-24 19:17:59.708 8 INFO placement.requestlog [None req-836290a6-52c2-45b3-b26b-7fe7b187e13c 8ba6341e06554a6d9cefae991b77451a 1b557a4766d842af8cf5e54e96912487 - - 635b1182c1674aac93cf1747c6ce260a 635b1182c1674aac93cf1747c6ce260a] 10.0.0.52 "GET /resource_providers/c6722e28-f4ab-41b0-b621-3a4a299be024/aggregates" status: 404 len: 235 microversion: 1.1 [pid: 8|app: 0|req: 362/721] 10.0.0.52 () {32 vars in 815 bytes} [Wed Jun 24 19:17:59 2026] GET /resource_providers/c6722e28-f4ab-41b0-b621-3a4a299be024/aggregates => generated 235 bytes in 12 msecs (HTTP/1.1 404) 5 headers in 202 bytes (1 switches on core 0)
2026-06-24 19:17:59.710 9 INFO placement.requestlog [None req-2902c970-ffcc-4475-babe-48c9bfd9a6b0 8ba6341e06554a6d9cefae991b77451a 1b557a4766d842af8cf5e54e96912487 - - 635b1182c1674aac93cf1747c6ce260a 635b1182c1674aac93cf1747c6ce260a] 10.0.0.52 "GET /resource_providers/c6722e28-f4ab-41b0-b621-3a4a299be024/aggregates" status: 404 len: 235 microversion: 1.1 [pid: 9|app: 0|req: 360/722] 10.0.0.52 () {32 vars in 815 bytes} [Wed Jun 24 19:17:59 2026] GET /resource_providers/c6722e28-f4ab-41b0-b621-3a4a299be024/aggregates => generated 235 bytes in 14 msecs (HTTP/1.1 404) 5 headers in 202 bytes (1 switches on core 0)
2026-06-24 19:17:59.728 8 INFO placement.requestlog [None req-2eda20a0-d2e9-4a6a-9567-92af740dba84 8ba6341e06554a6d9cefae991b77451a 1b557a4766d842af8cf5e54e96912487 - - 635b1182c1674aac93cf1747c6ce260a 635b1182c1674aac93cf1747c6ce260a] 10.0.0.52 "DELETE /resource_providers/c6722e28-f4ab-41b0-b621-3a4a299be024" status: 404 len: 246 microversion: 1.1 [pid: 8|app: 0|req: 363/723] 10.0.0.52 () {34 vars in 815 bytes} [Wed Jun 24 19:17:59 2026] DELETE /resource_providers/c6722e28-f4ab-41b0-b621-3a4a299be024 => generated 246 bytes in 10 msecs (HTTP/1.1 404) 6 headers in 231 bytes (1 switches on core 0)
2026-06-24 19:17:59.736 9 INFO placement.requestlog [None req-56655403-4adf-4956-941e-c17a00423313 8ba6341e06554a6d9cefae991b77451a 1b557a4766d842af8cf5e54e96912487 - - 635b1182c1674aac93cf1747c6ce260a 635b1182c1674aac93cf1747c6ce260a] 10.0.0.52 "DELETE /resource_providers/c6722e28-f4ab-41b0-b621-3a4a299be024" status: 404 len: 246 microversion: 1.1 [pid: 9|app: 0|req: 361/724] 10.0.0.52 () {34 vars in 815 bytes} [Wed Jun 24 19:17:59 2026] DELETE /resource_providers/c6722e28-f4ab-41b0-b621-3a4a299be024 => generated 246 bytes in 14 msecs (HTTP/1.1 404) 6 headers in 231 bytes (1 switches on core 0)
2026-06-24 19:17:59.753 8 INFO placement.requestlog [None req-062f735b-b1c9-4c45-ab36-71e12854ede0 8ba6341e06554a6d9cefae991b77451a 1b557a4766d842af8cf5e54e96912487 - - 635b1182c1674aac93cf1747c6ce260a 635b1182c1674aac93cf1747c6ce260a] 10.0.0.52 "GET /resource_providers/e5c118ed-def7-4b4a-bf71-0f44100da5eb/aggregates" status: 404 len: 235 microversion: 1.1 [pid: 8|app: 0|req: 364/725] 10.0.0.52 () {32 vars in 815 bytes} [Wed Jun 24 19:17:59 2026] GET /resource_providers/e5c118ed-def7-4b4a-bf71-0f44100da5eb/aggregates => generated 235 bytes in 12 msecs (HTTP/1.1 404) 5 headers in 202 bytes (1 switches on core 0)
2026-06-24 19:17:59.754 9 INFO placement.requestlog [None req-97775ff5-9c30-4e4e-b8e0-b5ef2a131a7c 8ba6341e06554a6d9cefae991b77451a 1b557a4766d842af8cf5e54e96912487 - - 635b1182c1674aac93cf1747c6ce260a 635b1182c1674aac93cf1747c6ce260a] 10.0.0.52 "GET /resource_providers/e5c118ed-def7-4b4a-bf71-0f44100da5eb/aggregates" status: 404 len: 235 microversion: 1.1 [pid: 9|app: 0|req: 362/726] 10.0.0.52 () {32 vars in 815 bytes} [Wed Jun 24 19:17:59 2026] GET /resource_providers/e5c118ed-def7-4b4a-bf71-0f44100da5eb/aggregates => generated 235 bytes in 11 msecs (HTTP/1.1 404) 5 headers in 202 bytes (1 switches on core 0)
2026-06-24 19:17:59.773 9 INFO placement.requestlog [None req-41a3f459-0da2-4d08-ac60-a9622b626197 8ba6341e06554a6d9cefae991b77451a 1b557a4766d842af8cf5e54e96912487 - - 635b1182c1674aac93cf1747c6ce260a 635b1182c1674aac93cf1747c6ce260a] 10.0.0.52 "DELETE /resource_providers/e5c118ed-def7-4b4a-bf71-0f44100da5eb" status: 404 len: 246 microversion: 1.1 [pid: 9|app: 0|req: 363/727] 10.0.0.52 () {34 vars in 815 bytes} [Wed Jun 24 19:17:59 2026] DELETE /resource_providers/e5c118ed-def7-4b4a-bf71-0f44100da5eb => generated 246 bytes in 10 msecs (HTTP/1.1 404) 6 headers in 231 bytes (1 switches on core 0)
2026-06-24 19:17:59.774 8 INFO placement.requestlog [None req-cf8bcef3-e339-4b07-82cf-958e0aab3ee0 8ba6341e06554a6d9cefae991b77451a 1b557a4766d842af8cf5e54e96912487 - - 635b1182c1674aac93cf1747c6ce260a 635b1182c1674aac93cf1747c6ce260a] 10.0.0.52 "DELETE /resource_providers/e5c118ed-def7-4b4a-bf71-0f44100da5eb" status: 404 len: 246 microversion: 1.1 [pid: 8|app: 0|req: 365/728] 10.0.0.52 () {34 vars in 815 bytes} [Wed Jun 24 19:17:59 2026] DELETE /resource_providers/e5c118ed-def7-4b4a-bf71-0f44100da5eb => generated 246 bytes in 12 msecs (HTTP/1.1 404) 6 headers in 231 bytes (1 switches on core 0)
2026-06-24 19:18:00.193 9 INFO placement.requestlog [req-0decf538-4655-48ab-a82b-f313885f4afa req-5d2a133a-f3f0-4643-a41d-2be59a502cab 4d14c53ed36c492bb42568efd1f16c2a 1b557a4766d842af8cf5e54e96912487 - - 635b1182c1674aac93cf1747c6ce260a 635b1182c1674aac93cf1747c6ce260a] 199.19.213.80 "GET /resource_providers/aa8e4474-714d-4de5-b145-73fdc25f4988/allocations" status: 200 len: 252 microversion: 1.0 [pid: 9|app: 0|req: 364/729] 199.19.213.80 () {32 vars in 856 bytes} [Wed Jun 24 19:18:00 2026] GET /resource_providers/aa8e4474-714d-4de5-b145-73fdc25f4988/allocations => generated 252 bytes in 23 msecs (HTTP/1.1 200) 6 headers in 224 bytes (1 switches on core 0)
2026-06-24 19:18:00.217 8 INFO placement.requestlog [req-0decf538-4655-48ab-a82b-f313885f4afa req-70902940-7e56-4eb4-b17c-804b53faf709 4d14c53ed36c492bb42568efd1f16c2a 1b557a4766d842af8cf5e54e96912487 - - 635b1182c1674aac93cf1747c6ce260a 635b1182c1674aac93cf1747c6ce260a] 199.19.213.80 "GET /allocations/869e07f9-0779-45d1-8682-b55efa76c575" status: 200 len: 257 microversion: 1.28 [pid: 8|app: 0|req: 366/730] 199.19.213.80 () {34 vars in 862 bytes} [Wed Jun 24 19:18:00 2026] GET /allocations/869e07f9-0779-45d1-8682-b55efa76c575 => generated 257 bytes in 16 msecs (HTTP/1.1 200) 8 headers in 296 bytes (1 switches on core 0)
2026-06-24 19:18:00.244 9 INFO placement.requestlog [req-0decf538-4655-48ab-a82b-f313885f4afa req-508a8341-9d78-4f62-a617-3ac87640146b 4d14c53ed36c492bb42568efd1f16c2a 1b557a4766d842af8cf5e54e96912487 - - 635b1182c1674aac93cf1747c6ce260a 635b1182c1674aac93cf1747c6ce260a] 199.19.213.80 "GET /allocations/a22b767d-66f3-417e-94f3-573767327837" status: 200 len: 257 microversion: 1.28 [pid: 9|app: 0|req: 365/731] 199.19.213.80 () {34 vars in 862 bytes} [Wed Jun 24 19:18:00 2026] GET /allocations/a22b767d-66f3-417e-94f3-573767327837 => generated 257 bytes in 21 msecs (HTTP/1.1 200) 8 headers in 296 bytes (1 switches on core 0)
2026-06-24 19:18:01.411 8 INFO placement.requestlog [req-0decf538-4655-48ab-a82b-f313885f4afa req-7e81e41a-2ea8-40b5-9ef5-b9663ce185a0 4d14c53ed36c492bb42568efd1f16c2a 1b557a4766d842af8cf5e54e96912487 - - 635b1182c1674aac93cf1747c6ce260a 635b1182c1674aac93cf1747c6ce260a] 199.19.213.80 "DELETE /allocations/869e07f9-0779-45d1-8682-b55efa76c575" status: 204 len: 0 microversion: 1.0 [pid: 8|app: 0|req: 367/732] 199.19.213.80 () {34 vars in 840 bytes} [Wed Jun 24 19:18:01 2026] DELETE /allocations/869e07f9-0779-45d1-8682-b55efa76c575 => generated 0 bytes in 133 msecs (HTTP/1.1 204) 5 headers in 198 bytes (1 switches on core 0)
2026-06-24 19:18:01.803 8 INFO placement.requestlog [None req-a3dd2e4b-7269-4f0c-99fe-d33a5aa9012a 8ba6341e06554a6d9cefae991b77451a 1b557a4766d842af8cf5e54e96912487 - - 635b1182c1674aac93cf1747c6ce260a 635b1182c1674aac93cf1747c6ce260a] 10.0.0.52 "GET /resource_providers/21ebdc63-4004-480a-a435-fa055157f29a/aggregates" status: 404 len: 235 microversion: 1.1 [pid: 8|app: 0|req: 368/733] 10.0.0.52 () {32 vars in 815 bytes} [Wed Jun 24 19:18:01 2026] GET /resource_providers/21ebdc63-4004-480a-a435-fa055157f29a/aggregates => generated 235 bytes in 12 msecs (HTTP/1.1 404) 5 headers in 202 bytes (1 switches on core 0)
2026-06-24 19:18:01.813 9 INFO placement.requestlog [None req-19d91430-b675-43b6-b400-73a230487ef5 8ba6341e06554a6d9cefae991b77451a 1b557a4766d842af8cf5e54e96912487 - - 635b1182c1674aac93cf1747c6ce260a 635b1182c1674aac93cf1747c6ce260a] 10.0.0.52 "GET /resource_providers/21ebdc63-4004-480a-a435-fa055157f29a/aggregates" status: 404 len: 235 microversion: 1.1 [pid: 9|app: 0|req: 366/734] 10.0.0.52 () {32 vars in 815 bytes} [Wed Jun 24 19:18:01 2026] GET /resource_providers/21ebdc63-4004-480a-a435-fa055157f29a/aggregates => generated 235 bytes in 23 msecs (HTTP/1.1 404) 5 headers in 202 bytes (1 switches on core 0)
2026-06-24 19:18:01.828 8 INFO placement.requestlog [None req-8ae81b55-fe1e-48a7-b378-a3a920b42a45 8ba6341e06554a6d9cefae991b77451a 1b557a4766d842af8cf5e54e96912487 - - 635b1182c1674aac93cf1747c6ce260a 635b1182c1674aac93cf1747c6ce260a] 10.0.0.52 "DELETE /resource_providers/21ebdc63-4004-480a-a435-fa055157f29a" status: 404 len: 246 microversion: 1.1 [pid: 8|app: 0|req: 369/735] 10.0.0.52 () {34 vars in 815 bytes} [Wed Jun 24 19:18:01 2026] DELETE /resource_providers/21ebdc63-4004-480a-a435-fa055157f29a => generated 246 bytes in 16 msecs (HTTP/1.1 404) 6 headers in 231 bytes (1 switches on core 0)
2026-06-24 19:18:01.837 9 INFO placement.requestlog [None req-8399e400-5860-4e0f-bb89-3d0682f8c835 8ba6341e06554a6d9cefae991b77451a 1b557a4766d842af8cf5e54e96912487 - - 635b1182c1674aac93cf1747c6ce260a 635b1182c1674aac93cf1747c6ce260a] 10.0.0.52 "DELETE /resource_providers/21ebdc63-4004-480a-a435-fa055157f29a" status: 404 len: 246 microversion: 1.1 [pid: 9|app: 0|req: 367/736] 10.0.0.52 () {34 vars in 815 bytes} [Wed Jun 24 19:18:01 2026] DELETE /resource_providers/21ebdc63-4004-480a-a435-fa055157f29a => generated 246 bytes in 13 msecs (HTTP/1.1 404) 6 headers in 231 bytes (1 switches on core 0)
2026-06-24 19:18:02.144 8 INFO placement.requestlog [None req-4fb12971-8957-4807-8886-2c404fa1f739 8ba6341e06554a6d9cefae991b77451a 1b557a4766d842af8cf5e54e96912487 - - 635b1182c1674aac93cf1747c6ce260a 635b1182c1674aac93cf1747c6ce260a] 10.0.0.52 "GET /resource_providers/33e314e4-08f8-40a4-aa10-76f2df5def08/aggregates" status: 404 len: 235 microversion: 1.1 [pid: 8|app: 0|req: 370/737] 10.0.0.52 () {32 vars in 815 bytes} [Wed Jun 24 19:18:02 2026] GET /resource_providers/33e314e4-08f8-40a4-aa10-76f2df5def08/aggregates => generated 235 bytes in 18 msecs (HTTP/1.1 404) 5 headers in 202 bytes (1 switches on core 0)
2026-06-24 19:18:02.148 9 INFO placement.requestlog [None req-f87a48b0-eca4-4b0b-8e92-1be132d442ec 8ba6341e06554a6d9cefae991b77451a 1b557a4766d842af8cf5e54e96912487 - - 635b1182c1674aac93cf1747c6ce260a 635b1182c1674aac93cf1747c6ce260a] 10.0.0.52 "GET /resource_providers/33e314e4-08f8-40a4-aa10-76f2df5def08/aggregates" status: 404 len: 235 microversion: 1.1 [pid: 9|app: 0|req: 368/738] 10.0.0.52 () {32 vars in 815 bytes} [Wed Jun 24 19:18:02 2026] GET /resource_providers/33e314e4-08f8-40a4-aa10-76f2df5def08/aggregates => generated 235 bytes in 19 msecs (HTTP/1.1 404) 5 headers in 202 bytes (1 switches on core 0)
2026-06-24 19:18:02.170 8 INFO placement.requestlog [None req-0b6f270e-12a6-4cb2-9706-d035c7c7ac33 8ba6341e06554a6d9cefae991b77451a 1b557a4766d842af8cf5e54e96912487 - - 635b1182c1674aac93cf1747c6ce260a 635b1182c1674aac93cf1747c6ce260a] 10.0.0.52 "DELETE /resource_providers/33e314e4-08f8-40a4-aa10-76f2df5def08" status: 404 len: 246 microversion: 1.1 [pid: 8|app: 0|req: 371/739] 10.0.0.52 () {34 vars in 815 bytes} [Wed Jun 24 19:18:02 2026] DELETE /resource_providers/33e314e4-08f8-40a4-aa10-76f2df5def08 => generated 246 bytes in 12 msecs (HTTP/1.1 404) 6 headers in 231 bytes (1 switches on core 0)
2026-06-24 19:18:02.173 9 INFO placement.requestlog [None req-5ea0d505-4aa4-4fcc-b143-1e5d8cfd2344 8ba6341e06554a6d9cefae991b77451a 1b557a4766d842af8cf5e54e96912487 - - 635b1182c1674aac93cf1747c6ce260a 635b1182c1674aac93cf1747c6ce260a] 10.0.0.52 "DELETE /resource_providers/33e314e4-08f8-40a4-aa10-76f2df5def08" status: 404 len: 246 microversion: 1.1 [pid: 9|app: 0|req: 369/740] 10.0.0.52 () {34 vars in 815 bytes} [Wed Jun 24 19:18:02 2026] DELETE /resource_providers/33e314e4-08f8-40a4-aa10-76f2df5def08 => generated 246 bytes in 12 msecs (HTTP/1.1 404) 6 headers in 231 bytes (1 switches on core 0)
2026-06-24 19:18:03.852 8 INFO placement.requestlog [None req-1a7b000c-9efb-4ecf-bead-5b6c007155cd 8ba6341e06554a6d9cefae991b77451a 1b557a4766d842af8cf5e54e96912487 - - 635b1182c1674aac93cf1747c6ce260a 635b1182c1674aac93cf1747c6ce260a] 10.0.0.52 "GET /resource_providers/8f2c9e41-15f2-497c-b966-3e198e38ca9e/aggregates" status: 404 len: 235 microversion: 1.1 [pid: 8|app: 0|req: 372/741] 10.0.0.52 () {32 vars in 815 bytes} [Wed Jun 24 19:18:03 2026] GET /resource_providers/8f2c9e41-15f2-497c-b966-3e198e38ca9e/aggregates => generated 235 bytes in 14 msecs (HTTP/1.1 404) 5 headers in 202 bytes (1 switches on core 0)
2026-06-24 19:18:03.873 9 INFO placement.requestlog [None req-b7151d64-a91b-48fe-942c-1a2f22677299 8ba6341e06554a6d9cefae991b77451a 1b557a4766d842af8cf5e54e96912487 - - 635b1182c1674aac93cf1747c6ce260a 635b1182c1674aac93cf1747c6ce260a] 10.0.0.52 "GET /resource_providers/8f2c9e41-15f2-497c-b966-3e198e38ca9e/aggregates" status: 404 len: 235 microversion: 1.1 [pid: 9|app: 0|req: 370/742] 10.0.0.52 () {32 vars in 815 bytes} [Wed Jun 24 19:18:03 2026] GET /resource_providers/8f2c9e41-15f2-497c-b966-3e198e38ca9e/aggregates => generated 235 bytes in 13 msecs (HTTP/1.1 404) 5 headers in 202 bytes (1 switches on core 0)
2026-06-24 19:18:03.878 8 INFO placement.requestlog [None req-ac4b6a93-3fb4-419f-8b7a-9efc29064765 8ba6341e06554a6d9cefae991b77451a 1b557a4766d842af8cf5e54e96912487 - - 635b1182c1674aac93cf1747c6ce260a 635b1182c1674aac93cf1747c6ce260a] 10.0.0.52 "DELETE /resource_providers/8f2c9e41-15f2-497c-b966-3e198e38ca9e" status: 404 len: 246 microversion: 1.1 [pid: 8|app: 0|req: 373/743] 10.0.0.52 () {34 vars in 815 bytes} [Wed Jun 24 19:18:03 2026] DELETE /resource_providers/8f2c9e41-15f2-497c-b966-3e198e38ca9e => generated 246 bytes in 14 msecs (HTTP/1.1 404) 6 headers in 231 bytes (1 switches on core 0)
2026-06-24 19:18:03.897 9 INFO placement.requestlog [None req-55bc8471-2b62-4a2b-a0ba-5df473f075f0 8ba6341e06554a6d9cefae991b77451a 1b557a4766d842af8cf5e54e96912487 - - 635b1182c1674aac93cf1747c6ce260a 635b1182c1674aac93cf1747c6ce260a] 10.0.0.52 "DELETE /resource_providers/8f2c9e41-15f2-497c-b966-3e198e38ca9e" status: 404 len: 246 microversion: 1.1 [pid: 9|app: 0|req: 371/744] 10.0.0.52 () {34 vars in 815 bytes} [Wed Jun 24 19:18:03 2026] DELETE /resource_providers/8f2c9e41-15f2-497c-b966-3e198e38ca9e => generated 246 bytes in 12 msecs (HTTP/1.1 404) 6 headers in 231 bytes (1 switches on core 0)
2026-06-24 19:18:05.416 8 INFO placement.requestlog [None req-995b584f-70d1-458d-a057-75dfb260dee2 8ba6341e06554a6d9cefae991b77451a 1b557a4766d842af8cf5e54e96912487 - - 635b1182c1674aac93cf1747c6ce260a 635b1182c1674aac93cf1747c6ce260a] 10.0.0.52 "GET /resource_providers/3b6cd82a-00fd-43d9-805d-3cf95b135734/aggregates" status: 404 len: 235 microversion: 1.1 [pid: 8|app: 0|req: 374/745] 10.0.0.52 () {32 vars in 815 bytes} [Wed Jun 24 19:18:05 2026] GET /resource_providers/3b6cd82a-00fd-43d9-805d-3cf95b135734/aggregates => generated 235 bytes in 10 msecs (HTTP/1.1 404) 5 headers in 202 bytes (1 switches on core 0)
2026-06-24 19:18:05.427 9 INFO placement.requestlog [None req-b82a0245-78b1-41bb-814a-ec5e775df0b4 8ba6341e06554a6d9cefae991b77451a 1b557a4766d842af8cf5e54e96912487 - - 635b1182c1674aac93cf1747c6ce260a 635b1182c1674aac93cf1747c6ce260a] 10.0.0.52 "GET /resource_providers/3b6cd82a-00fd-43d9-805d-3cf95b135734/aggregates" status: 404 len: 235 microversion: 1.1 [pid: 9|app: 0|req: 372/746] 10.0.0.52 () {32 vars in 815 bytes} [Wed Jun 24 19:18:05 2026] GET /resource_providers/3b6cd82a-00fd-43d9-805d-3cf95b135734/aggregates => generated 235 bytes in 13 msecs (HTTP/1.1 404) 5 headers in 202 bytes (1 switches on core 0)
2026-06-24 19:18:05.449 8 INFO placement.requestlog [None req-3075c3ef-2832-4394-acad-fe498e8f191a 8ba6341e06554a6d9cefae991b77451a 1b557a4766d842af8cf5e54e96912487 - - 635b1182c1674aac93cf1747c6ce260a 635b1182c1674aac93cf1747c6ce260a] 10.0.0.52 "DELETE /resource_providers/3b6cd82a-00fd-43d9-805d-3cf95b135734" status: 404 len: 246 microversion: 1.1 [pid: 8|app: 0|req: 375/747] 10.0.0.52 () {34 vars in 815 bytes} [Wed Jun 24 19:18:05 2026] DELETE /resource_providers/3b6cd82a-00fd-43d9-805d-3cf95b135734 => generated 246 bytes in 23 msecs (HTTP/1.1 404) 6 headers in 231 bytes (1 switches on core 0)
2026-06-24 19:18:05.457 9 INFO placement.requestlog [None req-309b55f7-d0a4-43ac-8ba7-49c7d5b3abf2 8ba6341e06554a6d9cefae991b77451a 1b557a4766d842af8cf5e54e96912487 - - 635b1182c1674aac93cf1747c6ce260a 635b1182c1674aac93cf1747c6ce260a] 10.0.0.52 "DELETE /resource_providers/3b6cd82a-00fd-43d9-805d-3cf95b135734" status: 404 len: 246 microversion: 1.1 [pid: 9|app: 0|req: 373/748] 10.0.0.52 () {34 vars in 815 bytes} [Wed Jun 24 19:18:05 2026] DELETE /resource_providers/3b6cd82a-00fd-43d9-805d-3cf95b135734 => generated 246 bytes in 9 msecs (HTTP/1.1 404) 6 headers in 231 bytes (1 switches on core 0)
2026-06-24 19:18:05.908 8 INFO placement.requestlog [None req-f90c3f76-e6be-4421-b0ac-ed9450d10dfc 8ba6341e06554a6d9cefae991b77451a 1b557a4766d842af8cf5e54e96912487 - - 635b1182c1674aac93cf1747c6ce260a 635b1182c1674aac93cf1747c6ce260a] 10.0.0.52 "GET /resource_providers/72228ffa-d05b-4827-9bfd-3ae64e88ec3f/aggregates" status: 404 len: 235 microversion: 1.1 [pid: 8|app: 0|req: 376/749] 10.0.0.52 () {32 vars in 815 bytes} [Wed Jun 24 19:18:05 2026] GET /resource_providers/72228ffa-d05b-4827-9bfd-3ae64e88ec3f/aggregates => generated 235 bytes in 18 msecs (HTTP/1.1 404) 5 headers in 202 bytes (1 switches on core 0)
2026-06-24 19:18:05.938 8 INFO placement.requestlog [None req-03a4fcb7-3f35-4eba-8460-7e3e6bca96e6 8ba6341e06554a6d9cefae991b77451a 1b557a4766d842af8cf5e54e96912487 - - 635b1182c1674aac93cf1747c6ce260a 635b1182c1674aac93cf1747c6ce260a] 10.0.0.52 "GET /resource_providers/72228ffa-d05b-4827-9bfd-3ae64e88ec3f/aggregates" status: 404 len: 235 microversion: 1.1 [pid: 8|app: 0|req: 377/750] 10.0.0.52 () {32 vars in 815 bytes} [Wed Jun 24 19:18:05 2026] GET /resource_providers/72228ffa-d05b-4827-9bfd-3ae64e88ec3f/aggregates => generated 235 bytes in 11 msecs (HTTP/1.1 404) 5 headers in 202 bytes (1 switches on core 0)
2026-06-24 19:18:05.939 9 INFO placement.requestlog [None req-edc13459-19f7-48a4-b676-cf3f5e2f744c 8ba6341e06554a6d9cefae991b77451a 1b557a4766d842af8cf5e54e96912487 - - 635b1182c1674aac93cf1747c6ce260a 635b1182c1674aac93cf1747c6ce260a] 10.0.0.52 "DELETE /resource_providers/72228ffa-d05b-4827-9bfd-3ae64e88ec3f" status: 404 len: 246 microversion: 1.1 [pid: 9|app: 0|req: 374/751] 10.0.0.52 () {34 vars in 815 bytes} [Wed Jun 24 19:18:05 2026] DELETE /resource_providers/72228ffa-d05b-4827-9bfd-3ae64e88ec3f => generated 246 bytes in 14 msecs (HTTP/1.1 404) 6 headers in 231 bytes (1 switches on core 0)
2026-06-24 19:18:05.984 8 INFO placement.requestlog [None req-f4170eb4-2a35-48d1-8191-824a33e96e16 8ba6341e06554a6d9cefae991b77451a 1b557a4766d842af8cf5e54e96912487 - - 635b1182c1674aac93cf1747c6ce260a 635b1182c1674aac93cf1747c6ce260a] 10.0.0.52 "DELETE /resource_providers/72228ffa-d05b-4827-9bfd-3ae64e88ec3f" status: 404 len: 246 microversion: 1.1 [pid: 8|app: 0|req: 378/752] 10.0.0.52 () {34 vars in 815 bytes} [Wed Jun 24 19:18:05 2026] DELETE /resource_providers/72228ffa-d05b-4827-9bfd-3ae64e88ec3f => generated 246 bytes in 18 msecs (HTTP/1.1 404) 6 headers in 231 bytes (1 switches on core 0)
2026-06-24 19:18:06.581 9 INFO placement.requestlog [None req-de1a91c6-cc77-4b38-9152-697518765780 - - - - - -] 10.0.0.207 "GET /" status: 200 len: 136 microversion: 1.0
2026-06-24 19:18:06.581 8 INFO placement.requestlog [None req-6f492e37-6cdc-4db1-bbf1-febff93efa5e - - - - - -] 10.0.0.207 "GET /" status: 200 len: 136 microversion: 1.0
2026-06-24 19:18:07.481 9 INFO placement.requestlog [None req-94ccbbcf-4db9-461a-8e37-86040eaa1a5d 8ba6341e06554a6d9cefae991b77451a 1b557a4766d842af8cf5e54e96912487 - - 635b1182c1674aac93cf1747c6ce260a 635b1182c1674aac93cf1747c6ce260a] 10.0.0.52 "GET /resource_providers/0b20aa79-37f3-427a-ac15-50dc86739551/aggregates" status: 404 len: 235 microversion: 1.1 [pid: 9|app: 0|req: 376/755] 10.0.0.52 () {32 vars in 815 bytes} [Wed Jun 24 19:18:07 2026] GET /resource_providers/0b20aa79-37f3-427a-ac15-50dc86739551/aggregates => generated 235 bytes in 16 msecs (HTTP/1.1 404) 5 headers in 202 bytes (1 switches on core 0)
2026-06-24 19:18:07.487 8 INFO placement.requestlog [None req-70bc06a1-9998-4dae-934b-3cc992fe8803 8ba6341e06554a6d9cefae991b77451a 1b557a4766d842af8cf5e54e96912487 - - 635b1182c1674aac93cf1747c6ce260a 635b1182c1674aac93cf1747c6ce260a] 10.0.0.52 "GET /resource_providers/0b20aa79-37f3-427a-ac15-50dc86739551/aggregates" status: 404 len: 235 microversion: 1.1 [pid: 8|app: 0|req: 380/756] 10.0.0.52 () {32 vars in 815 bytes} [Wed Jun 24 19:18:07 2026] GET /resource_providers/0b20aa79-37f3-427a-ac15-50dc86739551/aggregates => generated 235 bytes in 19 msecs (HTTP/1.1 404) 5 headers in 202 bytes (1 switches on core 0)
2026-06-24 19:18:07.515 8 INFO placement.requestlog [None req-13fc0a9d-20c5-4070-a055-0b08e899e743 8ba6341e06554a6d9cefae991b77451a 1b557a4766d842af8cf5e54e96912487 - - 635b1182c1674aac93cf1747c6ce260a 635b1182c1674aac93cf1747c6ce260a] 10.0.0.52 "DELETE /resource_providers/0b20aa79-37f3-427a-ac15-50dc86739551" status: 404 len: 246 microversion: 1.1 [pid: 8|app: 0|req: 381/757] 10.0.0.52 () {34 vars in 815 bytes} [Wed Jun 24 19:18:07 2026] DELETE /resource_providers/0b20aa79-37f3-427a-ac15-50dc86739551 => generated 246 bytes in 12 msecs (HTTP/1.1 404) 6 headers in 231 bytes (1 switches on core 0)
2026-06-24 19:18:07.519 9 INFO placement.requestlog [None req-7718fa3d-b843-4039-a0fd-0d9371544018 8ba6341e06554a6d9cefae991b77451a 1b557a4766d842af8cf5e54e96912487 - - 635b1182c1674aac93cf1747c6ce260a 635b1182c1674aac93cf1747c6ce260a] 10.0.0.52 "DELETE /resource_providers/0b20aa79-37f3-427a-ac15-50dc86739551" status: 404 len: 246 microversion: 1.1 [pid: 9|app: 0|req: 377/758] 10.0.0.52 () {34 vars in 815 bytes} [Wed Jun 24 19:18:07 2026] DELETE /resource_providers/0b20aa79-37f3-427a-ac15-50dc86739551 => generated 246 bytes in 20 msecs (HTTP/1.1 404) 6 headers in 231 bytes (1 switches on core 0)
2026-06-24 19:18:09.585 8 INFO placement.requestlog [None req-e80a0cfd-3807-47a8-8488-7451e3a90b83 8ba6341e06554a6d9cefae991b77451a 1b557a4766d842af8cf5e54e96912487 - - 635b1182c1674aac93cf1747c6ce260a 635b1182c1674aac93cf1747c6ce260a] 10.0.0.52 "GET /resource_providers/4e014ec7-a2ca-4c46-99d7-3635192a8670/aggregates" status: 404 len: 235 microversion: 1.1 [pid: 8|app: 0|req: 382/759] 10.0.0.52 () {32 vars in 815 bytes} [Wed Jun 24 19:18:09 2026] GET /resource_providers/4e014ec7-a2ca-4c46-99d7-3635192a8670/aggregates => generated 235 bytes in 12 msecs (HTTP/1.1 404) 5 headers in 202 bytes (1 switches on core 0)
2026-06-24 19:18:09.586 9 INFO placement.requestlog [None req-349176c4-5765-48af-acdb-3bd1db7c3080 8ba6341e06554a6d9cefae991b77451a 1b557a4766d842af8cf5e54e96912487 - - 635b1182c1674aac93cf1747c6ce260a 635b1182c1674aac93cf1747c6ce260a] 10.0.0.52 "GET /resource_providers/4e014ec7-a2ca-4c46-99d7-3635192a8670/aggregates" status: 404 len: 235 microversion: 1.1 [pid: 9|app: 0|req: 378/760] 10.0.0.52 () {32 vars in 815 bytes} [Wed Jun 24 19:18:09 2026] GET /resource_providers/4e014ec7-a2ca-4c46-99d7-3635192a8670/aggregates => generated 235 bytes in 14 msecs (HTTP/1.1 404) 5 headers in 202 bytes (1 switches on core 0)
2026-06-24 19:18:09.611 8 INFO placement.requestlog [None req-91dd134c-adbb-48a7-8e09-5b31acf9c944 8ba6341e06554a6d9cefae991b77451a 1b557a4766d842af8cf5e54e96912487 - - 635b1182c1674aac93cf1747c6ce260a 635b1182c1674aac93cf1747c6ce260a] 10.0.0.52 "DELETE /resource_providers/4e014ec7-a2ca-4c46-99d7-3635192a8670" status: 404 len: 246 microversion: 1.1 [pid: 8|app: 0|req: 383/761] 10.0.0.52 () {34 vars in 815 bytes} [Wed Jun 24 19:18:09 2026] DELETE /resource_providers/4e014ec7-a2ca-4c46-99d7-3635192a8670 => generated 246 bytes in 12 msecs (HTTP/1.1 404) 6 headers in 231 bytes (1 switches on core 0)
2026-06-24 19:18:09.620 9 INFO placement.requestlog [None req-84c036ea-ab89-430d-b4fc-22e1bd6229a0 8ba6341e06554a6d9cefae991b77451a 1b557a4766d842af8cf5e54e96912487 - - 635b1182c1674aac93cf1747c6ce260a 635b1182c1674aac93cf1747c6ce260a] 10.0.0.52 "DELETE /resource_providers/4e014ec7-a2ca-4c46-99d7-3635192a8670" status: 404 len: 246 microversion: 1.1 [pid: 9|app: 0|req: 379/762] 10.0.0.52 () {34 vars in 815 bytes} [Wed Jun 24 19:18:09 2026] DELETE /resource_providers/4e014ec7-a2ca-4c46-99d7-3635192a8670 => generated 246 bytes in 11 msecs (HTTP/1.1 404) 6 headers in 231 bytes (1 switches on core 0)
2026-06-24 19:18:10.580 9 INFO placement.requestlog [None req-6c6962d8-9a8d-4bb4-9053-b86b609b011d 8ba6341e06554a6d9cefae991b77451a 1b557a4766d842af8cf5e54e96912487 - - 635b1182c1674aac93cf1747c6ce260a 635b1182c1674aac93cf1747c6ce260a] 10.0.0.52 "GET /resource_providers/9e93c480-11f8-4362-a43e-38f119b2af93/aggregates" status: 404 len: 235 microversion: 1.1 [pid: 9|app: 0|req: 380/763] 10.0.0.52 () {32 vars in 815 bytes} [Wed Jun 24 19:18:10 2026] GET /resource_providers/9e93c480-11f8-4362-a43e-38f119b2af93/aggregates => generated 235 bytes in 13 msecs (HTTP/1.1 404) 5 headers in 202 bytes (1 switches on core 0)
2026-06-24 19:18:10.585 8 INFO placement.requestlog [None req-43bba9b4-b189-43cb-b93a-00c266e88bf0 8ba6341e06554a6d9cefae991b77451a 1b557a4766d842af8cf5e54e96912487 - - 635b1182c1674aac93cf1747c6ce260a 635b1182c1674aac93cf1747c6ce260a] 10.0.0.52 "GET /resource_providers/9e93c480-11f8-4362-a43e-38f119b2af93/aggregates" status: 404 len: 235 microversion: 1.1 [pid: 8|app: 0|req: 384/764] 10.0.0.52 () {32 vars in 815 bytes} [Wed Jun 24 19:18:10 2026] GET /resource_providers/9e93c480-11f8-4362-a43e-38f119b2af93/aggregates => generated 235 bytes in 21 msecs (HTTP/1.1 404) 5 headers in 202 bytes (1 switches on core 0)
2026-06-24 19:18:10.614 9 INFO placement.requestlog [None req-838cc561-617f-4d17-9069-2a4546f02cfc 8ba6341e06554a6d9cefae991b77451a 1b557a4766d842af8cf5e54e96912487 - - 635b1182c1674aac93cf1747c6ce260a 635b1182c1674aac93cf1747c6ce260a] 10.0.0.52 "DELETE /resource_providers/9e93c480-11f8-4362-a43e-38f119b2af93" status: 404 len: 246 microversion: 1.1 [pid: 9|app: 0|req: 381/765] 10.0.0.52 () {34 vars in 815 bytes} [Wed Jun 24 19:18:10 2026] DELETE /resource_providers/9e93c480-11f8-4362-a43e-38f119b2af93 => generated 246 bytes in 17 msecs (HTTP/1.1 404) 6 headers in 231 bytes (1 switches on core 0)
2026-06-24 19:18:10.616 8 INFO placement.requestlog [None req-624d0ff7-40d3-4de2-ab6d-25387d245d4c 8ba6341e06554a6d9cefae991b77451a 1b557a4766d842af8cf5e54e96912487 - - 635b1182c1674aac93cf1747c6ce260a 635b1182c1674aac93cf1747c6ce260a] 10.0.0.52 "DELETE /resource_providers/9e93c480-11f8-4362-a43e-38f119b2af93" status: 404 len: 246 microversion: 1.1 [pid: 8|app: 0|req: 385/766] 10.0.0.52 () {34 vars in 815 bytes} [Wed Jun 24 19:18:10 2026] DELETE /resource_providers/9e93c480-11f8-4362-a43e-38f119b2af93 => generated 246 bytes in 16 msecs (HTTP/1.1 404) 6 headers in 231 bytes (1 switches on core 0)
2026-06-24 19:18:16.581 9 INFO placement.requestlog [None req-cfb517a3-c529-40f6-8d06-16d4c191064d - - - - - -] 10.0.0.207 "GET /" status: 200 len: 136 microversion: 1.0
2026-06-24 19:18:16.582 8 INFO placement.requestlog [None req-e41d1a5e-e9f3-43d5-b3e3-a42dd62d74c2 - - - - - -] 10.0.0.207 "GET /" status: 200 len: 136 microversion: 1.0
2026-06-24 19:18:17.345 9 INFO placement.requestlog [req-9bcdffb1-647c-42e5-80da-bfb693fd227d req-06d4e4f3-65bd-4740-a698-e89a0119941e 4d14c53ed36c492bb42568efd1f16c2a 1b557a4766d842af8cf5e54e96912487 - - 635b1182c1674aac93cf1747c6ce260a 635b1182c1674aac93cf1747c6ce260a] 10.0.0.208 "GET /allocation_candidates?limit=1000&resources=DISK_GB%3A1%2CMEMORY_MB%3A512%2CVCPU%3A1&root_required=%21COMPUTE_STATUS_DISABLED" status: 200 len: 2444 microversion: 1.36 [pid: 9|app: 0|req: 383/769] 10.0.0.208 () {34 vars in 1012 bytes} [Wed Jun 24 19:18:17 2026] GET /allocation_candidates?limit=1000&resources=DISK_GB%3A1%2CMEMORY_MB%3A512%2CVCPU%3A1&root_required=%21COMPUTE_STATUS_DISABLED => generated 2444 bytes in 63 msecs (HTTP/1.1 200) 8 headers in 297 bytes (1 switches on core 0)
2026-06-24 19:18:17.389 8 INFO placement.requestlog [req-9bcdffb1-647c-42e5-80da-bfb693fd227d req-ff45db02-5850-4090-af3c-ae69c3ea271a 4d14c53ed36c492bb42568efd1f16c2a 1b557a4766d842af8cf5e54e96912487 - - 635b1182c1674aac93cf1747c6ce260a 635b1182c1674aac93cf1747c6ce260a] 10.0.0.208 "GET /allocations/a9a2184d-5fde-4963-bac2-ffd568a2f047" status: 200 len: 19 microversion: 1.28 [pid: 8|app: 0|req: 387/770] 10.0.0.208 () {34 vars in 861 bytes} [Wed Jun 24 19:18:17 2026] GET /allocations/a9a2184d-5fde-4963-bac2-ffd568a2f047 => generated 19 bytes in 20 msecs (HTTP/1.1 200) 8 headers in 295 bytes (1 switches on core 0)
2026-06-24 19:18:18.232 9 INFO placement.requestlog [req-9bcdffb1-647c-42e5-80da-bfb693fd227d req-ee070f27-06e0-4abb-973c-1ea600e599b9 4d14c53ed36c492bb42568efd1f16c2a 1b557a4766d842af8cf5e54e96912487 - - 635b1182c1674aac93cf1747c6ce260a 635b1182c1674aac93cf1747c6ce260a] 10.0.0.208 "PUT /allocations/a9a2184d-5fde-4963-bac2-ffd568a2f047" status: 204 len: 0 microversion: 1.36 [pid: 9|app: 0|req: 384/771] 10.0.0.208 () {38 vars in 914 bytes} [Wed Jun 24 19:18:17 2026] PUT /allocations/a9a2184d-5fde-4963-bac2-ffd568a2f047 => generated 0 bytes in 836 msecs (HTTP/1.1 204) 5 headers in 199 bytes (1 switches on core 0)
2026-06-24 19:18:19.710 8 INFO placement.requestlog [req-9bcdffb1-647c-42e5-80da-bfb693fd227d req-3d0b4434-358a-4902-bd7b-0b3a2215460d 4d14c53ed36c492bb42568efd1f16c2a 1b557a4766d842af8cf5e54e96912487 - - 635b1182c1674aac93cf1747c6ce260a 635b1182c1674aac93cf1747c6ce260a] 199.19.213.80 "GET /allocations/a9a2184d-5fde-4963-bac2-ffd568a2f047" status: 200 len: 257 microversion: 1.28 [pid: 8|app: 0|req: 388/772] 199.19.213.80 () {34 vars in 862 bytes} [Wed Jun 24 19:18:19 2026] GET /allocations/a9a2184d-5fde-4963-bac2-ffd568a2f047 => generated 257 bytes in 18 msecs (HTTP/1.1 200) 8 headers in 296 bytes (1 switches on core 0)
2026-06-24 19:18:20.763 9 INFO placement.requestlog [req-9bcdffb1-647c-42e5-80da-bfb693fd227d req-9dee67e7-a1ff-48b2-8f7b-1b61bd5d0f55 4d14c53ed36c492bb42568efd1f16c2a 1b557a4766d842af8cf5e54e96912487 - - 635b1182c1674aac93cf1747c6ce260a 635b1182c1674aac93cf1747c6ce260a] 199.19.213.80 "GET /resource_providers/aa8e4474-714d-4de5-b145-73fdc25f4988/allocations" status: 200 len: 252 microversion: 1.0 [pid: 9|app: 0|req: 385/773] 199.19.213.80 () {32 vars in 856 bytes} [Wed Jun 24 19:18:20 2026] GET /resource_providers/aa8e4474-714d-4de5-b145-73fdc25f4988/allocations => generated 252 bytes in 21 msecs (HTTP/1.1 200) 6 headers in 224 bytes (1 switches on core 0)
2026-06-24 19:18:20.788 8 INFO placement.requestlog [req-9bcdffb1-647c-42e5-80da-bfb693fd227d req-5af60abf-cd92-44ab-88ab-02f0f4b21e2a 4d14c53ed36c492bb42568efd1f16c2a 1b557a4766d842af8cf5e54e96912487 - - 635b1182c1674aac93cf1747c6ce260a 635b1182c1674aac93cf1747c6ce260a] 199.19.213.80 "GET /allocations/a22b767d-66f3-417e-94f3-573767327837" status: 200 len: 257 microversion: 1.28 [pid: 8|app: 0|req: 389/774] 199.19.213.80 () {34 vars in 862 bytes} [Wed Jun 24 19:18:20 2026] GET /allocations/a22b767d-66f3-417e-94f3-573767327837 => generated 257 bytes in 20 msecs (HTTP/1.1 200) 8 headers in 296 bytes (1 switches on core 0)
2026-06-24 19:18:20.812 9 INFO placement.requestlog [req-9bcdffb1-647c-42e5-80da-bfb693fd227d req-0125d36d-c6c9-4f72-aa3e-431769ff2c60 4d14c53ed36c492bb42568efd1f16c2a 1b557a4766d842af8cf5e54e96912487 - - 635b1182c1674aac93cf1747c6ce260a 635b1182c1674aac93cf1747c6ce260a] 199.19.213.80 "GET /allocations/a9a2184d-5fde-4963-bac2-ffd568a2f047" status: 200 len: 257 microversion: 1.28 [pid: 9|app: 0|req: 386/775] 199.19.213.80 () {34 vars in 862 bytes} [Wed Jun 24 19:18:20 2026] GET /allocations/a9a2184d-5fde-4963-bac2-ffd568a2f047 => generated 257 bytes in 17 msecs (HTTP/1.1 200) 8 headers in 296 bytes (1 switches on core 0)
2026-06-24 19:18:21.877 8 INFO placement.requestlog [req-0610df79-2d09-47e0-92dc-894fe567d9fb req-d8654a4d-0745-40e9-bf32-62695738a6e7 4d14c53ed36c492bb42568efd1f16c2a 1b557a4766d842af8cf5e54e96912487 - - 635b1182c1674aac93cf1747c6ce260a 635b1182c1674aac93cf1747c6ce260a] 199.19.213.80 "GET /resource_providers/aa8e4474-714d-4de5-b145-73fdc25f4988/allocations" status: 200 len: 252 microversion: 1.0 [pid: 8|app: 0|req: 390/776] 199.19.213.80 () {32 vars in 856 bytes} [Wed Jun 24 19:18:21 2026] GET /resource_providers/aa8e4474-714d-4de5-b145-73fdc25f4988/allocations => generated 252 bytes in 26 msecs (HTTP/1.1 200) 6 headers in 224 bytes (1 switches on core 0)
2026-06-24 19:18:21.895 9 INFO placement.requestlog [req-0610df79-2d09-47e0-92dc-894fe567d9fb req-a3052f36-0435-4926-8fa6-a910a5af7060 4d14c53ed36c492bb42568efd1f16c2a 1b557a4766d842af8cf5e54e96912487 - - 635b1182c1674aac93cf1747c6ce260a 635b1182c1674aac93cf1747c6ce260a] 199.19.213.80 "GET /allocations/a22b767d-66f3-417e-94f3-573767327837" status: 200 len: 257 microversion: 1.28 [pid: 9|app: 0|req: 387/777] 199.19.213.80 () {34 vars in 862 bytes} [Wed Jun 24 19:18:21 2026] GET /allocations/a22b767d-66f3-417e-94f3-573767327837 => generated 257 bytes in 14 msecs (HTTP/1.1 200) 8 headers in 296 bytes (1 switches on core 0)
2026-06-24 19:18:21.927 8 INFO placement.requestlog [req-0610df79-2d09-47e0-92dc-894fe567d9fb req-25166d88-3d91-41b7-8355-4fbb27ced2b1 4d14c53ed36c492bb42568efd1f16c2a 1b557a4766d842af8cf5e54e96912487 - - 635b1182c1674aac93cf1747c6ce260a 635b1182c1674aac93cf1747c6ce260a] 199.19.213.80 "GET /allocations/a9a2184d-5fde-4963-bac2-ffd568a2f047" status: 200 len: 257 microversion: 1.28 [pid: 8|app: 0|req: 391/778] 199.19.213.80 () {34 vars in 862 bytes} [Wed Jun 24 19:18:21 2026] GET /allocations/a9a2184d-5fde-4963-bac2-ffd568a2f047 => generated 257 bytes in 26 msecs (HTTP/1.1 200) 8 headers in 296 bytes (1 switches on core 0)
2026-06-24 19:18:23.432 9 INFO placement.requestlog [req-0610df79-2d09-47e0-92dc-894fe567d9fb req-4a91082b-cdae-4c09-a484-0398368a0cb5 4d14c53ed36c492bb42568efd1f16c2a 1b557a4766d842af8cf5e54e96912487 - - 635b1182c1674aac93cf1747c6ce260a 635b1182c1674aac93cf1747c6ce260a] 199.19.213.80 "DELETE /allocations/a22b767d-66f3-417e-94f3-573767327837" status: 204 len: 0 microversion: 1.0 [pid: 9|app: 0|req: 388/779] 199.19.213.80 () {34 vars in 840 bytes} [Wed Jun 24 19:18:22 2026] DELETE /allocations/a22b767d-66f3-417e-94f3-573767327837 => generated 0 bytes in 479 msecs (HTTP/1.1 204) 5 headers in 198 bytes (1 switches on core 0)
2026-06-24 19:18:26.581 9 INFO placement.requestlog [None req-ca524968-e6eb-43ca-9c62-a3a7c9dbb826 - - - - - -] 10.0.0.207 "GET /" status: 200 len: 136 microversion: 1.0
2026-06-24 19:18:26.581 8 INFO placement.requestlog [None req-78eb28bc-e20a-4858-9eda-dad9caab05bf - - - - - -] 10.0.0.207 "GET /" status: 200 len: 136 microversion: 1.0
2026-06-24 19:18:28.067 8 INFO placement.requestlog [None req-1c3813ad-80b0-40a9-ae57-e877f258914c 8ba6341e06554a6d9cefae991b77451a 1b557a4766d842af8cf5e54e96912487 - - 635b1182c1674aac93cf1747c6ce260a 635b1182c1674aac93cf1747c6ce260a] 10.0.0.52 "GET /resource_providers/1f37a1a5-f421-4df7-97cb-ef46c7bf8003/aggregates" status: 404 len: 235 microversion: 1.1 [pid: 8|app: 0|req: 393/782] 10.0.0.52 () {32 vars in 815 bytes} [Wed Jun 24 19:18:28 2026] GET /resource_providers/1f37a1a5-f421-4df7-97cb-ef46c7bf8003/aggregates => generated 235 bytes in 10 msecs (HTTP/1.1 404) 5 headers in 202 bytes (1 switches on core 0)
2026-06-24 19:18:28.069 9 INFO placement.requestlog [None req-8ad37f78-7c1e-4b9a-a0cb-88277e1f1b36 8ba6341e06554a6d9cefae991b77451a 1b557a4766d842af8cf5e54e96912487 - - 635b1182c1674aac93cf1747c6ce260a 635b1182c1674aac93cf1747c6ce260a] 10.0.0.52 "GET /resource_providers/1f37a1a5-f421-4df7-97cb-ef46c7bf8003/aggregates" status: 404 len: 235 microversion: 1.1 [pid: 9|app: 0|req: 390/783] 10.0.0.52 () {32 vars in 815 bytes} [Wed Jun 24 19:18:28 2026] GET /resource_providers/1f37a1a5-f421-4df7-97cb-ef46c7bf8003/aggregates => generated 235 bytes in 12 msecs (HTTP/1.1 404) 5 headers in 202 bytes (1 switches on core 0)
2026-06-24 19:18:28.100 9 INFO placement.requestlog [None req-7eb3db54-f715-48e8-addd-110baacd1650 8ba6341e06554a6d9cefae991b77451a 1b557a4766d842af8cf5e54e96912487 - - 635b1182c1674aac93cf1747c6ce260a 635b1182c1674aac93cf1747c6ce260a] 10.0.0.52 "DELETE /resource_providers/1f37a1a5-f421-4df7-97cb-ef46c7bf8003" status: 404 len: 246 microversion: 1.1 [pid: 9|app: 0|req: 391/784] 10.0.0.52 () {34 vars in 815 bytes} [Wed Jun 24 19:18:28 2026] DELETE /resource_providers/1f37a1a5-f421-4df7-97cb-ef46c7bf8003 => generated 246 bytes in 15 msecs (HTTP/1.1 404) 6 headers in 231 bytes (1 switches on core 0)
2026-06-24 19:18:28.108 8 INFO placement.requestlog [None req-8321b60b-da8d-4de2-8da0-313678464c51 8ba6341e06554a6d9cefae991b77451a 1b557a4766d842af8cf5e54e96912487 - - 635b1182c1674aac93cf1747c6ce260a 635b1182c1674aac93cf1747c6ce260a] 10.0.0.52 "DELETE /resource_providers/1f37a1a5-f421-4df7-97cb-ef46c7bf8003" status: 404 len: 246 microversion: 1.1 [pid: 8|app: 0|req: 394/785] 10.0.0.52 () {34 vars in 815 bytes} [Wed Jun 24 19:18:28 2026] DELETE /resource_providers/1f37a1a5-f421-4df7-97cb-ef46c7bf8003 => generated 246 bytes in 23 msecs (HTTP/1.1 404) 6 headers in 231 bytes (1 switches on core 0)
2026-06-24 19:18:30.125 9 INFO placement.requestlog [None req-fcb6dae3-1f82-407e-91d4-943fb2f3dbc0 8ba6341e06554a6d9cefae991b77451a 1b557a4766d842af8cf5e54e96912487 - - 635b1182c1674aac93cf1747c6ce260a 635b1182c1674aac93cf1747c6ce260a] 10.0.0.52 "GET /resource_providers/ee7742be-a164-45d0-b3da-66e73440916f/aggregates" status: 404 len: 235 microversion: 1.1 [pid: 9|app: 0|req: 392/786] 10.0.0.52 () {32 vars in 815 bytes} [Wed Jun 24 19:18:30 2026] GET /resource_providers/ee7742be-a164-45d0-b3da-66e73440916f/aggregates => generated 235 bytes in 16 msecs (HTTP/1.1 404) 5 headers in 202 bytes (1 switches on core 0)
2026-06-24 19:18:30.142 8 INFO placement.requestlog [None req-75d48045-ec81-4db4-be0f-0d164cd8e714 8ba6341e06554a6d9cefae991b77451a 1b557a4766d842af8cf5e54e96912487 - - 635b1182c1674aac93cf1747c6ce260a 635b1182c1674aac93cf1747c6ce260a] 10.0.0.52 "DELETE /resource_providers/ee7742be-a164-45d0-b3da-66e73440916f" status: 404 len: 246 microversion: 1.1 [pid: 8|app: 0|req: 395/787] 10.0.0.52 () {34 vars in 815 bytes} [Wed Jun 24 19:18:30 2026] DELETE /resource_providers/ee7742be-a164-45d0-b3da-66e73440916f => generated 246 bytes in 9 msecs (HTTP/1.1 404) 6 headers in 231 bytes (1 switches on core 0)
2026-06-24 19:18:30.146 9 INFO placement.requestlog [None req-b33b3e81-62ef-476a-9fcf-6c9f1a1b66c9 8ba6341e06554a6d9cefae991b77451a 1b557a4766d842af8cf5e54e96912487 - - 635b1182c1674aac93cf1747c6ce260a 635b1182c1674aac93cf1747c6ce260a] 10.0.0.52 "GET /resource_providers/ee7742be-a164-45d0-b3da-66e73440916f/aggregates" status: 404 len: 235 microversion: 1.1 [pid: 9|app: 0|req: 393/788] 10.0.0.52 () {32 vars in 815 bytes} [Wed Jun 24 19:18:30 2026] GET /resource_providers/ee7742be-a164-45d0-b3da-66e73440916f/aggregates => generated 235 bytes in 12 msecs (HTTP/1.1 404) 5 headers in 202 bytes (1 switches on core 0)
2026-06-24 19:18:30.170 8 INFO placement.requestlog [None req-c61ef924-5805-4012-9772-2d8457ebb381 8ba6341e06554a6d9cefae991b77451a 1b557a4766d842af8cf5e54e96912487 - - 635b1182c1674aac93cf1747c6ce260a 635b1182c1674aac93cf1747c6ce260a] 10.0.0.52 "DELETE /resource_providers/ee7742be-a164-45d0-b3da-66e73440916f" status: 404 len: 246 microversion: 1.1 [pid: 8|app: 0|req: 396/789] 10.0.0.52 () {34 vars in 815 bytes} [Wed Jun 24 19:18:30 2026] DELETE /resource_providers/ee7742be-a164-45d0-b3da-66e73440916f => generated 246 bytes in 12 msecs (HTTP/1.1 404) 6 headers in 231 bytes (1 switches on core 0)
2026-06-24 19:18:36.583 8 INFO placement.requestlog [None req-5cf4e303-9de4-44d6-8b54-49c269ed1c0d - - - - - -] 10.0.0.207 "GET /" status: 200 len: 136 microversion: 1.0
2026-06-24 19:18:36.584 9 INFO placement.requestlog [None req-2afd90cf-cc13-4cfe-acaf-22c81121dd73 - - - - - -] 10.0.0.207 "GET /" status: 200 len: 136 microversion: 1.0
