Jul 10 01:55:02.355419 np0000184928 nova-conductor[109177]: DEBUG cotyledon.oslo_config_glue [-] vmware.pbm_enabled = False {{(pid=109177) log_opt_values /opt/stack/data/venv/lib/python3.12/site-packages/oslo_config/cfg.py:3253}}
Jul 10 01:55:02.355520 np0000184928 nova-conductor[109177]: DEBUG cotyledon.oslo_config_glue [-] vmware.pbm_wsdl_location = None {{(pid=109177) log_opt_values /opt/stack/data/venv/lib/python3.12/site-packages/oslo_config/cfg.py:3253}}
Jul 10 01:55:02.355562 np0000184928 nova-conductor[109177]: DEBUG cotyledon.oslo_config_glue [-] vmware.serial_log_dir = /opt/vmware/vspc {{(pid=109177) log_opt_values /opt/stack/data/venv/lib/python3.12/site-packages/oslo_config/cfg.py:3253}}
Jul 10 01:55:02.355660 np0000184928 nova-conductor[109177]: DEBUG cotyledon.oslo_config_glue [-] vmware.serial_port_proxy_uri = None {{(pid=109177) log_opt_values /opt/stack/data/venv/lib/python3.12/site-packages/oslo_config/cfg.py:3253}}
Jul 10 01:55:02.355704 np0000184928 nova-conductor[109177]: DEBUG cotyledon.oslo_config_glue [-] vmware.serial_port_service_uri = None {{(pid=109177) log_opt_values /opt/stack/data/venv/lib/python3.12/site-packages/oslo_config/cfg.py:3253}}
Jul 10 01:55:02.355807 np0000184928 nova-conductor[109177]: DEBUG cotyledon.oslo_config_glue [-] vmware.task_poll_interval = 0.5 {{(pid=109177) log_opt_values /opt/stack/data/venv/lib/python3.12/site-packages/oslo_config/cfg.py:3253}}
Jul 10 01:55:02.355852 np0000184928 nova-conductor[109177]: DEBUG cotyledon.oslo_config_glue [-] vmware.use_linked_clone = True {{(pid=109177) log_opt_values /opt/stack/data/venv/lib/python3.12/site-packages/oslo_config/cfg.py:3253}}
Jul 10 01:55:02.355951 np0000184928 nova-conductor[109177]: DEBUG cotyledon.oslo_config_glue [-] vmware.vnc_keymap = en-us {{(pid=109177) log_opt_values /opt/stack/data/venv/lib/python3.12/site-packages/oslo_config/cfg.py:3253}}
Jul 10 01:55:02.355992 np0000184928 nova-conductor[109177]: DEBUG cotyledon.oslo_config_glue [-] vmware.vnc_port = 5900 {{(pid=109177) log_opt_values /opt/stack/data/venv/lib/python3.12/site-packages/oslo_config/cfg.py:3253}}
Jul 10 01:55:02.356105 np0000184928 nova-conductor[109177]: DEBUG cotyledon.oslo_config_glue [-] vmware.vnc_port_total = 10000 {{(pid=109177) log_opt_values /opt/stack/data/venv/lib/python3.12/site-packages/oslo_config/cfg.py:3253}}
Jul 10 01:55:02.356157 np0000184928 nova-conductor[109177]: DEBUG cotyledon.oslo_config_glue [-] vnc.auth_schemes = ['none'] {{(pid=109177) log_opt_values /opt/stack/data/venv/lib/python3.12/site-packages/oslo_config/cfg.py:3253}}
Jul 10 01:55:02.356262 np0000184928 nova-conductor[109177]: DEBUG cotyledon.oslo_config_glue [-] vnc.enabled = True {{(pid=109177) log_opt_values /opt/stack/data/venv/lib/python3.12/site-packages/oslo_config/cfg.py:3253}}
Jul 10 01:55:02.356359 np0000184928 nova-conductor[109177]: DEBUG cotyledon.oslo_config_glue [-] vnc.novncproxy_base_url = http://127.0.0.1:6080/vnc_auto.html {{(pid=109177) log_opt_values /opt/stack/data/venv/lib/python3.12/site-packages/oslo_config/cfg.py:3253}}
Jul 10 01:55:02.356440 np0000184928 nova-conductor[109177]: DEBUG cotyledon.oslo_config_glue [-] vnc.novncproxy_host = 0.0.0.0 {{(pid=109177) log_opt_values /opt/stack/data/venv/lib/python3.12/site-packages/oslo_config/cfg.py:3253}}
Jul 10 01:55:02.356516 np0000184928 nova-conductor[109177]: DEBUG cotyledon.oslo_config_glue [-] vnc.novncproxy_port = 6080 {{(pid=109177) log_opt_values /opt/stack/data/venv/lib/python3.12/site-packages/oslo_config/cfg.py:3253}}
Jul 10 01:55:02.356600 np0000184928 nova-conductor[109177]: DEBUG cotyledon.oslo_config_glue [-] vnc.server_listen = 127.0.0.1 {{(pid=109177) log_opt_values /opt/stack/data/venv/lib/python3.12/site-packages/oslo_config/cfg.py:3253}}
Jul 10 01:55:02.356649 np0000184928 nova-conductor[109177]: DEBUG cotyledon.oslo_config_glue [-] vnc.server_proxyclient_address = 127.0.0.1 {{(pid=109177) log_opt_values /opt/stack/data/venv/lib/python3.12/site-packages/oslo_config/cfg.py:3253}}
Jul 10 01:55:02.356756 np0000184928 nova-conductor[109177]: DEBUG cotyledon.oslo_config_glue [-] vnc.vencrypt_ca_certs = None {{(pid=109177) log_opt_values /opt/stack/data/venv/lib/python3.12/site-packages/oslo_config/cfg.py:3253}}
Jul 10 01:55:02.356804 np0000184928 nova-conductor[109177]: DEBUG cotyledon.oslo_config_glue [-] vnc.vencrypt_client_cert = None {{(pid=109177) log_opt_values /opt/stack/data/venv/lib/python3.12/site-packages/oslo_config/cfg.py:3253}}
Jul 10 01:55:02.356900 np0000184928 nova-conductor[109177]: DEBUG cotyledon.oslo_config_glue [-] vnc.vencrypt_client_key = None {{(pid=109177) log_opt_values /opt/stack/data/venv/lib/python3.12/site-packages/oslo_config/cfg.py:3253}}
Jul 10 01:55:02.356975 np0000184928 nova-conductor[109177]: DEBUG cotyledon.oslo_config_glue [-] workarounds.disable_compute_service_check_for_ffu = False {{(pid=109177) log_opt_values /opt/stack/data/venv/lib/python3.12/site-packages/oslo_config/cfg.py:3253}}
Jul 10 01:55:02.357055 np0000184928 nova-conductor[109177]: DEBUG cotyledon.oslo_config_glue [-] workarounds.disable_deep_image_inspection = False {{(pid=109177) log_opt_values /opt/stack/data/venv/lib/python3.12/site-packages/oslo_config/cfg.py:3253}}
Jul 10 01:55:02.357131 np0000184928 nova-conductor[109177]: DEBUG cotyledon.oslo_config_glue [-] workarounds.disable_fallback_pcpu_query = False {{(pid=109177) log_opt_values /opt/stack/data/venv/lib/python3.12/site-packages/oslo_config/cfg.py:3253}}
Jul 10 01:55:02.357188 np0000184928 nova-conductor[109177]: DEBUG cotyledon.oslo_config_glue [-] workarounds.disable_group_policy_check_upcall = False {{(pid=109177) log_opt_values /opt/stack/data/venv/lib/python3.12/site-packages/oslo_config/cfg.py:3253}}
Jul 10 01:55:02.357220 np0000184928 nova-conductor[109189]: DEBUG oslo_db.sqlalchemy.engines [None req-d9360874-b444-4d7f-ba01-701965ed5366 None None] MySQL server mode set to STRICT_TRANS_TABLES,STRICT_ALL_TABLES,NO_ZERO_IN_DATE,NO_ZERO_DATE,ERROR_FOR_DIVISION_BY_ZERO,TRADITIONAL,NO_ENGINE_SUBSTITUTION {{(pid=109189) _check_effective_sql_mode /opt/stack/data/venv/lib/python3.12/site-packages/oslo_db/sqlalchemy/engines.py:325}}
Jul 10 01:55:02.357322 np0000184928 nova-conductor[109177]: DEBUG cotyledon.oslo_config_glue [-] workarounds.disable_libvirt_livesnapshot = False {{(pid=109177) log_opt_values /opt/stack/data/venv/lib/python3.12/site-packages/oslo_config/cfg.py:3253}}
Jul 10 01:55:02.357402 np0000184928 nova-conductor[109177]: DEBUG cotyledon.oslo_config_glue [-] workarounds.disable_rootwrap = False {{(pid=109177) log_opt_values /opt/stack/data/venv/lib/python3.12/site-packages/oslo_config/cfg.py:3253}}
Jul 10 01:55:02.357491 np0000184928 nova-conductor[109177]: DEBUG cotyledon.oslo_config_glue [-] workarounds.enable_numa_live_migration = False {{(pid=109177) log_opt_values /opt/stack/data/venv/lib/python3.12/site-packages/oslo_config/cfg.py:3253}}
Jul 10 01:55:02.357523 np0000184928 nova-conductor[109177]: DEBUG cotyledon.oslo_config_glue [-] workarounds.enable_qemu_monitor_announce_self = False {{(pid=109177) log_opt_values /opt/stack/data/venv/lib/python3.12/site-packages/oslo_config/cfg.py:3253}}
Jul 10 01:55:02.357603 np0000184928 nova-conductor[109177]: DEBUG cotyledon.oslo_config_glue [-] workarounds.ensure_libvirt_rbd_instance_dir_cleanup = False {{(pid=109177) log_opt_values /opt/stack/data/venv/lib/python3.12/site-packages/oslo_config/cfg.py:3253}}
Jul 10 01:55:02.357703 np0000184928 nova-conductor[109177]: DEBUG cotyledon.oslo_config_glue [-] workarounds.handle_virt_lifecycle_events = True {{(pid=109177) log_opt_values /opt/stack/data/venv/lib/python3.12/site-packages/oslo_config/cfg.py:3253}}
Jul 10 01:55:02.357745 np0000184928 nova-conductor[109177]: DEBUG cotyledon.oslo_config_glue [-] workarounds.libvirt_disable_apic = False {{(pid=109177) log_opt_values /opt/stack/data/venv/lib/python3.12/site-packages/oslo_config/cfg.py:3253}}
Jul 10 01:55:02.357844 np0000184928 nova-conductor[109177]: DEBUG cotyledon.oslo_config_glue [-] workarounds.never_download_image_if_on_rbd = False {{(pid=109177) log_opt_values /opt/stack/data/venv/lib/python3.12/site-packages/oslo_config/cfg.py:3253}}
Jul 10 01:55:02.357888 np0000184928 nova-conductor[109177]: DEBUG cotyledon.oslo_config_glue [-] workarounds.qemu_monitor_announce_self_count = 3 {{(pid=109177) log_opt_values /opt/stack/data/venv/lib/python3.12/site-packages/oslo_config/cfg.py:3253}}
Jul 10 01:55:02.357995 np0000184928 nova-conductor[109177]: DEBUG cotyledon.oslo_config_glue [-] workarounds.qemu_monitor_announce_self_interval = 1 {{(pid=109177) log_opt_values /opt/stack/data/venv/lib/python3.12/site-packages/oslo_config/cfg.py:3253}}
Jul 10 01:55:02.358041 np0000184928 nova-conductor[109177]: DEBUG cotyledon.oslo_config_glue [-] workarounds.reserve_disk_resource_for_image_cache = False {{(pid=109177) log_opt_values /opt/stack/data/venv/lib/python3.12/site-packages/oslo_config/cfg.py:3253}}
Jul 10 01:55:02.358139 np0000184928 nova-conductor[109177]: DEBUG cotyledon.oslo_config_glue [-] workarounds.skip_cpu_compare_at_startup = False {{(pid=109177) log_opt_values /opt/stack/data/venv/lib/python3.12/site-packages/oslo_config/cfg.py:3253}}
Jul 10 01:55:02.358184 np0000184928 nova-conductor[109177]: DEBUG cotyledon.oslo_config_glue [-] workarounds.skip_cpu_compare_on_dest = False {{(pid=109177) log_opt_values /opt/stack/data/venv/lib/python3.12/site-packages/oslo_config/cfg.py:3253}}
Jul 10 01:55:02.358347 np0000184928 nova-conductor[109177]: DEBUG cotyledon.oslo_config_glue [-] workarounds.skip_hypervisor_version_check_on_lm = False {{(pid=109177) log_opt_values /opt/stack/data/venv/lib/python3.12/site-packages/oslo_config/cfg.py:3253}}
Jul 10 01:55:02.358392 np0000184928 nova-conductor[109177]: DEBUG cotyledon.oslo_config_glue [-] workarounds.skip_reserve_in_use_ironic_nodes = False {{(pid=109177) log_opt_values /opt/stack/data/venv/lib/python3.12/site-packages/oslo_config/cfg.py:3253}}
Jul 10 01:55:02.358502 np0000184928 nova-conductor[109177]: DEBUG cotyledon.oslo_config_glue [-] workarounds.unified_limits_count_pcpu_as_vcpu = False {{(pid=109177) log_opt_values /opt/stack/data/venv/lib/python3.12/site-packages/oslo_config/cfg.py:3253}}
Jul 10 01:55:02.358583 np0000184928 nova-conductor[109177]: DEBUG cotyledon.oslo_config_glue [-] workarounds.wait_for_vif_plugged_event_during_hard_reboot = [] {{(pid=109177) log_opt_values /opt/stack/data/venv/lib/python3.12/site-packages/oslo_config/cfg.py:3253}}
Jul 10 01:55:02.358669 np0000184928 nova-conductor[109177]: DEBUG cotyledon.oslo_config_glue [-] wsgi.api_paste_config = /etc/nova/api-paste.ini {{(pid=109177) log_opt_values /opt/stack/data/venv/lib/python3.12/site-packages/oslo_config/cfg.py:3253}}
Jul 10 01:55:02.358716 np0000184928 nova-conductor[109177]: DEBUG cotyledon.oslo_config_glue [-] wsgi.secure_proxy_ssl_header = None {{(pid=109177) log_opt_values /opt/stack/data/venv/lib/python3.12/site-packages/oslo_config/cfg.py:3253}}
Jul 10 01:55:02.358823 np0000184928 nova-conductor[109177]: DEBUG cotyledon.oslo_config_glue [-] zvm.ca_file = None {{(pid=109177) log_opt_values /opt/stack/data/venv/lib/python3.12/site-packages/oslo_config/cfg.py:3253}}
Jul 10 01:55:02.358865 np0000184928 nova-conductor[109177]: DEBUG cotyledon.oslo_config_glue [-] zvm.cloud_connector_url = None {{(pid=109177) log_opt_values /opt/stack/data/venv/lib/python3.12/site-packages/oslo_config/cfg.py:3253}}
Jul 10 01:55:02.358962 np0000184928 nova-conductor[109177]: DEBUG cotyledon.oslo_config_glue [-] zvm.image_tmp_path = /opt/stack/data/nova/images {{(pid=109177) log_opt_values /opt/stack/data/venv/lib/python3.12/site-packages/oslo_config/cfg.py:3253}}
Jul 10 01:55:02.359006 np0000184928 nova-conductor[109177]: DEBUG cotyledon.oslo_config_glue [-] zvm.reachable_timeout = 300 {{(pid=109177) log_opt_values /opt/stack/data/venv/lib/python3.12/site-packages/oslo_config/cfg.py:3253}}
Jul 10 01:55:02.359138 np0000184928 nova-conductor[109177]: DEBUG cotyledon.oslo_config_glue [-] oslo_versionedobjects.fatal_exception_format_errors = False {{(pid=109177) log_opt_values /opt/stack/data/venv/lib/python3.12/site-packages/oslo_config/cfg.py:3253}}
Jul 10 01:55:02.359250 np0000184928 nova-conductor[109177]: DEBUG cotyledon.oslo_config_glue [-] oslo_middleware.http_basic_auth_user_file = /etc/htpasswd {{(pid=109177) log_opt_values /opt/stack/data/venv/lib/python3.12/site-packages/oslo_config/cfg.py:3253}}
Jul 10 01:55:02.359364 np0000184928 nova-conductor[109177]: DEBUG cotyledon.oslo_config_glue [-] profiler.connection_string = messaging:// {{(pid=109177) log_opt_values /opt/stack/data/venv/lib/python3.12/site-packages/oslo_config/cfg.py:3253}}
Jul 10 01:55:02.359420 np0000184928 nova-conductor[109177]: DEBUG cotyledon.oslo_config_glue [-] profiler.enabled = False {{(pid=109177) log_opt_values /opt/stack/data/venv/lib/python3.12/site-packages/oslo_config/cfg.py:3253}}
Jul 10 01:55:02.359524 np0000184928 nova-conductor[109177]: DEBUG cotyledon.oslo_config_glue [-] profiler.es_doc_type = notification {{(pid=109177) log_opt_values /opt/stack/data/venv/lib/python3.12/site-packages/oslo_config/cfg.py:3253}}
Jul 10 01:55:02.359575 np0000184928 nova-conductor[109177]: DEBUG cotyledon.oslo_config_glue [-] profiler.es_scroll_size = 10000 {{(pid=109177) log_opt_values /opt/stack/data/venv/lib/python3.12/site-packages/oslo_config/cfg.py:3253}}
Jul 10 01:55:02.359672 np0000184928 nova-conductor[109177]: DEBUG cotyledon.oslo_config_glue [-] profiler.es_scroll_time = 2m {{(pid=109177) log_opt_values /opt/stack/data/venv/lib/python3.12/site-packages/oslo_config/cfg.py:3253}}
Jul 10 01:55:02.359718 np0000184928 nova-conductor[109177]: DEBUG cotyledon.oslo_config_glue [-] profiler.filter_error_trace = False {{(pid=109177) log_opt_values /opt/stack/data/venv/lib/python3.12/site-packages/oslo_config/cfg.py:3253}}
Jul 10 01:55:02.359818 np0000184928 nova-conductor[109177]: DEBUG cotyledon.oslo_config_glue [-] profiler.hmac_keys = **** {{(pid=109177) log_opt_values /opt/stack/data/venv/lib/python3.12/site-packages/oslo_config/cfg.py:3253}}
Jul 10 01:55:02.359863 np0000184928 nova-conductor[109177]: DEBUG cotyledon.oslo_config_glue [-] profiler.sentinel_service_name = mymaster {{(pid=109177) log_opt_values /opt/stack/data/venv/lib/python3.12/site-packages/oslo_config/cfg.py:3253}}
Jul 10 01:55:02.359974 np0000184928 nova-conductor[109177]: DEBUG cotyledon.oslo_config_glue [-] profiler.socket_timeout = 0.1 {{(pid=109177) log_opt_values /opt/stack/data/venv/lib/python3.12/site-packages/oslo_config/cfg.py:3253}}
Jul 10 01:55:02.360017 np0000184928 nova-conductor[109177]: DEBUG cotyledon.oslo_config_glue [-] profiler.trace_requests = False {{(pid=109177) log_opt_values /opt/stack/data/venv/lib/python3.12/site-packages/oslo_config/cfg.py:3253}}
Jul 10 01:55:02.360129 np0000184928 nova-conductor[109177]: DEBUG cotyledon.oslo_config_glue [-] profiler.trace_sqlalchemy = False {{(pid=109177) log_opt_values /opt/stack/data/venv/lib/python3.12/site-packages/oslo_config/cfg.py:3253}}
Jul 10 01:55:02.360215 np0000184928 nova-conductor[109177]: DEBUG cotyledon.oslo_config_glue [-] profiler_jaeger.process_tags = {} {{(pid=109177) log_opt_values /opt/stack/data/venv/lib/python3.12/site-packages/oslo_config/cfg.py:3253}}
Jul 10 01:55:02.360267 np0000184928 nova-conductor[109177]: DEBUG cotyledon.oslo_config_glue [-] profiler_jaeger.service_name_prefix = None {{(pid=109177) log_opt_values /opt/stack/data/venv/lib/python3.12/site-packages/oslo_config/cfg.py:3253}}
Jul 10 01:55:02.360389 np0000184928 nova-conductor[109177]: DEBUG cotyledon.oslo_config_glue [-] profiler_otlp.service_name_prefix = None {{(pid=109177) log_opt_values /opt/stack/data/venv/lib/python3.12/site-packages/oslo_config/cfg.py:3253}}
Jul 10 01:55:02.360511 np0000184928 nova-conductor[109177]: DEBUG cotyledon.oslo_config_glue [-] oslo_messaging_rabbit.amqp_auto_delete = False {{(pid=109177) log_opt_values /opt/stack/data/venv/lib/python3.12/site-packages/oslo_config/cfg.py:3253}}
Jul 10 01:55:02.360553 np0000184928 nova-conductor[109177]: DEBUG cotyledon.oslo_config_glue [-] oslo_messaging_rabbit.amqp_durable_queues = False {{(pid=109177) log_opt_values /opt/stack/data/venv/lib/python3.12/site-packages/oslo_config/cfg.py:3253}}
Jul 10 01:55:02.360660 np0000184928 nova-conductor[109177]: DEBUG cotyledon.oslo_config_glue [-] oslo_messaging_rabbit.conn_pool_min_size = 2 {{(pid=109177) log_opt_values /opt/stack/data/venv/lib/python3.12/site-packages/oslo_config/cfg.py:3253}}
Jul 10 01:55:02.360754 np0000184928 nova-conductor[109177]: DEBUG cotyledon.oslo_config_glue [-] oslo_messaging_rabbit.conn_pool_ttl = 1200 {{(pid=109177) log_opt_values /opt/stack/data/venv/lib/python3.12/site-packages/oslo_config/cfg.py:3253}}
Jul 10 01:55:02.360839 np0000184928 nova-conductor[109177]: DEBUG cotyledon.oslo_config_glue [-] oslo_messaging_rabbit.direct_mandatory_flag = True {{(pid=109177) log_opt_values /opt/stack/data/venv/lib/python3.12/site-packages/oslo_config/cfg.py:3253}}
Jul 10 01:55:02.360895 np0000184928 nova-conductor[109177]: DEBUG cotyledon.oslo_config_glue [-] oslo_messaging_rabbit.enable_cancel_on_failover = False {{(pid=109177) log_opt_values /opt/stack/data/venv/lib/python3.12/site-packages/oslo_config/cfg.py:3253}}
Jul 10 01:55:02.360986 np0000184928 nova-conductor[109177]: DEBUG cotyledon.oslo_config_glue [-] oslo_messaging_rabbit.heartbeat_rate = 3 {{(pid=109177) log_opt_values /opt/stack/data/venv/lib/python3.12/site-packages/oslo_config/cfg.py:3253}}
Jul 10 01:55:02.361039 np0000184928 nova-conductor[109177]: DEBUG cotyledon.oslo_config_glue [-] oslo_messaging_rabbit.heartbeat_timeout_threshold = 60 {{(pid=109177) log_opt_values /opt/stack/data/venv/lib/python3.12/site-packages/oslo_config/cfg.py:3253}}
Jul 10 01:55:02.361137 np0000184928 nova-conductor[109177]: DEBUG cotyledon.oslo_config_glue [-] oslo_messaging_rabbit.hostname = np0000184928 {{(pid=109177) log_opt_values /opt/stack/data/venv/lib/python3.12/site-packages/oslo_config/cfg.py:3253}}
Jul 10 01:55:02.361183 np0000184928 nova-conductor[109177]: DEBUG cotyledon.oslo_config_glue [-] oslo_messaging_rabbit.kombu_compression = None {{(pid=109177) log_opt_values /opt/stack/data/venv/lib/python3.12/site-packages/oslo_config/cfg.py:3253}}
Jul 10 01:55:02.361299 np0000184928 nova-conductor[109177]: DEBUG cotyledon.oslo_config_glue [-] oslo_messaging_rabbit.kombu_failover_strategy = round-robin {{(pid=109177) log_opt_values /opt/stack/data/venv/lib/python3.12/site-packages/oslo_config/cfg.py:3253}}
Jul 10 01:55:02.361381 np0000184928 nova-conductor[109177]: DEBUG cotyledon.oslo_config_glue [-] oslo_messaging_rabbit.kombu_missing_consumer_retry_timeout = 60 {{(pid=109177) log_opt_values /opt/stack/data/venv/lib/python3.12/site-packages/oslo_config/cfg.py:3253}}
Jul 10 01:55:02.361456 np0000184928 nova-conductor[109177]: DEBUG cotyledon.oslo_config_glue [-] oslo_messaging_rabbit.kombu_reconnect_delay = 1.0 {{(pid=109177) log_opt_values /opt/stack/data/venv/lib/python3.12/site-packages/oslo_config/cfg.py:3253}}
Jul 10 01:55:02.361528 np0000184928 nova-conductor[109177]: DEBUG cotyledon.oslo_config_glue [-] oslo_messaging_rabbit.kombu_reconnect_splay = 0.0 {{(pid=109177) log_opt_values /opt/stack/data/venv/lib/python3.12/site-packages/oslo_config/cfg.py:3253}}
Jul 10 01:55:02.361598 np0000184928 nova-conductor[109177]: DEBUG cotyledon.oslo_config_glue [-] oslo_messaging_rabbit.processname = nova-conductor {{(pid=109177) log_opt_values /opt/stack/data/venv/lib/python3.12/site-packages/oslo_config/cfg.py:3253}}
Jul 10 01:55:02.361672 np0000184928 nova-conductor[109177]: DEBUG cotyledon.oslo_config_glue [-] oslo_messaging_rabbit.rabbit_ha_queues = False {{(pid=109177) log_opt_values /opt/stack/data/venv/lib/python3.12/site-packages/oslo_config/cfg.py:3253}}
Jul 10 01:55:02.361744 np0000184928 nova-conductor[109177]: DEBUG cotyledon.oslo_config_glue [-] oslo_messaging_rabbit.rabbit_interval_max = 30 {{(pid=109177) log_opt_values /opt/stack/data/venv/lib/python3.12/site-packages/oslo_config/cfg.py:3253}}
Jul 10 01:55:02.361799 np0000184928 nova-conductor[109177]: DEBUG cotyledon.oslo_config_glue [-] oslo_messaging_rabbit.rabbit_login_method = AMQPLAIN {{(pid=109177) log_opt_values /opt/stack/data/venv/lib/python3.12/site-packages/oslo_config/cfg.py:3253}}
Jul 10 01:55:02.361890 np0000184928 nova-conductor[109177]: DEBUG cotyledon.oslo_config_glue [-] oslo_messaging_rabbit.rabbit_qos_prefetch_count = 0 {{(pid=109177) log_opt_values /opt/stack/data/venv/lib/python3.12/site-packages/oslo_config/cfg.py:3253}}
Jul 10 01:55:02.361937 np0000184928 nova-conductor[109177]: DEBUG cotyledon.oslo_config_glue [-] oslo_messaging_rabbit.rabbit_quorum_delivery_limit = 0 {{(pid=109177) log_opt_values /opt/stack/data/venv/lib/python3.12/site-packages/oslo_config/cfg.py:3253}}
Jul 10 01:55:02.362032 np0000184928 nova-conductor[109177]: DEBUG cotyledon.oslo_config_glue [-] oslo_messaging_rabbit.rabbit_quorum_max_memory_bytes = 0 {{(pid=109177) log_opt_values /opt/stack/data/venv/lib/python3.12/site-packages/oslo_config/cfg.py:3253}}
Jul 10 01:55:02.362077 np0000184928 nova-conductor[109177]: DEBUG cotyledon.oslo_config_glue [-] oslo_messaging_rabbit.rabbit_quorum_max_memory_length = 0 {{(pid=109177) log_opt_values /opt/stack/data/venv/lib/python3.12/site-packages/oslo_config/cfg.py:3253}}
Jul 10 01:55:02.362175 np0000184928 nova-conductor[109177]: DEBUG cotyledon.oslo_config_glue [-] oslo_messaging_rabbit.rabbit_quorum_queue = False {{(pid=109177) log_opt_values /opt/stack/data/venv/lib/python3.12/site-packages/oslo_config/cfg.py:3253}}
Jul 10 01:55:02.362221 np0000184928 nova-conductor[109177]: DEBUG cotyledon.oslo_config_glue [-] oslo_messaging_rabbit.rabbit_retry_backoff = 2 {{(pid=109177) log_opt_values /opt/stack/data/venv/lib/python3.12/site-packages/oslo_config/cfg.py:3253}}
Jul 10 01:55:02.362346 np0000184928 nova-conductor[109177]: DEBUG cotyledon.oslo_config_glue [-] oslo_messaging_rabbit.rabbit_retry_interval = 1 {{(pid=109177) log_opt_values /opt/stack/data/venv/lib/python3.12/site-packages/oslo_config/cfg.py:3253}}
Jul 10 01:55:02.362418 np0000184928 nova-conductor[109177]: DEBUG cotyledon.oslo_config_glue [-] oslo_messaging_rabbit.rabbit_stream_fanout = False {{(pid=109177) log_opt_values /opt/stack/data/venv/lib/python3.12/site-packages/oslo_config/cfg.py:3253}}
Jul 10 01:55:02.362521 np0000184928 nova-conductor[109177]: DEBUG cotyledon.oslo_config_glue [-] oslo_messaging_rabbit.rabbit_transient_queues_ttl = 1800 {{(pid=109177) log_opt_values /opt/stack/data/venv/lib/python3.12/site-packages/oslo_config/cfg.py:3253}}
Jul 10 01:55:02.362553 np0000184928 nova-conductor[109177]: DEBUG cotyledon.oslo_config_glue [-] oslo_messaging_rabbit.rabbit_transient_quorum_queue = False {{(pid=109177) log_opt_values /opt/stack/data/venv/lib/python3.12/site-packages/oslo_config/cfg.py:3253}}
Jul 10 01:55:02.362672 np0000184928 nova-conductor[109177]: DEBUG cotyledon.oslo_config_glue [-] oslo_messaging_rabbit.rpc_conn_pool_size = 30 {{(pid=109177) log_opt_values /opt/stack/data/venv/lib/python3.12/site-packages/oslo_config/cfg.py:3253}}
Jul 10 01:55:02.362723 np0000184928 nova-conductor[109177]: DEBUG cotyledon.oslo_config_glue [-] oslo_messaging_rabbit.ssl = False {{(pid=109177) log_opt_values /opt/stack/data/venv/lib/python3.12/site-packages/oslo_config/cfg.py:3253}}
Jul 10 01:55:02.362822 np0000184928 nova-conductor[109177]: DEBUG cotyledon.oslo_config_glue [-] oslo_messaging_rabbit.ssl_ca_file = {{(pid=109177) log_opt_values /opt/stack/data/venv/lib/python3.12/site-packages/oslo_config/cfg.py:3253}}
Jul 10 01:55:02.362873 np0000184928 nova-conductor[109177]: DEBUG cotyledon.oslo_config_glue [-] oslo_messaging_rabbit.ssl_cert_file = {{(pid=109177) log_opt_values /opt/stack/data/venv/lib/python3.12/site-packages/oslo_config/cfg.py:3253}}
Jul 10 01:55:02.362967 np0000184928 nova-conductor[109177]: DEBUG cotyledon.oslo_config_glue [-] oslo_messaging_rabbit.ssl_enforce_fips_mode = False {{(pid=109177) log_opt_values /opt/stack/data/venv/lib/python3.12/site-packages/oslo_config/cfg.py:3253}}
Jul 10 01:55:02.363081 np0000184928 nova-conductor[109177]: DEBUG cotyledon.oslo_config_glue [-] oslo_messaging_rabbit.ssl_enforce_hostname_verification = True {{(pid=109177) log_opt_values /opt/stack/data/venv/lib/python3.12/site-packages/oslo_config/cfg.py:3253}}
Jul 10 01:55:02.363081 np0000184928 nova-conductor[109177]: DEBUG cotyledon.oslo_config_glue [-] oslo_messaging_rabbit.ssl_key_file = {{(pid=109177) log_opt_values /opt/stack/data/venv/lib/python3.12/site-packages/oslo_config/cfg.py:3253}}
Jul 10 01:55:02.363134 np0000184928 nova-conductor[109177]: DEBUG cotyledon.oslo_config_glue [-] oslo_messaging_rabbit.ssl_version = {{(pid=109177) log_opt_values /opt/stack/data/venv/lib/python3.12/site-packages/oslo_config/cfg.py:3253}}
Jul 10 01:55:02.363233 np0000184928 nova-conductor[109177]: DEBUG cotyledon.oslo_config_glue [-] oslo_messaging_rabbit.use_queue_manager = False {{(pid=109177) log_opt_values /opt/stack/data/venv/lib/python3.12/site-packages/oslo_config/cfg.py:3253}}
Jul 10 01:55:02.363364 np0000184928 nova-conductor[109177]: DEBUG cotyledon.oslo_config_glue [-] oslo_messaging_notifications.driver = ['messagingv2'] {{(pid=109177) log_opt_values /opt/stack/data/venv/lib/python3.12/site-packages/oslo_config/cfg.py:3253}}
Jul 10 01:55:02.363459 np0000184928 nova-conductor[109177]: DEBUG cotyledon.oslo_config_glue [-] oslo_messaging_notifications.retry = -1 {{(pid=109177) log_opt_values /opt/stack/data/venv/lib/python3.12/site-packages/oslo_config/cfg.py:3253}}
Jul 10 01:55:02.363542 np0000184928 nova-conductor[109177]: DEBUG cotyledon.oslo_config_glue [-] oslo_messaging_notifications.topics = ['notifications'] {{(pid=109177) log_opt_values /opt/stack/data/venv/lib/python3.12/site-packages/oslo_config/cfg.py:3253}}
Jul 10 01:55:02.363625 np0000184928 nova-conductor[109177]: DEBUG cotyledon.oslo_config_glue [-] oslo_messaging_notifications.transport_url = **** {{(pid=109177) log_opt_values /opt/stack/data/venv/lib/python3.12/site-packages/oslo_config/cfg.py:3253}}
Jul 10 01:55:02.363720 np0000184928 nova-conductor[109177]: DEBUG cotyledon.oslo_config_glue [-] oslo_limit.auth_section = None {{(pid=109177) log_opt_values /opt/stack/data/venv/lib/python3.12/site-packages/oslo_config/cfg.py:3253}}
Jul 10 01:55:02.363799 np0000184928 nova-conductor[109177]: DEBUG cotyledon.oslo_config_glue [-] oslo_limit.auth_type = None {{(pid=109177) log_opt_values /opt/stack/data/venv/lib/python3.12/site-packages/oslo_config/cfg.py:3253}}
Jul 10 01:55:02.363851 np0000184928 nova-conductor[109177]: DEBUG cotyledon.oslo_config_glue [-] oslo_limit.cafile = None {{(pid=109177) log_opt_values /opt/stack/data/venv/lib/python3.12/site-packages/oslo_config/cfg.py:3253}}
Jul 10 01:55:02.363950 np0000184928 nova-conductor[109177]: DEBUG cotyledon.oslo_config_glue [-] oslo_limit.certfile = None {{(pid=109177) log_opt_values /opt/stack/data/venv/lib/python3.12/site-packages/oslo_config/cfg.py:3253}}
Jul 10 01:55:02.363996 np0000184928 nova-conductor[109177]: DEBUG cotyledon.oslo_config_glue [-] oslo_limit.collect_timing = False {{(pid=109177) log_opt_values /opt/stack/data/venv/lib/python3.12/site-packages/oslo_config/cfg.py:3253}}
Jul 10 01:55:02.364097 np0000184928 nova-conductor[109177]: DEBUG cotyledon.oslo_config_glue [-] oslo_limit.connect_retries = None {{(pid=109177) log_opt_values /opt/stack/data/venv/lib/python3.12/site-packages/oslo_config/cfg.py:3253}}
Jul 10 01:55:02.364142 np0000184928 nova-conductor[109177]: DEBUG cotyledon.oslo_config_glue [-] oslo_limit.connect_retry_delay = None {{(pid=109177) log_opt_values /opt/stack/data/venv/lib/python3.12/site-packages/oslo_config/cfg.py:3253}}
Jul 10 01:55:02.364250 np0000184928 nova-conductor[109177]: DEBUG cotyledon.oslo_config_glue [-] oslo_limit.endpoint_id = None {{(pid=109177) log_opt_values /opt/stack/data/venv/lib/python3.12/site-packages/oslo_config/cfg.py:3253}}
Jul 10 01:55:02.364477 np0000184928 nova-conductor[109177]: DEBUG cotyledon.oslo_config_glue [-] oslo_limit.endpoint_interface = public {{(pid=109177) log_opt_values /opt/stack/data/venv/lib/python3.12/site-packages/oslo_config/cfg.py:3253}}
Jul 10 01:55:02.364589 np0000184928 nova-conductor[109177]: DEBUG cotyledon.oslo_config_glue [-] oslo_limit.endpoint_override = None {{(pid=109177) log_opt_values /opt/stack/data/venv/lib/python3.12/site-packages/oslo_config/cfg.py:3253}}
Jul 10 01:55:02.364634 np0000184928 nova-conductor[109177]: DEBUG cotyledon.oslo_config_glue [-] oslo_limit.endpoint_region_name = None {{(pid=109177) log_opt_values /opt/stack/data/venv/lib/python3.12/site-packages/oslo_config/cfg.py:3253}}
Jul 10 01:55:02.364733 np0000184928 nova-conductor[109177]: DEBUG cotyledon.oslo_config_glue [-] oslo_limit.endpoint_service_name = None {{(pid=109177) log_opt_values /opt/stack/data/venv/lib/python3.12/site-packages/oslo_config/cfg.py:3253}}
Jul 10 01:55:02.364779 np0000184928 nova-conductor[109177]: DEBUG cotyledon.oslo_config_glue [-] oslo_limit.endpoint_service_type = None {{(pid=109177) log_opt_values /opt/stack/data/venv/lib/python3.12/site-packages/oslo_config/cfg.py:3253}}
Jul 10 01:55:02.364862 np0000184928 nova-conductor[109177]: DEBUG cotyledon.oslo_config_glue [-] oslo_limit.insecure = False {{(pid=109177) log_opt_values /opt/stack/data/venv/lib/python3.12/site-packages/oslo_config/cfg.py:3253}}
Jul 10 01:55:02.364897 np0000184928 nova-conductor[109177]: DEBUG cotyledon.oslo_config_glue [-] oslo_limit.keyfile = None {{(pid=109177) log_opt_values /opt/stack/data/venv/lib/python3.12/site-packages/oslo_config/cfg.py:3253}}
Jul 10 01:55:02.364975 np0000184928 nova-conductor[109177]: DEBUG cotyledon.oslo_config_glue [-] oslo_limit.max_version = None {{(pid=109177) log_opt_values /opt/stack/data/venv/lib/python3.12/site-packages/oslo_config/cfg.py:3253}}
Jul 10 01:55:02.365020 np0000184928 nova-conductor[109177]: DEBUG cotyledon.oslo_config_glue [-] oslo_limit.min_version = None {{(pid=109177) log_opt_values /opt/stack/data/venv/lib/python3.12/site-packages/oslo_config/cfg.py:3253}}
Jul 10 01:55:02.365129 np0000184928 nova-conductor[109177]: DEBUG cotyledon.oslo_config_glue [-] oslo_limit.region_name = None {{(pid=109177) log_opt_values /opt/stack/data/venv/lib/python3.12/site-packages/oslo_config/cfg.py:3253}}
Jul 10 01:55:02.365176 np0000184928 nova-conductor[109177]: DEBUG cotyledon.oslo_config_glue [-] oslo_limit.retriable_status_codes = None {{(pid=109177) log_opt_values /opt/stack/data/venv/lib/python3.12/site-packages/oslo_config/cfg.py:3253}}
Jul 10 01:55:02.365257 np0000184928 nova-conductor[109177]: DEBUG cotyledon.oslo_config_glue [-] oslo_limit.service_name = None {{(pid=109177) log_opt_values /opt/stack/data/venv/lib/python3.12/site-packages/oslo_config/cfg.py:3253}}
Jul 10 01:55:02.365956 np0000184928 nova-conductor[109177]: DEBUG cotyledon.oslo_config_glue [-] oslo_limit.service_type = None {{(pid=109177) log_opt_values /opt/stack/data/venv/lib/python3.12/site-packages/oslo_config/cfg.py:3253}}
Jul 10 01:55:02.365956 np0000184928 nova-conductor[109177]: DEBUG cotyledon.oslo_config_glue [-] oslo_limit.split_loggers = False {{(pid=109177) log_opt_values /opt/stack/data/venv/lib/python3.12/site-packages/oslo_config/cfg.py:3253}}
Jul 10 01:55:02.365956 np0000184928 nova-conductor[109177]: DEBUG cotyledon.oslo_config_glue [-] oslo_limit.status_code_retries = None {{(pid=109177) log_opt_values /opt/stack/data/venv/lib/python3.12/site-packages/oslo_config/cfg.py:3253}}
Jul 10 01:55:02.365956 np0000184928 nova-conductor[109177]: DEBUG cotyledon.oslo_config_glue [-] oslo_limit.status_code_retry_delay = None {{(pid=109177) log_opt_values /opt/stack/data/venv/lib/python3.12/site-packages/oslo_config/cfg.py:3253}}
Jul 10 01:55:02.365956 np0000184928 nova-conductor[109177]: DEBUG cotyledon.oslo_config_glue [-] oslo_limit.timeout = None {{(pid=109177) log_opt_values /opt/stack/data/venv/lib/python3.12/site-packages/oslo_config/cfg.py:3253}}
Jul 10 01:55:02.365956 np0000184928 nova-conductor[109177]: DEBUG cotyledon.oslo_config_glue [-] oslo_limit.valid_interfaces = None {{(pid=109177) log_opt_values /opt/stack/data/venv/lib/python3.12/site-packages/oslo_config/cfg.py:3253}}
Jul 10 01:55:02.365956 np0000184928 nova-conductor[109177]: DEBUG cotyledon.oslo_config_glue [-] oslo_limit.version = None {{(pid=109177) log_opt_values /opt/stack/data/venv/lib/python3.12/site-packages/oslo_config/cfg.py:3253}}
Jul 10 01:55:02.365956 np0000184928 nova-conductor[109177]: DEBUG cotyledon.oslo_config_glue [-] oslo_reports.file_event_handler = None {{(pid=109177) log_opt_values /opt/stack/data/venv/lib/python3.12/site-packages/oslo_config/cfg.py:3253}}
Jul 10 01:55:02.365956 np0000184928 nova-conductor[109177]: DEBUG cotyledon.oslo_config_glue [-] oslo_reports.file_event_handler_interval = 1 {{(pid=109177) log_opt_values /opt/stack/data/venv/lib/python3.12/site-packages/oslo_config/cfg.py:3253}}
Jul 10 01:55:02.366182 np0000184928 nova-conductor[109177]: DEBUG cotyledon.oslo_config_glue [-] oslo_reports.log_dir = None {{(pid=109177) log_opt_values /opt/stack/data/venv/lib/python3.12/site-packages/oslo_config/cfg.py:3253}}
Jul 10 01:55:02.366182 np0000184928 nova-conductor[109177]: DEBUG cotyledon.oslo_config_glue [-] ******************************************************************************** {{(pid=109177) log_opt_values /opt/stack/data/venv/lib/python3.12/site-packages/oslo_config/cfg.py:3260}}
Jul 10 01:55:02.366182 np0000184928 nova-conductor[109177]: DEBUG cotyledon._service_worker [-] Run service ServiceWrapper(1) [109177] {{(pid=109177) wait_forever /opt/stack/data/venv/lib/python3.12/site-packages/cotyledon/_service_worker.py:218}}
Jul 10 01:55:02.368881 np0000184928 nova-conductor[109177]: INFO nova.service [-] Starting conductor node (version 33.1.0)
Jul 10 01:55:02.369702 np0000184928 nova-conductor[109171]: DEBUG nova.service [None req-0aa8b607-612a-49f2-b32b-f75e64ad3c34 None None] Creating RPC server for service: nova-conductor on topic: conductor {{(pid=109171) start /opt/stack/nova/nova/service.py:196}}
Jul 10 01:55:02.371303 np0000184928 nova-conductor[109189]: DEBUG dbcounter [-] [109189] Writer thread running {{(pid=109189) stat_writer /opt/stack/data/venv/lib/python3.12/site-packages/dbcounter.py:102}}
Jul 10 01:55:02.374465 np0000184928 nova-conductor[109189]: DEBUG nova.service [None req-d9360874-b444-4d7f-ba01-701965ed5366 None None] Creating RPC server for service: nova-conductor on topic: conductor {{(pid=109189) start /opt/stack/nova/nova/service.py:196}}
Jul 10 01:55:02.376549 np0000184928 nova-conductor[109177]: INFO dbcounter [None req-95a3b3e9-ec1d-4e58-a9ea-bd281294fd01 None None] Registered counter for database nova_cell0
Jul 10 01:55:02.392588 np0000184928 nova-conductor[109196]: DEBUG oslo_db.sqlalchemy.engines [None req-c9bbf509-be20-407b-885f-b808e277b5e8 None None] MySQL server mode set to STRICT_TRANS_TABLES,STRICT_ALL_TABLES,NO_ZERO_IN_DATE,NO_ZERO_DATE,ERROR_FOR_DIVISION_BY_ZERO,TRADITIONAL,NO_ENGINE_SUBSTITUTION {{(pid=109196) _check_effective_sql_mode /opt/stack/data/venv/lib/python3.12/site-packages/oslo_db/sqlalchemy/engines.py:325}}
Jul 10 01:55:02.402067 np0000184928 nova-conductor[109196]: DEBUG dbcounter [-] [109196] Writer thread running {{(pid=109196) stat_writer /opt/stack/data/venv/lib/python3.12/site-packages/dbcounter.py:102}}
Jul 10 01:55:02.402204 np0000184928 nova-conductor[109189]: DEBUG nova.service [None req-d9360874-b444-4d7f-ba01-701965ed5366 None None] Join ServiceGroup membership for this service conductor {{(pid=109189) start /opt/stack/nova/nova/service.py:222}}
Jul 10 01:55:02.402354 np0000184928 nova-conductor[109189]: DEBUG nova.servicegroup.drivers.db [None req-d9360874-b444-4d7f-ba01-701965ed5366 None None] DB_Driver: join new ServiceGroup member np0000184928 to the conductor group, service = {{(pid=109189) join /opt/stack/nova/nova/servicegroup/drivers/db.py:44}}
Jul 10 01:55:02.405408 np0000184928 nova-conductor[109196]: DEBUG nova.service [None req-c9bbf509-be20-407b-885f-b808e277b5e8 None None] Creating RPC server for service: nova-conductor on topic: conductor {{(pid=109196) start /opt/stack/nova/nova/service.py:196}}
Jul 10 01:55:02.411502 np0000184928 nova-conductor[109171]: DEBUG nova.service [None req-0aa8b607-612a-49f2-b32b-f75e64ad3c34 None None] Join ServiceGroup membership for this service conductor {{(pid=109171) start /opt/stack/nova/nova/service.py:222}}
Jul 10 01:55:02.411502 np0000184928 nova-conductor[109171]: DEBUG nova.servicegroup.drivers.db [None req-0aa8b607-612a-49f2-b32b-f75e64ad3c34 None None] DB_Driver: join new ServiceGroup member np0000184928 to the conductor group, service = {{(pid=109171) join /opt/stack/nova/nova/servicegroup/drivers/db.py:44}}
Jul 10 01:55:02.422408 np0000184928 nova-conductor[109177]: DEBUG oslo_db.sqlalchemy.engines [None req-95a3b3e9-ec1d-4e58-a9ea-bd281294fd01 None None] MySQL server mode set to STRICT_TRANS_TABLES,STRICT_ALL_TABLES,NO_ZERO_IN_DATE,NO_ZERO_DATE,ERROR_FOR_DIVISION_BY_ZERO,TRADITIONAL,NO_ENGINE_SUBSTITUTION {{(pid=109177) _check_effective_sql_mode /opt/stack/data/venv/lib/python3.12/site-packages/oslo_db/sqlalchemy/engines.py:325}}
Jul 10 01:55:02.428405 np0000184928 nova-conductor[109196]: DEBUG nova.service [None req-c9bbf509-be20-407b-885f-b808e277b5e8 None None] Join ServiceGroup membership for this service conductor {{(pid=109196) start /opt/stack/nova/nova/service.py:222}}
Jul 10 01:55:02.428744 np0000184928 nova-conductor[109196]: DEBUG nova.servicegroup.drivers.db [None req-c9bbf509-be20-407b-885f-b808e277b5e8 None None] DB_Driver: join new ServiceGroup member np0000184928 to the conductor group, service = {{(pid=109196) join /opt/stack/nova/nova/servicegroup/drivers/db.py:44}}
Jul 10 01:55:02.434750 np0000184928 nova-conductor[109177]: DEBUG dbcounter [-] [109177] Writer thread running {{(pid=109177) stat_writer /opt/stack/data/venv/lib/python3.12/site-packages/dbcounter.py:102}}
Jul 10 01:55:02.438162 np0000184928 nova-conductor[109177]: DEBUG nova.service [None req-95a3b3e9-ec1d-4e58-a9ea-bd281294fd01 None None] Creating RPC server for service: nova-conductor on topic: conductor {{(pid=109177) start /opt/stack/nova/nova/service.py:196}}
Jul 10 01:55:02.464747 np0000184928 nova-conductor[109177]: DEBUG nova.service [None req-95a3b3e9-ec1d-4e58-a9ea-bd281294fd01 None None] Join ServiceGroup membership for this service conductor {{(pid=109177) start /opt/stack/nova/nova/service.py:222}}
Jul 10 01:55:02.464747 np0000184928 nova-conductor[109177]: DEBUG nova.servicegroup.drivers.db [None req-95a3b3e9-ec1d-4e58-a9ea-bd281294fd01 None None] DB_Driver: join new ServiceGroup member np0000184928 to the conductor group, service = {{(pid=109177) join /opt/stack/nova/nova/servicegroup/drivers/db.py:44}}
Jul 10 01:55:07.420076 np0000184928 nova-conductor[109189]: DEBUG oslo.service.backend._threading.loopingcall [-] Fixed interval looping call 'nova.servicegroup.drivers.db.DbDriver._report_state' sleeping for 119.98 seconds {{(pid=109189) _run_loop /opt/stack/data/venv/lib/python3.12/site-packages/oslo_service/backend/_threading/loopingcall.py:125}}
Jul 10 01:55:07.423280 np0000184928 nova-conductor[109171]: DEBUG oslo.service.backend._threading.loopingcall [-] Fixed interval looping call 'nova.servicegroup.drivers.db.DbDriver._report_state' sleeping for 119.99 seconds {{(pid=109171) _run_loop /opt/stack/data/venv/lib/python3.12/site-packages/oslo_service/backend/_threading/loopingcall.py:125}}
Jul 10 01:55:07.442561 np0000184928 nova-conductor[109196]: DEBUG oslo.service.backend._threading.loopingcall [-] Fixed interval looping call 'nova.servicegroup.drivers.db.DbDriver._report_state' sleeping for 119.99 seconds {{(pid=109196) _run_loop /opt/stack/data/venv/lib/python3.12/site-packages/oslo_service/backend/_threading/loopingcall.py:125}}
Jul 10 01:55:07.479821 np0000184928 nova-conductor[109177]: DEBUG oslo.service.backend._threading.loopingcall [-] Fixed interval looping call 'nova.servicegroup.drivers.db.DbDriver._report_state' sleeping for 119.99 seconds {{(pid=109177) _run_loop /opt/stack/data/venv/lib/python3.12/site-packages/oslo_service/backend/_threading/loopingcall.py:125}}
Jul 10 01:55:10.934861 np0000184928 nova-conductor[108444]: DEBUG dbcounter [-] [108444] Writing DB stats nova_api:SELECT=1 {{(pid=108444) stat_writer /opt/stack/data/venv/lib/python3.12/site-packages/dbcounter.py:115}}
Jul 10 01:55:11.075390 np0000184928 nova-conductor[108444]: DEBUG dbcounter [-] [108444] Writing DB stats nova_cell0:SELECT=1 {{(pid=108444) stat_writer /opt/stack/data/venv/lib/python3.12/site-packages/dbcounter.py:115}}
Jul 10 01:55:11.079389 np0000184928 nova-conductor[108444]: DEBUG dbcounter [-] [108444] Writing DB stats nova_cell1:SELECT=1 {{(pid=108444) stat_writer /opt/stack/data/venv/lib/python3.12/site-packages/dbcounter.py:115}}
Jul 10 01:55:17.413778 np0000184928 nova-conductor[109189]: DEBUG dbcounter [-] [109189] Writing DB stats nova_cell0:SELECT=3,nova_cell0:UPDATE=1 {{(pid=109189) stat_writer /opt/stack/data/venv/lib/python3.12/site-packages/dbcounter.py:115}}
Jul 10 01:55:17.438197 np0000184928 nova-conductor[109196]: DEBUG dbcounter [-] [109196] Writing DB stats nova_cell0:SELECT=3 {{(pid=109196) stat_writer /opt/stack/data/venv/lib/python3.12/site-packages/dbcounter.py:115}}
Jul 10 01:55:17.451803 np0000184928 nova-conductor[109171]: DEBUG dbcounter [-] [109171] Writing DB stats nova_cell0:SELECT=4,nova_cell0:INSERT=1 {{(pid=109171) stat_writer /opt/stack/data/venv/lib/python3.12/site-packages/dbcounter.py:115}}
Jul 10 01:55:17.476863 np0000184928 nova-conductor[109177]: DEBUG dbcounter [-] [109177] Writing DB stats nova_cell0:SELECT=3 {{(pid=109177) stat_writer /opt/stack/data/venv/lib/python3.12/site-packages/dbcounter.py:115}}
Jul 10 01:55:24.405620 np0000184928 nova-conductor[109189]: DEBUG oslo.service.backend._threading.loopingcall [None req-882163a9-7b0f-4d9e-83ef-de8619fb93be None None] Dynamic interval looping call 'nova.service.Service.periodic_tasks' sleeping for 60.00 seconds {{(pid=109189) _run_loop /opt/stack/data/venv/lib/python3.12/site-packages/oslo_service/backend/_threading/loopingcall.py:125}}
Jul 10 01:55:31.467866 np0000184928 nova-conductor[109177]: DEBUG oslo.service.backend._threading.loopingcall [None req-b38cd594-cfaf-4fed-9364-80315aee3cc0 None None] Dynamic interval looping call 'nova.service.Service.periodic_tasks' sleeping for 60.00 seconds {{(pid=109177) _run_loop /opt/stack/data/venv/lib/python3.12/site-packages/oslo_service/backend/_threading/loopingcall.py:125}}
Jul 10 01:55:54.431579 np0000184928 nova-conductor[109196]: DEBUG oslo.service.backend._threading.loopingcall [None req-814386a3-b7f9-416f-9014-c87b84ef9a5d None None] Dynamic interval looping call 'nova.service.Service.periodic_tasks' sleeping for 60.00 seconds {{(pid=109196) _run_loop /opt/stack/data/venv/lib/python3.12/site-packages/oslo_service/backend/_threading/loopingcall.py:125}}
Jul 10 01:55:56.414417 np0000184928 nova-conductor[109171]: DEBUG oslo.service.backend._threading.loopingcall [None req-24ac30b8-9603-4747-8f09-1d346cea9fab None None] Dynamic interval looping call 'nova.service.Service.periodic_tasks' sleeping for 60.00 seconds {{(pid=109171) _run_loop /opt/stack/data/venv/lib/python3.12/site-packages/oslo_service/backend/_threading/loopingcall.py:125}}
Jul 10 01:56:24.407234 np0000184928 nova-conductor[109189]: DEBUG oslo.service.backend._threading.loopingcall [None req-882163a9-7b0f-4d9e-83ef-de8619fb93be None None] Dynamic interval looping call 'nova.service.Service.periodic_tasks' sleeping for 60.00 seconds {{(pid=109189) _run_loop /opt/stack/data/venv/lib/python3.12/site-packages/oslo_service/backend/_threading/loopingcall.py:125}}
Jul 10 01:56:31.468836 np0000184928 nova-conductor[109177]: DEBUG oslo.service.backend._threading.loopingcall [None req-b38cd594-cfaf-4fed-9364-80315aee3cc0 None None] Dynamic interval looping call 'nova.service.Service.periodic_tasks' sleeping for 60.00 seconds {{(pid=109177) _run_loop /opt/stack/data/venv/lib/python3.12/site-packages/oslo_service/backend/_threading/loopingcall.py:125}}
Jul 10 01:56:54.432346 np0000184928 nova-conductor[109196]: DEBUG oslo.service.backend._threading.loopingcall [None req-814386a3-b7f9-416f-9014-c87b84ef9a5d None None] Dynamic interval looping call 'nova.service.Service.periodic_tasks' sleeping for 60.00 seconds {{(pid=109196) _run_loop /opt/stack/data/venv/lib/python3.12/site-packages/oslo_service/backend/_threading/loopingcall.py:125}}
Jul 10 01:56:56.415085 np0000184928 nova-conductor[109171]: DEBUG oslo.service.backend._threading.loopingcall [None req-24ac30b8-9603-4747-8f09-1d346cea9fab None None] Dynamic interval looping call 'nova.service.Service.periodic_tasks' sleeping for 60.00 seconds {{(pid=109171) _run_loop /opt/stack/data/venv/lib/python3.12/site-packages/oslo_service/backend/_threading/loopingcall.py:125}}
Jul 10 01:57:07.410484 np0000184928 nova-conductor[109189]: DEBUG oslo.service.backend._threading.loopingcall [-] Fixed interval looping call 'nova.servicegroup.drivers.db.DbDriver._report_state' sleeping for 119.99 seconds {{(pid=109189) _run_loop /opt/stack/data/venv/lib/python3.12/site-packages/oslo_service/backend/_threading/loopingcall.py:125}}
Jul 10 01:57:07.419389 np0000184928 nova-conductor[109171]: DEBUG oslo.service.backend._threading.loopingcall [-] Fixed interval looping call 'nova.servicegroup.drivers.db.DbDriver._report_state' sleeping for 119.99 seconds {{(pid=109171) _run_loop /opt/stack/data/venv/lib/python3.12/site-packages/oslo_service/backend/_threading/loopingcall.py:125}}
Jul 10 01:57:07.439122 np0000184928 nova-conductor[109196]: DEBUG oslo.service.backend._threading.loopingcall [-] Fixed interval looping call 'nova.servicegroup.drivers.db.DbDriver._report_state' sleeping for 119.99 seconds {{(pid=109196) _run_loop /opt/stack/data/venv/lib/python3.12/site-packages/oslo_service/backend/_threading/loopingcall.py:125}}
Jul 10 01:57:07.476446 np0000184928 nova-conductor[109177]: DEBUG oslo.service.backend._threading.loopingcall [-] Fixed interval looping call 'nova.servicegroup.drivers.db.DbDriver._report_state' sleeping for 119.99 seconds {{(pid=109177) _run_loop /opt/stack/data/venv/lib/python3.12/site-packages/oslo_service/backend/_threading/loopingcall.py:125}}
Jul 10 01:57:17.404847 np0000184928 nova-conductor[109189]: DEBUG dbcounter [-] [109189] Writing DB stats nova_cell0:SELECT=1,nova_cell0:UPDATE=1 {{(pid=109189) stat_writer /opt/stack/data/venv/lib/python3.12/site-packages/dbcounter.py:115}}
Jul 10 01:57:17.416830 np0000184928 nova-conductor[109171]: DEBUG dbcounter [-] [109171] Writing DB stats nova_cell0:SELECT=1 {{(pid=109171) stat_writer /opt/stack/data/venv/lib/python3.12/site-packages/dbcounter.py:115}}
Jul 10 01:57:17.435987 np0000184928 nova-conductor[109196]: DEBUG dbcounter [-] [109196] Writing DB stats nova_cell0:SELECT=1 {{(pid=109196) stat_writer /opt/stack/data/venv/lib/python3.12/site-packages/dbcounter.py:115}}
Jul 10 01:57:17.472910 np0000184928 nova-conductor[109177]: DEBUG dbcounter [-] [109177] Writing DB stats nova_cell0:SELECT=1 {{(pid=109177) stat_writer /opt/stack/data/venv/lib/python3.12/site-packages/dbcounter.py:115}}
Jul 10 01:57:24.409495 np0000184928 nova-conductor[109189]: DEBUG oslo.service.backend._threading.loopingcall [None req-882163a9-7b0f-4d9e-83ef-de8619fb93be None None] Dynamic interval looping call 'nova.service.Service.periodic_tasks' sleeping for 60.00 seconds {{(pid=109189) _run_loop /opt/stack/data/venv/lib/python3.12/site-packages/oslo_service/backend/_threading/loopingcall.py:125}}
Jul 10 01:57:31.469731 np0000184928 nova-conductor[109177]: DEBUG oslo.service.backend._threading.loopingcall [None req-b38cd594-cfaf-4fed-9364-80315aee3cc0 None None] Dynamic interval looping call 'nova.service.Service.periodic_tasks' sleeping for 60.00 seconds {{(pid=109177) _run_loop /opt/stack/data/venv/lib/python3.12/site-packages/oslo_service/backend/_threading/loopingcall.py:125}}
Jul 10 01:57:54.433198 np0000184928 nova-conductor[109196]: DEBUG oslo.service.backend._threading.loopingcall [None req-814386a3-b7f9-416f-9014-c87b84ef9a5d None None] Dynamic interval looping call 'nova.service.Service.periodic_tasks' sleeping for 60.00 seconds {{(pid=109196) _run_loop /opt/stack/data/venv/lib/python3.12/site-packages/oslo_service/backend/_threading/loopingcall.py:125}}
Jul 10 01:57:56.417563 np0000184928 nova-conductor[109171]: DEBUG oslo.service.backend._threading.loopingcall [None req-24ac30b8-9603-4747-8f09-1d346cea9fab None None] Dynamic interval looping call 'nova.service.Service.periodic_tasks' sleeping for 60.00 seconds {{(pid=109171) _run_loop /opt/stack/data/venv/lib/python3.12/site-packages/oslo_service/backend/_threading/loopingcall.py:125}}
Jul 10 01:58:24.410305 np0000184928 nova-conductor[109189]: DEBUG oslo.service.backend._threading.loopingcall [None req-882163a9-7b0f-4d9e-83ef-de8619fb93be None None] Dynamic interval looping call 'nova.service.Service.periodic_tasks' sleeping for 60.00 seconds {{(pid=109189) _run_loop /opt/stack/data/venv/lib/python3.12/site-packages/oslo_service/backend/_threading/loopingcall.py:125}}
Jul 10 01:58:31.470542 np0000184928 nova-conductor[109177]: DEBUG oslo.service.backend._threading.loopingcall [None req-b38cd594-cfaf-4fed-9364-80315aee3cc0 None None] Dynamic interval looping call 'nova.service.Service.periodic_tasks' sleeping for 60.00 seconds {{(pid=109177) _run_loop /opt/stack/data/venv/lib/python3.12/site-packages/oslo_service/backend/_threading/loopingcall.py:125}}
