2026-03-04 02:43:58.094 8 INFO neutron.db.ovn_revision_numbers_db [None req-91f13a48-45ba-4822-82d8-9ccb64ff9f47 11bf29899ada4ce8b0762a958ff422fa 9511dfed28d2474db1342bd4bf13e4cc - - default default] Successfully bumped revision number for resource d85b98c0-f2db-44db-827b-e93194d656c3 (type: routers) to 2
2026-03-04 02:43:58.109 7 INFO neutron.plugins.ml2.plugin [None req-25055d80-9421-4b8e-a11c-f9efb716aacd - - - - - -] Attempt 1 to provision port 180613a8-c803-4d28-8e6d-06484bde8084 [pid: 8|app: 0|req: 554/1089] 10.0.0.210 () {34 vars in 669 bytes} [Wed Mar 4 02:43:56 2026] POST /v2.0/routers => generated 968 bytes in 1961 msecs (HTTP/1.1 201) 4 headers in 162 bytes (1 switches on core 0)
2026-03-04 02:43:58.210 7 INFO neutron.notifiers.nova [-] Nova event matching ['req-2b2ece5a-f607-4fd5-82ca-be3ac345621a'] response: {'server_uuid': 'de3f1846-30a2-4efc-af0b-f47ff8da8033', 'name': 'network-vif-unplugged', 'status': 'completed', 'tag': 'b59151b8-be6e-4a7f-9bee-fa3038088b6e', 'code': 200}
2026-03-04 02:43:58.211 7 INFO neutron.notifiers.nova [-] Nova event matching ['req-2b2ece5a-f607-4fd5-82ca-be3ac345621a'] response: {'server_uuid': 'de3f1846-30a2-4efc-af0b-f47ff8da8033', 'name': 'network-vif-deleted', 'tag': 'b59151b8-be6e-4a7f-9bee-fa3038088b6e', 'status': 'completed', 'code': 200}
2026-03-04 02:43:58.627 7 INFO neutron.db.ovn_revision_numbers_db [None req-3229a8d2-068f-4d16-84ed-36878041f48a 11bf29899ada4ce8b0762a958ff422fa 9511dfed28d2474db1342bd4bf13e4cc - - default default] Successfully bumped revision number for resource d50b7685-f3bc-4d0f-ae3b-280f71823325 (type: security_groups) to 1
2026-03-04 02:43:58.688 7 INFO neutron.db.ovn_revision_numbers_db [None req-3229a8d2-068f-4d16-84ed-36878041f48a 11bf29899ada4ce8b0762a958ff422fa 9511dfed28d2474db1342bd4bf13e4cc - - default default] Successfully bumped revision number for resource 8881ff35-17aa-41e7-a797-bac1a521e925 (type: security_group_rules) to 0
2026-03-04 02:43:58.736 7 INFO neutron.db.ovn_revision_numbers_db [None req-3229a8d2-068f-4d16-84ed-36878041f48a 11bf29899ada4ce8b0762a958ff422fa 9511dfed28d2474db1342bd4bf13e4cc - - default default] Successfully bumped revision number for resource 9a046f08-0caf-4dd9-9816-9b38d02c3bbf (type: security_group_rules) to 0
2026-03-04 02:43:58.754 8 WARNING neutron.scheduler.dhcp_agent_scheduler [None req-81e8233a-c877-41f3-a9eb-2fbccc836464 11bf29899ada4ce8b0762a958ff422fa 9511dfed28d2474db1342bd4bf13e4cc - - default default] No more DHCP agents
2026-03-04 02:43:58.755 8 WARNING neutron.api.rpc.agentnotifiers.dhcp_rpc_agent_api [None req-81e8233a-c877-41f3-a9eb-2fbccc836464 11bf29899ada4ce8b0762a958ff422fa 9511dfed28d2474db1342bd4bf13e4cc - - default default] Unable to schedule network 7a5bdd09-4c64-41e6-89e2-96be64eb0a62: no agents available; will retry on subsequent port and subnet creation events.
2026-03-04 02:43:58.766 7 INFO neutron.db.ovn_revision_numbers_db [None req-3229a8d2-068f-4d16-84ed-36878041f48a 11bf29899ada4ce8b0762a958ff422fa 9511dfed28d2474db1342bd4bf13e4cc - - default default] Successfully bumped revision number for resource d8eee4cf-b291-4bd0-99c0-24b89417721f (type: security_group_rules) to 0
2026-03-04 02:43:58.791 7 INFO neutron.db.ovn_revision_numbers_db [None req-3229a8d2-068f-4d16-84ed-36878041f48a 11bf29899ada4ce8b0762a958ff422fa 9511dfed28d2474db1342bd4bf13e4cc - - default default] Successfully bumped revision number for resource ef8de835-5ead-441a-9d5c-0e5e3c11531f (type: security_group_rules) to 0 [pid: 7|app: 0|req: 536/1090] 10.0.0.210 () {32 vars in 774 bytes} [Wed Mar 4 02:43:57 2026] GET /v2.0/security-groups?tenant_id=e59c7c6648664c23a09cf5ab6ae64095&name=default => generated 2925 bytes in 1049 msecs (HTTP/1.1 200) 4 headers in 158 bytes (1 switches on core 0) [pid: 7|app: 0|req: 537/1091] 10.0.0.191 () {34 vars in 990 bytes} [Wed Mar 4 02:43:58 2026] GET /v2.0/ports?device_id=de3f1846-30a2-4efc-af0b-f47ff8da8033 => generated 12 bytes in 35 msecs (HTTP/1.1 200) 4 headers in 156 bytes (1 switches on core 0)
2026-03-04 02:43:58.966 8 INFO neutron.db.ovn_revision_numbers_db [None req-81e8233a-c877-41f3-a9eb-2fbccc836464 11bf29899ada4ce8b0762a958ff422fa 9511dfed28d2474db1342bd4bf13e4cc - - default default] Successfully bumped revision number for resource b72add71-7cc7-4b15-a41e-db7153f68d5b (type: ports) to 1 [pid: 7|app: 0|req: 538/1092] 10.0.0.210 () {32 vars in 740 bytes} [Wed Mar 4 02:43:58 2026] DELETE /v2.0/security-groups/d50b7685-f3bc-4d0f-ae3b-280f71823325 => generated 0 bytes in 490 msecs (HTTP/1.1 204) 2 headers in 112 bytes (1 switches on core 0)
2026-03-04 02:43:59.601 7 INFO neutron.db.ovn_revision_numbers_db [None req-31a1b718-b623-49c0-a89c-55ed742650a8 - - - - - -] Successfully bumped revision number for resource 180613a8-c803-4d28-8e6d-06484bde8084 (type: ports) to 4
2026-03-04 02:43:59.812 8 WARNING neutron.scheduler.dhcp_agent_scheduler [None req-81e8233a-c877-41f3-a9eb-2fbccc836464 11bf29899ada4ce8b0762a958ff422fa 9511dfed28d2474db1342bd4bf13e4cc - - default default] No more DHCP agents
2026-03-04 02:43:59.814 8 WARNING neutron.api.rpc.agentnotifiers.dhcp_rpc_agent_api [None req-81e8233a-c877-41f3-a9eb-2fbccc836464 11bf29899ada4ce8b0762a958ff422fa 9511dfed28d2474db1342bd4bf13e4cc - - default default] Unable to schedule network 7a5bdd09-4c64-41e6-89e2-96be64eb0a62: no agents available; will retry on subsequent port and subnet creation events.
2026-03-04 02:43:59.845 7 INFO neutron.db.ovn_revision_numbers_db [None req-d850e514-807b-4b4a-829c-938bc5fec53c 11bf29899ada4ce8b0762a958ff422fa 9511dfed28d2474db1342bd4bf13e4cc - - default default] Successfully bumped revision number for resource d59e5f8b-b6ae-4978-8c29-5d3c221376bd (type: security_groups) to 1
2026-03-04 02:43:59.866 7 INFO neutron.db.ovn_revision_numbers_db [None req-d850e514-807b-4b4a-829c-938bc5fec53c 11bf29899ada4ce8b0762a958ff422fa 9511dfed28d2474db1342bd4bf13e4cc - - default default] Successfully bumped revision number for resource 207f9551-f66f-48ab-8bbe-8295f55f91b3 (type: security_group_rules) to 0
2026-03-04 02:43:59.889 7 INFO neutron.db.ovn_revision_numbers_db [None req-d850e514-807b-4b4a-829c-938bc5fec53c 11bf29899ada4ce8b0762a958ff422fa 9511dfed28d2474db1342bd4bf13e4cc - - default default] Successfully bumped revision number for resource dbf5c645-daf3-4d5d-908f-75d3724264b7 (type: security_group_rules) to 0
2026-03-04 02:43:59.908 7 INFO neutron.db.ovn_revision_numbers_db [None req-d850e514-807b-4b4a-829c-938bc5fec53c 11bf29899ada4ce8b0762a958ff422fa 9511dfed28d2474db1342bd4bf13e4cc - - default default] Successfully bumped revision number for resource ef29f01a-1e45-4364-a40b-5d8241b06b21 (type: security_group_rules) to 0
2026-03-04 02:43:59.932 7 INFO neutron.db.ovn_revision_numbers_db [None req-d850e514-807b-4b4a-829c-938bc5fec53c 11bf29899ada4ce8b0762a958ff422fa 9511dfed28d2474db1342bd4bf13e4cc - - default default] Successfully bumped revision number for resource f836f5fe-b66b-404a-b0a7-9950e5e0d4a0 (type: security_group_rules) to 0 [pid: 7|app: 0|req: 539/1093] 10.0.0.210 () {32 vars in 774 bytes} [Wed Mar 4 02:43:59 2026] GET /v2.0/security-groups?tenant_id=a4e6e67ccfa74ff6b42488ed742c37cd&name=default => generated 2925 bytes in 592 msecs (HTTP/1.1 200) 4 headers in 158 bytes (1 switches on core 0)
2026-03-04 02:44:00.206 7 INFO neutron.db.ovn_revision_numbers_db [None req-31a1b718-b623-49c0-a89c-55ed742650a8 - - - - - -] Successfully bumped revision number for resource 180613a8-c803-4d28-8e6d-06484bde8084 (type: ports) to 5
2026-03-04 02:44:00.406 8 INFO neutron.db.ovn_revision_numbers_db [None req-81e8233a-c877-41f3-a9eb-2fbccc836464 11bf29899ada4ce8b0762a958ff422fa 9511dfed28d2474db1342bd4bf13e4cc - - default default] Successfully bumped revision number for resource b72add71-7cc7-4b15-a41e-db7153f68d5b (type: router_ports) to 1 [pid: 8|app: 0|req: 555/1094] 10.0.0.210 () {34 vars in 783 bytes} [Wed Mar 4 02:43:58 2026] PUT /v2.0/routers/d85b98c0-f2db-44db-827b-e93194d656c3/add_router_interface => generated 309 bytes in 2259 msecs (HTTP/1.1 200) 4 headers in 157 bytes (1 switches on core 0) [pid: 8|app: 0|req: 556/1095] 10.0.0.191 () {34 vars in 990 bytes} [Wed Mar 4 02:44:00 2026] GET /v2.0/ports?device_id=de3f1846-30a2-4efc-af0b-f47ff8da8033 => generated 12 bytes in 17 msecs (HTTP/1.1 200) 4 headers in 156 bytes (1 switches on core 0)
2026-03-04 02:44:00.473 7 INFO neutron.db.ovn_revision_numbers_db [None req-c65654e9-d41a-472c-b2d6-0f50cb063995 11bf29899ada4ce8b0762a958ff422fa 9511dfed28d2474db1342bd4bf13e4cc - - default default] Successfully bumped revision number for resource bb5f073f-c633-4600-961b-fbe44c4a8d9b (type: security_groups) to 1
2026-03-04 02:44:00.490 7 INFO neutron.db.ovn_revision_numbers_db [None req-c65654e9-d41a-472c-b2d6-0f50cb063995 11bf29899ada4ce8b0762a958ff422fa 9511dfed28d2474db1342bd4bf13e4cc - - default default] Successfully bumped revision number for resource 248ba942-7552-4222-ad01-23574d340c2b (type: security_group_rules) to 0
2026-03-04 02:44:00.503 7 INFO neutron.db.ovn_revision_numbers_db [None req-c65654e9-d41a-472c-b2d6-0f50cb063995 11bf29899ada4ce8b0762a958ff422fa 9511dfed28d2474db1342bd4bf13e4cc - - default default] Successfully bumped revision number for resource be147c6b-e37d-4bf4-b44b-5c2727befb3a (type: security_group_rules) to 0
2026-03-04 02:44:00.514 7 INFO neutron.db.ovn_revision_numbers_db [None req-c65654e9-d41a-472c-b2d6-0f50cb063995 11bf29899ada4ce8b0762a958ff422fa 9511dfed28d2474db1342bd4bf13e4cc - - default default] Successfully bumped revision number for resource d1698c54-08a0-4b95-bccf-4a7adc9ad27d (type: security_group_rules) to 0
2026-03-04 02:44:00.526 7 INFO neutron.db.ovn_revision_numbers_db [None req-c65654e9-d41a-472c-b2d6-0f50cb063995 11bf29899ada4ce8b0762a958ff422fa 9511dfed28d2474db1342bd4bf13e4cc - - default default] Successfully bumped revision number for resource f1bb8e29-7efe-4d40-8276-0d51058e039a (type: security_group_rules) to 0 [pid: 7|app: 0|req: 540/1096] 10.0.0.210 () {32 vars in 774 bytes} [Wed Mar 4 02:44:00 2026] GET /v2.0/security-groups?tenant_id=7796149aa00541f9a534e6a2ef28002d&name=default => generated 2925 bytes in 554 msecs (HTTP/1.1 200) 4 headers in 158 bytes (1 switches on core 0) [pid: 8|app: 0|req: 557/1097] 10.0.0.210 () {32 vars in 740 bytes} [Wed Mar 4 02:44:00 2026] DELETE /v2.0/security-groups/d59e5f8b-b6ae-4978-8c29-5d3c221376bd => generated 0 bytes in 317 msecs (HTTP/1.1 204) 2 headers in 112 bytes (1 switches on core 0) [pid: 7|app: 0|req: 541/1098] 10.0.0.210 () {32 vars in 740 bytes} [Wed Mar 4 02:44:00 2026] DELETE /v2.0/security-groups/bb5f073f-c633-4600-961b-fbe44c4a8d9b => generated 0 bytes in 306 msecs (HTTP/1.1 204) 2 headers in 112 bytes (1 switches on core 0)
2026-03-04 02:44:01.066 7 INFO neutron.plugins.ml2.drivers.ovn.mech_driver.mech_driver [None req-25055d80-9421-4b8e-a11c-f9efb716aacd - - - - - -] OVN reports status down for port: b72add71-7cc7-4b15-a41e-db7153f68d5b
2026-03-04 02:44:01.147 7 WARNING neutron.plugins.ml2.drivers.ovn.mech_driver.ovsdb.ovn_client [None req-25055d80-9421-4b8e-a11c-f9efb716aacd - - - - - -] Logical_Switch_Port b72add71-7cc7-4b15-a41e-db7153f68d5b host information not removed, the port state is up
2026-03-04 02:44:01.147 7 INFO neutron.plugins.ml2.drivers.ovn.mech_driver.mech_driver [None req-25055d80-9421-4b8e-a11c-f9efb716aacd - - - - - -] OVN reports status up for port: b72add71-7cc7-4b15-a41e-db7153f68d5b
2026-03-04 02:44:01.156 7 INFO neutron.plugins.ml2.plugin [None req-25055d80-9421-4b8e-a11c-f9efb716aacd - - - - - -] Attempt 1 to provision port b72add71-7cc7-4b15-a41e-db7153f68d5b
2026-03-04 02:44:01.253 8 INFO neutron.db.ovn_revision_numbers_db [None req-7584f165-8215-469f-bbe4-94543c9c0051 aae255441da44d6281d86c0c75009367 a4685418ad9b445299ca73d81042d430 - - default default] Successfully bumped revision number for resource ddf2af3b-0308-4c1d-8b7b-b5c5c4264c42 (type: security_groups) to 1
2026-03-04 02:44:01.271 8 INFO neutron.db.ovn_revision_numbers_db [None req-7584f165-8215-469f-bbe4-94543c9c0051 aae255441da44d6281d86c0c75009367 a4685418ad9b445299ca73d81042d430 - - default default] Successfully bumped revision number for resource 47980ac4-d5de-431f-b0a9-44f1c4148b54 (type: security_group_rules) to 0
2026-03-04 02:44:01.283 8 INFO neutron.db.ovn_revision_numbers_db [None req-7584f165-8215-469f-bbe4-94543c9c0051 aae255441da44d6281d86c0c75009367 a4685418ad9b445299ca73d81042d430 - - default default] Successfully bumped revision number for resource ea0e70d0-545e-41f1-b717-8b21ff97d6f7 (type: security_group_rules) to 0 [pid: 8|app: 0|req: 558/1099] 10.0.0.210 () {34 vars in 685 bytes} [Wed Mar 4 02:44:01 2026] POST /v2.0/security-groups => generated 1660 bytes in 234 msecs (HTTP/1.1 201) 4 headers in 163 bytes (1 switches on core 0)
2026-03-04 02:44:01.651 7 INFO neutron.db.ovn_revision_numbers_db [None req-383e07b7-93db-44ed-a514-ea011029958e aae255441da44d6281d86c0c75009367 a4685418ad9b445299ca73d81042d430 - - default default] Successfully bumped revision number for resource 6199c7dd-4592-4925-bd1a-b4343b88e4fa (type: security_group_rules) to 0 [pid: 7|app: 0|req: 542/1100] 10.0.0.210 () {34 vars in 695 bytes} [Wed Mar 4 02:44:01 2026] POST /v2.0/security-group-rules => generated 597 bytes in 393 msecs (HTTP/1.1 201) 4 headers in 162 bytes (1 switches on core 0) [pid: 8|app: 0|req: 559/1101] 10.0.0.210 () {32 vars in 740 bytes} [Wed Mar 4 02:44:01 2026] DELETE /v2.0/security-groups/9f2a32bd-836f-400b-80c5-957cd9fc1edd => generated 0 bytes in 398 msecs (HTTP/1.1 204) 2 headers in 112 bytes (1 switches on core 0)
2026-03-04 02:44:01.955 8 INFO neutron.api.v2.resource [None req-f38d8f0c-e32e-4e4a-ba71-db3c125bcd34 b68f97190e8f4eec80c82032fecf44aa 78bae67341a94ecb973982ae84983541 - - default default] show failed (client error): The resource could not be found. [pid: 8|app: 0|req: 560/1102] 10.0.0.210 () {32 vars in 737 bytes} [Wed Mar 4 02:44:01 2026] GET /v2.0/security-groups/9f2a32bd-836f-400b-80c5-957cd9fc1edd => generated 146 bytes in 14 msecs (HTTP/1.1 404) 4 headers in 164 bytes (1 switches on core 0)
2026-03-04 02:44:02.085 7 INFO neutron.db.ovn_revision_numbers_db [None req-25055d80-9421-4b8e-a11c-f9efb716aacd - - - - - -] Successfully bumped revision number for resource b72add71-7cc7-4b15-a41e-db7153f68d5b (type: ports) to 2
2026-03-04 02:44:02.089 7 INFO neutron.db.ovn_revision_numbers_db [None req-2873ad35-ce2f-4626-bff2-8449908c40e3 aae255441da44d6281d86c0c75009367 a4685418ad9b445299ca73d81042d430 - - default default] Successfully bumped revision number for resource d854bcce-b2bf-4457-a8ce-95282e3c5abd (type: security_group_rules) to 0
2026-03-04 02:44:02.109 8 INFO neutron_taas.services.taas.taas_plugin [None req-45b54371-e3d4-4861-bab0-997c193dfd80 b68f97190e8f4eec80c82032fecf44aa 78bae67341a94ecb973982ae84983541 - - default default] TaaS: Handle Delete Port: 38872579-412c-4fdb-9554-f38055e84a35
2026-03-04 02:44:02.113 8 INFO neutron_taas.services.taas.tap_mirror_plugin [None req-45b54371-e3d4-4861-bab0-997c193dfd80 b68f97190e8f4eec80c82032fecf44aa 78bae67341a94ecb973982ae84983541 - - default default] Tap Mirror: Handle Delete Port: 38872579-412c-4fdb-9554-f38055e84a35 [pid: 7|app: 0|req: 543/1103] 10.0.0.210 () {34 vars in 695 bytes} [Wed Mar 4 02:44:01 2026] POST /v2.0/security-group-rules => generated 602 bytes in 440 msecs (HTTP/1.1 201) 4 headers in 162 bytes (1 switches on core 0) [pid: 8|app: 0|req: 561/1104] 10.0.0.210 () {32 vars in 732 bytes} [Wed Mar 4 02:44:01 2026] DELETE /v2.0/floatingips/8c2d64d7-2d10-43b2-bfe6-f321a14757f7 => generated 0 bytes in 324 msecs (HTTP/1.1 204) 2 headers in 112 bytes (1 switches on core 0)
2026-03-04 02:44:02.478 7 WARNING neutron.scheduler.dhcp_agent_scheduler [None req-395165be-b25b-45e9-9362-a7b3cf32eacb aae255441da44d6281d86c0c75009367 a4685418ad9b445299ca73d81042d430 - - default default] No more DHCP agents
2026-03-04 02:44:02.479 7 WARNING neutron.api.rpc.agentnotifiers.dhcp_rpc_agent_api [None req-395165be-b25b-45e9-9362-a7b3cf32eacb aae255441da44d6281d86c0c75009367 a4685418ad9b445299ca73d81042d430 - - default default] Unable to schedule network 45c1c381-bca2-4df2-ae0f-ceee069f62ef: no agents available; will retry on subsequent port and subnet creation events.
2026-03-04 02:44:02.645 8 INFO neutron_taas.services.taas.taas_plugin [None req-17382cbb-3e53-4b4b-999e-41e5481e9a4d 11bf29899ada4ce8b0762a958ff422fa 9511dfed28d2474db1342bd4bf13e4cc - - default default] TaaS: Handle Delete Port: c633ed3c-8044-4979-8fa1-46d9cac31f7b
2026-03-04 02:44:02.647 8 INFO neutron_taas.services.taas.tap_mirror_plugin [None req-17382cbb-3e53-4b4b-999e-41e5481e9a4d 11bf29899ada4ce8b0762a958ff422fa 9511dfed28d2474db1342bd4bf13e4cc - - default default] Tap Mirror: Handle Delete Port: c633ed3c-8044-4979-8fa1-46d9cac31f7b [pid: 7|app: 0|req: 544/1105] 10.0.0.210 () {34 vars in 676 bytes} [Wed Mar 4 02:44:02 2026] POST /v2.0/floatingips => generated 552 bytes in 919 msecs (HTTP/1.1 201) 4 headers in 162 bytes (1 switches on core 0) [pid: 8|app: 0|req: 562/1106] 10.0.0.210 () {34 vars in 789 bytes} [Wed Mar 4 02:44:02 2026] PUT /v2.0/routers/40d01e4a-e2b7-4104-ba0e-de8ab7766b97/remove_router_interface => generated 309 bytes in 1289 msecs (HTTP/1.1 200) 4 headers in 157 bytes (1 switches on core 0) /var/lib/openstack/lib/python3.12/site-packages/pycadf/identifier.py:70: UserWarning: Invalid uuid: neutron. To ensure interoperability, identifiers should be a valid uuid. warnings.warn(('Invalid uuid: %s. To ensure interoperability, ' [pid: 8|app: 0|req: 563/1107] 10.0.0.191 () {34 vars in 1098 bytes} [Wed Mar 4 02:44:03 2026] GET /v2.0/security-groups?name=tempest-securitygroup--614276526&fields=id&tenant_id=a4685418ad9b445299ca73d81042d430 => generated 69 bytes in 35 msecs (HTTP/1.1 200) 4 headers in 156 bytes (1 switches on core 0)
2026-03-04 02:44:03.912 7 INFO neutron.db.ovn_revision_numbers_db [None req-dc1ee75d-eb15-46b9-9029-85bd37dfc31e 11bf29899ada4ce8b0762a958ff422fa 9511dfed28d2474db1342bd4bf13e4cc - - default default] Successfully bumped revision number for resource 3b9daf06-7e85-40b3-a3c1-f8b2bb92dc75 (type: security_groups) to 1
2026-03-04 02:44:03.965 7 INFO neutron.db.ovn_revision_numbers_db [None req-dc1ee75d-eb15-46b9-9029-85bd37dfc31e 11bf29899ada4ce8b0762a958ff422fa 9511dfed28d2474db1342bd4bf13e4cc - - default default] Successfully bumped revision number for resource 1d1a4dea-441e-4977-b5ab-b684ed426cb7 (type: security_group_rules) to 0
2026-03-04 02:44:03.980 7 INFO neutron.db.ovn_revision_numbers_db [None req-dc1ee75d-eb15-46b9-9029-85bd37dfc31e 11bf29899ada4ce8b0762a958ff422fa 9511dfed28d2474db1342bd4bf13e4cc - - default default] Successfully bumped revision number for resource 7d8fbfb1-3ac2-4327-bac3-dcf5d377acf4 (type: security_group_rules) to 0
2026-03-04 02:44:03.992 7 INFO neutron.db.ovn_revision_numbers_db [None req-dc1ee75d-eb15-46b9-9029-85bd37dfc31e 11bf29899ada4ce8b0762a958ff422fa 9511dfed28d2474db1342bd4bf13e4cc - - default default] Successfully bumped revision number for resource a780302f-6cd5-4cdf-866d-155b37961ba4 (type: security_group_rules) to 0
2026-03-04 02:44:04.005 7 INFO neutron.db.ovn_revision_numbers_db [None req-dc1ee75d-eb15-46b9-9029-85bd37dfc31e 11bf29899ada4ce8b0762a958ff422fa 9511dfed28d2474db1342bd4bf13e4cc - - default default] Successfully bumped revision number for resource db32adb8-40e5-42b8-a2cf-340a64ef376f (type: security_group_rules) to 0 [pid: 7|app: 0|req: 545/1108] 10.0.0.210 () {32 vars in 774 bytes} [Wed Mar 4 02:44:03 2026] GET /v2.0/security-groups?tenant_id=a4fbea8178a543d0b6aa0e05244274b5&name=default => generated 2925 bytes in 488 msecs (HTTP/1.1 200) 4 headers in 158 bytes (1 switches on core 0)
2026-03-04 02:44:04.070 8 INFO neutron_taas.services.taas.taas_plugin [None req-03f1ccac-0078-49f5-81b1-38e72afaf61c 11bf29899ada4ce8b0762a958ff422fa 9511dfed28d2474db1342bd4bf13e4cc - - default default] TaaS: Handle Delete Port: bcad84e0-70be-42b2-a65c-0e43886927a0
2026-03-04 02:44:04.074 8 INFO neutron_taas.services.taas.tap_mirror_plugin [None req-03f1ccac-0078-49f5-81b1-38e72afaf61c 11bf29899ada4ce8b0762a958ff422fa 9511dfed28d2474db1342bd4bf13e4cc - - default default] Tap Mirror: Handle Delete Port: bcad84e0-70be-42b2-a65c-0e43886927a0 [pid: 7|app: 0|req: 546/1109] 10.0.0.191 () {34 vars in 982 bytes} [Wed Mar 4 02:44:04 2026] GET /v2.0/networks?id=7a5bdd09-4c64-41e6-89e2-96be64eb0a62 => generated 675 bytes in 57 msecs (HTTP/1.1 200) 4 headers in 157 bytes (1 switches on core 0) [pid: 7|app: 0|req: 547/1110] 10.0.0.210 () {32 vars in 740 bytes} [Wed Mar 4 02:44:04 2026] DELETE /v2.0/security-groups/3b9daf06-7e85-40b3-a3c1-f8b2bb92dc75 => generated 0 bytes in 355 msecs (HTTP/1.1 204) 2 headers in 112 bytes (1 switches on core 0) [pid: 7|app: 0|req: 548/1111] 10.0.0.191 () {34 vars in 965 bytes} [Wed Mar 4 02:44:04 2026] GET /v2.0/quotas/a4685418ad9b445299ca73d81042d430 => generated 292 bytes in 11 msecs (HTTP/1.1 200) 4 headers in 157 bytes (1 switches on core 0) [pid: 7|app: 0|req: 549/1112] 10.0.0.191 () {34 vars in 1002 bytes} [Wed Mar 4 02:44:04 2026] GET /v2.0/ports?tenant_id=a4685418ad9b445299ca73d81042d430&fields=id => generated 103 bytes in 81 msecs (HTTP/1.1 200) 4 headers in 157 bytes (1 switches on core 0) [pid: 7|app: 0|req: 550/1113] 10.0.0.191 () {34 vars in 1008 bytes} [Wed Mar 4 02:44:04 2026] GET /v2.0/networks/7a5bdd09-4c64-41e6-89e2-96be64eb0a62?fields=segments => generated 14 bytes in 43 msecs (HTTP/1.1 200) 4 headers in 156 bytes (1 switches on core 0) [pid: 8|app: 0|req: 564/1114] 10.0.0.210 () {32 vars in 724 bytes} [Wed Mar 4 02:44:03 2026] DELETE /v2.0/routers/40d01e4a-e2b7-4104-ba0e-de8ab7766b97 => generated 0 bytes in 1053 msecs (HTTP/1.1 204) 2 headers in 112 bytes (1 switches on core 0) [pid: 7|app: 0|req: 551/1115] 10.0.0.191 () {34 vars in 1108 bytes} [Wed Mar 4 02:44:04 2026] GET /v2.0/networks/7a5bdd09-4c64-41e6-89e2-96be64eb0a62?fields=provider%3Aphysical_network&fields=provider%3Anetwork_type => generated 79 bytes in 134 msecs (HTTP/1.1 200) 4 headers in 156 bytes (1 switches on core 0) [pid: 7|app: 0|req: 552/1116] 10.0.0.191 () {34 vars in 990 bytes} [Wed Mar 4 02:44:04 2026] GET /v2.0/ports?device_id=bc8cc73b-ee70-463c-9184-411d277f0aff => generated 12 bytes in 34 msecs (HTTP/1.1 200) 4 headers in 156 bytes (1 switches on core 0) [pid: 8|app: 0|req: 565/1117] 10.0.0.210 () {32 vars in 724 bytes} [Wed Mar 4 02:44:04 2026] DELETE /v2.0/subnets/7399aae9-6361-4822-801f-cecae5436617 => generated 0 bytes in 200 msecs (HTTP/1.1 204) 3 headers in 131 bytes (1 switches on core 0)
2026-03-04 02:44:05.079 7 INFO neutron_taas.services.taas.taas_plugin [None req-01fcd9ce-e881-49f0-a9e3-e18f9bc14efe 11bf29899ada4ce8b0762a958ff422fa 9511dfed28d2474db1342bd4bf13e4cc - - default default] TaaS: Handle Delete Port: be3b7e80-8ddd-4566-a3d0-69f5488c89bc
2026-03-04 02:44:05.083 7 INFO neutron_taas.services.taas.tap_mirror_plugin [None req-01fcd9ce-e881-49f0-a9e3-e18f9bc14efe 11bf29899ada4ce8b0762a958ff422fa 9511dfed28d2474db1342bd4bf13e4cc - - default default] Tap Mirror: Handle Delete Port: be3b7e80-8ddd-4566-a3d0-69f5488c89bc
2026-03-04 02:44:05.281 7 INFO neutron.services.segments.plugin [-] Segment 1e234d80-cef9-4fb0-87f1-17e0d25d87bd resource provider aggregate not found
2026-03-04 02:44:05.286 7 INFO neutron.services.segments.plugin [-] Segment 1e234d80-cef9-4fb0-87f1-17e0d25d87bd resource provider aggregate not found
2026-03-04 02:44:05.307 7 INFO neutron.services.segments.plugin [-] Segment 1e234d80-cef9-4fb0-87f1-17e0d25d87bd resource provider not found; error: Placement Client Error (4xx): {"errors": [{"status": 404, "title": "Not Found", "detail": "The resource could not be found.\n\n No resource provider with uuid 1e234d80-cef9-4fb0-87f1-17e0d25d87bd found for delete ", "request_id": "req-2ec4061b-ae9b-4546-9122-ecbcaffc17f1"}]}
2026-03-04 02:44:05.311 7 INFO neutron.services.segments.plugin [-] Segment 1e234d80-cef9-4fb0-87f1-17e0d25d87bd resource provider not found; error: Placement Client Error (4xx): {"errors": [{"status": 404, "title": "Not Found", "detail": "The resource could not be found.\n\n No resource provider with uuid 1e234d80-cef9-4fb0-87f1-17e0d25d87bd found for delete ", "request_id": "req-b3708d6d-4d69-4c3b-a275-2d48da3d04bc"}]} [pid: 7|app: 0|req: 553/1118] 10.0.0.210 () {32 vars in 726 bytes} [Wed Mar 4 02:44:04 2026] DELETE /v2.0/networks/b0f01cd2-a252-4e5d-933e-eae5cef8c16f => generated 0 bytes in 395 msecs (HTTP/1.1 204) 3 headers in 131 bytes (1 switches on core 0) [pid: 8|app: 0|req: 566/1119] 10.0.0.210 () {32 vars in 774 bytes} [Wed Mar 4 02:44:05 2026] GET /v2.0/security-groups?tenant_id=78bae67341a94ecb973982ae84983541&name=default => generated 2925 bytes in 32 msecs (HTTP/1.1 200) 4 headers in 158 bytes (1 switches on core 0) [pid: 7|app: 0|req: 554/1120] 10.0.0.210 () {32 vars in 740 bytes} [Wed Mar 4 02:44:05 2026] DELETE /v2.0/security-groups/b9d5e915-60c4-4a9a-8f2b-392d221d6bad => generated 0 bytes in 381 msecs (HTTP/1.1 204) 2 headers in 112 bytes (1 switches on core 0) [pid: 8|app: 0|req: 567/1121] 10.0.0.191 () {34 vars in 990 bytes} [Wed Mar 4 02:44:05 2026] GET /v2.0/ports?device_id=bc8cc73b-ee70-463c-9184-411d277f0aff => generated 12 bytes in 21 msecs (HTTP/1.1 200) 4 headers in 156 bytes (1 switches on core 0) [pid: 8|app: 0|req: 570/1124] 10.0.0.191 () {34 vars in 990 bytes} [Wed Mar 4 02:44:07 2026] GET /v2.0/ports?device_id=bc8cc73b-ee70-463c-9184-411d277f0aff => generated 12 bytes in 34 msecs (HTTP/1.1 200) 4 headers in 156 bytes (1 switches on core 0)
2026-03-04 02:44:07.191 7 INFO neutron.db.ovn_revision_numbers_db [None req-0e120932-6ad3-455a-9816-0ac7455e0c12 11bf29899ada4ce8b0762a958ff422fa 9511dfed28d2474db1342bd4bf13e4cc - - default default] Successfully bumped revision number for resource e82b407a-e5c7-422a-8982-ddac530309bd (type: security_groups) to 1
2026-03-04 02:44:07.292 7 INFO neutron.db.ovn_revision_numbers_db [None req-0e120932-6ad3-455a-9816-0ac7455e0c12 11bf29899ada4ce8b0762a958ff422fa 9511dfed28d2474db1342bd4bf13e4cc - - default default] Successfully bumped revision number for resource 525d7249-dbc9-451f-9a48-3b279e2ff2c0 (type: security_group_rules) to 0
2026-03-04 02:44:07.328 7 INFO neutron.db.ovn_revision_numbers_db [None req-0e120932-6ad3-455a-9816-0ac7455e0c12 11bf29899ada4ce8b0762a958ff422fa 9511dfed28d2474db1342bd4bf13e4cc - - default default] Successfully bumped revision number for resource 7b0c26e2-ca2f-4ded-a900-45cdf22af857 (type: security_group_rules) to 0 [pid: 8|app: 0|req: 571/1125] 10.0.0.226 () {28 vars in 583 bytes} [Wed Mar 4 02:44:07 2026] GET /v2.0/subnets => generated 1988 bytes in 268 msecs (HTTP/1.1 200) 4 headers in 158 bytes (1 switches on core 0)
2026-03-04 02:44:07.392 7 INFO neutron.db.ovn_revision_numbers_db [None req-0e120932-6ad3-455a-9816-0ac7455e0c12 11bf29899ada4ce8b0762a958ff422fa 9511dfed28d2474db1342bd4bf13e4cc - - default default] Successfully bumped revision number for resource b2e5c9e5-4ab2-4c97-8c81-8124691e8113 (type: security_group_rules) to 0 [pid: 8|app: 0|req: 572/1126] 10.0.0.226 () {28 vars in 591 bytes} [Wed Mar 4 02:44:07 2026] GET /v2.0/subnetpools => generated 19 bytes in 12 msecs (HTTP/1.1 200) 4 headers in 156 bytes (1 switches on core 0)
2026-03-04 02:44:07.444 7 INFO neutron.db.ovn_revision_numbers_db [None req-0e120932-6ad3-455a-9816-0ac7455e0c12 11bf29899ada4ce8b0762a958ff422fa 9511dfed28d2474db1342bd4bf13e4cc - - default default] Successfully bumped revision number for resource bf251b2b-1b8e-413c-b382-f0432185c576 (type: security_group_rules) to 0 [pid: 8|app: 0|req: 573/1127] 10.0.0.226 () {28 vars in 591 bytes} [Wed Mar 4 02:44:07 2026] GET /v2.0/floatingips => generated 555 bytes in 36 msecs (HTTP/1.1 200) 4 headers in 157 bytes (1 switches on core 0)
2026-03-04 02:44:07.542 7 INFO neutron.db.segments_db [None req-0e120932-6ad3-455a-9816-0ac7455e0c12 11bf29899ada4ce8b0762a958ff422fa 9511dfed28d2474db1342bd4bf13e4cc - - default default] Added segment 5e26b3a4-f428-458e-ab62-27ad82842aeb of type geneve for network 493e3c37-e8d9-4278-a367-ca3752baa4e9 [pid: 8|app: 0|req: 574/1128] 10.0.0.226 () {28 vars in 579 bytes} [Wed Mar 4 02:44:07 2026] GET /v2.0/ports => generated 9394 bytes in 93 msecs (HTTP/1.1 200) 4 headers in 158 bytes (1 switches on core 0)
2026-03-04 02:44:07.562 7 WARNING neutron.plugins.ml2.drivers.ovn.mech_driver.ovsdb.ovn_client [None req-dd5d669c-c6cc-4102-af19-e150e7105532 - - - - - -] No hosting information found for port b72add71-7cc7-4b15-a41e-db7153f68d5b: RuntimeError: No hosting information found for port b72add71-7cc7-4b15-a41e-db7153f68d5b [pid: 8|app: 0|req: 575/1129] 10.0.0.226 () {28 vars in 583 bytes} [Wed Mar 4 02:44:07 2026] GET /v2.0/routers => generated 977 bytes in 126 msecs (HTTP/1.1 200) 4 headers in 157 bytes (1 switches on core 0) [pid: 8|app: 0|req: 576/1130] 10.0.0.226 () {28 vars in 624 bytes} [Wed Mar 4 02:44:07 2026] GET /v2.0/agents?binary=ovn-controller => generated 416 bytes in 80 msecs (HTTP/1.1 200) 4 headers in 157 bytes (1 switches on core 0) [pid: 8|app: 0|req: 577/1131] 10.0.0.226 () {28 vars in 619 bytes} [Wed Mar 4 02:44:07 2026] GET /v2.0/network-ip-availabilities => generated 1860 bytes in 20 msecs (HTTP/1.1 200) 4 headers in 158 bytes (1 switches on core 0)
2026-03-04 02:44:07.824 7 INFO neutron.db.ovn_revision_numbers_db [None req-dd5d669c-c6cc-4102-af19-e150e7105532 - - - - - -] Successfully bumped revision number for resource b72add71-7cc7-4b15-a41e-db7153f68d5b (type: router_ports) to 2 [pid: 8|app: 0|req: 578/1132] 10.0.0.226 () {28 vars in 583 bytes} [Wed Mar 4 02:44:07 2026] GET /v2.0/subnets => generated 1988 bytes in 36 msecs (HTTP/1.1 200) 4 headers in 158 bytes (1 switches on core 0)
2026-03-04 02:44:07.924 7 INFO neutron.db.ovn_revision_numbers_db [None req-0e120932-6ad3-455a-9816-0ac7455e0c12 11bf29899ada4ce8b0762a958ff422fa 9511dfed28d2474db1342bd4bf13e4cc - - default default] Successfully bumped revision number for resource 493e3c37-e8d9-4278-a367-ca3752baa4e9 (type: networks) to 1 [pid: 8|app: 0|req: 579/1133] 10.0.0.226 () {28 vars in 585 bytes} [Wed Mar 4 02:44:07 2026] GET /v2.0/networks => generated 3652 bytes in 84 msecs (HTTP/1.1 200) 4 headers in 158 bytes (1 switches on core 0) [pid: 8|app: 0|req: 580/1134] 10.0.0.191 () {34 vars in 990 bytes} [Wed Mar 4 02:44:07 2026] GET /v2.0/ports?device_id=bc8cc73b-ee70-463c-9184-411d277f0aff => generated 12 bytes in 16 msecs (HTTP/1.1 200) 4 headers in 156 bytes (1 switches on core 0) [pid: 8|app: 0|req: 581/1135] 10.0.0.226 () {28 vars in 581 bytes} [Wed Mar 4 02:44:07 2026] GET /v2.0/agents => generated 1214 bytes in 15 msecs (HTTP/1.1 200) 4 headers in 158 bytes (1 switches on core 0) [pid: 8|app: 0|req: 582/1136] 10.0.0.226 () {28 vars in 599 bytes} [Wed Mar 4 02:44:07 2026] GET /v2.0/security-groups => generated 26074 bytes in 51 msecs (HTTP/1.1 200) 4 headers in 159 bytes (1 switches on core 0)
2026-03-04 02:44:08.150 7 WARNING neutron.scheduler.dhcp_agent_scheduler [None req-0e120932-6ad3-455a-9816-0ac7455e0c12 11bf29899ada4ce8b0762a958ff422fa 9511dfed28d2474db1342bd4bf13e4cc - - default default] No more DHCP agents
2026-03-04 02:44:08.151 7 WARNING neutron.api.rpc.agentnotifiers.dhcp_rpc_agent_api [None req-0e120932-6ad3-455a-9816-0ac7455e0c12 11bf29899ada4ce8b0762a958ff422fa 9511dfed28d2474db1342bd4bf13e4cc - - default default] Unable to schedule network 493e3c37-e8d9-4278-a367-ca3752baa4e9: no agents available; will retry on subsequent port and subnet creation events.
2026-03-04 02:44:08.223 7 INFO neutron.plugins.ml2.drivers.ovn.mech_driver.mech_driver [None req-dd5d669c-c6cc-4102-af19-e150e7105532 - - - - - -] OVN reports status down for port: 5293e239-7673-4f52-93d1-52240b09dc55 [pid: 8|app: 0|req: 583/1137] 10.0.0.191 () {34 vars in 990 bytes} [Wed Mar 4 02:44:08 2026] GET /v2.0/ports?device_id=bc8cc73b-ee70-463c-9184-411d277f0aff => generated 12 bytes in 34 msecs (HTTP/1.1 200) 4 headers in 156 bytes (1 switches on core 0)
2026-03-04 02:44:08.309 7 INFO neutron.db.ovn_revision_numbers_db [None req-0e120932-6ad3-455a-9816-0ac7455e0c12 11bf29899ada4ce8b0762a958ff422fa 9511dfed28d2474db1342bd4bf13e4cc - - default default] Successfully bumped revision number for resource 5293e239-7673-4f52-93d1-52240b09dc55 (type: ports) to 1 [pid: 7|app: 0|req: 555/1138] 10.0.0.210 () {34 vars in 671 bytes} [Wed Mar 4 02:44:06 2026] POST /v2.0/networks => generated 743 bytes in 1781 msecs (HTTP/1.1 201) 4 headers in 162 bytes (1 switches on core 0)
2026-03-04 02:44:08.548 8 WARNING neutron.scheduler.dhcp_agent_scheduler [None req-1670dd78-7a0a-40d0-9b5e-1e8663f3f547 11bf29899ada4ce8b0762a958ff422fa 9511dfed28d2474db1342bd4bf13e4cc - - default default] No more DHCP agents
2026-03-04 02:44:08.550 8 WARNING neutron.api.rpc.agentnotifiers.dhcp_rpc_agent_api [None req-1670dd78-7a0a-40d0-9b5e-1e8663f3f547 11bf29899ada4ce8b0762a958ff422fa 9511dfed28d2474db1342bd4bf13e4cc - - default default] Unable to schedule network 493e3c37-e8d9-4278-a367-ca3752baa4e9: no agents available; will retry on subsequent port and subnet creation events.
2026-03-04 02:44:09.022 8 INFO neutron.db.ovn_revision_numbers_db [None req-8affd825-fb84-4044-812a-5baa2a0cc3e3 - - - - - -] Successfully bumped revision number for resource 5293e239-7673-4f52-93d1-52240b09dc55 (type: ports) to 2
2026-03-04 02:44:09.054 8 INFO neutron.db.ovn_revision_numbers_db [None req-8affd825-fb84-4044-812a-5baa2a0cc3e3 - - - - - -] Successfully bumped revision number for resource 43675480-b4b9-4535-99f4-bd0757ff8b8a (type: subnets) to 0 [pid: 8|app: 0|req: 584/1139] 10.0.0.210 () {34 vars in 669 bytes} [Wed Mar 4 02:44:08 2026] POST /v2.0/subnets => generated 687 bytes in 695 msecs (HTTP/1.1 201) 4 headers in 162 bytes (1 switches on core 0)
2026-03-04 02:44:09.609 8 INFO neutron.db.ovn_revision_numbers_db [None req-8e0e8ba7-f5f5-4e42-a3c8-0b1009fbb5f6 11bf29899ada4ce8b0762a958ff422fa 9511dfed28d2474db1342bd4bf13e4cc - - default default] Successfully bumped revision number for resource 01f8e1cf-e4ec-42bf-b05f-d24eba95373e (type: security_groups) to 1
2026-03-04 02:44:09.616 7 INFO neutron.db.ovn_revision_numbers_db [None req-6965ffae-584e-419a-be37-b399e9f13820 11bf29899ada4ce8b0762a958ff422fa 9511dfed28d2474db1342bd4bf13e4cc - - default default] Successfully bumped revision number for resource 2837b355-f7c0-4840-9bc6-b1c7fd058718 (type: security_groups) to 1
2026-03-04 02:44:09.632 8 INFO neutron.db.ovn_revision_numbers_db [None req-8e0e8ba7-f5f5-4e42-a3c8-0b1009fbb5f6 11bf29899ada4ce8b0762a958ff422fa 9511dfed28d2474db1342bd4bf13e4cc - - default default] Successfully bumped revision number for resource 20b02d52-8ba4-4fc5-8e38-614d406b71d3 (type: security_group_rules) to 0
2026-03-04 02:44:09.675 7 INFO neutron.db.ovn_revision_numbers_db [None req-6965ffae-584e-419a-be37-b399e9f13820 11bf29899ada4ce8b0762a958ff422fa 9511dfed28d2474db1342bd4bf13e4cc - - default default] Successfully bumped revision number for resource 67532fce-6c1d-4525-bd67-7d2d2fc0d511 (type: security_group_rules) to 0
2026-03-04 02:44:09.691 8 INFO neutron.db.ovn_revision_numbers_db [None req-8e0e8ba7-f5f5-4e42-a3c8-0b1009fbb5f6 11bf29899ada4ce8b0762a958ff422fa 9511dfed28d2474db1342bd4bf13e4cc - - default default] Successfully bumped revision number for resource 60465e93-d4ea-41b4-ae50-e06c0572f09d (type: security_group_rules) to 0
2026-03-04 02:44:09.816 7 INFO neutron.db.ovn_revision_numbers_db [None req-6965ffae-584e-419a-be37-b399e9f13820 11bf29899ada4ce8b0762a958ff422fa 9511dfed28d2474db1342bd4bf13e4cc - - default default] Successfully bumped revision number for resource 8c838e13-77ab-4ab8-942e-28a45c7a2785 (type: security_group_rules) to 0
2026-03-04 02:44:09.880 8 INFO neutron.db.ovn_revision_numbers_db [None req-8e0e8ba7-f5f5-4e42-a3c8-0b1009fbb5f6 11bf29899ada4ce8b0762a958ff422fa 9511dfed28d2474db1342bd4bf13e4cc - - default default] Successfully bumped revision number for resource 6d8b1c8d-c7ed-4a28-88b1-5cf9e6aeb6d5 (type: security_group_rules) to 0
2026-03-04 02:44:10.085 7 INFO neutron.db.ovn_revision_numbers_db [None req-6965ffae-584e-419a-be37-b399e9f13820 11bf29899ada4ce8b0762a958ff422fa 9511dfed28d2474db1342bd4bf13e4cc - - default default] Successfully bumped revision number for resource c451070a-92d7-48ee-9e50-9fbc35938af8 (type: security_group_rules) to 0
2026-03-04 02:44:10.155 8 INFO neutron.db.ovn_revision_numbers_db [None req-8e0e8ba7-f5f5-4e42-a3c8-0b1009fbb5f6 11bf29899ada4ce8b0762a958ff422fa 9511dfed28d2474db1342bd4bf13e4cc - - default default] Successfully bumped revision number for resource e628b4ab-83c2-4c0c-9a94-105347be92bc (type: security_group_rules) to 0 [pid: 8|app: 0|req: 585/1140] 10.0.0.210 () {32 vars in 774 bytes} [Wed Mar 4 02:44:09 2026] GET /v2.0/security-groups?tenant_id=e3d33495cf294fc7bcf8c366687dfcf9&name=default => generated 2925 bytes in 1116 msecs (HTTP/1.1 200) 4 headers in 158 bytes (1 switches on core 0)
2026-03-04 02:44:10.272 7 INFO neutron.db.ovn_revision_numbers_db [None req-6965ffae-584e-419a-be37-b399e9f13820 11bf29899ada4ce8b0762a958ff422fa 9511dfed28d2474db1342bd4bf13e4cc - - default default] Successfully bumped revision number for resource d18c75c8-baae-4714-b4ca-76132c1bb237 (type: security_group_rules) to 0
2026-03-04 02:44:10.353 7 INFO neutron.db.segments_db [None req-6965ffae-584e-419a-be37-b399e9f13820 11bf29899ada4ce8b0762a958ff422fa 9511dfed28d2474db1342bd4bf13e4cc - - default default] Added segment 83f8f8f3-3802-448b-9050-69325139bba0 of type geneve for network bfe6d0ec-5fe8-4932-9489-69e9662d8056
2026-03-04 02:44:10.492 7 INFO neutron.db.ovn_revision_numbers_db [None req-6965ffae-584e-419a-be37-b399e9f13820 11bf29899ada4ce8b0762a958ff422fa 9511dfed28d2474db1342bd4bf13e4cc - - default default] Successfully bumped revision number for resource bfe6d0ec-5fe8-4932-9489-69e9662d8056 (type: networks) to 1
2026-03-04 02:44:10.704 8 WARNING neutron.scheduler.dhcp_agent_scheduler [None req-d4ae2299-8722-4a1b-aa05-11369cc99756 11bf29899ada4ce8b0762a958ff422fa 9511dfed28d2474db1342bd4bf13e4cc - - default default] No more DHCP agents
2026-03-04 02:44:10.706 8 WARNING neutron.api.rpc.agentnotifiers.dhcp_rpc_agent_api [None req-d4ae2299-8722-4a1b-aa05-11369cc99756 11bf29899ada4ce8b0762a958ff422fa 9511dfed28d2474db1342bd4bf13e4cc - - default default] Unable to schedule network 45c1c381-bca2-4df2-ae0f-ceee069f62ef: no agents available; will retry on subsequent port and subnet creation events.
2026-03-04 02:44:10.709 7 WARNING neutron.scheduler.dhcp_agent_scheduler [None req-6965ffae-584e-419a-be37-b399e9f13820 11bf29899ada4ce8b0762a958ff422fa 9511dfed28d2474db1342bd4bf13e4cc - - default default] No more DHCP agents
2026-03-04 02:44:10.711 7 WARNING neutron.api.rpc.agentnotifiers.dhcp_rpc_agent_api [None req-6965ffae-584e-419a-be37-b399e9f13820 11bf29899ada4ce8b0762a958ff422fa 9511dfed28d2474db1342bd4bf13e4cc - - default default] Unable to schedule network bfe6d0ec-5fe8-4932-9489-69e9662d8056: no agents available; will retry on subsequent port and subnet creation events.
2026-03-04 02:44:10.789 7 INFO neutron.plugins.ml2.drivers.ovn.mech_driver.mech_driver [None req-dd5d669c-c6cc-4102-af19-e150e7105532 - - - - - -] OVN reports status down for port: 5e13e4be-559f-4a51-bacf-052e928e1a96
2026-03-04 02:44:10.882 7 INFO neutron.db.ovn_revision_numbers_db [None req-6965ffae-584e-419a-be37-b399e9f13820 11bf29899ada4ce8b0762a958ff422fa 9511dfed28d2474db1342bd4bf13e4cc - - default default] Successfully bumped revision number for resource 5e13e4be-559f-4a51-bacf-052e928e1a96 (type: ports) to 1
2026-03-04 02:44:10.919 8 INFO neutron.db.ovn_revision_numbers_db [None req-d4ae2299-8722-4a1b-aa05-11369cc99756 11bf29899ada4ce8b0762a958ff422fa 9511dfed28d2474db1342bd4bf13e4cc - - default default] Successfully bumped revision number for resource 346d7942-a620-4ca5-8b13-81af93ba7466 (type: ports) to 1
2026-03-04 02:44:10.951 7 INFO neutron.plugins.ml2.drivers.ovn.mech_driver.mech_driver [None req-dd5d669c-c6cc-4102-af19-e150e7105532 - - - - - -] OVN reports status down for port: 346d7942-a620-4ca5-8b13-81af93ba7466 [pid: 7|app: 0|req: 556/1141] 10.0.0.210 () {34 vars in 671 bytes} [Wed Mar 4 02:44:08 2026] POST /v2.0/networks => generated 740 bytes in 2482 msecs (HTTP/1.1 201) 4 headers in 162 bytes (1 switches on core 0) [pid: 7|app: 0|req: 557/1142] 199.204.45.78 () {34 vars in 985 bytes} [Wed Mar 4 02:44:10 2026] GET /v2.0/networks?id=7a5bdd09-4c64-41e6-89e2-96be64eb0a62 => generated 675 bytes in 65 msecs (HTTP/1.1 200) 4 headers in 157 bytes (1 switches on core 0) [pid: 7|app: 0|req: 558/1143] 10.0.0.191 () {34 vars in 990 bytes} [Wed Mar 4 02:44:11 2026] GET /v2.0/ports?device_id=bc8cc73b-ee70-463c-9184-411d277f0aff => generated 12 bytes in 21 msecs (HTTP/1.1 200) 4 headers in 156 bytes (1 switches on core 0) [pid: 7|app: 0|req: 559/1144] 10.0.0.210 () {32 vars in 740 bytes} [Wed Mar 4 02:44:11 2026] DELETE /v2.0/security-groups/01f8e1cf-e4ec-42bf-b05f-d24eba95373e => generated 0 bytes in 317 msecs (HTTP/1.1 204) 2 headers in 112 bytes (1 switches on core 0)
2026-03-04 02:44:11.536 7 WARNING neutron.scheduler.dhcp_agent_scheduler [None req-2afcf0f3-6a2e-44a6-aec0-6bd864f4f8fe 11bf29899ada4ce8b0762a958ff422fa 9511dfed28d2474db1342bd4bf13e4cc - - default default] No more DHCP agents
2026-03-04 02:44:11.537 7 WARNING neutron.api.rpc.agentnotifiers.dhcp_rpc_agent_api [None req-2afcf0f3-6a2e-44a6-aec0-6bd864f4f8fe 11bf29899ada4ce8b0762a958ff422fa 9511dfed28d2474db1342bd4bf13e4cc - - default default] Unable to schedule network bfe6d0ec-5fe8-4932-9489-69e9662d8056: no agents available; will retry on subsequent port and subnet creation events.
2026-03-04 02:44:11.571 8 INFO neutron.plugins.ml2.drivers.ovn.mech_driver.ovsdb.commands [-] Schedule LRP lrp-346d7942-a620-4ca5-8b13-81af93ba7466 on gateway 3b2424d0-2e5f-4515-807b-143051c0aead with priority 1
2026-03-04 02:44:11.694 7 INFO neutron.plugins.ml2.drivers.ovn.mech_driver.ovsdb.ovsdb_monitor [None req-31a1b718-b623-49c0-a89c-55ed742650a8 - - - - - -] Router c092c552-6b81-498c-89fb-a08a17cb1f0b is bound to host instance
2026-03-04 02:44:11.829 8 INFO neutron.db.ovn_revision_numbers_db [None req-d4ae2299-8722-4a1b-aa05-11369cc99756 11bf29899ada4ce8b0762a958ff422fa 9511dfed28d2474db1342bd4bf13e4cc - - default default] Successfully bumped revision number for resource 346d7942-a620-4ca5-8b13-81af93ba7466 (type: router_ports) to 1
2026-03-04 02:44:11.863 7 INFO neutron.plugins.ml2.drivers.ovn.mech_driver.mech_driver [None req-dd5d669c-c6cc-4102-af19-e150e7105532 - - - - - -] OVN reports status up for port: 346d7942-a620-4ca5-8b13-81af93ba7466
2026-03-04 02:44:12.003 8 INFO neutron.db.ovn_revision_numbers_db [None req-d4ae2299-8722-4a1b-aa05-11369cc99756 11bf29899ada4ce8b0762a958ff422fa 9511dfed28d2474db1342bd4bf13e4cc - - default default] Successfully bumped revision number for resource c092c552-6b81-498c-89fb-a08a17cb1f0b (type: routers) to 2
2026-03-04 02:44:12.010 7 INFO neutron.plugins.ml2.plugin [None req-dd5d669c-c6cc-4102-af19-e150e7105532 - - - - - -] Attempt 1 to provision port 346d7942-a620-4ca5-8b13-81af93ba7466 [pid: 8|app: 0|req: 586/1145] 10.0.0.210 () {34 vars in 669 bytes} [Wed Mar 4 02:44:10 2026] POST /v2.0/routers => generated 965 bytes in 1916 msecs (HTTP/1.1 201) 4 headers in 162 bytes (1 switches on core 0) [pid: 8|app: 0|req: 587/1146] 199.204.45.78 () {34 vars in 1049 bytes} [Wed Mar 4 02:44:12 2026] GET /v2.0/security-groups?fields=id&fields=name&tenant_id=a4685418ad9b445299ca73d81042d430 => generated 180 bytes in 40 msecs (HTTP/1.1 200) 4 headers in 157 bytes (1 switches on core 0)
2026-03-04 02:44:12.579 7 INFO neutron.db.ovn_revision_numbers_db [None req-34dd92c6-c8bb-49fe-84e4-5e5ce6cfc39e - - - - - -] Successfully bumped revision number for resource 5e13e4be-559f-4a51-bacf-052e928e1a96 (type: ports) to 2
2026-03-04 02:44:12.717 7 INFO neutron.db.ovn_revision_numbers_db [None req-34dd92c6-c8bb-49fe-84e4-5e5ce6cfc39e - - - - - -] Successfully bumped revision number for resource 17c74272-40dc-4f44-b717-5487c00bb390 (type: subnets) to 0
2026-03-04 02:44:12.782 8 INFO neutron.db.ovn_revision_numbers_db [None req-9bf66f59-85e8-4624-bf4a-bb42e1908d64 11bf29899ada4ce8b0762a958ff422fa 9511dfed28d2474db1342bd4bf13e4cc - - default default] Successfully bumped revision number for resource fa82e63e-a568-4dd7-90ee-030587b0c9af (type: security_groups) to 1 [pid: 7|app: 0|req: 560/1147] 10.0.0.210 () {34 vars in 669 bytes} [Wed Mar 4 02:44:11 2026] POST /v2.0/subnets => generated 684 bytes in 1394 msecs (HTTP/1.1 201) 4 headers in 162 bytes (1 switches on core 0)
2026-03-04 02:44:12.966 8 INFO neutron.db.ovn_revision_numbers_db [None req-9bf66f59-85e8-4624-bf4a-bb42e1908d64 11bf29899ada4ce8b0762a958ff422fa 9511dfed28d2474db1342bd4bf13e4cc - - default default] Successfully bumped revision number for resource 28642b31-330e-4618-9af2-c79959d1d364 (type: security_group_rules) to 0
2026-03-04 02:44:13.068 8 INFO neutron.db.ovn_revision_numbers_db [None req-9bf66f59-85e8-4624-bf4a-bb42e1908d64 11bf29899ada4ce8b0762a958ff422fa 9511dfed28d2474db1342bd4bf13e4cc - - default default] Successfully bumped revision number for resource 3a04567f-1dc1-45f7-a3e2-36d920ee45c3 (type: security_group_rules) to 0
2026-03-04 02:44:13.138 8 INFO neutron.db.ovn_revision_numbers_db [None req-9bf66f59-85e8-4624-bf4a-bb42e1908d64 11bf29899ada4ce8b0762a958ff422fa 9511dfed28d2474db1342bd4bf13e4cc - - default default] Successfully bumped revision number for resource 9e7176db-e0fd-411d-9fed-6a2110e49d8f (type: security_group_rules) to 0
2026-03-04 02:44:13.152 8 INFO neutron.db.ovn_revision_numbers_db [None req-9bf66f59-85e8-4624-bf4a-bb42e1908d64 11bf29899ada4ce8b0762a958ff422fa 9511dfed28d2474db1342bd4bf13e4cc - - default default] Successfully bumped revision number for resource d1c9e1ba-a930-4393-9de8-1be68618f02c (type: security_group_rules) to 0 [pid: 8|app: 0|req: 588/1148] 10.0.0.210 () {32 vars in 774 bytes} [Wed Mar 4 02:44:12 2026] GET /v2.0/security-groups?tenant_id=370ed0eb1e5449ce9931166b5641c51d&name=default => generated 2925 bytes in 1044 msecs (HTTP/1.1 200) 4 headers in 158 bytes (1 switches on core 0) [pid: 8|app: 0|req: 589/1149] 10.0.0.191 () {34 vars in 990 bytes} [Wed Mar 4 02:44:13 2026] GET /v2.0/ports?device_id=bc8cc73b-ee70-463c-9184-411d277f0aff => generated 12 bytes in 17 msecs (HTTP/1.1 200) 4 headers in 156 bytes (1 switches on core 0)
2026-03-04 02:44:13.578 8 WARNING neutron.scheduler.dhcp_agent_scheduler [req-67449191-70d4-405e-8636-ec8742f0308f req-0f292c84-d4e9-4119-92f2-fee0fcc79b6e aae255441da44d6281d86c0c75009367 a4685418ad9b445299ca73d81042d430 - - default default] No more DHCP agents
2026-03-04 02:44:13.580 8 WARNING neutron.api.rpc.agentnotifiers.dhcp_rpc_agent_api [req-67449191-70d4-405e-8636-ec8742f0308f req-0f292c84-d4e9-4119-92f2-fee0fcc79b6e aae255441da44d6281d86c0c75009367 a4685418ad9b445299ca73d81042d430 - - default default] Unable to schedule network 7a5bdd09-4c64-41e6-89e2-96be64eb0a62: no agents available; will retry on subsequent port and subnet creation events.
2026-03-04 02:44:13.591 7 INFO neutron.db.ovn_revision_numbers_db [None req-646435e6-8497-404a-919f-cc9c788009b7 - - - - - -] Successfully bumped revision number for resource 346d7942-a620-4ca5-8b13-81af93ba7466 (type: ports) to 4
2026-03-04 02:44:13.688 7 WARNING neutron.scheduler.dhcp_agent_scheduler [None req-f90527f0-ff58-404a-a74c-e3cf699b098e 11bf29899ada4ce8b0762a958ff422fa 9511dfed28d2474db1342bd4bf13e4cc - - default default] No more DHCP agents
2026-03-04 02:44:13.693 7 WARNING neutron.api.rpc.agentnotifiers.dhcp_rpc_agent_api [None req-f90527f0-ff58-404a-a74c-e3cf699b098e 11bf29899ada4ce8b0762a958ff422fa 9511dfed28d2474db1342bd4bf13e4cc - - default default] Unable to schedule network 493e3c37-e8d9-4278-a367-ca3752baa4e9: no agents available; will retry on subsequent port and subnet creation events.
2026-03-04 02:44:13.834 8 INFO neutron.db.ovn_revision_numbers_db [req-67449191-70d4-405e-8636-ec8742f0308f req-0f292c84-d4e9-4119-92f2-fee0fcc79b6e aae255441da44d6281d86c0c75009367 a4685418ad9b445299ca73d81042d430 - - default default] Successfully bumped revision number for resource b646f1a3-37ad-46b6-971c-90c234c4b598 (type: ports) to 1 [pid: 8|app: 0|req: 590/1150] 199.204.45.78 () {38 vars in 954 bytes} [Wed Mar 4 02:44:13 2026] POST /v2.0/ports => generated 954 bytes in 692 msecs (HTTP/1.1 201) 4 headers in 162 bytes (1 switches on core 0) /var/lib/openstack/lib/python3.12/site-packages/pycadf/identifier.py:70: UserWarning: Invalid uuid: neutron. To ensure interoperability, identifiers should be a valid uuid. warnings.warn(('Invalid uuid: %s. To ensure interoperability, '
2026-03-04 02:44:14.114 7 INFO neutron.db.ovn_revision_numbers_db [None req-f90527f0-ff58-404a-a74c-e3cf699b098e 11bf29899ada4ce8b0762a958ff422fa 9511dfed28d2474db1342bd4bf13e4cc - - default default] Successfully bumped revision number for resource 09b43b15-55ba-45a3-964d-ed7e5fc8bb0a (type: ports) to 1
2026-03-04 02:44:14.342 7 INFO neutron.db.ovn_revision_numbers_db [None req-646435e6-8497-404a-919f-cc9c788009b7 - - - - - -] Successfully bumped revision number for resource 346d7942-a620-4ca5-8b13-81af93ba7466 (type: ports) to 5
2026-03-04 02:44:14.388 8 WARNING neutron.scheduler.dhcp_agent_scheduler [None req-f904837b-76ea-45bb-a936-07c45b0c7db2 11bf29899ada4ce8b0762a958ff422fa 9511dfed28d2474db1342bd4bf13e4cc - - default default] No more DHCP agents
2026-03-04 02:44:14.390 8 WARNING neutron.api.rpc.agentnotifiers.dhcp_rpc_agent_api [None req-f904837b-76ea-45bb-a936-07c45b0c7db2 11bf29899ada4ce8b0762a958ff422fa 9511dfed28d2474db1342bd4bf13e4cc - - default default] Unable to schedule network 45c1c381-bca2-4df2-ae0f-ceee069f62ef: no agents available; will retry on subsequent port and subnet creation events.
2026-03-04 02:44:14.575 8 INFO neutron.db.ovn_revision_numbers_db [None req-f904837b-76ea-45bb-a936-07c45b0c7db2 11bf29899ada4ce8b0762a958ff422fa 9511dfed28d2474db1342bd4bf13e4cc - - default default] Successfully bumped revision number for resource 58dc764e-cfb8-4670-a2b7-2a3d01861f08 (type: ports) to 1
