2026-03-04 02:46:15.355 8 INFO neutron.db.ovn_revision_numbers_db [None req-294f92a2-6dbe-4f84-8e0d-9e4efb65b3c4 8f0f10327dcd4d978b3b0cf691a99b41 3d09bdc6349f4f11b3f30ab1b9f9b50e - - default default] Successfully bumped revision number for resource 3114ce69-3d07-4251-8429-2fcdc9bee2a7 (type: security_group_rules) to 0
2026-03-04 02:46:15.388 8 INFO neutron.db.ovn_revision_numbers_db [None req-294f92a2-6dbe-4f84-8e0d-9e4efb65b3c4 8f0f10327dcd4d978b3b0cf691a99b41 3d09bdc6349f4f11b3f30ab1b9f9b50e - - default default] Successfully bumped revision number for resource 71737f8c-8622-4a08-8bc6-b1e8e9af4ba3 (type: security_group_rules) to 0 [pid: 8|app: 0|req: 1020/1901] 10.0.0.210 () {34 vars in 684 bytes} [Wed Mar 4 02:46:14 2026] POST /v2.0/security-groups => generated 1601 bytes in 826 msecs (HTTP/1.1 201) 4 headers in 163 bytes (1 switches on core 0) [pid: 7|app: 0|req: 882/1902] 10.0.0.210 () {32 vars in 740 bytes} [Wed Mar 4 02:46:15 2026] DELETE /v2.0/security-groups/663eeea9-c0ee-46df-aec4-9f63e54a96d3 => generated 0 bytes in 384 msecs (HTTP/1.1 204) 2 headers in 112 bytes (1 switches on core 0)
2026-03-04 02:46:15.787 7 INFO neutron.db.ovn_revision_numbers_db [None req-b056a52b-8a2b-45dc-a38e-3fa26225af25 8f0f10327dcd4d978b3b0cf691a99b41 3d09bdc6349f4f11b3f30ab1b9f9b50e - - default default] Successfully bumped revision number for resource 1ab9f8af-ff43-49ea-a60c-c8190f8bc6d8 (type: security_groups) to 1
2026-03-04 02:46:15.806 8 INFO neutron.db.ovn_revision_numbers_db [None req-67680adf-15e0-4164-9c1b-fab138ebaa5d 906a7073bf4a475584cb2c9f36f63925 e5938e5e2b91464e84cb339ef173111b - - default default] Successfully bumped revision number for resource 786e66b3-0ff4-4d15-ae3c-9c0fb1f354e6 (type: security_groups) to 1
2026-03-04 02:46:15.808 7 INFO neutron.db.ovn_revision_numbers_db [None req-b056a52b-8a2b-45dc-a38e-3fa26225af25 8f0f10327dcd4d978b3b0cf691a99b41 3d09bdc6349f4f11b3f30ab1b9f9b50e - - default default] Successfully bumped revision number for resource 2c1435e1-6c4b-4899-94ec-18da914d5ef0 (type: security_group_rules) to 0
2026-03-04 02:46:15.820 8 INFO neutron.db.ovn_revision_numbers_db [None req-67680adf-15e0-4164-9c1b-fab138ebaa5d 906a7073bf4a475584cb2c9f36f63925 e5938e5e2b91464e84cb339ef173111b - - default default] Successfully bumped revision number for resource 8ed46a61-6263-4f67-bf94-a182adf8a556 (type: security_group_rules) to 0
2026-03-04 02:46:15.822 7 INFO neutron.db.ovn_revision_numbers_db [None req-b056a52b-8a2b-45dc-a38e-3fa26225af25 8f0f10327dcd4d978b3b0cf691a99b41 3d09bdc6349f4f11b3f30ab1b9f9b50e - - default default] Successfully bumped revision number for resource 5110a115-f16d-474b-b226-bace0cb569a5 (type: security_group_rules) to 0
2026-03-04 02:46:15.855 8 INFO neutron.db.ovn_revision_numbers_db [None req-67680adf-15e0-4164-9c1b-fab138ebaa5d 906a7073bf4a475584cb2c9f36f63925 e5938e5e2b91464e84cb339ef173111b - - default default] Successfully bumped revision number for resource bfe59e5e-330b-477b-8ff7-f2a2defa3d7a (type: security_group_rules) to 0
2026-03-04 02:46:15.913 8 INFO neutron.db.ovn_revision_numbers_db [None req-67680adf-15e0-4164-9c1b-fab138ebaa5d 906a7073bf4a475584cb2c9f36f63925 e5938e5e2b91464e84cb339ef173111b - - default default] Successfully bumped revision number for resource c3c35635-4283-47fa-837b-0a41233afa01 (type: security_group_rules) to 0 [pid: 7|app: 0|req: 883/1903] 10.0.0.210 () {34 vars in 684 bytes} [Wed Mar 4 02:46:15 2026] POST /v2.0/security-groups => generated 1601 bytes in 389 msecs (HTTP/1.1 201) 4 headers in 163 bytes (1 switches on core 0)
2026-03-04 02:46:15.950 8 INFO neutron.db.ovn_revision_numbers_db [None req-67680adf-15e0-4164-9c1b-fab138ebaa5d 906a7073bf4a475584cb2c9f36f63925 e5938e5e2b91464e84cb339ef173111b - - default default] Successfully bumped revision number for resource d9d8cbe0-e59e-4696-9032-f214d18a3ef5 (type: security_group_rules) to 0
2026-03-04 02:46:16.041 8 INFO neutron.db.segments_db [None req-67680adf-15e0-4164-9c1b-fab138ebaa5d 906a7073bf4a475584cb2c9f36f63925 e5938e5e2b91464e84cb339ef173111b - - default default] Added segment 3c99ec95-e678-4d58-867d-1594d3eb1b1b of type geneve for network ab89ec03-4e6a-44a3-92c3-4d362d84d1cf
2026-03-04 02:46:16.124 7 WARNING neutron.scheduler.dhcp_agent_scheduler [None req-5599ebb6-d7e6-4c77-b242-be1864b7b8fa 9ae5a42f957a4fd99120d46ec1ebb5ce af38cb618a134314b858731ba2463733 - - default default] No more DHCP agents
2026-03-04 02:46:16.124 7 WARNING neutron.api.rpc.agentnotifiers.dhcp_rpc_agent_api [None req-5599ebb6-d7e6-4c77-b242-be1864b7b8fa 9ae5a42f957a4fd99120d46ec1ebb5ce af38cb618a134314b858731ba2463733 - - default default] Unable to schedule network 7c5da910-6637-43ca-9b1f-764d0a2f77cb: no agents available; will retry on subsequent port and subnet creation events.
2026-03-04 02:46:16.135 8 INFO neutron.db.segments_db [None req-67680adf-15e0-4164-9c1b-fab138ebaa5d 906a7073bf4a475584cb2c9f36f63925 e5938e5e2b91464e84cb339ef173111b - - default default] Added segment 96d65642-2bc2-4a68-bfd6-a765cc5bbb93 of type geneve for network b23ee700-8d49-4cab-a832-83636faab868
2026-03-04 02:46:16.225 7 INFO neutron.db.ovn_revision_numbers_db [None req-5599ebb6-d7e6-4c77-b242-be1864b7b8fa 9ae5a42f957a4fd99120d46ec1ebb5ce af38cb618a134314b858731ba2463733 - - default default] Successfully bumped revision number for resource 8085c581-5dc0-45c7-ab06-11eabdf13afb (type: subnets) to 0 [pid: 7|app: 0|req: 884/1904] 10.0.0.210 () {34 vars in 669 bytes} [Wed Mar 4 02:46:15 2026] POST /v2.0/subnets => generated 673 bytes in 330 msecs (HTTP/1.1 201) 4 headers in 162 bytes (1 switches on core 0)
2026-03-04 02:46:16.304 8 INFO neutron.db.ovn_revision_numbers_db [None req-67680adf-15e0-4164-9c1b-fab138ebaa5d 906a7073bf4a475584cb2c9f36f63925 e5938e5e2b91464e84cb339ef173111b - - default default] Successfully bumped revision number for resource ab89ec03-4e6a-44a3-92c3-4d362d84d1cf (type: networks) to 1
2026-03-04 02:46:16.485 7 INFO neutron.db.ovn_revision_numbers_db [None req-9c05c4bc-79ac-49b2-89db-c338e90d219b 8f0f10327dcd4d978b3b0cf691a99b41 3d09bdc6349f4f11b3f30ab1b9f9b50e - - default default] Successfully bumped revision number for resource 8fd246fa-3b97-4918-b77a-195643f80b7a (type: security_groups) to 1
2026-03-04 02:46:16.514 7 INFO neutron.db.ovn_revision_numbers_db [None req-9c05c4bc-79ac-49b2-89db-c338e90d219b 8f0f10327dcd4d978b3b0cf691a99b41 3d09bdc6349f4f11b3f30ab1b9f9b50e - - default default] Successfully bumped revision number for resource 974599f8-7787-4d58-977c-848df3729075 (type: security_group_rules) to 0
2026-03-04 02:46:16.525 8 WARNING neutron.scheduler.dhcp_agent_scheduler [None req-67680adf-15e0-4164-9c1b-fab138ebaa5d 906a7073bf4a475584cb2c9f36f63925 e5938e5e2b91464e84cb339ef173111b - - default default] No more DHCP agents
2026-03-04 02:46:16.526 8 WARNING neutron.api.rpc.agentnotifiers.dhcp_rpc_agent_api [None req-67680adf-15e0-4164-9c1b-fab138ebaa5d 906a7073bf4a475584cb2c9f36f63925 e5938e5e2b91464e84cb339ef173111b - - default default] Unable to schedule network ab89ec03-4e6a-44a3-92c3-4d362d84d1cf: no agents available; will retry on subsequent port and subnet creation events.
2026-03-04 02:46:16.553 7 INFO neutron.db.ovn_revision_numbers_db [None req-9c05c4bc-79ac-49b2-89db-c338e90d219b 8f0f10327dcd4d978b3b0cf691a99b41 3d09bdc6349f4f11b3f30ab1b9f9b50e - - default default] Successfully bumped revision number for resource de64bbe0-1fd5-479a-b49a-cab0de32ff24 (type: security_group_rules) to 0 [pid: 7|app: 0|req: 885/1905] 10.0.0.210 () {34 vars in 684 bytes} [Wed Mar 4 02:46:16 2026] POST /v2.0/security-groups => generated 1601 bytes in 387 msecs (HTTP/1.1 201) 4 headers in 163 bytes (1 switches on core 0)
2026-03-04 02:46:16.640 7 INFO neutron.plugins.ml2.drivers.ovn.mech_driver.mech_driver [None req-bbd1f66c-8c60-489e-b4c9-c7b6abee77ab - - - - - -] OVN reports status down for port: 2c63fd01-7408-43fa-9b2e-7bcdaed0330c
2026-03-04 02:46:16.675 8 INFO neutron.db.ovn_revision_numbers_db [None req-67680adf-15e0-4164-9c1b-fab138ebaa5d 906a7073bf4a475584cb2c9f36f63925 e5938e5e2b91464e84cb339ef173111b - - default default] Successfully bumped revision number for resource 2c63fd01-7408-43fa-9b2e-7bcdaed0330c (type: ports) to 1
2026-03-04 02:46:16.782 7 INFO neutron.db.segments_db [None req-67367308-4730-476d-9662-f123f2c1eefd 9ae5a42f957a4fd99120d46ec1ebb5ce af38cb618a134314b858731ba2463733 - - default default] Added segment df47fbf3-ab7e-4a8e-bb26-59c177914f04 of type geneve for network 3f235c13-972f-4ef7-8aa6-f552ea8c39b2
2026-03-04 02:46:16.795 8 INFO neutron.db.ovn_revision_numbers_db [None req-67680adf-15e0-4164-9c1b-fab138ebaa5d 906a7073bf4a475584cb2c9f36f63925 e5938e5e2b91464e84cb339ef173111b - - default default] Successfully bumped revision number for resource b23ee700-8d49-4cab-a832-83636faab868 (type: networks) to 1
2026-03-04 02:46:16.956 7 INFO neutron.db.ovn_revision_numbers_db [None req-67367308-4730-476d-9662-f123f2c1eefd 9ae5a42f957a4fd99120d46ec1ebb5ce af38cb618a134314b858731ba2463733 - - default default] Successfully bumped revision number for resource 3f235c13-972f-4ef7-8aa6-f552ea8c39b2 (type: networks) to 1
2026-03-04 02:46:16.995 8 WARNING neutron.scheduler.dhcp_agent_scheduler [None req-67680adf-15e0-4164-9c1b-fab138ebaa5d 906a7073bf4a475584cb2c9f36f63925 e5938e5e2b91464e84cb339ef173111b - - default default] No more DHCP agents
2026-03-04 02:46:16.997 8 WARNING neutron.api.rpc.agentnotifiers.dhcp_rpc_agent_api [None req-67680adf-15e0-4164-9c1b-fab138ebaa5d 906a7073bf4a475584cb2c9f36f63925 e5938e5e2b91464e84cb339ef173111b - - default default] Unable to schedule network b23ee700-8d49-4cab-a832-83636faab868: no agents available; will retry on subsequent port and subnet creation events.
2026-03-04 02:46:17.078 7 INFO neutron.plugins.ml2.drivers.ovn.mech_driver.mech_driver [None req-bbd1f66c-8c60-489e-b4c9-c7b6abee77ab - - - - - -] OVN reports status down for port: a3711635-53e0-43da-a126-e82bb5540713
2026-03-04 02:46:17.122 8 INFO neutron.db.ovn_revision_numbers_db [None req-67680adf-15e0-4164-9c1b-fab138ebaa5d 906a7073bf4a475584cb2c9f36f63925 e5938e5e2b91464e84cb339ef173111b - - default default] Successfully bumped revision number for resource a3711635-53e0-43da-a126-e82bb5540713 (type: ports) to 1 [pid: 8|app: 0|req: 1021/1906] 10.0.0.210 () {34 vars in 670 bytes} [Wed Mar 4 02:46:15 2026] POST /v2.0/networks => generated 1245 bytes in 1730 msecs (HTTP/1.1 201) 4 headers in 163 bytes (1 switches on core 0)
2026-03-04 02:46:17.228 7 WARNING neutron.scheduler.dhcp_agent_scheduler [None req-67367308-4730-476d-9662-f123f2c1eefd 9ae5a42f957a4fd99120d46ec1ebb5ce af38cb618a134314b858731ba2463733 - - default default] No more DHCP agents
2026-03-04 02:46:17.229 7 WARNING neutron.api.rpc.agentnotifiers.dhcp_rpc_agent_api [None req-67367308-4730-476d-9662-f123f2c1eefd 9ae5a42f957a4fd99120d46ec1ebb5ce af38cb618a134314b858731ba2463733 - - default default] Unable to schedule network 3f235c13-972f-4ef7-8aa6-f552ea8c39b2: no agents available; will retry on subsequent port and subnet creation events.
2026-03-04 02:46:17.305 7 INFO neutron.plugins.ml2.drivers.ovn.mech_driver.mech_driver [None req-bbd1f66c-8c60-489e-b4c9-c7b6abee77ab - - - - - -] OVN reports status down for port: a9b48e1f-7c4a-44aa-b801-b99c17b2f24e
2026-03-04 02:46:17.376 7 INFO neutron.db.ovn_revision_numbers_db [None req-67367308-4730-476d-9662-f123f2c1eefd 9ae5a42f957a4fd99120d46ec1ebb5ce af38cb618a134314b858731ba2463733 - - default default] Successfully bumped revision number for resource a9b48e1f-7c4a-44aa-b801-b99c17b2f24e (type: ports) to 1
2026-03-04 02:46:17.433 8 INFO neutron.db.ovn_revision_numbers_db [None req-8727ed34-c870-4471-84d3-9afb766033b1 8f0f10327dcd4d978b3b0cf691a99b41 3d09bdc6349f4f11b3f30ab1b9f9b50e - - default default] Successfully bumped revision number for resource 19aaa99c-9caa-415f-9711-1e60e081bb41 (type: security_groups) to 1 [pid: 7|app: 0|req: 886/1907] 10.0.0.210 () {34 vars in 670 bytes} [Wed Mar 4 02:46:16 2026] POST /v2.0/networks => generated 647 bytes in 805 msecs (HTTP/1.1 201) 4 headers in 162 bytes (1 switches on core 0)
2026-03-04 02:46:17.467 8 INFO neutron.db.ovn_revision_numbers_db [None req-8727ed34-c870-4471-84d3-9afb766033b1 8f0f10327dcd4d978b3b0cf691a99b41 3d09bdc6349f4f11b3f30ab1b9f9b50e - - default default] Successfully bumped revision number for resource 877f6854-b3ce-4666-b13a-2a06c744db38 (type: security_group_rules) to 0
2026-03-04 02:46:17.485 8 INFO neutron.db.ovn_revision_numbers_db [None req-8727ed34-c870-4471-84d3-9afb766033b1 8f0f10327dcd4d978b3b0cf691a99b41 3d09bdc6349f4f11b3f30ab1b9f9b50e - - default default] Successfully bumped revision number for resource a94ceb37-1e64-42b1-bcf2-87a1675338f3 (type: security_group_rules) to 0 [pid: 7|app: 0|req: 887/1908] 10.0.0.210 () {32 vars in 649 bytes} [Wed Mar 4 02:46:17 2026] GET /v2.0/networks => generated 1856 bytes in 61 msecs (HTTP/1.1 200) 4 headers in 158 bytes (1 switches on core 0) [pid: 8|app: 0|req: 1022/1909] 10.0.0.210 () {34 vars in 684 bytes} [Wed Mar 4 02:46:17 2026] POST /v2.0/security-groups => generated 1601 bytes in 358 msecs (HTTP/1.1 201) 4 headers in 163 bytes (1 switches on core 0)
2026-03-04 02:46:17.654 8 INFO neutron_taas.services.taas.taas_plugin [None req-cf1504e3-aea3-4044-9b77-509b3534c353 906a7073bf4a475584cb2c9f36f63925 e5938e5e2b91464e84cb339ef173111b - - default default] TaaS: Handle Delete Port: 2c63fd01-7408-43fa-9b2e-7bcdaed0330c
2026-03-04 02:46:17.657 8 INFO neutron_taas.services.taas.tap_mirror_plugin [None req-cf1504e3-aea3-4044-9b77-509b3534c353 906a7073bf4a475584cb2c9f36f63925 e5938e5e2b91464e84cb339ef173111b - - default default] Tap Mirror: Handle Delete Port: 2c63fd01-7408-43fa-9b2e-7bcdaed0330c
2026-03-04 02:46:17.706 7 INFO neutron.db.ovn_revision_numbers_db [None req-191cf8cc-dacf-47fa-9c0b-2766d7ed6250 9ae5a42f957a4fd99120d46ec1ebb5ce af38cb618a134314b858731ba2463733 - - default default] Successfully bumped revision number for resource 3f235c13-972f-4ef7-8aa6-f552ea8c39b2 (type: networks) to 2 [pid: 7|app: 0|req: 888/1910] 10.0.0.210 () {34 vars in 743 bytes} [Wed Mar 4 02:46:17 2026] PUT /v2.0/networks/3f235c13-972f-4ef7-8aa6-f552ea8c39b2 => generated 598 bytes in 209 msecs (HTTP/1.1 200) 4 headers in 157 bytes (1 switches on core 0)
2026-03-04 02:46:17.874 8 INFO neutron.services.segments.plugin [-] Segment 3c99ec95-e678-4d58-867d-1594d3eb1b1b resource provider aggregate not found
2026-03-04 02:46:17.875 8 INFO neutron.services.segments.plugin [-] Segment 3c99ec95-e678-4d58-867d-1594d3eb1b1b resource provider aggregate not found
2026-03-04 02:46:17.898 8 INFO neutron.services.segments.plugin [-] Segment 3c99ec95-e678-4d58-867d-1594d3eb1b1b resource provider not found; error: Placement Client Error (4xx): {"errors": [{"status": 404, "title": "Not Found", "detail": "The resource could not be found.\n\n No resource provider with uuid 3c99ec95-e678-4d58-867d-1594d3eb1b1b found for delete ", "request_id": "req-8bb9ee2c-e51b-4cb3-afa3-61663e0a9afe"}]}
2026-03-04 02:46:17.900 8 INFO neutron.services.segments.plugin [-] Segment 3c99ec95-e678-4d58-867d-1594d3eb1b1b resource provider not found; error: Placement Client Error (4xx): {"errors": [{"status": 404, "title": "Not Found", "detail": "The resource could not be found.\n\n No resource provider with uuid 3c99ec95-e678-4d58-867d-1594d3eb1b1b found for delete ", "request_id": "req-30a2fbc2-25f2-41b0-ad38-194a3b3f20ca"}]}
2026-03-04 02:46:17.926 7 INFO neutron.db.ovn_revision_numbers_db [None req-2e2632c5-7cac-4c2b-892a-6caf8757d5e6 8f0f10327dcd4d978b3b0cf691a99b41 3d09bdc6349f4f11b3f30ab1b9f9b50e - - default default] Successfully bumped revision number for resource 69295846-b2aa-4281-b39b-d7b7b6d63ef0 (type: security_groups) to 1
2026-03-04 02:46:17.953 7 INFO neutron.db.ovn_revision_numbers_db [None req-2e2632c5-7cac-4c2b-892a-6caf8757d5e6 8f0f10327dcd4d978b3b0cf691a99b41 3d09bdc6349f4f11b3f30ab1b9f9b50e - - default default] Successfully bumped revision number for resource 0150dccc-577c-4d0f-aef5-477fb19dc707 (type: security_group_rules) to 0
2026-03-04 02:46:17.966 7 INFO neutron.db.ovn_revision_numbers_db [None req-2e2632c5-7cac-4c2b-892a-6caf8757d5e6 8f0f10327dcd4d978b3b0cf691a99b41 3d09bdc6349f4f11b3f30ab1b9f9b50e - - default default] Successfully bumped revision number for resource 907c8ccf-bc7b-4b79-924f-c98133947caa (type: security_group_rules) to 0 [pid: 8|app: 0|req: 1023/1911] 10.0.0.210 () {32 vars in 726 bytes} [Wed Mar 4 02:46:17 2026] DELETE /v2.0/networks/ab89ec03-4e6a-44a3-92c3-4d362d84d1cf => generated 0 bytes in 436 msecs (HTTP/1.1 204) 3 headers in 131 bytes (1 switches on core 0) [pid: 7|app: 0|req: 889/1912] 10.0.0.210 () {34 vars in 684 bytes} [Wed Mar 4 02:46:17 2026] POST /v2.0/security-groups => generated 1601 bytes in 316 msecs (HTTP/1.1 201) 4 headers in 163 bytes (1 switches on core 0)
2026-03-04 02:46:18.147 7 INFO neutron_taas.services.taas.taas_plugin [None req-46e9b1c9-61f6-45ad-90d3-6d025329bdee 906a7073bf4a475584cb2c9f36f63925 e5938e5e2b91464e84cb339ef173111b - - default default] TaaS: Handle Delete Port: a3711635-53e0-43da-a126-e82bb5540713
2026-03-04 02:46:18.151 7 INFO neutron_taas.services.taas.tap_mirror_plugin [None req-46e9b1c9-61f6-45ad-90d3-6d025329bdee 906a7073bf4a475584cb2c9f36f63925 e5938e5e2b91464e84cb339ef173111b - - default default] Tap Mirror: Handle Delete Port: a3711635-53e0-43da-a126-e82bb5540713
2026-03-04 02:46:18.176 8 WARNING neutron.scheduler.dhcp_agent_scheduler [None req-5a0d4109-fe43-4fde-a40a-e68151aea6fd 9ae5a42f957a4fd99120d46ec1ebb5ce af38cb618a134314b858731ba2463733 - - default default] No more DHCP agents
2026-03-04 02:46:18.179 8 WARNING neutron.api.rpc.agentnotifiers.dhcp_rpc_agent_api [None req-5a0d4109-fe43-4fde-a40a-e68151aea6fd 9ae5a42f957a4fd99120d46ec1ebb5ce af38cb618a134314b858731ba2463733 - - default default] Unable to schedule network 3f235c13-972f-4ef7-8aa6-f552ea8c39b2: no agents available; will retry on subsequent port and subnet creation events.
2026-03-04 02:46:18.217 8 INFO neutron.db.ovn_revision_numbers_db [None req-5a0d4109-fe43-4fde-a40a-e68151aea6fd 9ae5a42f957a4fd99120d46ec1ebb5ce af38cb618a134314b858731ba2463733 - - default default] Successfully bumped revision number for resource 34530e75-db91-492e-9316-ff33fd5245e1 (type: subnets) to 0 [pid: 8|app: 0|req: 1024/1913] 10.0.0.210 () {34 vars in 669 bytes} [Wed Mar 4 02:46:17 2026] POST /v2.0/subnets => generated 646 bytes in 258 msecs (HTTP/1.1 201) 4 headers in 162 bytes (1 switches on core 0) [pid: 8|app: 0|req: 1025/1914] 10.0.0.210 () {34 vars in 767 bytes} [Wed Mar 4 02:46:18 2026] PUT /v2.0/security-groups/650dd8a0-4f95-4039-a002-28668d589372/tags => generated 17 bytes in 113 msecs (HTTP/1.1 200) 4 headers in 156 bytes (1 switches on core 0)
2026-03-04 02:46:18.375 7 INFO neutron.services.segments.plugin [-] Segment 96d65642-2bc2-4a68-bfd6-a765cc5bbb93 resource provider aggregate not found
2026-03-04 02:46:18.382 7 INFO neutron.services.segments.plugin [-] Segment 96d65642-2bc2-4a68-bfd6-a765cc5bbb93 resource provider aggregate not found
2026-03-04 02:46:18.396 7 INFO neutron.services.segments.plugin [-] Segment 96d65642-2bc2-4a68-bfd6-a765cc5bbb93 resource provider not found; error: Placement Client Error (4xx): {"errors": [{"status": 404, "title": "Not Found", "detail": "The resource could not be found.\n\n No resource provider with uuid 96d65642-2bc2-4a68-bfd6-a765cc5bbb93 found for delete ", "request_id": "req-4452ee71-d653-416a-9852-ceec1be7eb2c"}]}
2026-03-04 02:46:18.401 7 INFO neutron.services.segments.plugin [-] Segment 96d65642-2bc2-4a68-bfd6-a765cc5bbb93 resource provider not found; error: Placement Client Error (4xx): {"errors": [{"status": 404, "title": "Not Found", "detail": "The resource could not be found.\n\n No resource provider with uuid 96d65642-2bc2-4a68-bfd6-a765cc5bbb93 found for delete ", "request_id": "req-1f464eaf-df6c-490e-8ea0-eb8a9b8c3d87"}]} [pid: 7|app: 0|req: 890/1915] 10.0.0.210 () {32 vars in 726 bytes} [Wed Mar 4 02:46:18 2026] DELETE /v2.0/networks/b23ee700-8d49-4cab-a832-83636faab868 => generated 0 bytes in 422 msecs (HTTP/1.1 204) 3 headers in 131 bytes (1 switches on core 0) [pid: 7|app: 0|req: 891/1916] 10.0.0.210 () {34 vars in 767 bytes} [Wed Mar 4 02:46:18 2026] PUT /v2.0/security-groups/1ab9f8af-ff43-49ea-a60c-c8190f8bc6d8/tags => generated 25 bytes in 123 msecs (HTTP/1.1 200) 4 headers in 156 bytes (1 switches on core 0) [pid: 7|app: 0|req: 892/1917] 10.0.0.210 () {32 vars in 649 bytes} [Wed Mar 4 02:46:18 2026] GET /v2.0/networks => generated 651 bytes in 34 msecs (HTTP/1.1 200) 4 headers in 157 bytes (1 switches on core 0) [pid: 7|app: 0|req: 893/1918] 10.0.0.210 () {34 vars in 767 bytes} [Wed Mar 4 02:46:18 2026] PUT /v2.0/security-groups/8fd246fa-3b97-4918-b77a-195643f80b7a/tags => generated 34 bytes in 78 msecs (HTTP/1.1 200) 4 headers in 156 bytes (1 switches on core 0)
2026-03-04 02:46:18.814 7 INFO neutron.db.segments_db [None req-53149b1c-4687-4300-836e-54443ab85180 906a7073bf4a475584cb2c9f36f63925 e5938e5e2b91464e84cb339ef173111b - - default default] Added segment 93cb61db-1ff4-4cf8-b955-bd7644baf452 of type geneve for network a008b5ec-20fb-49c5-aec6-9e57152b4599
2026-03-04 02:46:18.987 8 INFO neutron.db.ovn_revision_numbers_db [None req-d551b788-f959-42ef-b8a0-c37e9d244a70 - - - - - -] Successfully bumped revision number for resource a9b48e1f-7c4a-44aa-b801-b99c17b2f24e (type: ports) to 2
2026-03-04 02:46:18.988 7 INFO neutron.db.ovn_revision_numbers_db [None req-53149b1c-4687-4300-836e-54443ab85180 906a7073bf4a475584cb2c9f36f63925 e5938e5e2b91464e84cb339ef173111b - - default default] Successfully bumped revision number for resource a008b5ec-20fb-49c5-aec6-9e57152b4599 (type: networks) to 1
2026-03-04 02:46:19.081 8 INFO neutron.db.ovn_revision_numbers_db [None req-d551b788-f959-42ef-b8a0-c37e9d244a70 - - - - - -] Successfully bumped revision number for resource 34530e75-db91-492e-9316-ff33fd5245e1 (type: subnets) to 1 [pid: 8|app: 0|req: 1026/1919] 10.0.0.210 () {34 vars in 741 bytes} [Wed Mar 4 02:46:18 2026] PUT /v2.0/subnets/34530e75-db91-492e-9316-ff33fd5245e1 => generated 656 bytes in 736 msecs (HTTP/1.1 200) 4 headers in 157 bytes (1 switches on core 0) [pid: 8|app: 0|req: 1027/1920] 10.0.0.210 () {34 vars in 767 bytes} [Wed Mar 4 02:46:19 2026] PUT /v2.0/security-groups/19aaa99c-9caa-415f-9711-1e60e081bb41/tags => generated 19 bytes in 37 msecs (HTTP/1.1 200) 4 headers in 156 bytes (1 switches on core 0)
2026-03-04 02:46:19.173 7 WARNING neutron.scheduler.dhcp_agent_scheduler [None req-53149b1c-4687-4300-836e-54443ab85180 906a7073bf4a475584cb2c9f36f63925 e5938e5e2b91464e84cb339ef173111b - - default default] No more DHCP agents
2026-03-04 02:46:19.175 7 WARNING neutron.api.rpc.agentnotifiers.dhcp_rpc_agent_api [None req-53149b1c-4687-4300-836e-54443ab85180 906a7073bf4a475584cb2c9f36f63925 e5938e5e2b91464e84cb339ef173111b - - default default] Unable to schedule network a008b5ec-20fb-49c5-aec6-9e57152b4599: no agents available; will retry on subsequent port and subnet creation events.
2026-03-04 02:46:19.240 7 INFO neutron.plugins.ml2.drivers.ovn.mech_driver.mech_driver [None req-bbd1f66c-8c60-489e-b4c9-c7b6abee77ab - - - - - -] OVN reports status down for port: a58bbf68-f461-4eed-9e8c-206c249464b0
2026-03-04 02:46:19.301 8 INFO neutron_taas.services.taas.taas_plugin [None req-137a766d-bcd7-4a3e-a165-3851ab353aae 9ae5a42f957a4fd99120d46ec1ebb5ce af38cb618a134314b858731ba2463733 - - default default] TaaS: Handle Delete Port: a9b48e1f-7c4a-44aa-b801-b99c17b2f24e
2026-03-04 02:46:19.304 8 INFO neutron_taas.services.taas.tap_mirror_plugin [None req-137a766d-bcd7-4a3e-a165-3851ab353aae 9ae5a42f957a4fd99120d46ec1ebb5ce af38cb618a134314b858731ba2463733 - - default default] Tap Mirror: Handle Delete Port: a9b48e1f-7c4a-44aa-b801-b99c17b2f24e
2026-03-04 02:46:19.314 7 INFO neutron.db.ovn_revision_numbers_db [None req-53149b1c-4687-4300-836e-54443ab85180 906a7073bf4a475584cb2c9f36f63925 e5938e5e2b91464e84cb339ef173111b - - default default] Successfully bumped revision number for resource a58bbf68-f461-4eed-9e8c-206c249464b0 (type: ports) to 1 [pid: 7|app: 0|req: 894/1921] 10.0.0.210 () {34 vars in 670 bytes} [Wed Mar 4 02:46:18 2026] POST /v2.0/networks => generated 650 bytes in 685 msecs (HTTP/1.1 201) 4 headers in 162 bytes (1 switches on core 0) [pid: 7|app: 0|req: 895/1922] 10.0.0.210 () {32 vars in 680 bytes} [Wed Mar 4 02:46:19 2026] GET /v2.0/security-groups?tags=red => generated 4804 bytes in 45 msecs (HTTP/1.1 200) 4 headers in 158 bytes (1 switches on core 0)
2026-03-04 02:46:19.536 7 INFO neutron.db.segments_db [None req-d6540805-5314-4e5e-b185-9663ddf255fb 906a7073bf4a475584cb2c9f36f63925 e5938e5e2b91464e84cb339ef173111b - - default default] Added segment 24ba4c4a-8499-4eea-9a88-d3971e8aa4c0 of type geneve for network 4e317195-1731-4c86-befb-921bcae704ef
2026-03-04 02:46:19.677 7 INFO neutron.db.ovn_revision_numbers_db [None req-d6540805-5314-4e5e-b185-9663ddf255fb 906a7073bf4a475584cb2c9f36f63925 e5938e5e2b91464e84cb339ef173111b - - default default] Successfully bumped revision number for resource 4e317195-1731-4c86-befb-921bcae704ef (type: networks) to 1 [pid: 8|app: 0|req: 1028/1923] 10.0.0.210 () {32 vars in 726 bytes} [Wed Mar 4 02:46:19 2026] DELETE /v2.0/networks/3f235c13-972f-4ef7-8aa6-f552ea8c39b2 => generated 0 bytes in 626 msecs (HTTP/1.1 204) 3 headers in 131 bytes (1 switches on core 0) [pid: 8|app: 0|req: 1029/1924] 10.0.0.210 () {32 vars in 694 bytes} [Wed Mar 4 02:46:19 2026] GET /v2.0/security-groups?tags=red%2Cblue => generated 3218 bytes in 35 msecs (HTTP/1.1 200) 4 headers in 158 bytes (1 switches on core 0)
2026-03-04 02:46:19.898 7 WARNING neutron.scheduler.dhcp_agent_scheduler [None req-d6540805-5314-4e5e-b185-9663ddf255fb 906a7073bf4a475584cb2c9f36f63925 e5938e5e2b91464e84cb339ef173111b - - default default] No more DHCP agents
2026-03-04 02:46:19.899 7 WARNING neutron.api.rpc.agentnotifiers.dhcp_rpc_agent_api [None req-d6540805-5314-4e5e-b185-9663ddf255fb 906a7073bf4a475584cb2c9f36f63925 e5938e5e2b91464e84cb339ef173111b - - default default] Unable to schedule network 4e317195-1731-4c86-befb-921bcae704ef: no agents available; will retry on subsequent port and subnet creation events.
2026-03-04 02:46:19.918 8 INFO neutron.services.segments.plugin [-] Segment df47fbf3-ab7e-4a8e-bb26-59c177914f04 resource provider aggregate not found
2026-03-04 02:46:19.918 8 INFO neutron.services.segments.plugin [-] Segment df47fbf3-ab7e-4a8e-bb26-59c177914f04 resource provider aggregate not found
2026-03-04 02:46:19.932 8 INFO neutron.services.segments.plugin [-] Segment df47fbf3-ab7e-4a8e-bb26-59c177914f04 resource provider not found; error: Placement Client Error (4xx): {"errors": [{"status": 404, "title": "Not Found", "detail": "The resource could not be found.\n\n No resource provider with uuid df47fbf3-ab7e-4a8e-bb26-59c177914f04 found for delete ", "request_id": "req-aa41bfa0-05a2-4e2d-84fc-efa02dce5337"}]}
2026-03-04 02:46:19.933 8 INFO neutron.services.segments.plugin [-] Segment df47fbf3-ab7e-4a8e-bb26-59c177914f04 resource provider not found; error: Placement Client Error (4xx): {"errors": [{"status": 404, "title": "Not Found", "detail": "The resource could not be found.\n\n No resource provider with uuid df47fbf3-ab7e-4a8e-bb26-59c177914f04 found for delete ", "request_id": "req-f7820b28-fb9a-4d3d-b9f3-01144660a7e2"}]}
2026-03-04 02:46:19.969 7 INFO neutron.plugins.ml2.drivers.ovn.mech_driver.mech_driver [None req-bbd1f66c-8c60-489e-b4c9-c7b6abee77ab - - - - - -] OVN reports status down for port: 0334b423-cee9-40be-b6c7-ff0ed1c31bb1
2026-03-04 02:46:20.029 7 INFO neutron.db.ovn_revision_numbers_db [None req-d6540805-5314-4e5e-b185-9663ddf255fb 906a7073bf4a475584cb2c9f36f63925 e5938e5e2b91464e84cb339ef173111b - - default default] Successfully bumped revision number for resource 0334b423-cee9-40be-b6c7-ff0ed1c31bb1 (type: ports) to 1 [pid: 7|app: 0|req: 896/1925] 10.0.0.210 () {34 vars in 670 bytes} [Wed Mar 4 02:46:19 2026] POST /v2.0/networks => generated 650 bytes in 669 msecs (HTTP/1.1 201) 4 headers in 162 bytes (1 switches on core 0)
2026-03-04 02:46:20.100 7 INFO neutron.pecan_wsgi.hooks.translation [None req-42b35141-99a3-4a68-ad19-94ca61cd01ad 9ae5a42f957a4fd99120d46ec1ebb5ce af38cb618a134314b858731ba2463733 - - default default] DELETE failed (client error): The resource could not be found. [pid: 7|app: 0|req: 897/1926] 10.0.0.210 () {32 vars in 726 bytes} [Wed Mar 4 02:46:20 2026] DELETE /v2.0/networks/3f235c13-972f-4ef7-8aa6-f552ea8c39b2 => generated 138 bytes in 14 msecs (HTTP/1.1 404) 4 headers in 164 bytes (1 switches on core 0) [pid: 7|app: 0|req: 898/1927] 10.0.0.210 () {32 vars in 690 bytes} [Wed Mar 4 02:46:20 2026] GET /v2.0/security-groups?tags-any=blue => generated 3218 bytes in 60 msecs (HTTP/1.1 200) 4 headers in 158 bytes (1 switches on core 0)
2026-03-04 02:46:20.226 8 INFO neutron.db.ovn_revision_numbers_db [None req-b242f4eb-41af-4bd4-8ca5-a362083735ee 177c318516cf45509de2a78c19a493a4 b8f12ab3af204f909b0c6e1e548aaa2b - - default default] Successfully bumped revision number for resource 8be8c9b1-0173-40dc-aed6-c5d6a3a9e181 (type: security_groups) to 1
2026-03-04 02:46:20.249 8 INFO neutron.db.ovn_revision_numbers_db [None req-b242f4eb-41af-4bd4-8ca5-a362083735ee 177c318516cf45509de2a78c19a493a4 b8f12ab3af204f909b0c6e1e548aaa2b - - default default] Successfully bumped revision number for resource 5e7c16bb-f76c-440d-af5a-8dbb821d5b3a (type: security_group_rules) to 0
2026-03-04 02:46:20.263 8 INFO neutron.db.ovn_revision_numbers_db [None req-b242f4eb-41af-4bd4-8ca5-a362083735ee 177c318516cf45509de2a78c19a493a4 b8f12ab3af204f909b0c6e1e548aaa2b - - default default] Successfully bumped revision number for resource 5f240efc-9fdc-46fc-a5b2-3b641f52d7fa (type: security_group_rules) to 0
2026-03-04 02:46:20.279 8 INFO neutron.db.ovn_revision_numbers_db [None req-b242f4eb-41af-4bd4-8ca5-a362083735ee 177c318516cf45509de2a78c19a493a4 b8f12ab3af204f909b0c6e1e548aaa2b - - default default] Successfully bumped revision number for resource 9dfe014c-e61f-4048-a591-20200ee19b64 (type: security_group_rules) to 0
2026-03-04 02:46:20.342 8 INFO neutron.db.ovn_revision_numbers_db [None req-b242f4eb-41af-4bd4-8ca5-a362083735ee 177c318516cf45509de2a78c19a493a4 b8f12ab3af204f909b0c6e1e548aaa2b - - default default] Successfully bumped revision number for resource cadb8918-003a-4c1b-9f18-19713a6b2cd9 (type: security_group_rules) to 0
2026-03-04 02:46:20.424 8 INFO neutron.db.segments_db [None req-b242f4eb-41af-4bd4-8ca5-a362083735ee 177c318516cf45509de2a78c19a493a4 b8f12ab3af204f909b0c6e1e548aaa2b - - default default] Added segment b0c2d47f-e6f5-4181-afe6-c84b855644a5 of type geneve for network 9d3d8198-3f79-4ec4-9093-e244bc3768f2
2026-03-04 02:46:20.566 8 INFO neutron.db.ovn_revision_numbers_db [None req-b242f4eb-41af-4bd4-8ca5-a362083735ee 177c318516cf45509de2a78c19a493a4 b8f12ab3af204f909b0c6e1e548aaa2b - - default default] Successfully bumped revision number for resource 9d3d8198-3f79-4ec4-9093-e244bc3768f2 (type: networks) to 1
2026-03-04 02:46:20.647 7 WARNING neutron.scheduler.dhcp_agent_scheduler [None req-2d49d3d5-23f0-4690-93ea-f873bacd5dd2 906a7073bf4a475584cb2c9f36f63925 e5938e5e2b91464e84cb339ef173111b - - default default] No more DHCP agents
2026-03-04 02:46:20.649 7 WARNING neutron.api.rpc.agentnotifiers.dhcp_rpc_agent_api [None req-2d49d3d5-23f0-4690-93ea-f873bacd5dd2 906a7073bf4a475584cb2c9f36f63925 e5938e5e2b91464e84cb339ef173111b - - default default] Unable to schedule network a008b5ec-20fb-49c5-aec6-9e57152b4599: no agents available; will retry on subsequent port and subnet creation events.
2026-03-04 02:46:20.725 7 INFO neutron.plugins.ml2.drivers.ovn.mech_driver.mech_driver [None req-bbd1f66c-8c60-489e-b4c9-c7b6abee77ab - - - - - -] OVN reports status down for port: 0053427a-9113-4855-9b19-7f3a00401ac6
2026-03-04 02:46:20.778 8 WARNING neutron.scheduler.dhcp_agent_scheduler [None req-b242f4eb-41af-4bd4-8ca5-a362083735ee 177c318516cf45509de2a78c19a493a4 b8f12ab3af204f909b0c6e1e548aaa2b - - default default] No more DHCP agents
2026-03-04 02:46:20.780 8 WARNING neutron.api.rpc.agentnotifiers.dhcp_rpc_agent_api [None req-b242f4eb-41af-4bd4-8ca5-a362083735ee 177c318516cf45509de2a78c19a493a4 b8f12ab3af204f909b0c6e1e548aaa2b - - default default] Unable to schedule network 9d3d8198-3f79-4ec4-9093-e244bc3768f2: no agents available; will retry on subsequent port and subnet creation events.
2026-03-04 02:46:20.816 7 INFO neutron.db.ovn_revision_numbers_db [None req-2d49d3d5-23f0-4690-93ea-f873bacd5dd2 906a7073bf4a475584cb2c9f36f63925 e5938e5e2b91464e84cb339ef173111b - - default default] Successfully bumped revision number for resource 0053427a-9113-4855-9b19-7f3a00401ac6 (type: ports) to 1
2026-03-04 02:46:20.916 8 INFO neutron.db.ovn_revision_numbers_db [None req-b242f4eb-41af-4bd4-8ca5-a362083735ee 177c318516cf45509de2a78c19a493a4 b8f12ab3af204f909b0c6e1e548aaa2b - - default default] Successfully bumped revision number for resource e5d40961-98e0-4136-b1af-da028650f48b (type: ports) to 1
2026-03-04 02:46:20.935 7 INFO neutron.plugins.ml2.drivers.ovn.mech_driver.mech_driver [None req-bbd1f66c-8c60-489e-b4c9-c7b6abee77ab - - - - - -] OVN reports status down for port: e5d40961-98e0-4136-b1af-da028650f48b
2026-03-04 02:46:20.949 7 WARNING neutron.scheduler.dhcp_agent_scheduler [None req-2d49d3d5-23f0-4690-93ea-f873bacd5dd2 906a7073bf4a475584cb2c9f36f63925 e5938e5e2b91464e84cb339ef173111b - - default default] No more DHCP agents
2026-03-04 02:46:20.953 7 WARNING neutron.api.rpc.agentnotifiers.dhcp_rpc_agent_api [None req-2d49d3d5-23f0-4690-93ea-f873bacd5dd2 906a7073bf4a475584cb2c9f36f63925 e5938e5e2b91464e84cb339ef173111b - - default default] Unable to schedule network 4e317195-1731-4c86-befb-921bcae704ef: no agents available; will retry on subsequent port and subnet creation events. [pid: 8|app: 0|req: 1030/1928] 10.0.0.210 () {34 vars in 670 bytes} [Wed Mar 4 02:46:19 2026] POST /v2.0/networks => generated 631 bytes in 1203 msecs (HTTP/1.1 201) 4 headers in 162 bytes (1 switches on core 0)
2026-03-04 02:46:21.101 7 INFO neutron.plugins.ml2.drivers.ovn.mech_driver.mech_driver [None req-bbd1f66c-8c60-489e-b4c9-c7b6abee77ab - - - - - -] OVN reports status down for port: 8e23110d-6efd-438d-a756-5bf5e78106ff [pid: 8|app: 0|req: 1031/1929] 10.0.0.210 () {32 vars in 694 bytes} [Wed Mar 4 02:46:20 2026] GET /v2.0/networks?router%3Aexternal=True => generated 651 bytes in 124 msecs (HTTP/1.1 200) 4 headers in 157 bytes (1 switches on core 0) [pid: 8|app: 0|req: 1032/1930] 10.0.0.210 () {32 vars in 702 bytes} [Wed Mar 4 02:46:21 2026] GET /v2.0/security-groups?tags-any=red%2Cblue => generated 4804 bytes in 39 msecs (HTTP/1.1 200) 4 headers in 158 bytes (1 switches on core 0)
2026-03-04 02:46:21.175 7 INFO neutron.db.ovn_revision_numbers_db [None req-2d49d3d5-23f0-4690-93ea-f873bacd5dd2 906a7073bf4a475584cb2c9f36f63925 e5938e5e2b91464e84cb339ef173111b - - default default] Successfully bumped revision number for resource 8e23110d-6efd-438d-a756-5bf5e78106ff (type: ports) to 1 [pid: 7|app: 0|req: 899/1931] 10.0.0.210 () {34 vars in 665 bytes} [Wed Mar 4 02:46:20 2026] POST /v2.0/ports => generated 1505 bytes in 1153 msecs (HTTP/1.1 201) 4 headers in 163 bytes (1 switches on core 0) /var/lib/openstack/lib/python3.12/site-packages/pycadf/identifier.py:70: UserWarning: Invalid uuid: neutron. To ensure interoperability, identifiers should be a valid uuid. warnings.warn(('Invalid uuid: %s. To ensure interoperability, ' [pid: 7|app: 0|req: 900/1932] 10.0.0.210 () {32 vars in 742 bytes} [Wed Mar 4 02:46:21 2026] GET /v2.0/subnets?network_id=45c1c381-bca2-4df2-ae0f-ceee069f62ef => generated 649 bytes in 25 msecs (HTTP/1.1 200) 4 headers in 157 bytes (1 switches on core 0) [pid: 7|app: 0|req: 901/1933] 10.0.0.210 () {32 vars in 688 bytes} [Wed Mar 4 02:46:21 2026] GET /v2.0/security-groups?not-tags=red => generated 6094 bytes in 41 msecs (HTTP/1.1 200) 4 headers in 158 bytes (1 switches on core 0)
2026-03-04 02:46:21.419 8 WARNING neutron.scheduler.dhcp_agent_scheduler [None req-654944fa-9534-44e5-8415-4a2b38e6d8d3 177c318516cf45509de2a78c19a493a4 b8f12ab3af204f909b0c6e1e548aaa2b - - default default] No more DHCP agents
2026-03-04 02:46:21.421 8 WARNING neutron.api.rpc.agentnotifiers.dhcp_rpc_agent_api [None req-654944fa-9534-44e5-8415-4a2b38e6d8d3 177c318516cf45509de2a78c19a493a4 b8f12ab3af204f909b0c6e1e548aaa2b - - default default] Unable to schedule network 9d3d8198-3f79-4ec4-9093-e244bc3768f2: no agents available; will retry on subsequent port and subnet creation events. [pid: 7|app: 0|req: 902/1934] 10.0.0.210 () {32 vars in 643 bytes} [Wed Mar 4 02:46:21 2026] GET /v2.0/ports => generated 3017 bytes in 47 msecs (HTTP/1.1 200) 4 headers in 158 bytes (1 switches on core 0) [pid: 7|app: 0|req: 903/1935] 10.0.0.210 () {32 vars in 653 bytes} [Wed Mar 4 02:46:21 2026] GET /v2.0/extensions => generated 20118 bytes in 4 msecs (HTTP/1.1 200) 4 headers in 159 bytes (1 switches on core 0) [pid: 7|app: 0|req: 904/1936] 10.0.0.210 () {32 vars in 702 bytes} [Wed Mar 4 02:46:21 2026] GET /v2.0/security-groups?not-tags=red%2Cblue => generated 7680 bytes in 74 msecs (HTTP/1.1 200) 4 headers in 158 bytes (1 switches on core 0)
2026-03-04 02:46:21.539 7 INFO neutron.plugins.ml2.drivers.ovn.mech_driver.mech_driver [None req-bbd1f66c-8c60-489e-b4c9-c7b6abee77ab - - - - - -] OVN reports status down for port: 016fcf47-c58d-44c1-a80d-d97a8b2059ba
2026-03-04 02:46:21.591 8 INFO neutron.db.ovn_revision_numbers_db [None req-654944fa-9534-44e5-8415-4a2b38e6d8d3 177c318516cf45509de2a78c19a493a4 b8f12ab3af204f909b0c6e1e548aaa2b - - default default] Successfully bumped revision number for resource 016fcf47-c58d-44c1-a80d-d97a8b2059ba (type: ports) to 1 [pid: 8|app: 0|req: 1033/1937] 10.0.0.210 () {34 vars in 664 bytes} [Wed Mar 4 02:46:21 2026] POST /v2.0/ports => generated 743 bytes in 517 msecs (HTTP/1.1 201) 4 headers in 162 bytes (1 switches on core 0) /var/lib/openstack/lib/python3.12/site-packages/pycadf/identifier.py:70: UserWarning: Invalid uuid: neutron. To ensure interoperability, identifiers should be a valid uuid. warnings.warn(('Invalid uuid: %s. To ensure interoperability, '
2026-03-04 02:46:21.683 7 INFO neutron_taas.services.taas.taas_plugin [None req-68b1fa06-1144-4748-ae1b-3b0740b94b05 906a7073bf4a475584cb2c9f36f63925 e5938e5e2b91464e84cb339ef173111b - - default default] TaaS: Handle Delete Port: 0053427a-9113-4855-9b19-7f3a00401ac6
2026-03-04 02:46:21.685 7 INFO neutron_taas.services.taas.tap_mirror_plugin [None req-68b1fa06-1144-4748-ae1b-3b0740b94b05 906a7073bf4a475584cb2c9f36f63925 e5938e5e2b91464e84cb339ef173111b - - default default] Tap Mirror: Handle Delete Port: 0053427a-9113-4855-9b19-7f3a00401ac6 [pid: 8|app: 0|req: 1034/1938] 10.0.0.210 () {32 vars in 649 bytes} [Wed Mar 4 02:46:21 2026] GET /v2.0/networks => generated 1313 bytes in 50 msecs (HTTP/1.1 200) 4 headers in 158 bytes (1 switches on core 0) [pid: 8|app: 0|req: 1035/1939] 10.0.0.210 () {32 vars in 698 bytes} [Wed Mar 4 02:46:21 2026] GET /v2.0/security-groups?not-tags-any=blue => generated 7680 bytes in 44 msecs (HTTP/1.1 200) 4 headers in 158 bytes (1 switches on core 0) [pid: 7|app: 0|req: 905/1940] 10.0.0.210 () {32 vars in 720 bytes} [Wed Mar 4 02:46:21 2026] DELETE /v2.0/ports/0053427a-9113-4855-9b19-7f3a00401ac6 => generated 0 bytes in 452 msecs (HTTP/1.1 204) 3 headers in 131 bytes (1 switches on core 0) [pid: 7|app: 0|req: 906/1941] 10.0.0.210 () {32 vars in 647 bytes} [Wed Mar 4 02:46:21 2026] GET /v2.0/subnets => generated 1312 bytes in 33 msecs (HTTP/1.1 200) 4 headers in 158 bytes (1 switches on core 0) [pid: 7|app: 0|req: 909/1944] 10.0.0.210 () {32 vars in 710 bytes} [Wed Mar 4 02:46:22 2026] GET /v2.0/security-groups?not-tags-any=red%2Cblue => generated 6094 bytes in 43 msecs (HTTP/1.1 200) 4 headers in 158 bytes (1 switches on core 0)
2026-03-04 02:46:22.154 7 INFO neutron_taas.services.taas.taas_plugin [None req-8a12112a-1a35-4ca9-9125-e122b60031e5 906a7073bf4a475584cb2c9f36f63925 e5938e5e2b91464e84cb339ef173111b - - default default] TaaS: Handle Delete Port: 8e23110d-6efd-438d-a756-5bf5e78106ff
2026-03-04 02:46:22.156 7 INFO neutron_taas.services.taas.tap_mirror_plugin [None req-8a12112a-1a35-4ca9-9125-e122b60031e5 906a7073bf4a475584cb2c9f36f63925 e5938e5e2b91464e84cb339ef173111b - - default default] Tap Mirror: Handle Delete Port: 8e23110d-6efd-438d-a756-5bf5e78106ff [pid: 8|app: 0|req: 1036/1945] 10.0.0.210 () {34 vars in 666 bytes} [Wed Mar 4 02:46:21 2026] POST /v2.0/trunks => generated 409 bytes in 411 msecs (HTTP/1.1 201) 4 headers in 162 bytes (1 switches on core 0) [pid: 8|app: 0|req: 1037/1946] 10.0.0.210 () {32 vars in 723 bytes} [Wed Mar 4 02:46:22 2026] GET /v2.0/networks/7c5da910-6637-43ca-9b1f-764d0a2f77cb => generated 673 bytes in 55 msecs (HTTP/1.1 200) 4 headers in 157 bytes (1 switches on core 0) [pid: 7|app: 0|req: 910/1947] 10.0.0.210 () {32 vars in 720 bytes} [Wed Mar 4 02:46:22 2026] DELETE /v2.0/ports/8e23110d-6efd-438d-a756-5bf5e78106ff => generated 0 bytes in 241 msecs (HTTP/1.1 204) 3 headers in 131 bytes (1 switches on core 0)
2026-03-04 02:46:22.427 7 INFO neutron.db.segments_db [None req-3b9e6e11-e399-4c17-91cd-8f045af61f8e 177c318516cf45509de2a78c19a493a4 b8f12ab3af204f909b0c6e1e548aaa2b - - default default] Added segment dc39e95a-1d29-49c5-b75f-8c9ad2cd7a9d of type geneve for network 5698fa96-2c8d-4bd2-ac47-fdfbd530eab1 [pid: 8|app: 0|req: 1038/1948] 10.0.0.210 () {32 vars in 740 bytes} [Wed Mar 4 02:46:22 2026] DELETE /v2.0/security-groups/650dd8a0-4f95-4039-a002-28668d589372 => generated 0 bytes in 219 msecs (HTTP/1.1 204) 2 headers in 112 bytes (1 switches on core 0) [pid: 8|app: 0|req: 1039/1949] 10.0.0.210 () {32 vars in 721 bytes} [Wed Mar 4 02:46:22 2026] GET /v2.0/subnets/8085c581-5dc0-45c7-ab06-11eabdf13afb => generated 673 bytes in 22 msecs (HTTP/1.1 200) 4 headers in 157 bytes (1 switches on core 0)
2026-03-04 02:46:22.585 7 INFO neutron.db.ovn_revision_numbers_db [None req-3b9e6e11-e399-4c17-91cd-8f045af61f8e 177c318516cf45509de2a78c19a493a4 b8f12ab3af204f909b0c6e1e548aaa2b - - default default] Successfully bumped revision number for resource 5698fa96-2c8d-4bd2-ac47-fdfbd530eab1 (type: networks) to 1 [pid: 8|app: 0|req: 1040/1950] 10.0.0.210 () {32 vars in 643 bytes} [Wed Mar 4 02:46:22 2026] GET /v2.0/ports => generated 1523 bytes in 110 msecs (HTTP/1.1 200) 4 headers in 158 bytes (1 switches on core 0) [pid: 8|app: 0|req: 1041/1951] 10.0.0.210 () {32 vars in 740 bytes} [Wed Mar 4 02:46:22 2026] DELETE /v2.0/security-groups/1ab9f8af-ff43-49ea-a60c-c8190f8bc6d8 => generated 0 bytes in 142 msecs (HTTP/1.1 204) 2 headers in 112 bytes (1 switches on core 0)
2026-03-04 02:46:22.740 8 INFO neutron.pecan_wsgi.hooks.translation [None req-1074dd23-edea-4a57-8863-a3a88743beb0 9ae5a42f957a4fd99120d46ec1ebb5ce af38cb618a134314b858731ba2463733 - - default default] DELETE failed (client error): The resource could not be found. [pid: 8|app: 0|req: 1042/1952] 10.0.0.210 () {32 vars in 724 bytes} [Wed Mar 4 02:46:22 2026] DELETE /v2.0/subnets/34530e75-db91-492e-9316-ff33fd5245e1 => generated 136 bytes in 12 msecs (HTTP/1.1 404) 4 headers in 164 bytes (1 switches on core 0)
2026-03-04 02:46:22.766 7 WARNING neutron.scheduler.dhcp_agent_scheduler [None req-3b9e6e11-e399-4c17-91cd-8f045af61f8e 177c318516cf45509de2a78c19a493a4 b8f12ab3af204f909b0c6e1e548aaa2b - - default default] No more DHCP agents
2026-03-04 02:46:22.767 7 WARNING neutron.api.rpc.agentnotifiers.dhcp_rpc_agent_api [None req-3b9e6e11-e399-4c17-91cd-8f045af61f8e 177c318516cf45509de2a78c19a493a4 b8f12ab3af204f909b0c6e1e548aaa2b - - default default] Unable to schedule network 5698fa96-2c8d-4bd2-ac47-fdfbd530eab1: no agents available; will retry on subsequent port and subnet creation events.
2026-03-04 02:46:22.833 7 INFO neutron.plugins.ml2.drivers.ovn.mech_driver.mech_driver [None req-bbd1f66c-8c60-489e-b4c9-c7b6abee77ab - - - - - -] OVN reports status down for port: 1710c2a9-a927-4f81-9afc-d68d92b31d13
2026-03-04 02:46:22.844 8 INFO neutron.db.segments_db [None req-0ac65843-2872-40ad-a18c-df50f9fa738d 906a7073bf4a475584cb2c9f36f63925 e5938e5e2b91464e84cb339ef173111b - - default default] Added segment 479353b9-b418-4e0e-b26c-e1b12b3eb523 of type geneve for network 6fac136b-8fff-4869-bd0d-467b61359f83
2026-03-04 02:46:22.892 7 INFO neutron.db.ovn_revision_numbers_db [None req-3b9e6e11-e399-4c17-91cd-8f045af61f8e 177c318516cf45509de2a78c19a493a4 b8f12ab3af204f909b0c6e1e548aaa2b - - default default] Successfully bumped revision number for resource 1710c2a9-a927-4f81-9afc-d68d92b31d13 (type: ports) to 1
2026-03-04 02:46:22.971 8 INFO neutron.db.ovn_revision_numbers_db [None req-0ac65843-2872-40ad-a18c-df50f9fa738d 906a7073bf4a475584cb2c9f36f63925 e5938e5e2b91464e84cb339ef173111b - - default default] Successfully bumped revision number for resource 6fac136b-8fff-4869-bd0d-467b61359f83 (type: networks) to 1 [pid: 7|app: 0|req: 911/1953] 10.0.0.210 () {34 vars in 670 bytes} [Wed Mar 4 02:46:22 2026] POST /v2.0/networks => generated 632 bytes in 687 msecs (HTTP/1.1 201) 4 headers in 162 bytes (1 switches on core 0)
2026-03-04 02:46:23.206 8 WARNING neutron.scheduler.dhcp_agent_scheduler [None req-0ac65843-2872-40ad-a18c-df50f9fa738d 906a7073bf4a475584cb2c9f36f63925 e5938e5e2b91464e84cb339ef173111b - - default default] No more DHCP agents
2026-03-04 02:46:23.208 8 WARNING neutron.api.rpc.agentnotifiers.dhcp_rpc_agent_api [None req-0ac65843-2872-40ad-a18c-df50f9fa738d 906a7073bf4a475584cb2c9f36f63925 e5938e5e2b91464e84cb339ef173111b - - default default] Unable to schedule network 6fac136b-8fff-4869-bd0d-467b61359f83: no agents available; will retry on subsequent port and subnet creation events.
2026-03-04 02:46:23.274 7 INFO neutron.plugins.ml2.drivers.ovn.mech_driver.mech_driver [None req-bbd1f66c-8c60-489e-b4c9-c7b6abee77ab - - - - - -] OVN reports status down for port: 63c6de06-e215-4b87-981c-faa8c58cbd91 [pid: 7|app: 0|req: 912/1954] 10.0.0.210 () {32 vars in 740 bytes} [Wed Mar 4 02:46:22 2026] DELETE /v2.0/security-groups/8fd246fa-3b97-4918-b77a-195643f80b7a => generated 0 bytes in 342 msecs (HTTP/1.1 204) 2 headers in 112 bytes (1 switches on core 0)
2026-03-04 02:46:23.323 8 INFO neutron.db.ovn_revision_numbers_db [None req-0ac65843-2872-40ad-a18c-df50f9fa738d 906a7073bf4a475584cb2c9f36f63925 e5938e5e2b91464e84cb339ef173111b - - default default] Successfully bumped revision number for resource 63c6de06-e215-4b87-981c-faa8c58cbd91 (type: ports) to 1
2026-03-04 02:46:23.333 7 INFO neutron.pecan_wsgi.hooks.translation [None req-35291f54-d408-49ca-b835-dbbcc617eee6 9ae5a42f957a4fd99120d46ec1ebb5ce af38cb618a134314b858731ba2463733 - - default default] DELETE failed (client error): The resource could not be found. [pid: 7|app: 0|req: 913/1955] 10.0.0.210 () {32 vars in 726 bytes} [Wed Mar 4 02:46:23 2026] DELETE /v2.0/networks/3f235c13-972f-4ef7-8aa6-f552ea8c39b2 => generated 138 bytes in 21 msecs (HTTP/1.1 404) 4 headers in 164 bytes (1 switches on core 0) [pid: 8|app: 0|req: 1043/1956] 10.0.0.210 () {34 vars in 670 bytes} [Wed Mar 4 02:46:22 2026] POST /v2.0/networks => generated 650 bytes in 611 msecs (HTTP/1.1 201) 4 headers in 162 bytes (1 switches on core 0) [pid: 8|app: 0|req: 1044/1957] 10.0.0.210 () {32 vars in 740 bytes} [Wed Mar 4 02:46:23 2026] DELETE /v2.0/security-groups/19aaa99c-9caa-415f-9711-1e60e081bb41 => generated 0 bytes in 146 msecs (HTTP/1.1 204) 2 headers in 112 bytes (1 switches on core 0)
2026-03-04 02:46:23.617 7 WARNING neutron.scheduler.dhcp_agent_scheduler [None req-0545de80-b108-40c9-8d02-e86a942d077d 177c318516cf45509de2a78c19a493a4 b8f12ab3af204f909b0c6e1e548aaa2b - - default default] No more DHCP agents
2026-03-04 02:46:23.619 7 WARNING neutron.api.rpc.agentnotifiers.dhcp_rpc_agent_api [None req-0545de80-b108-40c9-8d02-e86a942d077d 177c318516cf45509de2a78c19a493a4 b8f12ab3af204f909b0c6e1e548aaa2b - - default default] Unable to schedule network 5698fa96-2c8d-4bd2-ac47-fdfbd530eab1: no agents available; will retry on subsequent port and subnet creation events. [pid: 8|app: 0|req: 1045/1958] 10.0.0.210 () {32 vars in 724 bytes} [Wed Mar 4 02:46:23 2026] DELETE /v2.0/subnets/8085c581-5dc0-45c7-ab06-11eabdf13afb => generated 0 bytes in 257 msecs (HTTP/1.1 204) 3 headers in 131 bytes (1 switches on core 0)
2026-03-04 02:46:23.759 7 INFO neutron.plugins.ml2.drivers.ovn.mech_driver.mech_driver [None req-bbd1f66c-8c60-489e-b4c9-c7b6abee77ab - - - - - -] OVN reports status down for port: 7df67109-98d6-48d8-8207-d62167a2eba3
2026-03-04 02:46:23.849 7 INFO neutron.db.ovn_revision_numbers_db [None req-0545de80-b108-40c9-8d02-e86a942d077d 177c318516cf45509de2a78c19a493a4 b8f12ab3af204f909b0c6e1e548aaa2b - - default default] Successfully bumped revision number for resource 7df67109-98d6-48d8-8207-d62167a2eba3 (type: ports) to 1
2026-03-04 02:46:23.871 8 INFO neutron.db.segments_db [None req-3037f18f-270c-4381-a9f8-f88c335a0f12 906a7073bf4a475584cb2c9f36f63925 e5938e5e2b91464e84cb339ef173111b - - default default] Added segment 8d2e16d7-17fb-4e08-bf5c-6618a69aeca7 of type geneve for network 39a0016b-9ba2-4647-a223-bb3274220b7a [pid: 7|app: 0|req: 914/1959] 10.0.0.210 () {34 vars in 664 bytes} [Wed Mar 4 02:46:23 2026] POST /v2.0/ports => generated 743 bytes in 632 msecs (HTTP/1.1 201) 4 headers in 162 bytes (1 switches on core 0) /var/lib/openstack/lib/python3.12/site-packages/pycadf/identifier.py:70: UserWarning: Invalid uuid: neutron. To ensure interoperability, identifiers should be a valid uuid. warnings.warn(('Invalid uuid: %s. To ensure interoperability, '
2026-03-04 02:46:24.050 8 INFO neutron.db.ovn_revision_numbers_db [None req-3037f18f-270c-4381-a9f8-f88c335a0f12 906a7073bf4a475584cb2c9f36f63925 e5938e5e2b91464e84cb339ef173111b - - default default] Successfully bumped revision number for resource 39a0016b-9ba2-4647-a223-bb3274220b7a (type: networks) to 1
