Jun 29 06:03:04.201701 np0000183443 devstack@neutron-api.service[103696]: DEBUG oslo_concurrency.processutils [None req-0debd411-67c2-4798-858a-3c100db734bf None None] CMD "ovsdb-client transact ssl:199.204.45.216:6641 --timeout 180 -p /opt/stack/data/CA/int-ca/private/devstack-cert.key -c /opt/stack/data/CA/int-ca/devstack-cert.crt -C /opt/stack/data/CA/int-ca/ca-chain.pem ["OVN_Northbound", {"op": "wait", "timeout": 0, "table": "Port_Group", "where": [["name", "==", "pvlan_pg_drop"]], "until": "==", "rows": []}, {"op": "insert", "table": "ACL", "row": {"action": "drop", "direction": "to-lport", "match": "outport == @pvlan_pg_drop && ip", "priority": 1010}, "uuid-name": "pvlandroptoport"}, {"op": "insert", "table": "ACL", "row": {"action": "drop", "direction": "from-lport", "match": "inport == @pvlan_pg_drop && ip", "priority": 1010}, "uuid-name": "pvlandropfromport"}, {"op": "insert", "table": "Port_Group", "row": {"name": "pvlan_pg_drop", "acls": ["set", [["named-uuid", "pvlandroptoport"], ["named-uuid", "pvlandropfromport"]]]}}]" returned: 0 in 0.034s {{(pid=103696) execute /opt/stack/data/venv/lib/python3.12/site-packages/oslo_concurrency/processutils.py:468}}
Jun 29 06:03:04.204393 np0000183443 devstack@neutron-api.service[103696]: WSGI app 0 (mountpoint='') ready in 8 seconds on interpreter 0x7713920a3668 pid: 103696 (default app)
Jun 29 06:03:05.092398 np0000183443 devstack@neutron-api.service[103697]: DEBUG neutron.common.ovn.hash_ring_manager [-] Allow caching, nodes 4>=4 {{(pid=103697) _wait_startup_before_caching /opt/stack/neutron/neutron/common/ovn/hash_ring_manager.py:71}}
Jun 29 06:03:05.092789 np0000183443 devstack@neutron-api.service[103697]: DEBUG neutron.plugins.ml2.drivers.ovn.mech_driver.ovsdb.ovsdb_monitor [-] Hash Ring: Node 8a8a011ae82657a2851236fdbaafbe66 (host: np0000183443) handling event "update" for row 4d838b3a-3fb1-4e2f-8836-76d50488b318 (table: Connection) {{(pid=103697) notify /opt/stack/neutron/neutron/plugins/ml2/drivers/ovn/mech_driver/ovsdb/ovsdb_monitor.py:1015}}
Jun 29 06:03:07.633501 np0000183443 devstack@neutron-api.service[103697]: DEBUG neutron.plugins.ml2.drivers.ovn.mech_driver.ovsdb.ovsdb_monitor [-] Hash Ring: Node 8a8a011ae82657a2851236fdbaafbe66 (host: np0000183443) handling event "update" for row 4d838b3a-3fb1-4e2f-8836-76d50488b318 (table: Connection) {{(pid=103697) notify /opt/stack/neutron/neutron/plugins/ml2/drivers/ovn/mech_driver/ovsdb/ovsdb_monitor.py:1015}}
Jun 29 06:03:11.261700 np0000183443 devstack@neutron-api.service[103697]: DEBUG neutron.api.wsgi [None req-2c46c51f-a709-4324-9c70-e9d1edbfb805 admin admin] Missing Content-Type {{(pid=103697) get_content_type /opt/stack/neutron/neutron/api/wsgi.py:80}}
Jun 29 06:03:11.262759 np0000183443 devstack@neutron-api.service[103697]: DEBUG neutron.api.wsgi [None req-2c46c51f-a709-4324-9c70-e9d1edbfb805 admin admin] https://199.204.45.216/networking/v2.0/extensions returned with HTTP 200 {{(pid=103697) __call__ /opt/stack/neutron/neutron/api/wsgi.py:540}}
Jun 29 06:03:11.262759 np0000183443 devstack@neutron-api.service[103697]: [pid: 103697|app: 0|req: 2/2] 199.204.45.216 () {64 vars in 1323 bytes} [Mon Jun 29 06:03:10 2026] GET /networking/v2.0/extensions => generated 16171 bytes in 600 msecs (HTTP/1.1 200) 4 headers in 159 bytes (1 switches on core 0)
Jun 29 06:03:11.705766 np0000183443 devstack@neutron-api.service[103698]: DEBUG neutron.api.v2.base [None req-d4503f73-9d28-4bf0-8223-e2c8d8ef8949 admin admin] Request body: {'subnetpool': {'is_default': True, 'default_prefixlen': 26, 'prefixes': ['10.1.0.0/20'], 'shared': True, 'name': 'shared-default-subnetpool-v4'}} {{(pid=103698) prepare_request_body /opt/stack/neutron/neutron/api/v2/base.py:727}}
Jun 29 06:03:11.913118 np0000183443 devstack@neutron-api.service[103698]: DEBUG neutron.policy [None req-d4503f73-9d28-4bf0-8223-e2c8d8ef8949 admin admin] Loaded default policies from ['neutron'] under neutron.policies entry points {{(pid=103698) register_rules /opt/stack/neutron/neutron/policy.py:65}}
Jun 29 06:03:12.070446 np0000183443 devstack@neutron-api.service[103698]: DEBUG neutron_lib.callbacks.manager [None req-d4503f73-9d28-4bf0-8223-e2c8d8ef8949 admin admin] Publish callbacks ['neutron.objects.securitygroup.RbacNeutronDbObjectMixin.validate_rbac_policy_change-2940966499196', 'neutron.objects.address_group.RbacNeutronDbObjectMixin.validate_rbac_policy_change-2940966476616', 'neutron.objects.network.RbacNeutronDbObjectMixin.validate_rbac_policy_change-2940966406366', 'neutron.objects.qos.policy.RbacNeutronDbObjectMixin.validate_rbac_policy_change-2940966652803', 'neutron.objects.subnetpool.RbacNeutronDbObjectMixin.validate_rbac_policy_change-2940966639919', 'neutron.objects.address_scope.RbacNeutronDbObjectMixin.validate_rbac_policy_change-2940966660607', 'neutron.plugins.ml2.plugin.External_net_db_mixin._process_ext_policy_create-439851', 'neutron.plugins.ml2.plugin.NeutronDbPluginV2.validate_network_rbac_policy_change-431739'] for rbac-policy (None), before_create {{(pid=103698) _notify_loop /opt/stack/data/venv/lib/python3.12/site-packages/neutron_lib/callbacks/manager.py:184}}
Jun 29 06:03:12.123093 np0000183443 devstack@neutron-api.service[103698]: DEBUG neutron_lib.callbacks.manager [None req-d4503f73-9d28-4bf0-8223-e2c8d8ef8949 admin admin] Publish callbacks [] for subnetpool (None), before_response {{(pid=103698) _notify_loop /opt/stack/data/venv/lib/python3.12/site-packages/neutron_lib/callbacks/manager.py:184}}
Jun 29 06:03:12.123827 np0000183443 devstack@neutron-api.service[103698]: [pid: 103698|app: 0|req: 1/3] 199.204.45.216 () {68 vars in 1367 bytes} [Mon Jun 29 06:03:11 2026] POST /networking/v2.0/subnetpools => generated 533 bytes in 538 msecs (HTTP/1.1 201) 4 headers in 162 bytes (1 switches on core 0)
Jun 29 06:03:12.485386 np0000183443 devstack@neutron-api.service[103699]: DEBUG neutron.api.v2.base [None req-74443352-8659-4b5a-ab0c-906df21ce4c9 admin admin] Request body: {'subnetpool': {'is_default': True, 'default_prefixlen': 64, 'prefixes': ['fd23:272e:0332::/56'], 'shared': True, 'name': 'shared-default-subnetpool-v6'}} {{(pid=103699) prepare_request_body /opt/stack/neutron/neutron/api/v2/base.py:727}}
Jun 29 06:03:12.663190 np0000183443 devstack@neutron-api.service[103699]: DEBUG neutron.policy [None req-74443352-8659-4b5a-ab0c-906df21ce4c9 admin admin] Loaded default policies from ['neutron'] under neutron.policies entry points {{(pid=103699) register_rules /opt/stack/neutron/neutron/policy.py:65}}
Jun 29 06:03:12.807810 np0000183443 devstack@neutron-api.service[103699]: DEBUG neutron_lib.callbacks.manager [None req-74443352-8659-4b5a-ab0c-906df21ce4c9 admin admin] Publish callbacks ['neutron.objects.securitygroup.RbacNeutronDbObjectMixin.validate_rbac_policy_change-2940966437960', 'neutron.objects.address_group.RbacNeutronDbObjectMixin.validate_rbac_policy_change-2940966283328', 'neutron.objects.network.RbacNeutronDbObjectMixin.validate_rbac_policy_change-2940966411085', 'neutron.objects.qos.policy.RbacNeutronDbObjectMixin.validate_rbac_policy_change-2940966406325', 'neutron.objects.subnetpool.RbacNeutronDbObjectMixin.validate_rbac_policy_change-2940966647956', 'neutron.objects.address_scope.RbacNeutronDbObjectMixin.validate_rbac_policy_change-2940966405926', 'neutron.plugins.ml2.plugin.External_net_db_mixin._process_ext_policy_create-7384262', 'neutron.plugins.ml2.plugin.NeutronDbPluginV2.validate_network_rbac_policy_change-7373010'] for rbac-policy (None), before_create {{(pid=103699) _notify_loop /opt/stack/data/venv/lib/python3.12/site-packages/neutron_lib/callbacks/manager.py:184}}
Jun 29 06:03:12.851423 np0000183443 devstack@neutron-api.service[103699]: DEBUG neutron_lib.callbacks.manager [None req-74443352-8659-4b5a-ab0c-906df21ce4c9 admin admin] Publish callbacks [] for subnetpool (None), before_response {{(pid=103699) _notify_loop /opt/stack/data/venv/lib/python3.12/site-packages/neutron_lib/callbacks/manager.py:184}}
Jun 29 06:03:12.852154 np0000183443 devstack@neutron-api.service[103699]: [pid: 103699|app: 0|req: 1/4] 199.204.45.216 () {68 vars in 1367 bytes} [Mon Jun 29 06:03:12 2026] POST /networking/v2.0/subnetpools => generated 542 bytes in 493 msecs (HTTP/1.1 201) 4 headers in 162 bytes (1 switches on core 0)
Jun 29 06:03:13.298531 np0000183443 devstack@neutron-api.service[103696]: DEBUG neutron.api.v2.base [None req-d8787016-c3e0-4056-ba9b-4d68af1fcf12 admin admin] Request body: {'network': {'admin_state_up': True, 'name': 'private'}} {{(pid=103696) prepare_request_body /opt/stack/neutron/neutron/api/v2/base.py:727}}
Jun 29 06:03:13.336099 np0000183443 devstack@neutron-api.service[103696]: DEBUG neutron.pecan_wsgi.hooks.quota_enforcement [None req-d8787016-c3e0-4056-ba9b-4d68af1fcf12 admin admin] Made reservation on behalf of feb30c1309f54763ab6cdea76512e6ba for: {'network': 1} {{(pid=103696) before /opt/stack/neutron/neutron/pecan_wsgi/hooks/quota_enforcement.py:66}}
Jun 29 06:03:13.511638 np0000183443 devstack@neutron-api.service[103696]: DEBUG neutron.policy [None req-d8787016-c3e0-4056-ba9b-4d68af1fcf12 admin admin] Loaded default policies from ['neutron'] under neutron.policies entry points {{(pid=103696) register_rules /opt/stack/neutron/neutron/policy.py:65}}
Jun 29 06:03:13.614866 np0000183443 devstack@neutron-api.service[103696]: DEBUG neutron_lib.callbacks.manager [None req-d8787016-c3e0-4056-ba9b-4d68af1fcf12 admin admin] Publish callbacks ['neutron.plugins.ml2.plugin.SecurityGroupDbMixin._ensure_default_security_group_handler-614085'] for network (None), before_create {{(pid=103696) _notify_loop /opt/stack/data/venv/lib/python3.12/site-packages/neutron_lib/callbacks/manager.py:184}}
Jun 29 06:03:13.640967 np0000183443 devstack@neutron-api.service[103696]: DEBUG neutron_lib.callbacks.manager [None req-d8787016-c3e0-4056-ba9b-4d68af1fcf12 admin admin] Publish callbacks [] for security_group (None), before_create {{(pid=103696) _notify_loop /opt/stack/data/venv/lib/python3.12/site-packages/neutron_lib/callbacks/manager.py:184}}
Jun 29 06:03:13.741012 np0000183443 devstack@neutron-api.service[103696]: DEBUG neutron_lib.callbacks.manager [None req-d8787016-c3e0-4056-ba9b-4d68af1fcf12 admin admin] Publish callbacks ['neutron.plugins.ml2.drivers.ovn.mech_driver.mech_driver.OVNMechanismDriver._create_security_group_precommit-181258'] for security_group (dcc1681a-38fe-44ed-b908-85870384c5a6), precommit_create {{(pid=103696) _notify_loop /opt/stack/data/venv/lib/python3.12/site-packages/neutron_lib/callbacks/manager.py:184}}
Jun 29 06:03:13.742029 np0000183443 devstack@neutron-api.service[103696]: DEBUG neutron.db.ovn_revision_numbers_db [None req-d8787016-c3e0-4056-ba9b-4d68af1fcf12 admin admin] create_initial_revision uuid=dcc1681a-38fe-44ed-b908-85870384c5a6, type=security_groups, rev=-1 {{(pid=103696) create_initial_revision /opt/stack/neutron/neutron/db/ovn_revision_numbers_db.py:98}}
Jun 29 06:03:13.743982 np0000183443 devstack@neutron-api.service[103696]: DEBUG neutron.db.ovn_revision_numbers_db [None req-d8787016-c3e0-4056-ba9b-4d68af1fcf12 admin admin] create_initial_revision uuid=432f8a41-6187-4321-907f-b16aeaf51f7c, type=security_group_rules, rev=-1 {{(pid=103696) create_initial_revision /opt/stack/neutron/neutron/db/ovn_revision_numbers_db.py:98}}
Jun 29 06:03:13.745111 np0000183443 devstack@neutron-api.service[103696]: DEBUG neutron.db.ovn_revision_numbers_db [None req-d8787016-c3e0-4056-ba9b-4d68af1fcf12 admin admin] create_initial_revision uuid=6cc3e321-e4c2-4b0e-bb0e-1baf1a5cafa3, type=security_group_rules, rev=-1 {{(pid=103696) create_initial_revision /opt/stack/neutron/neutron/db/ovn_revision_numbers_db.py:98}}
Jun 29 06:03:13.746323 np0000183443 devstack@neutron-api.service[103696]: DEBUG neutron.db.ovn_revision_numbers_db [None req-d8787016-c3e0-4056-ba9b-4d68af1fcf12 admin admin] create_initial_revision uuid=8674479a-3478-4dd8-90a1-034469d2abbd, type=security_group_rules, rev=-1 {{(pid=103696) create_initial_revision /opt/stack/neutron/neutron/db/ovn_revision_numbers_db.py:98}}
Jun 29 06:03:13.747267 np0000183443 devstack@neutron-api.service[103696]: DEBUG neutron.db.ovn_revision_numbers_db [None req-d8787016-c3e0-4056-ba9b-4d68af1fcf12 admin admin] create_initial_revision uuid=b086ba7a-f6d2-40e1-b08c-c3c9888bdbda, type=security_group_rules, rev=-1 {{(pid=103696) create_initial_revision /opt/stack/neutron/neutron/db/ovn_revision_numbers_db.py:98}}
Jun 29 06:03:13.754858 np0000183443 devstack@neutron-api.service[103696]: DEBUG neutron_lib.callbacks.manager [None req-d8787016-c3e0-4056-ba9b-4d68af1fcf12 admin admin] Publish callbacks ['neutron.plugins.ml2.drivers.ovn.mech_driver.mech_driver.OVNMechanismDriver._create_security_group-181296', 'neutron.plugins.ml2.ovo_rpc._ObjectChangeHandler.handle_event-2878323'] for security_group (dcc1681a-38fe-44ed-b908-85870384c5a6), after_create {{(pid=103696) _notify_loop /opt/stack/data/venv/lib/python3.12/site-packages/neutron_lib/callbacks/manager.py:184}}
Jun 29 06:03:13.755070 np0000183443 devstack@neutron-api.service[103696]: INFO neutron.plugins.ml2.drivers.ovn.mech_driver.ovsdb.extensions.qos [None req-d8787016-c3e0-4056-ba9b-4d68af1fcf12 admin admin] Starting OVNClientQosExtension
Jun 29 06:03:13.755292 np0000183443 devstack@neutron-api.service[103696]: INFO neutron.plugins.ml2.drivers.ovn.mech_driver.ovsdb.extensions.placement [None req-d8787016-c3e0-4056-ba9b-4d68af1fcf12 admin admin] Starting OVNClientPlacementExtension
Jun 29 06:03:13.757410 np0000183443 devstack@neutron-api.service[103696]: DEBUG ovsdbapp.backend.ovs_idl.transaction [-] Running txn n=1 command(idx=0): PgAddCommand(_result=None, name=pg_dcc1681a_38fe_44ed_b908_85870384c5a6, may_exist=False, columns={'acls': [], 'external_ids': {'neutron:security_group_id': 'dcc1681a-38fe-44ed-b908-85870384c5a6'}}) {{(pid=103696) do_commit /opt/stack/data/venv/lib/python3.12/site-packages/ovsdbapp/backend/ovs_idl/transaction.py:89}}
Jun 29 06:03:13.760336 np0000183443 devstack@neutron-api.service[103696]: DEBUG ovsdbapp.backend.ovs_idl.transaction [-] Running txn n=1 command(idx=1): PgAclAddCommand(_result=None, entity=pg_dcc1681a_38fe_44ed_b908_85870384c5a6, direction=from-lport, priority=1002, match=inport == @pg_dcc1681a_38fe_44ed_b908_85870384c5a6 && ip4, action=allow-related, log=False, may_exist=True, severity=[], name=[], meter=[], external_ids={'neutron:security_group_rule_id': '432f8a41-6187-4321-907f-b16aeaf51f7c'}) {{(pid=103696) do_commit /opt/stack/data/venv/lib/python3.12/site-packages/ovsdbapp/backend/ovs_idl/transaction.py:89}}
Jun 29 06:03:13.761052 np0000183443 devstack@neutron-api.service[103696]: DEBUG ovsdbapp.backend.ovs_idl.transaction [-] Running txn n=1 command(idx=2): PgAclAddCommand(_result=None, entity=pg_dcc1681a_38fe_44ed_b908_85870384c5a6, direction=to-lport, priority=1002, match=outport == @pg_dcc1681a_38fe_44ed_b908_85870384c5a6 && ip4 && ip4.src == $pg_dcc1681a_38fe_44ed_b908_85870384c5a6_ip4, action=allow-related, log=False, may_exist=True, severity=[], name=[], meter=[], external_ids={'neutron:security_group_rule_id': '6cc3e321-e4c2-4b0e-bb0e-1baf1a5cafa3'}) {{(pid=103696) do_commit /opt/stack/data/venv/lib/python3.12/site-packages/ovsdbapp/backend/ovs_idl/transaction.py:89}}
Jun 29 06:03:13.761752 np0000183443 devstack@neutron-api.service[103696]: DEBUG ovsdbapp.backend.ovs_idl.transaction [-] Running txn n=1 command(idx=3): PgAclAddCommand(_result=None, entity=pg_dcc1681a_38fe_44ed_b908_85870384c5a6, direction=to-lport, priority=1002, match=outport == @pg_dcc1681a_38fe_44ed_b908_85870384c5a6 && ip6 && ip6.src == $pg_dcc1681a_38fe_44ed_b908_85870384c5a6_ip6, action=allow-related, log=False, may_exist=True, severity=[], name=[], meter=[], external_ids={'neutron:security_group_rule_id': '8674479a-3478-4dd8-90a1-034469d2abbd'}) {{(pid=103696) do_commit /opt/stack/data/venv/lib/python3.12/site-packages/ovsdbapp/backend/ovs_idl/transaction.py:89}}
Jun 29 06:03:13.762082 np0000183443 devstack@neutron-api.service[103696]: DEBUG ovsdbapp.backend.ovs_idl.transaction [-] Running txn n=1 command(idx=4): PgAclAddCommand(_result=None, entity=pg_dcc1681a_38fe_44ed_b908_85870384c5a6, direction=from-lport, priority=1002, match=inport == @pg_dcc1681a_38fe_44ed_b908_85870384c5a6 && ip6, action=allow-related, log=False, may_exist=True, severity=[], name=[], meter=[], external_ids={'neutron:security_group_rule_id': 'b086ba7a-f6d2-40e1-b08c-c3c9888bdbda'}) {{(pid=103696) do_commit /opt/stack/data/venv/lib/python3.12/site-packages/ovsdbapp/backend/ovs_idl/transaction.py:89}}
Jun 29 06:03:13.826487 np0000183443 devstack@neutron-api.service[103697]: DEBUG neutron.plugins.ml2.drivers.ovn.mech_driver.ovsdb.ovsdb_monitor [-] Hash Ring: Node 8a8a011ae82657a2851236fdbaafbe66 (host: np0000183443) handling event "create" for row 0a143ec5-9c68-451c-9a2f-36752d948375 (table: ACL) {{(pid=103697) notify /opt/stack/neutron/neutron/plugins/ml2/drivers/ovn/mech_driver/ovsdb/ovsdb_monitor.py:1015}}
Jun 29 06:03:13.827031 np0000183443 devstack@neutron-api.service[103696]: DEBUG neutron.plugins.ml2.drivers.ovn.mech_driver.ovsdb.ovsdb_monitor [-] Hash Ring: Node 175963c0451d56eea67b2488b5ec372e (host: np0000183443) handling event "create" for row b1ccd5d9-d553-414d-941a-95e4a16b2203 (table: ACL) {{(pid=103696) notify /opt/stack/neutron/neutron/plugins/ml2/drivers/ovn/mech_driver/ovsdb/ovsdb_monitor.py:1015}}
Jun 29 06:03:13.827482 np0000183443 devstack@neutron-api.service[103697]: DEBUG neutron.plugins.ml2.drivers.ovn.mech_driver.ovsdb.ovsdb_monitor [-] Hash Ring: Node 8a8a011ae82657a2851236fdbaafbe66 (host: np0000183443) handling event "create" for row 1bf796c4-f3e5-4b3c-a16c-ad112764101c (table: ACL) {{(pid=103697) notify /opt/stack/neutron/neutron/plugins/ml2/drivers/ovn/mech_driver/ovsdb/ovsdb_monitor.py:1015}}
Jun 29 06:03:13.827578 np0000183443 devstack@neutron-api.service[103699]: DEBUG neutron.plugins.ml2.drivers.ovn.mech_driver.ovsdb.ovsdb_monitor [-] Hash Ring: Node b1424e8cfff05dc68102d7c3f303728c (host: np0000183443) handling event "create" for row 1bf796c4-f3e5-4b3c-a16c-ad112764101c (table: ACL) {{(pid=103699) notify /opt/stack/neutron/neutron/plugins/ml2/drivers/ovn/mech_driver/ovsdb/ovsdb_monitor.py:1015}}
Jun 29 06:03:13.828184 np0000183443 devstack@neutron-api.service[103697]: DEBUG neutron.plugins.ml2.drivers.ovn.mech_driver.ovsdb.ovsdb_monitor [-] Hash Ring: Node 8a8a011ae82657a2851236fdbaafbe66 (host: np0000183443) handling event "create" for row 684c6c61-70e7-4415-a494-0c4fa9a5e11a (table: ACL) {{(pid=103697) notify /opt/stack/neutron/neutron/plugins/ml2/drivers/ovn/mech_driver/ovsdb/ovsdb_monitor.py:1015}}
Jun 29 06:03:13.828184 np0000183443 devstack@neutron-api.service[103697]: DEBUG neutron.plugins.ml2.drivers.ovn.mech_driver.ovsdb.ovsdb_monitor [-] Hash Ring: Node 8a8a011ae82657a2851236fdbaafbe66 (host: np0000183443) handling event "create" for row b1ccd5d9-d553-414d-941a-95e4a16b2203 (table: ACL) {{(pid=103697) notify /opt/stack/neutron/neutron/plugins/ml2/drivers/ovn/mech_driver/ovsdb/ovsdb_monitor.py:1015}}
Jun 29 06:03:13.828184 np0000183443 devstack@neutron-api.service[103697]: DEBUG neutron.plugins.ml2.drivers.ovn.mech_driver.ovsdb.ovsdb_monitor [-] Hash Ring: Node 8a8a011ae82657a2851236fdbaafbe66 (host: np0000183443) handling event "create" for row 09e81bcb-3c7a-4f32-88f1-1bb14dad5ff1 (table: Port_Group) {{(pid=103697) notify /opt/stack/neutron/neutron/plugins/ml2/drivers/ovn/mech_driver/ovsdb/ovsdb_monitor.py:1015}}
Jun 29 06:03:13.864220 np0000183443 devstack@neutron-api.service[103696]: INFO neutron.db.ovn_revision_numbers_db [None req-d8787016-c3e0-4056-ba9b-4d68af1fcf12 admin admin] Successfully bumped revision number for resource dcc1681a-38fe-44ed-b908-85870384c5a6 (type: security_groups) to 1
Jun 29 06:03:13.882641 np0000183443 devstack@neutron-api.service[103696]: INFO neutron.db.ovn_revision_numbers_db [None req-d8787016-c3e0-4056-ba9b-4d68af1fcf12 admin admin] Successfully bumped revision number for resource 432f8a41-6187-4321-907f-b16aeaf51f7c (type: security_group_rules) to 0
Jun 29 06:03:13.897056 np0000183443 devstack@neutron-api.service[103696]: INFO neutron.db.ovn_revision_numbers_db [None req-d8787016-c3e0-4056-ba9b-4d68af1fcf12 admin admin] Successfully bumped revision number for resource 6cc3e321-e4c2-4b0e-bb0e-1baf1a5cafa3 (type: security_group_rules) to 0
Jun 29 06:03:13.912749 np0000183443 devstack@neutron-api.service[103696]: INFO neutron.db.ovn_revision_numbers_db [None req-d8787016-c3e0-4056-ba9b-4d68af1fcf12 admin admin] Successfully bumped revision number for resource 8674479a-3478-4dd8-90a1-034469d2abbd (type: security_group_rules) to 0
Jun 29 06:03:13.926015 np0000183443 devstack@neutron-api.service[103696]: INFO neutron.db.ovn_revision_numbers_db [None req-d8787016-c3e0-4056-ba9b-4d68af1fcf12 admin admin] Successfully bumped revision number for resource b086ba7a-f6d2-40e1-b08c-c3c9888bdbda (type: security_group_rules) to 0
Jun 29 06:03:13.951236 np0000183443 devstack@neutron-api.service[103696]: DEBUG neutron.api.rpc.handlers.resources_rpc [None req-d8787016-c3e0-4056-ba9b-4d68af1fcf12 admin admin] Pushing event updated for resources: {'SecurityGroup': ['ID=dcc1681a-38fe-44ed-b908-85870384c5a6,revision_number=1']} {{(pid=103696) push /opt/stack/neutron/neutron/api/rpc/handlers/resources_rpc.py:237}}
Jun 29 06:03:13.959781 np0000183443 devstack@neutron-api.service[103696]: DEBUG ovsdbapp.backend.ovs_idl.transaction [-] Running txn n=1 command(idx=0): CheckLivenessCommand(_result=None) {{(pid=103696) do_commit /opt/stack/data/venv/lib/python3.12/site-packages/ovsdbapp/backend/ovs_idl/transaction.py:89}}
Jun 29 06:03:13.963125 np0000183443 devstack@neutron-api.service[103696]: DEBUG neutron.plugins.ml2.drivers.ovn.mech_driver.ovsdb.ovsdb_monitor [-] Hash Ring: Node 175963c0451d56eea67b2488b5ec372e (host: np0000183443) handling event "update" for row 6bcd8178-095b-49ca-a950-7029a3300f3d (table: NB_Global) {{(pid=103696) notify /opt/stack/neutron/neutron/plugins/ml2/drivers/ovn/mech_driver/ovsdb/ovsdb_monitor.py:1015}}
Jun 29 06:03:13.964545 np0000183443 devstack@neutron-api.service[103697]: DEBUG neutron.plugins.ml2.drivers.ovn.mech_driver.ovsdb.ovsdb_monitor [-] Hash Ring: Node 8a8a011ae82657a2851236fdbaafbe66 (host: np0000183443) handling event "update" for row 6bcd8178-095b-49ca-a950-7029a3300f3d (table: NB_Global) {{(pid=103697) notify /opt/stack/neutron/neutron/plugins/ml2/drivers/ovn/mech_driver/ovsdb/ovsdb_monitor.py:1015}}
Jun 29 06:03:13.966027 np0000183443 devstack@neutron-api.service[103697]: DEBUG neutron.plugins.ml2.drivers.ovn.mech_driver.ovsdb.ovsdb_monitor [-] Hash Ring: Node 8a8a011ae82657a2851236fdbaafbe66 (host: np0000183443) handling event "update" for row 6bcd8178-095b-49ca-a950-7029a3300f3d (table: NB_Global) {{(pid=103697) notify /opt/stack/neutron/neutron/plugins/ml2/drivers/ovn/mech_driver/ovsdb/ovsdb_monitor.py:1015}}
Jun 29 06:03:13.966252 np0000183443 devstack@neutron-api.service[103699]: DEBUG neutron.plugins.ml2.drivers.ovn.mech_driver.ovsdb.ovsdb_monitor [-] Hash Ring: Node b1424e8cfff05dc68102d7c3f303728c (host: np0000183443) handling event "update" for row 6bcd8178-095b-49ca-a950-7029a3300f3d (table: NB_Global) {{(pid=103699) notify /opt/stack/neutron/neutron/plugins/ml2/drivers/ovn/mech_driver/ovsdb/ovsdb_monitor.py:1015}}
Jun 29 06:03:13.967148 np0000183443 devstack@neutron-api.service[103699]: DEBUG neutron.plugins.ml2.drivers.ovn.mech_driver.ovsdb.ovsdb_monitor [-] Hash Ring: Node b1424e8cfff05dc68102d7c3f303728c (host: np0000183443) handling event "update" for row 6bcd8178-095b-49ca-a950-7029a3300f3d (table: NB_Global) {{(pid=103699) notify /opt/stack/neutron/neutron/plugins/ml2/drivers/ovn/mech_driver/ovsdb/ovsdb_monitor.py:1015}}
Jun 29 06:03:13.967363 np0000183443 devstack@neutron-api.service[103696]: DEBUG neutron.api.rpc.callbacks.version_manager [None req-d8787016-c3e0-4056-ba9b-4d68af1fcf12 admin admin] Tracked resource versions report:
Jun 29 06:03:13.967363 np0000183443 devstack@neutron-api.service[103696]: pushed versions:
Jun 29 06:03:13.967363 np0000183443 devstack@neutron-api.service[103696]: { 'AddressGroup': {'1.2'},
Jun 29 06:03:13.967363 np0000183443 devstack@neutron-api.service[103696]: 'Agent': {'1.1'},
Jun 29 06:03:13.967363 np0000183443 devstack@neutron-api.service[103696]: 'ConntrackHelper': {'1.0'},
Jun 29 06:03:13.967363 np0000183443 devstack@neutron-api.service[103696]: 'LocalIPAssociation': {'1.0'},
Jun 29 06:03:13.967363 np0000183443 devstack@neutron-api.service[103696]: 'Log': {'1.0'},
Jun 29 06:03:13.967363 np0000183443 devstack@neutron-api.service[103696]: 'NDPProxy': {'1.0'},
Jun 29 06:03:13.967363 np0000183443 devstack@neutron-api.service[103696]: 'Network': {'1.3'},
Jun 29 06:03:13.967363 np0000183443 devstack@neutron-api.service[103696]: 'Port': {'1.11'},
Jun 29 06:03:13.967363 np0000183443 devstack@neutron-api.service[103696]: 'PortForwarding': {'1.3'},
Jun 29 06:03:13.967363 np0000183443 devstack@neutron-api.service[103696]: 'QosPolicy': {'1.10'},
Jun 29 06:03:13.967363 np0000183443 devstack@neutron-api.service[103696]: 'SecurityGroup': {'1.6'},
Jun 29 06:03:13.967363 np0000183443 devstack@neutron-api.service[103696]: 'SecurityGroupRule': {'1.3'},
Jun 29 06:03:13.967363 np0000183443 devstack@neutron-api.service[103696]: 'SubPort': {'1.0'},
Jun 29 06:03:13.967363 np0000183443 devstack@neutron-api.service[103696]: 'Subnet': {'1.2'},
Jun 29 06:03:13.967363 np0000183443 devstack@neutron-api.service[103696]: 'Trunk': {'1.1'}}
Jun 29 06:03:13.967363 np0000183443 devstack@neutron-api.service[103696]: consumer versions:
Jun 29 06:03:13.967363 np0000183443 devstack@neutron-api.service[103696]: {}
Jun 29 06:03:13.967363 np0000183443 devstack@neutron-api.service[103696]: {{(pid=103696) report /opt/stack/neutron/neutron/api/rpc/callbacks/version_manager.py:183}}
Jun 29 06:03:13.968668 np0000183443 devstack@neutron-api.service[103697]: DEBUG neutron.plugins.ml2.drivers.ovn.mech_driver.ovsdb.ovsdb_monitor [-] Hash Ring: Node 8a8a011ae82657a2851236fdbaafbe66 (host: np0000183443) handling event "update" for row 6bcd8178-095b-49ca-a950-7029a3300f3d (table: NB_Global) {{(pid=103697) notify /opt/stack/neutron/neutron/plugins/ml2/drivers/ovn/mech_driver/ovsdb/ovsdb_monitor.py:1015}}
Jun 29 06:03:13.969617 np0000183443 devstack@neutron-api.service[103699]: DEBUG neutron.plugins.ml2.drivers.ovn.mech_driver.ovsdb.ovsdb_monitor [-] Hash Ring: Node b1424e8cfff05dc68102d7c3f303728c (host: np0000183443) handling event "update" for row 6bcd8178-095b-49ca-a950-7029a3300f3d (table: NB_Global) {{(pid=103699) notify /opt/stack/neutron/neutron/plugins/ml2/drivers/ovn/mech_driver/ovsdb/ovsdb_monitor.py:1015}}
Jun 29 06:03:13.969946 np0000183443 devstack@neutron-api.service[103697]: DEBUG neutron.plugins.ml2.drivers.ovn.mech_driver.ovsdb.ovsdb_monitor [-] ChassisAgentWriteEvent : Matched Chassis_Private, update, None None {{(pid=103697) matches /opt/stack/neutron/neutron/plugins/ml2/drivers/ovn/mech_driver/ovsdb/ovsdb_monitor.py:64}}
Jun 29 06:03:13.970541 np0000183443 devstack@neutron-api.service[103699]: DEBUG neutron.plugins.ml2.drivers.ovn.mech_driver.ovsdb.ovsdb_monitor [-] ChassisAgentWriteEvent : Matched Chassis_Private, update, None None {{(pid=103699) matches /opt/stack/neutron/neutron/plugins/ml2/drivers/ovn/mech_driver/ovsdb/ovsdb_monitor.py:64}}
Jun 29 06:03:13.971442 np0000183443 devstack@neutron-api.service[103699]: DEBUG neutron.plugins.ml2.drivers.ovn.mech_driver.ovsdb.ovsdb_monitor [-] Hash Ring: Node b1424e8cfff05dc68102d7c3f303728c (host: np0000183443) handling event "update" for row 2228f995-98b9-4d2e-a7f2-26a1f2bb5301 (table: Chassis_Private) {{(pid=103699) notify /opt/stack/neutron/neutron/plugins/ml2/drivers/ovn/mech_driver/ovsdb/ovsdb_monitor.py:1015}}
Jun 29 06:03:13.973080 np0000183443 devstack@neutron-api.service[103697]: DEBUG neutron.plugins.ml2.drivers.ovn.mech_driver.ovsdb.ovsdb_monitor [-] Hash Ring: Node 8a8a011ae82657a2851236fdbaafbe66 (host: np0000183443) handling event "update" for row 6bcd8178-095b-49ca-a950-7029a3300f3d (table: NB_Global) {{(pid=103697) notify /opt/stack/neutron/neutron/plugins/ml2/drivers/ovn/mech_driver/ovsdb/ovsdb_monitor.py:1015}}
Jun 29 06:03:13.974603 np0000183443 devstack@neutron-api.service[103699]: DEBUG neutron.plugins.ml2.drivers.ovn.mech_driver.ovsdb.ovsdb_monitor [-] Hash Ring: Node b1424e8cfff05dc68102d7c3f303728c (host: np0000183443) handling event "update" for row 6bcd8178-095b-49ca-a950-7029a3300f3d (table: NB_Global) {{(pid=103699) notify /opt/stack/neutron/neutron/plugins/ml2/drivers/ovn/mech_driver/ovsdb/ovsdb_monitor.py:1015}}
Jun 29 06:03:13.975027 np0000183443 devstack@neutron-api.service[103698]: DEBUG neutron.plugins.ml2.drivers.ovn.mech_driver.ovsdb.ovsdb_monitor [-] ChassisAgentWriteEvent : Matched Chassis_Private, update, None None {{(pid=103698) matches /opt/stack/neutron/neutron/plugins/ml2/drivers/ovn/mech_driver/ovsdb/ovsdb_monitor.py:64}}
Jun 29 06:03:13.976114 np0000183443 devstack@neutron-api.service[103697]: DEBUG neutron.common.ovn.hash_ring_manager [-] Allow caching, nodes 4>=4 {{(pid=103697) _wait_startup_before_caching /opt/stack/neutron/neutron/common/ovn/hash_ring_manager.py:71}}
Jun 29 06:03:13.976114 np0000183443 devstack@neutron-api.service[103697]: DEBUG neutron.plugins.ml2.drivers.ovn.mech_driver.ovsdb.ovsdb_monitor [-] Hash Ring: Node 8a8a011ae82657a2851236fdbaafbe66 (host: np0000183443) handling event "update" for row 2228f995-98b9-4d2e-a7f2-26a1f2bb5301 (table: Chassis_Private) {{(pid=103697) notify /opt/stack/neutron/neutron/plugins/ml2/drivers/ovn/mech_driver/ovsdb/ovsdb_monitor.py:1015}}
Jun 29 06:03:13.976577 np0000183443 devstack@neutron-api.service[103696]: DEBUG neutron.plugins.ml2.drivers.ovn.mech_driver.ovsdb.ovsdb_monitor [-] Hash Ring: Node 175963c0451d56eea67b2488b5ec372e (host: np0000183443) handling event "update" for row 6bcd8178-095b-49ca-a950-7029a3300f3d (table: NB_Global) {{(pid=103696) notify /opt/stack/neutron/neutron/plugins/ml2/drivers/ovn/mech_driver/ovsdb/ovsdb_monitor.py:1015}}
Jun 29 06:03:13.977220 np0000183443 devstack@neutron-api.service[103696]: DEBUG neutron.plugins.ml2.drivers.ovn.mech_driver.ovsdb.ovsdb_monitor [-] Hash Ring: Node 175963c0451d56eea67b2488b5ec372e (host: np0000183443) handling event "update" for row 6bcd8178-095b-49ca-a950-7029a3300f3d (table: NB_Global) {{(pid=103696) notify /opt/stack/neutron/neutron/plugins/ml2/drivers/ovn/mech_driver/ovsdb/ovsdb_monitor.py:1015}}
Jun 29 06:03:13.978926 np0000183443 devstack@neutron-api.service[103696]: DEBUG neutron.plugins.ml2.drivers.ovn.mech_driver.ovsdb.ovsdb_monitor [-] Hash Ring: Node 175963c0451d56eea67b2488b5ec372e (host: np0000183443) handling event "update" for row 6bcd8178-095b-49ca-a950-7029a3300f3d (table: NB_Global) {{(pid=103696) notify /opt/stack/neutron/neutron/plugins/ml2/drivers/ovn/mech_driver/ovsdb/ovsdb_monitor.py:1015}}
Jun 29 06:03:13.979343 np0000183443 devstack@neutron-api.service[103699]: DEBUG neutron.plugins.ml2.drivers.ovn.mech_driver.ovsdb.ovsdb_monitor [-] ChassisOVNAgentWriteEvent : Matched Chassis_Private, update, None None {{(pid=103699) matches /opt/stack/neutron/neutron/plugins/ml2/drivers/ovn/mech_driver/ovsdb/ovsdb_monitor.py:64}}
Jun 29 06:03:13.979813 np0000183443 devstack@neutron-api.service[103698]: DEBUG neutron.plugins.ml2.drivers.ovn.mech_driver.ovsdb.ovsdb_monitor [-] ChassisOVNAgentWriteEvent : Matched Chassis_Private, update, None None {{(pid=103698) matches /opt/stack/neutron/neutron/plugins/ml2/drivers/ovn/mech_driver/ovsdb/ovsdb_monitor.py:64}}
Jun 29 06:03:13.979958 np0000183443 devstack@neutron-api.service[103699]: DEBUG neutron.plugins.ml2.drivers.ovn.mech_driver.ovsdb.ovsdb_monitor [-] Hash Ring: Node b1424e8cfff05dc68102d7c3f303728c (host: np0000183443) handling event "update" for row 2228f995-98b9-4d2e-a7f2-26a1f2bb5301 (table: Chassis_Private) {{(pid=103699) notify /opt/stack/neutron/neutron/plugins/ml2/drivers/ovn/mech_driver/ovsdb/ovsdb_monitor.py:1015}}
Jun 29 06:03:13.980799 np0000183443 devstack@neutron-api.service[103697]: DEBUG neutron.plugins.ml2.drivers.ovn.mech_driver.ovsdb.ovsdb_monitor [-] ChassisOVNAgentWriteEvent : Matched Chassis_Private, update, None None {{(pid=103697) matches /opt/stack/neutron/neutron/plugins/ml2/drivers/ovn/mech_driver/ovsdb/ovsdb_monitor.py:64}}
Jun 29 06:03:13.980799 np0000183443 devstack@neutron-api.service[103697]: DEBUG neutron.plugins.ml2.drivers.ovn.mech_driver.ovsdb.ovsdb_monitor [-] Hash Ring: Node 8a8a011ae82657a2851236fdbaafbe66 (host: np0000183443) handling event "update" for row 2228f995-98b9-4d2e-a7f2-26a1f2bb5301 (table: Chassis_Private) {{(pid=103697) notify /opt/stack/neutron/neutron/plugins/ml2/drivers/ovn/mech_driver/ovsdb/ovsdb_monitor.py:1015}}
Jun 29 06:03:13.987149 np0000183443 devstack@neutron-api.service[103696]: DEBUG neutron.plugins.ml2.drivers.ovn.mech_driver.ovsdb.ovsdb_monitor [-] ChassisAgentWriteEvent : Matched Chassis_Private, update, None None {{(pid=103696) matches /opt/stack/neutron/neutron/plugins/ml2/drivers/ovn/mech_driver/ovsdb/ovsdb_monitor.py:64}}
Jun 29 06:03:13.989068 np0000183443 devstack@neutron-api.service[103696]: DEBUG neutron.plugins.ml2.drivers.ovn.mech_driver.ovsdb.ovsdb_monitor [-] ChassisOVNAgentWriteEvent : Matched Chassis_Private, update, None None {{(pid=103696) matches /opt/stack/neutron/neutron/plugins/ml2/drivers/ovn/mech_driver/ovsdb/ovsdb_monitor.py:64}}
Jun 29 06:03:14.038751 np0000183443 devstack@neutron-api.service[103696]: DEBUG neutron.plugins.ml2.drivers.helpers [None req-d8787016-c3e0-4056-ba9b-4d68af1fcf12 admin admin] geneve segment allocate from pool success with {'geneve_vni': 30543} {{(pid=103696) allocate_partially_specified_segment /opt/stack/neutron/neutron/plugins/ml2/drivers/helpers.py:142}}
Jun 29 06:03:14.050898 np0000183443 devstack@neutron-api.service[103696]: DEBUG neutron_lib.callbacks.manager [None req-d8787016-c3e0-4056-ba9b-4d68af1fcf12 admin admin] Publish callbacks ['neutron.services.segments.db._add_segment_host_mapping_for_segment-8182863951382', 'neutron.plugins.ml2.plugin.Ml2Plugin._handle_segment_change-876843'] for segment (e8995189-9987-46db-8e4a-cd50eeae0143), precommit_create {{(pid=103696) _notify_loop /opt/stack/data/venv/lib/python3.12/site-packages/neutron_lib/callbacks/manager.py:184}}
Jun 29 06:03:14.051345 np0000183443 devstack@neutron-api.service[103696]: INFO neutron.db.segments_db [None req-d8787016-c3e0-4056-ba9b-4d68af1fcf12 admin admin] Added segment e8995189-9987-46db-8e4a-cd50eeae0143 of type geneve for network c920acb7-bce6-4bc3-8b17-654652bd421f
Jun 29 06:03:14.107394 np0000183443 devstack@neutron-api.service[103696]: DEBUG neutron_lib.callbacks.manager [None req-d8787016-c3e0-4056-ba9b-4d68af1fcf12 admin admin] Publish callbacks ['neutron.services.auto_allocate.db._ensure_external_network_default_value_callback-8182862251462'] for network (c920acb7-bce6-4bc3-8b17-654652bd421f), precommit_create {{(pid=103696) _notify_loop /opt/stack/data/venv/lib/python3.12/site-packages/neutron_lib/callbacks/manager.py:184}}
Jun 29 06:03:14.125015 np0000183443 devstack@neutron-api.service[103696]: DEBUG neutron.plugins.ml2.drivers.ovn.mech_driver.mech_driver [None req-d8787016-c3e0-4056-ba9b-4d68af1fcf12 admin admin] Validating network segment with type geneve, segmentation ID 30543, physical network None {{(pid=103696) _validate_network_segments /opt/stack/neutron/neutron/plugins/ml2/drivers/ovn/mech_driver/mech_driver.py:646}}
Jun 29 06:03:14.125225 np0000183443 devstack@neutron-api.service[103696]: DEBUG neutron.db.ovn_revision_numbers_db [None req-d8787016-c3e0-4056-ba9b-4d68af1fcf12 admin admin] create_initial_revision uuid=c920acb7-bce6-4bc3-8b17-654652bd421f, type=networks, rev=-1 {{(pid=103696) create_initial_revision /opt/stack/neutron/neutron/db/ovn_revision_numbers_db.py:98}}
Jun 29 06:03:14.148714 np0000183443 devstack@neutron-api.service[103696]: DEBUG neutron_lib.callbacks.manager [None req-d8787016-c3e0-4056-ba9b-4d68af1fcf12 admin admin] Publish callbacks ['neutron.plugins.ml2.ovo_rpc._ObjectChangeHandler.handle_event-2878320'] for network (c920acb7-bce6-4bc3-8b17-654652bd421f), after_create {{(pid=103696) _notify_loop /opt/stack/data/venv/lib/python3.12/site-packages/neutron_lib/callbacks/manager.py:184}}
Jun 29 06:03:14.205805 np0000183443 devstack@neutron-api.service[103696]: DEBUG neutron.api.rpc.handlers.resources_rpc [None req-d8787016-c3e0-4056-ba9b-4d68af1fcf12 admin admin] Pushing event updated for resources: {'Network': ['ID=c920acb7-bce6-4bc3-8b17-654652bd421f,revision_number=1']} {{(pid=103696) push /opt/stack/neutron/neutron/api/rpc/handlers/resources_rpc.py:237}}
Jun 29 06:03:14.216776 np0000183443 devstack@neutron-api.service[103696]: DEBUG ovsdbapp.backend.ovs_idl.transaction [-] Running txn n=1 command(idx=0): AddNetworkCommand(_result=None, network_uuid=c920acb7-bce6-4bc3-8b17-654652bd421f, may_exist=True, columns={'external_ids': {'neutron:network_name': 'private', 'neutron:mtu': '1372', 'neutron:revision_number': '1', 'neutron:availability_zone_hints': '', 'neutron:provnet-network-type': 'geneve'}, 'other_config': {'mcast_snoop': 'false', 'mcast_flood_unregistered': 'false', 'vlan-passthru': 'false'}}) {{(pid=103696) do_commit /opt/stack/data/venv/lib/python3.12/site-packages/ovsdbapp/backend/ovs_idl/transaction.py:89}}
Jun 29 06:03:14.217890 np0000183443 devstack@neutron-api.service[103696]: DEBUG neutron.common.ovn.utils [-] OVS persist_uuid supported=True {{(pid=103696) ovs_persist_uuid_supported /opt/stack/neutron/neutron/common/ovn/utils.py:1544}}
Jun 29 06:03:14.222571 np0000183443 devstack@neutron-api.service[103697]: DEBUG neutron.plugins.ml2.drivers.ovn.mech_driver.ovsdb.ovsdb_monitor [-] Hash Ring: Node 8a8a011ae82657a2851236fdbaafbe66 (host: np0000183443) handling event "create" for row c920acb7-bce6-4bc3-8b17-654652bd421f (table: Logical_Switch) {{(pid=103697) notify /opt/stack/neutron/neutron/plugins/ml2/drivers/ovn/mech_driver/ovsdb/ovsdb_monitor.py:1015}}
Jun 29 06:03:14.232297 np0000183443 devstack@neutron-api.service[103697]: DEBUG neutron.plugins.ml2.drivers.ovn.mech_driver.ovsdb.ovsdb_monitor [-] Hash Ring: Node 8a8a011ae82657a2851236fdbaafbe66 (host: np0000183443) handling event "create" for row 98c6c536-8e51-482a-ba35-3c03c2e5ca4d (table: Datapath_Binding) {{(pid=103697) notify /opt/stack/neutron/neutron/plugins/ml2/drivers/ovn/mech_driver/ovsdb/ovsdb_monitor.py:1015}}
Jun 29 06:03:14.264121 np0000183443 devstack@neutron-api.service[103696]: INFO neutron.db.ovn_revision_numbers_db [None req-d8787016-c3e0-4056-ba9b-4d68af1fcf12 admin admin] Successfully bumped revision number for resource c920acb7-bce6-4bc3-8b17-654652bd421f (type: networks) to 1
Jun 29 06:03:14.334032 np0000183443 devstack@neutron-api.service[103696]: DEBUG neutron_lib.callbacks.manager [None req-d8787016-c3e0-4056-ba9b-4d68af1fcf12 admin admin] Publish callbacks ['neutron.plugins.ml2.plugin.SecurityGroupDbMixin._ensure_default_security_group_handler-614085'] for port (None), before_create {{(pid=103696) _notify_loop /opt/stack/data/venv/lib/python3.12/site-packages/neutron_lib/callbacks/manager.py:184}}
Jun 29 06:03:14.672530 np0000183443 devstack@neutron-api.service[103696]: DEBUG neutron_lib.callbacks.manager [None req-d8787016-c3e0-4056-ba9b-4d68af1fcf12 admin admin] Publish callbacks ['neutron.plugins.ml2.drivers.ovn.mech_driver.mech_driver.OVNMechanismDriver._validate_allowed_address_pairs-181378'] for allowed_address_pair (c3835150-7339-4bfe-a7a6-9e058eb0cac4), before_create {{(pid=103696) _notify_loop /opt/stack/data/venv/lib/python3.12/site-packages/neutron_lib/callbacks/manager.py:184}}
Jun 29 06:03:14.672879 np0000183443 devstack@neutron-api.service[103696]: DEBUG neutron_lib.callbacks.manager [None req-d8787016-c3e0-4056-ba9b-4d68af1fcf12 admin admin] Publish callbacks [] for port (c3835150-7339-4bfe-a7a6-9e058eb0cac4), precommit_create {{(pid=103696) _notify_loop /opt/stack/data/venv/lib/python3.12/site-packages/neutron_lib/callbacks/manager.py:184}}
Jun 29 06:03:14.673198 np0000183443 devstack@neutron-api.service[103696]: DEBUG neutron.plugins.ml2.drivers.ovn.mech_driver.mech_driver [None req-d8787016-c3e0-4056-ba9b-4d68af1fcf12 admin admin] No provisioning block for port c3835150-7339-4bfe-a7a6-9e058eb0cac4 since it does not have a host {{(pid=103696) _is_port_provisioning_required /opt/stack/neutron/neutron/plugins/ml2/drivers/ovn/mech_driver/mech_driver.py:899}}
Jun 29 06:03:14.673198 np0000183443 devstack@neutron-api.service[103696]: DEBUG neutron.db.ovn_revision_numbers_db [None req-d8787016-c3e0-4056-ba9b-4d68af1fcf12 admin admin] create_initial_revision uuid=c3835150-7339-4bfe-a7a6-9e058eb0cac4, type=ports, rev=-1 {{(pid=103696) create_initial_revision /opt/stack/neutron/neutron/db/ovn_revision_numbers_db.py:98}}
Jun 29 06:03:14.741384 np0000183443 devstack@neutron-api.service[103696]: DEBUG neutron_lib.callbacks.manager [None req-d8787016-c3e0-4056-ba9b-4d68af1fcf12 admin admin] Publish callbacks ['neutron.plugins.ml2.ovo_rpc._ObjectChangeHandler.handle_event-2878104'] for port (c3835150-7339-4bfe-a7a6-9e058eb0cac4), after_create {{(pid=103696) _notify_loop /opt/stack/data/venv/lib/python3.12/site-packages/neutron_lib/callbacks/manager.py:184}}
Jun 29 06:03:14.798037 np0000183443 devstack@neutron-api.service[103696]: DEBUG neutron.api.rpc.handlers.resources_rpc [None req-d8787016-c3e0-4056-ba9b-4d68af1fcf12 admin admin] Pushing event updated for resources: {'Port': ['ID=c3835150-7339-4bfe-a7a6-9e058eb0cac4,revision_number=1']} {{(pid=103696) push /opt/stack/neutron/neutron/api/rpc/handlers/resources_rpc.py:237}}
Jun 29 06:03:14.841527 np0000183443 devstack@neutron-api.service[103696]: DEBUG neutron.plugins.ml2.drivers.ovn.mech_driver.ovsdb.commands [None req-d8787016-c3e0-4056-ba9b-4d68af1fcf12 admin admin] Converting tag [] to a tag_request {{(pid=103696) _tag_column_to_tag_request /opt/stack/neutron/neutron/plugins/ml2/drivers/ovn/mech_driver/ovsdb/commands.py:205}}
Jun 29 06:03:14.842957 np0000183443 devstack@neutron-api.service[103696]: DEBUG ovsdbapp.backend.ovs_idl.transaction [-] Running txn n=1 command(idx=0): AddLSwitchPortCommand(_result=None, lport=c3835150-7339-4bfe-a7a6-9e058eb0cac4, lswitch=neutron-c920acb7-bce6-4bc3-8b17-654652bd421f, may_exist=True, network_uuid=c920acb7-bce6-4bc3-8b17-654652bd421f, columns={'addresses': ['fa:16:3e:e1:7d:8c'], 'external_ids': {'neutron:port_name': '', 'neutron:device_id': 'ovnmeta-c920acb7-bce6-4bc3-8b17-654652bd421f', 'neutron:project_id': 'feb30c1309f54763ab6cdea76512e6ba', 'neutron:cidrs': '', 'neutron:device_owner': 'network:distributed', 'neutron:subnet_pool_addr_scope4': '', 'neutron:subnet_pool_addr_scope6': '', 'neutron:network_name': 'neutron-c920acb7-bce6-4bc3-8b17-654652bd421f', 'neutron:security_group_ids': '', 'neutron:revision_number': '1', 'neutron:vnic_type': 'normal', 'neutron:port_capabilities': '', 'neutron:mtu': '1372'}, 'parent_name': [], 'enabled': True, 'options': {}, 'type': 'localport', 'port_security': [], 'dhcpv4_options': [], 'dhcpv6_options': [], 'tag_request': []}) {{(pid=103696) do_commit /opt/stack/data/venv/lib/python3.12/site-packages/ovsdbapp/backend/ovs_idl/transaction.py:89}}
Jun 29 06:03:14.844105 np0000183443 devstack@neutron-api.service[103696]: DEBUG ovsdbapp.backend.ovs_idl.transaction [-] Running txn n=1 command(idx=1): QoSDelCommand(_result=None, switch=neutron-c920acb7-bce6-4bc3-8b17-654652bd421f, conditions=[('direction', '=', 'to-lport'), ('priority', '=', 2002), ('match', '=', 'outport == "c3835150-7339-4bfe-a7a6-9e058eb0cac4"')], if_exists=True) {{(pid=103696) do_commit /opt/stack/data/venv/lib/python3.12/site-packages/ovsdbapp/backend/ovs_idl/transaction.py:89}}
Jun 29 06:03:14.844443 np0000183443 devstack@neutron-api.service[103696]: DEBUG ovsdbapp.backend.ovs_idl.transaction [-] Running txn n=1 command(idx=2): QoSDelCommand(_result=None, switch=neutron-c920acb7-bce6-4bc3-8b17-654652bd421f, conditions=[('direction', '=', 'from-lport'), ('priority', '=', 2002), ('match', '=', 'inport == "c3835150-7339-4bfe-a7a6-9e058eb0cac4"')], if_exists=True) {{(pid=103696) do_commit /opt/stack/data/venv/lib/python3.12/site-packages/ovsdbapp/backend/ovs_idl/transaction.py:89}}
Jun 29 06:03:14.912597 np0000183443 devstack@neutron-api.service[103697]: DEBUG neutron.plugins.ml2.drivers.ovn.mech_driver.ovsdb.ovsdb_monitor [-] Hash Ring: Node 8a8a011ae82657a2851236fdbaafbe66 (host: np0000183443) handling event "update" for row c920acb7-bce6-4bc3-8b17-654652bd421f (table: Logical_Switch) {{(pid=103697) notify /opt/stack/neutron/neutron/plugins/ml2/drivers/ovn/mech_driver/ovsdb/ovsdb_monitor.py:1015}}
Jun 29 06:03:14.914101 np0000183443 devstack@neutron-api.service[103697]: DEBUG neutron.plugins.ml2.drivers.ovn.mech_driver.ovsdb.ovsdb_monitor [-] Hash Ring: Node 8a8a011ae82657a2851236fdbaafbe66 (host: np0000183443) handling event "create" for row e0e9403b-46dd-4633-91d0-90feaacf8e8d (table: Logical_Switch_Port) {{(pid=103697) notify /opt/stack/neutron/neutron/plugins/ml2/drivers/ovn/mech_driver/ovsdb/ovsdb_monitor.py:1015}}
Jun 29 06:03:14.915666 np0000183443 devstack@neutron-api.service[103697]: DEBUG ovsdbapp.backend.ovs_idl.event [-] Matched CREATE: LogicalSwitchPortCreateEvent(events=('create',), table='Logical_Switch_Port', conditions=[], old_conditions=None), priority=20 to row=Logical_Switch_Port(uuid=e0e9403b-46dd-4633-91d0-90feaacf8e8d, addresses=['fa:16:3e:e1:7d:8c'], dhcpv4_options=[], dhcpv6_options=[], dynamic_addresses=[], enabled=True, external_ids={'neutron:cidrs': '', 'neutron:device_id': 'ovnmeta-c920acb7-bce6-4bc3-8b17-654652bd421f', 'neutron:device_owner': 'network:distributed', 'neutron:mtu': '1372', 'neutron:network_name': 'neutron-c920acb7-bce6-4bc3-8b17-654652bd421f', 'neutron:port_capabilities': '', 'neutron:port_name': '', 'neutron:project_id': 'feb30c1309f54763ab6cdea76512e6ba', 'neutron:revision_number': '1', 'neutron:security_group_ids': '', 'neutron:subnet_pool_addr_scope4': '', 'neutron:subnet_pool_addr_scope6': '', 'neutron:vnic_type': 'normal'}, ha_chassis_group=[], mirror_rules=[], name='c3835150-7339-4bfe-a7a6-9e058eb0cac4', options={}, parent_name=[], port_security=[], tag=[], tag_request=[], type='localport', up=[]) old= {{(pid=103697) matches /opt/stack/data/venv/lib/python3.12/site-packages/ovsdbapp/backend/ovs_idl/event.py:55}}
Jun 29 06:03:14.918295 np0000183443 devstack@neutron-api.service[103697]: INFO neutron.plugins.ml2.drivers.ovn.mech_driver.mech_driver [-] OVN reports status down for port: c3835150-7339-4bfe-a7a6-9e058eb0cac4
Jun 29 06:03:14.918422 np0000183443 devstack@neutron-api.service[103698]: DEBUG neutron.plugins.ml2.drivers.ovn.mech_driver.ovsdb.ovsdb_monitor [-] Hash Ring: Node dbc2dab92f655113bcfd0a88935f715f (host: np0000183443) handling event "create" for row e0e9403b-46dd-4633-91d0-90feaacf8e8d (table: Logical_Switch_Port) {{(pid=103698) notify /opt/stack/neutron/neutron/plugins/ml2/drivers/ovn/mech_driver/ovsdb/ovsdb_monitor.py:1015}}
Jun 29 06:03:14.920134 np0000183443 devstack@neutron-api.service[103698]: DEBUG ovsdbapp.backend.ovs_idl.event [-] Matched CREATE: LogicalSwitchPortCreateEvent(events=('create',), table='Logical_Switch_Port', conditions=[], old_conditions=None), priority=20 to row=Logical_Switch_Port(uuid=e0e9403b-46dd-4633-91d0-90feaacf8e8d, addresses=['fa:16:3e:e1:7d:8c'], dhcpv4_options=[], dhcpv6_options=[], dynamic_addresses=[], enabled=True, external_ids={'neutron:cidrs': '', 'neutron:device_id': 'ovnmeta-c920acb7-bce6-4bc3-8b17-654652bd421f', 'neutron:device_owner': 'network:distributed', 'neutron:mtu': '1372', 'neutron:network_name': 'neutron-c920acb7-bce6-4bc3-8b17-654652bd421f', 'neutron:port_capabilities': '', 'neutron:port_name': '', 'neutron:project_id': 'feb30c1309f54763ab6cdea76512e6ba', 'neutron:revision_number': '1', 'neutron:security_group_ids': '', 'neutron:subnet_pool_addr_scope4': '', 'neutron:subnet_pool_addr_scope6': '', 'neutron:vnic_type': 'normal'}, ha_chassis_group=[], mirror_rules=[], name='c3835150-7339-4bfe-a7a6-9e058eb0cac4', options={}, parent_name=[], port_security=[], tag=[], tag_request=[], type='localport', up=[]) old= {{(pid=103698) matches /opt/stack/data/venv/lib/python3.12/site-packages/ovsdbapp/backend/ovs_idl/event.py:55}}
Jun 29 06:03:14.920908 np0000183443 devstack@neutron-api.service[103697]: DEBUG neutron.plugins.ml2.drivers.ovn.mech_driver.ovsdb.ovsdb_monitor [-] Hash Ring: Node 8a8a011ae82657a2851236fdbaafbe66 (host: np0000183443) handling event "update" for row e0e9403b-46dd-4633-91d0-90feaacf8e8d (table: Logical_Switch_Port) {{(pid=103697) notify /opt/stack/neutron/neutron/plugins/ml2/drivers/ovn/mech_driver/ovsdb/ovsdb_monitor.py:1015}}
Jun 29 06:03:14.921816 np0000183443 devstack@neutron-api.service[103697]: DEBUG neutron.plugins.ml2.drivers.ovn.mech_driver.ovsdb.ovsdb_monitor [-] Hash Ring: Node 8a8a011ae82657a2851236fdbaafbe66 (host: np0000183443) handling event "create" for row a941806c-92b0-49c9-93c9-8be86b4b4066 (table: Port_Binding) {{(pid=103697) notify /opt/stack/neutron/neutron/plugins/ml2/drivers/ovn/mech_driver/ovsdb/ovsdb_monitor.py:1015}}
Jun 29 06:03:14.922680 np0000183443 devstack@neutron-api.service[103698]: INFO neutron.plugins.ml2.drivers.ovn.mech_driver.mech_driver [-] OVN reports status down for port: c3835150-7339-4bfe-a7a6-9e058eb0cac4
Jun 29 06:03:14.925341 np0000183443 devstack@neutron-api.service[103698]: DEBUG neutron.plugins.ml2.drivers.ovn.mech_driver.ovsdb.ovsdb_monitor [-] Hash Ring: Node dbc2dab92f655113bcfd0a88935f715f (host: np0000183443) handling event "update" for row e0e9403b-46dd-4633-91d0-90feaacf8e8d (table: Logical_Switch_Port) {{(pid=103698) notify /opt/stack/neutron/neutron/plugins/ml2/drivers/ovn/mech_driver/ovsdb/ovsdb_monitor.py:1015}}
