+ COMMAND=start + start + exec neutron-rpc-server --config-file /etc/neutron/neutron.conf --config-file /etc/neutron/plugins/ml2/ml2_conf.ini 2 RLock(s) were not greened, to fix this error make sure you run eventlet.monkey_patch() before importing any other modules. /var/lib/openstack/lib/python3.12/site-packages/pecan/core.py:320: SyntaxWarning: invalid escape sequence '\*' ''' /var/lib/openstack/lib/python3.12/site-packages/pecan/routing.py:48: SyntaxWarning: invalid escape sequence '\(' '^[0-9a-zA-Z-_$\(\)\.~!,;:*+@=]+$', route
2026-07-01 13:47:42.779 1 INFO neutron.common.config [-] Logging enabled!
2026-07-01 13:47:42.779 1 INFO neutron.common.config [-] /var/lib/openstack/bin/neutron-rpc-server version 25.2.4.dev2
2026-07-01 13:47:42.780 1 INFO neutron.server.rpc_eventlet [-] Eventlet based AMQP RPC server starting...
2026-07-01 13:47:42.780 1 INFO neutron.manager [-] Loading core plugin: ml2
2026-07-01 13:47:43.932 1 INFO neutron.plugins.ml2.managers [-] Configured type driver names: ['flat', 'gre', 'vlan', 'vxlan']
2026-07-01 13:47:44.012 1 INFO neutron.plugins.ml2.drivers.type_flat [-] Arbitrary flat physical_network names allowed
2026-07-01 13:47:44.015 1 INFO neutron.plugins.ml2.drivers.type_vlan [-] Network VLAN ranges: OrderedDict({'external': [(1, 4094)]})
2026-07-01 13:47:44.016 1 INFO neutron.plugins.ml2.managers [-] Loaded type driver names: ['flat', 'gre', 'vlan', 'vxlan']
2026-07-01 13:47:44.016 1 INFO neutron.plugins.ml2.managers [-] Registered types: dict_keys(['flat', 'gre', 'vlan', 'vxlan'])
2026-07-01 13:47:44.017 1 INFO neutron.plugins.ml2.managers [-] Tenant network_types: ['vxlan']
2026-07-01 13:47:44.017 1 INFO neutron.plugins.ml2.managers [-] Configured extension driver names: ['dns_domain_ports', 'port_security', 'qos']
2026-07-01 13:47:44.024 1 INFO neutron.plugins.ml2.managers [-] Loaded extension driver names: ['dns_domain_ports', 'port_security', 'qos']
2026-07-01 13:47:44.024 1 INFO neutron.plugins.ml2.managers [-] Registered extension drivers: ['dns_domain_ports', 'port_security', 'qos']
2026-07-01 13:47:44.024 1 INFO neutron.plugins.ml2.managers [-] Configured mechanism driver names: ['openvswitch', 'l2population']
2026-07-01 13:47:44.044 1 INFO neutron.plugins.ml2.drivers.mech_agent [-] Open vSwitch agent's supported_vnic_types: ['normal', 'direct', 'smart-nic', 'vdpa']
2026-07-01 13:47:44.045 1 INFO neutron.plugins.ml2.managers [-] Loaded mechanism driver names: ['openvswitch', 'l2population']
2026-07-01 13:47:44.045 1 INFO neutron.plugins.ml2.managers [-] Registered mechanism drivers: ['openvswitch', 'l2population']
2026-07-01 13:47:44.077 1 INFO neutron.plugins.ml2.managers [-] Initializing driver for type 'flat'
2026-07-01 13:47:44.077 1 INFO neutron.plugins.ml2.drivers.type_flat [-] ML2 FlatTypeDriver initialization complete
2026-07-01 13:47:44.077 1 INFO neutron.plugins.ml2.managers [-] Initializing driver for type 'gre'
2026-07-01 13:47:44.077 1 INFO neutron.plugins.ml2.drivers.type_tunnel [-] gre ID ranges: [(1, 1000)]
2026-07-01 13:47:44.355 1 INFO neutron.plugins.ml2.managers [None req-1fb12b7c-9a85-4c13-b1c3-4134ebfe8a8e - - - - - -] Initializing driver for type 'vlan'
2026-07-01 13:47:44.705 1 INFO neutron.plugins.ml2.drivers.type_vlan [None req-1fb12b7c-9a85-4c13-b1c3-4134ebfe8a8e - - - - - -] VlanTypeDriver initialization complete
2026-07-01 13:47:44.706 1 INFO neutron.plugins.ml2.managers [None req-1fb12b7c-9a85-4c13-b1c3-4134ebfe8a8e - - - - - -] Initializing driver for type 'vxlan'
2026-07-01 13:47:44.706 1 INFO neutron.plugins.ml2.drivers.type_tunnel [None req-1fb12b7c-9a85-4c13-b1c3-4134ebfe8a8e - - - - - -] vxlan ID ranges: [(1, 1000)]
2026-07-01 13:47:44.749 1 INFO neutron.plugins.ml2.managers [None req-1fb12b7c-9a85-4c13-b1c3-4134ebfe8a8e - - - - - -] Initializing extension driver 'dns_domain_ports'
2026-07-01 13:47:44.749 1 INFO neutron.plugins.ml2.extensions.dns_integration [None req-1fb12b7c-9a85-4c13-b1c3-4134ebfe8a8e - - - - - -] DNSDomainPortsExtensionDriver initialization complete
2026-07-01 13:47:44.750 1 INFO neutron.plugins.ml2.managers [None req-1fb12b7c-9a85-4c13-b1c3-4134ebfe8a8e - - - - - -] Initializing extension driver 'port_security'
2026-07-01 13:47:44.750 1 INFO neutron.plugins.ml2.extensions.port_security [None req-1fb12b7c-9a85-4c13-b1c3-4134ebfe8a8e - - - - - -] PortSecurityExtensionDriver initialization complete
2026-07-01 13:47:44.750 1 INFO neutron.plugins.ml2.managers [None req-1fb12b7c-9a85-4c13-b1c3-4134ebfe8a8e - - - - - -] Initializing extension driver 'qos'
2026-07-01 13:47:44.750 1 INFO neutron.plugins.ml2.managers [None req-1fb12b7c-9a85-4c13-b1c3-4134ebfe8a8e - - - - - -] Initializing mechanism driver 'openvswitch'
2026-07-01 13:47:44.751 1 INFO neutron.plugins.ml2.managers [None req-1fb12b7c-9a85-4c13-b1c3-4134ebfe8a8e - - - - - -] Initializing mechanism driver 'l2population'
2026-07-01 13:47:44.769 1 INFO neutron.quota [None req-1cc0ce2c-a37a-4903-a487-e235d80f137b - - - - - -] Loaded quota_driver: .
2026-07-01 13:47:44.770 1 INFO neutron.plugins.ml2.plugin [None req-1cc0ce2c-a37a-4903-a487-e235d80f137b - - - - - -] Modular L2 Plugin initialization complete
2026-07-01 13:47:44.770 1 INFO neutron.plugins.ml2.managers [None req-1cc0ce2c-a37a-4903-a487-e235d80f137b - - - - - -] Got dns-integration extension from driver 'dns_domain_ports'
2026-07-01 13:47:44.770 1 INFO neutron.plugins.ml2.managers [None req-1cc0ce2c-a37a-4903-a487-e235d80f137b - - - - - -] Got dns-domain-ports extension from driver 'dns_domain_ports'
2026-07-01 13:47:44.770 1 INFO neutron.plugins.ml2.managers [None req-1cc0ce2c-a37a-4903-a487-e235d80f137b - - - - - -] Got port-security extension from driver 'port_security'
2026-07-01 13:47:44.770 1 INFO neutron.extensions.vlantransparent [None req-1cc0ce2c-a37a-4903-a487-e235d80f137b - - - - - -] Disabled vlantransparent extension.
2026-07-01 13:47:44.771 1 INFO neutron.manager [None req-1cc0ce2c-a37a-4903-a487-e235d80f137b - - - - - -] Loading Plugin: qos
2026-07-01 13:47:44.783 1 INFO neutron.manager [None req-1cc0ce2c-a37a-4903-a487-e235d80f137b - - - - - -] Loading Plugin: router
2026-07-01 13:47:44.822 1 INFO neutron.services.service_base [None req-1cc0ce2c-a37a-4903-a487-e235d80f137b - - - - - -] Default provider is not specified for service type L3_ROUTER_NAT
2026-07-01 13:47:44.823 1 INFO neutron.manager [None req-1cc0ce2c-a37a-4903-a487-e235d80f137b - - - - - -] Loading Plugin: segments
2026-07-01 13:47:44.889 1 INFO neutron.manager [None req-1cc0ce2c-a37a-4903-a487-e235d80f137b - - - - - -] Loading Plugin: trunk
2026-07-01 13:47:44.902 1 INFO neutron.manager [None req-1cc0ce2c-a37a-4903-a487-e235d80f137b - - - - - -] Loading Plugin: vpnaas
2026-07-01 13:47:44.933 1 WARNING stevedore.named [None req-1cc0ce2c-a37a-4903-a487-e235d80f137b - - - - - -] Could not load neutron_vpnaas.services.vpn.service_drivers.ipsec.IPsecVPNDriver
2026-07-01 13:47:45.016 1 INFO neutron_vpnaas.services.vpn.plugin [None req-1cc0ce2c-a37a-4903-a487-e235d80f137b - - - - - -] VPN plugin using service drivers: dict_keys(['strongswan']), default: strongswan
2026-07-01 13:47:45.017 1 INFO neutron.common.utils [None req-1cc0ce2c-a37a-4903-a487-e235d80f137b - - - - - -] Disable filter validation extension by service plugin VPNDriverPlugin.
2026-07-01 13:47:45.017 1 INFO neutron.manager [None req-1cc0ce2c-a37a-4903-a487-e235d80f137b - - - - - -] Loading Plugin: auto_allocate
2026-07-01 13:47:45.027 1 INFO neutron.manager [None req-1cc0ce2c-a37a-4903-a487-e235d80f137b - - - - - -] Loading Plugin: tag
2026-07-01 13:47:45.033 1 INFO neutron.manager [None req-1cc0ce2c-a37a-4903-a487-e235d80f137b - - - - - -] Loading Plugin: timestamp
2026-07-01 13:47:45.035 1 INFO neutron.manager [None req-1cc0ce2c-a37a-4903-a487-e235d80f137b - - - - - -] Loading Plugin: network_ip_availability
2026-07-01 13:47:45.039 1 INFO neutron.manager [None req-1cc0ce2c-a37a-4903-a487-e235d80f137b - - - - - -] Loading Plugin: flavors
2026-07-01 13:47:45.042 1 INFO neutron.manager [None req-1cc0ce2c-a37a-4903-a487-e235d80f137b - - - - - -] Loading Plugin: revisions
2026-07-01 13:47:45.044 1 INFO neutron.api.extensions [None req-1cc0ce2c-a37a-4903-a487-e235d80f137b - - - - - -] Initializing extension manager.
2026-07-01 13:47:45.046 1 INFO neutron.api.extensions [None req-1cc0ce2c-a37a-4903-a487-e235d80f137b - - - - - -] Loaded extension: address-group
2026-07-01 13:47:45.047 1 INFO neutron.api.extensions [None req-1cc0ce2c-a37a-4903-a487-e235d80f137b - - - - - -] Loaded extension: address-scope
2026-07-01 13:47:45.047 1 INFO neutron.api.extensions [None req-1cc0ce2c-a37a-4903-a487-e235d80f137b - - - - - -] Loaded extension: router-admin-state-down-before-update
2026-07-01 13:47:45.048 1 INFO neutron.api.extensions [None req-1cc0ce2c-a37a-4903-a487-e235d80f137b - - - - - -] Loaded extension: agent
2026-07-01 13:47:45.048 1 INFO neutron.api.extensions [None req-1cc0ce2c-a37a-4903-a487-e235d80f137b - - - - - -] Loaded extension: agent-resources-synced
2026-07-01 13:47:45.049 1 INFO neutron.api.extensions [None req-1cc0ce2c-a37a-4903-a487-e235d80f137b - - - - - -] Loaded extension: allowed-address-pairs
2026-07-01 13:47:45.050 1 INFO neutron.api.extensions [None req-1cc0ce2c-a37a-4903-a487-e235d80f137b - - - - - -] Loaded extension: auto-allocated-topology
2026-07-01 13:47:45.051 1 INFO neutron.api.extensions [None req-1cc0ce2c-a37a-4903-a487-e235d80f137b - - - - - -] Loaded extension: availability_zone
2026-07-01 13:47:45.051 1 INFO neutron.api.extensions [None req-1cc0ce2c-a37a-4903-a487-e235d80f137b - - - - - -] Loaded extension: availability_zone_filter
2026-07-01 13:47:45.051 1 INFO neutron.api.extensions [None req-1cc0ce2c-a37a-4903-a487-e235d80f137b - - - - - -] Extension data-plane-status not supported by any of loaded plugins
2026-07-01 13:47:45.052 1 INFO neutron.api.extensions [None req-1cc0ce2c-a37a-4903-a487-e235d80f137b - - - - - -] Loaded extension: default-subnetpools
2026-07-01 13:47:45.053 1 INFO neutron.api.extensions [None req-1cc0ce2c-a37a-4903-a487-e235d80f137b - - - - - -] Loaded extension: dhcp_agent_scheduler
2026-07-01 13:47:45.054 1 INFO neutron.api.extensions [None req-1cc0ce2c-a37a-4903-a487-e235d80f137b - - - - - -] Loaded extension: dns-integration
2026-07-01 13:47:45.054 1 INFO neutron.api.extensions [None req-1cc0ce2c-a37a-4903-a487-e235d80f137b - - - - - -] Loaded extension: dns-domain-ports
2026-07-01 13:47:45.054 1 INFO neutron.api.extensions [None req-1cc0ce2c-a37a-4903-a487-e235d80f137b - - - - - -] Extension dns-integration-domain-keywords not supported by any of loaded plugins
2026-07-01 13:47:45.055 1 INFO neutron.api.extensions [None req-1cc0ce2c-a37a-4903-a487-e235d80f137b - - - - - -] Loaded extension: dvr
2026-07-01 13:47:45.055 1 INFO neutron.api.extensions [None req-1cc0ce2c-a37a-4903-a487-e235d80f137b - - - - - -] Extension ecmp_routes not supported by any of loaded plugins
2026-07-01 13:47:45.056 1 INFO neutron.api.extensions [None req-1cc0ce2c-a37a-4903-a487-e235d80f137b - - - - - -] Loaded extension: empty-string-filtering
2026-07-01 13:47:45.056 1 INFO neutron.api.extensions [None req-1cc0ce2c-a37a-4903-a487-e235d80f137b - - - - - -] Extension expose-l3-conntrack-helper not supported by any of loaded plugins
2026-07-01 13:47:45.057 1 INFO neutron.api.extensions [None req-1cc0ce2c-a37a-4903-a487-e235d80f137b - - - - - -] Extension expose-port-forwarding-in-fip not supported by any of loaded plugins
2026-07-01 13:47:45.057 1 INFO neutron.api.extensions [None req-1cc0ce2c-a37a-4903-a487-e235d80f137b - - - - - -] Loaded extension: external-net
2026-07-01 13:47:45.057 1 INFO neutron.api.extensions [None req-1cc0ce2c-a37a-4903-a487-e235d80f137b - - - - - -] Loaded extension: extra_dhcp_opt
2026-07-01 13:47:45.059 1 INFO neutron.api.extensions [None req-1cc0ce2c-a37a-4903-a487-e235d80f137b - - - - - -] Loaded extension: extraroute
2026-07-01 13:47:45.060 1 INFO neutron.api.extensions [None req-1cc0ce2c-a37a-4903-a487-e235d80f137b - - - - - -] Loaded extension: extraroute-atomic
2026-07-01 13:47:45.060 1 INFO neutron.api.extensions [None req-1cc0ce2c-a37a-4903-a487-e235d80f137b - - - - - -] Extension filter-validation not supported by any of loaded plugins
2026-07-01 13:47:45.061 1 INFO neutron.api.extensions [None req-1cc0ce2c-a37a-4903-a487-e235d80f137b - - - - - -] Extension floating-ip-port-forwarding-description not supported by any of loaded plugins
2026-07-01 13:47:45.061 1 INFO neutron.api.extensions [None req-1cc0ce2c-a37a-4903-a487-e235d80f137b - - - - - -] Loaded extension: floating-ip-port-forwarding-detail
2026-07-01 13:47:45.062 1 INFO neutron.api.extensions [None req-1cc0ce2c-a37a-4903-a487-e235d80f137b - - - - - -] Extension floating-ip-port-forwarding-port-ranges not supported by any of loaded plugins
2026-07-01 13:47:45.062 1 INFO neutron.api.extensions [None req-1cc0ce2c-a37a-4903-a487-e235d80f137b - - - - - -] Loaded extension: fip-port-details
2026-07-01 13:47:45.063 1 INFO neutron.api.extensions [None req-1cc0ce2c-a37a-4903-a487-e235d80f137b - - - - - -] Loaded extension: flavors
2026-07-01 13:47:45.063 1 INFO neutron.api.extensions [None req-1cc0ce2c-a37a-4903-a487-e235d80f137b - - - - - -] Extension floating-ip-port-forwarding not supported by any of loaded plugins
2026-07-01 13:47:45.064 1 INFO neutron.api.extensions [None req-1cc0ce2c-a37a-4903-a487-e235d80f137b - - - - - -] Loaded extension: floatingip-pools
2026-07-01 13:47:45.065 1 INFO neutron.api.extensions [None req-1cc0ce2c-a37a-4903-a487-e235d80f137b - - - - - -] Loaded extension: ip_allocation
2026-07-01 13:47:45.065 1 INFO neutron.api.extensions [None req-1cc0ce2c-a37a-4903-a487-e235d80f137b - - - - - -] Loaded extension: ip-substring-filtering
2026-07-01 13:47:45.065 1 INFO neutron.api.extensions [None req-1cc0ce2c-a37a-4903-a487-e235d80f137b - - - - - -] Loaded extension: l2_adjacency
2026-07-01 13:47:45.066 1 INFO neutron.api.extensions [None req-1cc0ce2c-a37a-4903-a487-e235d80f137b - - - - - -] Loaded extension: router
2026-07-01 13:47:45.068 1 INFO neutron.api.extensions [None req-1cc0ce2c-a37a-4903-a487-e235d80f137b - - - - - -] Extension l3-conntrack-helper not supported by any of loaded plugins
2026-07-01 13:47:45.068 1 INFO neutron.api.extensions [None req-1cc0ce2c-a37a-4903-a487-e235d80f137b - - - - - -] Extension enable-default-route-bfd not supported by any of loaded plugins
2026-07-01 13:47:45.069 1 INFO neutron.api.extensions [None req-1cc0ce2c-a37a-4903-a487-e235d80f137b - - - - - -] Extension enable-default-route-ecmp not supported by any of loaded plugins
2026-07-01 13:47:45.069 1 INFO neutron.api.extensions [None req-1cc0ce2c-a37a-4903-a487-e235d80f137b - - - - - -] Loaded extension: ext-gw-mode
2026-07-01 13:47:45.070 1 INFO neutron.api.extensions [None req-1cc0ce2c-a37a-4903-a487-e235d80f137b - - - - - -] Loaded extension: l3-ha
2026-07-01 13:47:45.070 1 INFO neutron.api.extensions [None req-1cc0ce2c-a37a-4903-a487-e235d80f137b - - - - - -] Extension l3-ext-ndp-proxy not supported by any of loaded plugins
2026-07-01 13:47:45.071 1 INFO neutron.api.extensions [None req-1cc0ce2c-a37a-4903-a487-e235d80f137b - - - - - -] Extension external-gateway-multihoming not supported by any of loaded plugins
2026-07-01 13:47:45.071 1 INFO neutron.api.extensions [None req-1cc0ce2c-a37a-4903-a487-e235d80f137b - - - - - -] Loaded extension: l3-flavors
2026-07-01 13:47:45.072 1 INFO neutron.api.extensions [None req-1cc0ce2c-a37a-4903-a487-e235d80f137b - - - - - -] Extension l3-ndp-proxy not supported by any of loaded plugins
2026-07-01 13:47:45.072 1 INFO neutron.api.extensions [None req-1cc0ce2c-a37a-4903-a487-e235d80f137b - - - - - -] Loaded extension: l3-port-ip-change-not-allowed
2026-07-01 13:47:45.074 1 INFO neutron.api.extensions [None req-1cc0ce2c-a37a-4903-a487-e235d80f137b - - - - - -] Loaded extension: l3_agent_scheduler
2026-07-01 13:47:45.075 1 INFO neutron.api.extensions [None req-1cc0ce2c-a37a-4903-a487-e235d80f137b - - - - - -] Extension local_ip not supported by any of loaded plugins
2026-07-01 13:47:45.076 1 INFO neutron.api.extensions [None req-1cc0ce2c-a37a-4903-a487-e235d80f137b - - - - - -] Extension logging not supported by any of loaded plugins
2026-07-01 13:47:45.077 1 INFO neutron.api.extensions [None req-1cc0ce2c-a37a-4903-a487-e235d80f137b - - - - - -] Extension metering not supported by any of loaded plugins
2026-07-01 13:47:45.077 1 INFO neutron.api.extensions [None req-1cc0ce2c-a37a-4903-a487-e235d80f137b - - - - - -] Extension metering_source_and_destination_fields not supported by any of loaded plugins
2026-07-01 13:47:45.078 1 INFO neutron.api.extensions [None req-1cc0ce2c-a37a-4903-a487-e235d80f137b - - - - - -] Loaded extension: multi-provider
2026-07-01 13:47:45.078 1 INFO neutron.api.extensions [None req-1cc0ce2c-a37a-4903-a487-e235d80f137b - - - - - -] Loaded extension: net-mtu
2026-07-01 13:47:45.079 1 INFO neutron.api.extensions [None req-1cc0ce2c-a37a-4903-a487-e235d80f137b - - - - - -] Loaded extension: net-mtu-writable
2026-07-01 13:47:45.079 1 INFO neutron.api.extensions [None req-1cc0ce2c-a37a-4903-a487-e235d80f137b - - - - - -] Loaded extension: network_availability_zone
2026-07-01 13:47:45.079 1 INFO neutron.api.extensions [None req-1cc0ce2c-a37a-4903-a487-e235d80f137b - - - - - -] Loaded extension: network_ha
2026-07-01 13:47:45.080 1 INFO neutron.api.extensions [None req-1cc0ce2c-a37a-4903-a487-e235d80f137b - - - - - -] Loaded extension: network-ip-availability
2026-07-01 13:47:45.081 1 INFO neutron.api.extensions [None req-1cc0ce2c-a37a-4903-a487-e235d80f137b - - - - - -] Extension network-segment-range not supported by any of loaded plugins
2026-07-01 13:47:45.081 1 INFO neutron.api.extensions [None req-1cc0ce2c-a37a-4903-a487-e235d80f137b - - - - - -] Loaded extension: pagination
2026-07-01 13:47:45.082 1 INFO neutron.api.extensions [None req-1cc0ce2c-a37a-4903-a487-e235d80f137b - - - - - -] Loaded extension: port-device-profile
2026-07-01 13:47:45.082 1 INFO neutron.api.extensions [None req-1cc0ce2c-a37a-4903-a487-e235d80f137b - - - - - -] Extension port-hardware-offload-type not supported by any of loaded plugins
2026-07-01 13:47:45.082 1 INFO neutron.api.extensions [None req-1cc0ce2c-a37a-4903-a487-e235d80f137b - - - - - -] Extension port-hint-ovs-tx-steering not supported by any of loaded plugins
2026-07-01 13:47:45.083 1 INFO neutron.api.extensions [None req-1cc0ce2c-a37a-4903-a487-e235d80f137b - - - - - -] Extension port-hints not supported by any of loaded plugins
2026-07-01 13:47:45.083 1 INFO neutron.api.extensions [None req-1cc0ce2c-a37a-4903-a487-e235d80f137b - - - - - -] Loaded extension: port-mac-override
2026-07-01 13:47:45.084 1 INFO neutron.api.extensions [None req-1cc0ce2c-a37a-4903-a487-e235d80f137b - - - - - -] Loaded extension: port-mac-address-regenerate
2026-07-01 13:47:45.084 1 INFO neutron.api.extensions [None req-1cc0ce2c-a37a-4903-a487-e235d80f137b - - - - - -] Loaded extension: port-numa-affinity-policy
2026-07-01 13:47:45.085 1 INFO neutron.api.extensions [None req-1cc0ce2c-a37a-4903-a487-e235d80f137b - - - - - -] Loaded extension: port-numa-affinity-policy-socket
2026-07-01 13:47:45.085 1 INFO neutron.api.extensions [None req-1cc0ce2c-a37a-4903-a487-e235d80f137b - - - - - -] Loaded extension: port-resource-request
2026-07-01 13:47:45.085 1 INFO neutron.api.extensions [None req-1cc0ce2c-a37a-4903-a487-e235d80f137b - - - - - -] Loaded extension: port-resource-request-groups
2026-07-01 13:47:45.086 1 INFO neutron.api.extensions [None req-1cc0ce2c-a37a-4903-a487-e235d80f137b - - - - - -] Extension port-trusted-vif not supported by any of loaded plugins
2026-07-01 13:47:45.087 1 INFO neutron.api.extensions [None req-1cc0ce2c-a37a-4903-a487-e235d80f137b - - - - - -] Loaded extension: binding
2026-07-01 13:47:45.087 1 INFO neutron.api.extensions [None req-1cc0ce2c-a37a-4903-a487-e235d80f137b - - - - - -] Loaded extension: binding-extended
2026-07-01 13:47:45.088 1 INFO neutron.api.extensions [None req-1cc0ce2c-a37a-4903-a487-e235d80f137b - - - - - -] Loaded extension: port-security
2026-07-01 13:47:45.088 1 INFO neutron.api.extensions [None req-1cc0ce2c-a37a-4903-a487-e235d80f137b - - - - - -] Loaded extension: project-id
2026-07-01 13:47:45.088 1 INFO neutron.api.extensions [None req-1cc0ce2c-a37a-4903-a487-e235d80f137b - - - - - -] Loaded extension: provider
2026-07-01 13:47:45.090 1 INFO neutron.api.extensions [None req-1cc0ce2c-a37a-4903-a487-e235d80f137b - - - - - -] Loaded extension: qos
2026-07-01 13:47:45.091 1 INFO neutron.api.extensions [None req-1cc0ce2c-a37a-4903-a487-e235d80f137b - - - - - -] Loaded extension: qos-bw-limit-direction
2026-07-01 13:47:45.091 1 INFO neutron.api.extensions [None req-1cc0ce2c-a37a-4903-a487-e235d80f137b - - - - - -] Loaded extension: qos-bw-minimum-ingress
2026-07-01 13:47:45.092 1 INFO neutron.api.extensions [None req-1cc0ce2c-a37a-4903-a487-e235d80f137b - - - - - -] Loaded extension: qos-default
2026-07-01 13:47:45.092 1 INFO neutron.api.extensions [None req-1cc0ce2c-a37a-4903-a487-e235d80f137b - - - - - -] Loaded extension: qos-fip
2026-07-01 13:47:45.093 1 INFO neutron.api.extensions [None req-1cc0ce2c-a37a-4903-a487-e235d80f137b - - - - - -] Extension qos-fip-network-policy not supported by any of loaded plugins
2026-07-01 13:47:45.093 1 INFO neutron.api.extensions [None req-1cc0ce2c-a37a-4903-a487-e235d80f137b - - - - - -] Loaded extension: qos-gateway-ip
2026-07-01 13:47:45.093 1 INFO neutron.api.extensions [None req-1cc0ce2c-a37a-4903-a487-e235d80f137b - - - - - -] Loaded extension: qos-port-network-policy
2026-07-01 13:47:45.094 1 INFO neutron.api.extensions [None req-1cc0ce2c-a37a-4903-a487-e235d80f137b - - - - - -] Loaded extension: qos-pps-minimum
2026-07-01 13:47:45.095 1 INFO neutron.api.extensions [None req-1cc0ce2c-a37a-4903-a487-e235d80f137b - - - - - -] Loaded extension: qos-pps-minimum-rule-alias
2026-07-01 13:47:45.095 1 INFO neutron.api.extensions [None req-1cc0ce2c-a37a-4903-a487-e235d80f137b - - - - - -] Loaded extension: qos-pps
2026-07-01 13:47:45.096 1 INFO neutron.api.extensions [None req-1cc0ce2c-a37a-4903-a487-e235d80f137b - - - - - -] Loaded extension: qos-rule-type-details
2026-07-01 13:47:45.096 1 INFO neutron.api.extensions [None req-1cc0ce2c-a37a-4903-a487-e235d80f137b - - - - - -] Loaded extension: qos-rule-type-filter
2026-07-01 13:47:45.097 1 INFO neutron.api.extensions [None req-1cc0ce2c-a37a-4903-a487-e235d80f137b - - - - - -] Loaded extension: qos-rules-alias
2026-07-01 13:47:45.097 1 INFO neutron.api.extensions [None req-1cc0ce2c-a37a-4903-a487-e235d80f137b - - - - - -] Loaded extension: quota-check-limit
2026-07-01 13:47:45.099 1 INFO neutron.api.extensions [None req-1cc0ce2c-a37a-4903-a487-e235d80f137b - - - - - -] Loaded extension: quotas
2026-07-01 13:47:45.103 1 INFO neutron.api.extensions [None req-1cc0ce2c-a37a-4903-a487-e235d80f137b - - - - - -] Loaded extension: quota_details
2026-07-01 13:47:45.104 1 INFO neutron.api.extensions [None req-1cc0ce2c-a37a-4903-a487-e235d80f137b - - - - - -] Loaded extension: rbac-policies
2026-07-01 13:47:45.105 1 INFO neutron.api.extensions [None req-1cc0ce2c-a37a-4903-a487-e235d80f137b - - - - - -] Loaded extension: rbac-address-group
2026-07-01 13:47:45.105 1 INFO neutron.api.extensions [None req-1cc0ce2c-a37a-4903-a487-e235d80f137b - - - - - -] Loaded extension: rbac-address-scope
2026-07-01 13:47:45.106 1 INFO neutron.api.extensions [None req-1cc0ce2c-a37a-4903-a487-e235d80f137b - - - - - -] Loaded extension: rbac-security-groups
2026-07-01 13:47:45.106 1 INFO neutron.api.extensions [None req-1cc0ce2c-a37a-4903-a487-e235d80f137b - - - - - -] Loaded extension: rbac-subnetpool
2026-07-01 13:47:45.107 1 INFO neutron.api.extensions [None req-1cc0ce2c-a37a-4903-a487-e235d80f137b - - - - - -] Loaded extension: revision-if-match
2026-07-01 13:47:45.107 1 INFO neutron.api.extensions [None req-1cc0ce2c-a37a-4903-a487-e235d80f137b - - - - - -] Loaded extension: standard-attr-revisions
2026-07-01 13:47:45.108 1 INFO neutron.api.extensions [None req-1cc0ce2c-a37a-4903-a487-e235d80f137b - - - - - -] Loaded extension: router_availability_zone
2026-07-01 13:47:45.108 1 INFO neutron.api.extensions [None req-1cc0ce2c-a37a-4903-a487-e235d80f137b - - - - - -] Extension router-service-type not supported by any of loaded plugins
2026-07-01 13:47:45.109 1 INFO neutron.api.extensions [None req-1cc0ce2c-a37a-4903-a487-e235d80f137b - - - - - -] Loaded extension: security-groups-default-rules
2026-07-01 13:47:45.110 1 INFO neutron.api.extensions [None req-1cc0ce2c-a37a-4903-a487-e235d80f137b - - - - - -] Loaded extension: security-groups-normalized-cidr
2026-07-01 13:47:45.110 1 INFO neutron.api.extensions [None req-1cc0ce2c-a37a-4903-a487-e235d80f137b - - - - - -] Loaded extension: port-security-groups-filtering
2026-07-01 13:47:45.111 1 INFO neutron.api.extensions [None req-1cc0ce2c-a37a-4903-a487-e235d80f137b - - - - - -] Loaded extension: security-groups-remote-address-group
2026-07-01 13:47:45.111 1 INFO neutron.api.extensions [None req-1cc0ce2c-a37a-4903-a487-e235d80f137b - - - - - -] Loaded extension: security-groups-rules-belongs-to-default-sg
2026-07-01 13:47:45.112 1 INFO neutron.api.extensions [None req-1cc0ce2c-a37a-4903-a487-e235d80f137b - - - - - -] Loaded extension: security-groups-shared-filtering
2026-07-01 13:47:45.116 1 INFO neutron.api.extensions [None req-1cc0ce2c-a37a-4903-a487-e235d80f137b - - - - - -] Loaded extension: security-group
2026-07-01 13:47:45.117 1 INFO neutron.api.extensions [None req-1cc0ce2c-a37a-4903-a487-e235d80f137b - - - - - -] Loaded extension: segment
2026-07-01 13:47:45.117 1 INFO neutron.api.extensions [None req-1cc0ce2c-a37a-4903-a487-e235d80f137b - - - - - -] Loaded extension: segments-peer-subnet-host-routes
2026-07-01 13:47:45.118 1 INFO neutron.api.extensions [None req-1cc0ce2c-a37a-4903-a487-e235d80f137b - - - - - -] Loaded extension: service-type
2026-07-01 13:47:45.118 1 INFO neutron.api.extensions [None req-1cc0ce2c-a37a-4903-a487-e235d80f137b - - - - - -] Loaded extension: sorting
2026-07-01 13:47:45.119 1 INFO neutron.api.extensions [None req-1cc0ce2c-a37a-4903-a487-e235d80f137b - - - - - -] Loaded extension: standard-attr-segment
2026-07-01 13:47:45.119 1 INFO neutron.api.extensions [None req-1cc0ce2c-a37a-4903-a487-e235d80f137b - - - - - -] Loaded extension: standard-attr-description
2026-07-01 13:47:45.120 1 INFO neutron.api.extensions [None req-1cc0ce2c-a37a-4903-a487-e235d80f137b - - - - - -] Loaded extension: stateful-security-group
2026-07-01 13:47:45.120 1 WARNING neutron.api.extensions [None req-1cc0ce2c-a37a-4903-a487-e235d80f137b - - - - - -] Did not find expected name "Stdattrs_common" in /var/lib/openstack/lib/python3.12/site-packages/neutron/extensions/stdattrs_common.py
2026-07-01 13:47:45.121 1 INFO neutron.api.extensions [None req-1cc0ce2c-a37a-4903-a487-e235d80f137b - - - - - -] Extension subnet-dns-publish-fixed-ip not supported by any of loaded plugins
2026-07-01 13:47:45.121 1 INFO neutron.api.extensions [None req-1cc0ce2c-a37a-4903-a487-e235d80f137b - - - - - -] Loaded extension: subnet-external-network
2026-07-01 13:47:45.122 1 INFO neutron.api.extensions [None req-1cc0ce2c-a37a-4903-a487-e235d80f137b - - - - - -] Loaded extension: subnet_onboard
2026-07-01 13:47:45.122 1 INFO neutron.api.extensions [None req-1cc0ce2c-a37a-4903-a487-e235d80f137b - - - - - -] Loaded extension: subnet-segmentid-writable
2026-07-01 13:47:45.123 1 INFO neutron.api.extensions [None req-1cc0ce2c-a37a-4903-a487-e235d80f137b - - - - - -] Loaded extension: subnet-service-types
2026-07-01 13:47:45.123 1 INFO neutron.api.extensions [None req-1cc0ce2c-a37a-4903-a487-e235d80f137b - - - - - -] Loaded extension: subnet_allocation
2026-07-01 13:47:45.124 1 INFO neutron.api.extensions [None req-1cc0ce2c-a37a-4903-a487-e235d80f137b - - - - - -] Loaded extension: subnetpool-prefix-ops
2026-07-01 13:47:45.124 1 INFO neutron.api.extensions [None req-1cc0ce2c-a37a-4903-a487-e235d80f137b - - - - - -] Loaded extension: tag-creation
2026-07-01 13:47:45.125 1 INFO neutron.api.extensions [None req-1cc0ce2c-a37a-4903-a487-e235d80f137b - - - - - -] Extension tag-ports-during-bulk-creation not supported by any of loaded plugins
2026-07-01 13:47:45.129 1 INFO neutron.api.extensions [None req-1cc0ce2c-a37a-4903-a487-e235d80f137b - - - - - -] Loaded extension: standard-attr-tag
2026-07-01 13:47:45.129 1 INFO neutron.api.extensions [None req-1cc0ce2c-a37a-4903-a487-e235d80f137b - - - - - -] Loaded extension: standard-attr-timestamp
2026-07-01 13:47:45.130 1 INFO neutron.api.extensions [None req-1cc0ce2c-a37a-4903-a487-e235d80f137b - - - - - -] Loaded extension: trunk
2026-07-01 13:47:45.131 1 INFO neutron.api.extensions [None req-1cc0ce2c-a37a-4903-a487-e235d80f137b - - - - - -] Loaded extension: trunk-details
2026-07-01 13:47:45.131 1 INFO neutron.api.extensions [None req-1cc0ce2c-a37a-4903-a487-e235d80f137b - - - - - -] Extension uplink-status-propagation not supported by any of loaded plugins
2026-07-01 13:47:45.131 1 INFO neutron.api.extensions [None req-1cc0ce2c-a37a-4903-a487-e235d80f137b - - - - - -] Extension vlan-transparent not supported by any of loaded plugins
2026-07-01 13:47:45.133 1 INFO neutron.api.extensions [None req-1cc0ce2c-a37a-4903-a487-e235d80f137b - - - - - -] Extension vpn-agent-scheduler not supported by any of loaded plugins
2026-07-01 13:47:45.134 1 INFO neutron.api.extensions [None req-1cc0ce2c-a37a-4903-a487-e235d80f137b - - - - - -] Loaded extension: vpn-endpoint-groups
2026-07-01 13:47:45.134 1 INFO neutron.api.extensions [None req-1cc0ce2c-a37a-4903-a487-e235d80f137b - - - - - -] Loaded extension: vpn-flavors
2026-07-01 13:47:45.136 1 INFO neutron.api.extensions [None req-1cc0ce2c-a37a-4903-a487-e235d80f137b - - - - - -] Loaded extension: vpnaas
2026-07-01 13:47:45.139 1 INFO oslo_service.service [None req-1cc0ce2c-a37a-4903-a487-e235d80f137b - - - - - -] Starting 2 workers
2026-07-01 13:47:45.145 1 INFO oslo_service.service [None req-1cc0ce2c-a37a-4903-a487-e235d80f137b - - - - - -] Starting 1 workers
2026-07-01 13:48:25.834 10 INFO neutron.db.l3_hamode_db [None req-0570b382-fa1f-4934-8ebb-0e77f2efcf59 - - - - - -] Number of active agents lower than max_l3_agents_per_router. L3 agents available: 1
2026-07-01 13:48:38.157 10 INFO neutron.plugins.ml2.plugin [None req-323f2f67-5c34-4471-a817-4068fe210ba5 - - - - - -] Attempt 1 to provision port 8ca88d93-cc75-4ba8-ae68-b770ce381194
2026-07-01 13:48:39.356 10 INFO neutron.plugins.ml2.plugin [None req-1da4661d-72f5-4104-afd1-3280222d46a0 - - - - - -] Attempt 1 to provision port 8ca88d93-cc75-4ba8-ae68-b770ce381194
2026-07-01 13:48:40.078 10 INFO neutron.plugins.ml2.plugin [None req-323f2f67-5c34-4471-a817-4068fe210ba5 - - - - - -] Attempt 1 to provision port 8ca88d93-cc75-4ba8-ae68-b770ce381194
2026-07-01 13:48:40.666 9 INFO neutron.plugins.ml2.plugin [None req-62453860-1873-4f90-a253-6bea702aae38 - - - - - -] Attempt 1 to provision port 8ca88d93-cc75-4ba8-ae68-b770ce381194
2026-07-01 13:53:10.054 9 INFO neutron.plugins.ml2.plugin [None req-c6809090-00f0-47fd-86b2-2e92417f5aa1 - - - - - -] Attempt 1 to provision port 389eec92-a10d-4e85-aca7-62ab7d007112
2026-07-01 13:53:10.253 10 INFO neutron.plugins.ml2.plugin [None req-323f2f67-5c34-4471-a817-4068fe210ba5 - - - - - -] Attempt 1 to provision port 389eec92-a10d-4e85-aca7-62ab7d007112
2026-07-01 13:53:11.360 10 INFO neutron.plugins.ml2.plugin [None req-1c7d30ae-f264-4a50-9d62-b7a65d2017aa - - - - - -] Attempt 1 to provision port 389eec92-a10d-4e85-aca7-62ab7d007112
2026-07-01 13:53:12.239 9 INFO neutron.plugins.ml2.plugin [None req-323f2f67-5c34-4471-a817-4068fe210ba5 - - - - - -] Attempt 1 to provision port 389eec92-a10d-4e85-aca7-62ab7d007112
2026-07-01 13:53:17.099 9 INFO neutron.plugins.ml2.plugin [None req-770c3eb9-391f-4d20-be51-cbf6cb54a742 - - - - - -] Attempt 1 to provision port c42fdfef-948c-4d50-ab46-c8d53b259154
2026-07-01 13:56:46.951 9 INFO neutron.plugins.ml2.plugin [None req-323f2f67-5c34-4471-a817-4068fe210ba5 - - - - - -] Attempt 1 to provision port c42fdfef-948c-4d50-ab46-c8d53b259154
2026-07-01 13:56:48.352 10 INFO neutron.plugins.ml2.plugin [None req-323f2f67-5c34-4471-a817-4068fe210ba5 - - - - - -] Attempt 1 to provision port c42fdfef-948c-4d50-ab46-c8d53b259154
2026-07-01 14:05:14.719 9 INFO neutron.plugins.ml2.plugin [None req-323f2f67-5c34-4471-a817-4068fe210ba5 - - - - - -] Attempt 1 to provision port 677bb7d6-ed74-49a2-ab93-1d19db8ab97d
2026-07-01 14:05:16.666 10 INFO neutron.plugins.ml2.plugin [None req-323f2f67-5c34-4471-a817-4068fe210ba5 - - - - - -] Attempt 1 to provision port 677bb7d6-ed74-49a2-ab93-1d19db8ab97d
2026-07-01 14:21:55.380 9 INFO neutron.plugins.ml2.plugin [None req-323f2f67-5c34-4471-a817-4068fe210ba5 - - - - - -] Attempt 1 to provision port 984cc2d8-ebea-4b40-aff3-a49433ae89f2
2026-07-01 14:21:55.754 9 INFO neutron.plugins.ml2.plugin [None req-323f2f67-5c34-4471-a817-4068fe210ba5 - - - - - -] Attempt 1 to provision port 8cb17c01-a2d1-4d14-a642-ada0c39019df
2026-07-01 14:21:56.001 10 INFO neutron.plugins.ml2.plugin [None req-52ae0d26-4f45-443d-b4c0-464466f49532 - - - - - -] Attempt 1 to provision port eaa79ab7-ac97-4731-bcc2-fb2cbb253e0f
2026-07-01 14:21:56.922 10 INFO neutron.plugins.ml2.plugin [None req-bede2f65-abcb-452d-a4e3-ea5d698fb2d0 - - - - - -] Attempt 1 to provision port 8cb17c01-a2d1-4d14-a642-ada0c39019df
2026-07-01 14:21:57.079 10 INFO neutron.plugins.ml2.plugin [None req-bede2f65-abcb-452d-a4e3-ea5d698fb2d0 - - - - - -] Attempt 1 to provision port 9cb086b0-0243-4459-a149-31284a8fc644
2026-07-01 14:21:57.272 9 INFO neutron.plugins.ml2.plugin [None req-323f2f67-5c34-4471-a817-4068fe210ba5 - - - - - -] Attempt 1 to provision port 984cc2d8-ebea-4b40-aff3-a49433ae89f2
2026-07-01 14:21:57.613 10 INFO neutron.plugins.ml2.plugin [None req-b09d89d0-7b42-4149-8a07-738a11ce8db0 - - - - - -] Attempt 1 to provision port 984cc2d8-ebea-4b40-aff3-a49433ae89f2
2026-07-01 14:21:57.657 9 INFO neutron.plugins.ml2.plugin [None req-323f2f67-5c34-4471-a817-4068fe210ba5 - - - - - -] Attempt 1 to provision port 8cb17c01-a2d1-4d14-a642-ada0c39019df
2026-07-01 14:21:58.320 10 INFO neutron.plugins.ml2.plugin [None req-d42fb242-2445-475e-88d2-bddffb0fc747 - - - - - -] Attempt 1 to provision port 8cb17c01-a2d1-4d14-a642-ada0c39019df
2026-07-01 14:21:59.040 9 INFO neutron.plugins.ml2.plugin [None req-f43af413-917a-479e-a242-11e76c0127eb - - - - - -] Attempt 1 to provision port bde6bba8-491d-49b9-a1bb-5b79a40d9d3c
2026-07-01 14:21:59.088 9 INFO neutron.plugins.ml2.plugin [None req-f43af413-917a-479e-a242-11e76c0127eb - - - - - -] Attempt 1 to provision port 987b9de8-98ca-48c0-9b3c-d66c08bef72d
2026-07-01 14:21:59.135 9 INFO neutron.plugins.ml2.plugin [None req-f43af413-917a-479e-a242-11e76c0127eb - - - - - -] Attempt 1 to provision port 984cc2d8-ebea-4b40-aff3-a49433ae89f2
2026-07-01 14:21:59.334 10 INFO neutron.plugins.ml2.plugin [None req-323f2f67-5c34-4471-a817-4068fe210ba5 - - - - - -] Attempt 1 to provision port 29eabb43-ecbb-4ab0-bbfb-db60e401241b
2026-07-01 14:21:59.741 9 INFO neutron.plugins.ml2.plugin [None req-09e8434e-0c5e-495e-b03a-ed30bafc63cd - - - - - -] Attempt 1 to provision port 22ef8179-045a-4087-af65-9abfd9172e92
2026-07-01 14:22:00.439 10 INFO neutron.plugins.ml2.plugin [None req-665b34ee-82db-4127-bdc0-dea877ce5e9e - - - - - -] Attempt 1 to provision port 987b9de8-98ca-48c0-9b3c-d66c08bef72d
2026-07-01 14:22:00.477 10 INFO neutron.plugins.ml2.plugin [None req-665b34ee-82db-4127-bdc0-dea877ce5e9e - - - - - -] Attempt 1 to provision port 29eabb43-ecbb-4ab0-bbfb-db60e401241b
2026-07-01 14:22:01.149 10 INFO neutron.plugins.ml2.plugin [None req-01412334-dd59-4059-939f-48b65d5cb7a8 - - - - - -] Attempt 1 to provision port 22ef8179-045a-4087-af65-9abfd9172e92
2026-07-01 14:22:01.553 9 INFO neutron.plugins.ml2.plugin [None req-323f2f67-5c34-4471-a817-4068fe210ba5 - - - - - -] Attempt 1 to provision port d86f1df6-dd74-42a3-87fd-28be3205bfb2
2026-07-01 14:22:01.848 9 INFO neutron.plugins.ml2.plugin [None req-c4009cd8-d3b0-4247-a964-6717092a3a83 - - - - - -] Attempt 1 to provision port 29eabb43-ecbb-4ab0-bbfb-db60e401241b
2026-07-01 14:22:01.909 9 INFO neutron.plugins.ml2.plugin [None req-c4009cd8-d3b0-4247-a964-6717092a3a83 - - - - - -] Attempt 1 to provision port 9ac2ae58-90f9-411e-aff7-af54e300c773
2026-07-01 14:22:02.023 9 INFO neutron.plugins.ml2.plugin [None req-323f2f67-5c34-4471-a817-4068fe210ba5 - - - - - -] Attempt 1 to provision port 29eabb43-ecbb-4ab0-bbfb-db60e401241b
2026-07-01 14:22:02.559 10 INFO neutron.plugins.ml2.plugin [None req-100644a2-a56b-453a-abfe-210bb017eefb - - - - - -] Attempt 1 to provision port 674edf5d-577d-4158-b80b-4d55649bea02
2026-07-01 14:22:02.598 10 INFO neutron.plugins.ml2.plugin [None req-100644a2-a56b-453a-abfe-210bb017eefb - - - - - -] Attempt 1 to provision port 9ac2ae58-90f9-411e-aff7-af54e300c773
2026-07-01 14:22:03.271 10 INFO neutron.plugins.ml2.plugin [None req-7e5a3089-7065-4020-8566-fbab09f1ea2d - - - - - -] Attempt 1 to provision port d86f1df6-dd74-42a3-87fd-28be3205bfb2
2026-07-01 14:22:03.291 9 INFO neutron.plugins.ml2.plugin [None req-323f2f67-5c34-4471-a817-4068fe210ba5 - - - - - -] Attempt 1 to provision port d86f1df6-dd74-42a3-87fd-28be3205bfb2
2026-07-01 14:22:03.344 10 INFO neutron.plugins.ml2.plugin [None req-7e5a3089-7065-4020-8566-fbab09f1ea2d - - - - - -] Attempt 1 to provision port 9ac2ae58-90f9-411e-aff7-af54e300c773
2026-07-01 14:22:04.175 9 INFO neutron.plugins.ml2.plugin [None req-e0938dec-8272-498e-b44b-2d101abfb0ec - - - - - -] Attempt 1 to provision port d86f1df6-dd74-42a3-87fd-28be3205bfb2
2026-07-01 14:22:05.082 10 INFO neutron.plugins.ml2.plugin [None req-05dc8413-65bb-49f3-b1d2-aa4b7289b8a6 - - - - - -] Attempt 1 to provision port 6f70293e-f891-4bdd-a9b6-b21b574d243e
2026-07-01 14:22:05.805 10 INFO neutron.plugins.ml2.plugin [None req-b5b92066-32ad-4d16-b8e8-fc5be1b6efe8 - - - - - -] Attempt 1 to provision port 6f70293e-f891-4bdd-a9b6-b21b574d243e
2026-07-01 14:22:09.446 10 INFO neutron.plugins.ml2.plugin [None req-323f2f67-5c34-4471-a817-4068fe210ba5 - - - - - -] Attempt 1 to provision port d2da1b44-8bc7-4610-8088-08a89f9277a0
2026-07-01 14:22:09.904 10 INFO neutron.plugins.ml2.plugin [None req-323f2f67-5c34-4471-a817-4068fe210ba5 - - - - - -] Attempt 1 to provision port 79b6212e-e40d-4aad-9854-887bd0d63521
2026-07-01 14:22:11.319 9 INFO neutron.plugins.ml2.plugin [None req-323f2f67-5c34-4471-a817-4068fe210ba5 - - - - - -] Attempt 1 to provision port d2da1b44-8bc7-4610-8088-08a89f9277a0
2026-07-01 14:22:11.655 9 INFO neutron.plugins.ml2.plugin [None req-323f2f67-5c34-4471-a817-4068fe210ba5 - - - - - -] Attempt 1 to provision port 79b6212e-e40d-4aad-9854-887bd0d63521
2026-07-01 14:22:12.230 10 INFO neutron.plugins.ml2.plugin [None req-92e6611b-7299-4bf3-9bd1-7479942cbd97 - - - - - -] Attempt 1 to provision port e0e2db94-b716-47f9-908e-3f6aae283142
2026-07-01 14:22:13.285 10 INFO neutron.plugins.ml2.plugin [None req-323f2f67-5c34-4471-a817-4068fe210ba5 - - - - - -] Attempt 1 to provision port 8b97d2b9-ec33-477c-9d5f-e1b496c09168
2026-07-01 14:22:13.347 9 INFO neutron.plugins.ml2.plugin [None req-fc8b858a-f206-40a6-b393-c184141b5731 - - - - - -] Attempt 1 to provision port 8b97d2b9-ec33-477c-9d5f-e1b496c09168
2026-07-01 14:22:14.534 9 INFO neutron.plugins.ml2.plugin [None req-ee7e8964-6f9a-43c3-be05-c9a4c390fff0 - - - - - -] Attempt 1 to provision port 8b97d2b9-ec33-477c-9d5f-e1b496c09168
2026-07-01 14:22:15.523 9 INFO neutron.plugins.ml2.plugin [None req-323f2f67-5c34-4471-a817-4068fe210ba5 - - - - - -] Attempt 1 to provision port 8b97d2b9-ec33-477c-9d5f-e1b496c09168
2026-07-01 14:22:15.581 10 INFO neutron.plugins.ml2.plugin [None req-2d2b3adb-4bb7-49df-8556-c8de81029f68 - - - - - -] Attempt 1 to provision port d6cff1ff-f9e1-4b19-b6a0-450a4834e893
2026-07-01 14:22:15.750 9 INFO neutron.plugins.ml2.plugin [None req-323f2f67-5c34-4471-a817-4068fe210ba5 - - - - - -] Attempt 1 to provision port 9cfb31ee-c719-4dcb-8b82-61f2cfd8df02
2026-07-01 14:22:16.351 10 INFO neutron.plugins.ml2.plugin [None req-7aea919d-7301-4510-a233-8afb5c441839 - - - - - -] Attempt 1 to provision port d6cff1ff-f9e1-4b19-b6a0-450a4834e893
2026-07-01 14:22:17.376 9 INFO neutron.plugins.ml2.plugin [None req-323f2f67-5c34-4471-a817-4068fe210ba5 - - - - - -] Attempt 1 to provision port 9cfb31ee-c719-4dcb-8b82-61f2cfd8df02
2026-07-01 14:22:20.465 10 INFO neutron.plugins.ml2.plugin [None req-323f2f67-5c34-4471-a817-4068fe210ba5 - - - - - -] Attempt 1 to provision port 1bcde9b1-883d-42f0-bfe2-be330e33ac22
2026-07-01 14:22:20.827 10 INFO neutron.plugins.ml2.plugin [None req-323f2f67-5c34-4471-a817-4068fe210ba5 - - - - - -] Attempt 1 to provision port f72d1f05-0ed9-4c1a-9256-3f69a937a1d8
2026-07-01 14:22:21.280 10 INFO neutron.notifiers.nova [-] Nova event matching ['req-2bc789a4-c9eb-496c-b6ba-b282251abe85'] response: {'server_uuid': '4cb08af2-d254-4a29-a911-bd46783d0229', 'name': 'network-vif-plugged', 'status': 'completed', 'tag': '1bcde9b1-883d-42f0-bfe2-be330e33ac22', 'code': 200}
2026-07-01 14:22:21.635 9 INFO neutron.plugins.ml2.plugin [None req-323f2f67-5c34-4471-a817-4068fe210ba5 - - - - - -] Attempt 1 to provision port 1bcde9b1-883d-42f0-bfe2-be330e33ac22
2026-07-01 14:22:21.878 9 INFO neutron.plugins.ml2.plugin [None req-323f2f67-5c34-4471-a817-4068fe210ba5 - - - - - -] Attempt 1 to provision port f72d1f05-0ed9-4c1a-9256-3f69a937a1d8
2026-07-01 14:22:23.319 10 INFO neutron.notifiers.nova [-] Nova event matching ['req-7261aacb-a240-4fba-a2e8-9a81b0f0191f'] response: {'server_uuid': '77f73ea9-ecf1-444b-9870-3855cad0a159', 'name': 'network-vif-plugged', 'status': 'completed', 'tag': 'f72d1f05-0ed9-4c1a-9256-3f69a937a1d8', 'code': 200}
2026-07-01 14:22:38.118 9 INFO neutron.plugins.ml2.plugin [None req-323f2f67-5c34-4471-a817-4068fe210ba5 - - - - - -] Attempt 1 to provision port b352fbed-17ff-4463-bd7c-14ffeed2f65c
2026-07-01 14:22:38.656 9 INFO neutron.notifiers.nova [-] Nova event matching ['req-84739463-c6db-43e0-843e-7b1c78aa3433'] response: {'server_uuid': '72850459-faa4-4073-b32c-79c76f927350', 'name': 'network-vif-plugged', 'status': 'completed', 'tag': 'b352fbed-17ff-4463-bd7c-14ffeed2f65c', 'code': 200}
2026-07-01 14:22:39.687 10 INFO neutron.plugins.ml2.plugin [None req-323f2f67-5c34-4471-a817-4068fe210ba5 - - - - - -] Attempt 1 to provision port b352fbed-17ff-4463-bd7c-14ffeed2f65c
2026-07-01 14:22:40.466 9 INFO neutron.plugins.ml2.plugin [None req-f6a1f5b7-3f8a-4ba1-b6da-120e45282db9 - - - - - -] Attempt 1 to provision port 81c0f328-36c0-4d28-8693-5b1cb4488d24
2026-07-01 14:22:41.605 9 INFO neutron.plugins.ml2.plugin [None req-323f2f67-5c34-4471-a817-4068fe210ba5 - - - - - -] Attempt 1 to provision port be0ee51e-99aa-419f-b370-7061a2aeab4f
2026-07-01 14:22:41.882 10 INFO neutron.plugins.ml2.plugin [None req-26353211-ae32-45f3-99b7-d7bde7bed9a4 - - - - - -] Attempt 1 to provision port be0ee51e-99aa-419f-b370-7061a2aeab4f
2026-07-01 14:22:42.999 10 INFO neutron.plugins.ml2.plugin [None req-caf35e19-c948-4bee-bb38-82a9d39235a7 - - - - - -] Attempt 1 to provision port be0ee51e-99aa-419f-b370-7061a2aeab4f
2026-07-01 14:22:43.686 10 INFO neutron.plugins.ml2.plugin [None req-323f2f67-5c34-4471-a817-4068fe210ba5 - - - - - -] Attempt 1 to provision port 68d734b4-dd5a-43a5-9b60-a98c1ce59944
2026-07-01 14:22:43.698 9 INFO neutron.plugins.ml2.plugin [None req-1942a5ee-ede4-4921-94b7-efc58fcd7a63 - - - - - -] Attempt 1 to provision port 9e7e5fbb-2921-4f16-938e-31bbdb8083cd
2026-07-01 14:22:44.265 10 INFO neutron.plugins.ml2.plugin [None req-323f2f67-5c34-4471-a817-4068fe210ba5 - - - - - -] Attempt 1 to provision port be0ee51e-99aa-419f-b370-7061a2aeab4f
2026-07-01 14:22:44.804 9 INFO neutron.plugins.ml2.plugin [None req-6348f99b-9969-4715-8d86-e3ce19739f61 - - - - - -] Attempt 1 to provision port 9e7e5fbb-2921-4f16-938e-31bbdb8083cd
2026-07-01 14:22:45.719 10 INFO neutron.plugins.ml2.plugin [None req-323f2f67-5c34-4471-a817-4068fe210ba5 - - - - - -] Attempt 1 to provision port 6f70293e-f891-4bdd-a9b6-b21b574d243e
2026-07-01 14:22:46.151 10 INFO neutron.plugins.ml2.plugin [None req-323f2f67-5c34-4471-a817-4068fe210ba5 - - - - - -] Attempt 1 to provision port 68d734b4-dd5a-43a5-9b60-a98c1ce59944
2026-07-01 14:22:46.464 10 INFO neutron.plugins.ml2.plugin [None req-323f2f67-5c34-4471-a817-4068fe210ba5 - - - - - -] Attempt 1 to provision port 674edf5d-577d-4158-b80b-4d55649bea02
2026-07-01 14:22:48.172 10 INFO neutron.plugins.ml2.plugin [None req-323f2f67-5c34-4471-a817-4068fe210ba5 - - - - - -] Attempt 1 to provision port e0e2db94-b716-47f9-908e-3f6aae283142
2026-07-01 14:22:48.517 10 INFO neutron.plugins.ml2.plugin [None req-323f2f67-5c34-4471-a817-4068fe210ba5 - - - - - -] Attempt 1 to provision port d6cff1ff-f9e1-4b19-b6a0-450a4834e893
2026-07-01 14:22:48.784 10 INFO neutron.plugins.ml2.plugin [None req-323f2f67-5c34-4471-a817-4068fe210ba5 - - - - - -] Attempt 1 to provision port 6f70293e-f891-4bdd-a9b6-b21b574d243e
2026-07-01 14:22:49.018 10 INFO neutron.plugins.ml2.plugin [None req-323f2f67-5c34-4471-a817-4068fe210ba5 - - - - - -] Attempt 1 to provision port 674edf5d-577d-4158-b80b-4d55649bea02
2026-07-01 14:22:49.731 10 INFO neutron.plugins.ml2.plugin [None req-818cf918-b8fb-4b8f-8b65-0ab4f3366567 - - - - - -] Attempt 1 to provision port f72d1f05-0ed9-4c1a-9256-3f69a937a1d8
2026-07-01 14:22:50.676 10 INFO neutron.plugins.ml2.plugin [None req-323f2f67-5c34-4471-a817-4068fe210ba5 - - - - - -] Attempt 1 to provision port e0e2db94-b716-47f9-908e-3f6aae283142
2026-07-01 14:22:50.850 10 INFO neutron.plugins.ml2.plugin [None req-323f2f67-5c34-4471-a817-4068fe210ba5 - - - - - -] Attempt 1 to provision port f72d1f05-0ed9-4c1a-9256-3f69a937a1d8
2026-07-01 14:22:51.072 10 INFO neutron.plugins.ml2.plugin [None req-323f2f67-5c34-4471-a817-4068fe210ba5 - - - - - -] Attempt 1 to provision port d6cff1ff-f9e1-4b19-b6a0-450a4834e893
2026-07-01 14:22:53.060 9 INFO neutron.plugins.ml2.plugin [None req-7b13f7b7-f33e-4778-adc3-a5250c8e2d8c - - - - - -] Attempt 1 to provision port f72d1f05-0ed9-4c1a-9256-3f69a937a1d8
2026-07-01 14:22:54.488 10 INFO neutron.plugins.ml2.plugin [None req-323f2f67-5c34-4471-a817-4068fe210ba5 - - - - - -] Attempt 1 to provision port 1ad672c1-e9b4-49c9-ba01-90fdc8cd1fbd
2026-07-01 14:22:54.947 10 INFO neutron.plugins.ml2.plugin [None req-323f2f67-5c34-4471-a817-4068fe210ba5 - - - - - -] Attempt 1 to provision port 2863b529-4278-482e-9de7-8b9275f460c5
2026-07-01 14:22:55.678 9 INFO neutron.plugins.ml2.plugin [None req-4ba5bd56-e172-4dcb-b880-f54b53ab3678 - - - - - -] Attempt 1 to provision port 1ad672c1-e9b4-49c9-ba01-90fdc8cd1fbd
2026-07-01 14:22:56.487 10 INFO neutron.plugins.ml2.plugin [None req-323f2f67-5c34-4471-a817-4068fe210ba5 - - - - - -] Attempt 1 to provision port 1ad672c1-e9b4-49c9-ba01-90fdc8cd1fbd
2026-07-01 14:22:56.578 10 INFO neutron.plugins.ml2.plugin [None req-2511d862-9af3-4066-84e8-68f5b92a4cf1 - - - - - -] Attempt 1 to provision port 1ad672c1-e9b4-49c9-ba01-90fdc8cd1fbd
2026-07-01 14:22:56.640 10 INFO neutron.plugins.ml2.plugin [None req-2511d862-9af3-4066-84e8-68f5b92a4cf1 - - - - - -] Attempt 1 to provision port 2863b529-4278-482e-9de7-8b9275f460c5
2026-07-01 14:22:56.710 10 INFO neutron.plugins.ml2.plugin [None req-2511d862-9af3-4066-84e8-68f5b92a4cf1 - - - - - -] Attempt 1 to provision port d4e59d9d-8e64-4416-9fb7-c4414daff475
2026-07-01 14:22:56.773 10 INFO neutron.plugins.ml2.plugin [None req-323f2f67-5c34-4471-a817-4068fe210ba5 - - - - - -] Attempt 1 to provision port 2863b529-4278-482e-9de7-8b9275f460c5
2026-07-01 14:22:57.281 9 INFO neutron.plugins.ml2.plugin [None req-c4093227-f473-4b50-b032-f49e28166e0e - - - - - -] Attempt 1 to provision port d4e59d9d-8e64-4416-9fb7-c4414daff475
2026-07-01 14:22:57.999 9 INFO neutron.plugins.ml2.plugin [None req-fc224f3b-bfb5-4ad8-8db8-6efedc77eb74 - - - - - -] Attempt 1 to provision port 2863b529-4278-482e-9de7-8b9275f460c5
2026-07-01 14:22:58.087 9 INFO neutron.plugins.ml2.plugin [None req-fc224f3b-bfb5-4ad8-8db8-6efedc77eb74 - - - - - -] Attempt 1 to provision port d4e59d9d-8e64-4416-9fb7-c4414daff475
2026-07-01 14:22:58.122 9 INFO neutron.plugins.ml2.plugin [None req-fc224f3b-bfb5-4ad8-8db8-6efedc77eb74 - - - - - -] Attempt 1 to provision port e63b3e49-e175-4383-923b-eb38922e5cc4
2026-07-01 14:22:59.111 10 INFO neutron.plugins.ml2.plugin [None req-323f2f67-5c34-4471-a817-4068fe210ba5 - - - - - -] Attempt 1 to provision port 93c9f6b1-6095-410b-bbaa-2b8e581a5d2b
2026-07-01 14:22:59.287 10 INFO neutron.notifiers.nova [-] Nova event matching ['req-64f1b296-bf68-45ce-b9b8-ed945cf29aa9'] response: {'server_uuid': '69af26db-de25-4cc4-9a27-44c0a2d9b51d', 'name': 'network-vif-plugged', 'status': 'completed', 'tag': '93c9f6b1-6095-410b-bbaa-2b8e581a5d2b', 'code': 200}
2026-07-01 14:23:00.003 10 INFO neutron.plugins.ml2.plugin [None req-baf4e1fd-e8fa-4264-93f0-7bfdb8c8e6c7 - - - - - -] Attempt 1 to provision port 916e6ebc-622f-4e5e-b765-6185b3710678
2026-07-01 14:23:00.598 10 INFO neutron.plugins.ml2.plugin [None req-323f2f67-5c34-4471-a817-4068fe210ba5 - - - - - -] Attempt 1 to provision port 442c733a-f52e-4b10-8d38-4747ddbf29f4
2026-07-01 14:23:00.915 9 INFO neutron.plugins.ml2.plugin [None req-cb84ac5f-c79d-4651-b712-76d1b1424ccd - - - - - -] Attempt 1 to provision port 442c733a-f52e-4b10-8d38-4747ddbf29f4
2026-07-01 14:23:01.153 10 INFO neutron.plugins.ml2.plugin [None req-323f2f67-5c34-4471-a817-4068fe210ba5 - - - - - -] Attempt 1 to provision port 93c9f6b1-6095-410b-bbaa-2b8e581a5d2b
2026-07-01 14:23:02.217 9 INFO neutron.plugins.ml2.plugin [None req-f2baa3f8-a40a-4b14-9a5c-0a6edb1b392e - - - - - -] Attempt 1 to provision port 442c733a-f52e-4b10-8d38-4747ddbf29f4
2026-07-01 14:23:02.606 9 INFO neutron.plugins.ml2.plugin [None req-323f2f67-5c34-4471-a817-4068fe210ba5 - - - - - -] Attempt 1 to provision port 81c0f328-36c0-4d28-8693-5b1cb4488d24
2026-07-01 14:23:03.039 9 INFO neutron.plugins.ml2.plugin [None req-323f2f67-5c34-4471-a817-4068fe210ba5 - - - - - -] Attempt 1 to provision port 915f9811-3002-46fc-9c79-654f0d16595c
