+ exec neutron-metadata-agent --config-file /etc/neutron/neutron.conf --config-file /tmp/pod-shared/neutron-agent.ini --config-file /etc/neutron/metadata_agent.ini 3 RLock(s) were not greened, to fix this error make sure you run eventlet.monkey_patch() before importing any other modules. /var/lib/openstack/lib/python3.12/site-packages/pecan/core.py:320: SyntaxWarning: invalid escape sequence '\*' ''' /var/lib/openstack/lib/python3.12/site-packages/pecan/routing.py:48: SyntaxWarning: invalid escape sequence '\(' '^[0-9a-zA-Z-_$\(\)\.~!,;:*+@=]+$', route
2026-07-01 13:48:16.256 38 INFO neutron.common.config [-] Logging enabled!
2026-07-01 13:48:16.256 38 INFO neutron.common.config [-] /var/lib/openstack/bin/neutron-metadata-agent version 25.2.4.dev2
2026-07-01 13:48:16.275 38 INFO oslo_service.service [None req-f1f8af93-fe9d-40c1-bafe-9ad965772b5d - - - - - -] Starting 2 workers
2026-07-01 13:48:16.286 47 INFO eventlet.wsgi.server [-] (47) wsgi starting up on http:/var/lib/neutron/openstack-helm/metadata_proxy
2026-07-01 13:48:16.286 46 INFO eventlet.wsgi.server [-] (46) wsgi starting up on http:/var/lib/neutron/openstack-helm/metadata_proxy
2026-07-01 13:49:42.411 47 ERROR neutron.agent.metadata.agent [-] No port found in network None with IP address 169.254.169.254
2026-07-01 13:49:42.412 47 INFO eventlet.wsgi.server [-] 169.254.169.254, "GET / HTTP/1.1" status: 404 len: 176 time: 1.0571289
2026-07-01 13:51:47.899 47 ERROR neutron.agent.metadata.agent [-] No port found in network None with IP address 169.254.169.254
2026-07-01 13:51:47.901 47 INFO eventlet.wsgi.server [-] 169.254.169.254, "GET / HTTP/1.1" status: 404 len: 176 time: 0.0107439
2026-07-01 13:54:57.891 47 ERROR neutron.agent.metadata.agent [-] No port found in network None with IP address 169.254.169.254
2026-07-01 13:54:57.892 47 INFO eventlet.wsgi.server [-] 169.254.169.254, "GET / HTTP/1.1" status: 404 len: 176 time: 0.0088229
2026-07-01 13:55:27.896 47 ERROR neutron.agent.metadata.agent [-] No port found in network None with IP address 169.254.169.254
2026-07-01 13:55:27.897 47 INFO eventlet.wsgi.server [-] 169.254.169.254, "GET / HTTP/1.1" status: 404 len: 176 time: 0.0096931
2026-07-01 13:58:07.953 47 ERROR neutron.agent.metadata.agent [-] No port found in network None with IP address 169.254.169.254
2026-07-01 13:58:07.954 47 INFO eventlet.wsgi.server [-] 169.254.169.254, "GET / HTTP/1.1" status: 404 len: 176 time: 0.0098062
2026-07-01 14:01:18.982 47 ERROR neutron.agent.metadata.agent [-] No port found in network None with IP address 169.254.169.254
2026-07-01 14:01:18.983 47 INFO eventlet.wsgi.server [-] 169.254.169.254, "GET / HTTP/1.1" status: 404 len: 176 time: 1.0128849
2026-07-01 14:04:27.884 47 ERROR neutron.agent.metadata.agent [-] No port found in network None with IP address 169.254.169.254
2026-07-01 14:04:27.885 47 INFO eventlet.wsgi.server [-] 169.254.169.254, "GET / HTTP/1.1" status: 404 len: 176 time: 0.0121660
2026-07-01 14:05:27.909 46 ERROR neutron.agent.metadata.agent [-] No port found in network None with IP address 169.254.169.254
2026-07-01 14:05:27.910 46 INFO eventlet.wsgi.server [-] 169.254.169.254, "GET / HTTP/1.1" status: 404 len: 176 time: 0.0125043
2026-07-01 14:07:37.917 47 ERROR neutron.agent.metadata.agent [-] No port found in network None with IP address 169.254.169.254
2026-07-01 14:07:37.918 47 INFO eventlet.wsgi.server [-] 169.254.169.254, "GET / HTTP/1.1" status: 404 len: 176 time: 0.0080879
2026-07-01 14:10:47.994 46 ERROR neutron.agent.metadata.agent [-] No port found in network None with IP address 169.254.169.254
2026-07-01 14:10:47.995 46 INFO eventlet.wsgi.server [-] 169.254.169.254, "GET / HTTP/1.1" status: 404 len: 176 time: 0.0076232
2026-07-01 14:13:58.960 47 ERROR neutron.agent.metadata.agent [-] No port found in network None with IP address 169.254.169.254
2026-07-01 14:13:58.961 47 INFO eventlet.wsgi.server [-] 169.254.169.254, "GET / HTTP/1.1" status: 404 len: 176 time: 1.0180893
2026-07-01 14:15:27.924 47 ERROR neutron.agent.metadata.agent [-] No port found in network None with IP address 169.254.169.254
2026-07-01 14:15:27.924 47 INFO eventlet.wsgi.server [-] 169.254.169.254, "GET / HTTP/1.1" status: 404 len: 176 time: 0.0046628
2026-07-01 14:17:07.903 47 ERROR neutron.agent.metadata.agent [-] No port found in network None with IP address 169.254.169.254
2026-07-01 14:17:07.904 47 INFO eventlet.wsgi.server [-] 169.254.169.254, "GET / HTTP/1.1" status: 404 len: 176 time: 0.0058825
2026-07-01 14:20:17.944 47 ERROR neutron.agent.metadata.agent [-] No port found in network None with IP address 169.254.169.254
2026-07-01 14:20:17.945 47 INFO eventlet.wsgi.server [-] 169.254.169.254, "GET / HTTP/1.1" status: 404 len: 176 time: 0.0104272
2026-07-01 14:22:35.567 47 INFO eventlet.wsgi.server [-] 10.100.0.7, "GET /2009-04-04/meta-data/instance-id HTTP/1.1" status: 200 len: 146 time: 1.7855463
2026-07-01 14:22:35.594 47 INFO eventlet.wsgi.server [-] 10.100.0.7, "GET /2009-04-04/meta-data/public-keys HTTP/1.1" status: 200 len: 164 time: 0.0176818
2026-07-01 14:22:35.614 47 INFO eventlet.wsgi.server [-] 10.100.0.7, "GET /2009-04-04/meta-data/public-keys/0/openssh-key HTTP/1.1" status: 200 len: 341 time: 0.0133162
2026-07-01 14:22:35.631 47 INFO eventlet.wsgi.server [-] 10.100.0.7, "GET /2009-04-04/meta-data/instance-id HTTP/1.1" status: 200 len: 146 time: 0.0093436
2026-07-01 14:22:35.653 47 INFO eventlet.wsgi.server [-] 10.100.0.7, "GET /2009-04-04/meta-data/ami-launch-index HTTP/1.1" status: 200 len: 136 time: 0.0140755
2026-07-01 14:22:35.673 47 INFO eventlet.wsgi.server [-] 10.100.0.7, "GET /2009-04-04/meta-data/instance-type HTTP/1.1" status: 200 len: 142 time: 0.0121088
2026-07-01 14:22:35.693 47 INFO eventlet.wsgi.server [-] 10.100.0.7, "GET /2009-04-04/meta-data/local-ipv4 HTTP/1.1" status: 200 len: 146 time: 0.0122836
2026-07-01 14:22:35.714 47 INFO eventlet.wsgi.server [-] 10.100.0.7, "GET /2009-04-04/meta-data/public-ipv4 HTTP/1.1" status: 200 len: 149 time: 0.0103495
2026-07-01 14:22:35.734 47 INFO eventlet.wsgi.server [-] 10.100.0.7, "GET /2009-04-04/meta-data/hostname HTTP/1.1" status: 200 len: 201 time: 0.0116425
2026-07-01 14:22:35.755 47 INFO eventlet.wsgi.server [-] 10.100.0.7, "GET /2009-04-04/meta-data/local-hostname HTTP/1.1" status: 200 len: 201 time: 0.0125387
2026-07-01 14:22:35.779 47 INFO eventlet.wsgi.server [-] 10.100.0.7, "GET /2009-04-04/user-data HTTP/1.1" status: 200 len: 231 time: 0.0117538
2026-07-01 14:22:35.804 47 INFO eventlet.wsgi.server [-] 10.100.0.7, "GET /2009-04-04/meta-data/block-device-mapping HTTP/1.1" status: 200 len: 143 time: 0.0162520
2026-07-01 14:22:35.829 47 INFO eventlet.wsgi.server [-] 10.100.0.7, "GET /2009-04-04/meta-data/block-device-mapping/ami HTTP/1.1" status: 200 len: 138 time: 0.0178666
2026-07-01 14:22:35.854 47 INFO eventlet.wsgi.server [-] 10.100.0.7, "GET /2009-04-04/meta-data/block-device-mapping/root HTTP/1.1" status: 200 len: 143 time: 0.0119925
2026-07-01 14:22:35.876 47 INFO eventlet.wsgi.server [-] 10.100.0.7, "GET /2009-04-04/meta-data/public-hostname HTTP/1.1" status: 200 len: 201 time: 0.0104313
2026-07-01 14:22:35.898 47 INFO eventlet.wsgi.server [-] 10.100.0.7, "GET /2009-04-04/meta-data/placement/availability-zone HTTP/1.1" status: 200 len: 139 time: 0.0155506
2026-07-01 14:23:10.243 46 INFO eventlet.wsgi.server [-] 10.100.0.11, "GET /2009-04-04/meta-data/instance-id HTTP/1.1" status: 200 len: 146 time: 0.7731457
2026-07-01 14:23:10.269 46 INFO eventlet.wsgi.server [-] 10.100.0.11, "GET /2009-04-04/meta-data/public-keys HTTP/1.1" status: 200 len: 164 time: 0.0160377
2026-07-01 14:23:10.290 46 INFO eventlet.wsgi.server [-] 10.100.0.11, "GET /2009-04-04/meta-data/public-keys/0/openssh-key HTTP/1.1" status: 200 len: 341 time: 0.0141981
2026-07-01 14:23:10.311 46 INFO eventlet.wsgi.server [-] 10.100.0.11, "GET /2009-04-04/meta-data/instance-id HTTP/1.1" status: 200 len: 146 time: 0.0141587
2026-07-01 14:23:10.331 46 INFO eventlet.wsgi.server [-] 10.100.0.11, "GET /2009-04-04/meta-data/ami-launch-index HTTP/1.1" status: 200 len: 136 time: 0.0126703
2026-07-01 14:23:10.364 47 INFO eventlet.wsgi.server [-] 10.100.0.11, "GET /2009-04-04/meta-data/instance-type HTTP/1.1" status: 200 len: 142 time: 0.0245695
2026-07-01 14:23:10.382 46 INFO eventlet.wsgi.server [-] 10.100.0.11, "GET /2009-04-04/meta-data/local-ipv4 HTTP/1.1" status: 200 len: 147 time: 0.0114093
2026-07-01 14:23:10.404 47 INFO eventlet.wsgi.server [-] 10.100.0.11, "GET /2009-04-04/meta-data/public-ipv4 HTTP/1.1" status: 200 len: 149 time: 0.0128558
2026-07-01 14:23:10.423 47 INFO eventlet.wsgi.server [-] 10.100.0.11, "GET /2009-04-04/meta-data/hostname HTTP/1.1" status: 200 len: 192 time: 0.0132496
2026-07-01 14:23:10.448 46 INFO eventlet.wsgi.server [-] 10.100.0.11, "GET /2009-04-04/meta-data/local-hostname HTTP/1.1" status: 200 len: 192 time: 0.0182133
2026-07-01 14:23:10.498 46 INFO eventlet.wsgi.server [-] 10.100.0.11, "GET /2009-04-04/user-data HTTP/1.1" status: 200 len: 231 time: 0.0181739
2026-07-01 14:23:10.518 46 INFO eventlet.wsgi.server [-] 10.100.0.11, "GET /2009-04-04/meta-data/block-device-mapping HTTP/1.1" status: 200 len: 143 time: 0.0137756
2026-07-01 14:23:10.539 47 INFO eventlet.wsgi.server [-] 10.100.0.11, "GET /2009-04-04/meta-data/block-device-mapping/ami HTTP/1.1" status: 200 len: 138 time: 0.0139682
2026-07-01 14:23:10.562 46 INFO eventlet.wsgi.server [-] 10.100.0.11, "GET /2009-04-04/meta-data/block-device-mapping/root HTTP/1.1" status: 200 len: 143 time: 0.0120084
2026-07-01 14:23:10.586 46 INFO eventlet.wsgi.server [-] 10.100.0.11, "GET /2009-04-04/meta-data/public-hostname HTTP/1.1" status: 200 len: 192 time: 0.0156205
2026-07-01 14:23:10.610 46 INFO eventlet.wsgi.server [-] 10.100.0.11, "GET /2009-04-04/meta-data/placement/availability-zone HTTP/1.1" status: 200 len: 139 time: 0.0132122
2026-07-01 14:23:28.107 47 ERROR neutron.agent.metadata.agent [-] No port found in network None with IP address 169.254.169.254
2026-07-01 14:23:28.108 47 INFO eventlet.wsgi.server [-] 169.254.169.254, "GET / HTTP/1.1" status: 404 len: 176 time: 0.0135798
2026-07-01 14:23:34.407 46 INFO eventlet.wsgi.server [-] 10.100.0.11, "GET /2009-04-04/meta-data/instance-id HTTP/1.1" status: 200 len: 146 time: 0.1499836
2026-07-01 14:23:34.428 46 INFO eventlet.wsgi.server [-] 10.100.0.11, "GET /2009-04-04/meta-data/public-keys HTTP/1.1" status: 200 len: 164 time: 0.0127819
2026-07-01 14:23:34.442 46 INFO eventlet.wsgi.server [-] 10.100.0.11, "GET /2009-04-04/meta-data/public-keys/0/openssh-key HTTP/1.1" status: 200 len: 341 time: 0.0101228
2026-07-01 14:23:34.454 46 INFO eventlet.wsgi.server [-] 10.100.0.11, "GET /2009-04-04/meta-data/instance-id HTTP/1.1" status: 200 len: 146 time: 0.0082111
2026-07-01 14:23:34.473 47 INFO eventlet.wsgi.server [-] 10.100.0.11, "GET /2009-04-04/meta-data/ami-launch-index HTTP/1.1" status: 200 len: 136 time: 0.0143855
2026-07-01 14:23:34.485 47 INFO eventlet.wsgi.server [-] 10.100.0.11, "GET /2009-04-04/meta-data/instance-type HTTP/1.1" status: 200 len: 142 time: 0.0084996
2026-07-01 14:23:34.498 47 INFO eventlet.wsgi.server [-] 10.100.0.11, "GET /2009-04-04/meta-data/local-ipv4 HTTP/1.1" status: 200 len: 147 time: 0.0094659
2026-07-01 14:23:34.516 47 INFO eventlet.wsgi.server [-] 10.100.0.11, "GET /2009-04-04/meta-data/public-ipv4 HTTP/1.1" status: 200 len: 149 time: 0.0119653
2026-07-01 14:23:34.532 47 INFO eventlet.wsgi.server [-] 10.100.0.11, "GET /2009-04-04/meta-data/hostname HTTP/1.1" status: 200 len: 192 time: 0.0104761
2026-07-01 14:23:34.553 46 INFO eventlet.wsgi.server [-] 10.100.0.11, "GET /2009-04-04/meta-data/local-hostname HTTP/1.1" status: 200 len: 192 time: 0.0146170
2026-07-01 14:23:34.577 47 INFO eventlet.wsgi.server [-] 10.100.0.11, "GET /2009-04-04/user-data HTTP/1.1" status: 200 len: 231 time: 0.0151272
2026-07-01 14:23:34.601 47 INFO eventlet.wsgi.server [-] 10.100.0.11, "GET /2009-04-04/meta-data/block-device-mapping HTTP/1.1" status: 200 len: 143 time: 0.0169954
2026-07-01 14:23:34.619 47 INFO eventlet.wsgi.server [-] 10.100.0.11, "GET /2009-04-04/meta-data/block-device-mapping/ami HTTP/1.1" status: 200 len: 138 time: 0.0134449
2026-07-01 14:23:34.648 46 INFO eventlet.wsgi.server [-] 10.100.0.11, "GET /2009-04-04/meta-data/block-device-mapping/root HTTP/1.1" status: 200 len: 143 time: 0.0211580
2026-07-01 14:23:34.664 46 INFO eventlet.wsgi.server [-] 10.100.0.11, "GET /2009-04-04/meta-data/public-hostname HTTP/1.1" status: 200 len: 192 time: 0.0104098
2026-07-01 14:23:34.686 47 INFO eventlet.wsgi.server [-] 10.100.0.11, "GET /2009-04-04/meta-data/placement/availability-zone HTTP/1.1" status: 200 len: 139 time: 0.0165553
2026-07-01 14:24:42.203 46 INFO eventlet.wsgi.server [-] 10.100.0.13, "GET /latest/meta-data/public-ipv4 HTTP/1.1" status: 200 len: 149 time: 1.8052516
2026-07-01 14:24:42.578 47 INFO eventlet.wsgi.server [-] 10.100.0.13, "POST /openstack/2013-10-17/password HTTP/1.1" status: 200 len: 134 time: 0.2982128
2026-07-01 14:25:28.967 46 ERROR neutron.agent.metadata.agent [-] No port found in network None with IP address 169.254.169.254
2026-07-01 14:25:28.968 46 INFO eventlet.wsgi.server [-] 169.254.169.254, "GET / HTTP/1.1" status: 404 len: 176 time: 1.0188353
2026-07-01 14:25:43.367 47 INFO eventlet.wsgi.server [-] 10.2.1.229, "GET /2009-04-04/meta-data/instance-id HTTP/1.1" status: 200 len: 146 time: 0.7182293
2026-07-01 14:25:43.392 47 INFO eventlet.wsgi.server [-] 10.2.1.229, "GET /2009-04-04/meta-data/public-keys HTTP/1.1" status: 200 len: 173 time: 0.0147929
2026-07-01 14:25:43.408 47 INFO eventlet.wsgi.server [-] 10.2.1.229, "GET /2009-04-04/meta-data/public-keys/0/openssh-key HTTP/1.1" status: 200 len: 341 time: 0.0099864
2026-07-01 14:25:43.423 47 INFO eventlet.wsgi.server [-] 10.2.1.229, "GET /2009-04-04/meta-data/instance-id HTTP/1.1" status: 200 len: 146 time: 0.0097151
2026-07-01 14:25:43.444 47 INFO eventlet.wsgi.server [-] 10.2.1.229, "GET /2009-04-04/meta-data/ami-launch-index HTTP/1.1" status: 200 len: 136 time: 0.0138175
2026-07-01 14:25:43.461 47 INFO eventlet.wsgi.server [-] 10.2.1.229, "GET /2009-04-04/meta-data/instance-type HTTP/1.1" status: 200 len: 142 time: 0.0096941
2026-07-01 14:25:43.480 47 INFO eventlet.wsgi.server [-] 10.2.1.229, "GET /2009-04-04/meta-data/local-ipv4 HTTP/1.1" status: 200 len: 146 time: 0.0112486
2026-07-01 14:25:43.499 47 INFO eventlet.wsgi.server [-] 10.2.1.229, "GET /2009-04-04/meta-data/public-ipv4 HTTP/1.1" status: 200 len: 149 time: 0.0115283
2026-07-01 14:25:43.519 47 INFO eventlet.wsgi.server [-] 10.2.1.229, "GET /2009-04-04/meta-data/hostname HTTP/1.1" status: 200 len: 184 time: 0.0125506
2026-07-01 14:25:43.560 47 INFO eventlet.wsgi.server [-] 10.2.1.229, "GET /2009-04-04/meta-data/local-hostname HTTP/1.1" status: 200 len: 184 time: 0.0119841
2026-07-01 14:25:43.578 47 INFO neutron.agent.metadata.proxy_base [-] The instance: 2b4162cb-bbb5-488d-9afc-7960c4cc32a3 is not present anymore, skipping cache...
2026-07-01 14:25:44.092 47 INFO eventlet.wsgi.server [-] 10.2.1.229, "GET /2009-04-04/user-data HTTP/1.1" status: 404 len: 297 time: 0.5257945
2026-07-01 14:25:44.127 47 INFO eventlet.wsgi.server [-] 10.2.1.229, "GET /2009-04-04/meta-data/block-device-mapping HTTP/1.1" status: 200 len: 143 time: 0.0187943
2026-07-01 14:25:44.149 47 INFO eventlet.wsgi.server [-] 10.2.1.229, "GET /2009-04-04/meta-data/block-device-mapping/ami HTTP/1.1" status: 200 len: 138 time: 0.0150256
2026-07-01 14:25:44.170 47 INFO eventlet.wsgi.server [-] 10.2.1.229, "GET /2009-04-04/meta-data/block-device-mapping/root HTTP/1.1" status: 200 len: 143 time: 0.0141118
2026-07-01 14:25:44.196 47 INFO eventlet.wsgi.server [-] 10.2.1.229, "GET /2009-04-04/meta-data/public-hostname HTTP/1.1" status: 200 len: 184 time: 0.0167351
2026-07-01 14:25:44.222 47 INFO eventlet.wsgi.server [-] 10.2.1.229, "GET /2009-04-04/meta-data/placement/availability-zone HTTP/1.1" status: 200 len: 139 time: 0.0169237
2026-07-01 14:26:03.586 47 INFO eventlet.wsgi.server [-] 10.2.2.101, "GET /2009-04-04/meta-data/instance-id HTTP/1.1" status: 200 len: 146 time: 0.6441822
2026-07-01 14:26:03.611 47 INFO eventlet.wsgi.server [-] 10.2.2.101, "GET /2009-04-04/meta-data/public-keys HTTP/1.1" status: 200 len: 173 time: 0.0149634
2026-07-01 14:26:03.629 47 INFO eventlet.wsgi.server [-] 10.2.2.101, "GET /2009-04-04/meta-data/public-keys/0/openssh-key HTTP/1.1" status: 200 len: 341 time: 0.0112190
2026-07-01 14:26:03.662 46 INFO eventlet.wsgi.server [-] 10.2.2.101, "GET /2009-04-04/meta-data/instance-id HTTP/1.1" status: 200 len: 146 time: 0.0237110
2026-07-01 14:26:03.678 46 INFO eventlet.wsgi.server [-] 10.2.2.101, "GET /2009-04-04/meta-data/ami-launch-index HTTP/1.1" status: 200 len: 136 time: 0.0104887
2026-07-01 14:26:03.700 46 INFO eventlet.wsgi.server [-] 10.2.2.101, "GET /2009-04-04/meta-data/instance-type HTTP/1.1" status: 200 len: 142 time: 0.0136418
2026-07-01 14:26:03.723 46 INFO eventlet.wsgi.server [-] 10.2.2.101, "GET /2009-04-04/meta-data/local-ipv4 HTTP/1.1" status: 200 len: 146 time: 0.0118968
2026-07-01 14:26:03.739 46 INFO eventlet.wsgi.server [-] 10.2.2.101, "GET /2009-04-04/meta-data/public-ipv4 HTTP/1.1" status: 200 len: 149 time: 0.0109658
2026-07-01 14:26:03.761 46 INFO eventlet.wsgi.server [-] 10.2.2.101, "GET /2009-04-04/meta-data/hostname HTTP/1.1" status: 200 len: 183 time: 0.0117626
2026-07-01 14:26:03.803 46 INFO eventlet.wsgi.server [-] 10.2.2.101, "GET /2009-04-04/meta-data/local-hostname HTTP/1.1" status: 200 len: 183 time: 0.0152383
2026-07-01 14:26:03.824 46 INFO neutron.agent.metadata.proxy_base [-] The instance: 24c946e1-e422-4aa1-afd5-2700224c018c is not present anymore, skipping cache...
2026-07-01 14:26:04.338 46 INFO eventlet.wsgi.server [-] 10.2.2.101, "GET /2009-04-04/user-data HTTP/1.1" status: 404 len: 297 time: 0.5270715
2026-07-01 14:26:04.362 46 INFO eventlet.wsgi.server [-] 10.2.2.101, "GET /2009-04-04/meta-data/block-device-mapping HTTP/1.1" status: 200 len: 143 time: 0.0131235
2026-07-01 14:26:04.391 46 INFO eventlet.wsgi.server [-] 10.2.2.101, "GET /2009-04-04/meta-data/block-device-mapping/ami HTTP/1.1" status: 200 len: 138 time: 0.0237565
2026-07-01 14:26:04.407 46 INFO eventlet.wsgi.server [-] 10.2.2.101, "GET /2009-04-04/meta-data/block-device-mapping/root HTTP/1.1" status: 200 len: 143 time: 0.0113397
2026-07-01 14:26:04.425 46 INFO eventlet.wsgi.server [-] 10.2.2.101, "GET /2009-04-04/meta-data/public-hostname HTTP/1.1" status: 200 len: 183 time: 0.0101106
2026-07-01 14:26:04.443 46 INFO eventlet.wsgi.server [-] 10.2.2.101, "GET /2009-04-04/meta-data/placement/availability-zone HTTP/1.1" status: 200 len: 139 time: 0.0106652
2026-07-01 14:26:37.956 47 ERROR neutron.agent.metadata.agent [-] No port found in network None with IP address 169.254.169.254
2026-07-01 14:26:37.956 47 INFO eventlet.wsgi.server [-] 169.254.169.254, "GET / HTTP/1.1" status: 404 len: 176 time: 0.0095844
2026-07-01 14:26:51.217 47 INFO eventlet.wsgi.server [-] 10.100.0.11, "GET /2009-04-04/meta-data/instance-id HTTP/1.1" status: 200 len: 146 time: 0.6971164
2026-07-01 14:26:51.248 47 INFO eventlet.wsgi.server [-] 10.100.0.11, "GET /2009-04-04/meta-data/public-keys HTTP/1.1" status: 200 len: 176 time: 0.0194721
2026-07-01 14:26:51.275 46 INFO eventlet.wsgi.server [-] 10.100.0.11, "GET /2009-04-04/meta-data/public-keys/0/openssh-key HTTP/1.1" status: 200 len: 341 time: 0.0200660
2026-07-01 14:26:51.297 46 INFO eventlet.wsgi.server [-] 10.100.0.11, "GET /2009-04-04/meta-data/instance-id HTTP/1.1" status: 200 len: 146 time: 0.0136113
2026-07-01 14:26:51.315 46 INFO eventlet.wsgi.server [-] 10.100.0.11, "GET /2009-04-04/meta-data/ami-launch-index HTTP/1.1" status: 200 len: 136 time: 0.0111618
2026-07-01 14:26:51.341 47 INFO eventlet.wsgi.server [-] 10.100.0.11, "GET /2009-04-04/meta-data/instance-type HTTP/1.1" status: 200 len: 142 time: 0.0198822
2026-07-01 14:26:51.363 46 INFO eventlet.wsgi.server [-] 10.100.0.11, "GET /2009-04-04/meta-data/local-ipv4 HTTP/1.1" status: 200 len: 147 time: 0.0144835
2026-07-01 14:26:51.383 46 INFO eventlet.wsgi.server [-] 10.100.0.11, "GET /2009-04-04/meta-data/public-ipv4 HTTP/1.1" status: 200 len: 149 time: 0.0127895
2026-07-01 14:26:51.402 46 INFO eventlet.wsgi.server [-] 10.100.0.11, "GET /2009-04-04/meta-data/hostname HTTP/1.1" status: 200 len: 190 time: 0.0118835
2026-07-01 14:26:51.423 46 INFO eventlet.wsgi.server [-] 10.100.0.11, "GET /2009-04-04/meta-data/local-hostname HTTP/1.1" status: 200 len: 190 time: 0.0133772
2026-07-01 14:26:51.464 46 INFO neutron.agent.metadata.proxy_base [-] The instance: ae78768c-8d09-423c-871e-a7774f0a1363 is not present anymore, skipping cache...
2026-07-01 14:26:51.979 46 INFO eventlet.wsgi.server [-] 10.100.0.11, "GET /2009-04-04/user-data HTTP/1.1" status: 404 len: 297 time: 0.5278516
2026-07-01 14:26:52.014 46 INFO eventlet.wsgi.server [-] 10.100.0.11, "GET /2009-04-04/meta-data/block-device-mapping HTTP/1.1" status: 200 len: 143 time: 0.0189552
2026-07-01 14:26:52.041 46 INFO eventlet.wsgi.server [-] 10.100.0.11, "GET /2009-04-04/meta-data/block-device-mapping/ami HTTP/1.1" status: 200 len: 138 time: 0.0193267
2026-07-01 14:26:52.061 46 INFO eventlet.wsgi.server [-] 10.100.0.11, "GET /2009-04-04/meta-data/block-device-mapping/root HTTP/1.1" status: 200 len: 143 time: 0.0146167
2026-07-01 14:26:52.082 46 INFO eventlet.wsgi.server [-] 10.100.0.11, "GET /2009-04-04/meta-data/public-hostname HTTP/1.1" status: 200 len: 190 time: 0.0155883
2026-07-01 14:26:52.103 46 INFO eventlet.wsgi.server [-] 10.100.0.11, "GET /2009-04-04/meta-data/placement/availability-zone HTTP/1.1" status: 200 len: 139 time: 0.0147386
2026-07-01 14:27:25.584 47 INFO eventlet.wsgi.server [-] 10.100.0.9, "GET /2009-04-04/meta-data/instance-id HTTP/1.1" status: 200 len: 146 time: 0.6651859
2026-07-01 14:27:25.611 47 INFO eventlet.wsgi.server [-] 10.100.0.9, "GET /2009-04-04/meta-data/public-keys HTTP/1.1" status: 200 len: 176 time: 0.0129876
2026-07-01 14:27:25.632 47 INFO eventlet.wsgi.server [-] 10.100.0.9, "GET /2009-04-04/meta-data/public-keys/0/openssh-key HTTP/1.1" status: 200 len: 341 time: 0.0117407
2026-07-01 14:27:25.651 47 INFO eventlet.wsgi.server [-] 10.100.0.9, "GET /2009-04-04/meta-data/instance-id HTTP/1.1" status: 200 len: 146 time: 0.0115924
2026-07-01 14:27:25.670 47 INFO eventlet.wsgi.server [-] 10.100.0.9, "GET /2009-04-04/meta-data/ami-launch-index HTTP/1.1" status: 200 len: 136 time: 0.0125749
2026-07-01 14:27:25.685 47 INFO eventlet.wsgi.server [-] 10.100.0.9, "GET /2009-04-04/meta-data/instance-type HTTP/1.1" status: 200 len: 142 time: 0.0096378
2026-07-01 14:27:25.707 47 INFO eventlet.wsgi.server [-] 10.100.0.9, "GET /2009-04-04/meta-data/local-ipv4 HTTP/1.1" status: 200 len: 146 time: 0.0158153
2026-07-01 14:27:25.728 47 INFO eventlet.wsgi.server [-] 10.100.0.9, "GET /2009-04-04/meta-data/public-ipv4 HTTP/1.1" status: 200 len: 149 time: 0.0139861
2026-07-01 14:27:25.746 47 INFO eventlet.wsgi.server [-] 10.100.0.9, "GET /2009-04-04/meta-data/hostname HTTP/1.1" status: 200 len: 191 time: 0.0104728
2026-07-01 14:27:25.767 47 INFO eventlet.wsgi.server [-] 10.100.0.9, "GET /2009-04-04/meta-data/local-hostname HTTP/1.1" status: 200 len: 191 time: 0.0134237
2026-07-01 14:27:25.795 46 INFO neutron.agent.metadata.proxy_base [-] The instance: 100dbb49-1a60-4d49-8277-4c492845c1fc is not present anymore, skipping cache...
2026-07-01 14:27:26.313 46 INFO eventlet.wsgi.server [-] 10.100.0.9, "GET /2009-04-04/user-data HTTP/1.1" status: 404 len: 297 time: 0.5362444
2026-07-01 14:27:26.339 46 INFO eventlet.wsgi.server [-] 10.100.0.9, "GET /2009-04-04/meta-data/block-device-mapping HTTP/1.1" status: 200 len: 143 time: 0.0130785
2026-07-01 14:27:26.357 47 INFO eventlet.wsgi.server [-] 10.100.0.9, "GET /2009-04-04/meta-data/block-device-mapping/ami HTTP/1.1" status: 200 len: 138 time: 0.0106254
2026-07-01 14:27:26.371 47 INFO eventlet.wsgi.server [-] 10.100.0.9, "GET /2009-04-04/meta-data/block-device-mapping/root HTTP/1.1" status: 200 len: 143 time: 0.0091381
2026-07-01 14:27:26.387 47 INFO eventlet.wsgi.server [-] 10.100.0.9, "GET /2009-04-04/meta-data/public-hostname HTTP/1.1" status: 200 len: 191 time: 0.0088196
2026-07-01 14:27:26.399 47 INFO eventlet.wsgi.server [-] 10.100.0.9, "GET /2009-04-04/meta-data/placement/availability-zone HTTP/1.1" status: 200 len: 139 time: 0.0078728
2026-07-01 14:29:47.959 46 ERROR neutron.agent.metadata.agent [-] No port found in network None with IP address 169.254.169.254
2026-07-01 14:29:47.959 46 INFO eventlet.wsgi.server [-] 169.254.169.254, "GET / HTTP/1.1" status: 404 len: 176 time: 0.0070038
2026-07-01 14:32:57.924 46 ERROR neutron.agent.metadata.agent [-] No port found in network None with IP address 169.254.169.254
2026-07-01 14:32:57.925 46 INFO eventlet.wsgi.server [-] 169.254.169.254, "GET / HTTP/1.1" status: 404 len: 176 time: 0.0070074
2026-07-01 14:35:27.861 47 ERROR neutron.agent.metadata.agent [-] No port found in network None with IP address 169.254.169.254
2026-07-01 14:35:27.862 47 INFO eventlet.wsgi.server [-] 169.254.169.254, "GET / HTTP/1.1" status: 404 len: 176 time: 0.0067821
2026-07-01 14:36:08.930 46 ERROR neutron.agent.metadata.agent [-] No port found in network None with IP address 169.254.169.254
2026-07-01 14:36:08.932 46 INFO eventlet.wsgi.server [-] 169.254.169.254, "GET / HTTP/1.1" status: 404 len: 176 time: 1.0145159