2026-04-17 06:36:56.118 8 INFO neutron_taas.services.taas.tap_mirror_plugin [None req-5db7a0b5-68be-4455-aadc-855bce184c92 25a34567fa134738be30a137a9b17823 a453d53b022140c9a440f37c0339a79b - - default default] Tap Mirror: Handle Delete Port: b73d16a2-54ef-4ad9-922a-241ac82beb99 [pid: 8|app: 0|req: 695/1349] 10.0.0.22 () {32 vars in 718 bytes} [Fri Apr 17 06:36:55 2026] DELETE /v2.0/ports/b73d16a2-54ef-4ad9-922a-241ac82beb99 => generated 0 bytes in 406 msecs (HTTP/1.1 204) 3 headers in 131 bytes (1 switches on core 0) /var/lib/openstack/lib/python3.12/site-packages/pycadf/identifier.py:70: UserWarning: Invalid uuid: neutron. To ensure interoperability, identifiers should be a valid uuid. warnings.warn(('Invalid uuid: %s. To ensure interoperability, '
2026-04-17 06:36:56.307 7 INFO neutron.pecan_wsgi.hooks.translation [None req-9c5d2ebd-2f29-4c81-aafb-709829ea6053 25a34567fa134738be30a137a9b17823 a453d53b022140c9a440f37c0339a79b - - default default] DELETE failed (client error): The resource could not be found. [pid: 7|app: 0|req: 655/1350] 10.0.0.22 () {32 vars in 718 bytes} [Fri Apr 17 06:36:56 2026] DELETE /v2.0/ports/b73d16a2-54ef-4ad9-922a-241ac82beb99 => generated 132 bytes in 23 msecs (HTTP/1.1 404) 4 headers in 164 bytes (1 switches on core 0)
2026-04-17 06:36:56.334 8 INFO neutron.pecan_wsgi.hooks.translation [None req-b9cea378-ed49-49ff-8fab-652b2d16a45f 25a34567fa134738be30a137a9b17823 a453d53b022140c9a440f37c0339a79b - - default default] GET failed (client error): The resource could not be found. [pid: 8|app: 0|req: 696/1351] 10.0.0.22 () {32 vars in 715 bytes} [Fri Apr 17 06:36:56 2026] GET /v2.0/ports/b73d16a2-54ef-4ad9-922a-241ac82beb99 => generated 132 bytes in 19 msecs (HTTP/1.1 404) 4 headers in 164 bytes (1 switches on core 0) [pid: 7|app: 0|req: 656/1352] 10.0.0.22 () {32 vars in 722 bytes} [Fri Apr 17 06:36:56 2026] DELETE /v2.0/subnets/2872a780-e62d-4a5b-8e06-2c333f352582 => generated 0 bytes in 162 msecs (HTTP/1.1 204) 3 headers in 131 bytes (1 switches on core 0)
2026-04-17 06:36:56.634 7 INFO neutron_taas.services.taas.taas_plugin [None req-5c115842-eeda-4566-932d-f8835275c1a4 25a34567fa134738be30a137a9b17823 a453d53b022140c9a440f37c0339a79b - - default default] TaaS: Handle Delete Port: 14083430-9116-4994-9b8d-3fe246e84e73
2026-04-17 06:36:56.636 7 INFO neutron_taas.services.taas.tap_mirror_plugin [None req-5c115842-eeda-4566-932d-f8835275c1a4 25a34567fa134738be30a137a9b17823 a453d53b022140c9a440f37c0339a79b - - default default] Tap Mirror: Handle Delete Port: 14083430-9116-4994-9b8d-3fe246e84e73
2026-04-17 06:36:56.765 8 INFO neutron.db.ovn_revision_numbers_db [None req-5af88f2d-9c3d-4926-97f9-0bf6f627143f 13ad9bf77f224fb384958772b2d29f94 d1f007a4085c4168b3682c6f5d078866 - - default default] Successfully bumped revision number for resource 7c0840b0-263d-43d2-9f43-f54ed2be6da6 (type: security_groups) to 1
2026-04-17 06:36:56.781 8 INFO neutron.db.ovn_revision_numbers_db [None req-5af88f2d-9c3d-4926-97f9-0bf6f627143f 13ad9bf77f224fb384958772b2d29f94 d1f007a4085c4168b3682c6f5d078866 - - default default] Successfully bumped revision number for resource 4c177a5f-fdf9-4971-adae-1d862ff24d5d (type: security_group_rules) to 0
2026-04-17 06:36:56.794 8 INFO neutron.db.ovn_revision_numbers_db [None req-5af88f2d-9c3d-4926-97f9-0bf6f627143f 13ad9bf77f224fb384958772b2d29f94 d1f007a4085c4168b3682c6f5d078866 - - default default] Successfully bumped revision number for resource 7ada6612-596f-4424-9d8c-60ccc9947841 (type: security_group_rules) to 0
2026-04-17 06:36:56.805 8 INFO neutron.db.ovn_revision_numbers_db [None req-5af88f2d-9c3d-4926-97f9-0bf6f627143f 13ad9bf77f224fb384958772b2d29f94 d1f007a4085c4168b3682c6f5d078866 - - default default] Successfully bumped revision number for resource 835a9de2-48b9-4192-966d-e8eb39812806 (type: security_group_rules) to 0
2026-04-17 06:36:56.818 8 INFO neutron.db.ovn_revision_numbers_db [None req-5af88f2d-9c3d-4926-97f9-0bf6f627143f 13ad9bf77f224fb384958772b2d29f94 d1f007a4085c4168b3682c6f5d078866 - - default default] Successfully bumped revision number for resource a50857a4-6c37-44bc-aea6-f3fb50bc6774 (type: security_group_rules) to 0
2026-04-17 06:36:56.847 7 INFO neutron.services.segments.plugin [-] Segment 54c46a40-a998-4052-9d72-82a9b6bb3492 resource provider aggregate not found
2026-04-17 06:36:56.850 7 INFO neutron.services.segments.plugin [-] Segment 54c46a40-a998-4052-9d72-82a9b6bb3492 resource provider aggregate not found
2026-04-17 06:36:56.866 7 INFO neutron.services.segments.plugin [-] Segment 54c46a40-a998-4052-9d72-82a9b6bb3492 resource provider not found; error: Placement Client Error (4xx): {"errors": [{"status": 404, "title": "Not Found", "detail": "The resource could not be found.\n\n No resource provider with uuid 54c46a40-a998-4052-9d72-82a9b6bb3492 found for delete ", "request_id": "req-bdd516ba-585a-4aa5-b7b4-4dfd76805d8b"}]}
2026-04-17 06:36:56.869 7 INFO neutron.services.segments.plugin [-] Segment 54c46a40-a998-4052-9d72-82a9b6bb3492 resource provider not found; error: Placement Client Error (4xx): {"errors": [{"status": 404, "title": "Not Found", "detail": "The resource could not be found.\n\n No resource provider with uuid 54c46a40-a998-4052-9d72-82a9b6bb3492 found for delete ", "request_id": "req-f2a3f8a2-d653-42d7-b560-feb5e891adb8"}]} [pid: 7|app: 0|req: 657/1353] 10.0.0.22 () {32 vars in 724 bytes} [Fri Apr 17 06:36:56 2026] DELETE /v2.0/networks/a02afddc-29c8-4557-b65f-7a8bf38d4457 => generated 0 bytes in 392 msecs (HTTP/1.1 204) 3 headers in 131 bytes (1 switches on core 0)
2026-04-17 06:36:56.906 8 INFO neutron.db.segments_db [None req-5af88f2d-9c3d-4926-97f9-0bf6f627143f 13ad9bf77f224fb384958772b2d29f94 d1f007a4085c4168b3682c6f5d078866 - - default default] Added segment 45661107-0524-475c-a0d4-cea31d87bf91 of type geneve for network 49289d04-3907-43dc-b355-5401db6c41c4 [pid: 7|app: 0|req: 658/1354] 10.0.0.57 () {34 vars in 988 bytes} [Fri Apr 17 06:36:56 2026] GET /v2.0/ports?device_id=fc8a1df6-e440-4d58-9d17-318c37a74580 => generated 12 bytes in 34 msecs (HTTP/1.1 200) 4 headers in 156 bytes (1 switches on core 0)
2026-04-17 06:36:57.025 7 INFO neutron.db.segments_db [None req-92820237-c584-4e62-ae43-d5ca38c18e8d 25a34567fa134738be30a137a9b17823 a453d53b022140c9a440f37c0339a79b - - default default] Added segment f8efb793-4556-4d70-94f6-a429708df7cc of type geneve for network b6a20c38-28f1-4041-b61b-49212983a28b
2026-04-17 06:36:57.034 8 INFO neutron.db.ovn_revision_numbers_db [None req-5af88f2d-9c3d-4926-97f9-0bf6f627143f 13ad9bf77f224fb384958772b2d29f94 d1f007a4085c4168b3682c6f5d078866 - - default default] Successfully bumped revision number for resource 49289d04-3907-43dc-b355-5401db6c41c4 (type: networks) to 1
2026-04-17 06:36:57.134 7 INFO neutron.db.ovn_revision_numbers_db [None req-92820237-c584-4e62-ae43-d5ca38c18e8d 25a34567fa134738be30a137a9b17823 a453d53b022140c9a440f37c0339a79b - - default default] Successfully bumped revision number for resource b6a20c38-28f1-4041-b61b-49212983a28b (type: networks) to 1
2026-04-17 06:36:57.210 8 WARNING neutron.scheduler.dhcp_agent_scheduler [None req-5af88f2d-9c3d-4926-97f9-0bf6f627143f 13ad9bf77f224fb384958772b2d29f94 d1f007a4085c4168b3682c6f5d078866 - - default default] No more DHCP agents
2026-04-17 06:36:57.212 8 WARNING neutron.api.rpc.agentnotifiers.dhcp_rpc_agent_api [None req-5af88f2d-9c3d-4926-97f9-0bf6f627143f 13ad9bf77f224fb384958772b2d29f94 d1f007a4085c4168b3682c6f5d078866 - - default default] Unable to schedule network 49289d04-3907-43dc-b355-5401db6c41c4: no agents available; will retry on subsequent port and subnet creation events.
2026-04-17 06:36:57.274 7 INFO neutron.plugins.ml2.drivers.ovn.mech_driver.mech_driver [None req-e382e1fa-f35b-4448-999b-c6e360e5ed69 - - - - - -] OVN reports status down for port: 3651e772-63da-445c-b002-f9b594176f03
2026-04-17 06:36:57.299 8 INFO neutron.db.ovn_revision_numbers_db [None req-5af88f2d-9c3d-4926-97f9-0bf6f627143f 13ad9bf77f224fb384958772b2d29f94 d1f007a4085c4168b3682c6f5d078866 - - default default] Successfully bumped revision number for resource 3651e772-63da-445c-b002-f9b594176f03 (type: ports) to 1 [pid: 8|app: 0|req: 697/1355] 10.0.0.22 () {34 vars in 668 bytes} [Fri Apr 17 06:36:56 2026] POST /v2.0/networks => generated 668 bytes in 853 msecs (HTTP/1.1 201) 4 headers in 162 bytes (1 switches on core 0)
2026-04-17 06:36:57.376 7 WARNING neutron.scheduler.dhcp_agent_scheduler [None req-92820237-c584-4e62-ae43-d5ca38c18e8d 25a34567fa134738be30a137a9b17823 a453d53b022140c9a440f37c0339a79b - - default default] No more DHCP agents
2026-04-17 06:36:57.381 7 WARNING neutron.api.rpc.agentnotifiers.dhcp_rpc_agent_api [None req-92820237-c584-4e62-ae43-d5ca38c18e8d 25a34567fa134738be30a137a9b17823 a453d53b022140c9a440f37c0339a79b - - default default] Unable to schedule network b6a20c38-28f1-4041-b61b-49212983a28b: no agents available; will retry on subsequent port and subnet creation events.
2026-04-17 06:36:57.454 7 INFO neutron.plugins.ml2.drivers.ovn.mech_driver.mech_driver [None req-e382e1fa-f35b-4448-999b-c6e360e5ed69 - - - - - -] OVN reports status down for port: d5e5a1e6-8353-49c2-9bd1-b8d6a9f79354
2026-04-17 06:36:57.516 7 INFO neutron.db.ovn_revision_numbers_db [None req-92820237-c584-4e62-ae43-d5ca38c18e8d 25a34567fa134738be30a137a9b17823 a453d53b022140c9a440f37c0339a79b - - default default] Successfully bumped revision number for resource d5e5a1e6-8353-49c2-9bd1-b8d6a9f79354 (type: ports) to 1
2026-04-17 06:36:57.529 8 WARNING neutron.scheduler.dhcp_agent_scheduler [None req-66358d15-f1b6-4c80-8430-8f11aece0a44 13ad9bf77f224fb384958772b2d29f94 d1f007a4085c4168b3682c6f5d078866 - - default default] No more DHCP agents
2026-04-17 06:36:57.530 8 WARNING neutron.api.rpc.agentnotifiers.dhcp_rpc_agent_api [None req-66358d15-f1b6-4c80-8430-8f11aece0a44 13ad9bf77f224fb384958772b2d29f94 d1f007a4085c4168b3682c6f5d078866 - - default default] Unable to schedule network 49289d04-3907-43dc-b355-5401db6c41c4: no agents available; will retry on subsequent port and subnet creation events.
2026-04-17 06:36:57.550 8 INFO neutron.db.ovn_revision_numbers_db [None req-66358d15-f1b6-4c80-8430-8f11aece0a44 13ad9bf77f224fb384958772b2d29f94 d1f007a4085c4168b3682c6f5d078866 - - default default] Successfully bumped revision number for resource ac4562c7-ccfe-469e-b16a-8b9eea96125e (type: subnets) to 0 [pid: 7|app: 0|req: 659/1356] 10.0.0.22 () {34 vars in 668 bytes} [Fri Apr 17 06:36:56 2026] POST /v2.0/networks => generated 654 bytes in 634 msecs (HTTP/1.1 201) 4 headers in 162 bytes (1 switches on core 0) [pid: 8|app: 0|req: 698/1357] 10.0.0.22 () {34 vars in 667 bytes} [Fri Apr 17 06:36:57 2026] POST /v2.0/subnets => generated 627 bytes in 250 msecs (HTTP/1.1 201) 4 headers in 162 bytes (1 switches on core 0) [pid: 7|app: 0|req: 660/1358] 10.0.0.22 () {32 vars in 824 bytes} [Fri Apr 17 06:36:57 2026] GET /v2.0/ports?project_id=be9d34ab20c6411189ff825c18b3325d&network_id=fb43035d-5eea-4663-b96d-5da227292fa4 => generated 3319 bytes in 74 msecs (HTTP/1.1 200) 4 headers in 158 bytes (1 switches on core 0)
2026-04-17 06:36:57.774 8 WARNING neutron.scheduler.dhcp_agent_scheduler [None req-9e54fb7b-1076-4376-86de-4d51b21b1343 25a34567fa134738be30a137a9b17823 a453d53b022140c9a440f37c0339a79b - - default default] No more DHCP agents
2026-04-17 06:36:57.775 8 WARNING neutron.api.rpc.agentnotifiers.dhcp_rpc_agent_api [None req-9e54fb7b-1076-4376-86de-4d51b21b1343 25a34567fa134738be30a137a9b17823 a453d53b022140c9a440f37c0339a79b - - default default] Unable to schedule network b6a20c38-28f1-4041-b61b-49212983a28b: no agents available; will retry on subsequent port and subnet creation events.
2026-04-17 06:36:57.810 8 INFO neutron.db.ovn_revision_numbers_db [None req-9e54fb7b-1076-4376-86de-4d51b21b1343 25a34567fa134738be30a137a9b17823 a453d53b022140c9a440f37c0339a79b - - default default] Successfully bumped revision number for resource ed90b28d-d7b7-448b-8690-61b10af333f8 (type: subnets) to 0 [pid: 8|app: 0|req: 699/1359] 10.0.0.22 () {34 vars in 667 bytes} [Fri Apr 17 06:36:57 2026] POST /v2.0/subnets => generated 646 bytes in 247 msecs (HTTP/1.1 201) 4 headers in 162 bytes (1 switches on core 0)
2026-04-17 06:36:58.045 7 WARNING neutron.scheduler.dhcp_agent_scheduler [None req-a588e054-9b31-4f03-878f-2f143fbcdb39 13ad9bf77f224fb384958772b2d29f94 d1f007a4085c4168b3682c6f5d078866 - - default default] No more DHCP agents
2026-04-17 06:36:58.046 7 WARNING neutron.api.rpc.agentnotifiers.dhcp_rpc_agent_api [None req-a588e054-9b31-4f03-878f-2f143fbcdb39 13ad9bf77f224fb384958772b2d29f94 d1f007a4085c4168b3682c6f5d078866 - - default default] Unable to schedule network cd0ff52c-f048-4193-a89f-b8e9ff8d0661: no agents available; will retry on subsequent port and subnet creation events.
2026-04-17 06:36:58.112 8 WARNING neutron.scheduler.dhcp_agent_scheduler [None req-ba01c26a-609b-4680-9b98-22963b7d97e0 25a34567fa134738be30a137a9b17823 a453d53b022140c9a440f37c0339a79b - - default default] No more DHCP agents
2026-04-17 06:36:58.114 8 WARNING neutron.api.rpc.agentnotifiers.dhcp_rpc_agent_api [None req-ba01c26a-609b-4680-9b98-22963b7d97e0 25a34567fa134738be30a137a9b17823 a453d53b022140c9a440f37c0339a79b - - default default] Unable to schedule network b6a20c38-28f1-4041-b61b-49212983a28b: no agents available; will retry on subsequent port and subnet creation events.
2026-04-17 06:36:58.170 8 INFO neutron.plugins.ml2.drivers.ovn.mech_driver.mech_driver [None req-7be61abd-56ff-4053-b9af-05b7fc7eef06 - - - - - -] OVN reports status down for port: 08a24f52-4778-4b52-a2c7-faa6fcaa72eb
2026-04-17 06:36:58.199 7 INFO neutron.db.ovn_revision_numbers_db [None req-a588e054-9b31-4f03-878f-2f143fbcdb39 13ad9bf77f224fb384958772b2d29f94 d1f007a4085c4168b3682c6f5d078866 - - default default] Successfully bumped revision number for resource 08a24f52-4778-4b52-a2c7-faa6fcaa72eb (type: ports) to 1
2026-04-17 06:36:58.294 7 INFO neutron.plugins.ml2.drivers.ovn.mech_driver.mech_driver [None req-e382e1fa-f35b-4448-999b-c6e360e5ed69 - - - - - -] OVN reports status down for port: 641d530d-4016-498d-94d4-31faf575ef92
2026-04-17 06:36:58.313 8 INFO neutron.db.ovn_revision_numbers_db [None req-ba01c26a-609b-4680-9b98-22963b7d97e0 25a34567fa134738be30a137a9b17823 a453d53b022140c9a440f37c0339a79b - - default default] Successfully bumped revision number for resource 641d530d-4016-498d-94d4-31faf575ef92 (type: ports) to 1 [pid: 8|app: 0|req: 700/1360] 10.0.0.22 () {34 vars in 663 bytes} [Fri Apr 17 06:36:57 2026] POST /v2.0/ports => generated 924 bytes in 508 msecs (HTTP/1.1 201) 4 headers in 162 bytes (1 switches on core 0) [pid: 8|app: 0|req: 701/1361] 10.0.0.22 () {32 vars in 740 bytes} [Fri Apr 17 06:36:58 2026] GET /v2.0/subnets?network_id=cd0ff52c-f048-4193-a89f-b8e9ff8d0661 => generated 667 bytes in 35 msecs (HTTP/1.1 200) 4 headers in 157 bytes (1 switches on core 0) [pid: 8|app: 0|req: 702/1362] 10.0.0.57 () {34 vars in 988 bytes} [Fri Apr 17 06:36:58 2026] GET /v2.0/ports?device_id=fc8a1df6-e440-4d58-9d17-318c37a74580 => generated 12 bytes in 22 msecs (HTTP/1.1 200) 4 headers in 156 bytes (1 switches on core 0)
2026-04-17 06:36:58.525 8 INFO neutron_taas.services.taas.taas_plugin [None req-d416fba3-4d77-4534-b50b-5f3b15c4b6bb 25a34567fa134738be30a137a9b17823 a453d53b022140c9a440f37c0339a79b - - default default] TaaS: Handle Delete Port: 641d530d-4016-498d-94d4-31faf575ef92
2026-04-17 06:36:58.528 8 INFO neutron_taas.services.taas.tap_mirror_plugin [None req-d416fba3-4d77-4534-b50b-5f3b15c4b6bb 25a34567fa134738be30a137a9b17823 a453d53b022140c9a440f37c0339a79b - - default default] Tap Mirror: Handle Delete Port: 641d530d-4016-498d-94d4-31faf575ef92 [pid: 8|app: 0|req: 703/1363] 10.0.0.22 () {32 vars in 718 bytes} [Fri Apr 17 06:36:58 2026] DELETE /v2.0/ports/641d530d-4016-498d-94d4-31faf575ef92 => generated 0 bytes in 286 msecs (HTTP/1.1 204) 3 headers in 131 bytes (1 switches on core 0)
2026-04-17 06:36:58.909 7 INFO neutron.plugins.ml2.drivers.ovn.mech_driver.ovsdb.commands [None req-afb921af-b2ef-4c19-8359-25119a7443df - - - - - -] Schedule LRP lrp-08a24f52-4778-4b52-a2c7-faa6fcaa72eb on gateway 17becd45-4ef1-45db-978b-25c895cc8398 with priority 1
2026-04-17 06:36:58.958 7 INFO neutron.db.ovn_revision_numbers_db [None req-a588e054-9b31-4f03-878f-2f143fbcdb39 13ad9bf77f224fb384958772b2d29f94 d1f007a4085c4168b3682c6f5d078866 - - default default] Successfully bumped revision number for resource 08a24f52-4778-4b52-a2c7-faa6fcaa72eb (type: router_ports) to 1
2026-04-17 06:36:59.013 7 INFO neutron.db.ovn_revision_numbers_db [None req-a588e054-9b31-4f03-878f-2f143fbcdb39 13ad9bf77f224fb384958772b2d29f94 d1f007a4085c4168b3682c6f5d078866 - - default default] Successfully bumped revision number for resource 72c7b05b-6efe-4d68-9b18-6dac96d9d839 (type: routers) to 2 [pid: 7|app: 0|req: 661/1364] 10.0.0.22 () {34 vars in 667 bytes} [Fri Apr 17 06:36:57 2026] POST /v2.0/routers => generated 955 bytes in 1388 msecs (HTTP/1.1 201) 4 headers in 162 bytes (1 switches on core 0)
2026-04-17 06:36:59.046 7 INFO neutron.pecan_wsgi.hooks.translation [None req-090e0bb7-c9a8-443b-a0c3-17f0b7b8e863 25a34567fa134738be30a137a9b17823 a453d53b022140c9a440f37c0339a79b - - default default] GET failed (client error): The resource could not be found. [pid: 7|app: 0|req: 662/1365] 10.0.0.22 () {32 vars in 715 bytes} [Fri Apr 17 06:36:59 2026] GET /v2.0/ports/641d530d-4016-498d-94d4-31faf575ef92 => generated 132 bytes in 14 msecs (HTTP/1.1 404) 4 headers in 164 bytes (1 switches on core 0)
2026-04-17 06:36:59.429 8 INFO neutron.plugins.ml2.drivers.ovn.mech_driver.mech_driver [None req-7be61abd-56ff-4053-b9af-05b7fc7eef06 - - - - - -] OVN reports status up for port: 08a24f52-4778-4b52-a2c7-faa6fcaa72eb
2026-04-17 06:36:59.461 8 INFO neutron.plugins.ml2.plugin [None req-7be61abd-56ff-4053-b9af-05b7fc7eef06 - - - - - -] Attempt 1 to provision port 08a24f52-4778-4b52-a2c7-faa6fcaa72eb
2026-04-17 06:36:59.502 8 INFO neutron.db.ovn_revision_numbers_db [None req-69706436-72c6-432b-9eb8-bdcabb9b6542 eaab6c81f4cf4eaebdf9b784faca5a34 be9d34ab20c6411189ff825c18b3325d - - default default] Successfully bumped revision number for resource 4a2de443-7e34-4580-b5c8-b3ab8aabb71c (type: floatingips) to 2
2026-04-17 06:36:59.584 7 WARNING neutron.scheduler.dhcp_agent_scheduler [None req-f1357e18-5c84-4b83-8a3b-8ad0f40174bc 13ad9bf77f224fb384958772b2d29f94 d1f007a4085c4168b3682c6f5d078866 - - default default] No more DHCP agents
2026-04-17 06:36:59.587 7 WARNING neutron.api.rpc.agentnotifiers.dhcp_rpc_agent_api [None req-f1357e18-5c84-4b83-8a3b-8ad0f40174bc 13ad9bf77f224fb384958772b2d29f94 d1f007a4085c4168b3682c6f5d078866 - - default default] Unable to schedule network 49289d04-3907-43dc-b355-5401db6c41c4: no agents available; will retry on subsequent port and subnet creation events.
2026-04-17 06:36:59.619 8 INFO neutron.db.l3_db [None req-69706436-72c6-432b-9eb8-bdcabb9b6542 eaab6c81f4cf4eaebdf9b784faca5a34 be9d34ab20c6411189ff825c18b3325d - - default default] Floating IP 4a2de443-7e34-4580-b5c8-b3ab8aabb71c disassociated. External IP: 10.96.250.215, port: 03b543d6-9e2c-486c-927e-e5e030417a28. [pid: 8|app: 0|req: 704/1366] 10.0.0.22 () {34 vars in 747 bytes} [Fri Apr 17 06:36:58 2026] PUT /v2.0/floatingips/4a2de443-7e34-4580-b5c8-b3ab8aabb71c => generated 554 bytes in 997 msecs (HTTP/1.1 200) 4 headers in 157 bytes (1 switches on core 0)
2026-04-17 06:36:59.741 8 INFO neutron.notifiers.nova [-] Nova event matching ['req-f326124d-9730-47a3-8da9-6816462de86f'] response: {'name': 'network-changed', 'server_uuid': 'b22352d5-122f-483e-bfa7-9c04dc6d0af4', 'tag': '03b543d6-9e2c-486c-927e-e5e030417a28', 'status': 'completed', 'code': 200}
2026-04-17 06:36:59.741 7 INFO neutron.plugins.ml2.drivers.ovn.mech_driver.mech_driver [None req-e382e1fa-f35b-4448-999b-c6e360e5ed69 - - - - - -] OVN reports status down for port: cdc812ea-37e2-440d-bea5-a98e024b009d
2026-04-17 06:36:59.798 7 INFO neutron.db.ovn_revision_numbers_db [None req-f1357e18-5c84-4b83-8a3b-8ad0f40174bc 13ad9bf77f224fb384958772b2d29f94 d1f007a4085c4168b3682c6f5d078866 - - default default] Successfully bumped revision number for resource cdc812ea-37e2-440d-bea5-a98e024b009d (type: ports) to 1 [pid: 8|app: 0|req: 705/1367] 10.0.0.22 () {32 vars in 722 bytes} [Fri Apr 17 06:36:59 2026] DELETE /v2.0/subnets/ed90b28d-d7b7-448b-8690-61b10af333f8 => generated 0 bytes in 198 msecs (HTTP/1.1 204) 3 headers in 131 bytes (1 switches on core 0) [pid: 8|app: 0|req: 706/1368] 10.0.0.22 () {32 vars in 727 bytes} [Fri Apr 17 06:36:59 2026] GET /v2.0/floatingips/4a2de443-7e34-4580-b5c8-b3ab8aabb71c => generated 552 bytes in 24 msecs (HTTP/1.1 200) 4 headers in 157 bytes (1 switches on core 0)
2026-04-17 06:37:00.017 8 INFO neutron_taas.services.taas.taas_plugin [None req-8174fd6f-1932-410e-8708-4489cabefa69 25a34567fa134738be30a137a9b17823 a453d53b022140c9a440f37c0339a79b - - default default] TaaS: Handle Delete Port: d5e5a1e6-8353-49c2-9bd1-b8d6a9f79354
2026-04-17 06:37:00.020 8 INFO neutron_taas.services.taas.tap_mirror_plugin [None req-8174fd6f-1932-410e-8708-4489cabefa69 25a34567fa134738be30a137a9b17823 a453d53b022140c9a440f37c0339a79b - - default default] Tap Mirror: Handle Delete Port: d5e5a1e6-8353-49c2-9bd1-b8d6a9f79354
2026-04-17 06:37:00.215 8 INFO neutron.services.segments.plugin [-] Segment f8efb793-4556-4d70-94f6-a429708df7cc resource provider aggregate not found
2026-04-17 06:37:00.221 8 INFO neutron.services.segments.plugin [-] Segment f8efb793-4556-4d70-94f6-a429708df7cc resource provider aggregate not found
2026-04-17 06:37:00.237 8 INFO neutron.services.segments.plugin [-] Segment f8efb793-4556-4d70-94f6-a429708df7cc resource provider not found; error: Placement Client Error (4xx): {"errors": [{"status": 404, "title": "Not Found", "detail": "The resource could not be found.\n\n No resource provider with uuid f8efb793-4556-4d70-94f6-a429708df7cc found for delete ", "request_id": "req-71a78e5e-8505-4435-8c38-3187760cb1e6"}]}
2026-04-17 06:37:00.242 8 INFO neutron.services.segments.plugin [-] Segment f8efb793-4556-4d70-94f6-a429708df7cc resource provider not found; error: Placement Client Error (4xx): {"errors": [{"status": 404, "title": "Not Found", "detail": "The resource could not be found.\n\n No resource provider with uuid f8efb793-4556-4d70-94f6-a429708df7cc found for delete ", "request_id": "req-eddd71b9-f7e4-4438-8b21-a7b22d993513"}]} [pid: 8|app: 0|req: 707/1369] 10.0.0.22 () {32 vars in 724 bytes} [Fri Apr 17 06:36:59 2026] DELETE /v2.0/networks/b6a20c38-28f1-4041-b61b-49212983a28b => generated 0 bytes in 359 msecs (HTTP/1.1 204) 3 headers in 131 bytes (1 switches on core 0) [pid: 8|app: 0|req: 708/1370] 199.204.45.95 () {34 vars in 1078 bytes} [Fri Apr 17 06:37:00 2026] GET /v2.0/ports?tenant_id=be9d34ab20c6411189ff825c18b3325d&device_id=b22352d5-122f-483e-bfa7-9c04dc6d0af4 => generated 1213 bytes in 26 msecs (HTTP/1.1 200) 4 headers in 158 bytes (1 switches on core 0)
2026-04-17 06:37:00.468 8 WARNING neutron.scheduler.dhcp_agent_scheduler [None req-c87d14ba-a040-4ae0-be8a-f41cf640cca1 25a34567fa134738be30a137a9b17823 a453d53b022140c9a440f37c0339a79b - - default default] No more DHCP agents
2026-04-17 06:37:00.470 8 WARNING neutron.api.rpc.agentnotifiers.dhcp_rpc_agent_api [None req-c87d14ba-a040-4ae0-be8a-f41cf640cca1 25a34567fa134738be30a137a9b17823 a453d53b022140c9a440f37c0339a79b - - default default] Unable to schedule network d6c63eaf-9d92-4f52-90ea-a107909f966e: no agents available; will retry on subsequent port and subnet creation events.
2026-04-17 06:37:00.527 7 INFO neutron.plugins.ml2.drivers.ovn.mech_driver.mech_driver [None req-e382e1fa-f35b-4448-999b-c6e360e5ed69 - - - - - -] OVN reports status up for port: cdc812ea-37e2-440d-bea5-a98e024b009d
2026-04-17 06:37:00.566 7 INFO neutron.plugins.ml2.plugin [None req-e382e1fa-f35b-4448-999b-c6e360e5ed69 - - - - - -] Attempt 1 to provision port cdc812ea-37e2-440d-bea5-a98e024b009d
2026-04-17 06:37:00.566 8 INFO neutron.db.ovn_revision_numbers_db [None req-c87d14ba-a040-4ae0-be8a-f41cf640cca1 25a34567fa134738be30a137a9b17823 a453d53b022140c9a440f37c0339a79b - - default default] Successfully bumped revision number for resource b8796365-1c46-48a1-8bc4-75a7884e41fd (type: ports) to 1 [pid: 8|app: 0|req: 709/1371] 10.0.0.22 () {34 vars in 663 bytes} [Fri Apr 17 06:37:00 2026] POST /v2.0/ports => generated 779 bytes in 321 msecs (HTTP/1.1 201) 4 headers in 162 bytes (1 switches on core 0) /var/lib/openstack/lib/python3.12/site-packages/pycadf/identifier.py:70: UserWarning: Invalid uuid: neutron. To ensure interoperability, identifiers should be a valid uuid. warnings.warn(('Invalid uuid: %s. To ensure interoperability, ' [pid: 8|app: 0|req: 710/1372] 199.204.45.95 () {34 vars in 984 bytes} [Fri Apr 17 06:37:00 2026] GET /v2.0/networks?id=fb43035d-5eea-4663-b96d-5da227292fa4 => generated 797 bytes in 42 msecs (HTTP/1.1 200) 4 headers in 157 bytes (1 switches on core 0)
2026-04-17 06:37:00.698 7 WARNING neutron.scheduler.dhcp_agent_scheduler [None req-f1357e18-5c84-4b83-8a3b-8ad0f40174bc 13ad9bf77f224fb384958772b2d29f94 d1f007a4085c4168b3682c6f5d078866 - - default default] No more DHCP agents
2026-04-17 06:37:00.705 7 WARNING neutron.api.rpc.agentnotifiers.dhcp_rpc_agent_api [None req-f1357e18-5c84-4b83-8a3b-8ad0f40174bc 13ad9bf77f224fb384958772b2d29f94 d1f007a4085c4168b3682c6f5d078866 - - default default] Unable to schedule network 49289d04-3907-43dc-b355-5401db6c41c4: no agents available; will retry on subsequent port and subnet creation events.
2026-04-17 06:37:00.899 8 INFO neutron.db.ovn_revision_numbers_db [None req-c02823b8-d006-411c-a00f-5a55755baf09 25a34567fa134738be30a137a9b17823 a453d53b022140c9a440f37c0339a79b - - default default] Successfully bumped revision number for resource b8796365-1c46-48a1-8bc4-75a7884e41fd (type: ports) to 2 [pid: 8|app: 0|req: 711/1373] 10.0.0.22 () {34 vars in 735 bytes} [Fri Apr 17 06:37:00 2026] PUT /v2.0/ports/b8796365-1c46-48a1-8bc4-75a7884e41fd => generated 752 bytes in 252 msecs (HTTP/1.1 200) 4 headers in 157 bytes (1 switches on core 0) /var/lib/openstack/lib/python3.12/site-packages/pycadf/identifier.py:70: UserWarning: Invalid uuid: neutron. To ensure interoperability, identifiers should be a valid uuid. warnings.warn(('Invalid uuid: %s. To ensure interoperability, ' [pid: 8|app: 0|req: 712/1374] 199.204.45.95 () {34 vars in 1058 bytes} [Fri Apr 17 06:37:00 2026] GET /v2.0/floatingips?fixed_ip_address=10.100.0.11&port_id=03b543d6-9e2c-486c-927e-e5e030417a28 => generated 19 bytes in 15 msecs (HTTP/1.1 200) 4 headers in 156 bytes (1 switches on core 0)
2026-04-17 06:37:01.200 8 INFO neutron_taas.services.taas.taas_plugin [None req-85d4e12a-bab6-422b-ad2c-214930cda44d a28c5d6f0bb04008b4ca9dff4cbb0db7 779cb59555ff4283abec68d31a7ad68c - - default default] TaaS: Handle Delete Port: 72a1c2eb-e3a8-4035-af9e-9abe61d24771
2026-04-17 06:37:01.203 8 INFO neutron_taas.services.taas.tap_mirror_plugin [None req-85d4e12a-bab6-422b-ad2c-214930cda44d a28c5d6f0bb04008b4ca9dff4cbb0db7 779cb59555ff4283abec68d31a7ad68c - - default default] Tap Mirror: Handle Delete Port: 72a1c2eb-e3a8-4035-af9e-9abe61d24771
2026-04-17 06:37:01.254 7 INFO neutron.db.ovn_revision_numbers_db [None req-e382e1fa-f35b-4448-999b-c6e360e5ed69 - - - - - -] Successfully bumped revision number for resource cdc812ea-37e2-440d-bea5-a98e024b009d (type: ports) to 2
2026-04-17 06:37:01.462 7 INFO neutron.db.ovn_revision_numbers_db [None req-f1357e18-5c84-4b83-8a3b-8ad0f40174bc 13ad9bf77f224fb384958772b2d29f94 d1f007a4085c4168b3682c6f5d078866 - - default default] Successfully bumped revision number for resource cdc812ea-37e2-440d-bea5-a98e024b009d (type: router_ports) to 1 [pid: 7|app: 0|req: 663/1375] 10.0.0.22 () {34 vars in 781 bytes} [Fri Apr 17 06:36:59 2026] PUT /v2.0/routers/72c7b05b-6efe-4d68-9b18-6dac96d9d839/add_router_interface => generated 309 bytes in 2423 msecs (HTTP/1.1 200) 4 headers in 157 bytes (1 switches on core 0) /var/lib/openstack/lib/python3.12/site-packages/pycadf/identifier.py:70: UserWarning: Invalid uuid: neutron. To ensure interoperability, identifiers should be a valid uuid. warnings.warn(('Invalid uuid: %s. To ensure interoperability, '
2026-04-17 06:37:01.628 7 INFO neutron_taas.services.taas.taas_plugin [None req-614d90f7-6b7c-4f41-ba43-e203d6f525ba 25a34567fa134738be30a137a9b17823 a453d53b022140c9a440f37c0339a79b - - default default] TaaS: Handle Delete Port: b8796365-1c46-48a1-8bc4-75a7884e41fd
2026-04-17 06:37:01.642 7 INFO neutron_taas.services.taas.tap_mirror_plugin [None req-614d90f7-6b7c-4f41-ba43-e203d6f525ba 25a34567fa134738be30a137a9b17823 a453d53b022140c9a440f37c0339a79b - - default default] Tap Mirror: Handle Delete Port: b8796365-1c46-48a1-8bc4-75a7884e41fd [pid: 7|app: 0|req: 664/1376] 10.0.0.22 () {32 vars in 718 bytes} [Fri Apr 17 06:37:01 2026] DELETE /v2.0/ports/b8796365-1c46-48a1-8bc4-75a7884e41fd => generated 0 bytes in 280 msecs (HTTP/1.1 204) 3 headers in 131 bytes (1 switches on core 0) [pid: 7|app: 0|req: 665/1377] 199.204.45.95 () {34 vars in 982 bytes} [Fri Apr 17 06:37:01 2026] GET /v2.0/subnets?id=4b85bd3d-899d-49e6-92ae-5191bc86870f => generated 677 bytes in 25 msecs (HTTP/1.1 200) 4 headers in 157 bytes (1 switches on core 0) [pid: 8|app: 0|req: 713/1378] 10.0.0.22 () {34 vars in 787 bytes} [Fri Apr 17 06:37:00 2026] PUT /v2.0/routers/3c462963-9288-4aa4-b295-758b6b49c677/remove_router_interface => generated 309 bytes in 922 msecs (HTTP/1.1 200) 4 headers in 157 bytes (1 switches on core 0) /var/lib/openstack/lib/python3.12/site-packages/pycadf/identifier.py:70: UserWarning: Invalid uuid: neutron. To ensure interoperability, identifiers should be a valid uuid. warnings.warn(('Invalid uuid: %s. To ensure interoperability, '
2026-04-17 06:37:01.959 7 INFO neutron.db.ovn_revision_numbers_db [None req-694aa8ec-ba5e-4134-8279-dbcaaf8738bf eaab6c81f4cf4eaebdf9b784faca5a34 be9d34ab20c6411189ff825c18b3325d - - default default] Successfully bumped revision number for resource f00dddff-d69a-4f95-be60-65b7f1aed302 (type: security_groups) to 1
2026-04-17 06:37:01.971 7 INFO neutron.db.ovn_revision_numbers_db [None req-694aa8ec-ba5e-4134-8279-dbcaaf8738bf eaab6c81f4cf4eaebdf9b784faca5a34 be9d34ab20c6411189ff825c18b3325d - - default default] Successfully bumped revision number for resource 4f4b9106-d0ad-453e-917b-2507c479d7ed (type: security_group_rules) to 0
2026-04-17 06:37:01.983 7 INFO neutron.db.ovn_revision_numbers_db [None req-694aa8ec-ba5e-4134-8279-dbcaaf8738bf eaab6c81f4cf4eaebdf9b784faca5a34 be9d34ab20c6411189ff825c18b3325d - - default default] Successfully bumped revision number for resource b8a7f1ab-95de-4d0a-8d95-7fff29f41f98 (type: security_group_rules) to 0 [pid: 7|app: 0|req: 666/1379] 10.0.0.22 () {34 vars in 683 bytes} [Fri Apr 17 06:37:01 2026] POST /v2.0/security-groups => generated 1673 bytes in 248 msecs (HTTP/1.1 201) 4 headers in 163 bytes (1 switches on core 0) [pid: 7|app: 0|req: 667/1380] 10.0.0.22 () {32 vars in 641 bytes} [Fri Apr 17 06:37:02 2026] GET /v2.0/ports => generated 1537 bytes in 41 msecs (HTTP/1.1 200) 4 headers in 158 bytes (1 switches on core 0) [pid: 7|app: 0|req: 668/1381] 199.204.45.95 () {34 vars in 1050 bytes} [Fri Apr 17 06:37:02 2026] GET /v2.0/ports?network_id=fb43035d-5eea-4663-b96d-5da227292fa4&device_owner=network%3Adhcp => generated 12 bytes in 16 msecs (HTTP/1.1 200) 4 headers in 156 bytes (1 switches on core 0)
2026-04-17 06:37:02.102 8 WARNING neutron.scheduler.dhcp_agent_scheduler [None req-7b3a7297-66e4-4707-9780-ac01d305e5ea 13ad9bf77f224fb384958772b2d29f94 d1f007a4085c4168b3682c6f5d078866 - - default default] No more DHCP agents
2026-04-17 06:37:02.103 8 WARNING neutron.api.rpc.agentnotifiers.dhcp_rpc_agent_api [None req-7b3a7297-66e4-4707-9780-ac01d305e5ea 13ad9bf77f224fb384958772b2d29f94 d1f007a4085c4168b3682c6f5d078866 - - default default] Unable to schedule network 49289d04-3907-43dc-b355-5401db6c41c4: no agents available; will retry on subsequent port and subnet creation events.
2026-04-17 06:37:02.261 8 INFO neutron.db.ovn_revision_numbers_db [None req-7b3a7297-66e4-4707-9780-ac01d305e5ea 13ad9bf77f224fb384958772b2d29f94 d1f007a4085c4168b3682c6f5d078866 - - default default] Successfully bumped revision number for resource 356a7c81-14c8-4086-8910-9eae64560bcd (type: ports) to 1 [pid: 8|app: 0|req: 714/1382] 10.0.0.22 () {34 vars in 663 bytes} [Fri Apr 17 06:37:01 2026] POST /v2.0/ports => generated 955 bytes in 435 msecs (HTTP/1.1 201) 4 headers in 162 bytes (1 switches on core 0) /var/lib/openstack/lib/python3.12/site-packages/pycadf/identifier.py:70: UserWarning: Invalid uuid: neutron. To ensure interoperability, identifiers should be a valid uuid. warnings.warn(('Invalid uuid: %s. To ensure interoperability, '
2026-04-17 06:37:02.403 8 INFO neutron.db.ovn_revision_numbers_db [None req-2b8b2896-d8c2-4c29-9031-2c0b52f8493b eaab6c81f4cf4eaebdf9b784faca5a34 be9d34ab20c6411189ff825c18b3325d - - default default] Successfully bumped revision number for resource d5ae99fd-91c1-4581-88da-ae40a568a612 (type: security_group_rules) to 0
2026-04-17 06:37:02.425 7 INFO neutron_taas.services.taas.taas_plugin [None req-cab32786-7023-458d-96c5-2e286ced5bf2 a28c5d6f0bb04008b4ca9dff4cbb0db7 779cb59555ff4283abec68d31a7ad68c - - default default] TaaS: Handle Delete Port: d23c5c1b-b1cd-4da8-bd50-1290ccaeb354
2026-04-17 06:37:02.428 7 INFO neutron_taas.services.taas.tap_mirror_plugin [None req-cab32786-7023-458d-96c5-2e286ced5bf2 a28c5d6f0bb04008b4ca9dff4cbb0db7 779cb59555ff4283abec68d31a7ad68c - - default default] Tap Mirror: Handle Delete Port: d23c5c1b-b1cd-4da8-bd50-1290ccaeb354 [pid: 8|app: 0|req: 715/1383] 10.0.0.22 () {34 vars in 693 bytes} [Fri Apr 17 06:37:02 2026] POST /v2.0/security-group-rules => generated 597 bytes in 152 msecs (HTTP/1.1 201) 4 headers in 162 bytes (1 switches on core 0)
2026-04-17 06:37:02.455 8 INFO neutron.pecan_wsgi.hooks.translation [None req-ae8753c3-9449-4105-8239-3cb9eb99c5b1 25a34567fa134738be30a137a9b17823 a453d53b022140c9a440f37c0339a79b - - default default] GET failed (client error): The resource could not be found. [pid: 8|app: 0|req: 716/1384] 10.0.0.22 () {32 vars in 715 bytes} [Fri Apr 17 06:37:02 2026] GET /v2.0/ports/b8796365-1c46-48a1-8bc4-75a7884e41fd => generated 132 bytes in 16 msecs (HTTP/1.1 404) 4 headers in 164 bytes (1 switches on core 0) [pid: 8|app: 0|req: 717/1385] 199.204.45.95 () {34 vars in 1010 bytes} [Fri Apr 17 06:37:02 2026] GET /v2.0/networks/fb43035d-5eea-4663-b96d-5da227292fa4?fields=segments => generated 14 bytes in 28 msecs (HTTP/1.1 200) 4 headers in 156 bytes (1 switches on core 0)
2026-04-17 06:37:02.738 8 WARNING neutron.scheduler.dhcp_agent_scheduler [None req-1f1ba83a-d431-4fde-91ca-acf06aa5fa71 13ad9bf77f224fb384958772b2d29f94 d1f007a4085c4168b3682c6f5d078866 - - default default] No more DHCP agents
2026-04-17 06:37:02.739 8 WARNING neutron.api.rpc.agentnotifiers.dhcp_rpc_agent_api [None req-1f1ba83a-d431-4fde-91ca-acf06aa5fa71 13ad9bf77f224fb384958772b2d29f94 d1f007a4085c4168b3682c6f5d078866 - - default default] Unable to schedule network 49289d04-3907-43dc-b355-5401db6c41c4: no agents available; will retry on subsequent port and subnet creation events. [pid: 7|app: 0|req: 669/1386] 10.0.0.22 () {32 vars in 722 bytes} [Fri Apr 17 06:37:02 2026] DELETE /v2.0/routers/3c462963-9288-4aa4-b295-758b6b49c677 => generated 0 bytes in 752 msecs (HTTP/1.1 204) 2 headers in 112 bytes (1 switches on core 0)
2026-04-17 06:37:02.912 8 INFO neutron.db.ovn_revision_numbers_db [None req-1f1ba83a-d431-4fde-91ca-acf06aa5fa71 13ad9bf77f224fb384958772b2d29f94 d1f007a4085c4168b3682c6f5d078866 - - default default] Successfully bumped revision number for resource 388bd3f6-e294-460d-bae2-92cb8414f93f (type: ports) to 1 [pid: 8|app: 0|req: 718/1387] 10.0.0.22 () {34 vars in 663 bytes} [Fri Apr 17 06:37:02 2026] POST /v2.0/ports => generated 959 bytes in 489 msecs (HTTP/1.1 201) 4 headers in 162 bytes (1 switches on core 0) /var/lib/openstack/lib/python3.12/site-packages/pycadf/identifier.py:70: UserWarning: Invalid uuid: neutron. To ensure interoperability, identifiers should be a valid uuid. warnings.warn(('Invalid uuid: %s. To ensure interoperability, '
2026-04-17 06:37:03.021 7 INFO neutron.db.ovn_revision_numbers_db [None req-a5836f6c-31e9-4b2f-a3ae-b712ef5e195e eaab6c81f4cf4eaebdf9b784faca5a34 be9d34ab20c6411189ff825c18b3325d - - default default] Successfully bumped revision number for resource e635b70c-5fb6-450b-8d0b-aa6f824b03ef (type: security_group_rules) to 0 [pid: 8|app: 0|req: 719/1388] 10.0.0.22 () {32 vars in 641 bytes} [Fri Apr 17 06:37:02 2026] GET /v2.0/ports => generated 1537 bytes in 53 msecs (HTTP/1.1 200) 4 headers in 158 bytes (1 switches on core 0) [pid: 7|app: 0|req: 670/1389] 10.0.0.22 () {34 vars in 693 bytes} [Fri Apr 17 06:37:02 2026] POST /v2.0/security-group-rules => generated 596 bytes in 214 msecs (HTTP/1.1 201) 4 headers in 162 bytes (1 switches on core 0) [pid: 8|app: 0|req: 720/1390] 199.204.45.95 () {34 vars in 1110 bytes} [Fri Apr 17 06:37:03 2026] GET /v2.0/networks/fb43035d-5eea-4663-b96d-5da227292fa4?fields=provider%3Aphysical_network&fields=provider%3Anetwork_type => generated 79 bytes in 43 msecs (HTTP/1.1 200) 4 headers in 156 bytes (1 switches on core 0) [pid: 7|app: 0|req: 671/1391] 10.0.0.22 () {32 vars in 722 bytes} [Fri Apr 17 06:37:03 2026] DELETE /v2.0/subnets/39a9b4ff-9f92-46fb-8bcc-c942b562210e => generated 0 bytes in 189 msecs (HTTP/1.1 204) 3 headers in 131 bytes (1 switches on core 0) [pid: 7|app: 0|req: 672/1392] 10.0.0.22 () {32 vars in 715 bytes} [Fri Apr 17 06:37:03 2026] GET /v2.0/ports/5b55cd89-d3e8-4f78-9b8d-d59eabb7a07a => generated 778 bytes in 32 msecs (HTTP/1.1 200) 4 headers in 157 bytes (1 switches on core 0)
2026-04-17 06:37:03.332 8 WARNING neutron.scheduler.dhcp_agent_scheduler [None req-ea26660a-63f8-4b7c-a3d8-0e924ab50366 13ad9bf77f224fb384958772b2d29f94 d1f007a4085c4168b3682c6f5d078866 - - default default] No more DHCP agents
2026-04-17 06:37:03.333 8 WARNING neutron.api.rpc.agentnotifiers.dhcp_rpc_agent_api [None req-ea26660a-63f8-4b7c-a3d8-0e924ab50366 13ad9bf77f224fb384958772b2d29f94 d1f007a4085c4168b3682c6f5d078866 - - default default] Unable to schedule network cd0ff52c-f048-4193-a89f-b8e9ff8d0661: no agents available; will retry on subsequent port and subnet creation events.
2026-04-17 06:37:03.419 7 INFO neutron.db.ovn_revision_numbers_db [None req-c48cc10a-d8ac-42b0-ad95-a3c6148b93d9 eaab6c81f4cf4eaebdf9b784faca5a34 be9d34ab20c6411189ff825c18b3325d - - default default] Successfully bumped revision number for resource d6744812-dcdd-4fc3-aa36-8a807276f450 (type: security_group_rules) to 0 [pid: 7|app: 0|req: 673/1393] 10.0.0.22 () {34 vars in 693 bytes} [Fri Apr 17 06:37:03 2026] POST /v2.0/security-group-rules => generated 602 bytes in 180 msecs (HTTP/1.1 201) 4 headers in 162 bytes (1 switches on core 0)
2026-04-17 06:37:03.566 7 INFO neutron_taas.services.taas.taas_plugin [None req-d813bc6a-c0a9-4885-ba72-99f415b07116 a28c5d6f0bb04008b4ca9dff4cbb0db7 779cb59555ff4283abec68d31a7ad68c - - default default] TaaS: Handle Delete Port: 50ad6d09-2ff3-4f26-a477-02bff6e0e463
2026-04-17 06:37:03.569 7 INFO neutron_taas.services.taas.tap_mirror_plugin [None req-d813bc6a-c0a9-4885-ba72-99f415b07116 a28c5d6f0bb04008b4ca9dff4cbb0db7 779cb59555ff4283abec68d31a7ad68c - - default default] Tap Mirror: Handle Delete Port: 50ad6d09-2ff3-4f26-a477-02bff6e0e463
2026-04-17 06:37:03.740 7 INFO neutron.services.segments.plugin [-] Segment d70a6e4c-4746-44d7-8baa-1348a01db8b2 resource provider aggregate not found
2026-04-17 06:37:03.746 7 INFO neutron.services.segments.plugin [-] Segment d70a6e4c-4746-44d7-8baa-1348a01db8b2 resource provider aggregate not found
2026-04-17 06:37:03.766 7 INFO neutron.services.segments.plugin [-] Segment d70a6e4c-4746-44d7-8baa-1348a01db8b2 resource provider not found; error: Placement Client Error (4xx): {"errors": [{"status": 404, "title": "Not Found", "detail": "The resource could not be found.\n\n No resource provider with uuid d70a6e4c-4746-44d7-8baa-1348a01db8b2 found for delete ", "request_id": "req-5b585f0a-2e5c-4593-99cb-d2749c122d1d"}]}
2026-04-17 06:37:03.768 7 INFO neutron.services.segments.plugin [-] Segment d70a6e4c-4746-44d7-8baa-1348a01db8b2 resource provider not found; error: Placement Client Error (4xx): {"errors": [{"status": 404, "title": "Not Found", "detail": "The resource could not be found.\n\n No resource provider with uuid d70a6e4c-4746-44d7-8baa-1348a01db8b2 found for delete ", "request_id": "req-4c2fe281-9592-4a94-9ba3-c10a4ac9c37c"}]} [pid: 7|app: 0|req: 674/1394] 10.0.0.22 () {32 vars in 724 bytes} [Fri Apr 17 06:37:03 2026] DELETE /v2.0/networks/862ab157-8e8c-4268-a935-72ef745c585b => generated 0 bytes in 328 msecs (HTTP/1.1 204) 3 headers in 131 bytes (1 switches on core 0)
2026-04-17 06:37:03.797 7 INFO neutron.pecan_wsgi.hooks.translation [None req-44d115e9-5c95-4f8b-a552-9ef676b513b1 25a34567fa134738be30a137a9b17823 a453d53b022140c9a440f37c0339a79b - - default default] DELETE failed (client error): The resource could not be found. [pid: 7|app: 0|req: 675/1395] 10.0.0.22 () {32 vars in 718 bytes} [Fri Apr 17 06:37:03 2026] DELETE /v2.0/ports/641d530d-4016-498d-94d4-31faf575ef92 => generated 132 bytes in 16 msecs (HTTP/1.1 404) 4 headers in 164 bytes (1 switches on core 0)
2026-04-17 06:37:03.829 8 WARNING neutron.plugins.ml2.drivers.ovn.mech_driver.ovsdb.ovn_client [None req-7be61abd-56ff-4053-b9af-05b7fc7eef06 - - - - - -] No hosting information found for port 08a24f52-4778-4b52-a2c7-faa6fcaa72eb: RuntimeError: No hosting information found for port 08a24f52-4778-4b52-a2c7-faa6fcaa72eb
2026-04-17 06:37:03.830 8 INFO neutron.plugins.ml2.drivers.ovn.mech_driver.mech_driver [None req-7be61abd-56ff-4053-b9af-05b7fc7eef06 - - - - - -] OVN reports status down for port: b8796365-1c46-48a1-8bc4-75a7884e41fd
2026-04-17 06:37:03.842 8 INFO neutron.plugins.ml2.drivers.ovn.mech_driver.mech_driver [None req-7be61abd-56ff-4053-b9af-05b7fc7eef06 - - - - - -] OVN reports status down for port: b8796365-1c46-48a1-8bc4-75a7884e41fd
2026-04-17 06:37:03.862 8 INFO neutron.plugins.ml2.drivers.ovn.mech_driver.mech_driver [None req-7be61abd-56ff-4053-b9af-05b7fc7eef06 - - - - - -] OVN reports status down for port: 356a7c81-14c8-4086-8910-9eae64560bcd
2026-04-17 06:37:03.962 7 INFO neutron.db.ovn_revision_numbers_db [None req-c06bf5b8-24ab-41de-8d2b-065a9703f521 eaab6c81f4cf4eaebdf9b784faca5a34 be9d34ab20c6411189ff825c18b3325d - - default default] Successfully bumped revision number for resource 3460f066-4e64-464e-9255-7ddd366af185 (type: security_group_rules) to 0 [pid: 7|app: 0|req: 676/1396] 10.0.0.22 () {34 vars in 693 bytes} [Fri Apr 17 06:37:03 2026] POST /v2.0/security-group-rules => generated 601 bytes in 191 msecs (HTTP/1.1 201) 4 headers in 162 bytes (1 switches on core 0)
2026-04-17 06:37:04.002 7 INFO neutron.pecan_wsgi.hooks.translation [None req-89537ce0-4a38-4eb6-b8d8-34e9bd7cd888 25a34567fa134738be30a137a9b17823 a453d53b022140c9a440f37c0339a79b - - default default] DELETE failed (client error): The resource could not be found. [pid: 7|app: 0|req: 677/1397] 10.0.0.22 () {32 vars in 722 bytes} [Fri Apr 17 06:37:03 2026] DELETE /v2.0/subnets/ed90b28d-d7b7-448b-8690-61b10af333f8 => generated 136 bytes in 12 msecs (HTTP/1.1 404) 4 headers in 164 bytes (1 switches on core 0) [pid: 7|app: 0|req: 678/1398] 10.0.0.22 () {32 vars in 772 bytes} [Fri Apr 17 06:37:04 2026] GET /v2.0/security-groups?tenant_id=364ec1b1f91d4542a1f6a9eb5a59a56c&name=default => generated 2925 bytes in 26 msecs (HTTP/1.1 200) 4 headers in 158 bytes (1 switches on core 0)
2026-04-17 06:37:04.066 7 INFO neutron.db.securitygroups_db [None req-9fe238e4-dbaf-45f8-9d94-06c0a3448d26 eaab6c81f4cf4eaebdf9b784faca5a34 be9d34ab20c6411189ff825c18b3325d - - default default] Project be9d34ab20c6411189ff825c18b3325d added a security group rule with legacy IPv6 ICMP protocol name icmp, ipv6-icmp should be used instead. It was automatically converted.
2026-04-17 06:37:04.179 7 INFO neutron.db.ovn_revision_numbers_db [None req-9fe238e4-dbaf-45f8-9d94-06c0a3448d26 eaab6c81f4cf4eaebdf9b784faca5a34 be9d34ab20c6411189ff825c18b3325d - - default default] Successfully bumped revision number for resource 7b5ea615-47f4-4d1a-a156-d6f4349c5414 (type: security_group_rules) to 0 [pid: 7|app: 0|req: 679/1399] 10.0.0.22 () {34 vars in 693 bytes} [Fri Apr 17 06:37:04 2026] POST /v2.0/security-group-rules => generated 607 bytes in 182 msecs (HTTP/1.1 201) 4 headers in 162 bytes (1 switches on core 0)
2026-04-17 06:37:04.226 7 INFO neutron.pecan_wsgi.hooks.translation [None req-11f2a1fb-ec4b-467f-b3df-5d6ad9677805 25a34567fa134738be30a137a9b17823 a453d53b022140c9a440f37c0339a79b - - default default] DELETE failed (client error): The resource could not be found. [pid: 7|app: 0|req: 680/1400] 10.0.0.22 () {32 vars in 722 bytes} [Fri Apr 17 06:37:04 2026] DELETE /v2.0/subnets/2872a780-e62d-4a5b-8e06-2c333f352582 => generated 136 bytes in 15 msecs (HTTP/1.1 404) 4 headers in 164 bytes (1 switches on core 0)
2026-04-17 06:37:04.245 8 INFO neutron.db.ovn_revision_numbers_db [None req-ea26660a-63f8-4b7c-a3d8-0e924ab50366 13ad9bf77f224fb384958772b2d29f94 d1f007a4085c4168b3682c6f5d078866 - - default default] Successfully bumped revision number for resource 3fcda7ce-d1f7-4b6e-8735-071115f36907 (type: floatingips) to 1
2026-04-17 06:37:04.245 8 INFO neutron.db.l3_db [None req-ea26660a-63f8-4b7c-a3d8-0e924ab50366 13ad9bf77f224fb384958772b2d29f94 d1f007a4085c4168b3682c6f5d078866 - - default default] Floating IP 3fcda7ce-d1f7-4b6e-8735-071115f36907 associated. External IP: 10.96.250.213, port: 388bd3f6-e294-460d-bae2-92cb8414f93f. [pid: 8|app: 0|req: 721/1401] 10.0.0.22 () {34 vars in 675 bytes} [Fri Apr 17 06:37:03 2026] POST /v2.0/floatingips => generated 843 bytes in 1217 msecs (HTTP/1.1 201) 4 headers in 162 bytes (1 switches on core 0) /var/lib/openstack/lib/python3.12/site-packages/pycadf/identifier.py:70: UserWarning: Invalid uuid: neutron. To ensure interoperability, identifiers should be a valid uuid. warnings.warn(('Invalid uuid: %s. To ensure interoperability, '
2026-04-17 06:37:04.337 8 INFO neutron.db.securitygroups_db [None req-647470e3-c87a-4382-8983-cbe06d66b5cd eaab6c81f4cf4eaebdf9b784faca5a34 be9d34ab20c6411189ff825c18b3325d - - default default] Project be9d34ab20c6411189ff825c18b3325d added a security group rule with legacy IPv6 ICMP protocol name icmp, ipv6-icmp should be used instead. It was automatically converted. [pid: 7|app: 0|req: 681/1402] 10.0.0.22 () {32 vars in 738 bytes} [Fri Apr 17 06:37:04 2026] DELETE /v2.0/security-groups/0b1aa318-eaa7-4d28-9ed9-41648d2d44bc => generated 0 bytes in 213 msecs (HTTP/1.1 204) 2 headers in 112 bytes (1 switches on core 0)
2026-04-17 06:37:04.484 8 INFO neutron.db.ovn_revision_numbers_db [None req-647470e3-c87a-4382-8983-cbe06d66b5cd eaab6c81f4cf4eaebdf9b784faca5a34 be9d34ab20c6411189ff825c18b3325d - - default default] Successfully bumped revision number for resource d91c9dce-34e5-4030-a50a-e1127451e344 (type: security_group_rules) to 0 [pid: 8|app: 0|req: 722/1403] 10.0.0.22 () {34 vars in 693 bytes} [Fri Apr 17 06:37:04 2026] POST /v2.0/security-group-rules => generated 606 bytes in 234 msecs (HTTP/1.1 201) 4 headers in 162 bytes (1 switches on core 0)
2026-04-17 06:37:04.552 7 INFO neutron_taas.services.taas.taas_plugin [None req-89460926-bb00-4497-8eac-54b54186ec99 25a34567fa134738be30a137a9b17823 a453d53b022140c9a440f37c0339a79b - - default default] TaaS: Handle Delete Port: 5b55cd89-d3e8-4f78-9b8d-d59eabb7a07a
2026-04-17 06:37:04.555 7 INFO neutron_taas.services.taas.tap_mirror_plugin [None req-89460926-bb00-4497-8eac-54b54186ec99 25a34567fa134738be30a137a9b17823 a453d53b022140c9a440f37c0339a79b - - default default] Tap Mirror: Handle Delete Port: 5b55cd89-d3e8-4f78-9b8d-d59eabb7a07a [pid: 7|app: 0|req: 682/1404] 10.0.0.22 () {32 vars in 718 bytes} [Fri Apr 17 06:37:04 2026] DELETE /v2.0/ports/5b55cd89-d3e8-4f78-9b8d-d59eabb7a07a => generated 0 bytes in 252 msecs (HTTP/1.1 204) 3 headers in 131 bytes (1 switches on core 0)
2026-04-17 06:37:04.765 8 INFO neutron.db.ovn_revision_numbers_db [None req-053281f3-0cb9-40f1-b8d9-d6460ff44256 13ad9bf77f224fb384958772b2d29f94 d1f007a4085c4168b3682c6f5d078866 - - default default] Successfully bumped revision number for resource 3fcda7ce-d1f7-4b6e-8735-071115f36907 (type: floatingips) to 2
2026-04-17 06:37:04.819 8 INFO neutron.db.l3_db [None req-053281f3-0cb9-40f1-b8d9-d6460ff44256 13ad9bf77f224fb384958772b2d29f94 d1f007a4085c4168b3682c6f5d078866 - - default default] Floating IP 3fcda7ce-d1f7-4b6e-8735-071115f36907 disassociated. External IP: 10.96.250.213, port: 388bd3f6-e294-460d-bae2-92cb8414f93f.
2026-04-17 06:37:04.833 7 INFO neutron_taas.services.taas.taas_plugin [None req-b9b809fa-0a1c-41f8-812f-8fa268b8fc5e 25a34567fa134738be30a137a9b17823 a453d53b022140c9a440f37c0339a79b - - default default] TaaS: Handle Delete Port: c2538ec0-c564-49eb-b13c-0b93ea650bc1
2026-04-17 06:37:04.836 7 INFO neutron_taas.services.taas.tap_mirror_plugin [None req-b9b809fa-0a1c-41f8-812f-8fa268b8fc5e 25a34567fa134738be30a137a9b17823 a453d53b022140c9a440f37c0339a79b - - default default] Tap Mirror: Handle Delete Port: c2538ec0-c564-49eb-b13c-0b93ea650bc1 [pid: 8|app: 0|req: 723/1405] 10.0.0.22 () {34 vars in 747 bytes} [Fri Apr 17 06:37:04 2026] PUT /v2.0/floatingips/3fcda7ce-d1f7-4b6e-8735-071115f36907 => generated 554 bytes in 329 msecs (HTTP/1.1 200) 4 headers in 157 bytes (1 switches on core 0) /var/lib/openstack/lib/python3.12/site-packages/pycadf/identifier.py:70: UserWarning: Invalid uuid: neutron. To ensure interoperability, identifiers should be a valid uuid. warnings.warn(('Invalid uuid: %s. To ensure interoperability, '
2026-04-17 06:37:05.012 8 INFO neutron_taas.services.taas.taas_plugin [None req-2ac4a9e0-616e-488c-9aaa-127029dc6f0d 13ad9bf77f224fb384958772b2d29f94 d1f007a4085c4168b3682c6f5d078866 - - default default] TaaS: Handle Delete Port: 10220423-1cbf-4022-9d42-679d27176d77
