2026-04-17 06:35:52.666 7 INFO neutron.services.segments.plugin [-] Segment af1cba0a-471a-4cd1-a97b-07506e7d280f resource provider not found; error: Placement Client Error (4xx): {"errors": [{"status": 404, "title": "Not Found", "detail": "The resource could not be found.\n\n No resource provider with uuid af1cba0a-471a-4cd1-a97b-07506e7d280f found for delete ", "request_id": "req-052efe00-99b6-4794-a2d7-4a28d7c99a08"}]} [pid: 7|app: 0|req: 381/772] 10.0.0.22 () {32 vars in 724 bytes} [Fri Apr 17 06:35:52 2026] DELETE /v2.0/networks/d6bf4153-93c9-432d-ac77-c48a52227e50 => generated 0 bytes in 335 msecs (HTTP/1.1 204) 3 headers in 131 bytes (1 switches on core 0)
2026-04-17 06:35:52.711 8 INFO neutron.services.segments.plugin [-] Segment a15667ec-25bf-4d28-b53f-39008330b695 resource provider aggregate not found
2026-04-17 06:35:52.723 8 INFO neutron.services.segments.plugin [-] Segment a15667ec-25bf-4d28-b53f-39008330b695 resource provider not found; error: Placement Client Error (4xx): {"errors": [{"status": 404, "title": "Not Found", "detail": "The resource could not be found.\n\n No resource provider with uuid a15667ec-25bf-4d28-b53f-39008330b695 found for delete ", "request_id": "req-2d6beaf9-f8f7-47b1-96a6-59ea2237723d"}]}
2026-04-17 06:35:52.731 8 INFO neutron.services.segments.plugin [-] Segment a15667ec-25bf-4d28-b53f-39008330b695 resource provider aggregate not found [pid: 7|app: 0|req: 382/773] 10.0.0.57 () {34 vars in 1006 bytes} [Fri Apr 17 06:35:52 2026] GET /v2.0/networks/3f0f9d8c-1a6a-4bd5-ab61-83a72e206220?fields=segments => generated 14 bytes in 55 msecs (HTTP/1.1 200) 4 headers in 156 bytes (1 switches on core 0)
2026-04-17 06:35:52.762 8 INFO neutron.services.segments.plugin [-] Segment a15667ec-25bf-4d28-b53f-39008330b695 resource provider not found; error: Placement Client Error (4xx): {"errors": [{"status": 404, "title": "Not Found", "detail": "The resource could not be found.\n\n No resource provider with uuid a15667ec-25bf-4d28-b53f-39008330b695 found for delete ", "request_id": "req-661f703a-39d9-498c-8864-6084e0190955"}]} [pid: 8|app: 0|req: 392/774] 10.0.0.22 () {32 vars in 724 bytes} [Fri Apr 17 06:35:52 2026] DELETE /v2.0/networks/fd745897-6f49-4a8f-8225-75cea4eb10e4 => generated 0 bytes in 483 msecs (HTTP/1.1 204) 3 headers in 131 bytes (1 switches on core 0) [pid: 8|app: 0|req: 393/775] 10.0.0.57 () {34 vars in 1106 bytes} [Fri Apr 17 06:35:52 2026] GET /v2.0/networks/3f0f9d8c-1a6a-4bd5-ab61-83a72e206220?fields=provider%3Aphysical_network&fields=provider%3Anetwork_type => generated 79 bytes in 47 msecs (HTTP/1.1 200) 4 headers in 156 bytes (1 switches on core 0)
2026-04-17 06:35:52.844 7 INFO neutron_taas.services.taas.taas_plugin [None req-c68072b1-7a36-4345-8faa-167e38ed330d 96bf439982634a7aa586033eb7cd5e41 02f7a0e1a7a44a7291f4fc36cfeb4cf9 - - default default] TaaS: Handle Delete Port: 5d7de123-8af7-4949-afd4-e95ea7bd59a1
2026-04-17 06:35:52.847 7 INFO neutron_taas.services.taas.tap_mirror_plugin [None req-c68072b1-7a36-4345-8faa-167e38ed330d 96bf439982634a7aa586033eb7cd5e41 02f7a0e1a7a44a7291f4fc36cfeb4cf9 - - default default] Tap Mirror: Handle Delete Port: 5d7de123-8af7-4949-afd4-e95ea7bd59a1 [pid: 8|app: 0|req: 394/776] 10.0.0.22 () {32 vars in 772 bytes} [Fri Apr 17 06:35:52 2026] GET /v2.0/security-groups?tenant_id=73b71a15c2624384a517bdb3bbfd93bf&name=default => generated 2921 bytes in 36 msecs (HTTP/1.1 200) 4 headers in 158 bytes (1 switches on core 0) [pid: 7|app: 0|req: 383/777] 10.0.0.22 () {32 vars in 724 bytes} [Fri Apr 17 06:35:52 2026] DELETE /v2.0/networks/8389f977-606e-4bd4-9d98-2e015467b909 => generated 0 bytes in 299 msecs (HTTP/1.1 204) 3 headers in 131 bytes (1 switches on core 0) [pid: 7|app: 0|req: 384/778] 10.0.0.57 () {34 vars in 988 bytes} [Fri Apr 17 06:35:53 2026] GET /v2.0/ports?device_id=c4d0291f-b0e1-4e62-97cc-4862721873b3 => generated 12 bytes in 17 msecs (HTTP/1.1 200) 4 headers in 156 bytes (1 switches on core 0)
2026-04-17 06:35:53.147 7 INFO neutron.db.segments_db [None req-8dee8bd4-f065-456e-b548-e1b59215e371 96bf439982634a7aa586033eb7cd5e41 02f7a0e1a7a44a7291f4fc36cfeb4cf9 - - default default] Added segment c00aac8d-0279-4be8-951b-489c2ff544a6 of type geneve for network 766455c2-77e1-4efb-a829-ed694b64cbd6
2026-04-17 06:35:53.176 8 WARNING neutron.plugins.ml2.drivers.ovn.mech_driver.ovsdb.ovn_client [None req-6dd1b61a-de94-4aff-a683-469068120e5b - - - - - -] No hosting information found for port 8576b6e6-e3bf-4b36-8648-694e093bcb05: RuntimeError: No hosting information found for port 8576b6e6-e3bf-4b36-8648-694e093bcb05
2026-04-17 06:35:53.273 7 INFO neutron.db.ovn_revision_numbers_db [None req-8dee8bd4-f065-456e-b548-e1b59215e371 96bf439982634a7aa586033eb7cd5e41 02f7a0e1a7a44a7291f4fc36cfeb4cf9 - - default default] Successfully bumped revision number for resource 766455c2-77e1-4efb-a829-ed694b64cbd6 (type: networks) to 1 [pid: 8|app: 0|req: 395/779] 10.0.0.22 () {32 vars in 738 bytes} [Fri Apr 17 06:35:52 2026] DELETE /v2.0/security-groups/dc75e2e6-0bb9-4b83-84a2-fb8db516f554 => generated 0 bytes in 365 msecs (HTTP/1.1 204) 2 headers in 112 bytes (1 switches on core 0)
2026-04-17 06:35:53.320 8 INFO neutron.db.ovn_revision_numbers_db [None req-6dd1b61a-de94-4aff-a683-469068120e5b - - - - - -] Successfully bumped revision number for resource 8576b6e6-e3bf-4b36-8648-694e093bcb05 (type: router_ports) to 2
2026-04-17 06:35:53.448 7 WARNING neutron.scheduler.dhcp_agent_scheduler [None req-8dee8bd4-f065-456e-b548-e1b59215e371 96bf439982634a7aa586033eb7cd5e41 02f7a0e1a7a44a7291f4fc36cfeb4cf9 - - default default] No more DHCP agents
2026-04-17 06:35:53.449 7 WARNING neutron.api.rpc.agentnotifiers.dhcp_rpc_agent_api [None req-8dee8bd4-f065-456e-b548-e1b59215e371 96bf439982634a7aa586033eb7cd5e41 02f7a0e1a7a44a7291f4fc36cfeb4cf9 - - default default] Unable to schedule network 766455c2-77e1-4efb-a829-ed694b64cbd6: no agents available; will retry on subsequent port and subnet creation events.
2026-04-17 06:35:53.500 8 INFO neutron.plugins.ml2.drivers.ovn.mech_driver.mech_driver [None req-6dd1b61a-de94-4aff-a683-469068120e5b - - - - - -] OVN reports status down for port: 3666cec9-2c0d-4e9c-b98a-e13b545ae78d
2026-04-17 06:35:53.532 7 INFO neutron.db.ovn_revision_numbers_db [None req-8dee8bd4-f065-456e-b548-e1b59215e371 96bf439982634a7aa586033eb7cd5e41 02f7a0e1a7a44a7291f4fc36cfeb4cf9 - - default default] Successfully bumped revision number for resource 3666cec9-2c0d-4e9c-b98a-e13b545ae78d (type: ports) to 1 [pid: 7|app: 0|req: 385/780] 10.0.0.22 () {34 vars in 668 bytes} [Fri Apr 17 06:35:53 2026] POST /v2.0/networks => generated 651 bytes in 503 msecs (HTTP/1.1 201) 4 headers in 162 bytes (1 switches on core 0)
2026-04-17 06:35:53.738 7 WARNING neutron.plugins.ml2.drivers.ovn.mech_driver.ovsdb.ovn_client [None req-e0af59ec-87bb-4330-ba9f-4b765f946473 - - - - - -] No port found with ID 1afb8592-3850-4a93-8b99-35709c516f34: RuntimeError: No port found with ID 1afb8592-3850-4a93-8b99-35709c516f34
2026-04-17 06:35:53.739 7 INFO neutron.plugins.ml2.drivers.ovn.mech_driver.mech_driver [None req-e0af59ec-87bb-4330-ba9f-4b765f946473 - - - - - -] OVN reports status up for port: 79ae1c72-d3b7-41ac-91c3-8ba063473a49
2026-04-17 06:35:53.760 7 INFO neutron.plugins.ml2.plugin [None req-e0af59ec-87bb-4330-ba9f-4b765f946473 - - - - - -] Attempt 1 to provision port 79ae1c72-d3b7-41ac-91c3-8ba063473a49
2026-04-17 06:35:53.787 7 WARNING neutron.scheduler.dhcp_agent_scheduler [None req-3626cb00-c72e-469d-ac0d-8ac707cd7fe4 96bf439982634a7aa586033eb7cd5e41 02f7a0e1a7a44a7291f4fc36cfeb4cf9 - - default default] No more DHCP agents
2026-04-17 06:35:53.795 7 WARNING neutron.api.rpc.agentnotifiers.dhcp_rpc_agent_api [None req-3626cb00-c72e-469d-ac0d-8ac707cd7fe4 96bf439982634a7aa586033eb7cd5e41 02f7a0e1a7a44a7291f4fc36cfeb4cf9 - - default default] Unable to schedule network 766455c2-77e1-4efb-a829-ed694b64cbd6: no agents available; will retry on subsequent port and subnet creation events.
2026-04-17 06:35:53.798 8 INFO neutron.db.ovn_revision_numbers_db [None req-bc6e6ee0-a191-4d55-9c9b-d8dd293da178 bc3ebb8a308b498fb935fac4edb6ba7f 4160837d1cce405f9d260d0814aa3320 - - default default] Successfully bumped revision number for resource 7befb54c-eb1c-4f85-89de-cb0bfb50326d (type: security_groups) to 1
2026-04-17 06:35:53.811 8 INFO neutron.db.ovn_revision_numbers_db [None req-bc6e6ee0-a191-4d55-9c9b-d8dd293da178 bc3ebb8a308b498fb935fac4edb6ba7f 4160837d1cce405f9d260d0814aa3320 - - default default] Successfully bumped revision number for resource 1e921691-6966-4a03-8cf3-4474ec0408d2 (type: security_group_rules) to 0
2026-04-17 06:35:53.823 8 INFO neutron.db.ovn_revision_numbers_db [None req-bc6e6ee0-a191-4d55-9c9b-d8dd293da178 bc3ebb8a308b498fb935fac4edb6ba7f 4160837d1cce405f9d260d0814aa3320 - - default default] Successfully bumped revision number for resource 8b7625f1-b98c-42fa-8638-43e89e1c073e (type: security_group_rules) to 0
2026-04-17 06:35:53.838 8 INFO neutron.db.ovn_revision_numbers_db [None req-bc6e6ee0-a191-4d55-9c9b-d8dd293da178 bc3ebb8a308b498fb935fac4edb6ba7f 4160837d1cce405f9d260d0814aa3320 - - default default] Successfully bumped revision number for resource b36835e5-d97b-4764-abcd-f4283a0ee27c (type: security_group_rules) to 0
2026-04-17 06:35:53.850 8 INFO neutron.db.ovn_revision_numbers_db [None req-bc6e6ee0-a191-4d55-9c9b-d8dd293da178 bc3ebb8a308b498fb935fac4edb6ba7f 4160837d1cce405f9d260d0814aa3320 - - default default] Successfully bumped revision number for resource fa3a0ef0-2d4d-4c02-8067-a707e569b14b (type: security_group_rules) to 0
2026-04-17 06:35:53.939 7 INFO neutron.db.ovn_revision_numbers_db [None req-3626cb00-c72e-469d-ac0d-8ac707cd7fe4 96bf439982634a7aa586033eb7cd5e41 02f7a0e1a7a44a7291f4fc36cfeb4cf9 - - default default] Successfully bumped revision number for resource dcbf79d5-fd8e-431e-a6d9-20d513ecc758 (type: subnets) to 0
2026-04-17 06:35:53.946 8 INFO neutron.db.segments_db [None req-bc6e6ee0-a191-4d55-9c9b-d8dd293da178 bc3ebb8a308b498fb935fac4edb6ba7f 4160837d1cce405f9d260d0814aa3320 - - default default] Added segment d9b25b70-7adf-49e4-b0b8-9ebca1fe3a0d of type geneve for network ed790151-122b-44e6-a8b2-c7357595e210 [pid: 7|app: 0|req: 386/781] 10.0.0.22 () {34 vars in 667 bytes} [Fri Apr 17 06:35:53 2026] POST /v2.0/subnets => generated 646 bytes in 409 msecs (HTTP/1.1 201) 4 headers in 162 bytes (1 switches on core 0)
2026-04-17 06:35:54.061 8 INFO neutron.db.ovn_revision_numbers_db [None req-bc6e6ee0-a191-4d55-9c9b-d8dd293da178 bc3ebb8a308b498fb935fac4edb6ba7f 4160837d1cce405f9d260d0814aa3320 - - default default] Successfully bumped revision number for resource ed790151-122b-44e6-a8b2-c7357595e210 (type: networks) to 1
2026-04-17 06:35:54.235 7 INFO neutron.db.ovn_revision_numbers_db [None req-08220642-b877-4682-ae37-f697189ee23d 96bf439982634a7aa586033eb7cd5e41 02f7a0e1a7a44a7291f4fc36cfeb4cf9 - - default default] Successfully bumped revision number for resource a2d53b22-03aa-4cec-88fa-5ecb7be4fc71 (type: routers) to 1
2026-04-17 06:35:54.261 8 WARNING neutron.scheduler.dhcp_agent_scheduler [None req-bc6e6ee0-a191-4d55-9c9b-d8dd293da178 bc3ebb8a308b498fb935fac4edb6ba7f 4160837d1cce405f9d260d0814aa3320 - - default default] No more DHCP agents
2026-04-17 06:35:54.262 8 WARNING neutron.api.rpc.agentnotifiers.dhcp_rpc_agent_api [None req-bc6e6ee0-a191-4d55-9c9b-d8dd293da178 bc3ebb8a308b498fb935fac4edb6ba7f 4160837d1cce405f9d260d0814aa3320 - - default default] Unable to schedule network ed790151-122b-44e6-a8b2-c7357595e210: no agents available; will retry on subsequent port and subnet creation events. [pid: 7|app: 0|req: 387/782] 10.0.0.22 () {34 vars in 667 bytes} [Fri Apr 17 06:35:53 2026] POST /v2.0/routers => generated 606 bytes in 284 msecs (HTTP/1.1 201) 4 headers in 162 bytes (1 switches on core 0) [pid: 7|app: 0|req: 388/783] 10.0.0.57 () {34 vars in 988 bytes} [Fri Apr 17 06:35:54 2026] GET /v2.0/ports?device_id=c4d0291f-b0e1-4e62-97cc-4862721873b3 => generated 12 bytes in 66 msecs (HTTP/1.1 200) 4 headers in 156 bytes (1 switches on core 0)
2026-04-17 06:35:54.359 8 INFO neutron.db.ovn_revision_numbers_db [None req-bc6e6ee0-a191-4d55-9c9b-d8dd293da178 bc3ebb8a308b498fb935fac4edb6ba7f 4160837d1cce405f9d260d0814aa3320 - - default default] Successfully bumped revision number for resource 3bb44b3f-50c8-4b88-bcff-af39a4a1a1c7 (type: ports) to 1 [pid: 8|app: 0|req: 396/784] 10.0.0.22 () {34 vars in 668 bytes} [Fri Apr 17 06:35:53 2026] POST /v2.0/networks => generated 663 bytes in 955 msecs (HTTP/1.1 201) 4 headers in 162 bytes (1 switches on core 0)
2026-04-17 06:35:54.542 7 INFO neutron.db.ovn_revision_numbers_db [None req-e0af59ec-87bb-4330-ba9f-4b765f946473 - - - - - -] Successfully bumped revision number for resource 79ae1c72-d3b7-41ac-91c3-8ba063473a49 (type: ports) to 7
2026-04-17 06:35:54.614 8 WARNING neutron.scheduler.dhcp_agent_scheduler [None req-52b034fa-e53a-4eb7-9c8c-bffc86294472 bc3ebb8a308b498fb935fac4edb6ba7f 4160837d1cce405f9d260d0814aa3320 - - default default] No more DHCP agents
2026-04-17 06:35:54.615 8 WARNING neutron.api.rpc.agentnotifiers.dhcp_rpc_agent_api [None req-52b034fa-e53a-4eb7-9c8c-bffc86294472 bc3ebb8a308b498fb935fac4edb6ba7f 4160837d1cce405f9d260d0814aa3320 - - default default] Unable to schedule network ed790151-122b-44e6-a8b2-c7357595e210: no agents available; will retry on subsequent port and subnet creation events.
2026-04-17 06:35:54.695 8 INFO neutron.plugins.ml2.drivers.ovn.mech_driver.mech_driver [None req-6dd1b61a-de94-4aff-a683-469068120e5b - - - - - -] OVN reports status down for port: 3c00c503-da57-4ace-8313-b50b2ba54427
2026-04-17 06:35:54.696 7 INFO neutron.services.segments.plugin [-] Segment e31d9853-185d-4988-92e7-74e7a0b9bde9 resource provider aggregate not found
2026-04-17 06:35:54.715 7 INFO neutron.services.segments.plugin [-] Segment e31d9853-185d-4988-92e7-74e7a0b9bde9 resource provider aggregate not found
2026-04-17 06:35:54.735 7 INFO neutron.services.segments.plugin [-] Segment e31d9853-185d-4988-92e7-74e7a0b9bde9 resource provider not found; error: Placement Client Error (4xx): {"errors": [{"status": 404, "title": "Not Found", "detail": "The resource could not be found.\n\n No resource provider with uuid e31d9853-185d-4988-92e7-74e7a0b9bde9 found for delete ", "request_id": "req-c6b3fd21-6966-46ba-8fc1-873286308b83"}]}
2026-04-17 06:35:54.747 7 INFO neutron.services.segments.plugin [-] Segment e31d9853-185d-4988-92e7-74e7a0b9bde9 resource provider not found; error: Placement Client Error (4xx): {"errors": [{"status": 404, "title": "Not Found", "detail": "The resource could not be found.\n\n No resource provider with uuid e31d9853-185d-4988-92e7-74e7a0b9bde9 found for delete ", "request_id": "req-c31e24ba-46b3-480c-bcd4-f9615af26871"}]}
2026-04-17 06:35:54.770 8 INFO neutron.db.ovn_revision_numbers_db [None req-52b034fa-e53a-4eb7-9c8c-bffc86294472 bc3ebb8a308b498fb935fac4edb6ba7f 4160837d1cce405f9d260d0814aa3320 - - default default] Successfully bumped revision number for resource 3c00c503-da57-4ace-8313-b50b2ba54427 (type: ports) to 1 [pid: 8|app: 0|req: 397/785] 10.0.0.22 () {34 vars in 663 bytes} [Fri Apr 17 06:35:54 2026] POST /v2.0/ports => generated 775 bytes in 462 msecs (HTTP/1.1 201) 4 headers in 162 bytes (1 switches on core 0) /var/lib/openstack/lib/python3.12/site-packages/pycadf/identifier.py:70: UserWarning: Invalid uuid: neutron. To ensure interoperability, identifiers should be a valid uuid. warnings.warn(('Invalid uuid: %s. To ensure interoperability, '
2026-04-17 06:35:54.914 7 INFO neutron.plugins.ml2.drivers.ovn.mech_driver.mech_driver [None req-cca1a9fc-48b8-40b2-8b92-d77f3e9a58d5 - - - - - -] OVN reports status down for port: 3bb44b3f-50c8-4b88-bcff-af39a4a1a1c7
2026-04-17 06:35:54.951 8 INFO neutron.db.segments_db [None req-3372192e-81f9-44fc-a187-fea271de2a5f bc3ebb8a308b498fb935fac4edb6ba7f 4160837d1cce405f9d260d0814aa3320 - - default default] Added segment fdd3d161-4f4b-4313-a82c-b036781b3cd3 of type geneve for network efc4475e-8c07-445e-bede-e5ccb990d7b4
2026-04-17 06:35:54.979 7 WARNING neutron.scheduler.dhcp_agent_scheduler [None req-05aac65b-f746-47aa-aa35-f0c4b94b4611 96bf439982634a7aa586033eb7cd5e41 02f7a0e1a7a44a7291f4fc36cfeb4cf9 - - default default] No more DHCP agents
2026-04-17 06:35:54.987 7 WARNING neutron.api.rpc.agentnotifiers.dhcp_rpc_agent_api [None req-05aac65b-f746-47aa-aa35-f0c4b94b4611 96bf439982634a7aa586033eb7cd5e41 02f7a0e1a7a44a7291f4fc36cfeb4cf9 - - default default] Unable to schedule network 766455c2-77e1-4efb-a829-ed694b64cbd6: no agents available; will retry on subsequent port and subnet creation events.
2026-04-17 06:35:55.066 8 INFO neutron.db.ovn_revision_numbers_db [None req-3372192e-81f9-44fc-a187-fea271de2a5f bc3ebb8a308b498fb935fac4edb6ba7f 4160837d1cce405f9d260d0814aa3320 - - default default] Successfully bumped revision number for resource efc4475e-8c07-445e-bede-e5ccb990d7b4 (type: networks) to 1
2026-04-17 06:35:55.104 7 INFO neutron.plugins.ml2.drivers.ovn.mech_driver.mech_driver [None req-cca1a9fc-48b8-40b2-8b92-d77f3e9a58d5 - - - - - -] OVN reports status down for port: 559dc374-6bb9-4f05-a644-92da747a9226
2026-04-17 06:35:55.179 7 INFO neutron.db.ovn_revision_numbers_db [None req-05aac65b-f746-47aa-aa35-f0c4b94b4611 96bf439982634a7aa586033eb7cd5e41 02f7a0e1a7a44a7291f4fc36cfeb4cf9 - - default default] Successfully bumped revision number for resource 559dc374-6bb9-4f05-a644-92da747a9226 (type: ports) to 1 [pid: 7|app: 0|req: 389/786] 10.0.0.22 () {34 vars in 663 bytes} [Fri Apr 17 06:35:54 2026] POST /v2.0/ports => generated 963 bytes in 896 msecs (HTTP/1.1 201) 4 headers in 162 bytes (1 switches on core 0) /var/lib/openstack/lib/python3.12/site-packages/pycadf/identifier.py:70: UserWarning: Invalid uuid: neutron. To ensure interoperability, identifiers should be a valid uuid. warnings.warn(('Invalid uuid: %s. To ensure interoperability, '
2026-04-17 06:35:55.270 8 WARNING neutron.scheduler.dhcp_agent_scheduler [None req-3372192e-81f9-44fc-a187-fea271de2a5f bc3ebb8a308b498fb935fac4edb6ba7f 4160837d1cce405f9d260d0814aa3320 - - default default] No more DHCP agents
2026-04-17 06:35:55.272 8 WARNING neutron.api.rpc.agentnotifiers.dhcp_rpc_agent_api [None req-3372192e-81f9-44fc-a187-fea271de2a5f bc3ebb8a308b498fb935fac4edb6ba7f 4160837d1cce405f9d260d0814aa3320 - - default default] Unable to schedule network efc4475e-8c07-445e-bede-e5ccb990d7b4: no agents available; will retry on subsequent port and subnet creation events.
2026-04-17 06:35:55.335 7 INFO neutron.plugins.ml2.drivers.ovn.mech_driver.mech_driver [None req-cca1a9fc-48b8-40b2-8b92-d77f3e9a58d5 - - - - - -] OVN reports status down for port: 680e2fca-490b-40d1-9673-026abdc11812
2026-04-17 06:35:55.355 8 INFO neutron.db.ovn_revision_numbers_db [None req-3372192e-81f9-44fc-a187-fea271de2a5f bc3ebb8a308b498fb935fac4edb6ba7f 4160837d1cce405f9d260d0814aa3320 - - default default] Successfully bumped revision number for resource 680e2fca-490b-40d1-9673-026abdc11812 (type: ports) to 1 [pid: 8|app: 0|req: 398/787] 10.0.0.22 () {34 vars in 668 bytes} [Fri Apr 17 06:35:54 2026] POST /v2.0/networks => generated 650 bytes in 516 msecs (HTTP/1.1 201) 4 headers in 162 bytes (1 switches on core 0) [pid: 8|app: 0|req: 399/788] 10.0.0.57 () {34 vars in 988 bytes} [Fri Apr 17 06:35:55 2026] GET /v2.0/ports?device_id=c4d0291f-b0e1-4e62-97cc-4862721873b3 => generated 12 bytes in 17 msecs (HTTP/1.1 200) 4 headers in 156 bytes (1 switches on core 0)
2026-04-17 06:35:55.579 8 WARNING neutron.scheduler.dhcp_agent_scheduler [None req-105c0f18-ddcf-46f0-83fa-358eb3c20345 bc3ebb8a308b498fb935fac4edb6ba7f 4160837d1cce405f9d260d0814aa3320 - - default default] No more DHCP agents
2026-04-17 06:35:55.581 8 WARNING neutron.api.rpc.agentnotifiers.dhcp_rpc_agent_api [None req-105c0f18-ddcf-46f0-83fa-358eb3c20345 bc3ebb8a308b498fb935fac4edb6ba7f 4160837d1cce405f9d260d0814aa3320 - - default default] Unable to schedule network efc4475e-8c07-445e-bede-e5ccb990d7b4: no agents available; will retry on subsequent port and subnet creation events.
2026-04-17 06:35:55.809 7 INFO neutron.plugins.ml2.drivers.ovn.mech_driver.mech_driver [None req-cca1a9fc-48b8-40b2-8b92-d77f3e9a58d5 - - - - - -] OVN reports status up for port: 559dc374-6bb9-4f05-a644-92da747a9226
2026-04-17 06:35:55.827 7 INFO neutron.plugins.ml2.plugin [None req-cca1a9fc-48b8-40b2-8b92-d77f3e9a58d5 - - - - - -] Attempt 1 to provision port 559dc374-6bb9-4f05-a644-92da747a9226
2026-04-17 06:35:55.883 7 INFO neutron.db.ovn_revision_numbers_db [None req-21e4577b-c91f-4dfe-b7d6-c44e13d6c212 96bf439982634a7aa586033eb7cd5e41 02f7a0e1a7a44a7291f4fc36cfeb4cf9 - - default default] Successfully bumped revision number for resource 559dc374-6bb9-4f05-a644-92da747a9226 (type: ports) to 2
2026-04-17 06:35:56.119 8 INFO neutron.db.ovn_revision_numbers_db [None req-eda7f420-fae5-4093-be5c-8ac469a54d98 - - - - - -] Successfully bumped revision number for resource 680e2fca-490b-40d1-9673-026abdc11812 (type: ports) to 2
2026-04-17 06:35:56.149 8 INFO neutron.db.ovn_revision_numbers_db [None req-eda7f420-fae5-4093-be5c-8ac469a54d98 - - - - - -] Successfully bumped revision number for resource ccc4accd-4daa-4861-a7be-14ea00428425 (type: subnets) to 0 [pid: 8|app: 0|req: 400/789] 10.0.0.22 () {34 vars in 667 bytes} [Fri Apr 17 06:35:55 2026] POST /v2.0/subnets => generated 626 bytes in 760 msecs (HTTP/1.1 201) 4 headers in 162 bytes (1 switches on core 0)
2026-04-17 06:35:56.427 8 WARNING neutron.scheduler.dhcp_agent_scheduler [None req-265b1ffd-3d10-4b28-9491-409392c66fb2 bc3ebb8a308b498fb935fac4edb6ba7f 4160837d1cce405f9d260d0814aa3320 - - default default] No more DHCP agents
2026-04-17 06:35:56.428 8 WARNING neutron.api.rpc.agentnotifiers.dhcp_rpc_agent_api [None req-265b1ffd-3d10-4b28-9491-409392c66fb2 bc3ebb8a308b498fb935fac4edb6ba7f 4160837d1cce405f9d260d0814aa3320 - - default default] Unable to schedule network efc4475e-8c07-445e-bede-e5ccb990d7b4: no agents available; will retry on subsequent port and subnet creation events.
2026-04-17 06:35:56.435 7 INFO neutron.db.ovn_revision_numbers_db [None req-cca1a9fc-48b8-40b2-8b92-d77f3e9a58d5 - - - - - -] Successfully bumped revision number for resource 559dc374-6bb9-4f05-a644-92da747a9226 (type: ports) to 3
2026-04-17 06:35:56.550 8 INFO neutron.plugins.ml2.drivers.ovn.mech_driver.mech_driver [None req-6dd1b61a-de94-4aff-a683-469068120e5b - - - - - -] OVN reports status down for port: dfbf0c2b-488f-4ae2-9379-3417e892c5e1
2026-04-17 06:35:56.619 8 INFO neutron.db.ovn_revision_numbers_db [None req-265b1ffd-3d10-4b28-9491-409392c66fb2 bc3ebb8a308b498fb935fac4edb6ba7f 4160837d1cce405f9d260d0814aa3320 - - default default] Successfully bumped revision number for resource dfbf0c2b-488f-4ae2-9379-3417e892c5e1 (type: ports) to 1 [pid: 8|app: 0|req: 403/792] 10.0.0.22 () {34 vars in 663 bytes} [Fri Apr 17 06:35:56 2026] POST /v2.0/ports => generated 949 bytes in 502 msecs (HTTP/1.1 201) 4 headers in 162 bytes (1 switches on core 0)
2026-04-17 06:35:56.827 7 WARNING neutron.scheduler.dhcp_agent_scheduler [None req-21e4577b-c91f-4dfe-b7d6-c44e13d6c212 96bf439982634a7aa586033eb7cd5e41 02f7a0e1a7a44a7291f4fc36cfeb4cf9 - - default default] No more DHCP agents
2026-04-17 06:35:56.828 7 WARNING neutron.api.rpc.agentnotifiers.dhcp_rpc_agent_api [None req-21e4577b-c91f-4dfe-b7d6-c44e13d6c212 96bf439982634a7aa586033eb7cd5e41 02f7a0e1a7a44a7291f4fc36cfeb4cf9 - - default default] Unable to schedule network 766455c2-77e1-4efb-a829-ed694b64cbd6: no agents available; will retry on subsequent port and subnet creation events. /var/lib/openstack/lib/python3.12/site-packages/pycadf/identifier.py:70: UserWarning: Invalid uuid: neutron. To ensure interoperability, identifiers should be a valid uuid. warnings.warn(('Invalid uuid: %s. To ensure interoperability, '
2026-04-17 06:35:56.974 8 INFO neutron.db.ovn_revision_numbers_db [None req-7401893d-f372-4066-837a-2ad30e9613e4 a28c5d6f0bb04008b4ca9dff4cbb0db7 779cb59555ff4283abec68d31a7ad68c - - default default] Successfully bumped revision number for resource 7267f789-9e8f-43c2-9890-20d858949077 (type: security_groups) to 1
2026-04-17 06:35:56.988 8 INFO neutron.db.ovn_revision_numbers_db [None req-7401893d-f372-4066-837a-2ad30e9613e4 a28c5d6f0bb04008b4ca9dff4cbb0db7 779cb59555ff4283abec68d31a7ad68c - - default default] Successfully bumped revision number for resource 0bcecaf2-c992-4042-b1ce-ebec3ada6093 (type: security_group_rules) to 0
2026-04-17 06:35:57.016 8 INFO neutron.db.ovn_revision_numbers_db [None req-7401893d-f372-4066-837a-2ad30e9613e4 a28c5d6f0bb04008b4ca9dff4cbb0db7 779cb59555ff4283abec68d31a7ad68c - - default default] Successfully bumped revision number for resource a03dc6ff-b86f-4dd2-a95d-146e08d6dc52 (type: security_group_rules) to 0
2026-04-17 06:35:57.029 8 INFO neutron.db.ovn_revision_numbers_db [None req-7401893d-f372-4066-837a-2ad30e9613e4 a28c5d6f0bb04008b4ca9dff4cbb0db7 779cb59555ff4283abec68d31a7ad68c - - default default] Successfully bumped revision number for resource aaed0715-531f-4d77-a7a4-32821780ef6f (type: security_group_rules) to 0
2026-04-17 06:35:57.044 8 INFO neutron.db.ovn_revision_numbers_db [None req-7401893d-f372-4066-837a-2ad30e9613e4 a28c5d6f0bb04008b4ca9dff4cbb0db7 779cb59555ff4283abec68d31a7ad68c - - default default] Successfully bumped revision number for resource be080e01-c956-4cce-973f-f2d1117b3768 (type: security_group_rules) to 0
2026-04-17 06:35:57.075 7 INFO neutron.db.ovn_revision_numbers_db [None req-21e4577b-c91f-4dfe-b7d6-c44e13d6c212 96bf439982634a7aa586033eb7cd5e41 02f7a0e1a7a44a7291f4fc36cfeb4cf9 - - default default] Successfully bumped revision number for resource 559dc374-6bb9-4f05-a644-92da747a9226 (type: router_ports) to 3 [pid: 8|app: 0|req: 404/793] 10.0.0.22 () {32 vars in 772 bytes} [Fri Apr 17 06:35:56 2026] GET /v2.0/security-groups?tenant_id=a1e85032e55f4ddb8e0ca8cf8f75b978&name=default => generated 2925 bytes in 405 msecs (HTTP/1.1 200) 4 headers in 158 bytes (1 switches on core 0) [pid: 7|app: 0|req: 390/794] 10.0.0.22 () {34 vars in 781 bytes} [Fri Apr 17 06:35:55 2026] PUT /v2.0/routers/a2d53b22-03aa-4cec-88fa-5ecb7be4fc71/add_router_interface => generated 309 bytes in 1849 msecs (HTTP/1.1 200) 4 headers in 157 bytes (1 switches on core 0) /var/lib/openstack/lib/python3.12/site-packages/pycadf/identifier.py:70: UserWarning: Invalid uuid: neutron. To ensure interoperability, identifiers should be a valid uuid. warnings.warn(('Invalid uuid: %s. To ensure interoperability, ' [pid: 8|app: 0|req: 405/795] 10.0.0.57 () {34 vars in 988 bytes} [Fri Apr 17 06:35:57 2026] GET /v2.0/ports?device_id=c4d0291f-b0e1-4e62-97cc-4862721873b3 => generated 12 bytes in 15 msecs (HTTP/1.1 200) 4 headers in 156 bytes (1 switches on core 0)
2026-04-17 06:35:57.258 7 INFO neutron_taas.services.taas.taas_plugin [None req-749a9c96-3ce1-4b0a-bc8d-67a424f0a9de bc3ebb8a308b498fb935fac4edb6ba7f 4160837d1cce405f9d260d0814aa3320 - - default default] TaaS: Handle Delete Port: dfbf0c2b-488f-4ae2-9379-3417e892c5e1
2026-04-17 06:35:57.261 7 INFO neutron_taas.services.taas.tap_mirror_plugin [None req-749a9c96-3ce1-4b0a-bc8d-67a424f0a9de bc3ebb8a308b498fb935fac4edb6ba7f 4160837d1cce405f9d260d0814aa3320 - - default default] Tap Mirror: Handle Delete Port: dfbf0c2b-488f-4ae2-9379-3417e892c5e1 [pid: 8|app: 0|req: 406/796] 10.0.0.22 () {32 vars in 738 bytes} [Fri Apr 17 06:35:57 2026] DELETE /v2.0/security-groups/7267f789-9e8f-43c2-9890-20d858949077 => generated 0 bytes in 194 msecs (HTTP/1.1 204) 2 headers in 112 bytes (1 switches on core 0) [pid: 8|app: 0|req: 407/797] 10.0.0.22 () {32 vars in 715 bytes} [Fri Apr 17 06:35:57 2026] GET /v2.0/ports/559dc374-6bb9-4f05-a644-92da747a9226 => generated 1025 bytes in 69 msecs (HTTP/1.1 200) 4 headers in 158 bytes (1 switches on core 0) [pid: 8|app: 0|req: 408/798] 199.204.45.95 () {34 vars in 984 bytes} [Fri Apr 17 06:35:57 2026] GET /v2.0/networks?id=3f0f9d8c-1a6a-4bd5-ab61-83a72e206220 => generated 713 bytes in 41 msecs (HTTP/1.1 200) 4 headers in 157 bytes (1 switches on core 0) [pid: 7|app: 0|req: 391/799] 10.0.0.22 () {32 vars in 718 bytes} [Fri Apr 17 06:35:57 2026] DELETE /v2.0/ports/dfbf0c2b-488f-4ae2-9379-3417e892c5e1 => generated 0 bytes in 341 msecs (HTTP/1.1 204) 3 headers in 131 bytes (1 switches on core 0) [pid: 7|app: 0|req: 392/800] 199.204.45.95 () {34 vars in 1048 bytes} [Fri Apr 17 06:35:57 2026] GET /v2.0/security-groups?fields=id&fields=name&tenant_id=03f6525b6c8a4ca6b6dafefbc5dadfa8 => generated 181 bytes in 39 msecs (HTTP/1.1 200) 4 headers in 157 bytes (1 switches on core 0)
2026-04-17 06:35:57.474 7 INFO neutron.pecan_wsgi.hooks.translation [None req-3f663add-fb2e-4a63-9d4f-10ff44d1aeb5 bc3ebb8a308b498fb935fac4edb6ba7f 4160837d1cce405f9d260d0814aa3320 - - default default] DELETE failed (client error): The resource could not be found. [pid: 7|app: 0|req: 393/801] 10.0.0.22 () {32 vars in 718 bytes} [Fri Apr 17 06:35:57 2026] DELETE /v2.0/ports/dfbf0c2b-488f-4ae2-9379-3417e892c5e1 => generated 132 bytes in 13 msecs (HTTP/1.1 404) 4 headers in 164 bytes (1 switches on core 0)
2026-04-17 06:35:57.705 8 INFO neutron_taas.services.taas.taas_plugin [None req-0a49b6c2-a058-47a0-9908-873e6d2c9bcc 96bf439982634a7aa586033eb7cd5e41 02f7a0e1a7a44a7291f4fc36cfeb4cf9 - - default default] TaaS: Handle Delete Port: 559dc374-6bb9-4f05-a644-92da747a9226
2026-04-17 06:35:57.709 8 INFO neutron_taas.services.taas.tap_mirror_plugin [None req-0a49b6c2-a058-47a0-9908-873e6d2c9bcc 96bf439982634a7aa586033eb7cd5e41 02f7a0e1a7a44a7291f4fc36cfeb4cf9 - - default default] Tap Mirror: Handle Delete Port: 559dc374-6bb9-4f05-a644-92da747a9226
2026-04-17 06:35:57.749 7 WARNING neutron.scheduler.dhcp_agent_scheduler [req-428d9e71-388d-4a85-9215-e0d06f710434 req-e5f110cd-7d01-4b0c-9335-e7b3c28c37a1 e1df94660acc492ea75211d77b827bbe 03f6525b6c8a4ca6b6dafefbc5dadfa8 - - default default] No more DHCP agents
2026-04-17 06:35:57.750 7 WARNING neutron.api.rpc.agentnotifiers.dhcp_rpc_agent_api [req-428d9e71-388d-4a85-9215-e0d06f710434 req-e5f110cd-7d01-4b0c-9335-e7b3c28c37a1 e1df94660acc492ea75211d77b827bbe 03f6525b6c8a4ca6b6dafefbc5dadfa8 - - default default] Unable to schedule network 3f0f9d8c-1a6a-4bd5-ab61-83a72e206220: no agents available; will retry on subsequent port and subnet creation events.
2026-04-17 06:35:57.948 7 INFO neutron.db.ovn_revision_numbers_db [req-428d9e71-388d-4a85-9215-e0d06f710434 req-e5f110cd-7d01-4b0c-9335-e7b3c28c37a1 e1df94660acc492ea75211d77b827bbe 03f6525b6c8a4ca6b6dafefbc5dadfa8 - - default default] Successfully bumped revision number for resource 02353222-c79f-4210-b000-3ab6db2b4e31 (type: ports) to 1 [pid: 7|app: 0|req: 394/802] 199.204.45.95 () {38 vars in 953 bytes} [Fri Apr 17 06:35:57 2026] POST /v2.0/ports => generated 958 bytes in 546 msecs (HTTP/1.1 201) 4 headers in 162 bytes (1 switches on core 0) /var/lib/openstack/lib/python3.12/site-packages/pycadf/identifier.py:70: UserWarning: Invalid uuid: neutron. To ensure interoperability, identifiers should be a valid uuid. warnings.warn(('Invalid uuid: %s. To ensure interoperability, '
2026-04-17 06:35:58.042 7 INFO neutron.pecan_wsgi.hooks.translation [None req-37c16a4d-96cf-4d02-9d30-7719db857068 bc3ebb8a308b498fb935fac4edb6ba7f 4160837d1cce405f9d260d0814aa3320 - - default default] GET failed (client error): The resource could not be found. [pid: 7|app: 0|req: 395/803] 10.0.0.22 () {32 vars in 715 bytes} [Fri Apr 17 06:35:58 2026] GET /v2.0/ports/dfbf0c2b-488f-4ae2-9379-3417e892c5e1 => generated 132 bytes in 20 msecs (HTTP/1.1 404) 4 headers in 164 bytes (1 switches on core 0) [pid: 8|app: 0|req: 409/804] 10.0.0.22 () {34 vars in 787 bytes} [Fri Apr 17 06:35:57 2026] PUT /v2.0/routers/a2d53b22-03aa-4cec-88fa-5ecb7be4fc71/remove_router_interface => generated 309 bytes in 651 msecs (HTTP/1.1 200) 4 headers in 157 bytes (1 switches on core 0) /var/lib/openstack/lib/python3.12/site-packages/pycadf/identifier.py:70: UserWarning: Invalid uuid: neutron. To ensure interoperability, identifiers should be a valid uuid. warnings.warn(('Invalid uuid: %s. To ensure interoperability, ' [pid: 8|app: 0|req: 410/805] 10.0.0.22 () {32 vars in 722 bytes} [Fri Apr 17 06:35:58 2026] DELETE /v2.0/subnets/ccc4accd-4daa-4861-a7be-14ea00428425 => generated 0 bytes in 199 msecs (HTTP/1.1 204) 3 headers in 131 bytes (1 switches on core 0)
2026-04-17 06:35:58.305 8 INFO neutron.api.v2.resource [None req-db0a5e6f-8760-49c2-9247-f2b2b6363265 96bf439982634a7aa586033eb7cd5e41 02f7a0e1a7a44a7291f4fc36cfeb4cf9 - - default default] remove_router_interface failed (client error): The resource could not be found. [pid: 8|app: 0|req: 411/806] 10.0.0.22 () {34 vars in 787 bytes} [Fri Apr 17 06:35:58 2026] PUT /v2.0/routers/a2d53b22-03aa-4cec-88fa-5ecb7be4fc71/remove_router_interface => generated 197 bytes in 55 msecs (HTTP/1.1 404) 4 headers in 164 bytes (1 switches on core 0) [pid: 8|app: 0|req: 412/807] 10.0.0.57 () {34 vars in 988 bytes} [Fri Apr 17 06:35:58 2026] GET /v2.0/ports?device_id=c4d0291f-b0e1-4e62-97cc-4862721873b3 => generated 973 bytes in 85 msecs (HTTP/1.1 200) 4 headers in 157 bytes (1 switches on core 0)
2026-04-17 06:35:58.424 7 INFO neutron.db.ovn_revision_numbers_db [req-428d9e71-388d-4a85-9215-e0d06f710434 req-e0483522-d5f1-4f00-86bd-b2d3f97b9455 f39277ec75a9428d86916a26f3487e79 0d95943e0f96422fbbd309a803e0d1a1 - - 4c64e951e16d4647a97f708d0df3250f 4c64e951e16d4647a97f708d0df3250f] Successfully bumped revision number for resource 02353222-c79f-4210-b000-3ab6db2b4e31 (type: ports) to 2
2026-04-17 06:35:58.546 8 INFO neutron_taas.services.taas.taas_plugin [None req-7d293a6b-f590-4aec-8d6c-e89b5afacaec bc3ebb8a308b498fb935fac4edb6ba7f 4160837d1cce405f9d260d0814aa3320 - - default default] TaaS: Handle Delete Port: 680e2fca-490b-40d1-9673-026abdc11812
2026-04-17 06:35:58.551 8 INFO neutron_taas.services.taas.tap_mirror_plugin [None req-7d293a6b-f590-4aec-8d6c-e89b5afacaec bc3ebb8a308b498fb935fac4edb6ba7f 4160837d1cce405f9d260d0814aa3320 - - default default] Tap Mirror: Handle Delete Port: 680e2fca-490b-40d1-9673-026abdc11812
2026-04-17 06:35:58.638 7 INFO neutron.db.ovn_revision_numbers_db [req-428d9e71-388d-4a85-9215-e0d06f710434 req-e0483522-d5f1-4f00-86bd-b2d3f97b9455 f39277ec75a9428d86916a26f3487e79 0d95943e0f96422fbbd309a803e0d1a1 - - 4c64e951e16d4647a97f708d0df3250f 4c64e951e16d4647a97f708d0df3250f] Successfully bumped revision number for resource 02353222-c79f-4210-b000-3ab6db2b4e31 (type: ports) to 4 [pid: 7|app: 0|req: 396/808] 199.204.45.95 () {38 vars in 1026 bytes} [Fri Apr 17 06:35:58 2026] PUT /v2.0/ports/02353222-c79f-4210-b000-3ab6db2b4e31 => generated 1208 bytes in 643 msecs (HTTP/1.1 200) 4 headers in 158 bytes (1 switches on core 0) /var/lib/openstack/lib/python3.12/site-packages/pycadf/identifier.py:70: UserWarning: Invalid uuid: neutron. To ensure interoperability, identifiers should be a valid uuid. warnings.warn(('Invalid uuid: %s. To ensure interoperability, ' [pid: 7|app: 0|req: 397/809] 10.0.0.22 () {32 vars in 734 bytes} [Fri Apr 17 06:35:58 2026] GET /v2.0/ports?device_id=a2d53b22-03aa-4cec-88fa-5ecb7be4fc71 => generated 12 bytes in 23 msecs (HTTP/1.1 200) 4 headers in 156 bytes (1 switches on core 0)
2026-04-17 06:35:58.724 7 INFO neutron.notifiers.nova [-] Nova event matching ['req-e86df633-ad11-4a76-9cce-68b7d5a0bf42'] response: {'name': 'network-changed', 'server_uuid': 'c4d0291f-b0e1-4e62-97cc-4862721873b3', 'tag': '02353222-c79f-4210-b000-3ab6db2b4e31', 'status': 'completed', 'code': 200} [pid: 7|app: 0|req: 398/810] 10.0.0.57 () {34 vars in 1038 bytes} [Fri Apr 17 06:35:58 2026] GET /v2.0/security-groups?id=6e1977a8-8cef-421c-9725-e7f332e318d3&fields=id&fields=name => generated 114 bytes in 40 msecs (HTTP/1.1 200) 4 headers in 157 bytes (1 switches on core 0)
2026-04-17 06:35:58.764 8 INFO neutron.services.segments.plugin [-] Segment fdd3d161-4f4b-4313-a82c-b036781b3cd3 resource provider aggregate not found
2026-04-17 06:35:58.769 8 INFO neutron.services.segments.plugin [-] Segment fdd3d161-4f4b-4313-a82c-b036781b3cd3 resource provider aggregate not found
2026-04-17 06:35:58.803 8 INFO neutron.services.segments.plugin [-] Segment fdd3d161-4f4b-4313-a82c-b036781b3cd3 resource provider not found; error: Placement Client Error (4xx): {"errors": [{"status": 404, "title": "Not Found", "detail": "The resource could not be found.\n\n No resource provider with uuid fdd3d161-4f4b-4313-a82c-b036781b3cd3 found for delete ", "request_id": "req-d90ab1dd-ad36-43d5-8078-4697273e826e"}]}
2026-04-17 06:35:58.805 8 INFO neutron.services.segments.plugin [-] Segment fdd3d161-4f4b-4313-a82c-b036781b3cd3 resource provider not found; error: Placement Client Error (4xx): {"errors": [{"status": 404, "title": "Not Found", "detail": "The resource could not be found.\n\n No resource provider with uuid fdd3d161-4f4b-4313-a82c-b036781b3cd3 found for delete ", "request_id": "req-3d0ec8f9-425d-4975-9076-f1eb68ff61d2"}]} [pid: 8|app: 0|req: 413/811] 10.0.0.22 () {32 vars in 724 bytes} [Fri Apr 17 06:35:58 2026] DELETE /v2.0/networks/efc4475e-8c07-445e-bede-e5ccb990d7b4 => generated 0 bytes in 435 msecs (HTTP/1.1 204) 3 headers in 131 bytes (1 switches on core 0)
2026-04-17 06:35:58.938 8 INFO neutron.db.segments_db [None req-c6d5c3c6-e068-4a02-ac3e-f684e46ac394 bc3ebb8a308b498fb935fac4edb6ba7f 4160837d1cce405f9d260d0814aa3320 - - default default] Added segment 714c7e24-f293-44a8-9d42-4d0f1d66ae16 of type geneve for network 4f2b7f93-2f36-4d9d-96d5-2c6698eac250 [pid: 7|app: 0|req: 399/812] 10.0.0.22 () {32 vars in 722 bytes} [Fri Apr 17 06:35:58 2026] DELETE /v2.0/routers/a2d53b22-03aa-4cec-88fa-5ecb7be4fc71 => generated 0 bytes in 197 msecs (HTTP/1.1 204) 2 headers in 112 bytes (1 switches on core 0)
2026-04-17 06:35:59.044 8 INFO neutron.db.ovn_revision_numbers_db [None req-c6d5c3c6-e068-4a02-ac3e-f684e46ac394 bc3ebb8a308b498fb935fac4edb6ba7f 4160837d1cce405f9d260d0814aa3320 - - default default] Successfully bumped revision number for resource 4f2b7f93-2f36-4d9d-96d5-2c6698eac250 (type: networks) to 1 [pid: 7|app: 0|req: 400/813] 10.0.0.22 () {32 vars in 722 bytes} [Fri Apr 17 06:35:58 2026] DELETE /v2.0/subnets/dcbf79d5-fd8e-431e-a6d9-20d513ecc758 => generated 0 bytes in 184 msecs (HTTP/1.1 204) 3 headers in 131 bytes (1 switches on core 0)
2026-04-17 06:35:59.215 8 WARNING neutron.scheduler.dhcp_agent_scheduler [None req-c6d5c3c6-e068-4a02-ac3e-f684e46ac394 bc3ebb8a308b498fb935fac4edb6ba7f 4160837d1cce405f9d260d0814aa3320 - - default default] No more DHCP agents
2026-04-17 06:35:59.216 8 WARNING neutron.api.rpc.agentnotifiers.dhcp_rpc_agent_api [None req-c6d5c3c6-e068-4a02-ac3e-f684e46ac394 bc3ebb8a308b498fb935fac4edb6ba7f 4160837d1cce405f9d260d0814aa3320 - - default default] Unable to schedule network 4f2b7f93-2f36-4d9d-96d5-2c6698eac250: no agents available; will retry on subsequent port and subnet creation events.
2026-04-17 06:35:59.305 7 INFO neutron_taas.services.taas.taas_plugin [None req-deacb2ac-2b66-48ff-ad2d-0bf88742406a 96bf439982634a7aa586033eb7cd5e41 02f7a0e1a7a44a7291f4fc36cfeb4cf9 - - default default] TaaS: Handle Delete Port: 3666cec9-2c0d-4e9c-b98a-e13b545ae78d
2026-04-17 06:35:59.308 7 INFO neutron_taas.services.taas.tap_mirror_plugin [None req-deacb2ac-2b66-48ff-ad2d-0bf88742406a 96bf439982634a7aa586033eb7cd5e41 02f7a0e1a7a44a7291f4fc36cfeb4cf9 - - default default] Tap Mirror: Handle Delete Port: 3666cec9-2c0d-4e9c-b98a-e13b545ae78d
2026-04-17 06:35:59.326 8 INFO neutron.db.ovn_revision_numbers_db [None req-c6d5c3c6-e068-4a02-ac3e-f684e46ac394 bc3ebb8a308b498fb935fac4edb6ba7f 4160837d1cce405f9d260d0814aa3320 - - default default] Successfully bumped revision number for resource d1ff115b-2fb5-4e66-95cc-028920082278 (type: ports) to 1 [pid: 8|app: 0|req: 414/814] 10.0.0.22 () {34 vars in 668 bytes} [Fri Apr 17 06:35:58 2026] POST /v2.0/networks => generated 651 bytes in 504 msecs (HTTP/1.1 201) 4 headers in 162 bytes (1 switches on core 0) [pid: 8|app: 0|req: 415/815] 199.204.45.95 () {34 vars in 1078 bytes} [Fri Apr 17 06:35:59 2026] GET /v2.0/ports?tenant_id=03f6525b6c8a4ca6b6dafefbc5dadfa8&device_id=c4d0291f-b0e1-4e62-97cc-4862721873b3 => generated 1211 bytes in 64 msecs (HTTP/1.1 200) 4 headers in 158 bytes (1 switches on core 0)
2026-04-17 06:35:59.550 7 INFO neutron.services.segments.plugin [-] Segment c00aac8d-0279-4be8-951b-489c2ff544a6 resource provider aggregate not found
2026-04-17 06:35:59.551 7 INFO neutron.services.segments.plugin [-] Segment c00aac8d-0279-4be8-951b-489c2ff544a6 resource provider aggregate not found
2026-04-17 06:35:59.574 7 INFO neutron.services.segments.plugin [-] Segment c00aac8d-0279-4be8-951b-489c2ff544a6 resource provider not found; error: Placement Client Error (4xx): {"errors": [{"status": 404, "title": "Not Found", "detail": "The resource could not be found.\n\n No resource provider with uuid c00aac8d-0279-4be8-951b-489c2ff544a6 found for delete ", "request_id": "req-ad3d99cb-19d4-4338-b558-6c65e0f39c1a"}]}
2026-04-17 06:35:59.578 7 INFO neutron.services.segments.plugin [-] Segment c00aac8d-0279-4be8-951b-489c2ff544a6 resource provider not found; error: Placement Client Error (4xx): {"errors": [{"status": 404, "title": "Not Found", "detail": "The resource could not be found.\n\n No resource provider with uuid c00aac8d-0279-4be8-951b-489c2ff544a6 found for delete ", "request_id": "req-500e768f-6a4e-49c4-90af-fa90b402647f"}]} [pid: 7|app: 0|req: 401/816] 10.0.0.22 () {32 vars in 724 bytes} [Fri Apr 17 06:35:59 2026] DELETE /v2.0/networks/766455c2-77e1-4efb-a829-ed694b64cbd6 => generated 0 bytes in 470 msecs (HTTP/1.1 204) 3 headers in 131 bytes (1 switches on core 0) [pid: 7|app: 0|req: 402/817] 199.204.45.95 () {34 vars in 1016 bytes} [Fri Apr 17 06:35:59 2026] GET /v2.0/networks?tenant_id=03f6525b6c8a4ca6b6dafefbc5dadfa8&shared=False => generated 812 bytes in 70 msecs (HTTP/1.1 200) 4 headers in 157 bytes (1 switches on core 0)
2026-04-17 06:35:59.707 8 WARNING neutron.scheduler.dhcp_agent_scheduler [None req-2ebecce5-19cc-462e-985b-7f40f2c496ee bc3ebb8a308b498fb935fac4edb6ba7f 4160837d1cce405f9d260d0814aa3320 - - default default] No more DHCP agents
2026-04-17 06:35:59.708 8 WARNING neutron.api.rpc.agentnotifiers.dhcp_rpc_agent_api [None req-2ebecce5-19cc-462e-985b-7f40f2c496ee bc3ebb8a308b498fb935fac4edb6ba7f 4160837d1cce405f9d260d0814aa3320 - - default default] Unable to schedule network 4f2b7f93-2f36-4d9d-96d5-2c6698eac250: no agents available; will retry on subsequent port and subnet creation events.
2026-04-17 06:35:59.775 7 INFO neutron.db.segments_db [None req-7d66431b-26d6-4781-98f2-5137f50d057a 96bf439982634a7aa586033eb7cd5e41 02f7a0e1a7a44a7291f4fc36cfeb4cf9 - - default default] Added segment e4d647c7-adce-4f10-a45b-e9e48b741230 of type geneve for network 1dd76b0f-e2c6-4a39-9d54-6103534a4255
2026-04-17 06:35:59.904 7 INFO neutron.db.ovn_revision_numbers_db [None req-7d66431b-26d6-4781-98f2-5137f50d057a 96bf439982634a7aa586033eb7cd5e41 02f7a0e1a7a44a7291f4fc36cfeb4cf9 - - default default] Successfully bumped revision number for resource 1dd76b0f-e2c6-4a39-9d54-6103534a4255 (type: networks) to 1
2026-04-17 06:36:00.076 7 WARNING neutron.scheduler.dhcp_agent_scheduler [None req-7d66431b-26d6-4781-98f2-5137f50d057a 96bf439982634a7aa586033eb7cd5e41 02f7a0e1a7a44a7291f4fc36cfeb4cf9 - - default default] No more DHCP agents
2026-04-17 06:36:00.079 7 WARNING neutron.api.rpc.agentnotifiers.dhcp_rpc_agent_api [None req-7d66431b-26d6-4781-98f2-5137f50d057a 96bf439982634a7aa586033eb7cd5e41 02f7a0e1a7a44a7291f4fc36cfeb4cf9 - - default default] Unable to schedule network 1dd76b0f-e2c6-4a39-9d54-6103534a4255: no agents available; will retry on subsequent port and subnet creation events.
2026-04-17 06:36:00.175 7 INFO neutron.db.ovn_revision_numbers_db [None req-7d66431b-26d6-4781-98f2-5137f50d057a 96bf439982634a7aa586033eb7cd5e41 02f7a0e1a7a44a7291f4fc36cfeb4cf9 - - default default] Successfully bumped revision number for resource 7eac197b-f288-42ff-ad44-c2fed0d96729 (type: ports) to 1
2026-04-17 06:36:00.201 8 INFO neutron.db.ovn_revision_numbers_db [None req-85242584-c7f7-4a63-ae63-241c6cba9c5d - - - - - -] Successfully bumped revision number for resource d1ff115b-2fb5-4e66-95cc-028920082278 (type: ports) to 2 [pid: 7|app: 0|req: 403/818] 10.0.0.22 () {34 vars in 668 bytes} [Fri Apr 17 06:35:59 2026] POST /v2.0/networks => generated 653 bytes in 523 msecs (HTTP/1.1 201) 4 headers in 162 bytes (1 switches on core 0)
2026-04-17 06:36:00.235 8 INFO neutron.db.ovn_revision_numbers_db [None req-85242584-c7f7-4a63-ae63-241c6cba9c5d - - - - - -] Successfully bumped revision number for resource 4aedd987-2d46-4ee2-92b9-221ade89f75d (type: subnets) to 0 [pid: 7|app: 0|req: 404/819] 199.204.45.95 () {34 vars in 928 bytes} [Fri Apr 17 06:36:00 2026] GET /v2.0/networks?shared=True => generated 791 bytes in 42 msecs (HTTP/1.1 200) 4 headers in 157 bytes (1 switches on core 0) [pid: 8|app: 0|req: 416/820] 10.0.0.22 () {34 vars in 667 bytes} [Fri Apr 17 06:35:59 2026] POST /v2.0/subnets => generated 626 bytes in 842 msecs (HTTP/1.1 201) 4 headers in 162 bytes (1 switches on core 0) [pid: 7|app: 0|req: 405/821] 10.0.0.57 () {34 vars in 988 bytes} [Fri Apr 17 06:36:00 2026] GET /v2.0/ports?device_id=c4d0291f-b0e1-4e62-97cc-4862721873b3 => generated 973 bytes in 37 msecs (HTTP/1.1 200) 4 headers in 157 bytes (1 switches on core 0)
2026-04-17 06:36:00.437 8 WARNING neutron.scheduler.dhcp_agent_scheduler [None req-2b3e05ab-9da0-4b8d-bcbf-43c8f3346275 96bf439982634a7aa586033eb7cd5e41 02f7a0e1a7a44a7291f4fc36cfeb4cf9 - - default default] No more DHCP agents
2026-04-17 06:36:00.438 8 WARNING neutron.api.rpc.agentnotifiers.dhcp_rpc_agent_api [None req-2b3e05ab-9da0-4b8d-bcbf-43c8f3346275 96bf439982634a7aa586033eb7cd5e41 02f7a0e1a7a44a7291f4fc36cfeb4cf9 - - default default] Unable to schedule network 1dd76b0f-e2c6-4a39-9d54-6103534a4255: no agents available; will retry on subsequent port and subnet creation events.
2026-04-17 06:36:00.478 8 INFO neutron.db.ovn_revision_numbers_db [None req-2b3e05ab-9da0-4b8d-bcbf-43c8f3346275 96bf439982634a7aa586033eb7cd5e41 02f7a0e1a7a44a7291f4fc36cfeb4cf9 - - default default] Successfully bumped revision number for resource c52b239e-b40e-4a58-9dc3-3b80360be414 (type: subnets) to 0 [pid: 8|app: 0|req: 417/822] 10.0.0.22 () {34 vars in 667 bytes} [Fri Apr 17 06:36:00 2026] POST /v2.0/subnets => generated 646 bytes in 240 msecs (HTTP/1.1 201) 4 headers in 162 bytes (1 switches on core 0) [pid: 8|app: 0|req: 418/823] 10.0.0.57 () {34 vars in 1038 bytes} [Fri Apr 17 06:36:00 2026] GET /v2.0/security-groups?id=6e1977a8-8cef-421c-9725-e7f332e318d3&fields=id&fields=name => generated 114 bytes in 29 msecs (HTTP/1.1 200) 4 headers in 157 bytes (1 switches on core 0)
2026-04-17 06:36:00.545 7 WARNING neutron.scheduler.dhcp_agent_scheduler [None req-f00fa5d3-96f0-451e-b76b-ea86f7b1481d bc3ebb8a308b498fb935fac4edb6ba7f 4160837d1cce405f9d260d0814aa3320 - - default default] No more DHCP agents
2026-04-17 06:36:00.547 7 WARNING neutron.api.rpc.agentnotifiers.dhcp_rpc_agent_api [None req-f00fa5d3-96f0-451e-b76b-ea86f7b1481d bc3ebb8a308b498fb935fac4edb6ba7f 4160837d1cce405f9d260d0814aa3320 - - default default] Unable to schedule network 4f2b7f93-2f36-4d9d-96d5-2c6698eac250: no agents available; will retry on subsequent port and subnet creation events.
2026-04-17 06:36:00.624 8 INFO neutron.db.ovn_revision_numbers_db [None req-fc9fd1b6-cceb-4b04-8f77-dc4bccf26659 96bf439982634a7aa586033eb7cd5e41 02f7a0e1a7a44a7291f4fc36cfeb4cf9 - - default default] Successfully bumped revision number for resource 77c888ba-0d8e-4c3c-b60e-919257883bc5 (type: routers) to 1 [pid: 8|app: 0|req: 419/824] 10.0.0.22 () {34 vars in 667 bytes} [Fri Apr 17 06:36:00 2026] POST /v2.0/routers => generated 605 bytes in 114 msecs (HTTP/1.1 201) 4 headers in 162 bytes (1 switches on core 0)
2026-04-17 06:36:00.978 8 WARNING neutron.scheduler.dhcp_agent_scheduler [None req-cd9af98d-c6ae-4d68-87c6-2bd6265a2513 96bf439982634a7aa586033eb7cd5e41 02f7a0e1a7a44a7291f4fc36cfeb4cf9 - - default default] No more DHCP agents
2026-04-17 06:36:00.980 8 WARNING neutron.api.rpc.agentnotifiers.dhcp_rpc_agent_api [None req-cd9af98d-c6ae-4d68-87c6-2bd6265a2513 96bf439982634a7aa586033eb7cd5e41 02f7a0e1a7a44a7291f4fc36cfeb4cf9 - - default default] Unable to schedule network 1dd76b0f-e2c6-4a39-9d54-6103534a4255: no agents available; will retry on subsequent port and subnet creation events.
2026-04-17 06:36:01.058 8 INFO neutron.plugins.ml2.drivers.ovn.mech_driver.mech_driver [None req-6dd1b61a-de94-4aff-a683-469068120e5b - - - - - -] OVN reports status down for port: 1754009f-0b2b-4913-b2e3-83cc9616265b
2026-04-17 06:36:01.124 8 INFO neutron.db.ovn_revision_numbers_db [None req-cd9af98d-c6ae-4d68-87c6-2bd6265a2513 96bf439982634a7aa586033eb7cd5e41 02f7a0e1a7a44a7291f4fc36cfeb4cf9 - - default default] Successfully bumped revision number for resource 1754009f-0b2b-4913-b2e3-83cc9616265b (type: ports) to 1
2026-04-17 06:36:01.361 8 INFO neutron.plugins.ml2.drivers.ovn.mech_driver.mech_driver [None req-6dd1b61a-de94-4aff-a683-469068120e5b - - - - - -] OVN reports status down for port: 04c785cf-bb6a-4f39-ba93-fa130a6fd95d
2026-04-17 06:36:01.383 7 INFO neutron.db.ovn_revision_numbers_db [None req-f00fa5d3-96f0-451e-b76b-ea86f7b1481d bc3ebb8a308b498fb935fac4edb6ba7f 4160837d1cce405f9d260d0814aa3320 - - default default] Successfully bumped revision number for resource 04c785cf-bb6a-4f39-ba93-fa130a6fd95d (type: ports) to 1 [pid: 7|app: 0|req: 406/825] 10.0.0.22 () {34 vars in 663 bytes} [Fri Apr 17 06:36:00 2026] POST /v2.0/ports => generated 912 bytes in 1168 msecs (HTTP/1.1 201) 4 headers in 162 bytes (1 switches on core 0) [pid: 7|app: 0|req: 407/826] 199.204.45.95 () {34 vars in 1078 bytes} [Fri Apr 17 06:36:01 2026] GET /v2.0/ports?tenant_id=03f6525b6c8a4ca6b6dafefbc5dadfa8&device_id=c4d0291f-b0e1-4e62-97cc-4862721873b3 => generated 1211 bytes in 38 msecs (HTTP/1.1 200) 4 headers in 158 bytes (1 switches on core 0)
