2026-04-17 06:38:55.526 8 INFO neutron.db.ovn_revision_numbers_db [None req-00ff81db-5aa8-406c-baaf-acc0c23ff7f9 261c07f6b04a4115a1a6708b7384ae58 41ed80ffa7aa46e48189a6361f464d48 - - default default] Successfully bumped revision number for resource ef9a430d-4844-446f-ac8b-650fe4b7c8b1 (type: networks) to 1
2026-04-17 06:38:55.597 7 INFO neutron.db.ovn_revision_numbers_db [None req-cc240095-fe41-4d0a-9b20-8fdcdc80aadd - - - - - -] Successfully bumped revision number for resource bb9927c5-3519-4ce1-9341-c89bc2f1741c (type: networks) to 1
2026-04-17 06:38:55.694 8 WARNING neutron.scheduler.dhcp_agent_scheduler [None req-00ff81db-5aa8-406c-baaf-acc0c23ff7f9 261c07f6b04a4115a1a6708b7384ae58 41ed80ffa7aa46e48189a6361f464d48 - - default default] No more DHCP agents
2026-04-17 06:38:55.695 8 WARNING neutron.api.rpc.agentnotifiers.dhcp_rpc_agent_api [None req-00ff81db-5aa8-406c-baaf-acc0c23ff7f9 261c07f6b04a4115a1a6708b7384ae58 41ed80ffa7aa46e48189a6361f464d48 - - default default] Unable to schedule network ef9a430d-4844-446f-ac8b-650fe4b7c8b1: no agents available; will retry on subsequent port and subnet creation events.
2026-04-17 06:38:55.751 7 WARNING neutron.scheduler.dhcp_agent_scheduler [None req-cc240095-fe41-4d0a-9b20-8fdcdc80aadd - - - - - -] No more DHCP agents
2026-04-17 06:38:55.753 7 WARNING neutron.api.rpc.agentnotifiers.dhcp_rpc_agent_api [None req-cc240095-fe41-4d0a-9b20-8fdcdc80aadd - - - - - -] Unable to schedule network bb9927c5-3519-4ce1-9341-c89bc2f1741c: no agents available; will retry on subsequent port and subnet creation events.
2026-04-17 06:38:55.794 8 INFO neutron.db.ovn_revision_numbers_db [None req-00ff81db-5aa8-406c-baaf-acc0c23ff7f9 261c07f6b04a4115a1a6708b7384ae58 41ed80ffa7aa46e48189a6361f464d48 - - default default] Successfully bumped revision number for resource 8069bd79-708e-4570-80fd-aa1a022e4bee (type: ports) to 1
2026-04-17 06:38:55.801 7 INFO neutron.plugins.ml2.drivers.ovn.mech_driver.mech_driver [None req-4ea23dd9-a35c-432e-bcdd-1f064f104fb4 - - - - - -] OVN reports status down for port: 65f30e9c-44d8-424e-a5c4-5b47bdf48fb8 [pid: 8|app: 0|req: 1132/2225] 10.0.0.22 () {34 vars in 668 bytes} [Fri Apr 17 06:38:55 2026] POST /v2.0/networks => generated 656 bytes in 491 msecs (HTTP/1.1 201) 4 headers in 162 bytes (1 switches on core 0)
2026-04-17 06:38:55.865 7 INFO neutron.db.ovn_revision_numbers_db [None req-cc240095-fe41-4d0a-9b20-8fdcdc80aadd - - - - - -] Successfully bumped revision number for resource 65f30e9c-44d8-424e-a5c4-5b47bdf48fb8 (type: ports) to 1 [pid: 8|app: 0|req: 1133/2226] 10.0.0.22 () {32 vars in 738 bytes} [Fri Apr 17 06:38:55 2026] DELETE /v2.0/security-groups/752f5cbb-dca9-4ac1-a9fd-68d4a191c7e7 => generated 0 bytes in 131 msecs (HTTP/1.1 204) 2 headers in 112 bytes (1 switches on core 0)
2026-04-17 06:38:56.037 7 WARNING neutron.scheduler.dhcp_agent_scheduler [None req-cc240095-fe41-4d0a-9b20-8fdcdc80aadd - - - - - -] No more DHCP agents
2026-04-17 06:38:56.038 7 WARNING neutron.api.rpc.agentnotifiers.dhcp_rpc_agent_api [None req-cc240095-fe41-4d0a-9b20-8fdcdc80aadd - - - - - -] Unable to schedule network bb9927c5-3519-4ce1-9341-c89bc2f1741c: no agents available; will retry on subsequent port and subnet creation events.
2026-04-17 06:38:56.060 7 INFO neutron.db.ovn_revision_numbers_db [None req-cc240095-fe41-4d0a-9b20-8fdcdc80aadd - - - - - -] Successfully bumped revision number for resource 938919e2-4f84-4902-8877-29d58c2beeb5 (type: subnets) to 0
2026-04-17 06:38:56.159 8 WARNING neutron.scheduler.dhcp_agent_scheduler [None req-28a37775-3b01-4fa2-b8c8-8b5ed15f4fc4 261c07f6b04a4115a1a6708b7384ae58 41ed80ffa7aa46e48189a6361f464d48 - - default default] No more DHCP agents
2026-04-17 06:38:56.161 8 WARNING neutron.api.rpc.agentnotifiers.dhcp_rpc_agent_api [None req-28a37775-3b01-4fa2-b8c8-8b5ed15f4fc4 261c07f6b04a4115a1a6708b7384ae58 41ed80ffa7aa46e48189a6361f464d48 - - default default] Unable to schedule network ef9a430d-4844-446f-ac8b-650fe4b7c8b1: no agents available; will retry on subsequent port and subnet creation events.
2026-04-17 06:38:56.436 7 WARNING neutron.scheduler.dhcp_agent_scheduler [None req-cc240095-fe41-4d0a-9b20-8fdcdc80aadd - - - - - -] No more DHCP agents
2026-04-17 06:38:56.438 7 WARNING neutron.api.rpc.agentnotifiers.dhcp_rpc_agent_api [None req-cc240095-fe41-4d0a-9b20-8fdcdc80aadd - - - - - -] Unable to schedule network bb9927c5-3519-4ce1-9341-c89bc2f1741c: no agents available; will retry on subsequent port and subnet creation events.
2026-04-17 06:38:56.596 7 INFO neutron.db.ovn_revision_numbers_db [None req-cc240095-fe41-4d0a-9b20-8fdcdc80aadd - - - - - -] Successfully bumped revision number for resource 7ba0de49-a672-40cb-957f-893eeb2e64f1 (type: ports) to 1
2026-04-17 06:38:56.606 8 INFO neutron.db.ovn_revision_numbers_db [None req-3b14bf73-e316-4123-8d94-f6aa050680e7 - - - - - -] Successfully bumped revision number for resource 8069bd79-708e-4570-80fd-aa1a022e4bee (type: ports) to 2
2026-04-17 06:38:56.633 8 INFO neutron.db.ovn_revision_numbers_db [None req-3b14bf73-e316-4123-8d94-f6aa050680e7 - - - - - -] Successfully bumped revision number for resource 98c69e37-76a1-47b9-a2ce-d4e14fe1aac9 (type: subnets) to 0 [pid: 8|app: 0|req: 1136/2229] 10.0.0.22 () {34 vars in 667 bytes} [Fri Apr 17 06:38:55 2026] POST /v2.0/subnets => generated 656 bytes in 683 msecs (HTTP/1.1 201) 4 headers in 162 bytes (1 switches on core 0)
2026-04-17 06:38:56.661 8 INFO neutron.api.v2.resource [None req-6932a6ad-8e7c-4d82-9dec-b0df59eaeabd 24e85bc6ba8f4960ba7c4090c172291f 55efb090214e444280aa2b9fec71242d - - default default] show failed (client error): The resource could not be found. [pid: 8|app: 0|req: 1137/2230] 10.0.0.22 () {32 vars in 735 bytes} [Fri Apr 17 06:38:56 2026] GET /v2.0/security-groups/752f5cbb-dca9-4ac1-a9fd-68d4a191c7e7 => generated 146 bytes in 10 msecs (HTTP/1.1 404) 4 headers in 164 bytes (1 switches on core 0)
2026-04-17 06:38:56.864 8 WARNING neutron.scheduler.dhcp_agent_scheduler [None req-f6b04668-61c0-4712-9eef-fba9d8757f1a 261c07f6b04a4115a1a6708b7384ae58 41ed80ffa7aa46e48189a6361f464d48 - - default default] No more DHCP agents
2026-04-17 06:38:56.866 8 WARNING neutron.api.rpc.agentnotifiers.dhcp_rpc_agent_api [None req-f6b04668-61c0-4712-9eef-fba9d8757f1a 261c07f6b04a4115a1a6708b7384ae58 41ed80ffa7aa46e48189a6361f464d48 - - default default] Unable to schedule network ef9a430d-4844-446f-ac8b-650fe4b7c8b1: no agents available; will retry on subsequent port and subnet creation events.
2026-04-17 06:38:56.900 8 INFO neutron.db.ovn_revision_numbers_db [None req-f6b04668-61c0-4712-9eef-fba9d8757f1a 261c07f6b04a4115a1a6708b7384ae58 41ed80ffa7aa46e48189a6361f464d48 - - default default] Successfully bumped revision number for resource 4305a482-ee57-42ed-bd8f-e3c7dc5249e3 (type: subnets) to 0 [pid: 8|app: 0|req: 1138/2231] 10.0.0.22 () {34 vars in 667 bytes} [Fri Apr 17 06:38:56 2026] POST /v2.0/subnets => generated 729 bytes in 253 msecs (HTTP/1.1 201) 4 headers in 162 bytes (1 switches on core 0)
2026-04-17 06:38:57.026 8 INFO neutron_taas.services.taas.taas_plugin [None req-752c9637-077f-4810-9956-acede90afcd7 24e85bc6ba8f4960ba7c4090c172291f 55efb090214e444280aa2b9fec71242d - - default default] TaaS: Handle Delete Port: 5c33890d-80f1-4b26-8153-5150da8927cd
2026-04-17 06:38:57.029 8 INFO neutron_taas.services.taas.tap_mirror_plugin [None req-752c9637-077f-4810-9956-acede90afcd7 24e85bc6ba8f4960ba7c4090c172291f 55efb090214e444280aa2b9fec71242d - - default default] Tap Mirror: Handle Delete Port: 5c33890d-80f1-4b26-8153-5150da8927cd
2026-04-17 06:38:57.110 8 WARNING neutron.plugins.ml2.drivers.ovn.mech_driver.ovsdb.ovn_client [None req-327b4721-9102-4731-9bd2-f31600329a64 - - - - - -] No hosting information found for port 6437b47d-1cda-4757-aa18-576fb7698908: RuntimeError: No hosting information found for port 6437b47d-1cda-4757-aa18-576fb7698908
2026-04-17 06:38:57.111 8 INFO neutron.plugins.ml2.drivers.ovn.mech_driver.mech_driver [None req-327b4721-9102-4731-9bd2-f31600329a64 - - - - - -] OVN reports status down for port: 2f0e728a-b58b-4a1e-84b3-050faf52cf12
2026-04-17 06:38:57.237 7 WARNING neutron.scheduler.dhcp_agent_scheduler [None req-cc240095-fe41-4d0a-9b20-8fdcdc80aadd - - - - - -] No more DHCP agents
2026-04-17 06:38:57.238 7 WARNING neutron.api.rpc.agentnotifiers.dhcp_rpc_agent_api [None req-cc240095-fe41-4d0a-9b20-8fdcdc80aadd - - - - - -] Unable to schedule network bb9927c5-3519-4ce1-9341-c89bc2f1741c: no agents available; will retry on subsequent port and subnet creation events.
2026-04-17 06:38:57.240 8 WARNING neutron.plugins.ml2.drivers.ovn.mech_driver.ovsdb.ovn_client [None req-327b4721-9102-4731-9bd2-f31600329a64 - - - - - -] Logical_Switch_Port %s host information not removed, the port state is up
2026-04-17 06:38:57.242 8 INFO neutron.plugins.ml2.drivers.ovn.mech_driver.mech_driver [None req-327b4721-9102-4731-9bd2-f31600329a64 - - - - - -] OVN reports status up for port: 2f0e728a-b58b-4a1e-84b3-050faf52cf12
2026-04-17 06:38:57.264 8 INFO neutron.plugins.ml2.plugin [None req-327b4721-9102-4731-9bd2-f31600329a64 - - - - - -] Attempt 1 to provision port 2f0e728a-b58b-4a1e-84b3-050faf52cf12 [pid: 8|app: 0|req: 1139/2232] 10.0.0.22 () {32 vars in 730 bytes} [Fri Apr 17 06:38:56 2026] DELETE /v2.0/floatingips/0ce0172a-3f73-4ec9-ad1e-b413a5447d87 => generated 0 bytes in 401 msecs (HTTP/1.1 204) 2 headers in 112 bytes (1 switches on core 0)
2026-04-17 06:38:57.672 7 INFO neutron.db.ovn_revision_numbers_db [None req-cc240095-fe41-4d0a-9b20-8fdcdc80aadd - - - - - -] Successfully bumped revision number for resource 7ba0de49-a672-40cb-957f-893eeb2e64f1 (type: router_ports) to 1
2026-04-17 06:38:57.900 7 WARNING neutron.scheduler.dhcp_agent_scheduler [None req-cc240095-fe41-4d0a-9b20-8fdcdc80aadd - - - - - -] No more DHCP agents
2026-04-17 06:38:57.902 7 WARNING neutron.api.rpc.agentnotifiers.dhcp_rpc_agent_api [None req-cc240095-fe41-4d0a-9b20-8fdcdc80aadd - - - - - -] Unable to schedule network bb9927c5-3519-4ce1-9341-c89bc2f1741c: no agents available; will retry on subsequent port and subnet creation events.
2026-04-17 06:38:58.057 7 INFO neutron.db.ovn_revision_numbers_db [None req-cc240095-fe41-4d0a-9b20-8fdcdc80aadd - - - - - -] Successfully bumped revision number for resource f9e4ae38-13f8-44ad-ba69-29627f99c758 (type: ports) to 1
2026-04-17 06:38:58.191 8 WARNING neutron.scheduler.dhcp_agent_scheduler [None req-fef4b2a8-fe96-45f4-9d5d-896810b550d4 261c07f6b04a4115a1a6708b7384ae58 41ed80ffa7aa46e48189a6361f464d48 - - default default] No more DHCP agents
2026-04-17 06:38:58.193 8 WARNING neutron.api.rpc.agentnotifiers.dhcp_rpc_agent_api [None req-fef4b2a8-fe96-45f4-9d5d-896810b550d4 261c07f6b04a4115a1a6708b7384ae58 41ed80ffa7aa46e48189a6361f464d48 - - default default] Unable to schedule network cd0ff52c-f048-4193-a89f-b8e9ff8d0661: no agents available; will retry on subsequent port and subnet creation events.
2026-04-17 06:38:58.256 8 INFO neutron.db.ovn_revision_numbers_db [None req-327b4721-9102-4731-9bd2-f31600329a64 - - - - - -] Successfully bumped revision number for resource 2f0e728a-b58b-4a1e-84b3-050faf52cf12 (type: ports) to 2
2026-04-17 06:38:58.304 7 INFO neutron.db.ovn_revision_numbers_db [None req-cc240095-fe41-4d0a-9b20-8fdcdc80aadd - - - - - -] Successfully bumped revision number for resource f9e4ae38-13f8-44ad-ba69-29627f99c758 (type: ports) to 3
2026-04-17 06:38:58.478 8 INFO neutron.db.ovn_revision_numbers_db [None req-fef4b2a8-fe96-45f4-9d5d-896810b550d4 261c07f6b04a4115a1a6708b7384ae58 41ed80ffa7aa46e48189a6361f464d48 - - default default] Successfully bumped revision number for resource d8608d48-490f-4306-bd35-4ebb70882d08 (type: ports) to 1 [pid: 7|app: 0|req: 1094/2233] 10.0.0.22 () {34 vars in 683 bytes} [Fri Apr 17 06:38:54 2026] POST /v2.0/vpn/vpnservices => generated 456 bytes in 4260 msecs (HTTP/1.1 201) 4 headers in 162 bytes (1 switches on core 0) [pid: 7|app: 0|req: 1095/2234] 10.0.0.22 () {32 vars in 738 bytes} [Fri Apr 17 06:38:58 2026] DELETE /v2.0/security-groups/93cb82e5-c065-4756-bdc0-95f861428506 => generated 0 bytes in 193 msecs (HTTP/1.1 204) 2 headers in 112 bytes (1 switches on core 0)
2026-04-17 06:38:59.093 8 INFO neutron.plugins.ml2.drivers.ovn.mech_driver.ovsdb.commands [None req-dcef9bfd-ead6-4772-83e2-c4a7a6d59e3b - - - - - -] Schedule LRP lrp-d8608d48-490f-4306-bd35-4ebb70882d08 on gateway 17becd45-4ef1-45db-978b-25c895cc8398 with priority 1
2026-04-17 06:38:59.150 8 INFO neutron.plugins.ml2.drivers.ovn.mech_driver.ovsdb.ovsdb_monitor [None req-0678a0bb-12b3-4adb-9623-3fdf72d04e54 - - - - - -] Router ae7c95ad-25e7-4fa4-99c0-d709210a46c5 is bound to host instance
2026-04-17 06:38:59.247 8 INFO neutron.db.ovn_revision_numbers_db [None req-fef4b2a8-fe96-45f4-9d5d-896810b550d4 261c07f6b04a4115a1a6708b7384ae58 41ed80ffa7aa46e48189a6361f464d48 - - default default] Successfully bumped revision number for resource d8608d48-490f-4306-bd35-4ebb70882d08 (type: router_ports) to 1 [pid: 7|app: 0|req: 1096/2235] 10.0.0.22 () {34 vars in 683 bytes} [Fri Apr 17 06:38:58 2026] POST /v2.0/vpn/vpnservices => generated 424 bytes in 485 msecs (HTTP/1.1 201) 4 headers in 162 bytes (1 switches on core 0)
2026-04-17 06:38:59.373 8 INFO neutron.db.ovn_revision_numbers_db [None req-fef4b2a8-fe96-45f4-9d5d-896810b550d4 261c07f6b04a4115a1a6708b7384ae58 41ed80ffa7aa46e48189a6361f464d48 - - default default] Successfully bumped revision number for resource ae7c95ad-25e7-4fa4-99c0-d709210a46c5 (type: routers) to 2 [pid: 8|app: 0|req: 1140/2236] 10.0.0.22 () {34 vars in 667 bytes} [Fri Apr 17 06:38:57 2026] POST /v2.0/routers => generated 944 bytes in 2091 msecs (HTTP/1.1 201) 4 headers in 162 bytes (1 switches on core 0) [pid: 8|app: 0|req: 1141/2237] 10.0.0.22 () {34 vars in 682 bytes} [Fri Apr 17 06:38:59 2026] POST /v2.0/vpn/ikepolicies => generated 403 bytes in 79 msecs (HTTP/1.1 201) 4 headers in 162 bytes (1 switches on core 0)
2026-04-17 06:38:59.668 7 INFO neutron_taas.services.taas.taas_plugin [None req-cc563db6-45ce-44fb-9431-e6ffa50842e0 a28c5d6f0bb04008b4ca9dff4cbb0db7 779cb59555ff4283abec68d31a7ad68c - - default default] TaaS: Handle Delete Port: 4403831e-af33-4ea6-ae7e-7a36933e1a57
2026-04-17 06:38:59.671 7 INFO neutron_taas.services.taas.tap_mirror_plugin [None req-cc563db6-45ce-44fb-9431-e6ffa50842e0 a28c5d6f0bb04008b4ca9dff4cbb0db7 779cb59555ff4283abec68d31a7ad68c - - default default] Tap Mirror: Handle Delete Port: 4403831e-af33-4ea6-ae7e-7a36933e1a57 [pid: 7|app: 0|req: 1097/2238] 10.0.0.22 () {34 vars in 787 bytes} [Fri Apr 17 06:38:59 2026] PUT /v2.0/routers/6121a6f7-b02b-4c47-9b46-094047b932ce/remove_router_interface => generated 309 bytes in 1033 msecs (HTTP/1.1 200) 4 headers in 157 bytes (1 switches on core 0) /var/lib/openstack/lib/python3.12/site-packages/pycadf/identifier.py:70: UserWarning: Invalid uuid: neutron. To ensure interoperability, identifiers should be a valid uuid. warnings.warn(('Invalid uuid: %s. To ensure interoperability, ' [pid: 7|app: 0|req: 1098/2239] 10.0.0.22 () {34 vars in 686 bytes} [Fri Apr 17 06:39:00 2026] POST /v2.0/vpn/ipsecpolicies => generated 413 bytes in 47 msecs (HTTP/1.1 201) 4 headers in 162 bytes (1 switches on core 0)
2026-04-17 06:39:00.543 8 WARNING neutron.scheduler.dhcp_agent_scheduler [None req-1118b20d-21a9-48ee-8de2-6949335d6a8c 261c07f6b04a4115a1a6708b7384ae58 41ed80ffa7aa46e48189a6361f464d48 - - default default] No more DHCP agents
2026-04-17 06:39:00.546 8 WARNING neutron.api.rpc.agentnotifiers.dhcp_rpc_agent_api [None req-1118b20d-21a9-48ee-8de2-6949335d6a8c 261c07f6b04a4115a1a6708b7384ae58 41ed80ffa7aa46e48189a6361f464d48 - - default default] Unable to schedule network 8d5e5ca3-e848-4cfd-933a-f648551fdc58: no agents available; will retry on subsequent port and subnet creation events.
2026-04-17 06:39:00.679 7 INFO neutron_taas.services.taas.taas_plugin [None req-a47ff543-b28c-408f-8cf9-f8215e1d5582 a28c5d6f0bb04008b4ca9dff4cbb0db7 779cb59555ff4283abec68d31a7ad68c - - default default] TaaS: Handle Delete Port: 8221f21c-970d-418d-b7f6-727e6d9a42cb
2026-04-17 06:39:00.682 7 INFO neutron_taas.services.taas.tap_mirror_plugin [None req-a47ff543-b28c-408f-8cf9-f8215e1d5582 a28c5d6f0bb04008b4ca9dff4cbb0db7 779cb59555ff4283abec68d31a7ad68c - - default default] Tap Mirror: Handle Delete Port: 8221f21c-970d-418d-b7f6-727e6d9a42cb
2026-04-17 06:39:00.786 8 INFO neutron.db.ovn_revision_numbers_db [None req-1214dafd-1e04-4788-bdc4-8e9e9ccc4cf1 - - - - - -] Successfully bumped revision number for resource d8608d48-490f-4306-bd35-4ebb70882d08 (type: ports) to 4
2026-04-17 06:39:00.842 8 INFO neutron.db.ovn_revision_numbers_db [None req-1118b20d-21a9-48ee-8de2-6949335d6a8c 261c07f6b04a4115a1a6708b7384ae58 41ed80ffa7aa46e48189a6361f464d48 - - default default] Successfully bumped revision number for resource 2af9ad0d-9e3a-465a-8df7-96c13d8acc0e (type: ports) to 1 [pid: 7|app: 0|req: 1099/2240] 10.0.0.22 () {32 vars in 722 bytes} [Fri Apr 17 06:39:00 2026] DELETE /v2.0/routers/6121a6f7-b02b-4c47-9b46-094047b932ce => generated 0 bytes in 772 msecs (HTTP/1.1 204) 2 headers in 112 bytes (1 switches on core 0) [pid: 7|app: 0|req: 1100/2241] 10.0.0.22 () {34 vars in 691 bytes} [Fri Apr 17 06:39:01 2026] POST /v2.0/vpn/endpoint-groups => generated 329 bytes in 58 msecs (HTTP/1.1 201) 4 headers in 162 bytes (1 switches on core 0) [pid: 7|app: 0|req: 1101/2242] 10.0.0.22 () {32 vars in 722 bytes} [Fri Apr 17 06:39:01 2026] DELETE /v2.0/subnets/4b90d286-2d1d-4c6c-96f0-2f31c61da8de => generated 0 bytes in 174 msecs (HTTP/1.1 204) 3 headers in 131 bytes (1 switches on core 0) [pid: 7|app: 0|req: 1102/2243] 10.0.0.22 () {34 vars in 691 bytes} [Fri Apr 17 06:39:01 2026] POST /v2.0/vpn/endpoint-groups => generated 319 bytes in 43 msecs (HTTP/1.1 201) 4 headers in 162 bytes (1 switches on core 0)
2026-04-17 06:39:01.526 7 INFO neutron_taas.services.taas.taas_plugin [None req-62b30aaa-495a-4735-be04-fb89f6075658 a28c5d6f0bb04008b4ca9dff4cbb0db7 779cb59555ff4283abec68d31a7ad68c - - default default] TaaS: Handle Delete Port: 5d54645c-2c6b-46e6-9a05-4248cf2a16a4
2026-04-17 06:39:01.529 7 INFO neutron_taas.services.taas.tap_mirror_plugin [None req-62b30aaa-495a-4735-be04-fb89f6075658 a28c5d6f0bb04008b4ca9dff4cbb0db7 779cb59555ff4283abec68d31a7ad68c - - default default] Tap Mirror: Handle Delete Port: 5d54645c-2c6b-46e6-9a05-4248cf2a16a4
2026-04-17 06:39:01.739 7 INFO neutron.services.segments.plugin [-] Segment 843e6eb5-e1d2-49cc-9bbb-0fb80dba0a07 resource provider aggregate not found
2026-04-17 06:39:01.747 7 INFO neutron.services.segments.plugin [-] Segment 843e6eb5-e1d2-49cc-9bbb-0fb80dba0a07 resource provider aggregate not found
2026-04-17 06:39:01.764 7 INFO neutron.services.segments.plugin [-] Segment 843e6eb5-e1d2-49cc-9bbb-0fb80dba0a07 resource provider not found; error: Placement Client Error (4xx): {"errors": [{"status": 404, "title": "Not Found", "detail": "The resource could not be found.\n\n No resource provider with uuid 843e6eb5-e1d2-49cc-9bbb-0fb80dba0a07 found for delete ", "request_id": "req-085e7d08-dad8-4d9b-b075-cb3020b967c4"}]}
2026-04-17 06:39:01.767 7 INFO neutron.services.segments.plugin [-] Segment 843e6eb5-e1d2-49cc-9bbb-0fb80dba0a07 resource provider not found; error: Placement Client Error (4xx): {"errors": [{"status": 404, "title": "Not Found", "detail": "The resource could not be found.\n\n No resource provider with uuid 843e6eb5-e1d2-49cc-9bbb-0fb80dba0a07 found for delete ", "request_id": "req-9f72ba27-7512-4ea4-98bc-8f2490f9908c"}]} [pid: 7|app: 0|req: 1103/2244] 10.0.0.22 () {32 vars in 724 bytes} [Fri Apr 17 06:39:01 2026] DELETE /v2.0/networks/468eeb77-7ee0-474a-a6ed-43a0e1d6ba97 => generated 0 bytes in 382 msecs (HTTP/1.1 204) 3 headers in 131 bytes (1 switches on core 0)
2026-04-17 06:39:02.141 8 INFO neutron.db.ovn_revision_numbers_db [None req-1214dafd-1e04-4788-bdc4-8e9e9ccc4cf1 - - - - - -] Successfully bumped revision number for resource d8608d48-490f-4306-bd35-4ebb70882d08 (type: ports) to 5
2026-04-17 06:39:02.419 7 INFO neutron.db.ovn_revision_numbers_db [None req-2ee60327-f34b-417d-881d-0d59012b31d0 21a03a85b7e345d98f7e4d1e855a35e9 82b74be01e60474babf7d4bfe8824712 - - default default] Successfully bumped revision number for resource f5e8605c-2315-41cd-89ea-b7c17f52392f (type: routers) to 5 [pid: 7|app: 0|req: 1104/2245] 10.0.0.22 () {34 vars in 705 bytes} [Fri Apr 17 06:39:01 2026] POST /v2.0/vpn/ipsec-site-connections => generated 803 bytes in 672 msecs (HTTP/1.1 201) 4 headers in 162 bytes (1 switches on core 0)
2026-04-17 06:39:02.668 8 WARNING neutron.scheduler.dhcp_agent_scheduler [None req-1118b20d-21a9-48ee-8de2-6949335d6a8c 261c07f6b04a4115a1a6708b7384ae58 41ed80ffa7aa46e48189a6361f464d48 - - default default] No more DHCP agents
2026-04-17 06:39:02.669 8 WARNING neutron.api.rpc.agentnotifiers.dhcp_rpc_agent_api [None req-1118b20d-21a9-48ee-8de2-6949335d6a8c 261c07f6b04a4115a1a6708b7384ae58 41ed80ffa7aa46e48189a6361f464d48 - - default default] Unable to schedule network 8d5e5ca3-e848-4cfd-933a-f648551fdc58: no agents available; will retry on subsequent port and subnet creation events.
2026-04-17 06:39:02.728 7 INFO neutron_taas.services.taas.taas_plugin [None req-a383e835-22c8-475f-8b36-59c96bdbf0af a28c5d6f0bb04008b4ca9dff4cbb0db7 779cb59555ff4283abec68d31a7ad68c - - default default] TaaS: Handle Delete Port: fa5844e9-dfbd-4346-bb73-99fb1250fa38
2026-04-17 06:39:02.730 7 INFO neutron_taas.services.taas.tap_mirror_plugin [None req-a383e835-22c8-475f-8b36-59c96bdbf0af a28c5d6f0bb04008b4ca9dff4cbb0db7 779cb59555ff4283abec68d31a7ad68c - - default default] Tap Mirror: Handle Delete Port: fa5844e9-dfbd-4346-bb73-99fb1250fa38
2026-04-17 06:39:03.149 8 INFO neutron.db.ovn_revision_numbers_db [None req-1118b20d-21a9-48ee-8de2-6949335d6a8c 261c07f6b04a4115a1a6708b7384ae58 41ed80ffa7aa46e48189a6361f464d48 - - default default] Successfully bumped revision number for resource 2af9ad0d-9e3a-465a-8df7-96c13d8acc0e (type: router_ports) to 1 [pid: 8|app: 0|req: 1142/2246] 10.0.0.22 () {34 vars in 781 bytes} [Fri Apr 17 06:38:59 2026] PUT /v2.0/routers/ae7c95ad-25e7-4fa4-99c0-d709210a46c5/add_router_interface => generated 309 bytes in 3668 msecs (HTTP/1.1 200) 4 headers in 157 bytes (1 switches on core 0)
2026-04-17 06:39:03.219 8 WARNING neutron.plugins.ml2.drivers.ovn.mech_driver.ovsdb.ovn_client [None req-734843f4-9977-4414-8b04-98f1e3023613 - - - - - -] No hosting information found for port 2f0e728a-b58b-4a1e-84b3-050faf52cf12: RuntimeError: No hosting information found for port 2f0e728a-b58b-4a1e-84b3-050faf52cf12
2026-04-17 06:39:03.220 8 INFO neutron.plugins.ml2.drivers.ovn.mech_driver.mech_driver [None req-734843f4-9977-4414-8b04-98f1e3023613 - - - - - -] OVN reports status down for port: 43ab902e-ce96-4195-bb91-a7c6e653016e [pid: 8|app: 0|req: 1143/2247] 10.0.0.22 () {34 vars in 691 bytes} [Fri Apr 17 06:39:03 2026] POST /v2.0/vpn/endpoint-groups => generated 290 bytes in 77 msecs (HTTP/1.1 201) 4 headers in 162 bytes (1 switches on core 0) [pid: 7|app: 0|req: 1105/2248] 10.0.0.22 () {34 vars in 787 bytes} [Fri Apr 17 06:39:02 2026] PUT /v2.0/routers/612ecb04-41cc-4ce5-aa95-15dc64a36615/remove_router_interface => generated 309 bytes in 927 msecs (HTTP/1.1 200) 4 headers in 157 bytes (1 switches on core 0) /var/lib/openstack/lib/python3.12/site-packages/pycadf/identifier.py:70: UserWarning: Invalid uuid: neutron. To ensure interoperability, identifiers should be a valid uuid. warnings.warn(('Invalid uuid: %s. To ensure interoperability, ' [pid: 7|app: 0|req: 1106/2249] 10.0.0.22 () {32 vars in 746 bytes} [Fri Apr 17 06:39:03 2026] DELETE /v2.0/vpn/endpoint-groups/bb3cd95b-310d-4d13-8dec-8517570fac13 => generated 0 bytes in 34 msecs (HTTP/1.1 204) 2 headers in 112 bytes (1 switches on core 0)
2026-04-17 06:39:03.520 8 INFO neutron.db.ovn_revision_numbers_db [None req-734843f4-9977-4414-8b04-98f1e3023613 - - - - - -] Successfully bumped revision number for resource 2f0e728a-b58b-4a1e-84b3-050faf52cf12 (type: router_ports) to 2
2026-04-17 06:39:03.522 8 INFO neutron.plugins.ml2.drivers.ovn.mech_driver.mech_driver [None req-734843f4-9977-4414-8b04-98f1e3023613 - - - - - -] OVN reports status down for port: 8069bd79-708e-4570-80fd-aa1a022e4bee
2026-04-17 06:39:03.644 8 INFO neutron.plugins.ml2.drivers.ovn.mech_driver.mech_driver [None req-734843f4-9977-4414-8b04-98f1e3023613 - - - - - -] OVN reports status down for port: 7ba0de49-a672-40cb-957f-893eeb2e64f1
2026-04-17 06:39:03.695 7 INFO neutron_taas.services.taas.taas_plugin [None req-0c089c53-3803-4459-a4d6-0d53cfcb8024 a28c5d6f0bb04008b4ca9dff4cbb0db7 779cb59555ff4283abec68d31a7ad68c - - default default] TaaS: Handle Delete Port: 93bea791-82de-4076-b031-0e94b8d22752
2026-04-17 06:39:03.698 7 INFO neutron_taas.services.taas.tap_mirror_plugin [None req-0c089c53-3803-4459-a4d6-0d53cfcb8024 a28c5d6f0bb04008b4ca9dff4cbb0db7 779cb59555ff4283abec68d31a7ad68c - - default default] Tap Mirror: Handle Delete Port: 93bea791-82de-4076-b031-0e94b8d22752
2026-04-17 06:39:03.761 8 WARNING neutron.plugins.ml2.drivers.ovn.mech_driver.ovsdb.ovn_client [None req-734843f4-9977-4414-8b04-98f1e3023613 - - - - - -] Logical_Switch_Port %s host information not removed, the port state is up
2026-04-17 06:39:03.762 8 INFO neutron.plugins.ml2.drivers.ovn.mech_driver.mech_driver [None req-734843f4-9977-4414-8b04-98f1e3023613 - - - - - -] OVN reports status up for port: 7ba0de49-a672-40cb-957f-893eeb2e64f1
2026-04-17 06:39:03.796 8 INFO neutron.plugins.ml2.plugin [None req-734843f4-9977-4414-8b04-98f1e3023613 - - - - - -] Attempt 1 to provision port 7ba0de49-a672-40cb-957f-893eeb2e64f1 [pid: 7|app: 0|req: 1107/2250] 10.0.0.22 () {32 vars in 722 bytes} [Fri Apr 17 06:39:03 2026] DELETE /v2.0/routers/612ecb04-41cc-4ce5-aa95-15dc64a36615 => generated 0 bytes in 670 msecs (HTTP/1.1 204) 2 headers in 112 bytes (1 switches on core 0) [pid: 7|app: 0|req: 1108/2251] 10.0.0.22 () {32 vars in 669 bytes} [Fri Apr 17 06:39:04 2026] GET /v2.0/vpn/endpoint-groups => generated 633 bytes in 21 msecs (HTTP/1.1 200) 4 headers in 157 bytes (1 switches on core 0)
2026-04-17 06:39:04.234 8 WARNING neutron.scheduler.dhcp_agent_scheduler [None req-0244ddf7-ec8a-4cbc-ab3c-3a7cbb3732ea 261c07f6b04a4115a1a6708b7384ae58 41ed80ffa7aa46e48189a6361f464d48 - - default default] No more DHCP agents
2026-04-17 06:39:04.240 8 WARNING neutron.api.rpc.agentnotifiers.dhcp_rpc_agent_api [None req-0244ddf7-ec8a-4cbc-ab3c-3a7cbb3732ea 261c07f6b04a4115a1a6708b7384ae58 41ed80ffa7aa46e48189a6361f464d48 - - default default] Unable to schedule network 89c5e08d-e560-4b21-b3a1-ddbe4d539a5e: no agents available; will retry on subsequent port and subnet creation events. [pid: 7|app: 0|req: 1109/2252] 10.0.0.22 () {32 vars in 722 bytes} [Fri Apr 17 06:39:04 2026] DELETE /v2.0/subnets/bf48ae73-60cd-4453-a27d-3cfb9cca7853 => generated 0 bytes in 151 msecs (HTTP/1.1 204) 3 headers in 131 bytes (1 switches on core 0) [pid: 7|app: 0|req: 1110/2253] 10.0.0.22 () {32 vars in 669 bytes} [Fri Apr 17 06:39:04 2026] GET /v2.0/vpn/endpoint-groups => generated 633 bytes in 8 msecs (HTTP/1.1 200) 4 headers in 157 bytes (1 switches on core 0)
2026-04-17 06:39:04.356 7 INFO neutron_taas.services.taas.taas_plugin [None req-7527be9b-b797-4e78-83e2-7f7e9ad56629 a28c5d6f0bb04008b4ca9dff4cbb0db7 779cb59555ff4283abec68d31a7ad68c - - default default] TaaS: Handle Delete Port: 852cde1f-a63c-4b60-aa77-acce4dbdc63f
2026-04-17 06:39:04.359 7 INFO neutron_taas.services.taas.tap_mirror_plugin [None req-7527be9b-b797-4e78-83e2-7f7e9ad56629 a28c5d6f0bb04008b4ca9dff4cbb0db7 779cb59555ff4283abec68d31a7ad68c - - default default] Tap Mirror: Handle Delete Port: 852cde1f-a63c-4b60-aa77-acce4dbdc63f
2026-04-17 06:39:04.446 7 INFO neutron.plugins.ml2.drivers.ovn.mech_driver.mech_driver [None req-4ea23dd9-a35c-432e-bcdd-1f064f104fb4 - - - - - -] OVN reports status down for port: b4251ddb-e8ab-4fee-af85-666797a2799b
2026-04-17 06:39:04.536 8 INFO neutron.db.ovn_revision_numbers_db [None req-0244ddf7-ec8a-4cbc-ab3c-3a7cbb3732ea 261c07f6b04a4115a1a6708b7384ae58 41ed80ffa7aa46e48189a6361f464d48 - - default default] Successfully bumped revision number for resource b4251ddb-e8ab-4fee-af85-666797a2799b (type: ports) to 1
2026-04-17 06:39:04.593 7 INFO neutron.services.segments.plugin [-] Segment 4b32ff54-3750-44e0-8bcb-3673c8b08a9d resource provider aggregate not found
2026-04-17 06:39:04.595 7 INFO neutron.services.segments.plugin [-] Segment 4b32ff54-3750-44e0-8bcb-3673c8b08a9d resource provider aggregate not found
2026-04-17 06:39:04.619 7 INFO neutron.services.segments.plugin [-] Segment 4b32ff54-3750-44e0-8bcb-3673c8b08a9d resource provider not found; error: Placement Client Error (4xx): {"errors": [{"status": 404, "title": "Not Found", "detail": "The resource could not be found.\n\n No resource provider with uuid 4b32ff54-3750-44e0-8bcb-3673c8b08a9d found for delete ", "request_id": "req-5a077d7c-8723-41d9-b33a-9d6b7ee04859"}]}
2026-04-17 06:39:04.620 7 INFO neutron.services.segments.plugin [-] Segment 4b32ff54-3750-44e0-8bcb-3673c8b08a9d resource provider not found; error: Placement Client Error (4xx): {"errors": [{"status": 404, "title": "Not Found", "detail": "The resource could not be found.\n\n No resource provider with uuid 4b32ff54-3750-44e0-8bcb-3673c8b08a9d found for delete ", "request_id": "req-9c7762b1-57d2-4d78-bb22-547fb5b864b2"}]} [pid: 7|app: 0|req: 1111/2254] 10.0.0.22 () {32 vars in 724 bytes} [Fri Apr 17 06:39:04 2026] DELETE /v2.0/networks/c6bbda50-8b40-4b6f-bddc-b96d6c366aa6 => generated 0 bytes in 391 msecs (HTTP/1.1 204) 3 headers in 131 bytes (1 switches on core 0)
2026-04-17 06:39:04.734 8 INFO neutron.db.ovn_revision_numbers_db [None req-734843f4-9977-4414-8b04-98f1e3023613 - - - - - -] Successfully bumped revision number for resource 7ba0de49-a672-40cb-957f-893eeb2e64f1 (type: ports) to 2 [pid: 7|app: 0|req: 1112/2255] 10.0.0.22 () {34 vars in 683 bytes} [Fri Apr 17 06:39:04 2026] POST /v2.0/vpn/ikepolicies => generated 403 bytes in 105 msecs (HTTP/1.1 201) 4 headers in 162 bytes (1 switches on core 0) [pid: 7|app: 0|req: 1113/2256] 10.0.0.22 () {32 vars in 661 bytes} [Fri Apr 17 06:39:04 2026] GET /v2.0/vpn/ikepolicies => generated 797 bytes in 13 msecs (HTTP/1.1 200) 4 headers in 157 bytes (1 switches on core 0) [pid: 7|app: 0|req: 1114/2257] 10.0.0.22 () {32 vars in 738 bytes} [Fri Apr 17 06:39:04 2026] DELETE /v2.0/vpn/ikepolicies/6a43b66b-839c-4239-9418-07d91aa8d840 => generated 0 bytes in 31 msecs (HTTP/1.1 204) 2 headers in 112 bytes (1 switches on core 0) [pid: 7|app: 0|req: 1115/2258] 10.0.0.22 () {34 vars in 687 bytes} [Fri Apr 17 06:39:04 2026] POST /v2.0/vpn/ipsecpolicies => generated 412 bytes in 84 msecs (HTTP/1.1 201) 4 headers in 162 bytes (1 switches on core 0) [pid: 7|app: 0|req: 1116/2259] 10.0.0.22 () {32 vars in 665 bytes} [Fri Apr 17 06:39:04 2026] GET /v2.0/vpn/ipsecpolicies => generated 814 bytes in 20 msecs (HTTP/1.1 200) 4 headers in 157 bytes (1 switches on core 0) [pid: 7|app: 0|req: 1117/2260] 10.0.0.22 () {32 vars in 742 bytes} [Fri Apr 17 06:39:04 2026] DELETE /v2.0/vpn/ipsecpolicies/99c8fd40-3322-4d39-91fb-63a4031ac286 => generated 0 bytes in 50 msecs (HTTP/1.1 204) 2 headers in 112 bytes (1 switches on core 0)
2026-04-17 06:39:05.124 7 INFO neutron.db.segments_db [None req-1f61137d-8fd0-47dd-9a5b-8461beac57f4 21a03a85b7e345d98f7e4d1e855a35e9 82b74be01e60474babf7d4bfe8824712 - - default default] Added segment e3c447a2-2a52-4b49-95df-bb06d20b6788 of type geneve for network 2c142e2b-08e6-4b23-bd9c-807d5368ad92
2026-04-17 06:39:05.250 7 INFO neutron.db.ovn_revision_numbers_db [None req-1f61137d-8fd0-47dd-9a5b-8461beac57f4 21a03a85b7e345d98f7e4d1e855a35e9 82b74be01e60474babf7d4bfe8824712 - - default default] Successfully bumped revision number for resource 2c142e2b-08e6-4b23-bd9c-807d5368ad92 (type: networks) to 1
2026-04-17 06:39:05.422 7 WARNING neutron.scheduler.dhcp_agent_scheduler [None req-1f61137d-8fd0-47dd-9a5b-8461beac57f4 21a03a85b7e345d98f7e4d1e855a35e9 82b74be01e60474babf7d4bfe8824712 - - default default] No more DHCP agents
2026-04-17 06:39:05.423 7 WARNING neutron.api.rpc.agentnotifiers.dhcp_rpc_agent_api [None req-1f61137d-8fd0-47dd-9a5b-8461beac57f4 21a03a85b7e345d98f7e4d1e855a35e9 82b74be01e60474babf7d4bfe8824712 - - default default] Unable to schedule network 2c142e2b-08e6-4b23-bd9c-807d5368ad92: no agents available; will retry on subsequent port and subnet creation events.
2026-04-17 06:39:05.460 7 INFO neutron.plugins.ml2.drivers.ovn.mech_driver.mech_driver [None req-4ea23dd9-a35c-432e-bcdd-1f064f104fb4 - - - - - -] OVN reports status up for port: b4251ddb-e8ab-4fee-af85-666797a2799b
2026-04-17 06:39:05.493 7 INFO neutron.plugins.ml2.plugin [None req-4ea23dd9-a35c-432e-bcdd-1f064f104fb4 - - - - - -] Attempt 1 to provision port b4251ddb-e8ab-4fee-af85-666797a2799b
2026-04-17 06:39:05.550 8 WARNING neutron.scheduler.dhcp_agent_scheduler [None req-0244ddf7-ec8a-4cbc-ab3c-3a7cbb3732ea 261c07f6b04a4115a1a6708b7384ae58 41ed80ffa7aa46e48189a6361f464d48 - - default default] No more DHCP agents
2026-04-17 06:39:05.553 8 WARNING neutron.api.rpc.agentnotifiers.dhcp_rpc_agent_api [None req-0244ddf7-ec8a-4cbc-ab3c-3a7cbb3732ea 261c07f6b04a4115a1a6708b7384ae58 41ed80ffa7aa46e48189a6361f464d48 - - default default] Unable to schedule network 89c5e08d-e560-4b21-b3a1-ddbe4d539a5e: no agents available; will retry on subsequent port and subnet creation events.
2026-04-17 06:39:05.580 7 INFO neutron.db.ovn_revision_numbers_db [None req-1f61137d-8fd0-47dd-9a5b-8461beac57f4 21a03a85b7e345d98f7e4d1e855a35e9 82b74be01e60474babf7d4bfe8824712 - - default default] Successfully bumped revision number for resource 609d7a8a-629e-42a5-8afb-cb6921282c32 (type: ports) to 1 [pid: 7|app: 0|req: 1118/2261] 10.0.0.22 () {34 vars in 668 bytes} [Fri Apr 17 06:39:05 2026] POST /v2.0/networks => generated 651 bytes in 596 msecs (HTTP/1.1 201) 4 headers in 162 bytes (1 switches on core 0) [pid: 7|app: 0|req: 1119/2262] 10.0.0.22 () {32 vars in 772 bytes} [Fri Apr 17 06:39:05 2026] GET /v2.0/security-groups?tenant_id=55efb090214e444280aa2b9fec71242d&name=default => generated 2925 bytes in 64 msecs (HTTP/1.1 200) 4 headers in 158 bytes (1 switches on core 0)
2026-04-17 06:39:05.907 8 INFO neutron.db.ovn_revision_numbers_db [None req-0244ddf7-ec8a-4cbc-ab3c-3a7cbb3732ea 261c07f6b04a4115a1a6708b7384ae58 41ed80ffa7aa46e48189a6361f464d48 - - default default] Successfully bumped revision number for resource b4251ddb-e8ab-4fee-af85-666797a2799b (type: router_ports) to 1 [pid: 8|app: 0|req: 1144/2263] 10.0.0.22 () {34 vars in 781 bytes} [Fri Apr 17 06:39:03 2026] PUT /v2.0/routers/ae7c95ad-25e7-4fa4-99c0-d709210a46c5/add_router_interface => generated 309 bytes in 2681 msecs (HTTP/1.1 200) 4 headers in 157 bytes (1 switches on core 0)
2026-04-17 06:39:06.106 7 WARNING neutron.scheduler.dhcp_agent_scheduler [None req-6ba0b236-6152-4785-916b-3cc40aa2ea58 21a03a85b7e345d98f7e4d1e855a35e9 82b74be01e60474babf7d4bfe8824712 - - default default] No more DHCP agents
2026-04-17 06:39:06.110 7 WARNING neutron.api.rpc.agentnotifiers.dhcp_rpc_agent_api [None req-6ba0b236-6152-4785-916b-3cc40aa2ea58 21a03a85b7e345d98f7e4d1e855a35e9 82b74be01e60474babf7d4bfe8824712 - - default default] Unable to schedule network 2c142e2b-08e6-4b23-bd9c-807d5368ad92: no agents available; will retry on subsequent port and subnet creation events. [pid: 8|app: 0|req: 1145/2264] 10.0.0.22 () {32 vars in 738 bytes} [Fri Apr 17 06:39:05 2026] DELETE /v2.0/security-groups/9698d19f-3b92-46b3-aad8-81418c213dff => generated 0 bytes in 234 msecs (HTTP/1.1 204) 2 headers in 112 bytes (1 switches on core 0)
2026-04-17 06:39:06.408 7 INFO neutron.db.ovn_revision_numbers_db [None req-4ea23dd9-a35c-432e-bcdd-1f064f104fb4 - - - - - -] Successfully bumped revision number for resource b4251ddb-e8ab-4fee-af85-666797a2799b (type: ports) to 2
2026-04-17 06:39:06.671 8 WARNING neutron.scheduler.dhcp_agent_scheduler [None req-c3b18128-ce35-4735-905f-ad680f9502ad 261c07f6b04a4115a1a6708b7384ae58 41ed80ffa7aa46e48189a6361f464d48 - - default default] No more DHCP agents
2026-04-17 06:39:06.676 8 WARNING neutron.api.rpc.agentnotifiers.dhcp_rpc_agent_api [None req-c3b18128-ce35-4735-905f-ad680f9502ad 261c07f6b04a4115a1a6708b7384ae58 41ed80ffa7aa46e48189a6361f464d48 - - default default] Unable to schedule network ef9a430d-4844-446f-ac8b-650fe4b7c8b1: no agents available; will retry on subsequent port and subnet creation events.
2026-04-17 06:39:06.770 7 INFO neutron.db.ovn_revision_numbers_db [None req-270aa135-02fa-4046-8fca-0f4126f4f51b - - - - - -] Successfully bumped revision number for resource 609d7a8a-629e-42a5-8afb-cb6921282c32 (type: ports) to 2
2026-04-17 06:39:06.805 7 INFO neutron.db.ovn_revision_numbers_db [None req-270aa135-02fa-4046-8fca-0f4126f4f51b - - - - - -] Successfully bumped revision number for resource 37e5bd5b-f9f1-4d85-951e-fdf782f138a3 (type: subnets) to 0 [pid: 7|app: 0|req: 1120/2265] 10.0.0.22 () {34 vars in 667 bytes} [Fri Apr 17 06:39:05 2026] POST /v2.0/subnets => generated 629 bytes in 1158 msecs (HTTP/1.1 201) 4 headers in 162 bytes (1 switches on core 0)
2026-04-17 06:39:06.856 8 INFO neutron.db.ovn_revision_numbers_db [None req-c3b18128-ce35-4735-905f-ad680f9502ad 261c07f6b04a4115a1a6708b7384ae58 41ed80ffa7aa46e48189a6361f464d48 - - default default] Successfully bumped revision number for resource 30847043-a88e-45b5-b791-1ec80c4071d7 (type: ports) to 1 [pid: 7|app: 0|req: 1121/2266] 10.0.0.22 () {32 vars in 772 bytes} [Fri Apr 17 06:39:06 2026] GET /v2.0/security-groups?tenant_id=098722fc18ff4330bca4a960d7e963d6&name=default => generated 2925 bytes in 48 msecs (HTTP/1.1 200) 4 headers in 158 bytes (1 switches on core 0)
2026-04-17 06:39:07.276 7 WARNING neutron.scheduler.dhcp_agent_scheduler [None req-6a143d71-637c-44b9-85e5-a14621c89327 21a03a85b7e345d98f7e4d1e855a35e9 82b74be01e60474babf7d4bfe8824712 - - default default] No more DHCP agents
2026-04-17 06:39:07.278 7 WARNING neutron.api.rpc.agentnotifiers.dhcp_rpc_agent_api [None req-6a143d71-637c-44b9-85e5-a14621c89327 21a03a85b7e345d98f7e4d1e855a35e9 82b74be01e60474babf7d4bfe8824712 - - default default] Unable to schedule network cd0ff52c-f048-4193-a89f-b8e9ff8d0661: no agents available; will retry on subsequent port and subnet creation events.
2026-04-17 06:39:07.483 7 INFO neutron.db.ovn_revision_numbers_db [None req-6a143d71-637c-44b9-85e5-a14621c89327 21a03a85b7e345d98f7e4d1e855a35e9 82b74be01e60474babf7d4bfe8824712 - - default default] Successfully bumped revision number for resource 9c5ecfb9-fd68-472a-8807-40dd21bdccef (type: ports) to 1
2026-04-17 06:39:07.789 8 WARNING neutron.scheduler.dhcp_agent_scheduler [None req-c3b18128-ce35-4735-905f-ad680f9502ad 261c07f6b04a4115a1a6708b7384ae58 41ed80ffa7aa46e48189a6361f464d48 - - default default] No more DHCP agents
2026-04-17 06:39:07.790 8 WARNING neutron.api.rpc.agentnotifiers.dhcp_rpc_agent_api [None req-c3b18128-ce35-4735-905f-ad680f9502ad 261c07f6b04a4115a1a6708b7384ae58 41ed80ffa7aa46e48189a6361f464d48 - - default default] Unable to schedule network ef9a430d-4844-446f-ac8b-650fe4b7c8b1: no agents available; will retry on subsequent port and subnet creation events.
2026-04-17 06:39:08.101 8 INFO neutron.db.ovn_revision_numbers_db [None req-c3b18128-ce35-4735-905f-ad680f9502ad 261c07f6b04a4115a1a6708b7384ae58 41ed80ffa7aa46e48189a6361f464d48 - - default default] Successfully bumped revision number for resource 30847043-a88e-45b5-b791-1ec80c4071d7 (type: router_ports) to 1 [pid: 8|app: 0|req: 1146/2267] 10.0.0.22 () {34 vars in 781 bytes} [Fri Apr 17 06:39:06 2026] PUT /v2.0/routers/ae7c95ad-25e7-4fa4-99c0-d709210a46c5/add_router_interface => generated 309 bytes in 1966 msecs (HTTP/1.1 200) 4 headers in 157 bytes (1 switches on core 0) [pid: 8|app: 0|req: 1147/2268] 10.0.0.22 () {32 vars in 738 bytes} [Fri Apr 17 06:39:08 2026] DELETE /v2.0/security-groups/dfc4d641-cdd6-4669-b348-935185babab1 => generated 0 bytes in 345 msecs (HTTP/1.1 204) 2 headers in 112 bytes (1 switches on core 0)
2026-04-17 06:39:08.617 8 INFO neutron.db.ovn_revision_numbers_db [None req-23b05472-9290-43b6-a842-ce927ab21c40 261c07f6b04a4115a1a6708b7384ae58 41ed80ffa7aa46e48189a6361f464d48 - - default default] Successfully bumped revision number for resource 3173ba14-494e-4736-9ee0-62eb5b596490 (type: security_groups) to 1
2026-04-17 06:39:08.632 8 INFO neutron.db.ovn_revision_numbers_db [None req-23b05472-9290-43b6-a842-ce927ab21c40 261c07f6b04a4115a1a6708b7384ae58 41ed80ffa7aa46e48189a6361f464d48 - - default default] Successfully bumped revision number for resource 67338768-69cf-4be9-8a5f-404f20b022f5 (type: security_group_rules) to 0
2026-04-17 06:39:08.643 8 INFO neutron.db.ovn_revision_numbers_db [None req-23b05472-9290-43b6-a842-ce927ab21c40 261c07f6b04a4115a1a6708b7384ae58 41ed80ffa7aa46e48189a6361f464d48 - - default default] Successfully bumped revision number for resource be0d802a-d140-4013-9e4f-93eca744c030 (type: security_group_rules) to 0 [pid: 8|app: 0|req: 1148/2269] 10.0.0.22 () {34 vars in 682 bytes} [Fri Apr 17 06:39:08 2026] POST /v2.0/security-groups => generated 1629 bytes in 223 msecs (HTTP/1.1 201) 4 headers in 163 bytes (1 switches on core 0)
2026-04-17 06:39:08.850 8 INFO neutron.db.ovn_revision_numbers_db [None req-1021a3bc-16e1-4cbe-adaf-33d42cbc8e1d 261c07f6b04a4115a1a6708b7384ae58 41ed80ffa7aa46e48189a6361f464d48 - - default default] Successfully bumped revision number for resource 7f3e92f7-ece0-4973-b602-086e19275d4e (type: security_group_rules) to 0 [pid: 8|app: 0|req: 1149/2270] 10.0.0.22 () {34 vars in 693 bytes} [Fri Apr 17 06:39:08 2026] POST /v2.0/security-group-rules => generated 597 bytes in 182 msecs (HTTP/1.1 201) 4 headers in 162 bytes (1 switches on core 0)
2026-04-17 06:39:09.008 8 INFO neutron.db.ovn_revision_numbers_db [None req-688863fb-ddbd-4291-b0c9-c8deb99b17a7 261c07f6b04a4115a1a6708b7384ae58 41ed80ffa7aa46e48189a6361f464d48 - - default default] Successfully bumped revision number for resource c8e2452c-a600-4fdf-ab92-3b2214f4ca33 (type: security_group_rules) to 0 [pid: 8|app: 0|req: 1150/2271] 10.0.0.22 () {34 vars in 693 bytes} [Fri Apr 17 06:39:08 2026] POST /v2.0/security-group-rules => generated 597 bytes in 159 msecs (HTTP/1.1 201) 4 headers in 162 bytes (1 switches on core 0)
2026-04-17 06:39:09.057 7 INFO neutron.plugins.ml2.drivers.ovn.mech_driver.ovsdb.commands [None req-afb921af-b2ef-4c19-8359-25119a7443df - - - - - -] Schedule LRP lrp-9c5ecfb9-fd68-472a-8807-40dd21bdccef on gateway 17becd45-4ef1-45db-978b-25c895cc8398 with priority 1
2026-04-17 06:39:09.117 7 INFO neutron.db.ovn_revision_numbers_db [None req-6a143d71-637c-44b9-85e5-a14621c89327 21a03a85b7e345d98f7e4d1e855a35e9 82b74be01e60474babf7d4bfe8824712 - - default default] Successfully bumped revision number for resource 9c5ecfb9-fd68-472a-8807-40dd21bdccef (type: router_ports) to 1
2026-04-17 06:39:09.182 7 INFO neutron.db.ovn_revision_numbers_db [None req-6a143d71-637c-44b9-85e5-a14621c89327 21a03a85b7e345d98f7e4d1e855a35e9 82b74be01e60474babf7d4bfe8824712 - - default default] Successfully bumped revision number for resource 37b28d0e-893d-46aa-bd38-0e70f6cf8812 (type: routers) to 2 [pid: 7|app: 0|req: 1122/2272] 10.0.0.22 () {34 vars in 667 bytes} [Fri Apr 17 06:39:06 2026] POST /v2.0/routers => generated 936 bytes in 2318 msecs (HTTP/1.1 201) 4 headers in 162 bytes (1 switches on core 0)
2026-04-17 06:39:09.219 8 INFO neutron.db.ovn_revision_numbers_db [None req-894ce365-89c8-40d2-aae6-85bf06172a37 261c07f6b04a4115a1a6708b7384ae58 41ed80ffa7aa46e48189a6361f464d48 - - default default] Successfully bumped revision number for resource 9b1a7a3f-e831-43d4-864f-8f2188d38353 (type: security_group_rules) to 0 [pid: 8|app: 0|req: 1151/2273] 10.0.0.22 () {34 vars in 693 bytes} [Fri Apr 17 06:39:09 2026] POST /v2.0/security-group-rules => generated 599 bytes in 201 msecs (HTTP/1.1 201) 4 headers in 162 bytes (1 switches on core 0)
2026-04-17 06:39:09.428 8 INFO neutron.db.ovn_revision_numbers_db [None req-d7afe06c-6a47-42d9-a931-beebacbfa3cb 261c07f6b04a4115a1a6708b7384ae58 41ed80ffa7aa46e48189a6361f464d48 - - default default] Successfully bumped revision number for resource 7c03aa12-4d3e-4426-9d71-8b729393bfe5 (type: security_group_rules) to 0 [pid: 8|app: 0|req: 1152/2274] 10.0.0.22 () {34 vars in 693 bytes} [Fri Apr 17 06:39:09 2026] POST /v2.0/security-group-rules => generated 601 bytes in 219 msecs (HTTP/1.1 201) 4 headers in 162 bytes (1 switches on core 0)
2026-04-17 06:39:09.629 8 INFO neutron.db.ovn_revision_numbers_db [None req-6ca0f1eb-e8a1-465c-8e2c-2f5629bb01e3 261c07f6b04a4115a1a6708b7384ae58 41ed80ffa7aa46e48189a6361f464d48 - - default default] Successfully bumped revision number for resource 0f95f70f-b36d-4ffd-94ea-484c4b04e6b7 (type: security_group_rules) to 0 [pid: 8|app: 0|req: 1153/2275] 10.0.0.22 () {34 vars in 693 bytes} [Fri Apr 17 06:39:09 2026] POST /v2.0/security-group-rules => generated 601 bytes in 184 msecs (HTTP/1.1 201) 4 headers in 162 bytes (1 switches on core 0)
2026-04-17 06:39:09.714 8 WARNING neutron.plugins.ml2.drivers.ovn.mech_driver.ovsdb.ovn_client [None req-bf2cc6de-8324-49a0-ad7b-62d21114fbb1 - - - - - -] No hosting information found for port 7ba0de49-a672-40cb-957f-893eeb2e64f1: RuntimeError: No hosting information found for port 7ba0de49-a672-40cb-957f-893eeb2e64f1
2026-04-17 06:39:09.764 7 WARNING neutron.scheduler.dhcp_agent_scheduler [None req-423d311f-9061-477f-9b34-ac1042f12b06 21a03a85b7e345d98f7e4d1e855a35e9 82b74be01e60474babf7d4bfe8824712 - - default default] No more DHCP agents
2026-04-17 06:39:09.766 7 WARNING neutron.api.rpc.agentnotifiers.dhcp_rpc_agent_api [None req-423d311f-9061-477f-9b34-ac1042f12b06 21a03a85b7e345d98f7e4d1e855a35e9 82b74be01e60474babf7d4bfe8824712 - - default default] Unable to schedule network 2c142e2b-08e6-4b23-bd9c-807d5368ad92: no agents available; will retry on subsequent port and subnet creation events.
2026-04-17 06:39:09.849 8 INFO neutron.db.ovn_revision_numbers_db [None req-bf2cc6de-8324-49a0-ad7b-62d21114fbb1 - - - - - -] Successfully bumped revision number for resource 7ba0de49-a672-40cb-957f-893eeb2e64f1 (type: router_ports) to 2
2026-04-17 06:39:09.931 8 INFO neutron.plugins.ml2.drivers.ovn.mech_driver.mech_driver [None req-bf2cc6de-8324-49a0-ad7b-62d21114fbb1 - - - - - -] OVN reports status down for port: f9e4ae38-13f8-44ad-ba69-29627f99c758
2026-04-17 06:39:09.953 7 INFO neutron.db.ovn_revision_numbers_db [None req-423d311f-9061-477f-9b34-ac1042f12b06 21a03a85b7e345d98f7e4d1e855a35e9 82b74be01e60474babf7d4bfe8824712 - - default default] Successfully bumped revision number for resource 7a325b74-1ecc-4f43-9bbd-8a395408ff16 (type: ports) to 1
2026-04-17 06:39:09.993 8 INFO neutron.db.ovn_revision_numbers_db [None req-c3c63d1d-b9cd-4408-a539-2007bb0c64b0 261c07f6b04a4115a1a6708b7384ae58 41ed80ffa7aa46e48189a6361f464d48 - - default default] Successfully bumped revision number for resource 198570cc-19d2-46d4-82a0-db9d78215667 (type: security_group_rules) to 0
2026-04-17 06:39:10.005 8 WARNING neutron.plugins.ml2.drivers.ovn.mech_driver.ovsdb.ovn_client [None req-bf2cc6de-8324-49a0-ad7b-62d21114fbb1 - - - - - -] Logical_Switch_Port %s host information not removed, the port state is up
2026-04-17 06:39:10.006 8 INFO neutron.plugins.ml2.drivers.ovn.mech_driver.mech_driver [None req-bf2cc6de-8324-49a0-ad7b-62d21114fbb1 - - - - - -] OVN reports status down for port: d8608d48-490f-4306-bd35-4ebb70882d08 [pid: 8|app: 0|req: 1154/2276] 10.0.0.22 () {34 vars in 693 bytes} [Fri Apr 17 06:39:09 2026] POST /v2.0/security-group-rules => generated 597 bytes in 395 msecs (HTTP/1.1 201) 4 headers in 162 bytes (1 switches on core 0)
2026-04-17 06:39:10.374 8 INFO neutron.db.ovn_revision_numbers_db [None req-a3078fa4-93c5-4fc9-acc6-d2ca599e0c8b 261c07f6b04a4115a1a6708b7384ae58 41ed80ffa7aa46e48189a6361f464d48 - - default default] Successfully bumped revision number for resource 6ec0c5e2-696b-48bf-ba26-b39e4332c8ab (type: security_group_rules) to 0 [pid: 8|app: 0|req: 1155/2277] 10.0.0.22 () {34 vars in 693 bytes} [Fri Apr 17 06:39:10 2026] POST /v2.0/security-group-rules => generated 597 bytes in 394 msecs (HTTP/1.1 201) 4 headers in 162 bytes (1 switches on core 0)
2026-04-17 06:39:10.643 8 INFO neutron.db.ovn_revision_numbers_db [None req-bf2cc6de-8324-49a0-ad7b-62d21114fbb1 - - - - - -] Successfully bumped revision number for resource d8608d48-490f-4306-bd35-4ebb70882d08 (type: ports) to 6
2026-04-17 06:39:10.722 7 WARNING neutron.scheduler.dhcp_agent_scheduler [None req-423d311f-9061-477f-9b34-ac1042f12b06 21a03a85b7e345d98f7e4d1e855a35e9 82b74be01e60474babf7d4bfe8824712 - - default default] No more DHCP agents
2026-04-17 06:39:10.723 7 WARNING neutron.api.rpc.agentnotifiers.dhcp_rpc_agent_api [None req-423d311f-9061-477f-9b34-ac1042f12b06 21a03a85b7e345d98f7e4d1e855a35e9 82b74be01e60474babf7d4bfe8824712 - - default default] Unable to schedule network 2c142e2b-08e6-4b23-bd9c-807d5368ad92: no agents available; will retry on subsequent port and subnet creation events.
2026-04-17 06:39:10.814 8 INFO neutron.db.ovn_revision_numbers_db [None req-7dc6cb28-b0c1-4283-aa98-d589428c8009 261c07f6b04a4115a1a6708b7384ae58 41ed80ffa7aa46e48189a6361f464d48 - - default default] Successfully bumped revision number for resource e97fc5e9-3a4b-4545-93f9-c74472463905 (type: security_group_rules) to 0
2026-04-17 06:39:10.831 8 WARNING neutron.plugins.ml2.drivers.ovn.mech_driver.ovsdb.ovn_client [None req-cbbc78d4-c34c-4f92-9f96-0eede65b9459 - - - - - -] Logical_Switch_Port %s host information not removed, the port state is up
2026-04-17 06:39:10.832 8 INFO neutron.plugins.ml2.drivers.ovn.mech_driver.mech_driver [None req-cbbc78d4-c34c-4f92-9f96-0eede65b9459 - - - - - -] OVN reports status up for port: d8608d48-490f-4306-bd35-4ebb70882d08
