2026-04-17 06:37:25.901 7 WARNING neutron.scheduler.dhcp_agent_scheduler [None req-694fa8fb-bde3-467a-b6f9-1fe1e2fe2fe1 a51385bf49b24a1289fa42866be8280a e125ed1f7fa844cda1ac34e4d0ef846a - - default default] No more DHCP agents
2026-04-17 06:37:25.903 7 WARNING neutron.api.rpc.agentnotifiers.dhcp_rpc_agent_api [None req-694fa8fb-bde3-467a-b6f9-1fe1e2fe2fe1 a51385bf49b24a1289fa42866be8280a e125ed1f7fa844cda1ac34e4d0ef846a - - default default] Unable to schedule network 7d3ce706-b4db-430d-b6ad-970616a4615b: no agents available; will retry on subsequent port and subnet creation events.
2026-04-17 06:37:26.022 7 INFO neutron.plugins.ml2.drivers.ovn.mech_driver.mech_driver [None req-70d8ec34-0d80-4c14-ac61-c9569f427e73 - - - - - -] OVN reports status down for port: bd2bf13d-9a1b-41d5-a91f-cfed630619ec
2026-04-17 06:37:26.092 7 INFO neutron.db.ovn_revision_numbers_db [None req-694fa8fb-bde3-467a-b6f9-1fe1e2fe2fe1 a51385bf49b24a1289fa42866be8280a e125ed1f7fa844cda1ac34e4d0ef846a - - default default] Successfully bumped revision number for resource bd2bf13d-9a1b-41d5-a91f-cfed630619ec (type: ports) to 1 [pid: 7|app: 0|req: 750/1540] 10.0.0.22 () {34 vars in 663 bytes} [Fri Apr 17 06:37:25 2026] POST /v2.0/ports => generated 948 bytes in 549 msecs (HTTP/1.1 201) 4 headers in 162 bytes (1 switches on core 0)
2026-04-17 06:37:26.153 8 INFO neutron.db.ovn_revision_numbers_db [None req-af400a60-3394-463d-9c78-3eb5478f60a6 a28c5d6f0bb04008b4ca9dff4cbb0db7 779cb59555ff4283abec68d31a7ad68c - - default default] Successfully bumped revision number for resource eec872a4-47dd-41a5-a84d-b7d5e55594d6 (type: security_groups) to 1 /var/lib/openstack/lib/python3.12/site-packages/pycadf/identifier.py:70: UserWarning: Invalid uuid: neutron. To ensure interoperability, identifiers should be a valid uuid. warnings.warn(('Invalid uuid: %s. To ensure interoperability, '
2026-04-17 06:37:26.183 8 INFO neutron.db.ovn_revision_numbers_db [None req-af400a60-3394-463d-9c78-3eb5478f60a6 a28c5d6f0bb04008b4ca9dff4cbb0db7 779cb59555ff4283abec68d31a7ad68c - - default default] Successfully bumped revision number for resource 54269d28-f0b3-4d98-8921-b8d53ed768bc (type: security_group_rules) to 0
2026-04-17 06:37:26.193 8 INFO neutron.db.ovn_revision_numbers_db [None req-af400a60-3394-463d-9c78-3eb5478f60a6 a28c5d6f0bb04008b4ca9dff4cbb0db7 779cb59555ff4283abec68d31a7ad68c - - default default] Successfully bumped revision number for resource 5c9e6766-4064-4021-ae87-4e06091f230c (type: security_group_rules) to 0
2026-04-17 06:37:26.205 8 INFO neutron.db.ovn_revision_numbers_db [None req-af400a60-3394-463d-9c78-3eb5478f60a6 a28c5d6f0bb04008b4ca9dff4cbb0db7 779cb59555ff4283abec68d31a7ad68c - - default default] Successfully bumped revision number for resource 9e67e2da-f50c-49ef-8c1b-1d0e54b05cfd (type: security_group_rules) to 0
2026-04-17 06:37:26.218 8 INFO neutron.db.ovn_revision_numbers_db [None req-af400a60-3394-463d-9c78-3eb5478f60a6 a28c5d6f0bb04008b4ca9dff4cbb0db7 779cb59555ff4283abec68d31a7ad68c - - default default] Successfully bumped revision number for resource aba49b6b-c733-4bb8-8080-0fc5bd1a0abe (type: security_group_rules) to 0 [pid: 8|app: 0|req: 791/1541] 10.0.0.22 () {32 vars in 772 bytes} [Fri Apr 17 06:37:25 2026] GET /v2.0/security-groups?tenant_id=d2ecf0956bfd40378a775481ab578490&name=default => generated 2925 bytes in 358 msecs (HTTP/1.1 200) 4 headers in 158 bytes (1 switches on core 0) [pid: 8|app: 0|req: 792/1542] 10.0.0.22 () {32 vars in 738 bytes} [Fri Apr 17 06:37:26 2026] DELETE /v2.0/security-groups/eec872a4-47dd-41a5-a84d-b7d5e55594d6 => generated 0 bytes in 200 msecs (HTTP/1.1 204) 2 headers in 112 bytes (1 switches on core 0)
2026-04-17 06:37:26.746 7 INFO neutron.plugins.ml2.drivers.ovn.mech_driver.mech_driver [None req-70d8ec34-0d80-4c14-ac61-c9569f427e73 - - - - - -] OVN reports status up for port: bd2bf13d-9a1b-41d5-a91f-cfed630619ec
2026-04-17 06:37:26.776 7 INFO neutron.plugins.ml2.plugin [None req-70d8ec34-0d80-4c14-ac61-c9569f427e73 - - - - - -] Attempt 1 to provision port bd2bf13d-9a1b-41d5-a91f-cfed630619ec
2026-04-17 06:37:26.800 7 INFO neutron.db.ovn_revision_numbers_db [None req-34f9da5c-09f8-40ad-bd6b-67e0fd9a2a44 a51385bf49b24a1289fa42866be8280a e125ed1f7fa844cda1ac34e4d0ef846a - - default default] Successfully bumped revision number for resource bd2bf13d-9a1b-41d5-a91f-cfed630619ec (type: ports) to 2
2026-04-17 06:37:27.533 7 INFO neutron.db.ovn_revision_numbers_db [None req-70d8ec34-0d80-4c14-ac61-c9569f427e73 - - - - - -] Successfully bumped revision number for resource bd2bf13d-9a1b-41d5-a91f-cfed630619ec (type: ports) to 3
2026-04-17 06:37:27.722 8 INFO neutron.db.ovn_revision_numbers_db [None req-3d6da893-c67a-44db-878a-9eb5867bd6eb ae98b5bb29514de1a1eeaedf6970b94d c1f9cdf9d1904f3791ee58de2a1e6058 - - default default] Successfully bumped revision number for resource 4c6aef32-4eb0-49ca-8d89-a8645350109f (type: security_groups) to 1
2026-04-17 06:37:27.740 8 INFO neutron.db.ovn_revision_numbers_db [None req-3d6da893-c67a-44db-878a-9eb5867bd6eb ae98b5bb29514de1a1eeaedf6970b94d c1f9cdf9d1904f3791ee58de2a1e6058 - - default default] Successfully bumped revision number for resource 322fcc93-68eb-4a76-8e05-f4f2be6a917c (type: security_group_rules) to 0
2026-04-17 06:37:27.753 8 INFO neutron.db.ovn_revision_numbers_db [None req-3d6da893-c67a-44db-878a-9eb5867bd6eb ae98b5bb29514de1a1eeaedf6970b94d c1f9cdf9d1904f3791ee58de2a1e6058 - - default default] Successfully bumped revision number for resource 39661acc-d132-4343-ad95-a635ffd49da7 (type: security_group_rules) to 0
2026-04-17 06:37:27.766 8 INFO neutron.db.ovn_revision_numbers_db [None req-3d6da893-c67a-44db-878a-9eb5867bd6eb ae98b5bb29514de1a1eeaedf6970b94d c1f9cdf9d1904f3791ee58de2a1e6058 - - default default] Successfully bumped revision number for resource 607c1a9a-5b16-4da4-96f9-73ecbb331546 (type: security_group_rules) to 0
2026-04-17 06:37:27.785 8 INFO neutron.db.ovn_revision_numbers_db [None req-3d6da893-c67a-44db-878a-9eb5867bd6eb ae98b5bb29514de1a1eeaedf6970b94d c1f9cdf9d1904f3791ee58de2a1e6058 - - default default] Successfully bumped revision number for resource b7334d38-9066-42bb-b1ef-b49d776b6a73 (type: security_group_rules) to 0
2026-04-17 06:37:27.855 7 WARNING neutron.scheduler.dhcp_agent_scheduler [None req-34f9da5c-09f8-40ad-bd6b-67e0fd9a2a44 a51385bf49b24a1289fa42866be8280a e125ed1f7fa844cda1ac34e4d0ef846a - - default default] No more DHCP agents
2026-04-17 06:37:27.856 7 WARNING neutron.api.rpc.agentnotifiers.dhcp_rpc_agent_api [None req-34f9da5c-09f8-40ad-bd6b-67e0fd9a2a44 a51385bf49b24a1289fa42866be8280a e125ed1f7fa844cda1ac34e4d0ef846a - - default default] Unable to schedule network 7d3ce706-b4db-430d-b6ad-970616a4615b: no agents available; will retry on subsequent port and subnet creation events.
2026-04-17 06:37:27.861 8 INFO neutron.db.segments_db [None req-3d6da893-c67a-44db-878a-9eb5867bd6eb ae98b5bb29514de1a1eeaedf6970b94d c1f9cdf9d1904f3791ee58de2a1e6058 - - default default] Added segment 66ec3fe3-c017-473d-8a2e-d716ef6bce0e of type geneve for network 88eb341d-adff-416b-90c0-8f8574a14ec7
2026-04-17 06:37:27.974 8 INFO neutron.db.ovn_revision_numbers_db [None req-3d6da893-c67a-44db-878a-9eb5867bd6eb ae98b5bb29514de1a1eeaedf6970b94d c1f9cdf9d1904f3791ee58de2a1e6058 - - default default] Successfully bumped revision number for resource 88eb341d-adff-416b-90c0-8f8574a14ec7 (type: networks) to 1
2026-04-17 06:37:28.124 8 WARNING neutron.scheduler.dhcp_agent_scheduler [None req-3d6da893-c67a-44db-878a-9eb5867bd6eb ae98b5bb29514de1a1eeaedf6970b94d c1f9cdf9d1904f3791ee58de2a1e6058 - - default default] No more DHCP agents
2026-04-17 06:37:28.125 8 WARNING neutron.api.rpc.agentnotifiers.dhcp_rpc_agent_api [None req-3d6da893-c67a-44db-878a-9eb5867bd6eb ae98b5bb29514de1a1eeaedf6970b94d c1f9cdf9d1904f3791ee58de2a1e6058 - - default default] Unable to schedule network 88eb341d-adff-416b-90c0-8f8574a14ec7: no agents available; will retry on subsequent port and subnet creation events.
2026-04-17 06:37:28.172 8 INFO neutron.plugins.ml2.drivers.ovn.mech_driver.mech_driver [None req-4c776e13-1e9a-40a5-998d-abdc5535c834 - - - - - -] OVN reports status down for port: 676de237-9185-4d59-ba2c-a5477f6b26da
2026-04-17 06:37:28.198 7 INFO neutron.db.ovn_revision_numbers_db [None req-34f9da5c-09f8-40ad-bd6b-67e0fd9a2a44 a51385bf49b24a1289fa42866be8280a e125ed1f7fa844cda1ac34e4d0ef846a - - default default] Successfully bumped revision number for resource bd2bf13d-9a1b-41d5-a91f-cfed630619ec (type: router_ports) to 3 [pid: 7|app: 0|req: 751/1543] 10.0.0.22 () {34 vars in 781 bytes} [Fri Apr 17 06:37:26 2026] PUT /v2.0/routers/3095e2f5-dc09-4e52-b06b-b804f0e76e0f/add_router_interface => generated 309 bytes in 2053 msecs (HTTP/1.1 200) 4 headers in 157 bytes (1 switches on core 0) /var/lib/openstack/lib/python3.12/site-packages/pycadf/identifier.py:70: UserWarning: Invalid uuid: neutron. To ensure interoperability, identifiers should be a valid uuid. warnings.warn(('Invalid uuid: %s. To ensure interoperability, '
2026-04-17 06:37:28.226 8 INFO neutron.db.ovn_revision_numbers_db [None req-3d6da893-c67a-44db-878a-9eb5867bd6eb ae98b5bb29514de1a1eeaedf6970b94d c1f9cdf9d1904f3791ee58de2a1e6058 - - default default] Successfully bumped revision number for resource 676de237-9185-4d59-ba2c-a5477f6b26da (type: ports) to 1 [pid: 7|app: 0|req: 752/1544] 10.0.0.22 () {32 vars in 715 bytes} [Fri Apr 17 06:37:28 2026] GET /v2.0/ports/bd2bf13d-9a1b-41d5-a91f-cfed630619ec => generated 1010 bytes in 50 msecs (HTTP/1.1 200) 4 headers in 158 bytes (1 switches on core 0) [pid: 8|app: 0|req: 793/1545] 10.0.0.22 () {34 vars in 668 bytes} [Fri Apr 17 06:37:27 2026] POST /v2.0/networks => generated 667 bytes in 867 msecs (HTTP/1.1 201) 4 headers in 162 bytes (1 switches on core 0)
2026-04-17 06:37:28.569 7 INFO neutron_taas.services.taas.taas_plugin [None req-8b583506-0da7-4603-9897-28a30131f3d4 a51385bf49b24a1289fa42866be8280a e125ed1f7fa844cda1ac34e4d0ef846a - - default default] TaaS: Handle Delete Port: bd2bf13d-9a1b-41d5-a91f-cfed630619ec
2026-04-17 06:37:28.573 7 INFO neutron_taas.services.taas.tap_mirror_plugin [None req-8b583506-0da7-4603-9897-28a30131f3d4 a51385bf49b24a1289fa42866be8280a e125ed1f7fa844cda1ac34e4d0ef846a - - default default] Tap Mirror: Handle Delete Port: bd2bf13d-9a1b-41d5-a91f-cfed630619ec [pid: 8|app: 0|req: 794/1546] 10.0.0.223 () {28 vars in 582 bytes} [Fri Apr 17 06:37:28 2026] GET /v2.0/subnets => generated 2606 bytes in 168 msecs (HTTP/1.1 200) 4 headers in 158 bytes (1 switches on core 0) [pid: 7|app: 0|req: 753/1547] 10.0.0.22 () {34 vars in 787 bytes} [Fri Apr 17 06:37:28 2026] PUT /v2.0/routers/3095e2f5-dc09-4e52-b06b-b804f0e76e0f/remove_router_interface => generated 309 bytes in 674 msecs (HTTP/1.1 200) 4 headers in 157 bytes (1 switches on core 0) /var/lib/openstack/lib/python3.12/site-packages/pycadf/identifier.py:70: UserWarning: Invalid uuid: neutron. To ensure interoperability, identifiers should be a valid uuid. warnings.warn(('Invalid uuid: %s. To ensure interoperability, '
2026-04-17 06:37:28.994 8 WARNING neutron.scheduler.dhcp_agent_scheduler [None req-44c6255d-059a-4016-a08f-bd55cd6a1dc9 ae98b5bb29514de1a1eeaedf6970b94d c1f9cdf9d1904f3791ee58de2a1e6058 - - default default] No more DHCP agents
2026-04-17 06:37:28.998 8 WARNING neutron.api.rpc.agentnotifiers.dhcp_rpc_agent_api [None req-44c6255d-059a-4016-a08f-bd55cd6a1dc9 ae98b5bb29514de1a1eeaedf6970b94d c1f9cdf9d1904f3791ee58de2a1e6058 - - default default] Unable to schedule network 88eb341d-adff-416b-90c0-8f8574a14ec7: no agents available; will retry on subsequent port and subnet creation events. [pid: 7|app: 0|req: 754/1548] 10.0.0.223 () {28 vars in 582 bytes} [Fri Apr 17 06:37:28 2026] GET /v2.0/routers => generated 1585 bytes in 70 msecs (HTTP/1.1 200) 4 headers in 158 bytes (1 switches on core 0)
2026-04-17 06:37:29.042 8 INFO neutron.db.ovn_revision_numbers_db [None req-44c6255d-059a-4016-a08f-bd55cd6a1dc9 ae98b5bb29514de1a1eeaedf6970b94d c1f9cdf9d1904f3791ee58de2a1e6058 - - default default] Successfully bumped revision number for resource 82e6a79b-1b73-438b-9bd5-3ab5ae751b85 (type: subnets) to 0 [pid: 8|app: 0|req: 795/1549] 10.0.0.22 () {34 vars in 667 bytes} [Fri Apr 17 06:37:28 2026] POST /v2.0/subnets => generated 673 bytes in 289 msecs (HTTP/1.1 201) 4 headers in 162 bytes (1 switches on core 0) [pid: 8|app: 0|req: 796/1550] 10.0.0.223 () {28 vars in 623 bytes} [Fri Apr 17 06:37:29 2026] GET /v2.0/agents?binary=ovn-controller => generated 416 bytes in 14 msecs (HTTP/1.1 200) 4 headers in 157 bytes (1 switches on core 0)
2026-04-17 06:37:29.097 7 INFO neutron.api.v2.resource [None req-b034a0da-5873-489e-b5d9-ef48b32c06c9 a51385bf49b24a1289fa42866be8280a e125ed1f7fa844cda1ac34e4d0ef846a - - default default] remove_router_interface failed (client error): The resource could not be found. [pid: 7|app: 0|req: 755/1551] 10.0.0.22 () {34 vars in 787 bytes} [Fri Apr 17 06:37:29 2026] PUT /v2.0/routers/3095e2f5-dc09-4e52-b06b-b804f0e76e0f/remove_router_interface => generated 197 bytes in 84 msecs (HTTP/1.1 404) 4 headers in 164 bytes (1 switches on core 0) [pid: 7|app: 0|req: 756/1552] 10.0.0.223 () {28 vars in 618 bytes} [Fri Apr 17 06:37:29 2026] GET /v2.0/network-ip-availabilities => generated 2435 bytes in 14 msecs (HTTP/1.1 200) 4 headers in 158 bytes (1 switches on core 0) [pid: 7|app: 0|req: 757/1553] 10.0.0.22 () {32 vars in 734 bytes} [Fri Apr 17 06:37:29 2026] GET /v2.0/ports?device_id=3095e2f5-dc09-4e52-b06b-b804f0e76e0f => generated 12 bytes in 17 msecs (HTTP/1.1 200) 4 headers in 156 bytes (1 switches on core 0)
2026-04-17 06:37:29.164 8 INFO neutron.db.segments_db [None req-6bb1ed1e-2ccc-4369-92e4-dfdd1bcfe5b2 ae98b5bb29514de1a1eeaedf6970b94d c1f9cdf9d1904f3791ee58de2a1e6058 - - default default] Added segment a3fb2fb4-0f55-488b-94a4-3e02437eb9f2 of type geneve for network 146e7e7c-ebd2-4b39-a451-4167147017af [pid: 7|app: 0|req: 758/1554] 10.0.0.223 () {28 vars in 584 bytes} [Fri Apr 17 06:37:29 2026] GET /v2.0/networks => generated 4650 bytes in 59 msecs (HTTP/1.1 200) 4 headers in 158 bytes (1 switches on core 0)
2026-04-17 06:37:29.267 8 INFO neutron.db.ovn_revision_numbers_db [None req-6bb1ed1e-2ccc-4369-92e4-dfdd1bcfe5b2 ae98b5bb29514de1a1eeaedf6970b94d c1f9cdf9d1904f3791ee58de2a1e6058 - - default default] Successfully bumped revision number for resource 146e7e7c-ebd2-4b39-a451-4167147017af (type: networks) to 1 [pid: 7|app: 0|req: 759/1555] 10.0.0.22 () {32 vars in 722 bytes} [Fri Apr 17 06:37:29 2026] DELETE /v2.0/routers/3095e2f5-dc09-4e52-b06b-b804f0e76e0f => generated 0 bytes in 209 msecs (HTTP/1.1 204) 2 headers in 112 bytes (1 switches on core 0)
2026-04-17 06:37:29.407 8 WARNING neutron.scheduler.dhcp_agent_scheduler [None req-6bb1ed1e-2ccc-4369-92e4-dfdd1bcfe5b2 ae98b5bb29514de1a1eeaedf6970b94d c1f9cdf9d1904f3791ee58de2a1e6058 - - default default] No more DHCP agents
2026-04-17 06:37:29.408 8 WARNING neutron.api.rpc.agentnotifiers.dhcp_rpc_agent_api [None req-6bb1ed1e-2ccc-4369-92e4-dfdd1bcfe5b2 ae98b5bb29514de1a1eeaedf6970b94d c1f9cdf9d1904f3791ee58de2a1e6058 - - default default] Unable to schedule network 146e7e7c-ebd2-4b39-a451-4167147017af: no agents available; will retry on subsequent port and subnet creation events. [pid: 7|app: 0|req: 760/1556] 10.0.0.223 () {28 vars in 598 bytes} [Fri Apr 17 06:37:29 2026] GET /v2.0/security-groups => generated 36795 bytes in 41 msecs (HTTP/1.1 200) 4 headers in 159 bytes (1 switches on core 0)
2026-04-17 06:37:29.515 8 INFO neutron.db.ovn_revision_numbers_db [None req-6bb1ed1e-2ccc-4369-92e4-dfdd1bcfe5b2 ae98b5bb29514de1a1eeaedf6970b94d c1f9cdf9d1904f3791ee58de2a1e6058 - - default default] Successfully bumped revision number for resource c4b5acd7-d66a-4766-9dd3-6e71a91ed9fb (type: ports) to 1 [pid: 8|app: 0|req: 797/1557] 10.0.0.22 () {34 vars in 668 bytes} [Fri Apr 17 06:37:29 2026] POST /v2.0/networks => generated 666 bytes in 470 msecs (HTTP/1.1 201) 4 headers in 162 bytes (1 switches on core 0) [pid: 8|app: 0|req: 798/1558] 10.0.0.223 () {28 vars in 582 bytes} [Fri Apr 17 06:37:29 2026] GET /v2.0/subnets => generated 3287 bytes in 46 msecs (HTTP/1.1 200) 4 headers in 158 bytes (1 switches on core 0) [pid: 7|app: 0|req: 761/1559] 10.0.0.22 () {32 vars in 722 bytes} [Fri Apr 17 06:37:29 2026] DELETE /v2.0/subnets/f8a15092-bf01-4b81-b5c9-08803ab9e06f => generated 0 bytes in 260 msecs (HTTP/1.1 204) 3 headers in 131 bytes (1 switches on core 0) [pid: 7|app: 0|req: 762/1560] 10.0.0.223 () {28 vars in 590 bytes} [Fri Apr 17 06:37:29 2026] GET /v2.0/subnetpools => generated 19 bytes in 18 msecs (HTTP/1.1 200) 4 headers in 156 bytes (1 switches on core 0)
2026-04-17 06:37:29.739 8 INFO neutron.db.ovn_revision_numbers_db [None req-46ea294f-65ae-404b-ade3-534067548eda ae98b5bb29514de1a1eeaedf6970b94d c1f9cdf9d1904f3791ee58de2a1e6058 - - default default] Successfully bumped revision number for resource 146e7e7c-ebd2-4b39-a451-4167147017af (type: networks) to 2 [pid: 8|app: 0|req: 799/1561] 10.0.0.22 () {34 vars in 741 bytes} [Fri Apr 17 06:37:29 2026] PUT /v2.0/networks/146e7e7c-ebd2-4b39-a451-4167147017af => generated 636 bytes in 150 msecs (HTTP/1.1 200) 4 headers in 157 bytes (1 switches on core 0) [pid: 8|app: 0|req: 800/1562] 10.0.0.223 () {28 vars in 590 bytes} [Fri Apr 17 06:37:29 2026] GET /v2.0/floatingips => generated 860 bytes in 49 msecs (HTTP/1.1 200) 4 headers in 157 bytes (1 switches on core 0)
2026-04-17 06:37:29.841 7 INFO neutron_taas.services.taas.taas_plugin [None req-11c72cc4-f62c-4a08-9286-d0c800c5f09e a51385bf49b24a1289fa42866be8280a e125ed1f7fa844cda1ac34e4d0ef846a - - default default] TaaS: Handle Delete Port: a55e01d8-5bfb-4efa-a679-aa08f9e7df4c
2026-04-17 06:37:29.844 7 INFO neutron_taas.services.taas.tap_mirror_plugin [None req-11c72cc4-f62c-4a08-9286-d0c800c5f09e a51385bf49b24a1289fa42866be8280a e125ed1f7fa844cda1ac34e4d0ef846a - - default default] Tap Mirror: Handle Delete Port: a55e01d8-5bfb-4efa-a679-aa08f9e7df4c
2026-04-17 06:37:29.996 8 WARNING neutron.scheduler.dhcp_agent_scheduler [None req-6422696a-d0c5-4572-ac69-f3572d8d67d9 ae98b5bb29514de1a1eeaedf6970b94d c1f9cdf9d1904f3791ee58de2a1e6058 - - default default] No more DHCP agents
2026-04-17 06:37:29.997 8 WARNING neutron.api.rpc.agentnotifiers.dhcp_rpc_agent_api [None req-6422696a-d0c5-4572-ac69-f3572d8d67d9 ae98b5bb29514de1a1eeaedf6970b94d c1f9cdf9d1904f3791ee58de2a1e6058 - - default default] Unable to schedule network 146e7e7c-ebd2-4b39-a451-4167147017af: no agents available; will retry on subsequent port and subnet creation events.
2026-04-17 06:37:30.038 8 INFO neutron.db.ovn_revision_numbers_db [None req-6422696a-d0c5-4572-ac69-f3572d8d67d9 ae98b5bb29514de1a1eeaedf6970b94d c1f9cdf9d1904f3791ee58de2a1e6058 - - default default] Successfully bumped revision number for resource c863db1c-b23b-48c3-b79e-3c53aae33bfd (type: subnets) to 0
2026-04-17 06:37:30.038 7 INFO neutron.services.segments.plugin [-] Segment 97a2a8b1-b9c6-47ca-8ffe-8ff215be0f02 resource provider aggregate not found
2026-04-17 06:37:30.052 7 INFO neutron.services.segments.plugin [-] Segment 97a2a8b1-b9c6-47ca-8ffe-8ff215be0f02 resource provider aggregate not found [pid: 8|app: 0|req: 801/1563] 10.0.0.22 () {34 vars in 667 bytes} [Fri Apr 17 06:37:29 2026] POST /v2.0/subnets => generated 646 bytes in 258 msecs (HTTP/1.1 201) 4 headers in 162 bytes (1 switches on core 0)
2026-04-17 06:37:30.059 7 INFO neutron.services.segments.plugin [-] Segment 97a2a8b1-b9c6-47ca-8ffe-8ff215be0f02 resource provider not found; error: Placement Client Error (4xx): {"errors": [{"status": 404, "title": "Not Found", "detail": "The resource could not be found.\n\n No resource provider with uuid 97a2a8b1-b9c6-47ca-8ffe-8ff215be0f02 found for delete ", "request_id": "req-1f5af7cd-94ef-4db5-bfa6-dd09f3e44f91"}]}
2026-04-17 06:37:30.077 7 INFO neutron.services.segments.plugin [-] Segment 97a2a8b1-b9c6-47ca-8ffe-8ff215be0f02 resource provider not found; error: Placement Client Error (4xx): {"errors": [{"status": 404, "title": "Not Found", "detail": "The resource could not be found.\n\n No resource provider with uuid 97a2a8b1-b9c6-47ca-8ffe-8ff215be0f02 found for delete ", "request_id": "req-cd9e450e-33b2-40ec-8425-f0ef9b3d70fe"}]} [pid: 7|app: 0|req: 763/1564] 10.0.0.22 () {32 vars in 724 bytes} [Fri Apr 17 06:37:29 2026] DELETE /v2.0/networks/7d3ce706-b4db-430d-b6ad-970616a4615b => generated 0 bytes in 372 msecs (HTTP/1.1 204) 3 headers in 131 bytes (1 switches on core 0) [pid: 8|app: 0|req: 802/1565] 10.0.0.223 () {28 vars in 578 bytes} [Fri Apr 17 06:37:30 2026] GET /v2.0/ports => generated 13546 bytes in 79 msecs (HTTP/1.1 200) 4 headers in 159 bytes (1 switches on core 0)
2026-04-17 06:37:30.231 8 INFO neutron.db.segments_db [None req-bb9df26a-18de-4216-9aed-30536188fa44 a51385bf49b24a1289fa42866be8280a e125ed1f7fa844cda1ac34e4d0ef846a - - default default] Added segment d50ad8ec-0957-48ab-9406-25cead697844 of type geneve for network c12d938a-492d-47e5-a379-c0877db82143
2026-04-17 06:37:30.323 8 INFO neutron.db.ovn_revision_numbers_db [None req-bb9df26a-18de-4216-9aed-30536188fa44 a51385bf49b24a1289fa42866be8280a e125ed1f7fa844cda1ac34e4d0ef846a - - default default] Successfully bumped revision number for resource c12d938a-492d-47e5-a379-c0877db82143 (type: networks) to 1
2026-04-17 06:37:30.494 8 WARNING neutron.scheduler.dhcp_agent_scheduler [None req-bb9df26a-18de-4216-9aed-30536188fa44 a51385bf49b24a1289fa42866be8280a e125ed1f7fa844cda1ac34e4d0ef846a - - default default] No more DHCP agents
2026-04-17 06:37:30.496 8 WARNING neutron.api.rpc.agentnotifiers.dhcp_rpc_agent_api [None req-bb9df26a-18de-4216-9aed-30536188fa44 a51385bf49b24a1289fa42866be8280a e125ed1f7fa844cda1ac34e4d0ef846a - - default default] Unable to schedule network c12d938a-492d-47e5-a379-c0877db82143: no agents available; will retry on subsequent port and subnet creation events.
2026-04-17 06:37:30.541 8 INFO neutron.plugins.ml2.drivers.ovn.mech_driver.mech_driver [None req-4c776e13-1e9a-40a5-998d-abdc5535c834 - - - - - -] OVN reports status down for port: d6b5403a-e7ec-4e3d-81fd-202357279f85
2026-04-17 06:37:30.597 8 INFO neutron.db.ovn_revision_numbers_db [None req-bb9df26a-18de-4216-9aed-30536188fa44 a51385bf49b24a1289fa42866be8280a e125ed1f7fa844cda1ac34e4d0ef846a - - default default] Successfully bumped revision number for resource d6b5403a-e7ec-4e3d-81fd-202357279f85 (type: ports) to 1 [pid: 8|app: 0|req: 803/1566] 10.0.0.22 () {34 vars in 668 bytes} [Fri Apr 17 06:37:30 2026] POST /v2.0/networks => generated 649 bytes in 521 msecs (HTTP/1.1 201) 4 headers in 162 bytes (1 switches on core 0) [pid: 8|app: 0|req: 804/1567] 10.0.0.223 () {28 vars in 580 bytes} [Fri Apr 17 06:37:30 2026] GET /v2.0/agents => generated 1214 bytes in 13 msecs (HTTP/1.1 200) 4 headers in 158 bytes (1 switches on core 0)
2026-04-17 06:37:30.670 7 INFO neutron.db.ovn_revision_numbers_db [None req-e9006539-36fa-4e5d-ba47-c7a9fb098a33 - - - - - -] Successfully bumped revision number for resource c4b5acd7-d66a-4766-9dd3-6e71a91ed9fb (type: ports) to 2
2026-04-17 06:37:30.700 7 INFO neutron.db.ovn_revision_numbers_db [None req-e9006539-36fa-4e5d-ba47-c7a9fb098a33 - - - - - -] Successfully bumped revision number for resource c863db1c-b23b-48c3-b79e-3c53aae33bfd (type: subnets) to 1 [pid: 8|app: 0|req: 805/1568] 10.0.0.106 () {34 vars in 989 bytes} [Fri Apr 17 06:37:30 2026] GET /v2.0/ports?device_id=f5bdb7df-5a6e-4ba3-b1a4-7388a2b8bae4 => generated 1209 bytes in 33 msecs (HTTP/1.1 200) 4 headers in 158 bytes (1 switches on core 0) [pid: 7|app: 0|req: 764/1569] 10.0.0.22 () {34 vars in 739 bytes} [Fri Apr 17 06:37:30 2026] PUT /v2.0/subnets/c863db1c-b23b-48c3-b79e-3c53aae33bfd => generated 656 bytes in 608 msecs (HTTP/1.1 200) 4 headers in 157 bytes (1 switches on core 0)
2026-04-17 06:37:30.899 7 WARNING neutron.scheduler.dhcp_agent_scheduler [None req-ca1e1f49-72d5-42ba-a5f5-ca8dde60caed a51385bf49b24a1289fa42866be8280a e125ed1f7fa844cda1ac34e4d0ef846a - - default default] No more DHCP agents
2026-04-17 06:37:30.901 7 WARNING neutron.api.rpc.agentnotifiers.dhcp_rpc_agent_api [None req-ca1e1f49-72d5-42ba-a5f5-ca8dde60caed a51385bf49b24a1289fa42866be8280a e125ed1f7fa844cda1ac34e4d0ef846a - - default default] Unable to schedule network c12d938a-492d-47e5-a379-c0877db82143: no agents available; will retry on subsequent port and subnet creation events.
2026-04-17 06:37:30.975 8 INFO neutron.db.ovn_revision_numbers_db [None req-37e0231d-3ecd-4d1f-ac05-97dc6cb27e5e 5a6b6c5985134a2c96c26b4088d27c17 c007bf73f29d4f7589ba71af0081a53e - - default default] Successfully bumped revision number for resource 371618d4-52e1-416f-bd82-4f0f8de32e5c (type: security_groups) to 1
2026-04-17 06:37:30.988 8 INFO neutron.db.ovn_revision_numbers_db [None req-37e0231d-3ecd-4d1f-ac05-97dc6cb27e5e 5a6b6c5985134a2c96c26b4088d27c17 c007bf73f29d4f7589ba71af0081a53e - - default default] Successfully bumped revision number for resource 682875ea-d604-45cf-9ce5-703196e3d52c (type: security_group_rules) to 0
2026-04-17 06:37:31.003 8 INFO neutron.db.ovn_revision_numbers_db [None req-37e0231d-3ecd-4d1f-ac05-97dc6cb27e5e 5a6b6c5985134a2c96c26b4088d27c17 c007bf73f29d4f7589ba71af0081a53e - - default default] Successfully bumped revision number for resource 75bac3c8-17f0-4ef5-8184-3e2bfb22c094 (type: security_group_rules) to 0
2026-04-17 06:37:31.014 8 INFO neutron.db.ovn_revision_numbers_db [None req-37e0231d-3ecd-4d1f-ac05-97dc6cb27e5e 5a6b6c5985134a2c96c26b4088d27c17 c007bf73f29d4f7589ba71af0081a53e - - default default] Successfully bumped revision number for resource c68e6bc2-4bac-43aa-908c-a4f0d54a2ce7 (type: security_group_rules) to 0
2026-04-17 06:37:31.025 8 INFO neutron.db.ovn_revision_numbers_db [None req-37e0231d-3ecd-4d1f-ac05-97dc6cb27e5e 5a6b6c5985134a2c96c26b4088d27c17 c007bf73f29d4f7589ba71af0081a53e - - default default] Successfully bumped revision number for resource d4bf76fe-e5eb-4419-a17f-925ba16a9eea (type: security_group_rules) to 0
2026-04-17 06:37:31.103 8 INFO neutron.db.segments_db [None req-37e0231d-3ecd-4d1f-ac05-97dc6cb27e5e 5a6b6c5985134a2c96c26b4088d27c17 c007bf73f29d4f7589ba71af0081a53e - - default default] Added segment 6e974e02-957c-48d7-9bf4-8e2d121706c8 of type geneve for network 01471083-a549-4777-b31e-3078b55159b3
2026-04-17 06:37:31.205 8 INFO neutron.db.ovn_revision_numbers_db [None req-37e0231d-3ecd-4d1f-ac05-97dc6cb27e5e 5a6b6c5985134a2c96c26b4088d27c17 c007bf73f29d4f7589ba71af0081a53e - - default default] Successfully bumped revision number for resource 01471083-a549-4777-b31e-3078b55159b3 (type: networks) to 1
2026-04-17 06:37:31.358 7 INFO neutron.db.ovn_revision_numbers_db [None req-45c73e8a-659e-416e-8878-743017a0b658 - - - - - -] Successfully bumped revision number for resource d6b5403a-e7ec-4e3d-81fd-202357279f85 (type: ports) to 2
2026-04-17 06:37:31.382 8 WARNING neutron.scheduler.dhcp_agent_scheduler [None req-37e0231d-3ecd-4d1f-ac05-97dc6cb27e5e 5a6b6c5985134a2c96c26b4088d27c17 c007bf73f29d4f7589ba71af0081a53e - - default default] No more DHCP agents
2026-04-17 06:37:31.384 8 WARNING neutron.api.rpc.agentnotifiers.dhcp_rpc_agent_api [None req-37e0231d-3ecd-4d1f-ac05-97dc6cb27e5e 5a6b6c5985134a2c96c26b4088d27c17 c007bf73f29d4f7589ba71af0081a53e - - default default] Unable to schedule network 01471083-a549-4777-b31e-3078b55159b3: no agents available; will retry on subsequent port and subnet creation events.
2026-04-17 06:37:31.386 7 INFO neutron.db.ovn_revision_numbers_db [None req-45c73e8a-659e-416e-8878-743017a0b658 - - - - - -] Successfully bumped revision number for resource e1e6d810-f49c-4266-b283-96c6ce77e782 (type: subnets) to 0 [pid: 7|app: 0|req: 765/1570] 10.0.0.22 () {34 vars in 667 bytes} [Fri Apr 17 06:37:30 2026] POST /v2.0/subnets => generated 626 bytes in 693 msecs (HTTP/1.1 201) 4 headers in 162 bytes (1 switches on core 0)
2026-04-17 06:37:31.466 8 INFO neutron.db.ovn_revision_numbers_db [None req-37e0231d-3ecd-4d1f-ac05-97dc6cb27e5e 5a6b6c5985134a2c96c26b4088d27c17 c007bf73f29d4f7589ba71af0081a53e - - default default] Successfully bumped revision number for resource 3a5d8128-a956-4eca-875b-9128316d8c6d (type: ports) to 1 [pid: 8|app: 0|req: 806/1571] 10.0.0.22 () {34 vars in 668 bytes} [Fri Apr 17 06:37:30 2026] POST /v2.0/networks => generated 651 bytes in 785 msecs (HTTP/1.1 201) 4 headers in 162 bytes (1 switches on core 0) [pid: 8|app: 0|req: 807/1572] 10.0.0.106 () {34 vars in 1039 bytes} [Fri Apr 17 06:37:31 2026] GET /v2.0/security-groups?id=f00dddff-d69a-4f95-be60-65b7f1aed302&fields=id&fields=name => generated 113 bytes in 24 msecs (HTTP/1.1 200) 4 headers in 157 bytes (1 switches on core 0)
2026-04-17 06:37:31.566 7 INFO neutron_taas.services.taas.taas_plugin [None req-1e80d211-a7ae-4796-928c-516693f13036 ae98b5bb29514de1a1eeaedf6970b94d c1f9cdf9d1904f3791ee58de2a1e6058 - - default default] TaaS: Handle Delete Port: c4b5acd7-d66a-4766-9dd3-6e71a91ed9fb
2026-04-17 06:37:31.568 7 INFO neutron_taas.services.taas.tap_mirror_plugin [None req-1e80d211-a7ae-4796-928c-516693f13036 ae98b5bb29514de1a1eeaedf6970b94d c1f9cdf9d1904f3791ee58de2a1e6058 - - default default] Tap Mirror: Handle Delete Port: c4b5acd7-d66a-4766-9dd3-6e71a91ed9fb
2026-04-17 06:37:31.631 8 INFO neutron.db.ovn_revision_numbers_db [None req-30c25894-d128-472f-84ab-49425fb84ab0 a51385bf49b24a1289fa42866be8280a e125ed1f7fa844cda1ac34e4d0ef846a - - default default] Successfully bumped revision number for resource 9e52688b-e22c-438a-aa1e-fdccd4da9c7a (type: routers) to 1 [pid: 8|app: 0|req: 808/1573] 10.0.0.22 () {34 vars in 667 bytes} [Fri Apr 17 06:37:31 2026] POST /v2.0/routers => generated 603 bytes in 135 msecs (HTTP/1.1 201) 4 headers in 162 bytes (1 switches on core 0)
2026-04-17 06:37:32.010 8 WARNING neutron.scheduler.dhcp_agent_scheduler [None req-15f38c8e-0ab0-41d9-a16f-663b0020529a 5a6b6c5985134a2c96c26b4088d27c17 c007bf73f29d4f7589ba71af0081a53e - - default default] No more DHCP agents
2026-04-17 06:37:32.011 8 WARNING neutron.api.rpc.agentnotifiers.dhcp_rpc_agent_api [None req-15f38c8e-0ab0-41d9-a16f-663b0020529a 5a6b6c5985134a2c96c26b4088d27c17 c007bf73f29d4f7589ba71af0081a53e - - default default] Unable to schedule network 01471083-a549-4777-b31e-3078b55159b3: no agents available; will retry on subsequent port and subnet creation events. [pid: 7|app: 0|req: 766/1574] 10.0.0.22 () {32 vars in 724 bytes} [Fri Apr 17 06:37:31 2026] DELETE /v2.0/networks/146e7e7c-ebd2-4b39-a451-4167147017af => generated 0 bytes in 621 msecs (HTTP/1.1 204) 3 headers in 131 bytes (1 switches on core 0)
2026-04-17 06:37:32.059 8 INFO neutron.plugins.ml2.drivers.ovn.mech_driver.mech_driver [None req-4c776e13-1e9a-40a5-998d-abdc5535c834 - - - - - -] OVN reports status down for port: cf2ee0fe-90a0-465a-b4c3-1698eb270723
2026-04-17 06:37:32.105 7 INFO neutron.services.segments.plugin [-] Segment a3fb2fb4-0f55-488b-94a4-3e02437eb9f2 resource provider aggregate not found
2026-04-17 06:37:32.113 7 INFO neutron.services.segments.plugin [-] Segment a3fb2fb4-0f55-488b-94a4-3e02437eb9f2 resource provider aggregate not found
2026-04-17 06:37:32.116 8 INFO neutron.db.ovn_revision_numbers_db [None req-15f38c8e-0ab0-41d9-a16f-663b0020529a 5a6b6c5985134a2c96c26b4088d27c17 c007bf73f29d4f7589ba71af0081a53e - - default default] Successfully bumped revision number for resource cf2ee0fe-90a0-465a-b4c3-1698eb270723 (type: ports) to 1
2026-04-17 06:37:32.129 7 INFO neutron.services.segments.plugin [-] Segment a3fb2fb4-0f55-488b-94a4-3e02437eb9f2 resource provider not found; error: Placement Client Error (4xx): {"errors": [{"status": 404, "title": "Not Found", "detail": "The resource could not be found.\n\n No resource provider with uuid a3fb2fb4-0f55-488b-94a4-3e02437eb9f2 found for delete ", "request_id": "req-5778779a-b06e-4132-b6dc-0cc8864de8d0"}]}
2026-04-17 06:37:32.133 7 INFO neutron.services.segments.plugin [-] Segment a3fb2fb4-0f55-488b-94a4-3e02437eb9f2 resource provider not found; error: Placement Client Error (4xx): {"errors": [{"status": 404, "title": "Not Found", "detail": "The resource could not be found.\n\n No resource provider with uuid a3fb2fb4-0f55-488b-94a4-3e02437eb9f2 found for delete ", "request_id": "req-7b526241-c42f-4be6-952f-c2b36174aca4"}]} [pid: 8|app: 0|req: 809/1575] 10.0.0.22 () {34 vars in 662 bytes} [Fri Apr 17 06:37:31 2026] POST /v2.0/ports => generated 743 bytes in 549 msecs (HTTP/1.1 201) 4 headers in 162 bytes (1 switches on core 0) /var/lib/openstack/lib/python3.12/site-packages/pycadf/identifier.py:70: UserWarning: Invalid uuid: neutron. To ensure interoperability, identifiers should be a valid uuid. warnings.warn(('Invalid uuid: %s. To ensure interoperability, '
2026-04-17 06:37:32.209 8 INFO neutron.pecan_wsgi.hooks.translation [None req-6d57136a-73ef-4562-a3ff-9a5c3c164d27 ae98b5bb29514de1a1eeaedf6970b94d c1f9cdf9d1904f3791ee58de2a1e6058 - - default default] DELETE failed (client error): The resource could not be found. [pid: 8|app: 0|req: 810/1576] 10.0.0.22 () {32 vars in 724 bytes} [Fri Apr 17 06:37:32 2026] DELETE /v2.0/networks/146e7e7c-ebd2-4b39-a451-4167147017af => generated 138 bytes in 13 msecs (HTTP/1.1 404) 4 headers in 164 bytes (1 switches on core 0)
2026-04-17 06:37:32.311 8 INFO neutron.db.segments_db [None req-cadc61ca-9479-48cd-ae32-598b8d8f4944 5a6b6c5985134a2c96c26b4088d27c17 c007bf73f29d4f7589ba71af0081a53e - - default default] Added segment 27a25c71-ded7-4ebc-b87f-ccab7a9a48f1 of type geneve for network 68d4a7d4-0579-4a3f-9c5d-815965cc8d04
2026-04-17 06:37:32.429 8 INFO neutron.db.ovn_revision_numbers_db [None req-cadc61ca-9479-48cd-ae32-598b8d8f4944 5a6b6c5985134a2c96c26b4088d27c17 c007bf73f29d4f7589ba71af0081a53e - - default default] Successfully bumped revision number for resource 68d4a7d4-0579-4a3f-9c5d-815965cc8d04 (type: networks) to 1
2026-04-17 06:37:32.477 7 WARNING neutron.scheduler.dhcp_agent_scheduler [None req-8687819c-841c-4f96-9f67-9adbfa44332e a51385bf49b24a1289fa42866be8280a e125ed1f7fa844cda1ac34e4d0ef846a - - default default] No more DHCP agents
2026-04-17 06:37:32.478 7 WARNING neutron.api.rpc.agentnotifiers.dhcp_rpc_agent_api [None req-8687819c-841c-4f96-9f67-9adbfa44332e a51385bf49b24a1289fa42866be8280a e125ed1f7fa844cda1ac34e4d0ef846a - - default default] Unable to schedule network c12d938a-492d-47e5-a379-c0877db82143: no agents available; will retry on subsequent port and subnet creation events.
2026-04-17 06:37:32.620 8 WARNING neutron.scheduler.dhcp_agent_scheduler [None req-cadc61ca-9479-48cd-ae32-598b8d8f4944 5a6b6c5985134a2c96c26b4088d27c17 c007bf73f29d4f7589ba71af0081a53e - - default default] No more DHCP agents
2026-04-17 06:37:32.622 8 WARNING neutron.api.rpc.agentnotifiers.dhcp_rpc_agent_api [None req-cadc61ca-9479-48cd-ae32-598b8d8f4944 5a6b6c5985134a2c96c26b4088d27c17 c007bf73f29d4f7589ba71af0081a53e - - default default] Unable to schedule network 68d4a7d4-0579-4a3f-9c5d-815965cc8d04: no agents available; will retry on subsequent port and subnet creation events.
2026-04-17 06:37:32.640 7 INFO neutron.db.ovn_revision_numbers_db [None req-8687819c-841c-4f96-9f67-9adbfa44332e a51385bf49b24a1289fa42866be8280a e125ed1f7fa844cda1ac34e4d0ef846a - - default default] Successfully bumped revision number for resource 916ca0ae-c591-4051-8256-0070d1da76ce (type: ports) to 1
2026-04-17 06:37:33.105 7 WARNING neutron.plugins.ml2.drivers.ovn.mech_driver.ovsdb.ovn_client [None req-b87e6d41-cf98-4a40-9d5e-a96621306595 - - - - - -] No port found with ID bd2bf13d-9a1b-41d5-a91f-cfed630619ec: RuntimeError: No port found with ID bd2bf13d-9a1b-41d5-a91f-cfed630619ec
2026-04-17 06:37:33.121 7 INFO neutron.plugins.ml2.drivers.ovn.mech_driver.mech_driver [None req-b87e6d41-cf98-4a40-9d5e-a96621306595 - - - - - -] OVN reports status down for port: c4b5acd7-d66a-4766-9dd3-6e71a91ed9fb
2026-04-17 06:37:33.134 7 INFO neutron.plugins.ml2.drivers.ovn.mech_driver.mech_driver [None req-b87e6d41-cf98-4a40-9d5e-a96621306595 - - - - - -] OVN reports status down for port: 3a5d8128-a956-4eca-875b-9128316d8c6d
2026-04-17 06:37:33.234 8 INFO neutron.plugins.ml2.drivers.ovn.mech_driver.mech_driver [None req-4c776e13-1e9a-40a5-998d-abdc5535c834 - - - - - -] OVN reports status down for port: 0d6b7a1a-d92e-41c3-98bb-4dd5a838a4b0
2026-04-17 06:37:33.261 7 WARNING neutron.scheduler.dhcp_agent_scheduler [None req-8687819c-841c-4f96-9f67-9adbfa44332e a51385bf49b24a1289fa42866be8280a e125ed1f7fa844cda1ac34e4d0ef846a - - default default] No more DHCP agents
2026-04-17 06:37:33.264 7 WARNING neutron.api.rpc.agentnotifiers.dhcp_rpc_agent_api [None req-8687819c-841c-4f96-9f67-9adbfa44332e a51385bf49b24a1289fa42866be8280a e125ed1f7fa844cda1ac34e4d0ef846a - - default default] Unable to schedule network c12d938a-492d-47e5-a379-c0877db82143: no agents available; will retry on subsequent port and subnet creation events.
2026-04-17 06:37:33.281 7 INFO neutron.plugins.ml2.drivers.ovn.mech_driver.mech_driver [None req-b87e6d41-cf98-4a40-9d5e-a96621306595 - - - - - -] OVN reports status down for port: 916ca0ae-c591-4051-8256-0070d1da76ce
2026-04-17 06:37:33.295 8 INFO neutron.db.ovn_revision_numbers_db [None req-cadc61ca-9479-48cd-ae32-598b8d8f4944 5a6b6c5985134a2c96c26b4088d27c17 c007bf73f29d4f7589ba71af0081a53e - - default default] Successfully bumped revision number for resource 0d6b7a1a-d92e-41c3-98bb-4dd5a838a4b0 (type: ports) to 1 [pid: 8|app: 0|req: 811/1577] 10.0.0.22 () {34 vars in 668 bytes} [Fri Apr 17 06:37:32 2026] POST /v2.0/networks => generated 650 bytes in 1129 msecs (HTTP/1.1 201) 4 headers in 162 bytes (1 switches on core 0) [pid: 8|app: 0|req: 812/1578] 10.0.0.22 () {32 vars in 692 bytes} [Fri Apr 17 06:37:33 2026] GET /v2.0/networks?router%3Aexternal=True => generated 689 bytes in 64 msecs (HTTP/1.1 200) 4 headers in 157 bytes (1 switches on core 0)
2026-04-17 06:37:33.441 7 WARNING neutron.plugins.ml2.drivers.ovn.mech_driver.ovsdb.ovn_client [None req-b87e6d41-cf98-4a40-9d5e-a96621306595 - - - - - -] Logical_Switch_Port %s host information not removed, the port state is up
2026-04-17 06:37:33.442 7 INFO neutron.plugins.ml2.drivers.ovn.mech_driver.mech_driver [None req-b87e6d41-cf98-4a40-9d5e-a96621306595 - - - - - -] OVN reports status up for port: 916ca0ae-c591-4051-8256-0070d1da76ce
2026-04-17 06:37:33.465 7 INFO neutron.plugins.ml2.plugin [None req-b87e6d41-cf98-4a40-9d5e-a96621306595 - - - - - -] Attempt 1 to provision port 916ca0ae-c591-4051-8256-0070d1da76ce
2026-04-17 06:37:33.624 8 WARNING neutron.scheduler.dhcp_agent_scheduler [None req-4ed51e28-3760-4e3a-af9f-b7f22a2098ba 5a6b6c5985134a2c96c26b4088d27c17 c007bf73f29d4f7589ba71af0081a53e - - default default] No more DHCP agents
2026-04-17 06:37:33.625 8 WARNING neutron.api.rpc.agentnotifiers.dhcp_rpc_agent_api [None req-4ed51e28-3760-4e3a-af9f-b7f22a2098ba 5a6b6c5985134a2c96c26b4088d27c17 c007bf73f29d4f7589ba71af0081a53e - - default default] Unable to schedule network 68d4a7d4-0579-4a3f-9c5d-815965cc8d04: no agents available; will retry on subsequent port and subnet creation events.
2026-04-17 06:37:33.677 8 INFO neutron.plugins.ml2.drivers.ovn.mech_driver.mech_driver [None req-4c776e13-1e9a-40a5-998d-abdc5535c834 - - - - - -] OVN reports status down for port: b9d5119f-25a5-4fe5-b483-af5673909149
2026-04-17 06:37:33.735 7 INFO neutron.db.ovn_revision_numbers_db [None req-8687819c-841c-4f96-9f67-9adbfa44332e a51385bf49b24a1289fa42866be8280a e125ed1f7fa844cda1ac34e4d0ef846a - - default default] Successfully bumped revision number for resource 916ca0ae-c591-4051-8256-0070d1da76ce (type: router_ports) to 1
2026-04-17 06:37:33.738 8 INFO neutron.db.ovn_revision_numbers_db [None req-4ed51e28-3760-4e3a-af9f-b7f22a2098ba 5a6b6c5985134a2c96c26b4088d27c17 c007bf73f29d4f7589ba71af0081a53e - - default default] Successfully bumped revision number for resource b9d5119f-25a5-4fe5-b483-af5673909149 (type: ports) to 1 [pid: 7|app: 0|req: 767/1579] 10.0.0.22 () {34 vars in 781 bytes} [Fri Apr 17 06:37:32 2026] PUT /v2.0/routers/9e52688b-e22c-438a-aa1e-fdccd4da9c7a/add_router_interface => generated 309 bytes in 1724 msecs (HTTP/1.1 200) 4 headers in 157 bytes (1 switches on core 0) [pid: 7|app: 0|req: 768/1580] 10.0.0.22 () {32 vars in 740 bytes} [Fri Apr 17 06:37:33 2026] GET /v2.0/subnets?network_id=cd0ff52c-f048-4193-a89f-b8e9ff8d0661 => generated 649 bytes in 53 msecs (HTTP/1.1 200) 4 headers in 157 bytes (1 switches on core 0) [pid: 8|app: 0|req: 813/1581] 10.0.0.22 () {34 vars in 662 bytes} [Fri Apr 17 06:37:33 2026] POST /v2.0/ports => generated 743 bytes in 411 msecs (HTTP/1.1 201) 4 headers in 162 bytes (1 switches on core 0) /var/lib/openstack/lib/python3.12/site-packages/pycadf/identifier.py:70: UserWarning: Invalid uuid: neutron. To ensure interoperability, identifiers should be a valid uuid. warnings.warn(('Invalid uuid: %s. To ensure interoperability, ' [pid: 8|app: 0|req: 814/1582] 10.0.0.22 () {32 vars in 651 bytes} [Fri Apr 17 06:37:33 2026] GET /v2.0/extensions => generated 20541 bytes in 7 msecs (HTTP/1.1 200) 4 headers in 159 bytes (1 switches on core 0) [pid: 7|app: 0|req: 769/1583] 10.0.0.22 () {32 vars in 715 bytes} [Fri Apr 17 06:37:33 2026] GET /v2.0/ports/916ca0ae-c591-4051-8256-0070d1da76ce => generated 943 bytes in 60 msecs (HTTP/1.1 200) 4 headers in 157 bytes (1 switches on core 0)
2026-04-17 06:37:33.914 8 INFO neutron.db.segments_db [None req-ff73dae2-b243-4331-83c3-7f61defd8e37 5a6b6c5985134a2c96c26b4088d27c17 c007bf73f29d4f7589ba71af0081a53e - - default default] Added segment b878cdf9-2ea6-42f8-b0a4-16b9196ae4c8 of type geneve for network b53b38e2-e07d-4294-8fbd-fb22a29557ff [pid: 7|app: 0|req: 770/1584] 10.0.0.22 () {32 vars in 647 bytes} [Fri Apr 17 06:37:33 2026] GET /v2.0/networks => generated 1389 bytes in 85 msecs (HTTP/1.1 200) 4 headers in 158 bytes (1 switches on core 0) [pid: 7|app: 0|req: 771/1585] 10.0.0.22 () {32 vars in 715 bytes} [Fri Apr 17 06:37:33 2026] GET /v2.0/ports/916ca0ae-c591-4051-8256-0070d1da76ce => generated 943 bytes in 81 msecs (HTTP/1.1 200) 4 headers in 157 bytes (1 switches on core 0)
2026-04-17 06:37:34.033 8 INFO neutron.db.ovn_revision_numbers_db [None req-ff73dae2-b243-4331-83c3-7f61defd8e37 5a6b6c5985134a2c96c26b4088d27c17 c007bf73f29d4f7589ba71af0081a53e - - default default] Successfully bumped revision number for resource b53b38e2-e07d-4294-8fbd-fb22a29557ff (type: networks) to 1 [pid: 7|app: 0|req: 772/1586] 10.0.0.22 () {32 vars in 645 bytes} [Fri Apr 17 06:37:34 2026] GET /v2.0/subnets => generated 1312 bytes in 84 msecs (HTTP/1.1 200) 4 headers in 158 bytes (1 switches on core 0)
2026-04-17 06:37:34.207 8 WARNING neutron.scheduler.dhcp_agent_scheduler [None req-ff73dae2-b243-4331-83c3-7f61defd8e37 5a6b6c5985134a2c96c26b4088d27c17 c007bf73f29d4f7589ba71af0081a53e - - default default] No more DHCP agents
2026-04-17 06:37:34.209 8 WARNING neutron.api.rpc.agentnotifiers.dhcp_rpc_agent_api [None req-ff73dae2-b243-4331-83c3-7f61defd8e37 5a6b6c5985134a2c96c26b4088d27c17 c007bf73f29d4f7589ba71af0081a53e - - default default] Unable to schedule network b53b38e2-e07d-4294-8fbd-fb22a29557ff: no agents available; will retry on subsequent port and subnet creation events.
2026-04-17 06:37:34.227 7 INFO neutron.db.ovn_revision_numbers_db [None req-b87e6d41-cf98-4a40-9d5e-a96621306595 - - - - - -] Successfully bumped revision number for resource 916ca0ae-c591-4051-8256-0070d1da76ce (type: ports) to 2
2026-04-17 06:37:34.260 8 INFO neutron.plugins.ml2.drivers.ovn.mech_driver.mech_driver [None req-4c776e13-1e9a-40a5-998d-abdc5535c834 - - - - - -] OVN reports status down for port: 041859bc-4042-4ef7-9e00-4fc5ecb3112f
2026-04-17 06:37:34.321 8 INFO neutron.db.ovn_revision_numbers_db [None req-ff73dae2-b243-4331-83c3-7f61defd8e37 5a6b6c5985134a2c96c26b4088d27c17 c007bf73f29d4f7589ba71af0081a53e - - default default] Successfully bumped revision number for resource 041859bc-4042-4ef7-9e00-4fc5ecb3112f (type: ports) to 1 [pid: 8|app: 0|req: 815/1587] 10.0.0.22 () {34 vars in 668 bytes} [Fri Apr 17 06:37:33 2026] POST /v2.0/networks => generated 651 bytes in 551 msecs (HTTP/1.1 201) 4 headers in 162 bytes (1 switches on core 0) [pid: 8|app: 0|req: 816/1588] 10.0.0.57 () {34 vars in 988 bytes} [Fri Apr 17 06:37:34 2026] GET /v2.0/ports?device_id=f5bdb7df-5a6e-4ba3-b1a4-7388a2b8bae4 => generated 971 bytes in 82 msecs (HTTP/1.1 200) 4 headers in 157 bytes (1 switches on core 0) [pid: 8|app: 0|req: 817/1589] 10.0.0.22 () {32 vars in 721 bytes} [Fri Apr 17 06:37:34 2026] GET /v2.0/networks/88eb341d-adff-416b-90c0-8f8574a14ec7 => generated 711 bytes in 43 msecs (HTTP/1.1 200) 4 headers in 157 bytes (1 switches on core 0)
2026-04-17 06:37:34.542 7 INFO neutron_taas.services.taas.taas_plugin [None req-91e631a4-a020-41d9-9ce1-325f99fec7b4 a51385bf49b24a1289fa42866be8280a e125ed1f7fa844cda1ac34e4d0ef846a - - default default] TaaS: Handle Delete Port: 916ca0ae-c591-4051-8256-0070d1da76ce
2026-04-17 06:37:34.545 7 INFO neutron_taas.services.taas.tap_mirror_plugin [None req-91e631a4-a020-41d9-9ce1-325f99fec7b4 a51385bf49b24a1289fa42866be8280a e125ed1f7fa844cda1ac34e4d0ef846a - - default default] Tap Mirror: Handle Delete Port: 916ca0ae-c591-4051-8256-0070d1da76ce
2026-04-17 06:37:34.746 8 WARNING neutron.scheduler.dhcp_agent_scheduler [None req-24393b20-d456-4d02-97a1-2c9b5baeed3e 5a6b6c5985134a2c96c26b4088d27c17 c007bf73f29d4f7589ba71af0081a53e - - default default] No more DHCP agents
2026-04-17 06:37:34.747 8 WARNING neutron.api.rpc.agentnotifiers.dhcp_rpc_agent_api [None req-24393b20-d456-4d02-97a1-2c9b5baeed3e 5a6b6c5985134a2c96c26b4088d27c17 c007bf73f29d4f7589ba71af0081a53e - - default default] Unable to schedule network b53b38e2-e07d-4294-8fbd-fb22a29557ff: no agents available; will retry on subsequent port and subnet creation events.
2026-04-17 06:37:34.846 8 INFO neutron.db.ovn_revision_numbers_db [None req-24393b20-d456-4d02-97a1-2c9b5baeed3e 5a6b6c5985134a2c96c26b4088d27c17 c007bf73f29d4f7589ba71af0081a53e - - default default] Successfully bumped revision number for resource e109adbe-5d4f-4c07-a86b-2bcc9530f5fb (type: ports) to 1 [pid: 7|app: 0|req: 773/1590] 10.0.0.22 () {34 vars in 787 bytes} [Fri Apr 17 06:37:34 2026] PUT /v2.0/routers/9e52688b-e22c-438a-aa1e-fdccd4da9c7a/remove_router_interface => generated 309 bytes in 780 msecs (HTTP/1.1 200) 4 headers in 157 bytes (1 switches on core 0) /var/lib/openstack/lib/python3.12/site-packages/pycadf/identifier.py:70: UserWarning: Invalid uuid: neutron. To ensure interoperability, identifiers should be a valid uuid. warnings.warn(('Invalid uuid: %s. To ensure interoperability, ' [pid: 8|app: 0|req: 818/1591] 10.0.0.22 () {34 vars in 662 bytes} [Fri Apr 17 06:37:34 2026] POST /v2.0/ports => generated 743 bytes in 393 msecs (HTTP/1.1 201) 4 headers in 162 bytes (1 switches on core 0) /var/lib/openstack/lib/python3.12/site-packages/pycadf/identifier.py:70: UserWarning: Invalid uuid: neutron. To ensure interoperability, identifiers should be a valid uuid. warnings.warn(('Invalid uuid: %s. To ensure interoperability, ' [pid: 8|app: 0|req: 819/1592] 10.0.0.22 () {32 vars in 719 bytes} [Fri Apr 17 06:37:34 2026] GET /v2.0/subnets/82e6a79b-1b73-438b-9bd5-3ab5ae751b85 => generated 673 bytes in 21 msecs (HTTP/1.1 200) 4 headers in 157 bytes (1 switches on core 0) [pid: 7|app: 0|req: 774/1593] 10.0.0.57 () {34 vars in 1038 bytes} [Fri Apr 17 06:37:34 2026] GET /v2.0/security-groups?id=f00dddff-d69a-4f95-be60-65b7f1aed302&fields=id&fields=name => generated 113 bytes in 27 msecs (HTTP/1.1 200) 4 headers in 157 bytes (1 switches on core 0) [pid: 8|app: 0|req: 820/1594] 10.0.0.22 () {32 vars in 734 bytes} [Fri Apr 17 06:37:34 2026] GET /v2.0/ports?device_id=9e52688b-e22c-438a-aa1e-fdccd4da9c7a => generated 12 bytes in 18 msecs (HTTP/1.1 200) 4 headers in 156 bytes (1 switches on core 0)
2026-04-17 06:37:34.945 8 INFO neutron.pecan_wsgi.hooks.translation [None req-6dfc16be-cfc2-4c71-afe2-8124a087121b ae98b5bb29514de1a1eeaedf6970b94d c1f9cdf9d1904f3791ee58de2a1e6058 - - default default] DELETE failed (client error): The resource could not be found. [pid: 8|app: 0|req: 821/1595] 10.0.0.22 () {32 vars in 722 bytes} [Fri Apr 17 06:37:34 2026] DELETE /v2.0/subnets/c863db1c-b23b-48c3-b79e-3c53aae33bfd => generated 136 bytes in 13 msecs (HTTP/1.1 404) 4 headers in 164 bytes (1 switches on core 0)
2026-04-17 06:37:35.013 7 INFO neutron.db.segments_db [None req-85bbfe29-e95f-47d2-bdbb-a7a6a06938f6 5a6b6c5985134a2c96c26b4088d27c17 c007bf73f29d4f7589ba71af0081a53e - - default default] Added segment 039df207-1aab-463b-9aeb-16138c5bab73 of type geneve for network 5fabab71-5d3d-4781-9036-a34a35674869
2026-04-17 06:37:35.133 7 INFO neutron.db.ovn_revision_numbers_db [None req-85bbfe29-e95f-47d2-bdbb-a7a6a06938f6 5a6b6c5985134a2c96c26b4088d27c17 c007bf73f29d4f7589ba71af0081a53e - - default default] Successfully bumped revision number for resource 5fabab71-5d3d-4781-9036-a34a35674869 (type: networks) to 1
2026-04-17 06:37:35.173 8 INFO neutron.plugins.ml2.drivers.ovn.mech_driver.mech_driver [None req-4c776e13-1e9a-40a5-998d-abdc5535c834 - - - - - -] OVN reports status down for port: eefeb8a6-a25b-4276-ab88-891c5d4362e4 [pid: 8|app: 0|req: 822/1596] 10.0.0.22 () {32 vars in 722 bytes} [Fri Apr 17 06:37:34 2026] DELETE /v2.0/routers/9e52688b-e22c-438a-aa1e-fdccd4da9c7a => generated 0 bytes in 275 msecs (HTTP/1.1 204) 2 headers in 112 bytes (1 switches on core 0)
2026-04-17 06:37:35.243 8 INFO neutron.pecan_wsgi.hooks.translation [None req-bee67dd2-f7a2-443b-9c07-2632b13474e2 ae98b5bb29514de1a1eeaedf6970b94d c1f9cdf9d1904f3791ee58de2a1e6058 - - default default] DELETE failed (client error): The resource could not be found. [pid: 8|app: 0|req: 823/1597] 10.0.0.22 () {32 vars in 724 bytes} [Fri Apr 17 06:37:35 2026] DELETE /v2.0/networks/146e7e7c-ebd2-4b39-a451-4167147017af => generated 138 bytes in 25 msecs (HTTP/1.1 404) 4 headers in 164 bytes (1 switches on core 0)
