2026-06-24 14:29:43.323 7 INFO placement.requestlog [None req-f731a192-db3f-4e51-8ba6-2018dfe92454 de312cc42803479eb29b7ba29a001d57 2b177359031a4a82891e37ef807bb5c1 - - 2b468f75e7274e78b00fbddfc5e72964 2b468f75e7274e78b00fbddfc5e72964] 10.0.0.11 "DELETE /resource_providers/0965b712-bc3b-4aa2-a519-de42bc95f85d" status: 404 len: 246 microversion: 1.1 [pid: 7|app: 0|req: 464/936] 10.0.0.11 () {34 vars in 815 bytes} [Wed Jun 24 14:29:43 2026] DELETE /resource_providers/0965b712-bc3b-4aa2-a519-de42bc95f85d => generated 246 bytes in 16 msecs (HTTP/1.1 404) 6 headers in 231 bytes (1 switches on core 0)
2026-06-24 14:29:43.811 8 INFO placement.requestlog [req-8a25e167-9ac4-4385-af6f-ab437a809a65 req-7470058f-d479-47c0-b9f3-87ffcf30dbb8 2d5551c709cc43dd99f3a55da4baebf5 2b177359031a4a82891e37ef807bb5c1 - - 2b468f75e7274e78b00fbddfc5e72964 2b468f75e7274e78b00fbddfc5e72964] 199.19.213.163 "GET /resource_providers/a502396b-cb27-48fe-98b6-9ca6baa71a24/allocations" status: 200 len: 453 microversion: 1.0 [pid: 8|app: 0|req: 473/937] 199.19.213.163 () {32 vars in 857 bytes} [Wed Jun 24 14:29:43 2026] GET /resource_providers/a502396b-cb27-48fe-98b6-9ca6baa71a24/allocations => generated 453 bytes in 17 msecs (HTTP/1.1 200) 6 headers in 224 bytes (1 switches on core 0)
2026-06-24 14:29:43.834 7 INFO placement.requestlog [req-8a25e167-9ac4-4385-af6f-ab437a809a65 req-65ed60fc-1e39-4b68-ae57-ff0c38761f15 2d5551c709cc43dd99f3a55da4baebf5 2b177359031a4a82891e37ef807bb5c1 - - 2b468f75e7274e78b00fbddfc5e72964 2b468f75e7274e78b00fbddfc5e72964] 199.19.213.163 "GET /allocations/27c80051-a07d-4d05-999b-578d1303f7b6" status: 200 len: 258 microversion: 1.28 [pid: 7|app: 0|req: 465/938] 199.19.213.163 () {34 vars in 863 bytes} [Wed Jun 24 14:29:43 2026] GET /allocations/27c80051-a07d-4d05-999b-578d1303f7b6 => generated 258 bytes in 18 msecs (HTTP/1.1 200) 8 headers in 296 bytes (1 switches on core 0)
2026-06-24 14:29:43.854 8 INFO placement.requestlog [req-8a25e167-9ac4-4385-af6f-ab437a809a65 req-361cac42-dca6-4d58-8e98-1a895661d1bc 2d5551c709cc43dd99f3a55da4baebf5 2b177359031a4a82891e37ef807bb5c1 - - 2b468f75e7274e78b00fbddfc5e72964 2b468f75e7274e78b00fbddfc5e72964] 199.19.213.163 "GET /allocations/6c22a1f7-cdb2-40c6-aafb-3e1785e688f5" status: 200 len: 258 microversion: 1.28 [pid: 8|app: 0|req: 474/939] 199.19.213.163 () {34 vars in 863 bytes} [Wed Jun 24 14:29:43 2026] GET /allocations/6c22a1f7-cdb2-40c6-aafb-3e1785e688f5 => generated 258 bytes in 11 msecs (HTTP/1.1 200) 8 headers in 296 bytes (1 switches on core 0)
2026-06-24 14:29:43.872 7 INFO placement.requestlog [req-8a25e167-9ac4-4385-af6f-ab437a809a65 req-6fccee63-27ee-46cd-9ff8-79cdbfac4c2b 2d5551c709cc43dd99f3a55da4baebf5 2b177359031a4a82891e37ef807bb5c1 - - 2b468f75e7274e78b00fbddfc5e72964 2b468f75e7274e78b00fbddfc5e72964] 199.19.213.163 "GET /allocations/2f28f8f1-a987-43a1-85bc-17a160a01173" status: 200 len: 258 microversion: 1.28 [pid: 7|app: 0|req: 466/940] 199.19.213.163 () {34 vars in 863 bytes} [Wed Jun 24 14:29:43 2026] GET /allocations/2f28f8f1-a987-43a1-85bc-17a160a01173 => generated 258 bytes in 13 msecs (HTTP/1.1 200) 8 headers in 296 bytes (1 switches on core 0)
2026-06-24 14:29:43.893 8 INFO placement.requestlog [req-8a25e167-9ac4-4385-af6f-ab437a809a65 req-da9ff634-0053-4f1b-8c98-3f139bc3c673 2d5551c709cc43dd99f3a55da4baebf5 2b177359031a4a82891e37ef807bb5c1 - - 2b468f75e7274e78b00fbddfc5e72964 2b468f75e7274e78b00fbddfc5e72964] 199.19.213.163 "GET /allocations/0295bf45-9f87-48f9-8add-16ee47f91a64" status: 200 len: 258 microversion: 1.28 [pid: 8|app: 0|req: 475/941] 199.19.213.163 () {34 vars in 863 bytes} [Wed Jun 24 14:29:43 2026] GET /allocations/0295bf45-9f87-48f9-8add-16ee47f91a64 => generated 258 bytes in 11 msecs (HTTP/1.1 200) 8 headers in 296 bytes (1 switches on core 0)
2026-06-24 14:29:45.023 8 INFO placement.requestlog [None req-1e34ce43-60ad-4d8c-97a9-02b2927dc628 de312cc42803479eb29b7ba29a001d57 2b177359031a4a82891e37ef807bb5c1 - - 2b468f75e7274e78b00fbddfc5e72964 2b468f75e7274e78b00fbddfc5e72964] 10.0.0.11 "GET /resource_providers/490dfe24-7ef4-43a6-850b-87a3569fcd9d/aggregates" status: 404 len: 235 microversion: 1.1
2026-06-24 14:29:45.023 7 INFO placement.requestlog [None req-fe6bc7e7-a734-468d-b95c-a160f1bce3c8 de312cc42803479eb29b7ba29a001d57 2b177359031a4a82891e37ef807bb5c1 - - 2b468f75e7274e78b00fbddfc5e72964 2b468f75e7274e78b00fbddfc5e72964] 10.0.0.11 "GET /resource_providers/490dfe24-7ef4-43a6-850b-87a3569fcd9d/aggregates" status: 404 len: 235 microversion: 1.1 [pid: 8|app: 0|req: 476/942] 10.0.0.11 () {32 vars in 815 bytes} [Wed Jun 24 14:29:44 2026] GET /resource_providers/490dfe24-7ef4-43a6-850b-87a3569fcd9d/aggregates => generated 235 bytes in 25 msecs (HTTP/1.1 404) 5 headers in 202 bytes (1 switches on core 0) [pid: 7|app: 0|req: 467/943] 10.0.0.11 () {32 vars in 815 bytes} [Wed Jun 24 14:29:44 2026] GET /resource_providers/490dfe24-7ef4-43a6-850b-87a3569fcd9d/aggregates => generated 235 bytes in 28 msecs (HTTP/1.1 404) 5 headers in 202 bytes (1 switches on core 0)
2026-06-24 14:29:45.050 8 INFO placement.requestlog [None req-9f59e200-e5ee-40ee-bae5-af5cdedb67f8 de312cc42803479eb29b7ba29a001d57 2b177359031a4a82891e37ef807bb5c1 - - 2b468f75e7274e78b00fbddfc5e72964 2b468f75e7274e78b00fbddfc5e72964] 10.0.0.11 "DELETE /resource_providers/490dfe24-7ef4-43a6-850b-87a3569fcd9d" status: 404 len: 246 microversion: 1.1 [pid: 8|app: 0|req: 477/944] 10.0.0.11 () {34 vars in 815 bytes} [Wed Jun 24 14:29:45 2026] DELETE /resource_providers/490dfe24-7ef4-43a6-850b-87a3569fcd9d => generated 246 bytes in 7 msecs (HTTP/1.1 404) 6 headers in 231 bytes (1 switches on core 0)
2026-06-24 14:29:45.058 7 INFO placement.requestlog [None req-280e99cd-f28c-4331-bd8b-d9978a0cdbf6 de312cc42803479eb29b7ba29a001d57 2b177359031a4a82891e37ef807bb5c1 - - 2b468f75e7274e78b00fbddfc5e72964 2b468f75e7274e78b00fbddfc5e72964] 10.0.0.11 "DELETE /resource_providers/490dfe24-7ef4-43a6-850b-87a3569fcd9d" status: 404 len: 246 microversion: 1.1 [pid: 7|app: 0|req: 468/945] 10.0.0.11 () {34 vars in 815 bytes} [Wed Jun 24 14:29:45 2026] DELETE /resource_providers/490dfe24-7ef4-43a6-850b-87a3569fcd9d => generated 246 bytes in 10 msecs (HTTP/1.1 404) 6 headers in 231 bytes (1 switches on core 0)
2026-06-24 14:29:47.083 8 INFO placement.requestlog [None req-232abb02-f319-425c-afcd-ed19844e600a de312cc42803479eb29b7ba29a001d57 2b177359031a4a82891e37ef807bb5c1 - - 2b468f75e7274e78b00fbddfc5e72964 2b468f75e7274e78b00fbddfc5e72964] 10.0.0.11 "GET /resource_providers/9a911bee-a8bf-4d74-8f17-41d063db08f4/aggregates" status: 404 len: 235 microversion: 1.1
2026-06-24 14:29:47.084 7 INFO placement.requestlog [None req-81854f71-c90f-4211-a62b-9880c457afb8 de312cc42803479eb29b7ba29a001d57 2b177359031a4a82891e37ef807bb5c1 - - 2b468f75e7274e78b00fbddfc5e72964 2b468f75e7274e78b00fbddfc5e72964] 10.0.0.11 "GET /resource_providers/9a911bee-a8bf-4d74-8f17-41d063db08f4/aggregates" status: 404 len: 235 microversion: 1.1 [pid: 8|app: 0|req: 478/946] 10.0.0.11 () {32 vars in 815 bytes} [Wed Jun 24 14:29:47 2026] GET /resource_providers/9a911bee-a8bf-4d74-8f17-41d063db08f4/aggregates => generated 235 bytes in 14 msecs (HTTP/1.1 404) 5 headers in 202 bytes (1 switches on core 0) [pid: 7|app: 0|req: 469/947] 10.0.0.11 () {32 vars in 815 bytes} [Wed Jun 24 14:29:47 2026] GET /resource_providers/9a911bee-a8bf-4d74-8f17-41d063db08f4/aggregates => generated 235 bytes in 14 msecs (HTTP/1.1 404) 5 headers in 202 bytes (1 switches on core 0)
2026-06-24 14:29:47.121 8 INFO placement.requestlog [None req-498e5d8a-2477-471d-a056-ec0f81cb1cde de312cc42803479eb29b7ba29a001d57 2b177359031a4a82891e37ef807bb5c1 - - 2b468f75e7274e78b00fbddfc5e72964 2b468f75e7274e78b00fbddfc5e72964] 10.0.0.11 "DELETE /resource_providers/9a911bee-a8bf-4d74-8f17-41d063db08f4" status: 404 len: 246 microversion: 1.1 [pid: 8|app: 0|req: 479/948] 10.0.0.11 () {34 vars in 815 bytes} [Wed Jun 24 14:29:47 2026] DELETE /resource_providers/9a911bee-a8bf-4d74-8f17-41d063db08f4 => generated 246 bytes in 10 msecs (HTTP/1.1 404) 6 headers in 231 bytes (1 switches on core 0)
2026-06-24 14:29:47.122 7 INFO placement.requestlog [None req-a23c0c3b-3530-4d40-b7ac-ce177310c453 de312cc42803479eb29b7ba29a001d57 2b177359031a4a82891e37ef807bb5c1 - - 2b468f75e7274e78b00fbddfc5e72964 2b468f75e7274e78b00fbddfc5e72964] 10.0.0.11 "DELETE /resource_providers/9a911bee-a8bf-4d74-8f17-41d063db08f4" status: 404 len: 246 microversion: 1.1 [pid: 7|app: 0|req: 470/949] 10.0.0.11 () {34 vars in 815 bytes} [Wed Jun 24 14:29:47 2026] DELETE /resource_providers/9a911bee-a8bf-4d74-8f17-41d063db08f4 => generated 246 bytes in 11 msecs (HTTP/1.1 404) 6 headers in 231 bytes (1 switches on core 0)
2026-06-24 14:29:48.591 8 INFO placement.requestlog [None req-e8f3bc0c-414b-472a-99de-cce0062a1f9c de312cc42803479eb29b7ba29a001d57 2b177359031a4a82891e37ef807bb5c1 - - 2b468f75e7274e78b00fbddfc5e72964 2b468f75e7274e78b00fbddfc5e72964] 10.0.0.11 "GET /resource_providers/245aa840-585c-480e-9a6a-8a76ea487451/aggregates" status: 404 len: 235 microversion: 1.1 [pid: 8|app: 0|req: 480/950] 10.0.0.11 () {32 vars in 815 bytes} [Wed Jun 24 14:29:48 2026] GET /resource_providers/245aa840-585c-480e-9a6a-8a76ea487451/aggregates => generated 235 bytes in 9 msecs (HTTP/1.1 404) 5 headers in 202 bytes (1 switches on core 0)
2026-06-24 14:29:48.592 7 INFO placement.requestlog [None req-65e96008-78c6-4aed-8d07-bc0a617fd52b de312cc42803479eb29b7ba29a001d57 2b177359031a4a82891e37ef807bb5c1 - - 2b468f75e7274e78b00fbddfc5e72964 2b468f75e7274e78b00fbddfc5e72964] 10.0.0.11 "GET /resource_providers/245aa840-585c-480e-9a6a-8a76ea487451/aggregates" status: 404 len: 235 microversion: 1.1 [pid: 7|app: 0|req: 471/951] 10.0.0.11 () {32 vars in 815 bytes} [Wed Jun 24 14:29:48 2026] GET /resource_providers/245aa840-585c-480e-9a6a-8a76ea487451/aggregates => generated 235 bytes in 10 msecs (HTTP/1.1 404) 5 headers in 202 bytes (1 switches on core 0)
2026-06-24 14:29:48.618 7 INFO placement.requestlog [None req-a4778429-ea09-498f-a805-99f566e98f5a de312cc42803479eb29b7ba29a001d57 2b177359031a4a82891e37ef807bb5c1 - - 2b468f75e7274e78b00fbddfc5e72964 2b468f75e7274e78b00fbddfc5e72964] 10.0.0.11 "DELETE /resource_providers/245aa840-585c-480e-9a6a-8a76ea487451" status: 404 len: 246 microversion: 1.1 [pid: 7|app: 0|req: 472/952] 10.0.0.11 () {34 vars in 815 bytes} [Wed Jun 24 14:29:48 2026] DELETE /resource_providers/245aa840-585c-480e-9a6a-8a76ea487451 => generated 246 bytes in 9 msecs (HTTP/1.1 404) 6 headers in 231 bytes (1 switches on core 0)
2026-06-24 14:29:48.619 8 INFO placement.requestlog [None req-88fe39ac-5d4c-48d1-b547-ee2357da4655 de312cc42803479eb29b7ba29a001d57 2b177359031a4a82891e37ef807bb5c1 - - 2b468f75e7274e78b00fbddfc5e72964 2b468f75e7274e78b00fbddfc5e72964] 10.0.0.11 "DELETE /resource_providers/245aa840-585c-480e-9a6a-8a76ea487451" status: 404 len: 246 microversion: 1.1 [pid: 8|app: 0|req: 481/953] 10.0.0.11 () {34 vars in 815 bytes} [Wed Jun 24 14:29:48 2026] DELETE /resource_providers/245aa840-585c-480e-9a6a-8a76ea487451 => generated 246 bytes in 14 msecs (HTTP/1.1 404) 6 headers in 231 bytes (1 switches on core 0)
2026-06-24 14:29:50.548 7 INFO placement.requestlog [None req-326187c8-bbee-4a4f-aaea-d92352f84200 - - - - - -] 10.0.0.173 "GET /" status: 200 len: 136 microversion: 1.0
2026-06-24 14:29:50.549 8 INFO placement.requestlog [None req-ce1bf675-0db5-40c6-932d-c70d6bb47d57 - - - - - -] 10.0.0.173 "GET /" status: 200 len: 136 microversion: 1.0
2026-06-24 14:29:53.837 7 INFO placement.requestlog [None req-2b0e469f-2a46-4dc5-bccb-648e75e25475 de312cc42803479eb29b7ba29a001d57 2b177359031a4a82891e37ef807bb5c1 - - 2b468f75e7274e78b00fbddfc5e72964 2b468f75e7274e78b00fbddfc5e72964] 10.0.0.11 "GET /resource_providers/41fe63ef-f21d-494b-a50e-c8ce1f01e544/aggregates" status: 404 len: 235 microversion: 1.1 [pid: 7|app: 0|req: 474/956] 10.0.0.11 () {32 vars in 815 bytes} [Wed Jun 24 14:29:53 2026] GET /resource_providers/41fe63ef-f21d-494b-a50e-c8ce1f01e544/aggregates => generated 235 bytes in 11 msecs (HTTP/1.1 404) 5 headers in 202 bytes (1 switches on core 0)
2026-06-24 14:29:53.844 8 INFO placement.requestlog [None req-ad38dbb3-453f-455f-924a-541d09f9da5f de312cc42803479eb29b7ba29a001d57 2b177359031a4a82891e37ef807bb5c1 - - 2b468f75e7274e78b00fbddfc5e72964 2b468f75e7274e78b00fbddfc5e72964] 10.0.0.11 "GET /resource_providers/41fe63ef-f21d-494b-a50e-c8ce1f01e544/aggregates" status: 404 len: 235 microversion: 1.1 [pid: 8|app: 0|req: 483/957] 10.0.0.11 () {32 vars in 815 bytes} [Wed Jun 24 14:29:53 2026] GET /resource_providers/41fe63ef-f21d-494b-a50e-c8ce1f01e544/aggregates => generated 235 bytes in 18 msecs (HTTP/1.1 404) 5 headers in 202 bytes (1 switches on core 0)
2026-06-24 14:29:53.862 7 INFO placement.requestlog [None req-03a6457f-2417-466d-bb39-aee22cd76d1d de312cc42803479eb29b7ba29a001d57 2b177359031a4a82891e37ef807bb5c1 - - 2b468f75e7274e78b00fbddfc5e72964 2b468f75e7274e78b00fbddfc5e72964] 10.0.0.11 "DELETE /resource_providers/41fe63ef-f21d-494b-a50e-c8ce1f01e544" status: 404 len: 246 microversion: 1.1 [pid: 7|app: 0|req: 475/958] 10.0.0.11 () {34 vars in 815 bytes} [Wed Jun 24 14:29:53 2026] DELETE /resource_providers/41fe63ef-f21d-494b-a50e-c8ce1f01e544 => generated 246 bytes in 12 msecs (HTTP/1.1 404) 6 headers in 231 bytes (1 switches on core 0)
2026-06-24 14:29:53.866 8 INFO placement.requestlog [None req-4388baaa-6d29-441a-857f-c9ad0ddb1dea de312cc42803479eb29b7ba29a001d57 2b177359031a4a82891e37ef807bb5c1 - - 2b468f75e7274e78b00fbddfc5e72964 2b468f75e7274e78b00fbddfc5e72964] 10.0.0.11 "DELETE /resource_providers/41fe63ef-f21d-494b-a50e-c8ce1f01e544" status: 404 len: 246 microversion: 1.1 [pid: 8|app: 0|req: 484/959] 10.0.0.11 () {34 vars in 815 bytes} [Wed Jun 24 14:29:53 2026] DELETE /resource_providers/41fe63ef-f21d-494b-a50e-c8ce1f01e544 => generated 246 bytes in 14 msecs (HTTP/1.1 404) 6 headers in 231 bytes (1 switches on core 0)
2026-06-24 14:29:55.888 8 INFO placement.requestlog [None req-417ee74e-f6f3-409d-8903-bcea487a6d56 de312cc42803479eb29b7ba29a001d57 2b177359031a4a82891e37ef807bb5c1 - - 2b468f75e7274e78b00fbddfc5e72964 2b468f75e7274e78b00fbddfc5e72964] 10.0.0.11 "GET /resource_providers/13aa1a4e-4c0a-4b56-b4e3-800513d36f79/aggregates" status: 404 len: 235 microversion: 1.1 [pid: 8|app: 0|req: 485/960] 10.0.0.11 () {32 vars in 815 bytes} [Wed Jun 24 14:29:55 2026] GET /resource_providers/13aa1a4e-4c0a-4b56-b4e3-800513d36f79/aggregates => generated 235 bytes in 9 msecs (HTTP/1.1 404) 5 headers in 202 bytes (1 switches on core 0)
2026-06-24 14:29:55.900 7 INFO placement.requestlog [None req-e31c5bbf-3199-4a3f-a937-c1fcf3059fcd de312cc42803479eb29b7ba29a001d57 2b177359031a4a82891e37ef807bb5c1 - - 2b468f75e7274e78b00fbddfc5e72964 2b468f75e7274e78b00fbddfc5e72964] 10.0.0.11 "GET /resource_providers/13aa1a4e-4c0a-4b56-b4e3-800513d36f79/aggregates" status: 404 len: 235 microversion: 1.1 [pid: 7|app: 0|req: 476/961] 10.0.0.11 () {32 vars in 815 bytes} [Wed Jun 24 14:29:55 2026] GET /resource_providers/13aa1a4e-4c0a-4b56-b4e3-800513d36f79/aggregates => generated 235 bytes in 25 msecs (HTTP/1.1 404) 5 headers in 202 bytes (1 switches on core 0)
2026-06-24 14:29:55.910 8 INFO placement.requestlog [None req-da71f38c-66f5-45ba-9116-a051f414098d de312cc42803479eb29b7ba29a001d57 2b177359031a4a82891e37ef807bb5c1 - - 2b468f75e7274e78b00fbddfc5e72964 2b468f75e7274e78b00fbddfc5e72964] 10.0.0.11 "DELETE /resource_providers/13aa1a4e-4c0a-4b56-b4e3-800513d36f79" status: 404 len: 246 microversion: 1.1 [pid: 8|app: 0|req: 486/962] 10.0.0.11 () {34 vars in 815 bytes} [Wed Jun 24 14:29:55 2026] DELETE /resource_providers/13aa1a4e-4c0a-4b56-b4e3-800513d36f79 => generated 246 bytes in 10 msecs (HTTP/1.1 404) 6 headers in 231 bytes (1 switches on core 0)
2026-06-24 14:29:55.928 7 INFO placement.requestlog [None req-bc318634-3dbb-464e-85bf-fed21bbaa1cf de312cc42803479eb29b7ba29a001d57 2b177359031a4a82891e37ef807bb5c1 - - 2b468f75e7274e78b00fbddfc5e72964 2b468f75e7274e78b00fbddfc5e72964] 10.0.0.11 "DELETE /resource_providers/13aa1a4e-4c0a-4b56-b4e3-800513d36f79" status: 404 len: 246 microversion: 1.1 [pid: 7|app: 0|req: 477/963] 10.0.0.11 () {34 vars in 815 bytes} [Wed Jun 24 14:29:55 2026] DELETE /resource_providers/13aa1a4e-4c0a-4b56-b4e3-800513d36f79 => generated 246 bytes in 7 msecs (HTTP/1.1 404) 6 headers in 231 bytes (1 switches on core 0)
2026-06-24 14:29:58.390 8 INFO placement.requestlog [None req-c1eb2f6c-2e2c-443a-b8f9-66000be34da8 de312cc42803479eb29b7ba29a001d57 2b177359031a4a82891e37ef807bb5c1 - - 2b468f75e7274e78b00fbddfc5e72964 2b468f75e7274e78b00fbddfc5e72964] 10.0.0.11 "GET /resource_providers/d270fdab-9c8f-4510-aa09-918875a7804e/aggregates" status: 404 len: 235 microversion: 1.1 [pid: 8|app: 0|req: 487/964] 10.0.0.11 () {32 vars in 815 bytes} [Wed Jun 24 14:29:58 2026] GET /resource_providers/d270fdab-9c8f-4510-aa09-918875a7804e/aggregates => generated 235 bytes in 9 msecs (HTTP/1.1 404) 5 headers in 202 bytes (1 switches on core 0)
2026-06-24 14:29:58.391 7 INFO placement.requestlog [None req-629d30e5-45d5-4150-a6c8-3350d939771d de312cc42803479eb29b7ba29a001d57 2b177359031a4a82891e37ef807bb5c1 - - 2b468f75e7274e78b00fbddfc5e72964 2b468f75e7274e78b00fbddfc5e72964] 10.0.0.11 "GET /resource_providers/d270fdab-9c8f-4510-aa09-918875a7804e/aggregates" status: 404 len: 235 microversion: 1.1 [pid: 7|app: 0|req: 478/965] 10.0.0.11 () {32 vars in 815 bytes} [Wed Jun 24 14:29:58 2026] GET /resource_providers/d270fdab-9c8f-4510-aa09-918875a7804e/aggregates => generated 235 bytes in 9 msecs (HTTP/1.1 404) 5 headers in 202 bytes (1 switches on core 0)
2026-06-24 14:29:58.410 8 INFO placement.requestlog [None req-fd66d959-50d8-434c-9a8e-f7414e33ef5f de312cc42803479eb29b7ba29a001d57 2b177359031a4a82891e37ef807bb5c1 - - 2b468f75e7274e78b00fbddfc5e72964 2b468f75e7274e78b00fbddfc5e72964] 10.0.0.11 "DELETE /resource_providers/d270fdab-9c8f-4510-aa09-918875a7804e" status: 404 len: 246 microversion: 1.1 [pid: 8|app: 0|req: 488/966] 10.0.0.11 () {34 vars in 815 bytes} [Wed Jun 24 14:29:58 2026] DELETE /resource_providers/d270fdab-9c8f-4510-aa09-918875a7804e => generated 246 bytes in 8 msecs (HTTP/1.1 404) 6 headers in 231 bytes (1 switches on core 0)
2026-06-24 14:29:58.411 7 INFO placement.requestlog [None req-c2735bdc-ca8d-42ff-ada3-3588f1696bc7 de312cc42803479eb29b7ba29a001d57 2b177359031a4a82891e37ef807bb5c1 - - 2b468f75e7274e78b00fbddfc5e72964 2b468f75e7274e78b00fbddfc5e72964] 10.0.0.11 "DELETE /resource_providers/d270fdab-9c8f-4510-aa09-918875a7804e" status: 404 len: 246 microversion: 1.1 [pid: 7|app: 0|req: 479/967] 10.0.0.11 () {34 vars in 815 bytes} [Wed Jun 24 14:29:58 2026] DELETE /resource_providers/d270fdab-9c8f-4510-aa09-918875a7804e => generated 246 bytes in 10 msecs (HTTP/1.1 404) 6 headers in 231 bytes (1 switches on core 0)
2026-06-24 14:30:00.434 8 INFO placement.requestlog [None req-f0fd7eaf-69b9-4b1d-8df0-eabd49369f58 de312cc42803479eb29b7ba29a001d57 2b177359031a4a82891e37ef807bb5c1 - - 2b468f75e7274e78b00fbddfc5e72964 2b468f75e7274e78b00fbddfc5e72964] 10.0.0.11 "GET /resource_providers/d122f4b7-f6db-446f-bcc9-9ddfe1316227/aggregates" status: 404 len: 235 microversion: 1.1
2026-06-24 14:30:00.434 7 INFO placement.requestlog [None req-de512548-f08a-415d-b1b2-a20cfa9f0caf de312cc42803479eb29b7ba29a001d57 2b177359031a4a82891e37ef807bb5c1 - - 2b468f75e7274e78b00fbddfc5e72964 2b468f75e7274e78b00fbddfc5e72964] 10.0.0.11 "GET /resource_providers/d122f4b7-f6db-446f-bcc9-9ddfe1316227/aggregates" status: 404 len: 235 microversion: 1.1 [pid: 7|app: 0|req: 480/969] 10.0.0.11 () {32 vars in 815 bytes} [Wed Jun 24 14:30:00 2026] GET /resource_providers/d122f4b7-f6db-446f-bcc9-9ddfe1316227/aggregates => generated 235 bytes in 13 msecs (HTTP/1.1 404) 5 headers in 202 bytes (1 switches on core 0) [pid: 8|app: 0|req: 489/969] 10.0.0.11 () {32 vars in 815 bytes} [Wed Jun 24 14:30:00 2026] GET /resource_providers/d122f4b7-f6db-446f-bcc9-9ddfe1316227/aggregates => generated 235 bytes in 13 msecs (HTTP/1.1 404) 5 headers in 202 bytes (1 switches on core 0)
2026-06-24 14:30:00.454 7 INFO placement.requestlog [None req-c04a92fd-7a6a-48af-a151-3613a9dbdbe8 de312cc42803479eb29b7ba29a001d57 2b177359031a4a82891e37ef807bb5c1 - - 2b468f75e7274e78b00fbddfc5e72964 2b468f75e7274e78b00fbddfc5e72964] 10.0.0.11 "DELETE /resource_providers/d122f4b7-f6db-446f-bcc9-9ddfe1316227" status: 404 len: 246 microversion: 1.1 [pid: 7|app: 0|req: 481/970] 10.0.0.11 () {34 vars in 815 bytes} [Wed Jun 24 14:30:00 2026] DELETE /resource_providers/d122f4b7-f6db-446f-bcc9-9ddfe1316227 => generated 246 bytes in 8 msecs (HTTP/1.1 404) 6 headers in 231 bytes (1 switches on core 0)
2026-06-24 14:30:00.466 8 INFO placement.requestlog [None req-18843868-0efd-46d4-9a57-9e6a11663af9 de312cc42803479eb29b7ba29a001d57 2b177359031a4a82891e37ef807bb5c1 - - 2b468f75e7274e78b00fbddfc5e72964 2b468f75e7274e78b00fbddfc5e72964] 10.0.0.11 "DELETE /resource_providers/d122f4b7-f6db-446f-bcc9-9ddfe1316227" status: 404 len: 246 microversion: 1.1 [pid: 8|app: 0|req: 490/971] 10.0.0.11 () {34 vars in 815 bytes} [Wed Jun 24 14:30:00 2026] DELETE /resource_providers/d122f4b7-f6db-446f-bcc9-9ddfe1316227 => generated 246 bytes in 12 msecs (HTTP/1.1 404) 6 headers in 231 bytes (1 switches on core 0)
2026-06-24 14:30:00.548 8 INFO placement.requestlog [None req-e062c714-1b5b-4271-9909-2a7954b07b5e - - - - - -] 10.0.0.173 "GET /" status: 200 len: 136 microversion: 1.0
2026-06-24 14:30:00.548 7 INFO placement.requestlog [None req-a11953c1-ab40-4a51-8d9d-fb197a47955a - - - - - -] 10.0.0.173 "GET /" status: 200 len: 136 microversion: 1.0
2026-06-24 14:30:10.205 8 INFO placement.requestlog [req-1cfd812b-a523-4984-a908-9cfbd8183dc7 req-93fd8f9c-b000-4399-b140-80677339f0df 2d5551c709cc43dd99f3a55da4baebf5 2b177359031a4a82891e37ef807bb5c1 - - 2b468f75e7274e78b00fbddfc5e72964 2b468f75e7274e78b00fbddfc5e72964] 199.19.213.163 "GET /resource_providers/a502396b-cb27-48fe-98b6-9ca6baa71a24/allocations" status: 200 len: 453 microversion: 1.0 [pid: 8|app: 0|req: 492/974] 199.19.213.163 () {32 vars in 857 bytes} [Wed Jun 24 14:30:10 2026] GET /resource_providers/a502396b-cb27-48fe-98b6-9ca6baa71a24/allocations => generated 453 bytes in 17 msecs (HTTP/1.1 200) 6 headers in 224 bytes (1 switches on core 0)
2026-06-24 14:30:10.223 7 INFO placement.requestlog [req-1cfd812b-a523-4984-a908-9cfbd8183dc7 req-80e33de7-1112-429c-99ff-fa0a0cce24b7 2d5551c709cc43dd99f3a55da4baebf5 2b177359031a4a82891e37ef807bb5c1 - - 2b468f75e7274e78b00fbddfc5e72964 2b468f75e7274e78b00fbddfc5e72964] 199.19.213.163 "GET /allocations/27c80051-a07d-4d05-999b-578d1303f7b6" status: 200 len: 258 microversion: 1.28 [pid: 7|app: 0|req: 483/975] 199.19.213.163 () {34 vars in 863 bytes} [Wed Jun 24 14:30:10 2026] GET /allocations/27c80051-a07d-4d05-999b-578d1303f7b6 => generated 258 bytes in 11 msecs (HTTP/1.1 200) 8 headers in 296 bytes (1 switches on core 0)
2026-06-24 14:30:10.243 8 INFO placement.requestlog [req-1cfd812b-a523-4984-a908-9cfbd8183dc7 req-0676e14f-6fb4-4663-844b-085f53de2396 2d5551c709cc43dd99f3a55da4baebf5 2b177359031a4a82891e37ef807bb5c1 - - 2b468f75e7274e78b00fbddfc5e72964 2b468f75e7274e78b00fbddfc5e72964] 199.19.213.163 "GET /allocations/6c22a1f7-cdb2-40c6-aafb-3e1785e688f5" status: 200 len: 258 microversion: 1.28 [pid: 8|app: 0|req: 493/976] 199.19.213.163 () {34 vars in 863 bytes} [Wed Jun 24 14:30:10 2026] GET /allocations/6c22a1f7-cdb2-40c6-aafb-3e1785e688f5 => generated 258 bytes in 16 msecs (HTTP/1.1 200) 8 headers in 296 bytes (1 switches on core 0)
2026-06-24 14:30:10.259 7 INFO placement.requestlog [req-1cfd812b-a523-4984-a908-9cfbd8183dc7 req-f2c9694c-ce0e-4696-9dab-eba735bb6ecc 2d5551c709cc43dd99f3a55da4baebf5 2b177359031a4a82891e37ef807bb5c1 - - 2b468f75e7274e78b00fbddfc5e72964 2b468f75e7274e78b00fbddfc5e72964] 199.19.213.163 "GET /allocations/2f28f8f1-a987-43a1-85bc-17a160a01173" status: 200 len: 258 microversion: 1.28 [pid: 7|app: 0|req: 484/977] 199.19.213.163 () {34 vars in 863 bytes} [Wed Jun 24 14:30:10 2026] GET /allocations/2f28f8f1-a987-43a1-85bc-17a160a01173 => generated 258 bytes in 9 msecs (HTTP/1.1 200) 8 headers in 296 bytes (1 switches on core 0)
2026-06-24 14:30:10.276 8 INFO placement.requestlog [req-1cfd812b-a523-4984-a908-9cfbd8183dc7 req-788cec25-8d20-4341-b6bd-359b6e51d778 2d5551c709cc43dd99f3a55da4baebf5 2b177359031a4a82891e37ef807bb5c1 - - 2b468f75e7274e78b00fbddfc5e72964 2b468f75e7274e78b00fbddfc5e72964] 199.19.213.163 "GET /allocations/0295bf45-9f87-48f9-8add-16ee47f91a64" status: 200 len: 258 microversion: 1.28 [pid: 8|app: 0|req: 494/978] 199.19.213.163 () {34 vars in 863 bytes} [Wed Jun 24 14:30:10 2026] GET /allocations/0295bf45-9f87-48f9-8add-16ee47f91a64 => generated 258 bytes in 12 msecs (HTTP/1.1 200) 8 headers in 296 bytes (1 switches on core 0)
2026-06-24 14:30:10.548 7 INFO placement.requestlog [None req-0d81a57a-6748-4975-a6a6-7dc28fb37b87 - - - - - -] 10.0.0.173 "GET /" status: 200 len: 136 microversion: 1.0
2026-06-24 14:30:10.548 8 INFO placement.requestlog [None req-3c865764-9c34-4325-ab6d-47701774ad95 - - - - - -] 10.0.0.173 "GET /" status: 200 len: 136 microversion: 1.0
2026-06-24 14:30:11.517 7 INFO placement.requestlog [req-1cfd812b-a523-4984-a908-9cfbd8183dc7 req-cf0f99f1-25da-4eb4-8095-7c59f35c266e 2d5551c709cc43dd99f3a55da4baebf5 2b177359031a4a82891e37ef807bb5c1 - - 2b468f75e7274e78b00fbddfc5e72964 2b468f75e7274e78b00fbddfc5e72964] 199.19.213.163 "DELETE /allocations/27c80051-a07d-4d05-999b-578d1303f7b6" status: 204 len: 0 microversion: 1.0 [pid: 7|app: 0|req: 486/981] 199.19.213.163 () {34 vars in 841 bytes} [Wed Jun 24 14:30:11 2026] DELETE /allocations/27c80051-a07d-4d05-999b-578d1303f7b6 => generated 0 bytes in 215 msecs (HTTP/1.1 204) 5 headers in 198 bytes (1 switches on core 0)
2026-06-24 14:30:14.987 8 INFO placement.requestlog [req-bdebbdaf-ef6c-4454-b169-5e6efeda721b req-c2a0585c-8831-4882-b388-13d4964b65b9 2d5551c709cc43dd99f3a55da4baebf5 2b177359031a4a82891e37ef807bb5c1 - - 2b468f75e7274e78b00fbddfc5e72964 2b468f75e7274e78b00fbddfc5e72964] 10.0.0.130 "GET /allocation_candidates?limit=1000&resources=MEMORY_MB%3A2048%2CVCPU%3A2&root_required=%21COMPUTE_STATUS_DISABLED" status: 200 len: 2771 microversion: 1.36 [pid: 8|app: 0|req: 496/982] 10.0.0.130 () {34 vars in 986 bytes} [Wed Jun 24 14:30:14 2026] GET /allocation_candidates?limit=1000&resources=MEMORY_MB%3A2048%2CVCPU%3A2&root_required=%21COMPUTE_STATUS_DISABLED => generated 2771 bytes in 36 msecs (HTTP/1.1 200) 8 headers in 297 bytes (1 switches on core 0)
2026-06-24 14:30:15.010 7 INFO placement.requestlog [req-bdebbdaf-ef6c-4454-b169-5e6efeda721b req-c8082138-25cf-42f8-8499-5acbd45bf293 2d5551c709cc43dd99f3a55da4baebf5 2b177359031a4a82891e37ef807bb5c1 - - 2b468f75e7274e78b00fbddfc5e72964 2b468f75e7274e78b00fbddfc5e72964] 10.0.0.130 "GET /allocations/04db2e0e-7ba0-42f8-be5b-b8f57b6433e6" status: 200 len: 19 microversion: 1.28 [pid: 7|app: 0|req: 487/983] 10.0.0.130 () {34 vars in 861 bytes} [Wed Jun 24 14:30:15 2026] GET /allocations/04db2e0e-7ba0-42f8-be5b-b8f57b6433e6 => generated 19 bytes in 6 msecs (HTTP/1.1 200) 8 headers in 295 bytes (1 switches on core 0)
2026-06-24 14:30:15.073 8 INFO placement.requestlog [req-bdebbdaf-ef6c-4454-b169-5e6efeda721b req-9950d4a6-5380-4a76-9ebf-107eab479960 2d5551c709cc43dd99f3a55da4baebf5 2b177359031a4a82891e37ef807bb5c1 - - 2b468f75e7274e78b00fbddfc5e72964 2b468f75e7274e78b00fbddfc5e72964] 10.0.0.130 "PUT /allocations/04db2e0e-7ba0-42f8-be5b-b8f57b6433e6" status: 204 len: 0 microversion: 1.36 [pid: 8|app: 0|req: 497/984] 10.0.0.130 () {38 vars in 914 bytes} [Wed Jun 24 14:30:15 2026] PUT /allocations/04db2e0e-7ba0-42f8-be5b-b8f57b6433e6 => generated 0 bytes in 54 msecs (HTTP/1.1 204) 5 headers in 199 bytes (1 switches on core 0)
2026-06-24 14:30:15.417 7 INFO placement.requestlog [req-6b0b6de0-f484-4bcd-a512-211e4caacd2b req-5cf31e6d-42fe-4fcc-a714-ea2c66006ae2 2d5551c709cc43dd99f3a55da4baebf5 2b177359031a4a82891e37ef807bb5c1 - - 2b468f75e7274e78b00fbddfc5e72964 2b468f75e7274e78b00fbddfc5e72964] 199.19.213.163 "GET /resource_providers/a502396b-cb27-48fe-98b6-9ca6baa71a24/allocations" status: 200 len: 440 microversion: 1.0 [pid: 7|app: 0|req: 488/985] 199.19.213.163 () {32 vars in 857 bytes} [Wed Jun 24 14:30:15 2026] GET /resource_providers/a502396b-cb27-48fe-98b6-9ca6baa71a24/allocations => generated 440 bytes in 25 msecs (HTTP/1.1 200) 6 headers in 224 bytes (1 switches on core 0)
2026-06-24 14:30:15.954 8 INFO placement.requestlog [req-6b0b6de0-f484-4bcd-a512-211e4caacd2b req-ad6d199f-2881-4aaa-89ee-2ca95d573bd7 2d5551c709cc43dd99f3a55da4baebf5 2b177359031a4a82891e37ef807bb5c1 - - 2b468f75e7274e78b00fbddfc5e72964 2b468f75e7274e78b00fbddfc5e72964] 199.19.213.163 "GET /resource_providers?in_tree=a502396b-cb27-48fe-98b6-9ca6baa71a24" status: 200 len: 798 microversion: 1.14 [pid: 8|app: 0|req: 498/986] 199.19.213.163 () {34 vars in 892 bytes} [Wed Jun 24 14:30:15 2026] GET /resource_providers?in_tree=a502396b-cb27-48fe-98b6-9ca6baa71a24 => generated 798 bytes in 26 msecs (HTTP/1.1 200) 6 headers in 225 bytes (1 switches on core 0)
2026-06-24 14:30:15.992 7 INFO placement.requestlog [req-6b0b6de0-f484-4bcd-a512-211e4caacd2b req-d5ac1cea-2a7b-4a29-9273-458f86781cb8 2d5551c709cc43dd99f3a55da4baebf5 2b177359031a4a82891e37ef807bb5c1 - - 2b468f75e7274e78b00fbddfc5e72964 2b468f75e7274e78b00fbddfc5e72964] 199.19.213.163 "GET /resource_providers/a502396b-cb27-48fe-98b6-9ca6baa71a24/inventories" status: 200 len: 401 microversion: 1.0 [pid: 7|app: 0|req: 489/987] 199.19.213.163 () {32 vars in 857 bytes} [Wed Jun 24 14:30:15 2026] GET /resource_providers/a502396b-cb27-48fe-98b6-9ca6baa71a24/inventories => generated 401 bytes in 30 msecs (HTTP/1.1 200) 6 headers in 224 bytes (1 switches on core 0)
2026-06-24 14:30:16.011 8 INFO placement.requestlog [req-6b0b6de0-f484-4bcd-a512-211e4caacd2b req-32ab684b-8cc7-4096-9536-cdc544f89d38 2d5551c709cc43dd99f3a55da4baebf5 2b177359031a4a82891e37ef807bb5c1 - - 2b468f75e7274e78b00fbddfc5e72964 2b468f75e7274e78b00fbddfc5e72964] 199.19.213.163 "GET /resource_providers/a502396b-cb27-48fe-98b6-9ca6baa71a24/aggregates" status: 200 len: 54 microversion: 1.19 [pid: 8|app: 0|req: 499/988] 199.19.213.163 () {34 vars in 899 bytes} [Wed Jun 24 14:30:15 2026] GET /resource_providers/a502396b-cb27-48fe-98b6-9ca6baa71a24/aggregates => generated 54 bytes in 13 msecs (HTTP/1.1 200) 8 headers in 295 bytes (1 switches on core 0)
2026-06-24 14:30:16.035 7 INFO placement.requestlog [req-6b0b6de0-f484-4bcd-a512-211e4caacd2b req-2c866044-8e28-4a35-9caa-1aa9d49284de 2d5551c709cc43dd99f3a55da4baebf5 2b177359031a4a82891e37ef807bb5c1 - - 2b468f75e7274e78b00fbddfc5e72964 2b468f75e7274e78b00fbddfc5e72964] 199.19.213.163 "GET /resource_providers/a502396b-cb27-48fe-98b6-9ca6baa71a24/traits" status: 200 len: 2317 microversion: 1.6 [pid: 7|app: 0|req: 490/989] 199.19.213.163 () {34 vars in 890 bytes} [Wed Jun 24 14:30:16 2026] GET /resource_providers/a502396b-cb27-48fe-98b6-9ca6baa71a24/traits => generated 2317 bytes in 20 msecs (HTTP/1.1 200) 6 headers in 225 bytes (1 switches on core 0)
2026-06-24 14:30:16.062 8 INFO placement.requestlog [req-6b0b6de0-f484-4bcd-a512-211e4caacd2b req-e51935ac-ff0c-49ff-9139-030870e446d6 2d5551c709cc43dd99f3a55da4baebf5 2b177359031a4a82891e37ef807bb5c1 - - 2b468f75e7274e78b00fbddfc5e72964 2b468f75e7274e78b00fbddfc5e72964] 199.19.213.163 "GET /resource_providers/a502396b-cb27-48fe-98b6-9ca6baa71a24/allocations" status: 200 len: 440 microversion: 1.0 [pid: 8|app: 0|req: 500/990] 199.19.213.163 () {32 vars in 857 bytes} [Wed Jun 24 14:30:16 2026] GET /resource_providers/a502396b-cb27-48fe-98b6-9ca6baa71a24/allocations => generated 440 bytes in 20 msecs (HTTP/1.1 200) 6 headers in 224 bytes (1 switches on core 0)
2026-06-24 14:30:16.084 7 INFO placement.requestlog [req-6b0b6de0-f484-4bcd-a512-211e4caacd2b req-52d896df-1edc-4307-bb6c-dd9937367319 2d5551c709cc43dd99f3a55da4baebf5 2b177359031a4a82891e37ef807bb5c1 - - 2b468f75e7274e78b00fbddfc5e72964 2b468f75e7274e78b00fbddfc5e72964] 199.19.213.163 "GET /allocations/6c22a1f7-cdb2-40c6-aafb-3e1785e688f5" status: 200 len: 258 microversion: 1.28 [pid: 7|app: 0|req: 491/991] 199.19.213.163 () {34 vars in 863 bytes} [Wed Jun 24 14:30:16 2026] GET /allocations/6c22a1f7-cdb2-40c6-aafb-3e1785e688f5 => generated 258 bytes in 13 msecs (HTTP/1.1 200) 8 headers in 296 bytes (1 switches on core 0)
2026-06-24 14:30:16.105 8 INFO placement.requestlog [req-6b0b6de0-f484-4bcd-a512-211e4caacd2b req-986d5bfc-20f6-4eca-b3db-b9d364d9a75f 2d5551c709cc43dd99f3a55da4baebf5 2b177359031a4a82891e37ef807bb5c1 - - 2b468f75e7274e78b00fbddfc5e72964 2b468f75e7274e78b00fbddfc5e72964] 199.19.213.163 "GET /allocations/2f28f8f1-a987-43a1-85bc-17a160a01173" status: 200 len: 258 microversion: 1.28 [pid: 8|app: 0|req: 501/992] 199.19.213.163 () {34 vars in 863 bytes} [Wed Jun 24 14:30:16 2026] GET /allocations/2f28f8f1-a987-43a1-85bc-17a160a01173 => generated 258 bytes in 15 msecs (HTTP/1.1 200) 8 headers in 296 bytes (1 switches on core 0)
2026-06-24 14:30:16.125 7 INFO placement.requestlog [req-6b0b6de0-f484-4bcd-a512-211e4caacd2b req-0ce94184-bdae-4826-b86e-c7126c4db537 2d5551c709cc43dd99f3a55da4baebf5 2b177359031a4a82891e37ef807bb5c1 - - 2b468f75e7274e78b00fbddfc5e72964 2b468f75e7274e78b00fbddfc5e72964] 199.19.213.163 "GET /allocations/04db2e0e-7ba0-42f8-be5b-b8f57b6433e6" status: 200 len: 245 microversion: 1.28 [pid: 7|app: 0|req: 492/993] 199.19.213.163 () {34 vars in 863 bytes} [Wed Jun 24 14:30:16 2026] GET /allocations/04db2e0e-7ba0-42f8-be5b-b8f57b6433e6 => generated 245 bytes in 14 msecs (HTTP/1.1 200) 8 headers in 296 bytes (1 switches on core 0)
2026-06-24 14:30:16.150 8 INFO placement.requestlog [req-6b0b6de0-f484-4bcd-a512-211e4caacd2b req-eb5ccaf7-e44c-4dc2-b20a-013e7eb92006 2d5551c709cc43dd99f3a55da4baebf5 2b177359031a4a82891e37ef807bb5c1 - - 2b468f75e7274e78b00fbddfc5e72964 2b468f75e7274e78b00fbddfc5e72964] 199.19.213.163 "GET /allocations/0295bf45-9f87-48f9-8add-16ee47f91a64" status: 200 len: 258 microversion: 1.28 [pid: 8|app: 0|req: 502/994] 199.19.213.163 () {34 vars in 863 bytes} [Wed Jun 24 14:30:16 2026] GET /allocations/0295bf45-9f87-48f9-8add-16ee47f91a64 => generated 258 bytes in 17 msecs (HTTP/1.1 200) 8 headers in 296 bytes (1 switches on core 0)
2026-06-24 14:30:16.602 7 INFO placement.requestlog [req-bdebbdaf-ef6c-4454-b169-5e6efeda721b req-da4c5e88-f5e5-49b7-81a3-25150cc52921 2d5551c709cc43dd99f3a55da4baebf5 2b177359031a4a82891e37ef807bb5c1 - - 2b468f75e7274e78b00fbddfc5e72964 2b468f75e7274e78b00fbddfc5e72964] 199.19.213.163 "GET /allocations/04db2e0e-7ba0-42f8-be5b-b8f57b6433e6" status: 200 len: 245 microversion: 1.28 [pid: 7|app: 0|req: 493/995] 199.19.213.163 () {34 vars in 863 bytes} [Wed Jun 24 14:30:16 2026] GET /allocations/04db2e0e-7ba0-42f8-be5b-b8f57b6433e6 => generated 245 bytes in 23 msecs (HTTP/1.1 200) 8 headers in 296 bytes (1 switches on core 0)
2026-06-24 14:30:18.210 8 INFO placement.requestlog [req-bdebbdaf-ef6c-4454-b169-5e6efeda721b req-0e500a4d-6807-4ed6-acdd-edc5454c562d 2d5551c709cc43dd99f3a55da4baebf5 2b177359031a4a82891e37ef807bb5c1 - - 2b468f75e7274e78b00fbddfc5e72964 2b468f75e7274e78b00fbddfc5e72964] 199.19.213.163 "GET /resource_providers/a502396b-cb27-48fe-98b6-9ca6baa71a24/allocations" status: 200 len: 440 microversion: 1.0 [pid: 8|app: 0|req: 503/996] 199.19.213.163 () {32 vars in 857 bytes} [Wed Jun 24 14:30:18 2026] GET /resource_providers/a502396b-cb27-48fe-98b6-9ca6baa71a24/allocations => generated 440 bytes in 17 msecs (HTTP/1.1 200) 6 headers in 224 bytes (1 switches on core 0)
2026-06-24 14:30:18.227 7 INFO placement.requestlog [req-bdebbdaf-ef6c-4454-b169-5e6efeda721b req-dabc7a8a-fb78-4c37-b6b8-0c45cc4c9648 2d5551c709cc43dd99f3a55da4baebf5 2b177359031a4a82891e37ef807bb5c1 - - 2b468f75e7274e78b00fbddfc5e72964 2b468f75e7274e78b00fbddfc5e72964] 199.19.213.163 "GET /allocations/6c22a1f7-cdb2-40c6-aafb-3e1785e688f5" status: 200 len: 258 microversion: 1.28 [pid: 7|app: 0|req: 494/997] 199.19.213.163 () {34 vars in 863 bytes} [Wed Jun 24 14:30:18 2026] GET /allocations/6c22a1f7-cdb2-40c6-aafb-3e1785e688f5 => generated 258 bytes in 13 msecs (HTTP/1.1 200) 8 headers in 296 bytes (1 switches on core 0)
2026-06-24 14:30:18.257 8 INFO placement.requestlog [req-bdebbdaf-ef6c-4454-b169-5e6efeda721b req-1071fc24-f963-438b-814a-63a51996accd 2d5551c709cc43dd99f3a55da4baebf5 2b177359031a4a82891e37ef807bb5c1 - - 2b468f75e7274e78b00fbddfc5e72964 2b468f75e7274e78b00fbddfc5e72964] 199.19.213.163 "GET /allocations/2f28f8f1-a987-43a1-85bc-17a160a01173" status: 200 len: 258 microversion: 1.28 [pid: 8|app: 0|req: 504/998] 199.19.213.163 () {34 vars in 863 bytes} [Wed Jun 24 14:30:18 2026] GET /allocations/2f28f8f1-a987-43a1-85bc-17a160a01173 => generated 258 bytes in 24 msecs (HTTP/1.1 200) 8 headers in 296 bytes (1 switches on core 0)
2026-06-24 14:30:18.280 7 INFO placement.requestlog [req-bdebbdaf-ef6c-4454-b169-5e6efeda721b req-04a04d50-b49d-42ed-bac9-ae70a265fbf5 2d5551c709cc43dd99f3a55da4baebf5 2b177359031a4a82891e37ef807bb5c1 - - 2b468f75e7274e78b00fbddfc5e72964 2b468f75e7274e78b00fbddfc5e72964] 199.19.213.163 "GET /allocations/04db2e0e-7ba0-42f8-be5b-b8f57b6433e6" status: 200 len: 245 microversion: 1.28 [pid: 7|app: 0|req: 495/999] 199.19.213.163 () {34 vars in 863 bytes} [Wed Jun 24 14:30:18 2026] GET /allocations/04db2e0e-7ba0-42f8-be5b-b8f57b6433e6 => generated 245 bytes in 18 msecs (HTTP/1.1 200) 8 headers in 296 bytes (1 switches on core 0)
2026-06-24 14:30:18.299 8 INFO placement.requestlog [req-bdebbdaf-ef6c-4454-b169-5e6efeda721b req-30d29285-6d38-4732-a43a-d5bbacc741e1 2d5551c709cc43dd99f3a55da4baebf5 2b177359031a4a82891e37ef807bb5c1 - - 2b468f75e7274e78b00fbddfc5e72964 2b468f75e7274e78b00fbddfc5e72964] 199.19.213.163 "GET /allocations/0295bf45-9f87-48f9-8add-16ee47f91a64" status: 200 len: 258 microversion: 1.28 [pid: 8|app: 0|req: 505/1000] 199.19.213.163 () {34 vars in 863 bytes} [Wed Jun 24 14:30:18 2026] GET /allocations/0295bf45-9f87-48f9-8add-16ee47f91a64 => generated 258 bytes in 13 msecs (HTTP/1.1 200) 8 headers in 296 bytes (1 switches on core 0)
2026-06-24 14:30:19.348 7 INFO placement.requestlog [req-417378b3-7bd9-497a-bc62-b8c4d6e5423b req-104ac7c8-6e02-4725-a30a-6c2ce64a8970 2d5551c709cc43dd99f3a55da4baebf5 2b177359031a4a82891e37ef807bb5c1 - - 2b468f75e7274e78b00fbddfc5e72964 2b468f75e7274e78b00fbddfc5e72964] 199.19.213.163 "GET /resource_providers/a502396b-cb27-48fe-98b6-9ca6baa71a24/allocations" status: 200 len: 440 microversion: 1.0 [pid: 7|app: 0|req: 496/1001] 199.19.213.163 () {32 vars in 857 bytes} [Wed Jun 24 14:30:19 2026] GET /resource_providers/a502396b-cb27-48fe-98b6-9ca6baa71a24/allocations => generated 440 bytes in 20 msecs (HTTP/1.1 200) 6 headers in 224 bytes (1 switches on core 0)
2026-06-24 14:30:19.365 8 INFO placement.requestlog [req-417378b3-7bd9-497a-bc62-b8c4d6e5423b req-36611035-96ce-4830-a11c-29a8488a5b63 2d5551c709cc43dd99f3a55da4baebf5 2b177359031a4a82891e37ef807bb5c1 - - 2b468f75e7274e78b00fbddfc5e72964 2b468f75e7274e78b00fbddfc5e72964] 199.19.213.163 "GET /allocations/6c22a1f7-cdb2-40c6-aafb-3e1785e688f5" status: 200 len: 258 microversion: 1.28 [pid: 8|app: 0|req: 506/1002] 199.19.213.163 () {34 vars in 863 bytes} [Wed Jun 24 14:30:19 2026] GET /allocations/6c22a1f7-cdb2-40c6-aafb-3e1785e688f5 => generated 258 bytes in 12 msecs (HTTP/1.1 200) 8 headers in 296 bytes (1 switches on core 0)
2026-06-24 14:30:19.383 7 INFO placement.requestlog [req-417378b3-7bd9-497a-bc62-b8c4d6e5423b req-c6b8b10e-0460-45a1-abb3-6a051229ff27 2d5551c709cc43dd99f3a55da4baebf5 2b177359031a4a82891e37ef807bb5c1 - - 2b468f75e7274e78b00fbddfc5e72964 2b468f75e7274e78b00fbddfc5e72964] 199.19.213.163 "GET /allocations/2f28f8f1-a987-43a1-85bc-17a160a01173" status: 200 len: 258 microversion: 1.28 [pid: 7|app: 0|req: 497/1003] 199.19.213.163 () {34 vars in 863 bytes} [Wed Jun 24 14:30:19 2026] GET /allocations/2f28f8f1-a987-43a1-85bc-17a160a01173 => generated 258 bytes in 13 msecs (HTTP/1.1 200) 8 headers in 296 bytes (1 switches on core 0)
2026-06-24 14:30:19.408 8 INFO placement.requestlog [req-417378b3-7bd9-497a-bc62-b8c4d6e5423b req-689d8871-dde8-470c-9bde-d4419e3738a7 2d5551c709cc43dd99f3a55da4baebf5 2b177359031a4a82891e37ef807bb5c1 - - 2b468f75e7274e78b00fbddfc5e72964 2b468f75e7274e78b00fbddfc5e72964] 199.19.213.163 "GET /allocations/04db2e0e-7ba0-42f8-be5b-b8f57b6433e6" status: 200 len: 245 microversion: 1.28 [pid: 8|app: 0|req: 507/1004] 199.19.213.163 () {34 vars in 863 bytes} [Wed Jun 24 14:30:19 2026] GET /allocations/04db2e0e-7ba0-42f8-be5b-b8f57b6433e6 => generated 245 bytes in 16 msecs (HTTP/1.1 200) 8 headers in 296 bytes (1 switches on core 0)
2026-06-24 14:30:19.433 7 INFO placement.requestlog [req-417378b3-7bd9-497a-bc62-b8c4d6e5423b req-85e3d136-35dd-4dd1-9c65-e5c3f005968b 2d5551c709cc43dd99f3a55da4baebf5 2b177359031a4a82891e37ef807bb5c1 - - 2b468f75e7274e78b00fbddfc5e72964 2b468f75e7274e78b00fbddfc5e72964] 199.19.213.163 "GET /allocations/0295bf45-9f87-48f9-8add-16ee47f91a64" status: 200 len: 258 microversion: 1.28 [pid: 7|app: 0|req: 498/1005] 199.19.213.163 () {34 vars in 863 bytes} [Wed Jun 24 14:30:19 2026] GET /allocations/0295bf45-9f87-48f9-8add-16ee47f91a64 => generated 258 bytes in 16 msecs (HTTP/1.1 200) 8 headers in 296 bytes (1 switches on core 0)
2026-06-24 14:30:20.499 8 INFO placement.requestlog [req-417378b3-7bd9-497a-bc62-b8c4d6e5423b req-d9ffd39d-123d-41ea-8a08-05c22f605680 2d5551c709cc43dd99f3a55da4baebf5 2b177359031a4a82891e37ef807bb5c1 - - 2b468f75e7274e78b00fbddfc5e72964 2b468f75e7274e78b00fbddfc5e72964] 199.19.213.163 "DELETE /allocations/2f28f8f1-a987-43a1-85bc-17a160a01173" status: 204 len: 0 microversion: 1.0 [pid: 8|app: 0|req: 508/1006] 199.19.213.163 () {34 vars in 841 bytes} [Wed Jun 24 14:30:20 2026] DELETE /allocations/2f28f8f1-a987-43a1-85bc-17a160a01173 => generated 0 bytes in 36 msecs (HTTP/1.1 204) 5 headers in 198 bytes (1 switches on core 0)
2026-06-24 14:30:20.549 7 INFO placement.requestlog [None req-96de6f85-724d-43ac-aa2e-e806ae7070d1 - - - - - -] 10.0.0.173 "GET /" status: 200 len: 136 microversion: 1.0
2026-06-24 14:30:20.549 8 INFO placement.requestlog [None req-029bc60c-b674-416e-b3b0-0d464513fda7 - - - - - -] 10.0.0.173 "GET /" status: 200 len: 136 microversion: 1.0
2026-06-24 14:30:24.100 7 INFO placement.requestlog [None req-cef7eab4-28bb-4262-8def-f1405f97b52a de312cc42803479eb29b7ba29a001d57 2b177359031a4a82891e37ef807bb5c1 - - 2b468f75e7274e78b00fbddfc5e72964 2b468f75e7274e78b00fbddfc5e72964] 10.0.0.11 "GET /resource_providers/efa95586-89c7-4ac2-b65f-85ad9113785c/aggregates" status: 404 len: 235 microversion: 1.1
2026-06-24 14:30:24.100 8 INFO placement.requestlog [None req-a16373b3-e25d-425b-994d-7ec7e2aecde9 de312cc42803479eb29b7ba29a001d57 2b177359031a4a82891e37ef807bb5c1 - - 2b468f75e7274e78b00fbddfc5e72964 2b468f75e7274e78b00fbddfc5e72964] 10.0.0.11 "GET /resource_providers/efa95586-89c7-4ac2-b65f-85ad9113785c/aggregates" status: 404 len: 235 microversion: 1.1 [pid: 7|app: 0|req: 500/1009] 10.0.0.11 () {32 vars in 815 bytes} [Wed Jun 24 14:30:24 2026] GET /resource_providers/efa95586-89c7-4ac2-b65f-85ad9113785c/aggregates => generated 235 bytes in 18 msecs (HTTP/1.1 404) 5 headers in 202 bytes (1 switches on core 0) [pid: 8|app: 0|req: 510/1010] 10.0.0.11 () {32 vars in 815 bytes} [Wed Jun 24 14:30:24 2026] GET /resource_providers/efa95586-89c7-4ac2-b65f-85ad9113785c/aggregates => generated 235 bytes in 15 msecs (HTTP/1.1 404) 5 headers in 202 bytes (1 switches on core 0)
2026-06-24 14:30:24.133 8 INFO placement.requestlog [None req-6c20fb2f-aebf-4f30-8046-a3cac06416a7 de312cc42803479eb29b7ba29a001d57 2b177359031a4a82891e37ef807bb5c1 - - 2b468f75e7274e78b00fbddfc5e72964 2b468f75e7274e78b00fbddfc5e72964] 10.0.0.11 "DELETE /resource_providers/efa95586-89c7-4ac2-b65f-85ad9113785c" status: 404 len: 246 microversion: 1.1 [pid: 8|app: 0|req: 511/1011] 10.0.0.11 () {34 vars in 815 bytes} [Wed Jun 24 14:30:24 2026] DELETE /resource_providers/efa95586-89c7-4ac2-b65f-85ad9113785c => generated 246 bytes in 16 msecs (HTTP/1.1 404) 6 headers in 231 bytes (1 switches on core 0)
2026-06-24 14:30:24.140 7 INFO placement.requestlog [None req-f8971842-d4c7-4c78-b299-4edcf7f757e4 de312cc42803479eb29b7ba29a001d57 2b177359031a4a82891e37ef807bb5c1 - - 2b468f75e7274e78b00fbddfc5e72964 2b468f75e7274e78b00fbddfc5e72964] 10.0.0.11 "DELETE /resource_providers/efa95586-89c7-4ac2-b65f-85ad9113785c" status: 404 len: 246 microversion: 1.1 [pid: 7|app: 0|req: 501/1012] 10.0.0.11 () {34 vars in 815 bytes} [Wed Jun 24 14:30:24 2026] DELETE /resource_providers/efa95586-89c7-4ac2-b65f-85ad9113785c => generated 246 bytes in 22 msecs (HTTP/1.1 404) 6 headers in 231 bytes (1 switches on core 0)
2026-06-24 14:30:25.343 8 INFO placement.requestlog [None req-a57ab7d7-1e24-4a9e-9a94-b1adadf28de8 de312cc42803479eb29b7ba29a001d57 2b177359031a4a82891e37ef807bb5c1 - - 2b468f75e7274e78b00fbddfc5e72964 2b468f75e7274e78b00fbddfc5e72964] 10.0.0.11 "GET /resource_providers/34a9d24b-5785-44d5-854c-5c01b8a56f1c/aggregates" status: 404 len: 235 microversion: 1.1 [pid: 8|app: 0|req: 512/1013] 10.0.0.11 () {32 vars in 815 bytes} [Wed Jun 24 14:30:25 2026] GET /resource_providers/34a9d24b-5785-44d5-854c-5c01b8a56f1c/aggregates => generated 235 bytes in 8 msecs (HTTP/1.1 404) 5 headers in 202 bytes (1 switches on core 0)
2026-06-24 14:30:25.349 7 INFO placement.requestlog [None req-edca0d8f-f95f-4e35-b902-e150e1affb71 de312cc42803479eb29b7ba29a001d57 2b177359031a4a82891e37ef807bb5c1 - - 2b468f75e7274e78b00fbddfc5e72964 2b468f75e7274e78b00fbddfc5e72964] 10.0.0.11 "GET /resource_providers/34a9d24b-5785-44d5-854c-5c01b8a56f1c/aggregates" status: 404 len: 235 microversion: 1.1 [pid: 7|app: 0|req: 502/1014] 10.0.0.11 () {32 vars in 815 bytes} [Wed Jun 24 14:30:25 2026] GET /resource_providers/34a9d24b-5785-44d5-854c-5c01b8a56f1c/aggregates => generated 235 bytes in 10 msecs (HTTP/1.1 404) 5 headers in 202 bytes (1 switches on core 0)
2026-06-24 14:30:25.363 8 INFO placement.requestlog [None req-215167b2-2268-4603-8e46-e19df7a44305 de312cc42803479eb29b7ba29a001d57 2b177359031a4a82891e37ef807bb5c1 - - 2b468f75e7274e78b00fbddfc5e72964 2b468f75e7274e78b00fbddfc5e72964] 10.0.0.11 "DELETE /resource_providers/34a9d24b-5785-44d5-854c-5c01b8a56f1c" status: 404 len: 246 microversion: 1.1 [pid: 8|app: 0|req: 513/1015] 10.0.0.11 () {34 vars in 815 bytes} [Wed Jun 24 14:30:25 2026] DELETE /resource_providers/34a9d24b-5785-44d5-854c-5c01b8a56f1c => generated 246 bytes in 7 msecs (HTTP/1.1 404) 6 headers in 231 bytes (1 switches on core 0)
2026-06-24 14:30:25.373 7 INFO placement.requestlog [None req-686f4815-fefc-4cf0-a00a-03d12e0b5fc8 de312cc42803479eb29b7ba29a001d57 2b177359031a4a82891e37ef807bb5c1 - - 2b468f75e7274e78b00fbddfc5e72964 2b468f75e7274e78b00fbddfc5e72964] 10.0.0.11 "DELETE /resource_providers/34a9d24b-5785-44d5-854c-5c01b8a56f1c" status: 404 len: 246 microversion: 1.1 [pid: 7|app: 0|req: 503/1016] 10.0.0.11 () {34 vars in 815 bytes} [Wed Jun 24 14:30:25 2026] DELETE /resource_providers/34a9d24b-5785-44d5-854c-5c01b8a56f1c => generated 246 bytes in 8 msecs (HTTP/1.1 404) 6 headers in 231 bytes (1 switches on core 0)
2026-06-24 14:30:30.548 7 INFO placement.requestlog [None req-31f6fdd7-e40f-431b-9944-e1103851a4b1 - - - - - -] 10.0.0.173 "GET /" status: 200 len: 136 microversion: 1.0
2026-06-24 14:30:30.549 8 INFO placement.requestlog [None req-c0f602d2-ff92-496d-959d-454320633fe2 - - - - - -] 10.0.0.173 "GET /" status: 200 len: 136 microversion: 1.0
2026-06-24 14:30:40.548 8 INFO placement.requestlog [None req-af9d3291-cfe2-4e67-b726-e4c2c595a2fc - - - - - -] 10.0.0.173 "GET /" status: 200 len: 136 microversion: 1.0
2026-06-24 14:30:40.548 7 INFO placement.requestlog [None req-1a443254-d7fb-4973-84eb-3209081417e6 - - - - - -] 10.0.0.173 "GET /" status: 200 len: 136 microversion: 1.0
2026-06-24 14:30:44.437 8 INFO placement.requestlog [None req-4b77a901-4f23-4c71-b85d-82e119f16405 de312cc42803479eb29b7ba29a001d57 2b177359031a4a82891e37ef807bb5c1 - - 2b468f75e7274e78b00fbddfc5e72964 2b468f75e7274e78b00fbddfc5e72964] 10.0.0.11 "GET /resource_providers/8351fa6d-63bf-40d1-b4df-9107ab3d2f86/aggregates" status: 404 len: 235 microversion: 1.1 [pid: 8|app: 0|req: 516/1021] 10.0.0.11 () {32 vars in 815 bytes} [Wed Jun 24 14:30:44 2026] GET /resource_providers/8351fa6d-63bf-40d1-b4df-9107ab3d2f86/aggregates => generated 235 bytes in 11 msecs (HTTP/1.1 404) 5 headers in 202 bytes (1 switches on core 0)
2026-06-24 14:30:44.440 7 INFO placement.requestlog [None req-8fb5d130-21ad-4064-b4c5-154ccff197da de312cc42803479eb29b7ba29a001d57 2b177359031a4a82891e37ef807bb5c1 - - 2b468f75e7274e78b00fbddfc5e72964 2b468f75e7274e78b00fbddfc5e72964] 10.0.0.11 "GET /resource_providers/8351fa6d-63bf-40d1-b4df-9107ab3d2f86/aggregates" status: 404 len: 235 microversion: 1.1 [pid: 7|app: 0|req: 506/1022] 10.0.0.11 () {32 vars in 815 bytes} [Wed Jun 24 14:30:44 2026] GET /resource_providers/8351fa6d-63bf-40d1-b4df-9107ab3d2f86/aggregates => generated 235 bytes in 10 msecs (HTTP/1.1 404) 5 headers in 202 bytes (1 switches on core 0)
2026-06-24 14:30:44.458 8 INFO placement.requestlog [None req-e4236d71-7363-444f-a539-d57f848b0026 de312cc42803479eb29b7ba29a001d57 2b177359031a4a82891e37ef807bb5c1 - - 2b468f75e7274e78b00fbddfc5e72964 2b468f75e7274e78b00fbddfc5e72964] 10.0.0.11 "DELETE /resource_providers/8351fa6d-63bf-40d1-b4df-9107ab3d2f86" status: 404 len: 246 microversion: 1.1 [pid: 8|app: 0|req: 517/1023] 10.0.0.11 () {34 vars in 815 bytes} [Wed Jun 24 14:30:44 2026] DELETE /resource_providers/8351fa6d-63bf-40d1-b4df-9107ab3d2f86 => generated 246 bytes in 11 msecs (HTTP/1.1 404) 6 headers in 231 bytes (1 switches on core 0)
