Jul 08 21:15:36.523189 np0000184501 devstack@neutron-api.service[102106]: DEBUG ovsdbapp.backend.ovs_idl [None req-937cc4e9-31d0-4619-94dd-7b834e052d5f None None] Created schema index Gateway_Chassis.name {{(pid=102106) autocreate_indices /opt/stack/data/venv/lib/python3.12/site-packages/ovsdbapp/backend/ovs_idl/__init__.py:106}}
Jul 08 21:15:36.523308 np0000184501 devstack@neutron-api.service[102106]: DEBUG ovsdbapp.backend.ovs_idl [None req-937cc4e9-31d0-4619-94dd-7b834e052d5f None None] Created schema index Mirror.name {{(pid=102106) autocreate_indices /opt/stack/data/venv/lib/python3.12/site-packages/ovsdbapp/backend/ovs_idl/__init__.py:106}}
Jul 08 21:15:36.523428 np0000184501 devstack@neutron-api.service[102106]: DEBUG ovsdbapp.backend.ovs_idl [None req-937cc4e9-31d0-4619-94dd-7b834e052d5f None None] Created schema index Chassis_Template_Var.chassis {{(pid=102106) autocreate_indices /opt/stack/data/venv/lib/python3.12/site-packages/ovsdbapp/backend/ovs_idl/__init__.py:106}}
Jul 08 21:15:36.523648 np0000184501 devstack@neutron-api.service[102106]: DEBUG ovsdbapp.backend.ovs_idl [None req-937cc4e9-31d0-4619-94dd-7b834e052d5f None None] Created schema index Logical_Router_Port.name {{(pid=102106) autocreate_indices /opt/stack/data/venv/lib/python3.12/site-packages/ovsdbapp/backend/ovs_idl/__init__.py:106}}
Jul 08 21:15:36.523766 np0000184501 devstack@neutron-api.service[102106]: DEBUG ovsdbapp.backend.ovs_idl [None req-937cc4e9-31d0-4619-94dd-7b834e052d5f None None] Created schema index Port_Group.name {{(pid=102106) autocreate_indices /opt/stack/data/venv/lib/python3.12/site-packages/ovsdbapp/backend/ovs_idl/__init__.py:106}}
Jul 08 21:15:36.523882 np0000184501 devstack@neutron-api.service[102106]: DEBUG ovsdbapp.backend.ovs_idl [None req-937cc4e9-31d0-4619-94dd-7b834e052d5f None None] Created schema index Logical_Switch_Port.name {{(pid=102106) autocreate_indices /opt/stack/data/venv/lib/python3.12/site-packages/ovsdbapp/backend/ovs_idl/__init__.py:106}}
Jul 08 21:15:36.526753 np0000184501 devstack@neutron-api.service[102106]: INFO ovsdbapp.backend.ovs_idl.vlog [None req-937cc4e9-31d0-4619-94dd-7b834e052d5f None None] ssl:199.204.45.57:6641: connecting...
Jul 08 21:15:36.533758 np0000184501 devstack@neutron-api.service[102106]: INFO ovsdbapp.backend.ovs_idl.vlog [None req-937cc4e9-31d0-4619-94dd-7b834e052d5f None None] ssl:199.204.45.57:6641: connected
Jul 08 21:15:36.565451 np0000184501 devstack@neutron-api.service[102106]: DEBUG neutron.common.ovn.hash_ring_manager [None req-937cc4e9-31d0-4619-94dd-7b834e052d5f None None] Disallow caching, nodes 1<4 {{(pid=102106) _wait_startup_before_caching /opt/stack/neutron/neutron/common/ovn/hash_ring_manager.py:79}}
Jul 08 21:15:36.569693 np0000184501 devstack@neutron-api.service[102106]: DEBUG neutron.common.ovn.hash_ring_manager [None req-937cc4e9-31d0-4619-94dd-7b834e052d5f None None] Hash Ring loaded. 1 active nodes. 0 offline nodes {{(pid=102106) _load_hash_ring /opt/stack/neutron/neutron/common/ovn/hash_ring_manager.py:110}}
Jul 08 21:15:36.569863 np0000184501 devstack@neutron-api.service[102106]: DEBUG neutron.plugins.ml2.drivers.ovn.mech_driver.ovsdb.ovsdb_monitor [None req-937cc4e9-31d0-4619-94dd-7b834e052d5f None None] Hash Ring: Node a81b6eff40d259faa691e96773c860a9 (host: np0000184501) handling event "create" for row 3212d7d0-afcd-4bc6-a4cd-92b7890ba9e4 (table: ACL) {{(pid=102106) notify /opt/stack/neutron/neutron/plugins/ml2/drivers/ovn/mech_driver/ovsdb/ovsdb_monitor.py:1030}}
Jul 08 21:15:36.577943 np0000184501 devstack@neutron-api.service[102106]: DEBUG neutron.common.ovn.hash_ring_manager [None req-937cc4e9-31d0-4619-94dd-7b834e052d5f None None] Hash Ring loaded. 1 active nodes. 0 offline nodes {{(pid=102106) _load_hash_ring /opt/stack/neutron/neutron/common/ovn/hash_ring_manager.py:110}}
Jul 08 21:15:36.578344 np0000184501 devstack@neutron-api.service[102106]: DEBUG neutron.plugins.ml2.drivers.ovn.mech_driver.ovsdb.ovsdb_monitor [None req-937cc4e9-31d0-4619-94dd-7b834e052d5f None None] Hash Ring: Node a81b6eff40d259faa691e96773c860a9 (host: np0000184501) handling event "create" for row 6b87614b-cae2-44d5-b7e3-8a0cf0212a8b (table: ACL) {{(pid=102106) notify /opt/stack/neutron/neutron/plugins/ml2/drivers/ovn/mech_driver/ovsdb/ovsdb_monitor.py:1030}}
Jul 08 21:15:36.587088 np0000184501 devstack@neutron-api.service[102106]: DEBUG neutron.common.ovn.hash_ring_manager [None req-937cc4e9-31d0-4619-94dd-7b834e052d5f None None] Hash Ring loaded. 1 active nodes. 0 offline nodes {{(pid=102106) _load_hash_ring /opt/stack/neutron/neutron/common/ovn/hash_ring_manager.py:110}}
Jul 08 21:15:36.587215 np0000184501 devstack@neutron-api.service[102106]: DEBUG neutron.plugins.ml2.drivers.ovn.mech_driver.ovsdb.ovsdb_monitor [None req-937cc4e9-31d0-4619-94dd-7b834e052d5f None None] Hash Ring: Node a81b6eff40d259faa691e96773c860a9 (host: np0000184501) handling event "create" for row 2e158703-0a3e-4244-9c52-8304cea79376 (table: Connection) {{(pid=102106) notify /opt/stack/neutron/neutron/plugins/ml2/drivers/ovn/mech_driver/ovsdb/ovsdb_monitor.py:1030}}
Jul 08 21:15:36.591800 np0000184501 devstack@neutron-api.service[102106]: DEBUG neutron.common.ovn.hash_ring_manager [None req-937cc4e9-31d0-4619-94dd-7b834e052d5f None None] Hash Ring loaded. 1 active nodes. 0 offline nodes {{(pid=102106) _load_hash_ring /opt/stack/neutron/neutron/common/ovn/hash_ring_manager.py:110}}
Jul 08 21:15:36.591923 np0000184501 devstack@neutron-api.service[102106]: DEBUG neutron.plugins.ml2.drivers.ovn.mech_driver.ovsdb.ovsdb_monitor [None req-937cc4e9-31d0-4619-94dd-7b834e052d5f None None] Hash Ring: Node a81b6eff40d259faa691e96773c860a9 (host: np0000184501) handling event "create" for row 0c57028b-8c3a-43e8-ab55-ec4c0044ef3b (table: NB_Global) {{(pid=102106) notify /opt/stack/neutron/neutron/plugins/ml2/drivers/ovn/mech_driver/ovsdb/ovsdb_monitor.py:1030}}
Jul 08 21:15:36.596818 np0000184501 devstack@neutron-api.service[102106]: DEBUG neutron.common.ovn.hash_ring_manager [None req-937cc4e9-31d0-4619-94dd-7b834e052d5f None None] Hash Ring loaded. 1 active nodes. 0 offline nodes {{(pid=102106) _load_hash_ring /opt/stack/neutron/neutron/common/ovn/hash_ring_manager.py:110}}
Jul 08 21:15:36.596934 np0000184501 devstack@neutron-api.service[102106]: DEBUG neutron.plugins.ml2.drivers.ovn.mech_driver.ovsdb.ovsdb_monitor [None req-937cc4e9-31d0-4619-94dd-7b834e052d5f None None] Hash Ring: Node a81b6eff40d259faa691e96773c860a9 (host: np0000184501) handling event "create" for row ea3fa746-a8f1-46f1-8c5d-9e78e424760a (table: Port_Group) {{(pid=102106) notify /opt/stack/neutron/neutron/plugins/ml2/drivers/ovn/mech_driver/ovsdb/ovsdb_monitor.py:1030}}
Jul 08 21:15:36.603490 np0000184501 devstack@neutron-api.service[102106]: DEBUG neutron.common.ovn.hash_ring_manager [None req-937cc4e9-31d0-4619-94dd-7b834e052d5f None None] Hash Ring loaded. 1 active nodes. 0 offline nodes {{(pid=102106) _load_hash_ring /opt/stack/neutron/neutron/common/ovn/hash_ring_manager.py:110}}
Jul 08 21:15:36.603490 np0000184501 devstack@neutron-api.service[102106]: DEBUG neutron.plugins.ml2.drivers.ovn.mech_driver.ovsdb.ovsdb_monitor [None req-937cc4e9-31d0-4619-94dd-7b834e052d5f None None] Hash Ring: Node a81b6eff40d259faa691e96773c860a9 (host: np0000184501) handling event "create" for row 3971df89-4bb9-4dbf-bc1e-3873cfcb09b5 (table: SSL) {{(pid=102106) notify /opt/stack/neutron/neutron/plugins/ml2/drivers/ovn/mech_driver/ovsdb/ovsdb_monitor.py:1030}}
Jul 08 21:15:36.604337 np0000184501 devstack@neutron-api.service[102106]: INFO neutron.plugins.ml2.drivers.ovn.mech_driver.ovsdb.impl_idl_ovn [None req-937cc4e9-31d0-4619-94dd-7b834e052d5f None None] Getting OvsdbSbOvnIdl for WorkerService with retry
Jul 08 21:15:36.635545 np0000184501 devstack@neutron-api.service[102106]: DEBUG ovsdbapp.backend.ovs_idl [None req-937cc4e9-31d0-4619-94dd-7b834e052d5f None None] Created lookup_table index Chassis.name {{(pid=102106) autocreate_indices /opt/stack/data/venv/lib/python3.12/site-packages/ovsdbapp/backend/ovs_idl/__init__.py:87}}
Jul 08 21:15:36.635545 np0000184501 devstack@neutron-api.service[102106]: DEBUG ovsdbapp.backend.ovs_idl [None req-937cc4e9-31d0-4619-94dd-7b834e052d5f None None] Created lookup_table index Port_Binding.logical_port {{(pid=102106) autocreate_indices /opt/stack/data/venv/lib/python3.12/site-packages/ovsdbapp/backend/ovs_idl/__init__.py:87}}
Jul 08 21:15:36.635545 np0000184501 devstack@neutron-api.service[102106]: DEBUG ovsdbapp.backend.ovs_idl [None req-937cc4e9-31d0-4619-94dd-7b834e052d5f None None] Created schema index Chassis_Private.name {{(pid=102106) autocreate_indices /opt/stack/data/venv/lib/python3.12/site-packages/ovsdbapp/backend/ovs_idl/__init__.py:106}}
Jul 08 21:15:36.635545 np0000184501 devstack@neutron-api.service[102106]: DEBUG ovsdbapp.backend.ovs_idl [None req-937cc4e9-31d0-4619-94dd-7b834e052d5f None None] Created schema index Datapath_Binding.tunnel_key {{(pid=102106) autocreate_indices /opt/stack/data/venv/lib/python3.12/site-packages/ovsdbapp/backend/ovs_idl/__init__.py:106}}
Jul 08 21:15:36.637599 np0000184501 devstack@neutron-api.service[102106]: INFO ovsdbapp.backend.ovs_idl.vlog [None req-937cc4e9-31d0-4619-94dd-7b834e052d5f None None] ssl:199.204.45.57:6642: connecting...
Jul 08 21:15:36.642647 np0000184501 devstack@neutron-api.service[102106]: INFO ovsdbapp.backend.ovs_idl.vlog [None req-937cc4e9-31d0-4619-94dd-7b834e052d5f None None] ssl:199.204.45.57:6642: connected
Jul 08 21:15:36.668646 np0000184501 devstack@neutron-api.service[102106]: DEBUG neutron.common.ovn.hash_ring_manager [None req-937cc4e9-31d0-4619-94dd-7b834e052d5f None None] Disallow caching, nodes 1<4 {{(pid=102106) _wait_startup_before_caching /opt/stack/neutron/neutron/common/ovn/hash_ring_manager.py:79}}
Jul 08 21:15:36.672745 np0000184501 devstack@neutron-api.service[102106]: DEBUG neutron.common.ovn.hash_ring_manager [None req-937cc4e9-31d0-4619-94dd-7b834e052d5f None None] Hash Ring loaded. 1 active nodes. 0 offline nodes {{(pid=102106) _load_hash_ring /opt/stack/neutron/neutron/common/ovn/hash_ring_manager.py:110}}
Jul 08 21:15:36.672745 np0000184501 devstack@neutron-api.service[102106]: DEBUG neutron.plugins.ml2.drivers.ovn.mech_driver.ovsdb.ovsdb_monitor [None req-937cc4e9-31d0-4619-94dd-7b834e052d5f None None] Hash Ring: Node a81b6eff40d259faa691e96773c860a9 (host: np0000184501) handling event "create" for row 2f150abc-70d1-41c9-80d2-808577f88a74 (table: Chassis) {{(pid=102106) notify /opt/stack/neutron/neutron/plugins/ml2/drivers/ovn/mech_driver/ovsdb/ovsdb_monitor.py:1030}}
Jul 08 21:15:36.673687 np0000184501 devstack@neutron-api.service[102106]: DEBUG ovsdbapp.backend.ovs_idl.event [None req-937cc4e9-31d0-4619-94dd-7b834e052d5f None None] Matched CREATE: ChassisBandwidthConfigEvent(events=('create', 'update'), table='Chassis', conditions=None, old_conditions=None), priority=20 to row=Chassis(uuid=2f150abc-70d1-41c9-80d2-808577f88a74, encaps=[82e17cf4-b114-4d20-8fe7-ce76cda4ab0e], external_ids={}, hostname='np0000184501', name='ea529fed-f63b-46c0-a703-e01f3155ec9c', nb_cfg=0, other_config={'ct-commit-nat-v2': 'true', 'ct-commit-to-zone': 'true', 'ct-next-zone': 'true', 'ct-no-masked-label': 'true', 'ct-state-save': 'true', 'datapath-type': 'system', 'fdb-timestamp': 'true', 'iface-types': 'afxdp,afxdp-nonpmd,bareudp,erspan,geneve,gre,gtpu,internal,ip6erspan,ip6gre,lisp,patch,srv6,stt,system,tap,vxlan', 'is-interconn': 'false', 'ls-dpg-column': 'true', 'mac-binding-timestamp': 'true', 'ovn-bridge-mappings': 'public:br-ex', 'ovn-chassis-mac-mappings': '', 'ovn-cms-options': 'enable-chassis-as-gw', 'ovn-ct-lb-related': 'true', 'ovn-enable-lflow-cache': 'true', 'ovn-limit-lflow-cache': '', 'ovn-memlimit-lflow-cache-kb': '', 'ovn-monitor-all': 'false', 'ovn-trim-limit-lflow-cache': '', 'ovn-trim-timeout-ms': '', 'ovn-trim-wmark-perc-lflow-cache': '', 'port-up-notif': 'true'}, transport_zones=[], vtep_logical_switches=[]) old= {{(pid=102106) matches /opt/stack/data/venv/lib/python3.12/site-packages/ovsdbapp/backend/ovs_idl/event.py:55}}
Jul 08 21:15:36.674371 np0000184501 devstack@neutron-api.service[102106]: DEBUG neutron.plugins.ml2.drivers.ovn.mech_driver.ovsdb.ovsdb_monitor [None req-937cc4e9-31d0-4619-94dd-7b834e052d5f None None] ChassisOVNAgentWriteEvent : Matched Chassis_Private, create, None None {{(pid=102106) matches /opt/stack/neutron/neutron/plugins/ml2/drivers/ovn/mech_driver/ovsdb/ovsdb_monitor.py:65}}
Jul 08 21:15:36.674514 np0000184501 devstack@neutron-api.service[102106]: DEBUG neutron.plugins.ml2.drivers.ovn.mech_driver.ovsdb.ovsdb_monitor [None req-937cc4e9-31d0-4619-94dd-7b834e052d5f None None] ChassisAgentWriteEvent : Matched Chassis_Private, create, None None {{(pid=102106) matches /opt/stack/neutron/neutron/plugins/ml2/drivers/ovn/mech_driver/ovsdb/ovsdb_monitor.py:65}}
Jul 08 21:15:36.680838 np0000184501 devstack@neutron-api.service[102106]: DEBUG neutron.common.ovn.hash_ring_manager [None req-937cc4e9-31d0-4619-94dd-7b834e052d5f None None] Hash Ring loaded. 1 active nodes. 0 offline nodes {{(pid=102106) _load_hash_ring /opt/stack/neutron/neutron/common/ovn/hash_ring_manager.py:110}}
Jul 08 21:15:36.680945 np0000184501 devstack@neutron-api.service[102106]: DEBUG neutron.plugins.ml2.drivers.ovn.mech_driver.ovsdb.ovsdb_monitor [None req-937cc4e9-31d0-4619-94dd-7b834e052d5f None None] Hash Ring: Node a81b6eff40d259faa691e96773c860a9 (host: np0000184501) handling event "create" for row 778f1409-1987-4e14-b718-55c4a8ef8fdc (table: Chassis_Private) {{(pid=102106) notify /opt/stack/neutron/neutron/plugins/ml2/drivers/ovn/mech_driver/ovsdb/ovsdb_monitor.py:1030}}
Jul 08 21:15:36.686296 np0000184501 devstack@neutron-api.service[102106]: DEBUG neutron.common.ovn.hash_ring_manager [None req-937cc4e9-31d0-4619-94dd-7b834e052d5f None None] Hash Ring loaded. 1 active nodes. 0 offline nodes {{(pid=102106) _load_hash_ring /opt/stack/neutron/neutron/common/ovn/hash_ring_manager.py:110}}
Jul 08 21:15:36.686390 np0000184501 devstack@neutron-api.service[102106]: DEBUG neutron.plugins.ml2.drivers.ovn.mech_driver.ovsdb.ovsdb_monitor [None req-937cc4e9-31d0-4619-94dd-7b834e052d5f None None] Hash Ring: Node a81b6eff40d259faa691e96773c860a9 (host: np0000184501) handling event "create" for row 82e17cf4-b114-4d20-8fe7-ce76cda4ab0e (table: Encap) {{(pid=102106) notify /opt/stack/neutron/neutron/plugins/ml2/drivers/ovn/mech_driver/ovsdb/ovsdb_monitor.py:1030}}
Jul 08 21:15:36.687354 np0000184501 devstack@neutron-api.service[102106]: INFO neutron.plugins.ml2.drivers.ovn.mech_driver.mech_driver [None req-937cc4e9-31d0-4619-94dd-7b834e052d5f None None] WorkerService process has finished the post initialization
Jul 08 21:15:36.687639 np0000184501 devstack@neutron-api.service[102106]: DEBUG oslo_concurrency.processutils [None req-937cc4e9-31d0-4619-94dd-7b834e052d5f None None] Running cmd (subprocess): ovsdb-client transact ssl:199.204.45.57:6641 --timeout 180 -p /opt/stack/data/CA/int-ca/private/devstack-cert.key -c /opt/stack/data/CA/int-ca/devstack-cert.crt -C /opt/stack/data/CA/int-ca/ca-chain.pem ["OVN_Northbound", {"op": "wait", "timeout": 0, "table": "Port_Group", "where": [["name", "==", "pvlan_pg_drop"]], "until": "==", "rows": []}, {"op": "insert", "table": "ACL", "row": {"action": "drop", "direction": "to-lport", "match": "outport == @pvlan_pg_drop && ip", "priority": 1010}, "uuid-name": "pvlandroptoport"}, {"op": "insert", "table": "ACL", "row": {"action": "drop", "direction": "from-lport", "match": "inport == @pvlan_pg_drop && ip", "priority": 1010}, "uuid-name": "pvlandropfromport"}, {"op": "insert", "table": "Port_Group", "row": {"name": "pvlan_pg_drop", "acls": ["set", [["named-uuid", "pvlandroptoport"], ["named-uuid", "pvlandropfromport"]]]}}] {{(pid=102106) execute /opt/stack/data/venv/lib/python3.12/site-packages/oslo_concurrency/processutils.py:440}}
Jul 08 21:15:36.688321 np0000184501 devstack@neutron-api.service[102106]: INFO neutron.plugins.ml2.drivers.ovn.mech_driver.ovsdb.extensions.qos [-] Starting OVNClientQosExtension
Jul 08 21:15:36.688618 np0000184501 devstack@neutron-api.service[102106]: INFO neutron.plugins.ml2.drivers.ovn.mech_driver.ovsdb.extensions.placement [-] Starting OVNClientPlacementExtension
Jul 08 21:15:36.728914 np0000184501 devstack@neutron-api.service[102106]: DEBUG oslo_concurrency.processutils [None req-937cc4e9-31d0-4619-94dd-7b834e052d5f None None] CMD "ovsdb-client transact ssl:199.204.45.57:6641 --timeout 180 -p /opt/stack/data/CA/int-ca/private/devstack-cert.key -c /opt/stack/data/CA/int-ca/devstack-cert.crt -C /opt/stack/data/CA/int-ca/ca-chain.pem ["OVN_Northbound", {"op": "wait", "timeout": 0, "table": "Port_Group", "where": [["name", "==", "pvlan_pg_drop"]], "until": "==", "rows": []}, {"op": "insert", "table": "ACL", "row": {"action": "drop", "direction": "to-lport", "match": "outport == @pvlan_pg_drop && ip", "priority": 1010}, "uuid-name": "pvlandroptoport"}, {"op": "insert", "table": "ACL", "row": {"action": "drop", "direction": "from-lport", "match": "inport == @pvlan_pg_drop && ip", "priority": 1010}, "uuid-name": "pvlandropfromport"}, {"op": "insert", "table": "Port_Group", "row": {"name": "pvlan_pg_drop", "acls": ["set", [["named-uuid", "pvlandroptoport"], ["named-uuid", "pvlandropfromport"]]]}}]" returned: 0 in 0.041s {{(pid=102106) execute /opt/stack/data/venv/lib/python3.12/site-packages/oslo_concurrency/processutils.py:468}}
Jul 08 21:15:36.733193 np0000184501 devstack@neutron-api.service[102106]: WSGI app 0 (mountpoint='') ready in 6 seconds on interpreter 0x77d3bf6a4668 pid: 102106 (default app)
Jul 08 21:15:36.752503 np0000184501 devstack@neutron-api.service[102106]: DEBUG neutron.common.ovn.hash_ring_manager [-] Hash Ring loaded. 1 active nodes. 0 offline nodes {{(pid=102106) _load_hash_ring /opt/stack/neutron/neutron/common/ovn/hash_ring_manager.py:110}}
Jul 08 21:15:36.752666 np0000184501 devstack@neutron-api.service[102106]: DEBUG neutron.plugins.ml2.drivers.ovn.mech_driver.ovsdb.ovsdb_monitor [-] Hash Ring: Node a81b6eff40d259faa691e96773c860a9 (host: np0000184501) handling event "create" for row 84d116d0-be02-407c-a49c-cb6188a16b0c (table: ACL) {{(pid=102106) notify /opt/stack/neutron/neutron/plugins/ml2/drivers/ovn/mech_driver/ovsdb/ovsdb_monitor.py:1030}}
Jul 08 21:15:36.778064 np0000184501 devstack@neutron-api.service[102106]: DEBUG neutron.common.ovn.hash_ring_manager [-] Hash Ring loaded. 1 active nodes. 0 offline nodes {{(pid=102106) _load_hash_ring /opt/stack/neutron/neutron/common/ovn/hash_ring_manager.py:110}}
Jul 08 21:15:36.778064 np0000184501 devstack@neutron-api.service[102106]: DEBUG neutron.plugins.ml2.drivers.ovn.mech_driver.ovsdb.ovsdb_monitor [-] Hash Ring: Node a81b6eff40d259faa691e96773c860a9 (host: np0000184501) handling event "create" for row 8bab7a3a-e0ef-42c0-8315-d2e22598bcea (table: ACL) {{(pid=102106) notify /opt/stack/neutron/neutron/plugins/ml2/drivers/ovn/mech_driver/ovsdb/ovsdb_monitor.py:1030}}
Jul 08 21:15:36.784993 np0000184501 devstack@neutron-api.service[102106]: DEBUG neutron.common.ovn.hash_ring_manager [-] Hash Ring loaded. 1 active nodes. 0 offline nodes {{(pid=102106) _load_hash_ring /opt/stack/neutron/neutron/common/ovn/hash_ring_manager.py:110}}
Jul 08 21:15:36.784993 np0000184501 devstack@neutron-api.service[102106]: DEBUG neutron.plugins.ml2.drivers.ovn.mech_driver.ovsdb.ovsdb_monitor [-] Hash Ring: Node a81b6eff40d259faa691e96773c860a9 (host: np0000184501) handling event "create" for row 51ff19ac-67fc-48fd-bbdc-f53812e9fa8f (table: Port_Group) {{(pid=102106) notify /opt/stack/neutron/neutron/plugins/ml2/drivers/ovn/mech_driver/ovsdb/ovsdb_monitor.py:1030}}
Jul 08 21:15:36.860875 np0000184501 devstack@neutron-api.service[102109]: INFO neutron.plugins.ml2.managers [None req-dfac1b9a-8eca-4246-ab10-7f641d90d92a None None] Initializing driver for type 'local'
Jul 08 21:15:36.861322 np0000184501 devstack@neutron-api.service[102109]: INFO neutron.plugins.ml2.managers [None req-dfac1b9a-8eca-4246-ab10-7f641d90d92a None None] Initializing driver for type 'vlan'
Jul 08 21:15:36.863639 np0000184501 devstack@neutron-api.service[102108]: INFO neutron.plugins.ml2.managers [None req-293bcc8c-4686-4bc5-a56f-ccdf1928533f None None] Initializing driver for type 'local'
Jul 08 21:15:36.863791 np0000184501 devstack@neutron-api.service[102108]: INFO neutron.plugins.ml2.managers [None req-293bcc8c-4686-4bc5-a56f-ccdf1928533f None None] Initializing driver for type 'vlan'
Jul 08 21:15:36.877518 np0000184501 devstack@neutron-api.service[102107]: INFO neutron.plugins.ml2.managers [None req-06cad696-bd01-4dc1-9c9b-5d30bbe31858 None None] Initializing driver for type 'local'
Jul 08 21:15:36.877757 np0000184501 devstack@neutron-api.service[102107]: INFO neutron.plugins.ml2.managers [None req-06cad696-bd01-4dc1-9c9b-5d30bbe31858 None None] Initializing driver for type 'vlan'
Jul 08 21:15:37.030261 np0000184501 devstack@neutron-api.service[102109]: INFO neutron.plugins.ml2.drivers.type_vlan [None req-dfac1b9a-8eca-4246-ab10-7f641d90d92a None None] VlanTypeDriver initialization complete
Jul 08 21:15:37.030656 np0000184501 devstack@neutron-api.service[102109]: INFO neutron.plugins.ml2.managers [None req-dfac1b9a-8eca-4246-ab10-7f641d90d92a None None] Initializing extension driver 'port_security'
Jul 08 21:15:37.030656 np0000184501 devstack@neutron-api.service[102109]: INFO neutron.plugins.ml2.extensions.port_security [None req-dfac1b9a-8eca-4246-ab10-7f641d90d92a None None] PortSecurityExtensionDriver initialization complete
Jul 08 21:15:37.030656 np0000184501 devstack@neutron-api.service[102109]: INFO neutron.plugins.ml2.managers [None req-dfac1b9a-8eca-4246-ab10-7f641d90d92a None None] Initializing extension driver 'qos'
Jul 08 21:15:37.030656 np0000184501 devstack@neutron-api.service[102109]: DEBUG neutron.plugins.ml2.extensions.qos [None req-dfac1b9a-8eca-4246-ab10-7f641d90d92a None None] QosExtensionDriver initialization complete {{(pid=102109) initialize /opt/stack/neutron/neutron/plugins/ml2/extensions/qos.py:31}}
Jul 08 21:15:37.030656 np0000184501 devstack@neutron-api.service[102109]: INFO neutron.plugins.ml2.managers [None req-dfac1b9a-8eca-4246-ab10-7f641d90d92a None None] Initializing mechanism driver 'ovn'
Jul 08 21:15:37.030845 np0000184501 devstack@neutron-api.service[102109]: INFO neutron.plugins.ml2.drivers.ovn.mech_driver.mech_driver [None req-dfac1b9a-8eca-4246-ab10-7f641d90d92a None None] Starting OVNMechanismDriver
Jul 08 21:15:37.032427 np0000184501 devstack@neutron-api.service[102109]: DEBUG neutron_lib.callbacks.manager [None req-dfac1b9a-8eca-4246-ab10-7f641d90d92a None None] Subscribe: > process before_spawn 55550000, False {{(pid=102109) subscribe /opt/stack/data/venv/lib/python3.12/site-packages/neutron_lib/callbacks/manager.py:52}}
Jul 08 21:15:37.032554 np0000184501 devstack@neutron-api.service[102109]: DEBUG neutron_lib.callbacks.manager [None req-dfac1b9a-8eca-4246-ab10-7f641d90d92a None None] Subscribe: > process after_init 55550000, True {{(pid=102109) subscribe /opt/stack/data/venv/lib/python3.12/site-packages/neutron_lib/callbacks/manager.py:52}}
Jul 08 21:15:37.032665 np0000184501 devstack@neutron-api.service[102109]: DEBUG neutron_lib.callbacks.manager [None req-dfac1b9a-8eca-4246-ab10-7f641d90d92a None None] Subscribe: > segment after_create 55550000, False {{(pid=102109) subscribe /opt/stack/data/venv/lib/python3.12/site-packages/neutron_lib/callbacks/manager.py:52}}
Jul 08 21:15:37.032787 np0000184501 devstack@neutron-api.service[102109]: DEBUG neutron_lib.callbacks.manager [None req-dfac1b9a-8eca-4246-ab10-7f641d90d92a None None] Subscribe: > segment after_create 55550000, False {{(pid=102109) subscribe /opt/stack/data/venv/lib/python3.12/site-packages/neutron_lib/callbacks/manager.py:52}}
Jul 08 21:15:37.032918 np0000184501 devstack@neutron-api.service[102109]: DEBUG neutron_lib.callbacks.manager [None req-dfac1b9a-8eca-4246-ab10-7f641d90d92a None None] Subscribe: > segment after_delete 55550000, False {{(pid=102109) subscribe /opt/stack/data/venv/lib/python3.12/site-packages/neutron_lib/callbacks/manager.py:52}}
Jul 08 21:15:37.033075 np0000184501 devstack@neutron-api.service[102109]: DEBUG neutron_lib.callbacks.manager [None req-dfac1b9a-8eca-4246-ab10-7f641d90d92a None None] Subscribe: > allowed_address_pair before_create 55550000, False {{(pid=102109) subscribe /opt/stack/data/venv/lib/python3.12/site-packages/neutron_lib/callbacks/manager.py:52}}
Jul 08 21:15:37.033182 np0000184501 devstack@neutron-api.service[102109]: DEBUG neutron_lib.callbacks.manager [None req-dfac1b9a-8eca-4246-ab10-7f641d90d92a None None] Subscribe: > security_group precommit_create 55550000, False {{(pid=102109) subscribe /opt/stack/data/venv/lib/python3.12/site-packages/neutron_lib/callbacks/manager.py:52}}
Jul 08 21:15:37.033288 np0000184501 devstack@neutron-api.service[102109]: DEBUG neutron_lib.callbacks.manager [None req-dfac1b9a-8eca-4246-ab10-7f641d90d92a None None] Subscribe: > security_group after_update 55550000, False {{(pid=102109) subscribe /opt/stack/data/venv/lib/python3.12/site-packages/neutron_lib/callbacks/manager.py:52}}
Jul 08 21:15:37.033393 np0000184501 devstack@neutron-api.service[102109]: DEBUG neutron_lib.callbacks.manager [None req-dfac1b9a-8eca-4246-ab10-7f641d90d92a None None] Subscribe: > security_group after_create 55550000, False {{(pid=102109) subscribe /opt/stack/data/venv/lib/python3.12/site-packages/neutron_lib/callbacks/manager.py:52}}
Jul 08 21:15:37.033541 np0000184501 devstack@neutron-api.service[102109]: DEBUG neutron_lib.callbacks.manager [None req-dfac1b9a-8eca-4246-ab10-7f641d90d92a None None] Subscribe: > security_group precommit_delete 55550000, False {{(pid=102109) subscribe /opt/stack/data/venv/lib/python3.12/site-packages/neutron_lib/callbacks/manager.py:52}}
Jul 08 21:15:37.033654 np0000184501 devstack@neutron-api.service[102109]: DEBUG neutron_lib.callbacks.manager [None req-dfac1b9a-8eca-4246-ab10-7f641d90d92a None None] Subscribe: > security_group after_delete 55550000, False {{(pid=102109) subscribe /opt/stack/data/venv/lib/python3.12/site-packages/neutron_lib/callbacks/manager.py:52}}
Jul 08 21:15:37.033749 np0000184501 devstack@neutron-api.service[102109]: DEBUG neutron_lib.callbacks.manager [None req-dfac1b9a-8eca-4246-ab10-7f641d90d92a None None] Subscribe: > security_group_rule precommit_create 55550000, False {{(pid=102109) subscribe /opt/stack/data/venv/lib/python3.12/site-packages/neutron_lib/callbacks/manager.py:52}}
Jul 08 21:15:37.033853 np0000184501 devstack@neutron-api.service[102109]: DEBUG neutron_lib.callbacks.manager [None req-dfac1b9a-8eca-4246-ab10-7f641d90d92a None None] Subscribe: > security_group_rule after_create 55550000, False {{(pid=102109) subscribe /opt/stack/data/venv/lib/python3.12/site-packages/neutron_lib/callbacks/manager.py:52}}
Jul 08 21:15:37.033984 np0000184501 devstack@neutron-api.service[102109]: DEBUG neutron_lib.callbacks.manager [None req-dfac1b9a-8eca-4246-ab10-7f641d90d92a None None] Subscribe: > security_group_rule before_delete 55550000, False {{(pid=102109) subscribe /opt/stack/data/venv/lib/python3.12/site-packages/neutron_lib/callbacks/manager.py:52}}
Jul 08 21:15:37.034082 np0000184501 devstack@neutron-api.service[102109]: DEBUG neutron_lib.callbacks.manager [None req-dfac1b9a-8eca-4246-ab10-7f641d90d92a None None] Subscribe: > address_group after_create 55550000, False {{(pid=102109) subscribe /opt/stack/data/venv/lib/python3.12/site-packages/neutron_lib/callbacks/manager.py:52}}
Jul 08 21:15:37.034183 np0000184501 devstack@neutron-api.service[102109]: DEBUG neutron_lib.callbacks.manager [None req-dfac1b9a-8eca-4246-ab10-7f641d90d92a None None] Subscribe: > address_group after_update 55550000, False {{(pid=102109) subscribe /opt/stack/data/venv/lib/python3.12/site-packages/neutron_lib/callbacks/manager.py:52}}
Jul 08 21:15:37.034282 np0000184501 devstack@neutron-api.service[102109]: DEBUG neutron_lib.callbacks.manager [None req-dfac1b9a-8eca-4246-ab10-7f641d90d92a None None] Subscribe: > address_group after_delete 55550000, False {{(pid=102109) subscribe /opt/stack/data/venv/lib/python3.12/site-packages/neutron_lib/callbacks/manager.py:52}}
Jul 08 21:15:37.034474 np0000184501 devstack@neutron-api.service[102109]: DEBUG neutron_lib.callbacks.manager [None req-dfac1b9a-8eca-4246-ab10-7f641d90d92a None None] Subscribe: > qos_plugin after_init 55550000, False {{(pid=102109) subscribe /opt/stack/data/venv/lib/python3.12/site-packages/neutron_lib/callbacks/manager.py:52}}
Jul 08 21:15:37.034765 np0000184501 devstack@neutron-api.service[102109]: DEBUG neutron_lib.callbacks.manager [None req-dfac1b9a-8eca-4246-ab10-7f641d90d92a None None] Subscribe: > trunk_plugin after_init 55550000, False {{(pid=102109) subscribe /opt/stack/data/venv/lib/python3.12/site-packages/neutron_lib/callbacks/manager.py:52}}
Jul 08 21:15:37.035041 np0000184501 devstack@neutron-api.service[102109]: DEBUG neutron_lib.callbacks.manager [None req-dfac1b9a-8eca-4246-ab10-7f641d90d92a None None] Subscribe: > logging-plugin after_init 55550000, False {{(pid=102109) subscribe /opt/stack/data/venv/lib/python3.12/site-packages/neutron_lib/callbacks/manager.py:52}}
Jul 08 21:15:37.035507 np0000184501 devstack@neutron-api.service[102109]: INFO neutron.services.logapi.drivers.ovn.driver [None req-dfac1b9a-8eca-4246-ab10-7f641d90d92a None None] OVN logging driver registered
Jul 08 21:15:37.035585 np0000184501 devstack@neutron-api.service[102109]: DEBUG neutron_lib.callbacks.manager [None req-dfac1b9a-8eca-4246-ab10-7f641d90d92a None None] Subscribe: ._register_pvlan_driver at 0x77d3b6e10c20> pvlan_plugin before_spawn 55550000, False {{(pid=102109) subscribe /opt/stack/data/venv/lib/python3.12/site-packages/neutron_lib/callbacks/manager.py:52}}
Jul 08 21:15:37.035711 np0000184501 devstack@neutron-api.service[102109]: DEBUG neutron_lib.callbacks.manager [None req-dfac1b9a-8eca-4246-ab10-7f641d90d92a None None] Subscribe: process after_init 55550000, False {{(pid=102109) subscribe /opt/stack/data/venv/lib/python3.12/site-packages/neutron_lib/callbacks/manager.py:52}}
Jul 08 21:15:37.037003 np0000184501 devstack@neutron-api.service[102107]: INFO neutron.plugins.ml2.drivers.type_vlan [None req-06cad696-bd01-4dc1-9c9b-5d30bbe31858 None None] VlanTypeDriver initialization complete
Jul 08 21:15:37.037307 np0000184501 devstack@neutron-api.service[102107]: INFO neutron.plugins.ml2.managers [None req-06cad696-bd01-4dc1-9c9b-5d30bbe31858 None None] Initializing extension driver 'port_security'
Jul 08 21:15:37.037347 np0000184501 devstack@neutron-api.service[102109]: DEBUG neutron.plugins.ml2.plugin [None req-dfac1b9a-8eca-4246-ab10-7f641d90d92a None None] neutron.plugins.ml2.plugin.Ml2Plugin method _start_rpc_notifiers called with arguments () {} {{(pid=102109) wrapper /opt/stack/data/venv/lib/python3.12/site-packages/oslo_log/helpers.py:77}}
Jul 08 21:15:37.037400 np0000184501 devstack@neutron-api.service[102107]: INFO neutron.plugins.ml2.extensions.port_security [None req-06cad696-bd01-4dc1-9c9b-5d30bbe31858 None None] PortSecurityExtensionDriver initialization complete
Jul 08 21:15:37.037400 np0000184501 devstack@neutron-api.service[102107]: INFO neutron.plugins.ml2.managers [None req-06cad696-bd01-4dc1-9c9b-5d30bbe31858 None None] Initializing extension driver 'qos'
Jul 08 21:15:37.037400 np0000184501 devstack@neutron-api.service[102107]: DEBUG neutron.plugins.ml2.extensions.qos [None req-06cad696-bd01-4dc1-9c9b-5d30bbe31858 None None] QosExtensionDriver initialization complete {{(pid=102107) initialize /opt/stack/neutron/neutron/plugins/ml2/extensions/qos.py:31}}
Jul 08 21:15:37.037522 np0000184501 devstack@neutron-api.service[102109]: DEBUG neutron_lib.callbacks.manager [None req-dfac1b9a-8eca-4246-ab10-7f641d90d92a None None] Subscribe: > port after_create 55550000, False {{(pid=102109) subscribe /opt/stack/data/venv/lib/python3.12/site-packages/neutron_lib/callbacks/manager.py:52}}
Jul 08 21:15:37.037574 np0000184501 devstack@neutron-api.service[102107]: INFO neutron.plugins.ml2.managers [None req-06cad696-bd01-4dc1-9c9b-5d30bbe31858 None None] Initializing mechanism driver 'ovn'
Jul 08 21:15:37.037631 np0000184501 devstack@neutron-api.service[102109]: DEBUG neutron_lib.callbacks.manager [None req-dfac1b9a-8eca-4246-ab10-7f641d90d92a None None] Subscribe: > port after_update 55550000, False {{(pid=102109) subscribe /opt/stack/data/venv/lib/python3.12/site-packages/neutron_lib/callbacks/manager.py:52}}
Jul 08 21:15:37.037679 np0000184501 devstack@neutron-api.service[102107]: INFO neutron.plugins.ml2.drivers.ovn.mech_driver.mech_driver [None req-06cad696-bd01-4dc1-9c9b-5d30bbe31858 None None] Starting OVNMechanismDriver
Jul 08 21:15:37.037719 np0000184501 devstack@neutron-api.service[102109]: DEBUG neutron_lib.callbacks.manager [None req-dfac1b9a-8eca-4246-ab10-7f641d90d92a None None] Subscribe: > port after_delete 55550000, False {{(pid=102109) subscribe /opt/stack/data/venv/lib/python3.12/site-packages/neutron_lib/callbacks/manager.py:52}}
Jul 08 21:15:37.037763 np0000184501 devstack@neutron-api.service[102109]: DEBUG neutron_lib.callbacks.manager [None req-dfac1b9a-8eca-4246-ab10-7f641d90d92a None None] Subscribe: > subnet after_create 55550000, False {{(pid=102109) subscribe /opt/stack/data/venv/lib/python3.12/site-packages/neutron_lib/callbacks/manager.py:52}}
Jul 08 21:15:37.037874 np0000184501 devstack@neutron-api.service[102109]: DEBUG neutron_lib.callbacks.manager [None req-dfac1b9a-8eca-4246-ab10-7f641d90d92a None None] Subscribe: > subnet after_update 55550000, False {{(pid=102109) subscribe /opt/stack/data/venv/lib/python3.12/site-packages/neutron_lib/callbacks/manager.py:52}}
Jul 08 21:15:37.037982 np0000184501 devstack@neutron-api.service[102109]: DEBUG neutron_lib.callbacks.manager [None req-dfac1b9a-8eca-4246-ab10-7f641d90d92a None None] Subscribe: > subnet after_delete 55550000, False {{(pid=102109) subscribe /opt/stack/data/venv/lib/python3.12/site-packages/neutron_lib/callbacks/manager.py:52}}
Jul 08 21:15:37.038090 np0000184501 devstack@neutron-api.service[102109]: DEBUG neutron_lib.callbacks.manager [None req-dfac1b9a-8eca-4246-ab10-7f641d90d92a None None] Subscribe: > network after_create 55550000, False {{(pid=102109) subscribe /opt/stack/data/venv/lib/python3.12/site-packages/neutron_lib/callbacks/manager.py:52}}
Jul 08 21:15:37.038183 np0000184501 devstack@neutron-api.service[102109]: DEBUG neutron_lib.callbacks.manager [None req-dfac1b9a-8eca-4246-ab10-7f641d90d92a None None] Subscribe: > network after_update 55550000, False {{(pid=102109) subscribe /opt/stack/data/venv/lib/python3.12/site-packages/neutron_lib/callbacks/manager.py:52}}
Jul 08 21:15:37.038280 np0000184501 devstack@neutron-api.service[102109]: DEBUG neutron_lib.callbacks.manager [None req-dfac1b9a-8eca-4246-ab10-7f641d90d92a None None] Subscribe: > network after_delete 55550000, False {{(pid=102109) subscribe /opt/stack/data/venv/lib/python3.12/site-packages/neutron_lib/callbacks/manager.py:52}}
Jul 08 21:15:37.038379 np0000184501 devstack@neutron-api.service[102109]: DEBUG neutron_lib.callbacks.manager [None req-dfac1b9a-8eca-4246-ab10-7f641d90d92a None None] Subscribe: > security_group after_create 55550000, False {{(pid=102109) subscribe /opt/stack/data/venv/lib/python3.12/site-packages/neutron_lib/callbacks/manager.py:52}}
Jul 08 21:15:37.038476 np0000184501 devstack@neutron-api.service[102109]: DEBUG neutron_lib.callbacks.manager [None req-dfac1b9a-8eca-4246-ab10-7f641d90d92a None None] Subscribe: > security_group after_update 55550000, False {{(pid=102109) subscribe /opt/stack/data/venv/lib/python3.12/site-packages/neutron_lib/callbacks/manager.py:52}}
Jul 08 21:15:37.038572 np0000184501 devstack@neutron-api.service[102109]: DEBUG neutron_lib.callbacks.manager [None req-dfac1b9a-8eca-4246-ab10-7f641d90d92a None None] Subscribe: > security_group after_delete 55550000, False {{(pid=102109) subscribe /opt/stack/data/venv/lib/python3.12/site-packages/neutron_lib/callbacks/manager.py:52}}
Jul 08 21:15:37.038672 np0000184501 devstack@neutron-api.service[102109]: DEBUG neutron_lib.callbacks.manager [None req-dfac1b9a-8eca-4246-ab10-7f641d90d92a None None] Subscribe: > security_group_rule after_create 55550000, False {{(pid=102109) subscribe /opt/stack/data/venv/lib/python3.12/site-packages/neutron_lib/callbacks/manager.py:52}}
Jul 08 21:15:37.038767 np0000184501 devstack@neutron-api.service[102109]: DEBUG neutron_lib.callbacks.manager [None req-dfac1b9a-8eca-4246-ab10-7f641d90d92a None None] Subscribe: > security_group_rule after_update 55550000, False {{(pid=102109) subscribe /opt/stack/data/venv/lib/python3.12/site-packages/neutron_lib/callbacks/manager.py:52}}
Jul 08 21:15:37.038867 np0000184501 devstack@neutron-api.service[102109]: DEBUG neutron_lib.callbacks.manager [None req-dfac1b9a-8eca-4246-ab10-7f641d90d92a None None] Subscribe: > security_group_rule after_delete 55550000, False {{(pid=102109) subscribe /opt/stack/data/venv/lib/python3.12/site-packages/neutron_lib/callbacks/manager.py:52}}
Jul 08 21:15:37.038982 np0000184501 devstack@neutron-api.service[102109]: DEBUG neutron_lib.callbacks.manager [None req-dfac1b9a-8eca-4246-ab10-7f641d90d92a None None] Subscribe: > address_group after_create 55550000, False {{(pid=102109) subscribe /opt/stack/data/venv/lib/python3.12/site-packages/neutron_lib/callbacks/manager.py:52}}
Jul 08 21:15:37.039081 np0000184501 devstack@neutron-api.service[102109]: DEBUG neutron_lib.callbacks.manager [None req-dfac1b9a-8eca-4246-ab10-7f641d90d92a None None] Subscribe: > address_group after_update 55550000, False {{(pid=102109) subscribe /opt/stack/data/venv/lib/python3.12/site-packages/neutron_lib/callbacks/manager.py:52}}
Jul 08 21:15:37.039177 np0000184501 devstack@neutron-api.service[102109]: DEBUG neutron_lib.callbacks.manager [None req-dfac1b9a-8eca-4246-ab10-7f641d90d92a None None] Subscribe: > address_group after_delete 55550000, False {{(pid=102109) subscribe /opt/stack/data/venv/lib/python3.12/site-packages/neutron_lib/callbacks/manager.py:52}}
Jul 08 21:15:37.039222 np0000184501 devstack@neutron-api.service[102107]: DEBUG neutron_lib.callbacks.manager [None req-06cad696-bd01-4dc1-9c9b-5d30bbe31858 None None] Subscribe: > process before_spawn 55550000, False {{(pid=102107) subscribe /opt/stack/data/venv/lib/python3.12/site-packages/neutron_lib/callbacks/manager.py:52}}
Jul 08 21:15:37.039283 np0000184501 devstack@neutron-api.service[102109]: DEBUG neutron.plugins.ml2.ovo_rpc [None req-dfac1b9a-8eca-4246-ab10-7f641d90d92a None None] ML2 OVO RPC backend initialized. {{(pid=102109) __init__ /opt/stack/neutron/neutron/plugins/ml2/ovo_rpc.py:117}}
Jul 08 21:15:37.039321 np0000184501 devstack@neutron-api.service[102107]: DEBUG neutron_lib.callbacks.manager [None req-06cad696-bd01-4dc1-9c9b-5d30bbe31858 None None] Subscribe: > process after_init 55550000, True {{(pid=102107) subscribe /opt/stack/data/venv/lib/python3.12/site-packages/neutron_lib/callbacks/manager.py:52}}
Jul 08 21:15:37.039438 np0000184501 devstack@neutron-api.service[102107]: DEBUG neutron_lib.callbacks.manager [None req-06cad696-bd01-4dc1-9c9b-5d30bbe31858 None None] Subscribe: > segment after_create 55550000, False {{(pid=102107) subscribe /opt/stack/data/venv/lib/python3.12/site-packages/neutron_lib/callbacks/manager.py:52}}
Jul 08 21:15:37.039536 np0000184501 devstack@neutron-api.service[102107]: DEBUG neutron_lib.callbacks.manager [None req-06cad696-bd01-4dc1-9c9b-5d30bbe31858 None None] Subscribe: > segment after_create 55550000, False {{(pid=102107) subscribe /opt/stack/data/venv/lib/python3.12/site-packages/neutron_lib/callbacks/manager.py:52}}
Jul 08 21:15:37.039635 np0000184501 devstack@neutron-api.service[102107]: DEBUG neutron_lib.callbacks.manager [None req-06cad696-bd01-4dc1-9c9b-5d30bbe31858 None None] Subscribe: > segment after_delete 55550000, False {{(pid=102107) subscribe /opt/stack/data/venv/lib/python3.12/site-packages/neutron_lib/callbacks/manager.py:52}}
Jul 08 21:15:37.039738 np0000184501 devstack@neutron-api.service[102107]: DEBUG neutron_lib.callbacks.manager [None req-06cad696-bd01-4dc1-9c9b-5d30bbe31858 None None] Subscribe: > allowed_address_pair before_create 55550000, False {{(pid=102107) subscribe /opt/stack/data/venv/lib/python3.12/site-packages/neutron_lib/callbacks/manager.py:52}}
Jul 08 21:15:37.039843 np0000184501 devstack@neutron-api.service[102107]: DEBUG neutron_lib.callbacks.manager [None req-06cad696-bd01-4dc1-9c9b-5d30bbe31858 None None] Subscribe: > security_group precommit_create 55550000, False {{(pid=102107) subscribe /opt/stack/data/venv/lib/python3.12/site-packages/neutron_lib/callbacks/manager.py:52}}
Jul 08 21:15:37.039947 np0000184501 devstack@neutron-api.service[102107]: DEBUG neutron_lib.callbacks.manager [None req-06cad696-bd01-4dc1-9c9b-5d30bbe31858 None None] Subscribe: > security_group after_update 55550000, False {{(pid=102107) subscribe /opt/stack/data/venv/lib/python3.12/site-packages/neutron_lib/callbacks/manager.py:52}}
Jul 08 21:15:37.040058 np0000184501 devstack@neutron-api.service[102109]: INFO neutron.quota [None req-dfac1b9a-8eca-4246-ab10-7f641d90d92a None None] Loaded quota_driver: .
Jul 08 21:15:37.040165 np0000184501 devstack@neutron-api.service[102107]: DEBUG neutron_lib.callbacks.manager [None req-06cad696-bd01-4dc1-9c9b-5d30bbe31858 None None] Subscribe: > security_group after_create 55550000, False {{(pid=102107) subscribe /opt/stack/data/venv/lib/python3.12/site-packages/neutron_lib/callbacks/manager.py:52}}
Jul 08 21:15:37.040208 np0000184501 devstack@neutron-api.service[102109]: INFO neutron.plugins.ml2.plugin [None req-dfac1b9a-8eca-4246-ab10-7f641d90d92a None None] Modular L2 Plugin initialization complete
Jul 08 21:15:37.040246 np0000184501 devstack@neutron-api.service[102107]: DEBUG neutron_lib.callbacks.manager [None req-06cad696-bd01-4dc1-9c9b-5d30bbe31858 None None] Subscribe: > security_group precommit_delete 55550000, False {{(pid=102107) subscribe /opt/stack/data/venv/lib/python3.12/site-packages/neutron_lib/callbacks/manager.py:52}}
Jul 08 21:15:37.040302 np0000184501 devstack@neutron-api.service[102109]: DEBUG neutron.manager [None req-dfac1b9a-8eca-4246-ab10-7f641d90d92a None None] Loading services supported by the core plugin {{(pid=102109) _load_services_from_core_plugin /opt/stack/neutron/neutron/manager.py:167}}
Jul 08 21:15:37.040356 np0000184501 devstack@neutron-api.service[102107]: DEBUG neutron_lib.callbacks.manager [None req-06cad696-bd01-4dc1-9c9b-5d30bbe31858 None None] Subscribe: > security_group after_delete 55550000, False {{(pid=102107) subscribe /opt/stack/data/venv/lib/python3.12/site-packages/neutron_lib/callbacks/manager.py:52}}
Jul 08 21:15:37.040405 np0000184501 devstack@neutron-api.service[102109]: INFO neutron.plugins.ml2.managers [None req-dfac1b9a-8eca-4246-ab10-7f641d90d92a None None] Got port-security extension from driver 'port_security'
Jul 08 21:15:37.040451 np0000184501 devstack@neutron-api.service[102107]: DEBUG neutron_lib.callbacks.manager [None req-06cad696-bd01-4dc1-9c9b-5d30bbe31858 None None] Subscribe: > security_group_rule precommit_create 55550000, False {{(pid=102107) subscribe /opt/stack/data/venv/lib/python3.12/site-packages/neutron_lib/callbacks/manager.py:52}}
Jul 08 21:15:37.040512 np0000184501 devstack@neutron-api.service[102107]: DEBUG neutron_lib.callbacks.manager [None req-06cad696-bd01-4dc1-9c9b-5d30bbe31858 None None] Subscribe: > security_group_rule after_create 55550000, False {{(pid=102107) subscribe /opt/stack/data/venv/lib/python3.12/site-packages/neutron_lib/callbacks/manager.py:52}}
Jul 08 21:15:37.040613 np0000184501 devstack@neutron-api.service[102107]: DEBUG neutron_lib.callbacks.manager [None req-06cad696-bd01-4dc1-9c9b-5d30bbe31858 None None] Subscribe: > security_group_rule before_delete 55550000, False {{(pid=102107) subscribe /opt/stack/data/venv/lib/python3.12/site-packages/neutron_lib/callbacks/manager.py:52}}
Jul 08 21:15:37.040676 np0000184501 devstack@neutron-api.service[102109]: DEBUG neutron.manager [None req-dfac1b9a-8eca-4246-ab10-7f641d90d92a None None] Loading service plugins: ['ovn-router', 'auto_allocate', 'tag', 'timestamp', 'network_ip_availability', 'flavors', 'revisions'] {{(pid=102109) _load_service_plugins /opt/stack/neutron/neutron/manager.py:192}}
Jul 08 21:15:37.040725 np0000184501 devstack@neutron-api.service[102107]: DEBUG neutron_lib.callbacks.manager [None req-06cad696-bd01-4dc1-9c9b-5d30bbe31858 None None] Subscribe: > address_group after_create 55550000, False {{(pid=102107) subscribe /opt/stack/data/venv/lib/python3.12/site-packages/neutron_lib/callbacks/manager.py:52}}
Jul 08 21:15:37.040765 np0000184501 devstack@neutron-api.service[102109]: INFO neutron.manager [None req-dfac1b9a-8eca-4246-ab10-7f641d90d92a None None] Loading Plugin: ovn-router
Jul 08 21:15:37.040808 np0000184501 devstack@neutron-api.service[102107]: DEBUG neutron_lib.callbacks.manager [None req-06cad696-bd01-4dc1-9c9b-5d30bbe31858 None None] Subscribe: > address_group after_update 55550000, False {{(pid=102107) subscribe /opt/stack/data/venv/lib/python3.12/site-packages/neutron_lib/callbacks/manager.py:52}}
Jul 08 21:15:37.040925 np0000184501 devstack@neutron-api.service[102107]: DEBUG neutron_lib.callbacks.manager [None req-06cad696-bd01-4dc1-9c9b-5d30bbe31858 None None] Subscribe: > address_group after_delete 55550000, False {{(pid=102107) subscribe /opt/stack/data/venv/lib/python3.12/site-packages/neutron_lib/callbacks/manager.py:52}}
Jul 08 21:15:37.041128 np0000184501 devstack@neutron-api.service[102107]: DEBUG neutron_lib.callbacks.manager [None req-06cad696-bd01-4dc1-9c9b-5d30bbe31858 None None] Subscribe: > qos_plugin after_init 55550000, False {{(pid=102107) subscribe /opt/stack/data/venv/lib/python3.12/site-packages/neutron_lib/callbacks/manager.py:52}}
Jul 08 21:15:37.041301 np0000184501 devstack@neutron-api.service[102107]: DEBUG neutron_lib.callbacks.manager [None req-06cad696-bd01-4dc1-9c9b-5d30bbe31858 None None] Subscribe: > trunk_plugin after_init 55550000, False {{(pid=102107) subscribe /opt/stack/data/venv/lib/python3.12/site-packages/neutron_lib/callbacks/manager.py:52}}
Jul 08 21:15:37.041512 np0000184501 devstack@neutron-api.service[102107]: DEBUG neutron_lib.callbacks.manager [None req-06cad696-bd01-4dc1-9c9b-5d30bbe31858 None None] Subscribe: > logging-plugin after_init 55550000, False {{(pid=102107) subscribe /opt/stack/data/venv/lib/python3.12/site-packages/neutron_lib/callbacks/manager.py:52}}
Jul 08 21:15:37.041954 np0000184501 devstack@neutron-api.service[102107]: INFO neutron.services.logapi.drivers.ovn.driver [None req-06cad696-bd01-4dc1-9c9b-5d30bbe31858 None None] OVN logging driver registered
Jul 08 21:15:37.042071 np0000184501 devstack@neutron-api.service[102107]: DEBUG neutron_lib.callbacks.manager [None req-06cad696-bd01-4dc1-9c9b-5d30bbe31858 None None] Subscribe: ._register_pvlan_driver at 0x77d3b6e222a0> pvlan_plugin before_spawn 55550000, False {{(pid=102107) subscribe /opt/stack/data/venv/lib/python3.12/site-packages/neutron_lib/callbacks/manager.py:52}}
Jul 08 21:15:37.042178 np0000184501 devstack@neutron-api.service[102107]: DEBUG neutron_lib.callbacks.manager [None req-06cad696-bd01-4dc1-9c9b-5d30bbe31858 None None] Subscribe: process after_init 55550000, False {{(pid=102107) subscribe /opt/stack/data/venv/lib/python3.12/site-packages/neutron_lib/callbacks/manager.py:52}}
Jul 08 21:15:37.043657 np0000184501 devstack@neutron-api.service[102107]: DEBUG neutron.plugins.ml2.plugin [None req-06cad696-bd01-4dc1-9c9b-5d30bbe31858 None None] neutron.plugins.ml2.plugin.Ml2Plugin method _start_rpc_notifiers called with arguments () {} {{(pid=102107) wrapper /opt/stack/data/venv/lib/python3.12/site-packages/oslo_log/helpers.py:77}}
Jul 08 21:15:37.043927 np0000184501 devstack@neutron-api.service[102107]: DEBUG neutron_lib.callbacks.manager [None req-06cad696-bd01-4dc1-9c9b-5d30bbe31858 None None] Subscribe: > port after_create 55550000, False {{(pid=102107) subscribe /opt/stack/data/venv/lib/python3.12/site-packages/neutron_lib/callbacks/manager.py:52}}
Jul 08 21:15:37.044059 np0000184501 devstack@neutron-api.service[102107]: DEBUG neutron_lib.callbacks.manager [None req-06cad696-bd01-4dc1-9c9b-5d30bbe31858 None None] Subscribe: > port after_update 55550000, False {{(pid=102107) subscribe /opt/stack/data/venv/lib/python3.12/site-packages/neutron_lib/callbacks/manager.py:52}}
Jul 08 21:15:37.044164 np0000184501 devstack@neutron-api.service[102107]: DEBUG neutron_lib.callbacks.manager [None req-06cad696-bd01-4dc1-9c9b-5d30bbe31858 None None] Subscribe: > port after_delete 55550000, False {{(pid=102107) subscribe /opt/stack/data/venv/lib/python3.12/site-packages/neutron_lib/callbacks/manager.py:52}}
Jul 08 21:15:37.044265 np0000184501 devstack@neutron-api.service[102107]: DEBUG neutron_lib.callbacks.manager [None req-06cad696-bd01-4dc1-9c9b-5d30bbe31858 None None] Subscribe: > subnet after_create 55550000, False {{(pid=102107) subscribe /opt/stack/data/venv/lib/python3.12/site-packages/neutron_lib/callbacks/manager.py:52}}
Jul 08 21:15:37.044367 np0000184501 devstack@neutron-api.service[102107]: DEBUG neutron_lib.callbacks.manager [None req-06cad696-bd01-4dc1-9c9b-5d30bbe31858 None None] Subscribe: > subnet after_update 55550000, False {{(pid=102107) subscribe /opt/stack/data/venv/lib/python3.12/site-packages/neutron_lib/callbacks/manager.py:52}}
Jul 08 21:15:37.044466 np0000184501 devstack@neutron-api.service[102107]: DEBUG neutron_lib.callbacks.manager [None req-06cad696-bd01-4dc1-9c9b-5d30bbe31858 None None] Subscribe: > subnet after_delete 55550000, False {{(pid=102107) subscribe /opt/stack/data/venv/lib/python3.12/site-packages/neutron_lib/callbacks/manager.py:52}}
