Jul 08 21:15:37.239856 np0000184501 devstack@neutron-api.service[102109]: DEBUG neutron.api.extensions [None req-dfac1b9a-8eca-4246-ab10-7f641d90d92a None None] Ext name="Atomically add/remove extra routes" alias="extraroute-atomic" description="Edit extra routes of a router on server side by atomically adding/removing extra routes" updated="2019-07-10T00:00:00+00:00" {{(pid=102109) _check_extension /opt/stack/neutron/neutron/api/extensions.py:415}}
Jul 08 21:15:37.239856 np0000184501 devstack@neutron-api.service[102109]: INFO neutron.api.extensions [None req-dfac1b9a-8eca-4246-ab10-7f641d90d92a None None] Loaded extension: extraroute-atomic
Jul 08 21:15:37.239856 np0000184501 devstack@neutron-api.service[102109]: DEBUG neutron.api.extensions [None req-dfac1b9a-8eca-4246-ab10-7f641d90d92a None None] Loading extension file: filter_validation.py {{(pid=102109) _load_all_extensions_from_path /opt/stack/neutron/neutron/api/extensions.py:449}}
Jul 08 21:15:37.239856 np0000184501 devstack@neutron-api.service[102109]: DEBUG neutron.api.extensions [None req-dfac1b9a-8eca-4246-ab10-7f641d90d92a None None] Ext name="Filter parameters validation" alias="filter-validation" description="Provides validation on filter parameters." updated="2018-07-04T10:00:00-00:00" {{(pid=102109) _check_extension /opt/stack/neutron/neutron/api/extensions.py:415}}
Jul 08 21:15:37.239856 np0000184501 devstack@neutron-api.service[102109]: INFO neutron.api.extensions [None req-dfac1b9a-8eca-4246-ab10-7f641d90d92a None None] Loaded extension: filter-validation
Jul 08 21:15:37.239856 np0000184501 devstack@neutron-api.service[102109]: DEBUG neutron.api.extensions [None req-dfac1b9a-8eca-4246-ab10-7f641d90d92a None None] Loading extension file: fip_pf_description.py {{(pid=102109) _load_all_extensions_from_path /opt/stack/neutron/neutron/api/extensions.py:449}}
Jul 08 21:15:37.240107 np0000184501 devstack@neutron-api.service[102109]: DEBUG neutron.api.extensions [None req-dfac1b9a-8eca-4246-ab10-7f641d90d92a None None] Ext name="Floating IP Port Forwarding new attribute description" alias="floating-ip-port-forwarding-description" description="Add a description field to Port Forwarding rules" updated="2019-11-01T10:00:00-00:00" {{(pid=102109) _check_extension /opt/stack/neutron/neutron/api/extensions.py:415}}
Jul 08 21:15:37.240172 np0000184501 devstack@neutron-api.service[102108]: DEBUG neutron.plugins.ml2.plugin [None req-293bcc8c-4686-4bc5-a56f-ccdf1928533f None None] neutron.plugins.ml2.plugin.Ml2Plugin method _start_rpc_notifiers called with arguments () {} {{(pid=102108) wrapper /opt/stack/data/venv/lib/python3.12/site-packages/oslo_log/helpers.py:77}}
Jul 08 21:15:37.240236 np0000184501 devstack@neutron-api.service[102109]: INFO neutron.api.extensions [None req-dfac1b9a-8eca-4246-ab10-7f641d90d92a None None] Extension floating-ip-port-forwarding-description not supported by any of loaded plugins
Jul 08 21:15:37.240236 np0000184501 devstack@neutron-api.service[102109]: DEBUG neutron.api.extensions [None req-dfac1b9a-8eca-4246-ab10-7f641d90d92a None None] Loading extension file: fip_pf_detail.py {{(pid=102109) _load_all_extensions_from_path /opt/stack/neutron/neutron/api/extensions.py:449}}
Jul 08 21:15:37.240319 np0000184501 devstack@neutron-api.service[102108]: DEBUG neutron_lib.callbacks.manager [None req-293bcc8c-4686-4bc5-a56f-ccdf1928533f None None] Subscribe: > port after_create 55550000, False {{(pid=102108) subscribe /opt/stack/data/venv/lib/python3.12/site-packages/neutron_lib/callbacks/manager.py:52}}
Jul 08 21:15:37.240392 np0000184501 devstack@neutron-api.service[102109]: DEBUG neutron.api.extensions [None req-dfac1b9a-8eca-4246-ab10-7f641d90d92a None None] Ext name="Floating IP port forwarding detail" alias="floating-ip-port-forwarding-detail" description="Allow list floating ip return more port forwarding data, include'id' and 'internal_port_id'" updated="2022-05-06T10:00:00-00:00" {{(pid=102109) _check_extension /opt/stack/neutron/neutron/api/extensions.py:415}}
Jul 08 21:15:37.240463 np0000184501 devstack@neutron-api.service[102108]: DEBUG neutron_lib.callbacks.manager [None req-293bcc8c-4686-4bc5-a56f-ccdf1928533f None None] Subscribe: > port after_update 55550000, False {{(pid=102108) subscribe /opt/stack/data/venv/lib/python3.12/site-packages/neutron_lib/callbacks/manager.py:52}}
Jul 08 21:15:37.240529 np0000184501 devstack@neutron-api.service[102109]: INFO neutron.api.extensions [None req-dfac1b9a-8eca-4246-ab10-7f641d90d92a None None] Loaded extension: floating-ip-port-forwarding-detail
Jul 08 21:15:37.240590 np0000184501 devstack@neutron-api.service[102108]: DEBUG neutron_lib.callbacks.manager [None req-293bcc8c-4686-4bc5-a56f-ccdf1928533f None None] Subscribe: > port after_delete 55550000, False {{(pid=102108) subscribe /opt/stack/data/venv/lib/python3.12/site-packages/neutron_lib/callbacks/manager.py:52}}
Jul 08 21:15:37.240648 np0000184501 devstack@neutron-api.service[102109]: DEBUG neutron.api.extensions [None req-dfac1b9a-8eca-4246-ab10-7f641d90d92a None None] Loading extension file: fip_pf_port_range.py {{(pid=102109) _load_all_extensions_from_path /opt/stack/neutron/neutron/api/extensions.py:449}}
Jul 08 21:15:37.240709 np0000184501 devstack@neutron-api.service[102108]: DEBUG neutron_lib.callbacks.manager [None req-293bcc8c-4686-4bc5-a56f-ccdf1928533f None None] Subscribe: > subnet after_create 55550000, False {{(pid=102108) subscribe /opt/stack/data/venv/lib/python3.12/site-packages/neutron_lib/callbacks/manager.py:52}}
Jul 08 21:15:37.240709 np0000184501 devstack@neutron-api.service[102108]: DEBUG neutron_lib.callbacks.manager [None req-293bcc8c-4686-4bc5-a56f-ccdf1928533f None None] Subscribe: > subnet after_update 55550000, False {{(pid=102108) subscribe /opt/stack/data/venv/lib/python3.12/site-packages/neutron_lib/callbacks/manager.py:52}}
Jul 08 21:15:37.240831 np0000184501 devstack@neutron-api.service[102109]: DEBUG neutron.api.extensions [None req-dfac1b9a-8eca-4246-ab10-7f641d90d92a None None] Ext name="Floating IP Port Forwarding support port ranges" alias="floating-ip-port-forwarding-port-ranges" description="Add support to port ranges" updated="2020-07-01T10:00:00-00:00" {{(pid=102109) _check_extension /opt/stack/neutron/neutron/api/extensions.py:415}}
Jul 08 21:15:37.240896 np0000184501 devstack@neutron-api.service[102108]: DEBUG neutron_lib.callbacks.manager [None req-293bcc8c-4686-4bc5-a56f-ccdf1928533f None None] Subscribe: > subnet after_delete 55550000, False {{(pid=102108) subscribe /opt/stack/data/venv/lib/python3.12/site-packages/neutron_lib/callbacks/manager.py:52}}
Jul 08 21:15:37.240896 np0000184501 devstack@neutron-api.service[102108]: DEBUG neutron_lib.callbacks.manager [None req-293bcc8c-4686-4bc5-a56f-ccdf1928533f None None] Subscribe: > network after_create 55550000, False {{(pid=102108) subscribe /opt/stack/data/venv/lib/python3.12/site-packages/neutron_lib/callbacks/manager.py:52}}
Jul 08 21:15:37.240995 np0000184501 devstack@neutron-api.service[102109]: INFO neutron.api.extensions [None req-dfac1b9a-8eca-4246-ab10-7f641d90d92a None None] Extension floating-ip-port-forwarding-port-ranges not supported by any of loaded plugins
Jul 08 21:15:37.241056 np0000184501 devstack@neutron-api.service[102108]: DEBUG neutron_lib.callbacks.manager [None req-293bcc8c-4686-4bc5-a56f-ccdf1928533f None None] Subscribe: > network after_update 55550000, False {{(pid=102108) subscribe /opt/stack/data/venv/lib/python3.12/site-packages/neutron_lib/callbacks/manager.py:52}}
Jul 08 21:15:37.241132 np0000184501 devstack@neutron-api.service[102109]: DEBUG neutron.api.extensions [None req-dfac1b9a-8eca-4246-ab10-7f641d90d92a None None] Loading extension file: fip_port_details.py {{(pid=102109) _load_all_extensions_from_path /opt/stack/neutron/neutron/api/extensions.py:449}}
Jul 08 21:15:37.241195 np0000184501 devstack@neutron-api.service[102108]: DEBUG neutron_lib.callbacks.manager [None req-293bcc8c-4686-4bc5-a56f-ccdf1928533f None None] Subscribe: > network after_delete 55550000, False {{(pid=102108) subscribe /opt/stack/data/venv/lib/python3.12/site-packages/neutron_lib/callbacks/manager.py:52}}
Jul 08 21:15:37.241195 np0000184501 devstack@neutron-api.service[102108]: DEBUG neutron_lib.callbacks.manager [None req-293bcc8c-4686-4bc5-a56f-ccdf1928533f None None] Subscribe: > security_group after_create 55550000, False {{(pid=102108) subscribe /opt/stack/data/venv/lib/python3.12/site-packages/neutron_lib/callbacks/manager.py:52}}
Jul 08 21:15:37.241289 np0000184501 devstack@neutron-api.service[102109]: DEBUG neutron.api.extensions [None req-dfac1b9a-8eca-4246-ab10-7f641d90d92a None None] Ext name="Floating IP Port Details Extension" alias="fip-port-details" description="Add port_details attribute to Floating IP resource" updated="2018-04-09T10:00:00-00:00" {{(pid=102109) _check_extension /opt/stack/neutron/neutron/api/extensions.py:415}}
Jul 08 21:15:37.241356 np0000184501 devstack@neutron-api.service[102108]: DEBUG neutron_lib.callbacks.manager [None req-293bcc8c-4686-4bc5-a56f-ccdf1928533f None None] Subscribe: > security_group after_update 55550000, False {{(pid=102108) subscribe /opt/stack/data/venv/lib/python3.12/site-packages/neutron_lib/callbacks/manager.py:52}}
Jul 08 21:15:37.241356 np0000184501 devstack@neutron-api.service[102108]: DEBUG neutron_lib.callbacks.manager [None req-293bcc8c-4686-4bc5-a56f-ccdf1928533f None None] Subscribe: > security_group after_delete 55550000, False {{(pid=102108) subscribe /opt/stack/data/venv/lib/python3.12/site-packages/neutron_lib/callbacks/manager.py:52}}
Jul 08 21:15:37.241442 np0000184501 devstack@neutron-api.service[102109]: INFO neutron.api.extensions [None req-dfac1b9a-8eca-4246-ab10-7f641d90d92a None None] Loaded extension: fip-port-details
Jul 08 21:15:37.241503 np0000184501 devstack@neutron-api.service[102108]: DEBUG neutron_lib.callbacks.manager [None req-293bcc8c-4686-4bc5-a56f-ccdf1928533f None None] Subscribe: > security_group_rule after_create 55550000, False {{(pid=102108) subscribe /opt/stack/data/venv/lib/python3.12/site-packages/neutron_lib/callbacks/manager.py:52}}
Jul 08 21:15:37.241572 np0000184501 devstack@neutron-api.service[102109]: DEBUG neutron.api.extensions [None req-dfac1b9a-8eca-4246-ab10-7f641d90d92a None None] Loading extension file: flavors.py {{(pid=102109) _load_all_extensions_from_path /opt/stack/neutron/neutron/api/extensions.py:449}}
Jul 08 21:15:37.241639 np0000184501 devstack@neutron-api.service[102108]: DEBUG neutron_lib.callbacks.manager [None req-293bcc8c-4686-4bc5-a56f-ccdf1928533f None None] Subscribe: > security_group_rule after_update 55550000, False {{(pid=102108) subscribe /opt/stack/data/venv/lib/python3.12/site-packages/neutron_lib/callbacks/manager.py:52}}
Jul 08 21:15:37.241639 np0000184501 devstack@neutron-api.service[102108]: DEBUG neutron_lib.callbacks.manager [None req-293bcc8c-4686-4bc5-a56f-ccdf1928533f None None] Subscribe: > security_group_rule after_delete 55550000, False {{(pid=102108) subscribe /opt/stack/data/venv/lib/python3.12/site-packages/neutron_lib/callbacks/manager.py:52}}
Jul 08 21:15:37.241732 np0000184501 devstack@neutron-api.service[102109]: DEBUG neutron.api.extensions [None req-dfac1b9a-8eca-4246-ab10-7f641d90d92a None None] Ext name="Neutron Service Flavors" alias="flavors" description="Flavor specification for Neutron advanced services." updated="2015-09-17T10:00:00-00:00" {{(pid=102109) _check_extension /opt/stack/neutron/neutron/api/extensions.py:415}}
Jul 08 21:15:37.241801 np0000184501 devstack@neutron-api.service[102108]: DEBUG neutron_lib.callbacks.manager [None req-293bcc8c-4686-4bc5-a56f-ccdf1928533f None None] Subscribe: > address_group after_create 55550000, False {{(pid=102108) subscribe /opt/stack/data/venv/lib/python3.12/site-packages/neutron_lib/callbacks/manager.py:52}}
Jul 08 21:15:37.241868 np0000184501 devstack@neutron-api.service[102109]: INFO neutron.api.extensions [None req-dfac1b9a-8eca-4246-ab10-7f641d90d92a None None] Loaded extension: flavors
Jul 08 21:15:37.241929 np0000184501 devstack@neutron-api.service[102108]: DEBUG neutron_lib.callbacks.manager [None req-293bcc8c-4686-4bc5-a56f-ccdf1928533f None None] Subscribe: > address_group after_update 55550000, False {{(pid=102108) subscribe /opt/stack/data/venv/lib/python3.12/site-packages/neutron_lib/callbacks/manager.py:52}}
Jul 08 21:15:37.242004 np0000184501 devstack@neutron-api.service[102109]: DEBUG neutron.api.extensions [None req-dfac1b9a-8eca-4246-ab10-7f641d90d92a None None] Loading extension file: floating_ip_port_forwarding.py {{(pid=102109) _load_all_extensions_from_path /opt/stack/neutron/neutron/api/extensions.py:449}}
Jul 08 21:15:37.242075 np0000184501 devstack@neutron-api.service[102108]: DEBUG neutron_lib.callbacks.manager [None req-293bcc8c-4686-4bc5-a56f-ccdf1928533f None None] Subscribe: > address_group after_delete 55550000, False {{(pid=102108) subscribe /opt/stack/data/venv/lib/python3.12/site-packages/neutron_lib/callbacks/manager.py:52}}
Jul 08 21:15:37.242075 np0000184501 devstack@neutron-api.service[102108]: DEBUG neutron.plugins.ml2.ovo_rpc [None req-293bcc8c-4686-4bc5-a56f-ccdf1928533f None None] ML2 OVO RPC backend initialized. {{(pid=102108) __init__ /opt/stack/neutron/neutron/plugins/ml2/ovo_rpc.py:117}}
Jul 08 21:15:37.242163 np0000184501 devstack@neutron-api.service[102109]: DEBUG neutron.api.extensions [None req-dfac1b9a-8eca-4246-ab10-7f641d90d92a None None] Ext name="Floating IP Port Forwarding" alias="floating-ip-port-forwarding" description="Allow port forwarding from floating IP port to an internal port" updated="2018-01-19T10:00:00-00:00" {{(pid=102109) _check_extension /opt/stack/neutron/neutron/api/extensions.py:415}}
Jul 08 21:15:37.242163 np0000184501 devstack@neutron-api.service[102109]: INFO neutron.api.extensions [None req-dfac1b9a-8eca-4246-ab10-7f641d90d92a None None] Extension floating-ip-port-forwarding not supported by any of loaded plugins
Jul 08 21:15:37.242163 np0000184501 devstack@neutron-api.service[102109]: DEBUG neutron.api.extensions [None req-dfac1b9a-8eca-4246-ab10-7f641d90d92a None None] Loading extension file: floatingip_pools.py {{(pid=102109) _load_all_extensions_from_path /opt/stack/neutron/neutron/api/extensions.py:449}}
Jul 08 21:15:37.242314 np0000184501 devstack@neutron-api.service[102108]: INFO neutron.quota [None req-293bcc8c-4686-4bc5-a56f-ccdf1928533f None None] Loaded quota_driver: .
Jul 08 21:15:37.242375 np0000184501 devstack@neutron-api.service[102109]: DEBUG neutron.api.extensions [None req-dfac1b9a-8eca-4246-ab10-7f641d90d92a None None] Ext name="Floating IP Pools Extension" alias="floatingip-pools" description="Provides a floating IP pools API." updated="2018-03-21T10:00:00-00:00" {{(pid=102109) _check_extension /opt/stack/neutron/neutron/api/extensions.py:415}}
Jul 08 21:15:37.242444 np0000184501 devstack@neutron-api.service[102108]: INFO neutron.plugins.ml2.plugin [None req-293bcc8c-4686-4bc5-a56f-ccdf1928533f None None] Modular L2 Plugin initialization complete
Jul 08 21:15:37.242511 np0000184501 devstack@neutron-api.service[102109]: INFO neutron.api.extensions [None req-dfac1b9a-8eca-4246-ab10-7f641d90d92a None None] Loaded extension: floatingip-pools
Jul 08 21:15:37.242577 np0000184501 devstack@neutron-api.service[102108]: DEBUG neutron.manager [None req-293bcc8c-4686-4bc5-a56f-ccdf1928533f None None] Loading services supported by the core plugin {{(pid=102108) _load_services_from_core_plugin /opt/stack/neutron/neutron/manager.py:167}}
Jul 08 21:15:37.242639 np0000184501 devstack@neutron-api.service[102109]: DEBUG neutron.api.extensions [None req-dfac1b9a-8eca-4246-ab10-7f641d90d92a None None] Loading extension file: ip_allocation.py {{(pid=102109) _load_all_extensions_from_path /opt/stack/neutron/neutron/api/extensions.py:449}}
Jul 08 21:15:37.242705 np0000184501 devstack@neutron-api.service[102108]: INFO neutron.plugins.ml2.managers [None req-293bcc8c-4686-4bc5-a56f-ccdf1928533f None None] Got port-security extension from driver 'port_security'
Jul 08 21:15:37.242766 np0000184501 devstack@neutron-api.service[102109]: DEBUG neutron.api.extensions [None req-dfac1b9a-8eca-4246-ab10-7f641d90d92a None None] Ext name="IP Allocation" alias="ip_allocation" description="IP allocation extension." updated="2016-06-10T23:00:00-00:00" {{(pid=102109) _check_extension /opt/stack/neutron/neutron/api/extensions.py:415}}
Jul 08 21:15:37.242833 np0000184501 devstack@neutron-api.service[102108]: DEBUG neutron.manager [None req-293bcc8c-4686-4bc5-a56f-ccdf1928533f None None] Loading service plugins: ['ovn-router', 'auto_allocate', 'tag', 'timestamp', 'network_ip_availability', 'flavors', 'revisions'] {{(pid=102108) _load_service_plugins /opt/stack/neutron/neutron/manager.py:192}}
Jul 08 21:15:37.242895 np0000184501 devstack@neutron-api.service[102109]: INFO neutron.api.extensions [None req-dfac1b9a-8eca-4246-ab10-7f641d90d92a None None] Extension ip_allocation not supported by any of loaded plugins
Jul 08 21:15:37.242955 np0000184501 devstack@neutron-api.service[102108]: INFO neutron.manager [None req-293bcc8c-4686-4bc5-a56f-ccdf1928533f None None] Loading Plugin: ovn-router
Jul 08 21:15:37.243038 np0000184501 devstack@neutron-api.service[102109]: DEBUG neutron.api.extensions [None req-dfac1b9a-8eca-4246-ab10-7f641d90d92a None None] Loading extension file: ip_substring_port_filtering.py {{(pid=102109) _load_all_extensions_from_path /opt/stack/neutron/neutron/api/extensions.py:449}}
Jul 08 21:15:37.243038 np0000184501 devstack@neutron-api.service[102109]: DEBUG neutron.api.extensions [None req-dfac1b9a-8eca-4246-ab10-7f641d90d92a None None] Ext name="IP address substring filtering" alias="ip-substring-filtering" description="Provides IP address substring filtering when listing ports" updated="2017-11-28T09:00:00-00:00" {{(pid=102109) _check_extension /opt/stack/neutron/neutron/api/extensions.py:415}}
Jul 08 21:15:37.243038 np0000184501 devstack@neutron-api.service[102109]: INFO neutron.api.extensions [None req-dfac1b9a-8eca-4246-ab10-7f641d90d92a None None] Extension ip-substring-filtering not supported by any of loaded plugins
Jul 08 21:15:37.243038 np0000184501 devstack@neutron-api.service[102109]: DEBUG neutron.api.extensions [None req-dfac1b9a-8eca-4246-ab10-7f641d90d92a None None] Loading extension file: l2_adjacency.py {{(pid=102109) _load_all_extensions_from_path /opt/stack/neutron/neutron/api/extensions.py:449}}
Jul 08 21:15:37.243038 np0000184501 devstack@neutron-api.service[102109]: DEBUG neutron.api.extensions [None req-dfac1b9a-8eca-4246-ab10-7f641d90d92a None None] Ext name="L2 Adjacency" alias="l2_adjacency" description="Display L2 Adjacency for Neutron Networks." updated="2016-04-12T16:00:00-00:00" {{(pid=102109) _check_extension /opt/stack/neutron/neutron/api/extensions.py:415}}
Jul 08 21:15:37.243038 np0000184501 devstack@neutron-api.service[102109]: INFO neutron.api.extensions [None req-dfac1b9a-8eca-4246-ab10-7f641d90d92a None None] Extension l2_adjacency not supported by any of loaded plugins
Jul 08 21:15:37.243249 np0000184501 devstack@neutron-api.service[102109]: DEBUG neutron.api.extensions [None req-dfac1b9a-8eca-4246-ab10-7f641d90d92a None None] Loading extension file: l3.py {{(pid=102109) _load_all_extensions_from_path /opt/stack/neutron/neutron/api/extensions.py:449}}
Jul 08 21:15:37.243672 np0000184501 devstack@neutron-api.service[102109]: DEBUG neutron.api.extensions [None req-dfac1b9a-8eca-4246-ab10-7f641d90d92a None None] Ext name="Neutron L3 Router" alias="router" description="Router abstraction for basic L3 forwarding between L2 Neutron networks and access to external networks via a NAT gateway." updated="2012-07-20T10:00:00-00:00" {{(pid=102109) _check_extension /opt/stack/neutron/neutron/api/extensions.py:415}}
Jul 08 21:15:37.243834 np0000184501 devstack@neutron-api.service[102109]: INFO neutron.api.extensions [None req-dfac1b9a-8eca-4246-ab10-7f641d90d92a None None] Loaded extension: router
Jul 08 21:15:37.243938 np0000184501 devstack@neutron-api.service[102109]: DEBUG neutron.api.extensions [None req-dfac1b9a-8eca-4246-ab10-7f641d90d92a None None] Loading extension file: l3_agent_scheduler_ha_chassis_priority.py {{(pid=102109) _load_all_extensions_from_path /opt/stack/neutron/neutron/api/extensions.py:449}}
Jul 08 21:15:37.244190 np0000184501 devstack@neutron-api.service[102109]: DEBUG neutron.api.extensions [None req-dfac1b9a-8eca-4246-ab10-7f641d90d92a None None] Ext name="L3 Agent Scheduler HA Chassis Priority" alias="l3-agent-scheduler-ha-chassis-priority" description="Exposes the HA_Chassis priority in the L3 Agent Scheduler API responses and allows setting priority when scheduling a router to a chassis." updated="2026-03-31T00:00:00-00:00" {{(pid=102109) _check_extension /opt/stack/neutron/neutron/api/extensions.py:415}}
Jul 08 21:15:37.244351 np0000184501 devstack@neutron-api.service[102109]: INFO neutron.api.extensions [None req-dfac1b9a-8eca-4246-ab10-7f641d90d92a None None] Loaded extension: l3-agent-scheduler-ha-chassis-priority
Jul 08 21:15:37.244543 np0000184501 devstack@neutron-api.service[102109]: DEBUG neutron.api.extensions [None req-dfac1b9a-8eca-4246-ab10-7f641d90d92a None None] Loading extension file: l3_conntrack_helper.py {{(pid=102109) _load_all_extensions_from_path /opt/stack/neutron/neutron/api/extensions.py:449}}
Jul 08 21:15:37.245024 np0000184501 devstack@neutron-api.service[102109]: DEBUG neutron.api.extensions [None req-dfac1b9a-8eca-4246-ab10-7f641d90d92a None None] Ext name="L3 Conntrack helper" alias="l3-conntrack-helper" description="Allow adding CT target rules for conntrack helper" updated="2019-04-04T10:00:00-00:00" {{(pid=102109) _check_extension /opt/stack/neutron/neutron/api/extensions.py:415}}
Jul 08 21:15:37.245193 np0000184501 devstack@neutron-api.service[102109]: INFO neutron.api.extensions [None req-dfac1b9a-8eca-4246-ab10-7f641d90d92a None None] Extension l3-conntrack-helper not supported by any of loaded plugins
Jul 08 21:15:37.245286 np0000184501 devstack@neutron-api.service[102109]: DEBUG neutron.api.extensions [None req-dfac1b9a-8eca-4246-ab10-7f641d90d92a None None] Loading extension file: l3_enable_default_route_bfd.py {{(pid=102109) _load_all_extensions_from_path /opt/stack/neutron/neutron/api/extensions.py:449}}
Jul 08 21:15:37.245512 np0000184501 devstack@neutron-api.service[102109]: DEBUG neutron.api.extensions [None req-dfac1b9a-8eca-4246-ab10-7f641d90d92a None None] Ext name="Enable Default Route BFD" alias="enable-default-route-bfd" description="Enables configurable BFD behavior for default routes" updated="2023-02-27T00:00:00-00:00" {{(pid=102109) _check_extension /opt/stack/neutron/neutron/api/extensions.py:415}}
Jul 08 21:15:37.246214 np0000184501 devstack@neutron-api.service[102109]: INFO neutron.api.extensions [None req-dfac1b9a-8eca-4246-ab10-7f641d90d92a None None] Loaded extension: enable-default-route-bfd
Jul 08 21:15:37.246214 np0000184501 devstack@neutron-api.service[102109]: DEBUG neutron.api.extensions [None req-dfac1b9a-8eca-4246-ab10-7f641d90d92a None None] Loading extension file: l3_enable_default_route_ecmp.py {{(pid=102109) _load_all_extensions_from_path /opt/stack/neutron/neutron/api/extensions.py:449}}
Jul 08 21:15:37.246214 np0000184501 devstack@neutron-api.service[102109]: DEBUG neutron.api.extensions [None req-dfac1b9a-8eca-4246-ab10-7f641d90d92a None None] Ext name="Enable Default Route ECMP" alias="enable-default-route-ecmp" description="Enables configurable ECMP behavior for default routes" updated="2023-02-27T00:00:00-00:00" {{(pid=102109) _check_extension /opt/stack/neutron/neutron/api/extensions.py:415}}
Jul 08 21:15:37.246214 np0000184501 devstack@neutron-api.service[102109]: INFO neutron.api.extensions [None req-dfac1b9a-8eca-4246-ab10-7f641d90d92a None None] Loaded extension: enable-default-route-ecmp
Jul 08 21:15:37.246214 np0000184501 devstack@neutron-api.service[102109]: DEBUG neutron.api.extensions [None req-dfac1b9a-8eca-4246-ab10-7f641d90d92a None None] Loading extension file: l3_ext_gw_mode.py {{(pid=102109) _load_all_extensions_from_path /opt/stack/neutron/neutron/api/extensions.py:449}}
Jul 08 21:15:37.246476 np0000184501 devstack@neutron-api.service[102109]: DEBUG neutron.api.extensions [None req-dfac1b9a-8eca-4246-ab10-7f641d90d92a None None] Ext name="Neutron L3 Configurable external gateway mode" alias="ext-gw-mode" description="Extension of the router abstraction for specifying whether SNAT should occur on the external gateway" updated="2013-03-28T10:00:00-00:00" {{(pid=102109) _check_extension /opt/stack/neutron/neutron/api/extensions.py:415}}
Jul 08 21:15:37.246648 np0000184501 devstack@neutron-api.service[102109]: INFO neutron.api.extensions [None req-dfac1b9a-8eca-4246-ab10-7f641d90d92a None None] Loaded extension: ext-gw-mode
Jul 08 21:15:37.246711 np0000184501 devstack@neutron-api.service[102109]: DEBUG neutron.api.extensions [None req-dfac1b9a-8eca-4246-ab10-7f641d90d92a None None] Loading extension file: l3_ext_ha_mode.py {{(pid=102109) _load_all_extensions_from_path /opt/stack/neutron/neutron/api/extensions.py:449}}
Jul 08 21:15:37.246937 np0000184501 devstack@neutron-api.service[102109]: DEBUG neutron.api.extensions [None req-dfac1b9a-8eca-4246-ab10-7f641d90d92a None None] Ext name="HA Router extension" alias="l3-ha" description="Adds HA capability to routers." updated="2014-04-26T00:00:00-00:00" {{(pid=102109) _check_extension /opt/stack/neutron/neutron/api/extensions.py:415}}
Jul 08 21:15:37.247120 np0000184501 devstack@neutron-api.service[102109]: INFO neutron.api.extensions [None req-dfac1b9a-8eca-4246-ab10-7f641d90d92a None None] Loaded extension: l3-ha
Jul 08 21:15:37.247190 np0000184501 devstack@neutron-api.service[102109]: DEBUG neutron.api.extensions [None req-dfac1b9a-8eca-4246-ab10-7f641d90d92a None None] Loading extension file: l3_ext_ndp_proxy.py {{(pid=102109) _load_all_extensions_from_path /opt/stack/neutron/neutron/api/extensions.py:449}}
Jul 08 21:15:37.247421 np0000184501 devstack@neutron-api.service[102109]: DEBUG neutron.api.extensions [None req-dfac1b9a-8eca-4246-ab10-7f641d90d92a None None] Ext name="Router support to enable NDP proxy" alias="l3-ext-ndp-proxy" description="Router extension to enable ndp proxy" updated="2020-08-25T00:00:00-00:00" {{(pid=102109) _check_extension /opt/stack/neutron/neutron/api/extensions.py:415}}
Jul 08 21:15:37.247561 np0000184501 devstack@neutron-api.service[102109]: INFO neutron.api.extensions [None req-dfac1b9a-8eca-4246-ab10-7f641d90d92a None None] Extension l3-ext-ndp-proxy not supported by any of loaded plugins
Jul 08 21:15:37.247670 np0000184501 devstack@neutron-api.service[102109]: DEBUG neutron.api.extensions [None req-dfac1b9a-8eca-4246-ab10-7f641d90d92a None None] Loading extension file: l3_extra_gws.py {{(pid=102109) _load_all_extensions_from_path /opt/stack/neutron/neutron/api/extensions.py:449}}
Jul 08 21:15:37.247865 np0000184501 devstack@neutron-api.service[102109]: DEBUG neutron.api.extensions [None req-dfac1b9a-8eca-4246-ab10-7f641d90d92a None None] Ext name="Neutron L3 External Gateway Multihoming" alias="external-gateway-multihoming" description="Allow multiple external gateway ports per router" updated="2023-01-18T00:00:00-00:00" {{(pid=102109) _check_extension /opt/stack/neutron/neutron/api/extensions.py:415}}
Jul 08 21:15:37.248044 np0000184501 devstack@neutron-api.service[102109]: INFO neutron.api.extensions [None req-dfac1b9a-8eca-4246-ab10-7f641d90d92a None None] Loaded extension: external-gateway-multihoming
Jul 08 21:15:37.248116 np0000184501 devstack@neutron-api.service[102109]: DEBUG neutron.api.extensions [None req-dfac1b9a-8eca-4246-ab10-7f641d90d92a None None] Loading extension file: l3_flavors.py {{(pid=102109) _load_all_extensions_from_path /opt/stack/neutron/neutron/api/extensions.py:449}}
Jul 08 21:15:37.248346 np0000184501 devstack@neutron-api.service[102109]: DEBUG neutron.api.extensions [None req-dfac1b9a-8eca-4246-ab10-7f641d90d92a None None] Ext name="Router Flavor Extension" alias="l3-flavors" description="Flavor support for routers." updated="2016-05-17T00:00:00-00:00" {{(pid=102109) _check_extension /opt/stack/neutron/neutron/api/extensions.py:415}}
Jul 08 21:15:37.248529 np0000184501 devstack@neutron-api.service[102109]: INFO neutron.api.extensions [None req-dfac1b9a-8eca-4246-ab10-7f641d90d92a None None] Loaded extension: l3-flavors
Jul 08 21:15:37.248621 np0000184501 devstack@neutron-api.service[102109]: DEBUG neutron.api.extensions [None req-dfac1b9a-8eca-4246-ab10-7f641d90d92a None None] Loading extension file: l3_ndp_proxy.py {{(pid=102109) _load_all_extensions_from_path /opt/stack/neutron/neutron/api/extensions.py:449}}
Jul 08 21:15:37.248932 np0000184501 devstack@neutron-api.service[102109]: DEBUG neutron.api.extensions [None req-dfac1b9a-8eca-4246-ab10-7f641d90d92a None None] Ext name="name" alias="l3-ndp-proxy" description="description" updated="2021-06-29T10:00:00-00:00" {{(pid=102109) _check_extension /opt/stack/neutron/neutron/api/extensions.py:415}}
Jul 08 21:15:37.249138 np0000184501 devstack@neutron-api.service[102109]: INFO neutron.api.extensions [None req-dfac1b9a-8eca-4246-ab10-7f641d90d92a None None] Extension l3-ndp-proxy not supported by any of loaded plugins
Jul 08 21:15:37.249138 np0000184501 devstack@neutron-api.service[102109]: DEBUG neutron.api.extensions [None req-dfac1b9a-8eca-4246-ab10-7f641d90d92a None None] Loading extension file: l3_port_ip_change_not_allowed.py {{(pid=102109) _load_all_extensions_from_path /opt/stack/neutron/neutron/api/extensions.py:449}}
Jul 08 21:15:37.249412 np0000184501 devstack@neutron-api.service[102109]: DEBUG neutron.api.extensions [None req-dfac1b9a-8eca-4246-ab10-7f641d90d92a None None] Ext name="Prevent L3 router ports IP address change extension" alias="l3-port-ip-change-not-allowed" description="Prevent change of IP address for some L3 router ports" updated="2018-10-09T10:00:00-00:00" {{(pid=102109) _check_extension /opt/stack/neutron/neutron/api/extensions.py:415}}
Jul 08 21:15:37.249581 np0000184501 devstack@neutron-api.service[102109]: INFO neutron.api.extensions [None req-dfac1b9a-8eca-4246-ab10-7f641d90d92a None None] Extension l3-port-ip-change-not-allowed not supported by any of loaded plugins
Jul 08 21:15:37.249649 np0000184501 devstack@neutron-api.service[102109]: DEBUG neutron.api.extensions [None req-dfac1b9a-8eca-4246-ab10-7f641d90d92a None None] Loading extension file: l3agentscheduler.py {{(pid=102109) _load_all_extensions_from_path /opt/stack/neutron/neutron/api/extensions.py:449}}
Jul 08 21:15:37.250299 np0000184501 devstack@neutron-api.service[102109]: DEBUG neutron.api.extensions [None req-dfac1b9a-8eca-4246-ab10-7f641d90d92a None None] Ext name="L3 Agent Scheduler" alias="l3_agent_scheduler" description="Schedule routers among l3 agents" updated="2013-02-07T10:00:00-00:00" {{(pid=102109) _check_extension /opt/stack/neutron/neutron/api/extensions.py:415}}
Jul 08 21:15:37.250458 np0000184501 devstack@neutron-api.service[102109]: INFO neutron.api.extensions [None req-dfac1b9a-8eca-4246-ab10-7f641d90d92a None None] Loaded extension: l3_agent_scheduler
Jul 08 21:15:37.250561 np0000184501 devstack@neutron-api.service[102109]: DEBUG neutron.api.extensions [None req-dfac1b9a-8eca-4246-ab10-7f641d90d92a None None] Loading extension file: local_ip.py {{(pid=102109) _load_all_extensions_from_path /opt/stack/neutron/neutron/api/extensions.py:449}}
Jul 08 21:15:37.250970 np0000184501 devstack@neutron-api.service[102109]: DEBUG neutron.api.extensions [None req-dfac1b9a-8eca-4246-ab10-7f641d90d92a None None] Ext name="Local IP" alias="local_ip" description="Support Node Local Virtual IP" updated="2021-07-26T10:00:00-00:00" {{(pid=102109) _check_extension /opt/stack/neutron/neutron/api/extensions.py:415}}
Jul 08 21:15:37.251036 np0000184501 devstack@neutron-api.service[102109]: INFO neutron.api.extensions [None req-dfac1b9a-8eca-4246-ab10-7f641d90d92a None None] Extension local_ip not supported by any of loaded plugins
Jul 08 21:15:37.251139 np0000184501 devstack@neutron-api.service[102109]: DEBUG neutron.api.extensions [None req-dfac1b9a-8eca-4246-ab10-7f641d90d92a None None] Loading extension file: logging.py {{(pid=102109) _load_all_extensions_from_path /opt/stack/neutron/neutron/api/extensions.py:449}}
Jul 08 21:15:37.251402 np0000184501 devstack@neutron-api.service[102109]: DEBUG neutron.api.extensions [None req-dfac1b9a-8eca-4246-ab10-7f641d90d92a None None] Ext name="Logging API Extension" alias="logging" description="Provides a logging API for resources such as security group and firewall." updated="2017-01-01T10:00:00-00:00" {{(pid=102109) _check_extension /opt/stack/neutron/neutron/api/extensions.py:415}}
Jul 08 21:15:37.251560 np0000184501 devstack@neutron-api.service[102109]: INFO neutron.api.extensions [None req-dfac1b9a-8eca-4246-ab10-7f641d90d92a None None] Extension logging not supported by any of loaded plugins
Jul 08 21:15:37.251655 np0000184501 devstack@neutron-api.service[102109]: DEBUG neutron.api.extensions [None req-dfac1b9a-8eca-4246-ab10-7f641d90d92a None None] Loading extension file: metering.py {{(pid=102109) _load_all_extensions_from_path /opt/stack/neutron/neutron/api/extensions.py:449}}
Jul 08 21:15:37.251948 np0000184501 devstack@neutron-api.service[102109]: DEBUG neutron.api.extensions [None req-dfac1b9a-8eca-4246-ab10-7f641d90d92a None None] Ext name="Neutron Metering" alias="metering" description="Neutron Metering extension." updated="2013-06-12T10:00:00-00:00" {{(pid=102109) _check_extension /opt/stack/neutron/neutron/api/extensions.py:415}}
Jul 08 21:15:37.252135 np0000184501 devstack@neutron-api.service[102109]: INFO neutron.api.extensions [None req-dfac1b9a-8eca-4246-ab10-7f641d90d92a None None] Extension metering not supported by any of loaded plugins
Jul 08 21:15:37.252227 np0000184501 devstack@neutron-api.service[102109]: DEBUG neutron.api.extensions [None req-dfac1b9a-8eca-4246-ab10-7f641d90d92a None None] Loading extension file: metering_source_and_destination_fields.py {{(pid=102109) _load_all_extensions_from_path /opt/stack/neutron/neutron/api/extensions.py:449}}
Jul 08 21:15:37.252421 np0000184501 devstack@neutron-api.service[102108]: DEBUG neutron_lib.callbacks.manager [None req-293bcc8c-4686-4bc5-a56f-ccdf1928533f None None] Subscribe: > router before_delete 55550000, False {{(pid=102108) subscribe /opt/stack/data/venv/lib/python3.12/site-packages/neutron_lib/callbacks/manager.py:52}}
Jul 08 21:15:37.252492 np0000184501 devstack@neutron-api.service[102109]: DEBUG neutron.api.extensions [None req-dfac1b9a-8eca-4246-ab10-7f641d90d92a None None] Ext name="Neutron Metering with source and destination filtering" alias="metering_source_and_destination_fields" description="Neutron Metering extension that enables the use of source and destination IP prefixes to create metering label rules." updated="2020-08-21T08:12:00-00:00" {{(pid=102109) _check_extension /opt/stack/neutron/neutron/api/extensions.py:415}}
Jul 08 21:15:37.252566 np0000184501 devstack@neutron-api.service[102108]: DEBUG neutron_lib.callbacks.manager [None req-293bcc8c-4686-4bc5-a56f-ccdf1928533f None None] Subscribe: port before_update 55550000, False {{(pid=102108) subscribe /opt/stack/data/venv/lib/python3.12/site-packages/neutron_lib/callbacks/manager.py:52}}
Jul 08 21:15:37.252638 np0000184501 devstack@neutron-api.service[102109]: INFO neutron.api.extensions [None req-dfac1b9a-8eca-4246-ab10-7f641d90d92a None None] Extension metering_source_and_destination_fields not supported by any of loaded plugins
Jul 08 21:15:37.252701 np0000184501 devstack@neutron-api.service[102108]: DEBUG neutron_lib.callbacks.manager [None req-293bcc8c-4686-4bc5-a56f-ccdf1928533f None None] Subscribe: port after_update 55550000, False {{(pid=102108) subscribe /opt/stack/data/venv/lib/python3.12/site-packages/neutron_lib/callbacks/manager.py:52}}
Jul 08 21:15:37.252811 np0000184501 devstack@neutron-api.service[102109]: DEBUG neutron.api.extensions [None req-dfac1b9a-8eca-4246-ab10-7f641d90d92a None None] Loading extension file: multiprovidernet.py {{(pid=102109) _load_all_extensions_from_path /opt/stack/neutron/neutron/api/extensions.py:449}}
Jul 08 21:15:37.252930 np0000184501 devstack@neutron-api.service[102108]: DEBUG neutron_lib.callbacks.manager [None req-293bcc8c-4686-4bc5-a56f-ccdf1928533f None None] Subscribe: > port precommit_delete 55550000, False {{(pid=102108) subscribe /opt/stack/data/venv/lib/python3.12/site-packages/neutron_lib/callbacks/manager.py:52}}
Jul 08 21:15:37.253044 np0000184501 devstack@neutron-api.service[102109]: DEBUG neutron.api.extensions [None req-dfac1b9a-8eca-4246-ab10-7f641d90d92a None None] Ext name="Multi Provider Network" alias="multi-provider" description="Expose mapping of virtual networks to multiple physical networks" updated="2013-06-27T10:00:00-00:00" {{(pid=102109) _check_extension /opt/stack/neutron/neutron/api/extensions.py:415}}
Jul 08 21:15:37.253110 np0000184501 devstack@neutron-api.service[102108]: DEBUG neutron_lib.callbacks.manager [None req-293bcc8c-4686-4bc5-a56f-ccdf1928533f None None] Subscribe: port before_update 55550000, False {{(pid=102108) subscribe /opt/stack/data/venv/lib/python3.12/site-packages/neutron_lib/callbacks/manager.py:52}}
Jul 08 21:15:37.253110 np0000184501 devstack@neutron-api.service[102108]: DEBUG neutron_lib.callbacks.manager [None req-293bcc8c-4686-4bc5-a56f-ccdf1928533f None None] Subscribe: port before_delete 55550000, False {{(pid=102108) subscribe /opt/stack/data/venv/lib/python3.12/site-packages/neutron_lib/callbacks/manager.py:52}}
Jul 08 21:15:37.253204 np0000184501 devstack@neutron-api.service[102109]: INFO neutron.api.extensions [None req-dfac1b9a-8eca-4246-ab10-7f641d90d92a None None] Loaded extension: multi-provider
Jul 08 21:15:37.253278 np0000184501 devstack@neutron-api.service[102108]: DEBUG neutron_lib.callbacks.manager [None req-293bcc8c-4686-4bc5-a56f-ccdf1928533f None None] Subscribe: > router precommit_create 55550000, False {{(pid=102108) subscribe /opt/stack/data/venv/lib/python3.12/site-packages/neutron_lib/callbacks/manager.py:52}}
Jul 08 21:15:37.253345 np0000184501 devstack@neutron-api.service[102109]: DEBUG neutron.api.extensions [None req-dfac1b9a-8eca-4246-ab10-7f641d90d92a None None] Loading extension file: netmtu.py {{(pid=102109) _load_all_extensions_from_path /opt/stack/neutron/neutron/api/extensions.py:449}}
Jul 08 21:15:37.253407 np0000184501 devstack@neutron-api.service[102108]: DEBUG neutron_lib.callbacks.manager [None req-293bcc8c-4686-4bc5-a56f-ccdf1928533f None None] Subscribe: > router precommit_create 55550000, False {{(pid=102108) subscribe /opt/stack/data/venv/lib/python3.12/site-packages/neutron_lib/callbacks/manager.py:52}}
Jul 08 21:15:37.253407 np0000184501 devstack@neutron-api.service[102108]: DEBUG neutron_lib.callbacks.manager [None req-293bcc8c-4686-4bc5-a56f-ccdf1928533f None None] Subscribe: > router precommit_update 55550000, False {{(pid=102108) subscribe /opt/stack/data/venv/lib/python3.12/site-packages/neutron_lib/callbacks/manager.py:52}}
Jul 08 21:15:37.253503 np0000184501 devstack@neutron-api.service[102109]: DEBUG neutron.api.extensions [None req-dfac1b9a-8eca-4246-ab10-7f641d90d92a None None] Ext name="Network MTU" alias="net-mtu" description="Provides MTU attribute for a network resource." updated="2015-03-25T10:00:00-00:00" {{(pid=102109) _check_extension /opt/stack/neutron/neutron/api/extensions.py:415}}
Jul 08 21:15:37.253570 np0000184501 devstack@neutron-api.service[102108]: DEBUG neutron_lib.callbacks.manager [None req-293bcc8c-4686-4bc5-a56f-ccdf1928533f None None] Subscribe: subnet after_update 55550000, False {{(pid=102108) subscribe /opt/stack/data/venv/lib/python3.12/site-packages/neutron_lib/callbacks/manager.py:52}}
Jul 08 21:15:37.253637 np0000184501 devstack@neutron-api.service[102109]: INFO neutron.api.extensions [None req-dfac1b9a-8eca-4246-ab10-7f641d90d92a None None] Loaded extension: net-mtu
Jul 08 21:15:37.253637 np0000184501 devstack@neutron-api.service[102109]: DEBUG neutron.api.extensions [None req-dfac1b9a-8eca-4246-ab10-7f641d90d92a None None] Loading extension file: netmtu_writable.py {{(pid=102109) _load_all_extensions_from_path /opt/stack/neutron/neutron/api/extensions.py:449}}
Jul 08 21:15:37.253725 np0000184501 devstack@neutron-api.service[102108]: DEBUG neutron.quota.resource_registry [None req-293bcc8c-4686-4bc5-a56f-ccdf1928533f None None] Tracking information for resource: router configured {{(pid=102108) set_tracked_resource /opt/stack/neutron/neutron/quota/resource_registry.py:203}}
Jul 08 21:15:37.253725 np0000184501 devstack@neutron-api.service[102108]: DEBUG neutron.quota.resource_registry [None req-293bcc8c-4686-4bc5-a56f-ccdf1928533f None None] Tracking information for resource: floatingip configured {{(pid=102108) set_tracked_resource /opt/stack/neutron/neutron/quota/resource_registry.py:203}}
Jul 08 21:15:37.253852 np0000184501 devstack@neutron-api.service[102108]: INFO neutron.services.ovn_l3.plugin [None req-293bcc8c-4686-4bc5-a56f-ccdf1928533f None None] Starting OVNL3RouterPlugin
Jul 08 21:15:37.253916 np0000184501 devstack@neutron-api.service[102109]: DEBUG neutron.api.extensions [None req-dfac1b9a-8eca-4246-ab10-7f641d90d92a None None] Ext name="Network MTU (writable)" alias="net-mtu-writable" description="Provides a writable MTU attribute for a network resource." updated="2017-07-12T00:00:00-00:00" {{(pid=102109) _check_extension /opt/stack/neutron/neutron/api/extensions.py:415}}
Jul 08 21:15:37.254071 np0000184501 devstack@neutron-api.service[102109]: INFO neutron.api.extensions [None req-dfac1b9a-8eca-4246-ab10-7f641d90d92a None None] Loaded extension: net-mtu-writable
Jul 08 21:15:37.254347 np0000184501 devstack@neutron-api.service[102108]: DEBUG neutron_lib.callbacks.manager [None req-293bcc8c-4686-4bc5-a56f-ccdf1928533f None None] Subscribe: > port_forwarding_plugin after_init 55550000, False {{(pid=102108) subscribe /opt/stack/data/venv/lib/python3.12/site-packages/neutron_lib/callbacks/manager.py:52}}
Jul 08 21:15:37.254422 np0000184501 devstack@neutron-api.service[102109]: DEBUG neutron.api.extensions [None req-dfac1b9a-8eca-4246-ab10-7f641d90d92a None None] Loading extension file: network_availability_zone.py {{(pid=102109) _load_all_extensions_from_path /opt/stack/neutron/neutron/api/extensions.py:449}}
Jul 08 21:15:37.254485 np0000184501 devstack@neutron-api.service[102108]: DEBUG neutron_lib.callbacks.manager [None req-293bcc8c-4686-4bc5-a56f-ccdf1928533f None None] Subscribe: > router before_create 55550100, False {{(pid=102108) subscribe /opt/stack/data/venv/lib/python3.12/site-packages/neutron_lib/callbacks/manager.py:52}}
Jul 08 21:15:37.254549 np0000184501 devstack@neutron-api.service[102109]: DEBUG neutron.api.extensions [None req-dfac1b9a-8eca-4246-ab10-7f641d90d92a None None] Ext name="Network Availability Zone" alias="network_availability_zone" description="Availability zone support for network." updated="2015-01-01T10:00:00-00:00" {{(pid=102109) _check_extension /opt/stack/neutron/neutron/api/extensions.py:415}}
Jul 08 21:15:37.254620 np0000184501 devstack@neutron-api.service[102108]: DEBUG neutron_lib.callbacks.manager [None req-293bcc8c-4686-4bc5-a56f-ccdf1928533f None None] Subscribe: > router precommit_delete 55550100, False {{(pid=102108) subscribe /opt/stack/data/venv/lib/python3.12/site-packages/neutron_lib/callbacks/manager.py:52}}
Jul 08 21:15:37.254620 np0000184501 devstack@neutron-api.service[102108]: DEBUG neutron_lib.callbacks.manager [None req-293bcc8c-4686-4bc5-a56f-ccdf1928533f None None] Subscribe: > router precommit_create 55550100, False {{(pid=102108) subscribe /opt/stack/data/venv/lib/python3.12/site-packages/neutron_lib/callbacks/manager.py:52}}
Jul 08 21:15:37.254709 np0000184501 devstack@neutron-api.service[102109]: INFO neutron.api.extensions [None req-dfac1b9a-8eca-4246-ab10-7f641d90d92a None None] Loaded extension: network_availability_zone
Jul 08 21:15:37.254800 np0000184501 devstack@neutron-api.service[102108]: DEBUG neutron_lib.callbacks.manager [None req-293bcc8c-4686-4bc5-a56f-ccdf1928533f None None] Subscribe: > router precommit_update 55550100, False {{(pid=102108) subscribe /opt/stack/data/venv/lib/python3.12/site-packages/neutron_lib/callbacks/manager.py:52}}
Jul 08 21:15:37.254879 np0000184501 devstack@neutron-api.service[102109]: DEBUG neutron.api.extensions [None req-dfac1b9a-8eca-4246-ab10-7f641d90d92a None None] Loading extension file: network_ha.py {{(pid=102109) _load_all_extensions_from_path /opt/stack/neutron/neutron/api/extensions.py:449}}
Jul 08 21:15:37.254879 np0000184501 devstack@neutron-api.service[102109]: DEBUG neutron.api.extensions [None req-dfac1b9a-8eca-4246-ab10-7f641d90d92a None None] Ext name="Network HA creation flag" alias="network_ha" description="Network high availability creation flag." updated="2023-04-27T10:00:00-00:00" {{(pid=102109) _check_extension /opt/stack/neutron/neutron/api/extensions.py:415}}
Jul 08 21:15:37.255028 np0000184501 devstack@neutron-api.service[102109]: INFO neutron.api.extensions [None req-dfac1b9a-8eca-4246-ab10-7f641d90d92a None None] Extension network_ha not supported by any of loaded plugins
Jul 08 21:15:37.255097 np0000184501 devstack@neutron-api.service[102109]: DEBUG neutron.api.extensions [None req-dfac1b9a-8eca-4246-ab10-7f641d90d92a None None] Loading extension file: network_ip_availability.py {{(pid=102109) _load_all_extensions_from_path /opt/stack/neutron/neutron/api/extensions.py:449}}
Jul 08 21:15:37.255370 np0000184501 devstack@neutron-api.service[102109]: DEBUG neutron.api.extensions [None req-dfac1b9a-8eca-4246-ab10-7f641d90d92a None None] Ext name="Network IP Availability" alias="network-ip-availability" description="Provides IP availability data for each network and subnet." updated="2015-09-24T00:00:00-00:00" {{(pid=102109) _check_extension /opt/stack/neutron/neutron/api/extensions.py:415}}
Jul 08 21:15:37.255661 np0000184501 devstack@neutron-api.service[102109]: INFO neutron.api.extensions [None req-dfac1b9a-8eca-4246-ab10-7f641d90d92a None None] Loaded extension: network-ip-availability
Jul 08 21:15:37.255661 np0000184501 devstack@neutron-api.service[102109]: DEBUG neutron.api.extensions [None req-dfac1b9a-8eca-4246-ab10-7f641d90d92a None None] Loading extension file: network_ip_availability_details.py {{(pid=102109) _load_all_extensions_from_path /opt/stack/neutron/neutron/api/extensions.py:449}}
Jul 08 21:15:37.255851 np0000184501 devstack@neutron-api.service[102109]: DEBUG neutron.api.extensions [None req-dfac1b9a-8eca-4246-ab10-7f641d90d92a None None] Ext name="Network IP Availability Details Extension" alias="network-ip-availability-details" description="Add ip_availability_details attribute to network-ip-availabilities resource." updated="2025-10-31T00:00:00-00:00" {{(pid=102109) _check_extension /opt/stack/neutron/neutron/api/extensions.py:415}}
Jul 08 21:15:37.256028 np0000184501 devstack@neutron-api.service[102109]: INFO neutron.api.extensions [None req-dfac1b9a-8eca-4246-ab10-7f641d90d92a None None] Loaded extension: network-ip-availability-details
Jul 08 21:15:37.256172 np0000184501 devstack@neutron-api.service[102109]: DEBUG neutron.api.extensions [None req-dfac1b9a-8eca-4246-ab10-7f641d90d92a None None] Loading extension file: network_segment_range.py {{(pid=102109) _load_all_extensions_from_path /opt/stack/neutron/neutron/api/extensions.py:449}}
Jul 08 21:15:37.256543 np0000184501 devstack@neutron-api.service[102109]: DEBUG neutron.api.extensions [None req-dfac1b9a-8eca-4246-ab10-7f641d90d92a None None] Ext name="Neutron Network Segment Range" alias="network-segment-range" description="Provides support for the network segment range management" updated="2018-11-29T00:00:00-00:00" {{(pid=102109) _check_extension /opt/stack/neutron/neutron/api/extensions.py:415}}
Jul 08 21:15:37.256712 np0000184501 devstack@neutron-api.service[102109]: INFO neutron.api.extensions [None req-dfac1b9a-8eca-4246-ab10-7f641d90d92a None None] Extension network-segment-range not supported by any of loaded plugins
Jul 08 21:15:37.256775 np0000184501 devstack@neutron-api.service[102109]: DEBUG neutron.api.extensions [None req-dfac1b9a-8eca-4246-ab10-7f641d90d92a None None] Loading extension file: pagination.py {{(pid=102109) _load_all_extensions_from_path /opt/stack/neutron/neutron/api/extensions.py:449}}
Jul 08 21:15:37.257035 np0000184501 devstack@neutron-api.service[102109]: DEBUG neutron.api.extensions [None req-dfac1b9a-8eca-4246-ab10-7f641d90d92a None None] Ext name="Pagination support" alias="pagination" description="Extension that indicates that pagination is enabled." updated="2016-06-12T00:00:00-00:00" {{(pid=102109) _check_extension /opt/stack/neutron/neutron/api/extensions.py:415}}
Jul 08 21:15:37.257131 np0000184501 devstack@neutron-api.service[102109]: INFO neutron.api.extensions [None req-dfac1b9a-8eca-4246-ab10-7f641d90d92a None None] Loaded extension: pagination
Jul 08 21:15:37.257233 np0000184501 devstack@neutron-api.service[102109]: DEBUG neutron.api.extensions [None req-dfac1b9a-8eca-4246-ab10-7f641d90d92a None None] Loading extension file: port_device_profile.py {{(pid=102109) _load_all_extensions_from_path /opt/stack/neutron/neutron/api/extensions.py:449}}
Jul 08 21:15:37.257438 np0000184501 devstack@neutron-api.service[102109]: DEBUG neutron.api.extensions [None req-dfac1b9a-8eca-4246-ab10-7f641d90d92a None None] Ext name="Port device profile" alias="port-device-profile" description="Expose the port device profile (Cyborg)" updated="2020-12-17T10:00:00-00:00" {{(pid=102109) _check_extension /opt/stack/neutron/neutron/api/extensions.py:415}}
Jul 08 21:15:37.257609 np0000184501 devstack@neutron-api.service[102109]: INFO neutron.api.extensions [None req-dfac1b9a-8eca-4246-ab10-7f641d90d92a None None] Loaded extension: port-device-profile
