+ COMMAND=start + start + exec neutron-rpc-server --config-file /etc/neutron/neutron.conf --config-file /etc/neutron/plugins/ml2/ml2_conf.ini /var/lib/openstack/lib/python3.10/site-packages/neutron/common/utils.py:54: UserWarning: pkg_resources is deprecated as an API. See https://setuptools.pypa.io/en/latest/pkg_resources.html. The pkg_resources package is slated for removal as early as 2025-11-30. Refrain from using this package or pin to Setuptools<81. import pkg_resources
2026-06-02 07:27:51.997 1 INFO neutron.common.config [-] Logging enabled!
2026-06-02 07:27:51.998 1 INFO neutron.common.config [-] /var/lib/openstack/bin/neutron-rpc-server version 23.5.0
2026-06-02 07:27:51.998 1 INFO neutron.server.rpc_eventlet [-] Eventlet based AMQP RPC server starting...
2026-06-02 07:27:51.998 1 INFO neutron.manager [-] Loading core plugin: ml2
2026-06-02 07:27:52.775 1 INFO neutron.plugins.ml2.managers [-] Configured type driver names: ['flat', 'gre', 'vlan', 'vxlan']
2026-06-02 07:27:52.777 1 INFO neutron.plugins.ml2.drivers.type_flat [-] Arbitrary flat physical_network names allowed
2026-06-02 07:27:52.779 1 INFO neutron.plugins.ml2.drivers.type_vlan [-] Network VLAN ranges: OrderedDict([('external', [(1, 4094)])])
2026-06-02 07:27:52.780 1 INFO neutron.plugins.ml2.managers [-] Loaded type driver names: ['flat', 'gre', 'vlan', 'vxlan']
2026-06-02 07:27:52.780 1 INFO neutron.plugins.ml2.managers [-] Registered types: dict_keys(['flat', 'gre', 'vlan', 'vxlan'])
2026-06-02 07:27:52.781 1 INFO neutron.plugins.ml2.managers [-] Tenant network_types: ['vxlan']
2026-06-02 07:27:52.781 1 INFO neutron.plugins.ml2.managers [-] Configured extension driver names: ['dns_domain_ports', 'port_security', 'qos']
2026-06-02 07:27:52.786 1 INFO neutron.plugins.ml2.managers [-] Loaded extension driver names: ['dns_domain_ports', 'port_security', 'qos']
2026-06-02 07:27:52.786 1 INFO neutron.plugins.ml2.managers [-] Registered extension drivers: ['dns_domain_ports', 'port_security', 'qos']
2026-06-02 07:27:52.786 1 INFO neutron.plugins.ml2.managers [-] Configured mechanism driver names: ['openvswitch', 'l2population']
2026-06-02 07:27:52.802 1 INFO neutron.plugins.ml2.drivers.mech_agent [-] Open vSwitch agent's supported_vnic_types: ['normal', 'direct', 'smart-nic', 'vdpa']
2026-06-02 07:27:52.803 1 INFO neutron.plugins.ml2.managers [-] Loaded mechanism driver names: ['openvswitch', 'l2population']
2026-06-02 07:27:52.803 1 INFO neutron.plugins.ml2.managers [-] Registered mechanism drivers: ['openvswitch', 'l2population']
2026-06-02 07:27:52.833 1 INFO neutron.plugins.ml2.managers [-] Initializing driver for type 'flat'
2026-06-02 07:27:52.834 1 INFO neutron.plugins.ml2.drivers.type_flat [-] ML2 FlatTypeDriver initialization complete
2026-06-02 07:27:52.834 1 INFO neutron.plugins.ml2.managers [-] Initializing driver for type 'gre'
2026-06-02 07:27:52.834 1 INFO neutron.plugins.ml2.drivers.type_tunnel [-] gre ID ranges: [(1, 1000)]
2026-06-02 07:27:52.839 1 WARNING oslo_policy.policy [None req-1f0a7e34-eada-43a5-b7e4-3640014f87af - - - - - -] Policies ['delete_port', 'update_port:allowed_address_pairs', 'update_port:allowed_address_pairs:ip_address', 'update_port:allowed_address_pairs:mac_address', 'update_port:fixed_ips', 'update_port:mac_address'] reference a rule that is not defined.
2026-06-02 07:27:53.095 1 INFO neutron.plugins.ml2.managers [None req-1f0a7e34-eada-43a5-b7e4-3640014f87af - - - - - -] Initializing driver for type 'vlan'
2026-06-02 07:27:53.351 1 INFO neutron.plugins.ml2.drivers.type_vlan [None req-1f0a7e34-eada-43a5-b7e4-3640014f87af - - - - - -] VlanTypeDriver initialization complete
2026-06-02 07:27:53.352 1 INFO neutron.plugins.ml2.managers [None req-1f0a7e34-eada-43a5-b7e4-3640014f87af - - - - - -] Initializing driver for type 'vxlan'
2026-06-02 07:27:53.352 1 INFO neutron.plugins.ml2.drivers.type_tunnel [None req-1f0a7e34-eada-43a5-b7e4-3640014f87af - - - - - -] vxlan ID ranges: [(1, 1000)]
2026-06-02 07:27:53.392 1 INFO neutron.plugins.ml2.managers [None req-1f0a7e34-eada-43a5-b7e4-3640014f87af - - - - - -] Initializing extension driver 'dns_domain_ports'
2026-06-02 07:27:53.392 1 INFO neutron.plugins.ml2.extensions.dns_integration [None req-1f0a7e34-eada-43a5-b7e4-3640014f87af - - - - - -] DNSDomainPortsExtensionDriver initialization complete
2026-06-02 07:27:53.392 1 INFO neutron.plugins.ml2.managers [None req-1f0a7e34-eada-43a5-b7e4-3640014f87af - - - - - -] Initializing extension driver 'port_security'
2026-06-02 07:27:53.393 1 INFO neutron.plugins.ml2.extensions.port_security [None req-1f0a7e34-eada-43a5-b7e4-3640014f87af - - - - - -] PortSecurityExtensionDriver initialization complete
2026-06-02 07:27:53.393 1 INFO neutron.plugins.ml2.managers [None req-1f0a7e34-eada-43a5-b7e4-3640014f87af - - - - - -] Initializing extension driver 'qos'
2026-06-02 07:27:53.393 1 INFO neutron.plugins.ml2.managers [None req-1f0a7e34-eada-43a5-b7e4-3640014f87af - - - - - -] Initializing mechanism driver 'openvswitch'
2026-06-02 07:27:53.393 1 INFO neutron.plugins.ml2.managers [None req-1f0a7e34-eada-43a5-b7e4-3640014f87af - - - - - -] Initializing mechanism driver 'l2population'
2026-06-02 07:27:53.406 1 INFO neutron.quota [None req-d0da383c-d2f0-4b4a-9427-6377bae2b5d2 - - - - - -] Loaded quota_driver: .
2026-06-02 07:27:53.407 1 INFO neutron.plugins.ml2.plugin [None req-d0da383c-d2f0-4b4a-9427-6377bae2b5d2 - - - - - -] Modular L2 Plugin initialization complete
2026-06-02 07:27:53.407 1 INFO neutron.plugins.ml2.managers [None req-d0da383c-d2f0-4b4a-9427-6377bae2b5d2 - - - - - -] Got dns-integration extension from driver 'dns_domain_ports'
2026-06-02 07:27:53.407 1 INFO neutron.plugins.ml2.managers [None req-d0da383c-d2f0-4b4a-9427-6377bae2b5d2 - - - - - -] Got dns-domain-ports extension from driver 'dns_domain_ports'
2026-06-02 07:27:53.408 1 INFO neutron.plugins.ml2.managers [None req-d0da383c-d2f0-4b4a-9427-6377bae2b5d2 - - - - - -] Got port-security extension from driver 'port_security'
2026-06-02 07:27:53.408 1 INFO neutron.extensions.vlantransparent [None req-d0da383c-d2f0-4b4a-9427-6377bae2b5d2 - - - - - -] Disabled vlantransparent extension.
2026-06-02 07:27:53.408 1 INFO neutron.manager [None req-d0da383c-d2f0-4b4a-9427-6377bae2b5d2 - - - - - -] Loading Plugin: qos
2026-06-02 07:27:53.421 1 INFO neutron.manager [None req-d0da383c-d2f0-4b4a-9427-6377bae2b5d2 - - - - - -] Loading Plugin: router
2026-06-02 07:27:53.465 1 INFO neutron.services.service_base [None req-d0da383c-d2f0-4b4a-9427-6377bae2b5d2 - - - - - -] Default provider is not specified for service type L3_ROUTER_NAT
2026-06-02 07:27:53.465 1 INFO neutron.manager [None req-d0da383c-d2f0-4b4a-9427-6377bae2b5d2 - - - - - -] Loading Plugin: segments
2026-06-02 07:27:53.560 1 INFO neutron.manager [None req-d0da383c-d2f0-4b4a-9427-6377bae2b5d2 - - - - - -] Loading Plugin: trunk
2026-06-02 07:27:53.627 1 INFO neutron.manager [None req-d0da383c-d2f0-4b4a-9427-6377bae2b5d2 - - - - - -] Loading Plugin: vpnaas
2026-06-02 07:27:53.669 1 WARNING stevedore.named [None req-d0da383c-d2f0-4b4a-9427-6377bae2b5d2 - - - - - -] Could not load neutron_vpnaas.services.vpn.service_drivers.ipsec.IPsecVPNDriver
2026-06-02 07:27:53.728 1 INFO neutron_vpnaas.services.vpn.plugin [None req-d0da383c-d2f0-4b4a-9427-6377bae2b5d2 - - - - - -] VPN plugin using service drivers: dict_keys(['strongswan']), default: strongswan
2026-06-02 07:27:53.729 1 INFO neutron.common.utils [None req-d0da383c-d2f0-4b4a-9427-6377bae2b5d2 - - - - - -] Disable filter validation extension by service plugin VPNDriverPlugin.
2026-06-02 07:27:53.729 1 INFO neutron.manager [None req-d0da383c-d2f0-4b4a-9427-6377bae2b5d2 - - - - - -] Loading Plugin: auto_allocate
2026-06-02 07:27:53.735 1 INFO neutron.manager [None req-d0da383c-d2f0-4b4a-9427-6377bae2b5d2 - - - - - -] Loading Plugin: tag
2026-06-02 07:27:53.741 1 INFO neutron.manager [None req-d0da383c-d2f0-4b4a-9427-6377bae2b5d2 - - - - - -] Loading Plugin: timestamp
2026-06-02 07:27:53.744 1 INFO neutron.manager [None req-d0da383c-d2f0-4b4a-9427-6377bae2b5d2 - - - - - -] Loading Plugin: network_ip_availability
2026-06-02 07:27:53.748 1 INFO neutron.manager [None req-d0da383c-d2f0-4b4a-9427-6377bae2b5d2 - - - - - -] Loading Plugin: flavors
2026-06-02 07:27:53.751 1 INFO neutron.manager [None req-d0da383c-d2f0-4b4a-9427-6377bae2b5d2 - - - - - -] Loading Plugin: revisions
2026-06-02 07:27:53.754 1 INFO neutron.api.extensions [None req-d0da383c-d2f0-4b4a-9427-6377bae2b5d2 - - - - - -] Initializing extension manager.
2026-06-02 07:27:53.756 1 INFO neutron.api.extensions [None req-d0da383c-d2f0-4b4a-9427-6377bae2b5d2 - - - - - -] Loaded extension: address-group
2026-06-02 07:27:53.756 1 INFO neutron.api.extensions [None req-d0da383c-d2f0-4b4a-9427-6377bae2b5d2 - - - - - -] Loaded extension: address-scope
2026-06-02 07:27:53.757 1 INFO neutron.api.extensions [None req-d0da383c-d2f0-4b4a-9427-6377bae2b5d2 - - - - - -] Loaded extension: router-admin-state-down-before-update
2026-06-02 07:27:53.758 1 INFO neutron.api.extensions [None req-d0da383c-d2f0-4b4a-9427-6377bae2b5d2 - - - - - -] Loaded extension: agent
2026-06-02 07:27:53.758 1 INFO neutron.api.extensions [None req-d0da383c-d2f0-4b4a-9427-6377bae2b5d2 - - - - - -] Loaded extension: agent-resources-synced
2026-06-02 07:27:53.759 1 INFO neutron.api.extensions [None req-d0da383c-d2f0-4b4a-9427-6377bae2b5d2 - - - - - -] Loaded extension: allowed-address-pairs
2026-06-02 07:27:53.760 1 INFO neutron.api.extensions [None req-d0da383c-d2f0-4b4a-9427-6377bae2b5d2 - - - - - -] Loaded extension: auto-allocated-topology
2026-06-02 07:27:53.761 1 INFO neutron.api.extensions [None req-d0da383c-d2f0-4b4a-9427-6377bae2b5d2 - - - - - -] Loaded extension: availability_zone
2026-06-02 07:27:53.761 1 INFO neutron.api.extensions [None req-d0da383c-d2f0-4b4a-9427-6377bae2b5d2 - - - - - -] Loaded extension: availability_zone_filter
2026-06-02 07:27:53.762 1 INFO neutron.api.extensions [None req-d0da383c-d2f0-4b4a-9427-6377bae2b5d2 - - - - - -] Extension data-plane-status not supported by any of loaded plugins
2026-06-02 07:27:53.762 1 INFO neutron.api.extensions [None req-d0da383c-d2f0-4b4a-9427-6377bae2b5d2 - - - - - -] Loaded extension: default-subnetpools
2026-06-02 07:27:53.763 1 INFO neutron.api.extensions [None req-d0da383c-d2f0-4b4a-9427-6377bae2b5d2 - - - - - -] Loaded extension: dhcp_agent_scheduler
2026-06-02 07:27:53.764 1 INFO neutron.api.extensions [None req-d0da383c-d2f0-4b4a-9427-6377bae2b5d2 - - - - - -] Loaded extension: dns-integration
2026-06-02 07:27:53.765 1 INFO neutron.api.extensions [None req-d0da383c-d2f0-4b4a-9427-6377bae2b5d2 - - - - - -] Loaded extension: dns-domain-ports
2026-06-02 07:27:53.765 1 INFO neutron.api.extensions [None req-d0da383c-d2f0-4b4a-9427-6377bae2b5d2 - - - - - -] Extension dns-integration-domain-keywords not supported by any of loaded plugins
2026-06-02 07:27:53.766 1 INFO neutron.api.extensions [None req-d0da383c-d2f0-4b4a-9427-6377bae2b5d2 - - - - - -] Loaded extension: dvr
2026-06-02 07:27:53.766 1 INFO neutron.api.extensions [None req-d0da383c-d2f0-4b4a-9427-6377bae2b5d2 - - - - - -] Extension ecmp_routes not supported by any of loaded plugins
2026-06-02 07:27:53.767 1 INFO neutron.api.extensions [None req-d0da383c-d2f0-4b4a-9427-6377bae2b5d2 - - - - - -] Loaded extension: empty-string-filtering
2026-06-02 07:27:53.767 1 INFO neutron.api.extensions [None req-d0da383c-d2f0-4b4a-9427-6377bae2b5d2 - - - - - -] Extension expose-l3-conntrack-helper not supported by any of loaded plugins
2026-06-02 07:27:53.768 1 INFO neutron.api.extensions [None req-d0da383c-d2f0-4b4a-9427-6377bae2b5d2 - - - - - -] Extension expose-port-forwarding-in-fip not supported by any of loaded plugins
2026-06-02 07:27:53.768 1 INFO neutron.api.extensions [None req-d0da383c-d2f0-4b4a-9427-6377bae2b5d2 - - - - - -] Loaded extension: external-net
2026-06-02 07:27:53.769 1 INFO neutron.api.extensions [None req-d0da383c-d2f0-4b4a-9427-6377bae2b5d2 - - - - - -] Loaded extension: extra_dhcp_opt
2026-06-02 07:27:53.770 1 INFO neutron.api.extensions [None req-d0da383c-d2f0-4b4a-9427-6377bae2b5d2 - - - - - -] Loaded extension: extraroute
2026-06-02 07:27:53.770 1 INFO neutron.api.extensions [None req-d0da383c-d2f0-4b4a-9427-6377bae2b5d2 - - - - - -] Loaded extension: extraroute-atomic
2026-06-02 07:27:53.771 1 INFO neutron.api.extensions [None req-d0da383c-d2f0-4b4a-9427-6377bae2b5d2 - - - - - -] Extension filter-validation not supported by any of loaded plugins
2026-06-02 07:27:53.772 1 INFO neutron.api.extensions [None req-d0da383c-d2f0-4b4a-9427-6377bae2b5d2 - - - - - -] Extension floating-ip-port-forwarding-description not supported by any of loaded plugins
2026-06-02 07:27:53.772 1 INFO neutron.api.extensions [None req-d0da383c-d2f0-4b4a-9427-6377bae2b5d2 - - - - - -] Loaded extension: floating-ip-port-forwarding-detail
2026-06-02 07:27:53.773 1 INFO neutron.api.extensions [None req-d0da383c-d2f0-4b4a-9427-6377bae2b5d2 - - - - - -] Extension floating-ip-port-forwarding-port-ranges not supported by any of loaded plugins
2026-06-02 07:27:53.774 1 INFO neutron.api.extensions [None req-d0da383c-d2f0-4b4a-9427-6377bae2b5d2 - - - - - -] Loaded extension: fip-port-details
2026-06-02 07:27:53.774 1 INFO neutron.api.extensions [None req-d0da383c-d2f0-4b4a-9427-6377bae2b5d2 - - - - - -] Loaded extension: flavors
2026-06-02 07:27:53.775 1 INFO neutron.api.extensions [None req-d0da383c-d2f0-4b4a-9427-6377bae2b5d2 - - - - - -] Extension floating-ip-port-forwarding not supported by any of loaded plugins
2026-06-02 07:27:53.776 1 INFO neutron.api.extensions [None req-d0da383c-d2f0-4b4a-9427-6377bae2b5d2 - - - - - -] Loaded extension: floatingip-pools
2026-06-02 07:27:53.777 1 INFO neutron.api.extensions [None req-d0da383c-d2f0-4b4a-9427-6377bae2b5d2 - - - - - -] Loaded extension: ip_allocation
2026-06-02 07:27:53.777 1 INFO neutron.api.extensions [None req-d0da383c-d2f0-4b4a-9427-6377bae2b5d2 - - - - - -] Loaded extension: ip-substring-filtering
2026-06-02 07:27:53.778 1 INFO neutron.api.extensions [None req-d0da383c-d2f0-4b4a-9427-6377bae2b5d2 - - - - - -] Loaded extension: l2_adjacency
2026-06-02 07:27:53.779 1 INFO neutron.api.extensions [None req-d0da383c-d2f0-4b4a-9427-6377bae2b5d2 - - - - - -] Loaded extension: router
2026-06-02 07:27:53.780 1 INFO neutron.api.extensions [None req-d0da383c-d2f0-4b4a-9427-6377bae2b5d2 - - - - - -] Extension l3-conntrack-helper not supported by any of loaded plugins
2026-06-02 07:27:53.780 1 INFO neutron.api.extensions [None req-d0da383c-d2f0-4b4a-9427-6377bae2b5d2 - - - - - -] Loaded extension: ext-gw-mode
2026-06-02 07:27:53.781 1 INFO neutron.api.extensions [None req-d0da383c-d2f0-4b4a-9427-6377bae2b5d2 - - - - - -] Loaded extension: l3-ha
2026-06-02 07:27:53.781 1 INFO neutron.api.extensions [None req-d0da383c-d2f0-4b4a-9427-6377bae2b5d2 - - - - - -] Extension l3-ext-ndp-proxy not supported by any of loaded plugins
2026-06-02 07:27:53.782 1 INFO neutron.api.extensions [None req-d0da383c-d2f0-4b4a-9427-6377bae2b5d2 - - - - - -] Extension external-gateway-multihoming not supported by any of loaded plugins
2026-06-02 07:27:53.782 1 INFO neutron.api.extensions [None req-d0da383c-d2f0-4b4a-9427-6377bae2b5d2 - - - - - -] Loaded extension: l3-flavors
2026-06-02 07:27:53.783 1 INFO neutron.api.extensions [None req-d0da383c-d2f0-4b4a-9427-6377bae2b5d2 - - - - - -] Extension l3-ndp-proxy not supported by any of loaded plugins
2026-06-02 07:27:53.783 1 INFO neutron.api.extensions [None req-d0da383c-d2f0-4b4a-9427-6377bae2b5d2 - - - - - -] Loaded extension: l3-port-ip-change-not-allowed
2026-06-02 07:27:53.785 1 INFO neutron.api.extensions [None req-d0da383c-d2f0-4b4a-9427-6377bae2b5d2 - - - - - -] Loaded extension: l3_agent_scheduler
2026-06-02 07:27:53.786 1 INFO neutron.api.extensions [None req-d0da383c-d2f0-4b4a-9427-6377bae2b5d2 - - - - - -] Extension local_ip not supported by any of loaded plugins
2026-06-02 07:27:53.787 1 INFO neutron.api.extensions [None req-d0da383c-d2f0-4b4a-9427-6377bae2b5d2 - - - - - -] Extension logging not supported by any of loaded plugins
2026-06-02 07:27:53.788 1 INFO neutron.api.extensions [None req-d0da383c-d2f0-4b4a-9427-6377bae2b5d2 - - - - - -] Extension metering not supported by any of loaded plugins
2026-06-02 07:27:53.788 1 INFO neutron.api.extensions [None req-d0da383c-d2f0-4b4a-9427-6377bae2b5d2 - - - - - -] Extension metering_source_and_destination_fields not supported by any of loaded plugins
2026-06-02 07:27:53.789 1 INFO neutron.api.extensions [None req-d0da383c-d2f0-4b4a-9427-6377bae2b5d2 - - - - - -] Loaded extension: multi-provider
2026-06-02 07:27:53.789 1 INFO neutron.api.extensions [None req-d0da383c-d2f0-4b4a-9427-6377bae2b5d2 - - - - - -] Loaded extension: net-mtu
2026-06-02 07:27:53.790 1 INFO neutron.api.extensions [None req-d0da383c-d2f0-4b4a-9427-6377bae2b5d2 - - - - - -] Loaded extension: net-mtu-writable
2026-06-02 07:27:53.791 1 INFO neutron.api.extensions [None req-d0da383c-d2f0-4b4a-9427-6377bae2b5d2 - - - - - -] Loaded extension: network_availability_zone
2026-06-02 07:27:53.791 1 INFO neutron.api.extensions [None req-d0da383c-d2f0-4b4a-9427-6377bae2b5d2 - - - - - -] Loaded extension: network_ha
2026-06-02 07:27:53.792 1 INFO neutron.api.extensions [None req-d0da383c-d2f0-4b4a-9427-6377bae2b5d2 - - - - - -] Loaded extension: network-ip-availability
2026-06-02 07:27:53.793 1 INFO neutron.api.extensions [None req-d0da383c-d2f0-4b4a-9427-6377bae2b5d2 - - - - - -] Extension network-segment-range not supported by any of loaded plugins
2026-06-02 07:27:53.794 1 INFO neutron.api.extensions [None req-d0da383c-d2f0-4b4a-9427-6377bae2b5d2 - - - - - -] Loaded extension: pagination
2026-06-02 07:27:53.795 1 INFO neutron.api.extensions [None req-d0da383c-d2f0-4b4a-9427-6377bae2b5d2 - - - - - -] Loaded extension: port-device-profile
2026-06-02 07:27:53.795 1 INFO neutron.api.extensions [None req-d0da383c-d2f0-4b4a-9427-6377bae2b5d2 - - - - - -] Extension port-hint-ovs-tx-steering not supported by any of loaded plugins
2026-06-02 07:27:53.796 1 INFO neutron.api.extensions [None req-d0da383c-d2f0-4b4a-9427-6377bae2b5d2 - - - - - -] Extension port-hints not supported by any of loaded plugins
2026-06-02 07:27:53.796 1 INFO neutron.api.extensions [None req-d0da383c-d2f0-4b4a-9427-6377bae2b5d2 - - - - - -] Loaded extension: port-mac-override
2026-06-02 07:27:53.797 1 INFO neutron.api.extensions [None req-d0da383c-d2f0-4b4a-9427-6377bae2b5d2 - - - - - -] Loaded extension: port-mac-address-regenerate
2026-06-02 07:27:53.797 1 INFO neutron.api.extensions [None req-d0da383c-d2f0-4b4a-9427-6377bae2b5d2 - - - - - -] Loaded extension: port-numa-affinity-policy
2026-06-02 07:27:53.798 1 INFO neutron.api.extensions [None req-d0da383c-d2f0-4b4a-9427-6377bae2b5d2 - - - - - -] Loaded extension: port-resource-request
2026-06-02 07:27:53.799 1 INFO neutron.api.extensions [None req-d0da383c-d2f0-4b4a-9427-6377bae2b5d2 - - - - - -] Loaded extension: port-resource-request-groups
2026-06-02 07:27:53.799 1 INFO neutron.api.extensions [None req-d0da383c-d2f0-4b4a-9427-6377bae2b5d2 - - - - - -] Loaded extension: binding
2026-06-02 07:27:53.800 1 INFO neutron.api.extensions [None req-d0da383c-d2f0-4b4a-9427-6377bae2b5d2 - - - - - -] Loaded extension: binding-extended
2026-06-02 07:27:53.801 1 INFO neutron.api.extensions [None req-d0da383c-d2f0-4b4a-9427-6377bae2b5d2 - - - - - -] Loaded extension: port-security
2026-06-02 07:27:53.801 1 INFO neutron.api.extensions [None req-d0da383c-d2f0-4b4a-9427-6377bae2b5d2 - - - - - -] Loaded extension: project-id
2026-06-02 07:27:53.801 1 INFO neutron.api.extensions [None req-d0da383c-d2f0-4b4a-9427-6377bae2b5d2 - - - - - -] Loaded extension: provider
2026-06-02 07:27:53.803 1 INFO neutron.api.extensions [None req-d0da383c-d2f0-4b4a-9427-6377bae2b5d2 - - - - - -] Loaded extension: qos
2026-06-02 07:27:53.804 1 INFO neutron.api.extensions [None req-d0da383c-d2f0-4b4a-9427-6377bae2b5d2 - - - - - -] Loaded extension: qos-bw-limit-direction
2026-06-02 07:27:53.804 1 INFO neutron.api.extensions [None req-d0da383c-d2f0-4b4a-9427-6377bae2b5d2 - - - - - -] Loaded extension: qos-bw-minimum-ingress
2026-06-02 07:27:53.805 1 INFO neutron.api.extensions [None req-d0da383c-d2f0-4b4a-9427-6377bae2b5d2 - - - - - -] Loaded extension: qos-default
2026-06-02 07:27:53.806 1 INFO neutron.api.extensions [None req-d0da383c-d2f0-4b4a-9427-6377bae2b5d2 - - - - - -] Loaded extension: qos-fip
2026-06-02 07:27:53.806 1 INFO neutron.api.extensions [None req-d0da383c-d2f0-4b4a-9427-6377bae2b5d2 - - - - - -] Extension qos-fip-network-policy not supported by any of loaded plugins
2026-06-02 07:27:53.807 1 INFO neutron.api.extensions [None req-d0da383c-d2f0-4b4a-9427-6377bae2b5d2 - - - - - -] Loaded extension: qos-gateway-ip
2026-06-02 07:27:53.807 1 INFO neutron.api.extensions [None req-d0da383c-d2f0-4b4a-9427-6377bae2b5d2 - - - - - -] Loaded extension: qos-port-network-policy
2026-06-02 07:27:53.808 1 INFO neutron.api.extensions [None req-d0da383c-d2f0-4b4a-9427-6377bae2b5d2 - - - - - -] Loaded extension: qos-pps-minimum
2026-06-02 07:27:53.809 1 INFO neutron.api.extensions [None req-d0da383c-d2f0-4b4a-9427-6377bae2b5d2 - - - - - -] Loaded extension: qos-pps-minimum-rule-alias
2026-06-02 07:27:53.809 1 INFO neutron.api.extensions [None req-d0da383c-d2f0-4b4a-9427-6377bae2b5d2 - - - - - -] Loaded extension: qos-pps
2026-06-02 07:27:53.810 1 INFO neutron.api.extensions [None req-d0da383c-d2f0-4b4a-9427-6377bae2b5d2 - - - - - -] Loaded extension: qos-rule-type-details
2026-06-02 07:27:53.810 1 INFO neutron.api.extensions [None req-d0da383c-d2f0-4b4a-9427-6377bae2b5d2 - - - - - -] Loaded extension: qos-rule-type-filter
2026-06-02 07:27:53.811 1 INFO neutron.api.extensions [None req-d0da383c-d2f0-4b4a-9427-6377bae2b5d2 - - - - - -] Loaded extension: qos-rules-alias
2026-06-02 07:27:53.811 1 INFO neutron.api.extensions [None req-d0da383c-d2f0-4b4a-9427-6377bae2b5d2 - - - - - -] Loaded extension: quota-check-limit
2026-06-02 07:27:53.813 1 INFO neutron.api.extensions [None req-d0da383c-d2f0-4b4a-9427-6377bae2b5d2 - - - - - -] Loaded extension: quotas
2026-06-02 07:27:53.815 1 INFO neutron.api.extensions [None req-d0da383c-d2f0-4b4a-9427-6377bae2b5d2 - - - - - -] Loaded extension: quota_details
2026-06-02 07:27:53.816 1 INFO neutron.api.extensions [None req-d0da383c-d2f0-4b4a-9427-6377bae2b5d2 - - - - - -] Loaded extension: rbac-policies
2026-06-02 07:27:53.817 1 INFO neutron.api.extensions [None req-d0da383c-d2f0-4b4a-9427-6377bae2b5d2 - - - - - -] Loaded extension: rbac-address-group
2026-06-02 07:27:53.817 1 INFO neutron.api.extensions [None req-d0da383c-d2f0-4b4a-9427-6377bae2b5d2 - - - - - -] Loaded extension: rbac-address-scope
2026-06-02 07:27:53.818 1 INFO neutron.api.extensions [None req-d0da383c-d2f0-4b4a-9427-6377bae2b5d2 - - - - - -] Loaded extension: rbac-security-groups
2026-06-02 07:27:53.818 1 INFO neutron.api.extensions [None req-d0da383c-d2f0-4b4a-9427-6377bae2b5d2 - - - - - -] Loaded extension: rbac-subnetpool
2026-06-02 07:27:53.819 1 INFO neutron.api.extensions [None req-d0da383c-d2f0-4b4a-9427-6377bae2b5d2 - - - - - -] Loaded extension: revision-if-match
2026-06-02 07:27:53.819 1 INFO neutron.api.extensions [None req-d0da383c-d2f0-4b4a-9427-6377bae2b5d2 - - - - - -] Loaded extension: standard-attr-revisions
2026-06-02 07:27:53.820 1 INFO neutron.api.extensions [None req-d0da383c-d2f0-4b4a-9427-6377bae2b5d2 - - - - - -] Loaded extension: router_availability_zone
2026-06-02 07:27:53.820 1 INFO neutron.api.extensions [None req-d0da383c-d2f0-4b4a-9427-6377bae2b5d2 - - - - - -] Extension router-service-type not supported by any of loaded plugins
2026-06-02 07:27:53.822 1 INFO neutron.api.extensions [None req-d0da383c-d2f0-4b4a-9427-6377bae2b5d2 - - - - - -] Loaded extension: security-groups-default-rules
2026-06-02 07:27:53.822 1 INFO neutron.api.extensions [None req-d0da383c-d2f0-4b4a-9427-6377bae2b5d2 - - - - - -] Loaded extension: security-groups-normalized-cidr
2026-06-02 07:27:53.823 1 INFO neutron.api.extensions [None req-d0da383c-d2f0-4b4a-9427-6377bae2b5d2 - - - - - -] Loaded extension: port-security-groups-filtering
2026-06-02 07:27:53.823 1 INFO neutron.api.extensions [None req-d0da383c-d2f0-4b4a-9427-6377bae2b5d2 - - - - - -] Loaded extension: security-groups-remote-address-group
2026-06-02 07:27:53.824 1 INFO neutron.api.extensions [None req-d0da383c-d2f0-4b4a-9427-6377bae2b5d2 - - - - - -] Loaded extension: security-groups-shared-filtering
2026-06-02 07:27:53.830 1 INFO neutron.api.extensions [None req-d0da383c-d2f0-4b4a-9427-6377bae2b5d2 - - - - - -] Loaded extension: security-group
2026-06-02 07:27:53.831 1 INFO neutron.api.extensions [None req-d0da383c-d2f0-4b4a-9427-6377bae2b5d2 - - - - - -] Loaded extension: segment
2026-06-02 07:27:53.831 1 INFO neutron.api.extensions [None req-d0da383c-d2f0-4b4a-9427-6377bae2b5d2 - - - - - -] Loaded extension: segments-peer-subnet-host-routes
2026-06-02 07:27:53.832 1 INFO neutron.api.extensions [None req-d0da383c-d2f0-4b4a-9427-6377bae2b5d2 - - - - - -] Loaded extension: service-type
2026-06-02 07:27:53.832 1 INFO neutron.api.extensions [None req-d0da383c-d2f0-4b4a-9427-6377bae2b5d2 - - - - - -] Loaded extension: sorting
2026-06-02 07:27:53.833 1 INFO neutron.api.extensions [None req-d0da383c-d2f0-4b4a-9427-6377bae2b5d2 - - - - - -] Loaded extension: standard-attr-segment
2026-06-02 07:27:53.833 1 INFO neutron.api.extensions [None req-d0da383c-d2f0-4b4a-9427-6377bae2b5d2 - - - - - -] Loaded extension: standard-attr-description
2026-06-02 07:27:53.834 1 INFO neutron.api.extensions [None req-d0da383c-d2f0-4b4a-9427-6377bae2b5d2 - - - - - -] Loaded extension: stateful-security-group
2026-06-02 07:27:53.835 1 WARNING neutron.api.extensions [None req-d0da383c-d2f0-4b4a-9427-6377bae2b5d2 - - - - - -] Did not find expected name "Stdattrs_common" in /var/lib/openstack/lib/python3.10/site-packages/neutron/extensions/stdattrs_common.py
2026-06-02 07:27:53.835 1 INFO neutron.api.extensions [None req-d0da383c-d2f0-4b4a-9427-6377bae2b5d2 - - - - - -] Extension subnet-dns-publish-fixed-ip not supported by any of loaded plugins
2026-06-02 07:27:53.836 1 INFO neutron.api.extensions [None req-d0da383c-d2f0-4b4a-9427-6377bae2b5d2 - - - - - -] Loaded extension: subnet_onboard
2026-06-02 07:27:53.836 1 INFO neutron.api.extensions [None req-d0da383c-d2f0-4b4a-9427-6377bae2b5d2 - - - - - -] Loaded extension: subnet-segmentid-writable
2026-06-02 07:27:53.837 1 INFO neutron.api.extensions [None req-d0da383c-d2f0-4b4a-9427-6377bae2b5d2 - - - - - -] Loaded extension: subnet-service-types
2026-06-02 07:27:53.838 1 INFO neutron.api.extensions [None req-d0da383c-d2f0-4b4a-9427-6377bae2b5d2 - - - - - -] Loaded extension: subnet_allocation
2026-06-02 07:27:53.838 1 INFO neutron.api.extensions [None req-d0da383c-d2f0-4b4a-9427-6377bae2b5d2 - - - - - -] Loaded extension: subnetpool-prefix-ops
2026-06-02 07:27:53.839 1 INFO neutron.api.extensions [None req-d0da383c-d2f0-4b4a-9427-6377bae2b5d2 - - - - - -] Extension tag-ports-during-bulk-creation not supported by any of loaded plugins
2026-06-02 07:27:53.842 1 INFO neutron.api.extensions [None req-d0da383c-d2f0-4b4a-9427-6377bae2b5d2 - - - - - -] Loaded extension: standard-attr-tag
2026-06-02 07:27:53.842 1 INFO neutron.api.extensions [None req-d0da383c-d2f0-4b4a-9427-6377bae2b5d2 - - - - - -] Loaded extension: standard-attr-timestamp
2026-06-02 07:27:53.843 1 INFO neutron.api.extensions [None req-d0da383c-d2f0-4b4a-9427-6377bae2b5d2 - - - - - -] Loaded extension: trunk
2026-06-02 07:27:53.844 1 INFO neutron.api.extensions [None req-d0da383c-d2f0-4b4a-9427-6377bae2b5d2 - - - - - -] Loaded extension: trunk-details
2026-06-02 07:27:53.844 1 INFO neutron.api.extensions [None req-d0da383c-d2f0-4b4a-9427-6377bae2b5d2 - - - - - -] Extension uplink-status-propagation not supported by any of loaded plugins
2026-06-02 07:27:53.845 1 INFO neutron.api.extensions [None req-d0da383c-d2f0-4b4a-9427-6377bae2b5d2 - - - - - -] Extension vlan-transparent not supported by any of loaded plugins
2026-06-02 07:27:53.846 1 INFO neutron.api.extensions [None req-d0da383c-d2f0-4b4a-9427-6377bae2b5d2 - - - - - -] Loaded extension: vpn-endpoint-groups
2026-06-02 07:27:53.847 1 INFO neutron.api.extensions [None req-d0da383c-d2f0-4b4a-9427-6377bae2b5d2 - - - - - -] Loaded extension: vpn-flavors
2026-06-02 07:27:53.848 1 INFO neutron.api.extensions [None req-d0da383c-d2f0-4b4a-9427-6377bae2b5d2 - - - - - -] Loaded extension: vpnaas
2026-06-02 07:27:53.851 1 INFO oslo_service.service [None req-d0da383c-d2f0-4b4a-9427-6377bae2b5d2 - - - - - -] Starting 2 workers
2026-06-02 07:27:53.856 1 INFO oslo_service.service [None req-d0da383c-d2f0-4b4a-9427-6377bae2b5d2 - - - - - -] Starting 1 workers
2026-06-02 07:28:30.854 10 INFO neutron.db.l3_hamode_db [None req-7025c6b5-1886-4c80-8280-ae139d31eea9 - - - - - -] Number of active agents lower than max_l3_agents_per_router. L3 agents available: 1
2026-06-02 07:28:42.929 9 INFO neutron.plugins.ml2.plugin [None req-b3bfcb2b-ce1e-4355-8487-5fddb59d3d35 - - - - - -] Attempt 1 to provision port 1f57a5ab-5804-470f-bcf7-58a518fc95f5
2026-06-02 07:28:44.702 10 INFO neutron.plugins.ml2.plugin [None req-cbb974b5-d99d-4f93-b3f3-e8be1e37ea36 - - - - - -] Attempt 1 to provision port 1f57a5ab-5804-470f-bcf7-58a518fc95f5
2026-06-02 07:28:44.733 9 INFO neutron.plugins.ml2.plugin [None req-b3bfcb2b-ce1e-4355-8487-5fddb59d3d35 - - - - - -] Attempt 1 to provision port 1f57a5ab-5804-470f-bcf7-58a518fc95f5
2026-06-02 07:33:16.952 9 INFO neutron.plugins.ml2.plugin [None req-b3bfcb2b-ce1e-4355-8487-5fddb59d3d35 - - - - - -] Attempt 1 to provision port a9a9d42b-f6f3-47f7-9336-bfc23b7f1b61
2026-06-02 07:33:17.118 10 INFO neutron.plugins.ml2.plugin [None req-57d84804-9f08-4c61-b7f2-7cf4f0c4fc56 - - - - - -] Attempt 1 to provision port a9a9d42b-f6f3-47f7-9336-bfc23b7f1b61
2026-06-02 07:33:18.933 9 INFO neutron.plugins.ml2.plugin [None req-b3bfcb2b-ce1e-4355-8487-5fddb59d3d35 - - - - - -] Attempt 1 to provision port a9a9d42b-f6f3-47f7-9336-bfc23b7f1b61
2026-06-02 07:33:25.158 9 INFO neutron.plugins.ml2.plugin [None req-68b7e650-0534-4816-9330-96e7ecca09dd - - - - - -] Attempt 1 to provision port 6bf73940-9f88-4766-8881-9ef62ab24771
2026-06-02 07:37:19.278 9 INFO neutron.plugins.ml2.plugin [None req-b3bfcb2b-ce1e-4355-8487-5fddb59d3d35 - - - - - -] Attempt 1 to provision port 6bf73940-9f88-4766-8881-9ef62ab24771
2026-06-02 07:37:21.110 10 INFO neutron.plugins.ml2.plugin [None req-b3bfcb2b-ce1e-4355-8487-5fddb59d3d35 - - - - - -] Attempt 1 to provision port 6bf73940-9f88-4766-8881-9ef62ab24771
2026-06-02 07:45:45.491 9 INFO neutron.plugins.ml2.plugin [None req-b3bfcb2b-ce1e-4355-8487-5fddb59d3d35 - - - - - -] Attempt 1 to provision port e2934fdf-8e7b-40e0-b656-f08f2a1213c3
2026-06-02 07:45:47.460 10 INFO neutron.plugins.ml2.plugin [None req-b3bfcb2b-ce1e-4355-8487-5fddb59d3d35 - - - - - -] Attempt 1 to provision port e2934fdf-8e7b-40e0-b656-f08f2a1213c3
2026-06-02 08:01:58.959 9 INFO neutron.plugins.ml2.plugin [None req-ded116c3-7e43-4dfc-aa49-f0b662c38484 - - - - - -] Attempt 1 to provision port 3c863785-481c-4a05-ae31-caff058f3c97
2026-06-02 08:01:59.710 9 INFO neutron.plugins.ml2.plugin [None req-05df6182-9855-42cc-aed0-159d04d4a8ba - - - - - -] Attempt 1 to provision port 263eb72e-ba8c-4b79-bc9f-459c9ad82dd9
2026-06-02 08:02:00.162 10 INFO neutron.plugins.ml2.plugin [None req-b3bfcb2b-ce1e-4355-8487-5fddb59d3d35 - - - - - -] Attempt 1 to provision port 494b787a-a401-4390-aaad-7ffc6832e614
2026-06-02 08:02:00.174 10 INFO neutron.plugins.ml2.plugin [None req-aaf26de0-3c28-44b5-9ea1-f6be281f872a - - - - - -] Attempt 1 to provision port 8dc9cb27-9cba-4d6f-9ac8-b4f942a5ef86
2026-06-02 08:02:00.740 10 INFO neutron.plugins.ml2.plugin [None req-b3bfcb2b-ce1e-4355-8487-5fddb59d3d35 - - - - - -] Attempt 1 to provision port eebf0813-ff90-4069-887a-ba43937af8d5
2026-06-02 08:02:00.752 9 INFO neutron.plugins.ml2.plugin [None req-36ee820d-d453-4914-8c8d-cba17b37681a - - - - - -] Attempt 1 to provision port 494b787a-a401-4390-aaad-7ffc6832e614
2026-06-02 08:02:00.944 9 INFO neutron.plugins.ml2.plugin [None req-36ee820d-d453-4914-8c8d-cba17b37681a - - - - - -] Attempt 1 to provision port eebf0813-ff90-4069-887a-ba43937af8d5
2026-06-02 08:02:01.180 10 INFO neutron.plugins.ml2.plugin [None req-b3bfcb2b-ce1e-4355-8487-5fddb59d3d35 - - - - - -] Attempt 1 to provision port 8dc9cb27-9cba-4d6f-9ac8-b4f942a5ef86
2026-06-02 08:02:02.091 9 INFO neutron.plugins.ml2.plugin [None req-b3bfcb2b-ce1e-4355-8487-5fddb59d3d35 - - - - - -] Attempt 1 to provision port 494b787a-a401-4390-aaad-7ffc6832e614
2026-06-02 08:02:02.279 9 INFO neutron.plugins.ml2.plugin [None req-9df6acee-964d-464f-bd6b-ffad865aaf1a - - - - - -] Attempt 1 to provision port ee98bcaf-746d-439a-b51d-b57587ce402d
2026-06-02 08:02:02.512 9 INFO neutron.plugins.ml2.plugin [None req-b3bfcb2b-ce1e-4355-8487-5fddb59d3d35 - - - - - -] Attempt 1 to provision port eebf0813-ff90-4069-887a-ba43937af8d5
2026-06-02 08:02:02.710 9 INFO neutron.plugins.ml2.plugin [None req-f24e7cc8-9613-4112-a022-7a45fb3dc803 - - - - - -] Attempt 1 to provision port 0902bdbd-73de-4187-a64c-3d1b4c93b9d7
2026-06-02 08:02:02.932 9 INFO neutron.plugins.ml2.plugin [None req-b3bfcb2b-ce1e-4355-8487-5fddb59d3d35 - - - - - -] Attempt 1 to provision port 8dc9cb27-9cba-4d6f-9ac8-b4f942a5ef86
2026-06-02 08:02:03.367 9 INFO neutron.plugins.ml2.plugin [None req-649d0f09-3b4c-4ded-84f5-9e9a283aea96 - - - - - -] Attempt 1 to provision port 0902bdbd-73de-4187-a64c-3d1b4c93b9d7
2026-06-02 08:02:04.522 9 INFO neutron.plugins.ml2.plugin [None req-f86110bc-b622-4707-992f-762ef948114e - - - - - -] Attempt 1 to provision port a440296f-0ce6-49ba-966f-f708f41809fe
2026-06-02 08:02:05.187 10 INFO neutron.plugins.ml2.plugin [None req-8d50aa23-f685-4b9a-94c0-f8fbc862ddfb - - - - - -] Attempt 1 to provision port ebd3608b-ab56-4d7c-b397-2b6df82f530b
2026-06-02 08:02:05.229 10 INFO neutron.plugins.ml2.plugin [None req-8d50aa23-f685-4b9a-94c0-f8fbc862ddfb - - - - - -] Attempt 1 to provision port a440296f-0ce6-49ba-966f-f708f41809fe
2026-06-02 08:02:05.786 10 INFO neutron.plugins.ml2.plugin [None req-2866f5b2-8e2b-4962-a666-530b4930c2f0 - - - - - -] Attempt 1 to provision port ebd3608b-ab56-4d7c-b397-2b6df82f530b
2026-06-02 08:02:08.126 9 INFO neutron.plugins.ml2.plugin [None req-b3bfcb2b-ce1e-4355-8487-5fddb59d3d35 - - - - - -] Attempt 1 to provision port 8b885145-5ed9-4044-97a1-93728d23203f
2026-06-02 08:02:08.371 10 INFO neutron.plugins.ml2.plugin [None req-53e0ca6c-5797-409f-9d92-d3be5b73497f - - - - - -] Attempt 1 to provision port 0b2fe2b8-bc44-4f8f-b3d5-f2d9beb762a3
2026-06-02 08:02:08.530 9 INFO neutron.plugins.ml2.plugin [None req-df590b8b-abb5-4fe0-9764-54b2c9e4b8b2 - - - - - -] Attempt 1 to provision port 8b885145-5ed9-4044-97a1-93728d23203f
2026-06-02 08:02:10.094 10 INFO neutron.plugins.ml2.plugin [None req-b3bfcb2b-ce1e-4355-8487-5fddb59d3d35 - - - - - -] Attempt 1 to provision port 8b885145-5ed9-4044-97a1-93728d23203f
2026-06-02 08:02:11.061 9 INFO neutron.plugins.ml2.plugin [None req-117de8a2-4d3d-4213-8431-64067f02d2a7 - - - - - -] Attempt 1 to provision port 1b90bb9c-4533-4386-a9a0-bc7f884f642e
2026-06-02 08:02:11.713 9 INFO neutron.plugins.ml2.plugin [None req-b66f2ba8-a223-4ad4-9194-0d0445c4955f - - - - - -] Attempt 1 to provision port 1b90bb9c-4533-4386-a9a0-bc7f884f642e
2026-06-02 08:02:12.186 10 INFO neutron.plugins.ml2.plugin [None req-b3bfcb2b-ce1e-4355-8487-5fddb59d3d35 - - - - - -] Attempt 1 to provision port 06a40f14-23c4-49a7-abd3-7c89e63f152a
2026-06-02 08:02:12.666 9 INFO neutron.plugins.ml2.plugin [None req-ded230d6-1e1f-4ee5-b3bd-3e6eb0531f07 - - - - - -] Attempt 1 to provision port 9d355ce7-a5ad-40af-8ea8-f682cc9eae35
2026-06-02 08:02:12.710 10 INFO neutron.plugins.ml2.plugin [None req-b3bfcb2b-ce1e-4355-8487-5fddb59d3d35 - - - - - -] Attempt 1 to provision port 95d911d4-22f9-4c17-bb6d-1dff8677e050
2026-06-02 08:02:13.439 10 INFO neutron.plugins.ml2.plugin [None req-b3bfcb2b-ce1e-4355-8487-5fddb59d3d35 - - - - - -] Attempt 1 to provision port 74e77f8a-8c5f-4c03-b044-d177cc341350
2026-06-02 08:02:13.949 10 INFO neutron.plugins.ml2.plugin [None req-b3bfcb2b-ce1e-4355-8487-5fddb59d3d35 - - - - - -] Attempt 1 to provision port d033a38d-5f56-48f8-b84f-935b80f07a74
2026-06-02 08:02:14.764 9 INFO neutron.plugins.ml2.plugin [None req-b3bfcb2b-ce1e-4355-8487-5fddb59d3d35 - - - - - -] Attempt 1 to provision port 95d911d4-22f9-4c17-bb6d-1dff8677e050
2026-06-02 08:02:15.169 9 INFO neutron.plugins.ml2.plugin [None req-b3bfcb2b-ce1e-4355-8487-5fddb59d3d35 - - - - - -] Attempt 1 to provision port 74e77f8a-8c5f-4c03-b044-d177cc341350
2026-06-02 08:02:15.476 9 INFO neutron.plugins.ml2.plugin [None req-b3bfcb2b-ce1e-4355-8487-5fddb59d3d35 - - - - - -] Attempt 1 to provision port d033a38d-5f56-48f8-b84f-935b80f07a74 /var/lib/openstack/lib/python3.10/site-packages/oslo_db/sqlalchemy/enginefacade.py:667: SAWarning: DELETE statement on table 'portsecuritybindings' expected to delete 1 row(s); 0 were matched. Please set confirm_deleted_rows=False within the mapper configuration to prevent this warning. self.session.flush() /var/lib/openstack/lib/python3.10/site-packages/oslo_db/sqlalchemy/enginefacade.py:667: SAWarning: DELETE statement on table 'ml2_port_bindings' expected to delete 1 row(s); 0 were matched. Please set confirm_deleted_rows=False within the mapper configuration to prevent this warning. self.session.flush() /var/lib/openstack/lib/python3.10/site-packages/oslo_db/sqlalchemy/enginefacade.py:667: SAWarning: DELETE statement on table 'ml2_port_binding_levels' expected to delete 1 row(s); 0 were matched. Please set confirm_deleted_rows=False within the mapper configuration to prevent this warning. self.session.flush() /var/lib/openstack/lib/python3.10/site-packages/oslo_db/sqlalchemy/enginefacade.py:667: SAWarning: DELETE statement on table 'ports' expected to delete 1 row(s); 0 were matched. Please set confirm_deleted_rows=False within the mapper configuration to prevent this warning. self.session.flush()
2026-06-02 08:02:18.993 9 INFO neutron.plugins.ml2.plugin [None req-1c77568b-22a1-4f07-a252-4f8c485f538c - - - - - -] Attempt 1 to provision port 40376f3b-f632-4a59-aee7-9e2d38f2e568
2026-06-02 08:02:20.063 10 INFO neutron.plugins.ml2.plugin [None req-8c109159-4b03-46c3-906f-e376994b8e81 - - - - - -] Attempt 1 to provision port 196acd99-fe23-4b53-962f-3ad77bab5c99
2026-06-02 08:02:20.876 9 INFO neutron.plugins.ml2.plugin [None req-b3bfcb2b-ce1e-4355-8487-5fddb59d3d35 - - - - - -] Attempt 1 to provision port be4c8154-7019-4103-8ce8-3fbee2f63388
2026-06-02 08:02:21.020 9 INFO neutron.plugins.ml2.plugin [None req-f34825d9-5d39-4659-af80-f44da8aeadfa - - - - - -] Attempt 1 to provision port be4c8154-7019-4103-8ce8-3fbee2f63388
2026-06-02 08:02:21.669 9 INFO neutron.plugins.ml2.plugin [None req-b3bfcb2b-ce1e-4355-8487-5fddb59d3d35 - - - - - -] Attempt 1 to provision port 9d355ce7-a5ad-40af-8ea8-f682cc9eae35
2026-06-02 08:02:22.266 10 INFO neutron.plugins.ml2.plugin [None req-b94a0515-0837-4cad-ba31-124cccf86e39 - - - - - -] Attempt 1 to provision port d8da1651-564d-49cc-8c61-652be74459c4
2026-06-02 08:02:22.846 10 INFO neutron.plugins.ml2.plugin [None req-b3bfcb2b-ce1e-4355-8487-5fddb59d3d35 - - - - - -] Attempt 1 to provision port be4c8154-7019-4103-8ce8-3fbee2f63388
2026-06-02 08:02:23.058 10 INFO neutron.plugins.ml2.plugin [None req-53c9dec0-2386-4eed-8bae-921b0f963a15 - - - - - -] Attempt 1 to provision port 8381f751-f3ca-4cfe-8ea8-76d6608dfc99
2026-06-02 08:02:23.275 10 INFO neutron.plugins.ml2.plugin [None req-b3bfcb2b-ce1e-4355-8487-5fddb59d3d35 - - - - - -] Attempt 1 to provision port 8381f751-f3ca-4cfe-8ea8-76d6608dfc99
2026-06-02 08:02:23.588 9 INFO neutron.plugins.ml2.plugin [None req-703b7c40-d05b-40cf-b867-77e5fa8fd2b7 - - - - - -] Attempt 1 to provision port c55a2098-75bb-43f0-a651-c4d2a834c8da
2026-06-02 08:02:23.654 10 INFO neutron.plugins.ml2.plugin [None req-b3bfcb2b-ce1e-4355-8487-5fddb59d3d35 - - - - - -] Attempt 1 to provision port 9d355ce7-a5ad-40af-8ea8-f682cc9eae35
2026-06-02 08:02:23.866 9 INFO neutron.plugins.ml2.plugin [None req-9c62f3c8-7ba3-480e-b15b-6c271df1e15e - - - - - -] Attempt 1 to provision port c55a2098-75bb-43f0-a651-c4d2a834c8da
2026-06-02 08:02:23.965 9 INFO neutron.notifiers.nova [-] Nova event matching ['req-56c3929b-8fb3-48bc-8cc7-b98f1d85540e'] response: {'server_uuid': '7a2fce7b-03d4-4183-b996-c726ed2db33d', 'name': 'network-vif-plugged', 'status': 'completed', 'tag': '9d355ce7-a5ad-40af-8ea8-f682cc9eae35', 'code': 200}
2026-06-02 08:02:24.889 9 INFO neutron.plugins.ml2.plugin [None req-b3bfcb2b-ce1e-4355-8487-5fddb59d3d35 - - - - - -] Attempt 1 to provision port 51f6a86a-8861-40bf-936f-f44f78cae659
2026-06-02 08:02:25.535 9 INFO neutron.plugins.ml2.plugin [None req-b3bfcb2b-ce1e-4355-8487-5fddb59d3d35 - - - - - -] Attempt 1 to provision port 40376f3b-f632-4a59-aee7-9e2d38f2e568
2026-06-02 08:02:25.551 9 INFO neutron.plugins.ml2.plugin [None req-a6c6a706-a83a-440f-a52a-5df2d32cd86f - - - - - -] Attempt 1 to provision port ae494abe-0d66-4112-a8ab-dd8d145eaa94
2026-06-02 08:02:26.059 9 INFO neutron.notifiers.nova [-] Nova event matching ['req-96d57dd4-e505-43ff-932d-fe659399613d'] response: {'server_uuid': 'f59bd394-1755-439a-b804-be2c027c4289', 'name': 'network-vif-plugged', 'status': 'completed', 'tag': '40376f3b-f632-4a59-aee7-9e2d38f2e568', 'code': 200}
2026-06-02 08:02:26.208 9 INFO neutron.plugins.ml2.plugin [None req-b3bfcb2b-ce1e-4355-8487-5fddb59d3d35 - - - - - -] Attempt 1 to provision port 8381f751-f3ca-4cfe-8ea8-76d6608dfc99
2026-06-02 08:02:26.319 9 INFO neutron.plugins.ml2.plugin [None req-bd98e950-7e42-4716-9847-2d442986adb5 - - - - - -] Attempt 1 to provision port ae494abe-0d66-4112-a8ab-dd8d145eaa94
2026-06-02 08:02:26.924 9 INFO neutron.plugins.ml2.plugin [None req-b3bfcb2b-ce1e-4355-8487-5fddb59d3d35 - - - - - -] Attempt 1 to provision port 28f3f909-b7e6-4618-b100-9a7268118a3c
2026-06-02 08:02:27.602 9 INFO neutron.plugins.ml2.plugin [None req-b3bfcb2b-ce1e-4355-8487-5fddb59d3d35 - - - - - -] Attempt 1 to provision port 51f6a86a-8861-40bf-936f-f44f78cae659
2026-06-02 08:02:27.927 9 INFO neutron.plugins.ml2.plugin [None req-b3bfcb2b-ce1e-4355-8487-5fddb59d3d35 - - - - - -] Attempt 1 to provision port 40376f3b-f632-4a59-aee7-9e2d38f2e568
2026-06-02 08:02:28.991 10 INFO neutron.plugins.ml2.plugin [None req-b3bfcb2b-ce1e-4355-8487-5fddb59d3d35 - - - - - -] Attempt 1 to provision port 28f3f909-b7e6-4618-b100-9a7268118a3c
2026-06-02 08:02:30.104 9 INFO neutron.notifiers.nova [-] Nova event matching ['req-77e3d13f-ebfa-4917-9fa5-53817067e741'] response: {'server_uuid': '7a2fce7b-03d4-4183-b996-c726ed2db33d', 'name': 'network-vif-unplugged', 'status': 'completed', 'tag': '9d355ce7-a5ad-40af-8ea8-f682cc9eae35', 'code': 200}
2026-06-02 08:02:33.130 9 INFO neutron.plugins.ml2.plugin [None req-5b23f089-dfe7-4817-b522-c62a82ab0175 - - - - - -] Attempt 1 to provision port 946ddaf9-26be-4003-a27c-dec0412911ae
2026-06-02 08:02:36.962 9 INFO neutron.plugins.ml2.plugin [None req-3804d5bf-750d-4267-869d-6236141197d1 - - - - - -] Attempt 1 to provision port 39334051-4010-4863-aa43-5e790e1ed769
2026-06-02 08:02:37.058 10 INFO neutron.plugins.ml2.plugin [None req-b3bfcb2b-ce1e-4355-8487-5fddb59d3d35 - - - - - -] Attempt 1 to provision port 946ddaf9-26be-4003-a27c-dec0412911ae
2026-06-02 08:02:37.758 10 INFO neutron.notifiers.nova [-] Nova event matching ['req-dd5a6c95-b065-4017-80df-4acb44aa1a2c'] response: {'server_uuid': 'f0123555-c13c-4639-b730-7f8231ba3fbe', 'name': 'network-vif-plugged', 'status': 'completed', 'tag': '946ddaf9-26be-4003-a27c-dec0412911ae', 'code': 200}
2026-06-02 08:02:38.896 9 INFO neutron.plugins.ml2.plugin [None req-b3bfcb2b-ce1e-4355-8487-5fddb59d3d35 - - - - - -] Attempt 1 to provision port 946ddaf9-26be-4003-a27c-dec0412911ae
2026-06-02 08:02:40.920 10 INFO neutron.plugins.ml2.plugin [None req-b3bfcb2b-ce1e-4355-8487-5fddb59d3d35 - - - - - -] Attempt 1 to provision port 39334051-4010-4863-aa43-5e790e1ed769
2026-06-02 08:02:41.103 10 INFO neutron.notifiers.nova [-] Nova event matching ['req-60ca254a-8157-4ade-8e89-d6ccd15ffe48'] response: {'server_uuid': 'c4d0b1a0-fadc-456f-9fa2-73e9ddbca8a8', 'name': 'network-vif-plugged', 'status': 'completed', 'tag': '39334051-4010-4863-aa43-5e790e1ed769', 'code': 200}
2026-06-02 08:02:42.857 9 INFO neutron.plugins.ml2.plugin [None req-b3bfcb2b-ce1e-4355-8487-5fddb59d3d35 - - - - - -] Attempt 1 to provision port 39334051-4010-4863-aa43-5e790e1ed769
2026-06-02 08:02:43.913 10 INFO neutron.plugins.ml2.plugin [None req-c5750d94-bf9c-4e84-99e6-bb461f336497 - - - - - -] Attempt 1 to provision port 2699a7ed-3ea5-4fd3-9a52-49072a08d267
2026-06-02 08:02:44.950 10 INFO neutron.plugins.ml2.plugin [None req-b3bfcb2b-ce1e-4355-8487-5fddb59d3d35 - - - - - -] Attempt 1 to provision port e7fe08ab-c538-4bf0-841e-cd5fe8f8cddd
2026-06-02 08:02:45.042 9 INFO neutron.plugins.ml2.plugin [None req-1001416b-15d4-4258-a720-8b7696224322 - - - - - -] Attempt 1 to provision port e7fe08ab-c538-4bf0-841e-cd5fe8f8cddd
2026-06-02 08:02:46.772 9 INFO neutron.plugins.ml2.plugin [None req-238c4a8b-6e2e-4cd3-ac17-59b6e34d0bb3 - - - - - -] Attempt 1 to provision port 14d22860-1543-4b36-aea2-323284b9ec15
2026-06-02 08:02:46.939 10 INFO neutron.plugins.ml2.plugin [None req-b3bfcb2b-ce1e-4355-8487-5fddb59d3d35 - - - - - -] Attempt 1 to provision port 196acd99-fe23-4b53-962f-3ad77bab5c99
2026-06-02 08:02:47.494 10 INFO neutron.plugins.ml2.plugin [None req-b3bfcb2b-ce1e-4355-8487-5fddb59d3d35 - - - - - -] Attempt 1 to provision port c55a2098-75bb-43f0-a651-c4d2a834c8da
2026-06-02 08:02:47.935 10 INFO neutron.plugins.ml2.plugin [None req-25920227-4b4b-44ae-88b9-b7b2a9b1973c - - - - - -] Attempt 1 to provision port 14d22860-1543-4b36-aea2-323284b9ec15
2026-06-02 08:02:47.947 10 INFO neutron.plugins.ml2.plugin [None req-b3bfcb2b-ce1e-4355-8487-5fddb59d3d35 - - - - - -] Attempt 1 to provision port e7fe08ab-c538-4bf0-841e-cd5fe8f8cddd
2026-06-02 08:02:49.067 10 INFO neutron.plugins.ml2.plugin [None req-b3bfcb2b-ce1e-4355-8487-5fddb59d3d35 - - - - - -] Attempt 1 to provision port 196acd99-fe23-4b53-962f-3ad77bab5c99
2026-06-02 08:02:49.419 10 INFO neutron.plugins.ml2.plugin [None req-b3bfcb2b-ce1e-4355-8487-5fddb59d3d35 - - - - - -] Attempt 1 to provision port 9e562e43-1b64-45b5-a2f7-1bf59ada2c5e
2026-06-02 08:02:50.861 9 INFO neutron.plugins.ml2.plugin [None req-b3bfcb2b-ce1e-4355-8487-5fddb59d3d35 - - - - - -] Attempt 1 to provision port 9e562e43-1b64-45b5-a2f7-1bf59ada2c5e /var/lib/openstack/lib/python3.10/site-packages/oslo_db/sqlalchemy/enginefacade.py:667: SAWarning: DELETE statement on table 'portsecuritybindings' expected to delete 1 row(s); 0 were matched. Please set confirm_deleted_rows=False within the mapper configuration to prevent this warning. self.session.flush() /var/lib/openstack/lib/python3.10/site-packages/oslo_db/sqlalchemy/enginefacade.py:667: SAWarning: DELETE statement on table 'ml2_port_bindings' expected to delete 1 row(s); 0 were matched. Please set confirm_deleted_rows=False within the mapper configuration to prevent this warning. self.session.flush() /var/lib/openstack/lib/python3.10/site-packages/oslo_db/sqlalchemy/enginefacade.py:667: SAWarning: DELETE statement on table 'ml2_port_binding_levels' expected to delete 1 row(s); 0 were matched. Please set confirm_deleted_rows=False within the mapper configuration to prevent this warning. self.session.flush() /var/lib/openstack/lib/python3.10/site-packages/oslo_db/sqlalchemy/enginefacade.py:667: SAWarning: DELETE statement on table 'ports' expected to delete 1 row(s); 0 were matched. Please set confirm_deleted_rows=False within the mapper configuration to prevent this warning. self.session.flush()
2026-06-02 08:02:52.927 9 INFO neutron.plugins.ml2.plugin [None req-b5826a0d-16c0-43e0-b89a-f243dc4bcb96 - - - - - -] Attempt 1 to provision port 181ef935-b9d3-47ab-9dd9-16316483f4a5
2026-06-02 08:02:52.969 10 INFO neutron.plugins.ml2.plugin [None req-b3bfcb2b-ce1e-4355-8487-5fddb59d3d35 - - - - - -] Attempt 1 to provision port d8da1651-564d-49cc-8c61-652be74459c4
2026-06-02 08:02:53.410 10 INFO neutron.plugins.ml2.plugin [None req-b3bfcb2b-ce1e-4355-8487-5fddb59d3d35 - - - - - -] Attempt 1 to provision port ae494abe-0d66-4112-a8ab-dd8d145eaa94
2026-06-02 08:02:54.996 9 INFO neutron.plugins.ml2.plugin [None req-b3bfcb2b-ce1e-4355-8487-5fddb59d3d35 - - - - - -] Attempt 1 to provision port d8da1651-564d-49cc-8c61-652be74459c4
2026-06-02 08:02:55.371 9 INFO neutron.plugins.ml2.plugin [None req-b3bfcb2b-ce1e-4355-8487-5fddb59d3d35 - - - - - -] Attempt 1 to provision port ae494abe-0d66-4112-a8ab-dd8d145eaa94
2026-06-02 08:02:55.411 10 INFO neutron.plugins.ml2.plugin [None req-1811e4ee-2443-4b38-a291-7cc85f999189 - - - - - -] Attempt 1 to provision port 946ddaf9-26be-4003-a27c-dec0412911ae
2026-06-02 08:02:55.761 9 INFO neutron.plugins.ml2.plugin [None req-b3bfcb2b-ce1e-4355-8487-5fddb59d3d35 - - - - - -] Attempt 1 to provision port 181ef935-b9d3-47ab-9dd9-16316483f4a5
2026-06-02 08:02:55.894 9 INFO neutron.notifiers.nova [-] Nova event matching ['req-f17f362a-c59a-4d1e-9b41-c8dddcb87b16'] response: {'server_uuid': '04f90924-73dd-4e13-baf8-1eb732ff527a', 'name': 'network-vif-plugged', 'status': 'completed', 'tag': '181ef935-b9d3-47ab-9dd9-16316483f4a5', 'code': 200}
2026-06-02 08:02:56.425 10 INFO neutron.plugins.ml2.plugin [None req-2a66059b-6b44-4f04-9cdf-36bedece7d42 - - - - - -] Attempt 1 to provision port 312024f9-99ab-4fc3-82ae-a13602ff6fee
2026-06-02 08:02:56.954 10 INFO neutron.plugins.ml2.plugin [None req-b3bfcb2b-ce1e-4355-8487-5fddb59d3d35 - - - - - -] Attempt 1 to provision port 181ef935-b9d3-47ab-9dd9-16316483f4a5
2026-06-02 08:02:56.989 9 INFO neutron.plugins.ml2.plugin [None req-e55900f1-fc4e-40cf-a97e-1094eac834c8 - - - - - -] Attempt 1 to provision port 107ac6a0-563b-4b3c-b8e9-8312c9950cee
