2026-02-24 21:03:12.374 8 INFO placement.requestlog [None req-d4944468-7c3f-448b-8bea-9f4484bc05e3 f1775fd11ae940a1a7619d4d18a83a60 035cc66cd4f64fbcaee2899cd2f7f5ba - - default default] 10.0.0.96 "GET /resource_providers/310b814f-19da-4c48-9166-e63df99bf23d/usages" status: 200 len: 88 microversion: 1.0 [pid: 8|app: 0|req: 275/547] 10.0.0.96 () {28 vars in 680 bytes} [Tue Feb 24 21:03:12 2026] GET /resource_providers/310b814f-19da-4c48-9166-e63df99bf23d/usages => generated 88 bytes in 10 msecs (HTTP/1.1 200) 6 headers in 223 bytes (1 switches on core 0)
2026-02-24 21:03:16.688 7 INFO placement.requestlog [None req-de25c079-1bfe-4dad-a0f0-aea1c9da06ff - - - - - -] 10.0.0.199 "GET /" status: 200 len: 136 microversion: 1.0
2026-02-24 21:03:16.688 8 INFO placement.requestlog [None req-f8faad6a-2602-4452-af7c-bbd8f4587d64 - - - - - -] 10.0.0.199 "GET /" status: 200 len: 136 microversion: 1.0
2026-02-24 21:03:20.448 7 INFO placement.requestlog [req-3e9a1c96-ef60-4e3d-bd64-626b290396ea req-327528c1-d235-4322-8e9d-518714d3b713 aba4fedd70444ff4b6c834cdc8e61896 d93291347a0041adb52cfcf6b7cea4fa - - 4a90709b49504ea0a689854e66c4a9cd 4a90709b49504ea0a689854e66c4a9cd] 162.253.55.36 "GET /resource_providers/310b814f-19da-4c48-9166-e63df99bf23d/allocations" status: 200 len: 54 microversion: 1.0 [pid: 7|app: 0|req: 274/550] 162.253.55.36 () {32 vars in 856 bytes} [Tue Feb 24 21:03:20 2026] GET /resource_providers/310b814f-19da-4c48-9166-e63df99bf23d/allocations => generated 54 bytes in 12 msecs (HTTP/1.1 200) 6 headers in 223 bytes (1 switches on core 0)
2026-02-24 21:03:20.465 8 INFO placement.requestlog [req-3e9a1c96-ef60-4e3d-bd64-626b290396ea req-52256ea3-adaa-4b54-adf2-f26f6181b2bc aba4fedd70444ff4b6c834cdc8e61896 d93291347a0041adb52cfcf6b7cea4fa - - 4a90709b49504ea0a689854e66c4a9cd 4a90709b49504ea0a689854e66c4a9cd] 162.253.55.36 "GET /resource_providers/310b814f-19da-4c48-9166-e63df99bf23d/allocations" status: 200 len: 54 microversion: 1.0 [pid: 8|app: 0|req: 277/551] 162.253.55.36 () {32 vars in 856 bytes} [Tue Feb 24 21:03:20 2026] GET /resource_providers/310b814f-19da-4c48-9166-e63df99bf23d/allocations => generated 54 bytes in 12 msecs (HTTP/1.1 200) 6 headers in 223 bytes (1 switches on core 0)
2026-02-24 21:03:26.688 8 INFO placement.requestlog [None req-2414d30d-b233-4d88-b8f5-227160278110 - - - - - -] 10.0.0.199 "GET /" status: 200 len: 136 microversion: 1.0
2026-02-24 21:03:26.688 7 INFO placement.requestlog [None req-c023ddaf-0a10-4705-989d-2be610eea335 - - - - - -] 10.0.0.199 "GET /" status: 200 len: 136 microversion: 1.0
2026-02-24 21:03:36.688 8 INFO placement.requestlog [None req-feaa7420-7159-42b8-9c82-534f490b2838 - - - - - -] 10.0.0.199 "GET /" status: 200 len: 136 microversion: 1.0
2026-02-24 21:03:36.688 7 INFO placement.requestlog [None req-539dfe4f-081c-4446-8f83-f58285f17611 - - - - - -] 10.0.0.199 "GET /" status: 200 len: 136 microversion: 1.0
2026-02-24 21:03:46.688 8 INFO placement.requestlog [None req-2557ad98-452c-4619-8026-2307254bb6d0 - - - - - -] 10.0.0.199 "GET /" status: 200 len: 136 microversion: 1.0
2026-02-24 21:03:46.688 7 INFO placement.requestlog [None req-ad12af23-963c-4b78-b860-d4fb151b2a0c - - - - - -] 10.0.0.199 "GET /" status: 200 len: 136 microversion: 1.0
2026-02-24 21:03:56.688 7 INFO placement.requestlog [None req-fee44fcd-2623-4979-8003-014a5336dde5 - - - - - -] 10.0.0.199 "GET /" status: 200 len: 136 microversion: 1.0
2026-02-24 21:03:56.688 8 INFO placement.requestlog [None req-2217a8ff-b93f-4696-81fd-89df2f1edd30 - - - - - -] 10.0.0.199 "GET /" status: 200 len: 136 microversion: 1.0
2026-02-24 21:04:06.688 7 INFO placement.requestlog [None req-9c0e5666-196e-4fd5-bf47-af97588f0967 - - - - - -] 10.0.0.199 "GET /" status: 200 len: 136 microversion: 1.0
2026-02-24 21:04:06.688 8 INFO placement.requestlog [None req-aa0545d3-4355-48d5-8f4f-d18ffc7a0f4f - - - - - -] 10.0.0.199 "GET /" status: 200 len: 136 microversion: 1.0
2026-02-24 21:04:12.275 7 INFO placement.requestlog [None req-4136344a-10cd-4243-8b60-47a143c32adf f1775fd11ae940a1a7619d4d18a83a60 035cc66cd4f64fbcaee2899cd2f7f5ba - - default default] 10.0.0.96 "GET /resource_providers" status: 200 len: 405 microversion: 1.0 [pid: 7|app: 0|req: 280/562] 10.0.0.96 () {28 vars in 592 bytes} [Tue Feb 24 21:04:12 2026] GET /resource_providers => generated 405 bytes in 40 msecs (HTTP/1.1 200) 6 headers in 224 bytes (1 switches on core 0)
2026-02-24 21:04:12.294 8 INFO placement.requestlog [None req-f51eff59-8ba2-4887-8ca4-e5af24a1febb f1775fd11ae940a1a7619d4d18a83a60 035cc66cd4f64fbcaee2899cd2f7f5ba - - default default] 10.0.0.96 "GET /resource_providers/310b814f-19da-4c48-9166-e63df99bf23d/inventories" status: 200 len: 400 microversion: 1.0 [pid: 8|app: 0|req: 283/563] 10.0.0.96 () {28 vars in 690 bytes} [Tue Feb 24 21:04:12 2026] GET /resource_providers/310b814f-19da-4c48-9166-e63df99bf23d/inventories => generated 400 bytes in 14 msecs (HTTP/1.1 200) 6 headers in 224 bytes (1 switches on core 0)
2026-02-24 21:04:12.310 7 INFO placement.requestlog [None req-3b9e2599-7eff-4f25-888e-b500751305be f1775fd11ae940a1a7619d4d18a83a60 035cc66cd4f64fbcaee2899cd2f7f5ba - - default default] 10.0.0.96 "GET /resource_providers/310b814f-19da-4c48-9166-e63df99bf23d/usages" status: 200 len: 88 microversion: 1.0 [pid: 7|app: 0|req: 281/564] 10.0.0.96 () {28 vars in 680 bytes} [Tue Feb 24 21:04:12 2026] GET /resource_providers/310b814f-19da-4c48-9166-e63df99bf23d/usages => generated 88 bytes in 11 msecs (HTTP/1.1 200) 6 headers in 223 bytes (1 switches on core 0)
2026-02-24 21:04:16.689 7 INFO placement.requestlog [None req-8bd0d94a-637f-4e82-ac66-738d0ee137f2 - - - - - -] 10.0.0.199 "GET /" status: 200 len: 136 microversion: 1.0
2026-02-24 21:04:16.689 8 INFO placement.requestlog [None req-56f2149f-311e-431f-bea6-925b18259683 - - - - - -] 10.0.0.199 "GET /" status: 200 len: 136 microversion: 1.0
2026-02-24 21:04:20.519 8 INFO placement.requestlog [req-48d6efb4-d3e0-4da7-8263-ec81e2fe429b req-5280123e-f111-4799-aa9a-a1022ae8de14 aba4fedd70444ff4b6c834cdc8e61896 d93291347a0041adb52cfcf6b7cea4fa - - 4a90709b49504ea0a689854e66c4a9cd 4a90709b49504ea0a689854e66c4a9cd] 162.253.55.36 "GET /resource_providers/310b814f-19da-4c48-9166-e63df99bf23d/allocations" status: 200 len: 54 microversion: 1.0 [pid: 8|app: 0|req: 285/567] 162.253.55.36 () {32 vars in 856 bytes} [Tue Feb 24 21:04:20 2026] GET /resource_providers/310b814f-19da-4c48-9166-e63df99bf23d/allocations => generated 54 bytes in 25 msecs (HTTP/1.1 200) 6 headers in 223 bytes (1 switches on core 0)
2026-02-24 21:04:20.542 7 INFO placement.requestlog [req-48d6efb4-d3e0-4da7-8263-ec81e2fe429b req-4e3842fe-84ce-4616-9232-87bcd9dc19f5 aba4fedd70444ff4b6c834cdc8e61896 d93291347a0041adb52cfcf6b7cea4fa - - 4a90709b49504ea0a689854e66c4a9cd 4a90709b49504ea0a689854e66c4a9cd] 162.253.55.36 "GET /resource_providers/310b814f-19da-4c48-9166-e63df99bf23d/allocations" status: 200 len: 54 microversion: 1.0 [pid: 7|app: 0|req: 283/568] 162.253.55.36 () {32 vars in 856 bytes} [Tue Feb 24 21:04:20 2026] GET /resource_providers/310b814f-19da-4c48-9166-e63df99bf23d/allocations => generated 54 bytes in 17 msecs (HTTP/1.1 200) 6 headers in 223 bytes (1 switches on core 0)
2026-02-24 21:04:26.687 7 INFO placement.requestlog [None req-91383b3b-aa9a-4ebb-84d3-2cd465a8f02f - - - - - -] 10.0.0.199 "GET /" status: 200 len: 136 microversion: 1.0
2026-02-24 21:04:26.688 8 INFO placement.requestlog [None req-8143e5e5-6f8a-43f6-8650-1d11aa188e6c - - - - - -] 10.0.0.199 "GET /" status: 200 len: 136 microversion: 1.0
2026-02-24 21:04:36.687 8 INFO placement.requestlog [None req-c17cf3c1-2754-4b36-bdcf-c83094ae8850 - - - - - -] 10.0.0.199 "GET /" status: 200 len: 136 microversion: 1.0
2026-02-24 21:04:36.688 7 INFO placement.requestlog [None req-1cde2137-fd83-454b-be75-01bbce559cc6 - - - - - -] 10.0.0.199 "GET /" status: 200 len: 136 microversion: 1.0
2026-02-24 21:04:46.688 8 INFO placement.requestlog [None req-dbd28851-cb88-4f30-a165-43130544ccc4 - - - - - -] 10.0.0.199 "GET /" status: 200 len: 136 microversion: 1.0
2026-02-24 21:04:46.689 7 INFO placement.requestlog [None req-db53a4e4-e9f7-4212-a3f5-e6c5a5d92bc1 - - - - - -] 10.0.0.199 "GET /" status: 200 len: 136 microversion: 1.0
2026-02-24 21:04:56.687 8 INFO placement.requestlog [None req-631eff28-99d9-4848-a538-52656b060f16 - - - - - -] 10.0.0.199 "GET /" status: 200 len: 136 microversion: 1.0
2026-02-24 21:04:56.687 7 INFO placement.requestlog [None req-bde70025-64c7-4fd5-850d-61cfbfa6819d - - - - - -] 10.0.0.199 "GET /" status: 200 len: 136 microversion: 1.0
2026-02-24 21:05:06.689 8 INFO placement.requestlog [None req-0dffadb0-b375-454d-97a2-738c206aa364 - - - - - -] 10.0.0.199 "GET /" status: 200 len: 136 microversion: 1.0
2026-02-24 21:05:06.689 7 INFO placement.requestlog [None req-cb84862f-16b7-4510-a173-134447a4894c - - - - - -] 10.0.0.199 "GET /" status: 200 len: 136 microversion: 1.0
2026-02-24 21:05:12.328 8 INFO placement.requestlog [None req-596e8cd9-3f97-49ee-bd23-7a0513462fd8 f1775fd11ae940a1a7619d4d18a83a60 035cc66cd4f64fbcaee2899cd2f7f5ba - - default default] 10.0.0.96 "GET /resource_providers" status: 200 len: 405 microversion: 1.0 [pid: 8|app: 0|req: 291/579] 10.0.0.96 () {28 vars in 592 bytes} [Tue Feb 24 21:05:12 2026] GET /resource_providers => generated 405 bytes in 59 msecs (HTTP/1.1 200) 6 headers in 224 bytes (1 switches on core 0)
2026-02-24 21:05:12.354 7 INFO placement.requestlog [None req-7cfaf3f8-8969-4a26-a5ad-a50cfcb99d98 f1775fd11ae940a1a7619d4d18a83a60 035cc66cd4f64fbcaee2899cd2f7f5ba - - default default] 10.0.0.96 "GET /resource_providers/310b814f-19da-4c48-9166-e63df99bf23d/inventories" status: 200 len: 400 microversion: 1.0 [pid: 7|app: 0|req: 289/580] 10.0.0.96 () {28 vars in 690 bytes} [Tue Feb 24 21:05:12 2026] GET /resource_providers/310b814f-19da-4c48-9166-e63df99bf23d/inventories => generated 400 bytes in 22 msecs (HTTP/1.1 200) 6 headers in 224 bytes (1 switches on core 0)
2026-02-24 21:05:12.373 8 INFO placement.requestlog [None req-63346bea-f74e-4488-8ade-37b4af69b975 f1775fd11ae940a1a7619d4d18a83a60 035cc66cd4f64fbcaee2899cd2f7f5ba - - default default] 10.0.0.96 "GET /resource_providers/310b814f-19da-4c48-9166-e63df99bf23d/usages" status: 200 len: 88 microversion: 1.0 [pid: 8|app: 0|req: 292/581] 10.0.0.96 () {28 vars in 680 bytes} [Tue Feb 24 21:05:12 2026] GET /resource_providers/310b814f-19da-4c48-9166-e63df99bf23d/usages => generated 88 bytes in 14 msecs (HTTP/1.1 200) 6 headers in 223 bytes (1 switches on core 0)
2026-02-24 21:05:16.687 7 INFO placement.requestlog [None req-e8f1be8c-9bff-47ba-9992-1f80739e0640 - - - - - -] 10.0.0.199 "GET /" status: 200 len: 136 microversion: 1.0
2026-02-24 21:05:16.687 8 INFO placement.requestlog [None req-210e6a6b-b926-481a-aa06-e5c5afaf5ce4 - - - - - -] 10.0.0.199 "GET /" status: 200 len: 136 microversion: 1.0
2026-02-24 21:05:22.507 7 INFO placement.requestlog [req-7cecd726-bef3-4527-aac3-1618651ab8b7 req-24ed3457-957e-4e07-8d0a-1dcc8b4fcd4b aba4fedd70444ff4b6c834cdc8e61896 d93291347a0041adb52cfcf6b7cea4fa - - 4a90709b49504ea0a689854e66c4a9cd 4a90709b49504ea0a689854e66c4a9cd] 162.253.55.36 "GET /resource_providers/310b814f-19da-4c48-9166-e63df99bf23d/allocations" status: 200 len: 54 microversion: 1.0 [pid: 7|app: 0|req: 291/584] 162.253.55.36 () {32 vars in 856 bytes} [Tue Feb 24 21:05:22 2026] GET /resource_providers/310b814f-19da-4c48-9166-e63df99bf23d/allocations => generated 54 bytes in 14 msecs (HTTP/1.1 200) 6 headers in 223 bytes (1 switches on core 0)
2026-02-24 21:05:22.528 8 INFO placement.requestlog [req-7cecd726-bef3-4527-aac3-1618651ab8b7 req-42ded608-1586-4fec-94b4-d61167e86480 aba4fedd70444ff4b6c834cdc8e61896 d93291347a0041adb52cfcf6b7cea4fa - - 4a90709b49504ea0a689854e66c4a9cd 4a90709b49504ea0a689854e66c4a9cd] 162.253.55.36 "GET /resource_providers/310b814f-19da-4c48-9166-e63df99bf23d/allocations" status: 200 len: 54 microversion: 1.0 [pid: 8|app: 0|req: 294/585] 162.253.55.36 () {32 vars in 856 bytes} [Tue Feb 24 21:05:22 2026] GET /resource_providers/310b814f-19da-4c48-9166-e63df99bf23d/allocations => generated 54 bytes in 15 msecs (HTTP/1.1 200) 6 headers in 223 bytes (1 switches on core 0)
2026-02-24 21:05:26.687 8 INFO placement.requestlog [None req-fbef1535-e2cb-4583-be36-eec9d3682b7d - - - - - -] 10.0.0.199 "GET /" status: 200 len: 136 microversion: 1.0
2026-02-24 21:05:26.688 7 INFO placement.requestlog [None req-ffa73c6a-e26c-4417-86f4-5eba09641ed3 - - - - - -] 10.0.0.199 "GET /" status: 200 len: 136 microversion: 1.0
2026-02-24 21:05:36.688 8 INFO placement.requestlog [None req-578ee57c-f5f7-4f0a-b8ee-c93ff11a18f7 - - - - - -] 10.0.0.199 "GET /" status: 200 len: 136 microversion: 1.0
2026-02-24 21:05:36.688 7 INFO placement.requestlog [None req-8926d1e7-9073-44e2-a093-cfbb5fd63ee3 - - - - - -] 10.0.0.199 "GET /" status: 200 len: 136 microversion: 1.0
2026-02-24 21:05:46.688 8 INFO placement.requestlog [None req-61aa2009-f9af-4c5d-910f-e632b9418b73 - - - - - -] 10.0.0.199 "GET /" status: 200 len: 136 microversion: 1.0
2026-02-24 21:05:46.688 7 INFO placement.requestlog [None req-74f71777-0aec-49ef-8cc9-3cec4fd07f77 - - - - - -] 10.0.0.199 "GET /" status: 200 len: 136 microversion: 1.0
2026-02-24 21:05:56.687 8 INFO placement.requestlog [None req-2a7d7918-0e45-4ff2-a77e-b87c6634ab58 - - - - - -] 10.0.0.199 "GET /" status: 200 len: 136 microversion: 1.0
2026-02-24 21:05:56.688 7 INFO placement.requestlog [None req-b5712c80-42b2-43c6-8348-8b02a0ddcf69 - - - - - -] 10.0.0.199 "GET /" status: 200 len: 136 microversion: 1.0
2026-02-24 21:06:06.688 8 INFO placement.requestlog [None req-005c83a9-1514-43e2-af31-33d8e96fe69a - - - - - -] 10.0.0.199 "GET /" status: 200 len: 136 microversion: 1.0
2026-02-24 21:06:06.688 7 INFO placement.requestlog [None req-076a7767-db04-444a-b842-d76fb0dc544b - - - - - -] 10.0.0.199 "GET /" status: 200 len: 136 microversion: 1.0
2026-02-24 21:06:12.322 8 INFO placement.requestlog [None req-21f110b3-ac0d-4fa5-b1bd-b643d1bc085d f1775fd11ae940a1a7619d4d18a83a60 035cc66cd4f64fbcaee2899cd2f7f5ba - - default default] 10.0.0.96 "GET /resource_providers" status: 200 len: 405 microversion: 1.0 [pid: 8|app: 0|req: 300/596] 10.0.0.96 () {28 vars in 592 bytes} [Tue Feb 24 21:06:12 2026] GET /resource_providers => generated 405 bytes in 90 msecs (HTTP/1.1 200) 6 headers in 224 bytes (1 switches on core 0)
2026-02-24 21:06:12.340 7 INFO placement.requestlog [None req-73867fd3-1704-4107-8c98-6f93b3c0f5d3 f1775fd11ae940a1a7619d4d18a83a60 035cc66cd4f64fbcaee2899cd2f7f5ba - - default default] 10.0.0.96 "GET /resource_providers/310b814f-19da-4c48-9166-e63df99bf23d/inventories" status: 200 len: 400 microversion: 1.0 [pid: 7|app: 0|req: 297/597] 10.0.0.96 () {28 vars in 690 bytes} [Tue Feb 24 21:06:12 2026] GET /resource_providers/310b814f-19da-4c48-9166-e63df99bf23d/inventories => generated 400 bytes in 14 msecs (HTTP/1.1 200) 6 headers in 224 bytes (1 switches on core 0)
2026-02-24 21:06:12.369 8 INFO placement.requestlog [None req-fe4eae31-de04-4f60-beee-1a21f1434202 f1775fd11ae940a1a7619d4d18a83a60 035cc66cd4f64fbcaee2899cd2f7f5ba - - default default] 10.0.0.96 "GET /resource_providers/310b814f-19da-4c48-9166-e63df99bf23d/usages" status: 200 len: 88 microversion: 1.0 [pid: 8|app: 0|req: 301/598] 10.0.0.96 () {28 vars in 680 bytes} [Tue Feb 24 21:06:12 2026] GET /resource_providers/310b814f-19da-4c48-9166-e63df99bf23d/usages => generated 88 bytes in 24 msecs (HTTP/1.1 200) 6 headers in 223 bytes (1 switches on core 0)
2026-02-24 21:06:16.688 7 INFO placement.requestlog [None req-0dfe19ec-ad36-4549-b00d-f16baa330ea5 - - - - - -] 10.0.0.199 "GET /" status: 200 len: 136 microversion: 1.0
2026-02-24 21:06:16.689 8 INFO placement.requestlog [None req-6e4918d5-1486-407e-bda4-6a6a4a3ec8ca - - - - - -] 10.0.0.199 "GET /" status: 200 len: 136 microversion: 1.0
2026-02-24 21:06:22.454 7 INFO placement.requestlog [req-fdb7be0a-a325-4d44-8a0c-985ca79139b8 req-e761dce1-03d2-4600-8c83-f53859fbaf0b aba4fedd70444ff4b6c834cdc8e61896 d93291347a0041adb52cfcf6b7cea4fa - - 4a90709b49504ea0a689854e66c4a9cd 4a90709b49504ea0a689854e66c4a9cd] 162.253.55.36 "GET /resource_providers/310b814f-19da-4c48-9166-e63df99bf23d/allocations" status: 200 len: 54 microversion: 1.0 [pid: 7|app: 0|req: 299/601] 162.253.55.36 () {32 vars in 856 bytes} [Tue Feb 24 21:06:22 2026] GET /resource_providers/310b814f-19da-4c48-9166-e63df99bf23d/allocations => generated 54 bytes in 16 msecs (HTTP/1.1 200) 6 headers in 223 bytes (1 switches on core 0)
2026-02-24 21:06:22.472 8 INFO placement.requestlog [req-fdb7be0a-a325-4d44-8a0c-985ca79139b8 req-fbcc161d-b60a-4f46-be0e-0ebb4b6d4a0e aba4fedd70444ff4b6c834cdc8e61896 d93291347a0041adb52cfcf6b7cea4fa - - 4a90709b49504ea0a689854e66c4a9cd 4a90709b49504ea0a689854e66c4a9cd] 162.253.55.36 "GET /resource_providers/310b814f-19da-4c48-9166-e63df99bf23d/allocations" status: 200 len: 54 microversion: 1.0 [pid: 8|app: 0|req: 303/602] 162.253.55.36 () {32 vars in 856 bytes} [Tue Feb 24 21:06:22 2026] GET /resource_providers/310b814f-19da-4c48-9166-e63df99bf23d/allocations => generated 54 bytes in 10 msecs (HTTP/1.1 200) 6 headers in 223 bytes (1 switches on core 0)
2026-02-24 21:06:26.688 8 INFO placement.requestlog [None req-4ead4f37-38ca-4c92-8dbb-2264103d5a6d - - - - - -] 10.0.0.199 "GET /" status: 200 len: 136 microversion: 1.0
2026-02-24 21:06:26.688 7 INFO placement.requestlog [None req-bdebdf6d-89f3-4611-a762-312449beb5aa - - - - - -] 10.0.0.199 "GET /" status: 200 len: 136 microversion: 1.0
2026-02-24 21:06:36.688 8 INFO placement.requestlog [None req-5eca077d-872b-4674-b880-80da522e637f - - - - - -] 10.0.0.199 "GET /" status: 200 len: 136 microversion: 1.0
2026-02-24 21:06:36.688 7 INFO placement.requestlog [None req-8769d5e6-edb6-43f3-8e5f-29ceccdd0cac - - - - - -] 10.0.0.199 "GET /" status: 200 len: 136 microversion: 1.0
2026-02-24 21:06:46.687 8 INFO placement.requestlog [None req-9873501a-c579-482f-b829-fefd5fa388b9 - - - - - -] 10.0.0.199 "GET /" status: 200 len: 136 microversion: 1.0
2026-02-24 21:06:46.687 7 INFO placement.requestlog [None req-804dd60b-bd3c-45cc-a397-2004b07b6868 - - - - - -] 10.0.0.199 "GET /" status: 200 len: 136 microversion: 1.0
2026-02-24 21:06:56.688 7 INFO placement.requestlog [None req-0dedc2b2-4070-4b11-97d1-57848bb3316f - - - - - -] 10.0.0.199 "GET /" status: 200 len: 136 microversion: 1.0
2026-02-24 21:06:56.689 8 INFO placement.requestlog [None req-81870b6d-1ea3-4ec2-9e3a-6e1d237bbd09 - - - - - -] 10.0.0.199 "GET /" status: 200 len: 136 microversion: 1.0
2026-02-24 21:07:06.687 7 INFO placement.requestlog [None req-b283bc51-0639-4f7f-8e0f-bcc2155bddf8 - - - - - -] 10.0.0.199 "GET /" status: 200 len: 136 microversion: 1.0
2026-02-24 21:07:06.687 8 INFO placement.requestlog [None req-e8fb1da9-f78c-4974-ba95-1e06554fabaf - - - - - -] 10.0.0.199 "GET /" status: 200 len: 136 microversion: 1.0
2026-02-24 21:07:12.343 8 INFO placement.requestlog [None req-fee9ba3d-3170-49b4-9cd8-2874f6aaf33b f1775fd11ae940a1a7619d4d18a83a60 035cc66cd4f64fbcaee2899cd2f7f5ba - - default default] 10.0.0.96 "GET /resource_providers" status: 200 len: 405 microversion: 1.0 [pid: 8|app: 0|req: 309/613] 10.0.0.96 () {28 vars in 592 bytes} [Tue Feb 24 21:07:12 2026] GET /resource_providers => generated 405 bytes in 89 msecs (HTTP/1.1 200) 6 headers in 224 bytes (1 switches on core 0)
2026-02-24 21:07:12.367 7 INFO placement.requestlog [None req-1d543ce0-e9f6-4d2d-a0c1-6b5141e21b1b f1775fd11ae940a1a7619d4d18a83a60 035cc66cd4f64fbcaee2899cd2f7f5ba - - default default] 10.0.0.96 "GET /resource_providers/310b814f-19da-4c48-9166-e63df99bf23d/inventories" status: 200 len: 400 microversion: 1.0 [pid: 7|app: 0|req: 305/614] 10.0.0.96 () {28 vars in 690 bytes} [Tue Feb 24 21:07:12 2026] GET /resource_providers/310b814f-19da-4c48-9166-e63df99bf23d/inventories => generated 400 bytes in 20 msecs (HTTP/1.1 200) 6 headers in 224 bytes (1 switches on core 0)
2026-02-24 21:07:12.387 8 INFO placement.requestlog [None req-3621fe4a-b4f8-4640-9bd3-326516d0d5c1 f1775fd11ae940a1a7619d4d18a83a60 035cc66cd4f64fbcaee2899cd2f7f5ba - - default default] 10.0.0.96 "GET /resource_providers/310b814f-19da-4c48-9166-e63df99bf23d/usages" status: 200 len: 88 microversion: 1.0 [pid: 8|app: 0|req: 310/615] 10.0.0.96 () {28 vars in 680 bytes} [Tue Feb 24 21:07:12 2026] GET /resource_providers/310b814f-19da-4c48-9166-e63df99bf23d/usages => generated 88 bytes in 14 msecs (HTTP/1.1 200) 6 headers in 223 bytes (1 switches on core 0)
2026-02-24 21:07:16.688 7 INFO placement.requestlog [None req-d5931e88-7a4d-4c4a-8693-439e28ace0ab - - - - - -] 10.0.0.199 "GET /" status: 200 len: 136 microversion: 1.0
2026-02-24 21:07:16.688 8 INFO placement.requestlog [None req-a0beda18-514d-4fdf-94e0-1b245e5cd86f - - - - - -] 10.0.0.199 "GET /" status: 200 len: 136 microversion: 1.0
2026-02-24 21:07:24.623 7 INFO placement.requestlog [req-be18c759-2bce-400d-942d-c3653dc2a175 req-93a90efd-e314-4472-b1a0-22cbd2a16852 aba4fedd70444ff4b6c834cdc8e61896 d93291347a0041adb52cfcf6b7cea4fa - - 4a90709b49504ea0a689854e66c4a9cd 4a90709b49504ea0a689854e66c4a9cd] 162.253.55.36 "GET /resource_providers/310b814f-19da-4c48-9166-e63df99bf23d/allocations" status: 200 len: 54 microversion: 1.0 [pid: 7|app: 0|req: 307/618] 162.253.55.36 () {32 vars in 856 bytes} [Tue Feb 24 21:07:24 2026] GET /resource_providers/310b814f-19da-4c48-9166-e63df99bf23d/allocations => generated 54 bytes in 159 msecs (HTTP/1.1 200) 6 headers in 223 bytes (1 switches on core 0)
2026-02-24 21:07:24.646 8 INFO placement.requestlog [req-be18c759-2bce-400d-942d-c3653dc2a175 req-64ca7d43-34cd-4630-b707-db7ce9d67707 aba4fedd70444ff4b6c834cdc8e61896 d93291347a0041adb52cfcf6b7cea4fa - - 4a90709b49504ea0a689854e66c4a9cd 4a90709b49504ea0a689854e66c4a9cd] 162.253.55.36 "GET /resource_providers?in_tree=310b814f-19da-4c48-9166-e63df99bf23d" status: 200 len: 797 microversion: 1.14 [pid: 8|app: 0|req: 312/619] 162.253.55.36 () {34 vars in 891 bytes} [Tue Feb 24 21:07:24 2026] GET /resource_providers?in_tree=310b814f-19da-4c48-9166-e63df99bf23d => generated 797 bytes in 16 msecs (HTTP/1.1 200) 6 headers in 225 bytes (1 switches on core 0)
2026-02-24 21:07:24.668 7 INFO placement.requestlog [req-be18c759-2bce-400d-942d-c3653dc2a175 req-d343f2aa-c74e-4bf1-862e-cf6c85f8fe45 aba4fedd70444ff4b6c834cdc8e61896 d93291347a0041adb52cfcf6b7cea4fa - - 4a90709b49504ea0a689854e66c4a9cd 4a90709b49504ea0a689854e66c4a9cd] 162.253.55.36 "GET /resource_providers/310b814f-19da-4c48-9166-e63df99bf23d/inventories" status: 200 len: 400 microversion: 1.0 [pid: 7|app: 0|req: 308/620] 162.253.55.36 () {32 vars in 856 bytes} [Tue Feb 24 21:07:24 2026] GET /resource_providers/310b814f-19da-4c48-9166-e63df99bf23d/inventories => generated 400 bytes in 16 msecs (HTTP/1.1 200) 6 headers in 224 bytes (1 switches on core 0)
2026-02-24 21:07:24.689 8 INFO placement.requestlog [req-be18c759-2bce-400d-942d-c3653dc2a175 req-4900d2c7-aff6-4c29-9560-4c9199a4016e aba4fedd70444ff4b6c834cdc8e61896 d93291347a0041adb52cfcf6b7cea4fa - - 4a90709b49504ea0a689854e66c4a9cd 4a90709b49504ea0a689854e66c4a9cd] 162.253.55.36 "GET /resource_providers/310b814f-19da-4c48-9166-e63df99bf23d/aggregates" status: 200 len: 53 microversion: 1.19 [pid: 8|app: 0|req: 313/621] 162.253.55.36 () {34 vars in 898 bytes} [Tue Feb 24 21:07:24 2026] GET /resource_providers/310b814f-19da-4c48-9166-e63df99bf23d/aggregates => generated 53 bytes in 16 msecs (HTTP/1.1 200) 8 headers in 295 bytes (1 switches on core 0)
2026-02-24 21:07:24.716 7 INFO placement.requestlog [req-be18c759-2bce-400d-942d-c3653dc2a175 req-c1a36193-39d5-4508-b144-92f1079ece15 aba4fedd70444ff4b6c834cdc8e61896 d93291347a0041adb52cfcf6b7cea4fa - - 4a90709b49504ea0a689854e66c4a9cd 4a90709b49504ea0a689854e66c4a9cd] 162.253.55.36 "GET /resource_providers/310b814f-19da-4c48-9166-e63df99bf23d/traits" status: 200 len: 2175 microversion: 1.6 [pid: 7|app: 0|req: 309/622] 162.253.55.36 () {34 vars in 889 bytes} [Tue Feb 24 21:07:24 2026] GET /resource_providers/310b814f-19da-4c48-9166-e63df99bf23d/traits => generated 2175 bytes in 20 msecs (HTTP/1.1 200) 6 headers in 225 bytes (1 switches on core 0)
2026-02-24 21:07:24.733 8 INFO placement.requestlog [req-be18c759-2bce-400d-942d-c3653dc2a175 req-4edcb658-4f50-4a0a-904a-16ca9cc4a340 aba4fedd70444ff4b6c834cdc8e61896 d93291347a0041adb52cfcf6b7cea4fa - - 4a90709b49504ea0a689854e66c4a9cd 4a90709b49504ea0a689854e66c4a9cd] 162.253.55.36 "GET /resource_providers/310b814f-19da-4c48-9166-e63df99bf23d/allocations" status: 200 len: 54 microversion: 1.0 [pid: 8|app: 0|req: 314/623] 162.253.55.36 () {32 vars in 856 bytes} [Tue Feb 24 21:07:24 2026] GET /resource_providers/310b814f-19da-4c48-9166-e63df99bf23d/allocations => generated 54 bytes in 9 msecs (HTTP/1.1 200) 6 headers in 223 bytes (1 switches on core 0)
2026-02-24 21:07:26.688 7 INFO placement.requestlog [None req-afe844cf-e52e-4037-967c-a75712cb6e81 - - - - - -] 10.0.0.199 "GET /" status: 200 len: 136 microversion: 1.0
2026-02-24 21:07:26.688 8 INFO placement.requestlog [None req-a35ee574-e950-49d7-8b6e-597c868f111c - - - - - -] 10.0.0.199 "GET /" status: 200 len: 136 microversion: 1.0
2026-02-24 21:07:36.688 8 INFO placement.requestlog [None req-c8ce21ef-0102-4079-92c5-8935d4f702fe - - - - - -] 10.0.0.199 "GET /" status: 200 len: 136 microversion: 1.0
2026-02-24 21:07:36.688 7 INFO placement.requestlog [None req-b10fbbb1-caa4-494c-a5b2-a83177a57c74 - - - - - -] 10.0.0.199 "GET /" status: 200 len: 136 microversion: 1.0
2026-02-24 21:07:46.688 7 INFO placement.requestlog [None req-a9064e76-ea8f-406d-94f7-b27dec64e470 - - - - - -] 10.0.0.199 "GET /" status: 200 len: 136 microversion: 1.0
2026-02-24 21:07:46.689 8 INFO placement.requestlog [None req-b3f4e991-fe89-4593-bf24-80a28adafdbb - - - - - -] 10.0.0.199 "GET /" status: 200 len: 136 microversion: 1.0
2026-02-24 21:07:55.304 8 INFO placement.requestlog [None req-671777a7-f311-4469-ad22-bf2a56bcc6d7 cd039baa7c464895ac32a559fe6c7bbc d93291347a0041adb52cfcf6b7cea4fa - - 4a90709b49504ea0a689854e66c4a9cd 4a90709b49504ea0a689854e66c4a9cd] 10.0.0.89 "GET /resource_providers/d8d25b1c-4a32-4d1a-ab93-c6bd4b4905b4/aggregates" status: 404 len: 235 microversion: 1.1 [pid: 8|app: 0|req: 318/630] 10.0.0.89 () {32 vars in 815 bytes} [Tue Feb 24 21:07:55 2026] GET /resource_providers/d8d25b1c-4a32-4d1a-ab93-c6bd4b4905b4/aggregates => generated 235 bytes in 107 msecs (HTTP/1.1 404) 5 headers in 202 bytes (1 switches on core 0)
2026-02-24 21:07:55.315 8 INFO placement.requestlog [None req-1c6f7315-19e2-408d-9a98-81f54514c8a9 cd039baa7c464895ac32a559fe6c7bbc d93291347a0041adb52cfcf6b7cea4fa - - 4a90709b49504ea0a689854e66c4a9cd 4a90709b49504ea0a689854e66c4a9cd] 10.0.0.89 "DELETE /resource_providers/d8d25b1c-4a32-4d1a-ab93-c6bd4b4905b4" status: 404 len: 246 microversion: 1.1 [pid: 8|app: 0|req: 319/631] 10.0.0.89 () {34 vars in 815 bytes} [Tue Feb 24 21:07:55 2026] DELETE /resource_providers/d8d25b1c-4a32-4d1a-ab93-c6bd4b4905b4 => generated 246 bytes in 6 msecs (HTTP/1.1 404) 6 headers in 231 bytes (1 switches on core 0)
2026-02-24 21:07:55.342 7 INFO placement.requestlog [None req-640eecd8-5508-45dd-a8b5-b539b7ebb05b cd039baa7c464895ac32a559fe6c7bbc d93291347a0041adb52cfcf6b7cea4fa - - 4a90709b49504ea0a689854e66c4a9cd 4a90709b49504ea0a689854e66c4a9cd] 10.0.0.89 "GET /resource_providers/d8d25b1c-4a32-4d1a-ab93-c6bd4b4905b4/aggregates" status: 404 len: 235 microversion: 1.1 [pid: 7|app: 0|req: 313/632] 10.0.0.89 () {32 vars in 815 bytes} [Tue Feb 24 21:07:55 2026] GET /resource_providers/d8d25b1c-4a32-4d1a-ab93-c6bd4b4905b4/aggregates => generated 235 bytes in 163 msecs (HTTP/1.1 404) 5 headers in 202 bytes (1 switches on core 0)
2026-02-24 21:07:55.361 8 INFO placement.requestlog [None req-fe332019-653c-4b0b-925b-0e49ef88ea11 cd039baa7c464895ac32a559fe6c7bbc d93291347a0041adb52cfcf6b7cea4fa - - 4a90709b49504ea0a689854e66c4a9cd 4a90709b49504ea0a689854e66c4a9cd] 10.0.0.89 "DELETE /resource_providers/d8d25b1c-4a32-4d1a-ab93-c6bd4b4905b4" status: 404 len: 246 microversion: 1.1 [pid: 8|app: 0|req: 320/633] 10.0.0.89 () {34 vars in 815 bytes} [Tue Feb 24 21:07:55 2026] DELETE /resource_providers/d8d25b1c-4a32-4d1a-ab93-c6bd4b4905b4 => generated 246 bytes in 11 msecs (HTTP/1.1 404) 6 headers in 231 bytes (1 switches on core 0)
2026-02-24 21:07:55.580 7 INFO placement.requestlog [req-ebe042bb-c97d-410b-ba23-9fe22af28139 req-f6bb8c93-aa45-4bf0-903f-773f3c0769be aba4fedd70444ff4b6c834cdc8e61896 d93291347a0041adb52cfcf6b7cea4fa - - 4a90709b49504ea0a689854e66c4a9cd 4a90709b49504ea0a689854e66c4a9cd] 10.0.0.219 "GET /allocation_candidates?limit=1000&resources=DISK_GB%3A1%2CMEMORY_MB%3A512%2CVCPU%3A1&root_required=%21COMPUTE_STATUS_DISABLED" status: 200 len: 2640 microversion: 1.36 [pid: 7|app: 0|req: 314/634] 10.0.0.219 () {34 vars in 1012 bytes} [Tue Feb 24 21:07:55 2026] GET /allocation_candidates?limit=1000&resources=DISK_GB%3A1%2CMEMORY_MB%3A512%2CVCPU%3A1&root_required=%21COMPUTE_STATUS_DISABLED => generated 2640 bytes in 93 msecs (HTTP/1.1 200) 8 headers in 297 bytes (1 switches on core 0)
2026-02-24 21:07:55.618 8 INFO placement.requestlog [req-ebe042bb-c97d-410b-ba23-9fe22af28139 req-14060957-7c95-4561-9644-c95e584c4671 aba4fedd70444ff4b6c834cdc8e61896 d93291347a0041adb52cfcf6b7cea4fa - - 4a90709b49504ea0a689854e66c4a9cd 4a90709b49504ea0a689854e66c4a9cd] 10.0.0.219 "GET /allocations/569d2225-c21a-4599-9499-9f0c911a0d2e" status: 200 len: 19 microversion: 1.28 [pid: 8|app: 0|req: 321/635] 10.0.0.219 () {34 vars in 861 bytes} [Tue Feb 24 21:07:55 2026] GET /allocations/569d2225-c21a-4599-9499-9f0c911a0d2e => generated 19 bytes in 12 msecs (HTTP/1.1 200) 8 headers in 295 bytes (1 switches on core 0)
2026-02-24 21:07:55.711 7 INFO placement.requestlog [req-ebe042bb-c97d-410b-ba23-9fe22af28139 req-40164c94-0bfb-4104-85c7-e352e30aaad5 aba4fedd70444ff4b6c834cdc8e61896 d93291347a0041adb52cfcf6b7cea4fa - - 4a90709b49504ea0a689854e66c4a9cd 4a90709b49504ea0a689854e66c4a9cd] 10.0.0.219 "PUT /allocations/569d2225-c21a-4599-9499-9f0c911a0d2e" status: 204 len: 0 microversion: 1.36 [pid: 7|app: 0|req: 315/636] 10.0.0.219 () {38 vars in 914 bytes} [Tue Feb 24 21:07:55 2026] PUT /allocations/569d2225-c21a-4599-9499-9f0c911a0d2e => generated 0 bytes in 86 msecs (HTTP/1.1 204) 5 headers in 199 bytes (1 switches on core 0)
2026-02-24 21:07:55.930 8 INFO placement.requestlog [req-e5f0c423-4a84-4a82-8c9f-d135b621089d req-ed3498af-7560-4046-b7f9-f4e3376269d4 aba4fedd70444ff4b6c834cdc8e61896 d93291347a0041adb52cfcf6b7cea4fa - - 4a90709b49504ea0a689854e66c4a9cd 4a90709b49504ea0a689854e66c4a9cd] 10.0.0.219 "GET /allocation_candidates?limit=1000&resources=DISK_GB%3A1%2CMEMORY_MB%3A512%2CVCPU%3A1&root_required=%21COMPUTE_STATUS_DISABLED" status: 200 len: 2642 microversion: 1.36 [pid: 8|app: 0|req: 322/637] 10.0.0.219 () {34 vars in 1012 bytes} [Tue Feb 24 21:07:55 2026] GET /allocation_candidates?limit=1000&resources=DISK_GB%3A1%2CMEMORY_MB%3A512%2CVCPU%3A1&root_required=%21COMPUTE_STATUS_DISABLED => generated 2642 bytes in 57 msecs (HTTP/1.1 200) 8 headers in 297 bytes (1 switches on core 0)
2026-02-24 21:07:56.002 7 INFO placement.requestlog [None req-49f06fc4-cfce-4018-a620-b41600a2b280 cd039baa7c464895ac32a559fe6c7bbc d93291347a0041adb52cfcf6b7cea4fa - - 4a90709b49504ea0a689854e66c4a9cd 4a90709b49504ea0a689854e66c4a9cd] 10.0.0.89 "GET /resource_providers/ffed1f7c-7c5e-43ec-b042-dfce7a2f4865/aggregates" status: 404 len: 235 microversion: 1.1 [pid: 7|app: 0|req: 316/638] 10.0.0.89 () {32 vars in 815 bytes} [Tue Feb 24 21:07:55 2026] GET /resource_providers/ffed1f7c-7c5e-43ec-b042-dfce7a2f4865/aggregates => generated 235 bytes in 105 msecs (HTTP/1.1 404) 5 headers in 202 bytes (1 switches on core 0)
2026-02-24 21:07:56.019 7 INFO placement.requestlog [req-e5f0c423-4a84-4a82-8c9f-d135b621089d req-44fb4475-feb1-4d6e-ad24-1e3355f46682 aba4fedd70444ff4b6c834cdc8e61896 d93291347a0041adb52cfcf6b7cea4fa - - 4a90709b49504ea0a689854e66c4a9cd 4a90709b49504ea0a689854e66c4a9cd] 10.0.0.219 "GET /allocations/74183ed5-31d2-4a9c-943d-b7b38034895f" status: 200 len: 19 microversion: 1.28 [pid: 7|app: 0|req: 317/639] 10.0.0.219 () {34 vars in 861 bytes} [Tue Feb 24 21:07:56 2026] GET /allocations/74183ed5-31d2-4a9c-943d-b7b38034895f => generated 19 bytes in 17 msecs (HTTP/1.1 200) 8 headers in 295 bytes (1 switches on core 0)
2026-02-24 21:07:56.030 7 INFO placement.requestlog [None req-0ad6a09e-5f6b-454c-bf32-d085198b10a9 cd039baa7c464895ac32a559fe6c7bbc d93291347a0041adb52cfcf6b7cea4fa - - 4a90709b49504ea0a689854e66c4a9cd 4a90709b49504ea0a689854e66c4a9cd] 10.0.0.89 "DELETE /resource_providers/ffed1f7c-7c5e-43ec-b042-dfce7a2f4865" status: 404 len: 246 microversion: 1.1 [pid: 7|app: 0|req: 318/640] 10.0.0.89 () {34 vars in 815 bytes} [Tue Feb 24 21:07:56 2026] DELETE /resource_providers/ffed1f7c-7c5e-43ec-b042-dfce7a2f4865 => generated 246 bytes in 10 msecs (HTTP/1.1 404) 6 headers in 231 bytes (1 switches on core 0)
2026-02-24 21:07:56.100 7 INFO placement.requestlog [req-e5f0c423-4a84-4a82-8c9f-d135b621089d req-0c392a11-948e-4045-b109-30472c9f7645 aba4fedd70444ff4b6c834cdc8e61896 d93291347a0041adb52cfcf6b7cea4fa - - 4a90709b49504ea0a689854e66c4a9cd 4a90709b49504ea0a689854e66c4a9cd] 10.0.0.219 "PUT /allocations/74183ed5-31d2-4a9c-943d-b7b38034895f" status: 204 len: 0 microversion: 1.36 [pid: 7|app: 0|req: 319/641] 10.0.0.219 () {38 vars in 914 bytes} [Tue Feb 24 21:07:56 2026] PUT /allocations/74183ed5-31d2-4a9c-943d-b7b38034895f => generated 0 bytes in 69 msecs (HTTP/1.1 204) 5 headers in 199 bytes (1 switches on core 0)
2026-02-24 21:07:56.182 8 INFO placement.requestlog [None req-91b335ef-141a-4bbd-9d0d-0c5430ddda0a cd039baa7c464895ac32a559fe6c7bbc d93291347a0041adb52cfcf6b7cea4fa - - 4a90709b49504ea0a689854e66c4a9cd 4a90709b49504ea0a689854e66c4a9cd] 10.0.0.89 "GET /resource_providers/ffed1f7c-7c5e-43ec-b042-dfce7a2f4865/aggregates" status: 404 len: 235 microversion: 1.1 [pid: 8|app: 0|req: 323/642] 10.0.0.89 () {32 vars in 815 bytes} [Tue Feb 24 21:07:55 2026] GET /resource_providers/ffed1f7c-7c5e-43ec-b042-dfce7a2f4865/aggregates => generated 235 bytes in 251 msecs (HTTP/1.1 404) 5 headers in 202 bytes (1 switches on core 0)
2026-02-24 21:07:56.201 7 INFO placement.requestlog [None req-00e49592-ffcb-4235-b10c-9165914197fa cd039baa7c464895ac32a559fe6c7bbc d93291347a0041adb52cfcf6b7cea4fa - - 4a90709b49504ea0a689854e66c4a9cd 4a90709b49504ea0a689854e66c4a9cd] 10.0.0.89 "DELETE /resource_providers/ffed1f7c-7c5e-43ec-b042-dfce7a2f4865" status: 404 len: 246 microversion: 1.1 [pid: 7|app: 0|req: 320/643] 10.0.0.89 () {34 vars in 815 bytes} [Tue Feb 24 21:07:56 2026] DELETE /resource_providers/ffed1f7c-7c5e-43ec-b042-dfce7a2f4865 => generated 246 bytes in 8 msecs (HTTP/1.1 404) 6 headers in 231 bytes (1 switches on core 0)
2026-02-24 21:07:56.690 8 INFO placement.requestlog [None req-ecc6b28f-f863-4441-8db3-43988b4ab0bb - - - - - -] 10.0.0.199 "GET /" status: 200 len: 136 microversion: 1.0
2026-02-24 21:07:56.690 7 INFO placement.requestlog [None req-76e94cac-4e9c-4bc7-9fb9-1b11c7835a1d - - - - - -] 10.0.0.199 "GET /" status: 200 len: 136 microversion: 1.0
2026-02-24 21:07:57.295 8 INFO placement.requestlog [req-ebe042bb-c97d-410b-ba23-9fe22af28139 req-452eb071-1e22-4b28-a75c-f5d31eccf950 aba4fedd70444ff4b6c834cdc8e61896 d93291347a0041adb52cfcf6b7cea4fa - - 4a90709b49504ea0a689854e66c4a9cd 4a90709b49504ea0a689854e66c4a9cd] 162.253.55.36 "GET /allocations/569d2225-c21a-4599-9499-9f0c911a0d2e" status: 200 len: 257 microversion: 1.28 [pid: 8|app: 0|req: 325/646] 162.253.55.36 () {34 vars in 862 bytes} [Tue Feb 24 21:07:57 2026] GET /allocations/569d2225-c21a-4599-9499-9f0c911a0d2e => generated 257 bytes in 12 msecs (HTTP/1.1 200) 8 headers in 296 bytes (1 switches on core 0)
2026-02-24 21:07:57.543 7 INFO placement.requestlog [req-c69b71f2-f62e-45f9-a1fe-4b21ffe18ef1 req-79b82840-39c5-45ac-aeba-56397260e969 aba4fedd70444ff4b6c834cdc8e61896 d93291347a0041adb52cfcf6b7cea4fa - - 4a90709b49504ea0a689854e66c4a9cd 4a90709b49504ea0a689854e66c4a9cd] 10.0.0.219 "GET /allocation_candidates?limit=1000&resources=DISK_GB%3A1%2CMEMORY_MB%3A512%2CVCPU%3A1&root_required=%21COMPUTE_STATUS_DISABLED" status: 200 len: 2643 microversion: 1.36 [pid: 7|app: 0|req: 322/647] 10.0.0.219 () {34 vars in 1012 bytes} [Tue Feb 24 21:07:57 2026] GET /allocation_candidates?limit=1000&resources=DISK_GB%3A1%2CMEMORY_MB%3A512%2CVCPU%3A1&root_required=%21COMPUTE_STATUS_DISABLED => generated 2643 bytes in 39 msecs (HTTP/1.1 200) 8 headers in 297 bytes (1 switches on core 0)
2026-02-24 21:07:57.580 8 INFO placement.requestlog [req-c69b71f2-f62e-45f9-a1fe-4b21ffe18ef1 req-5ba3cd0e-b0e3-480f-a94b-f794788c0ec8 aba4fedd70444ff4b6c834cdc8e61896 d93291347a0041adb52cfcf6b7cea4fa - - 4a90709b49504ea0a689854e66c4a9cd 4a90709b49504ea0a689854e66c4a9cd] 10.0.0.219 "GET /allocations/12e767c5-f5a2-4f2a-a4e3-72b89e6b9102" status: 200 len: 19 microversion: 1.28 [pid: 8|app: 0|req: 326/648] 10.0.0.219 () {34 vars in 861 bytes} [Tue Feb 24 21:07:57 2026] GET /allocations/12e767c5-f5a2-4f2a-a4e3-72b89e6b9102 => generated 19 bytes in 10 msecs (HTTP/1.1 200) 8 headers in 295 bytes (1 switches on core 0)
2026-02-24 21:07:57.659 7 INFO placement.requestlog [req-c69b71f2-f62e-45f9-a1fe-4b21ffe18ef1 req-3fde6452-4aa8-452d-b95a-5c179a4230b4 aba4fedd70444ff4b6c834cdc8e61896 d93291347a0041adb52cfcf6b7cea4fa - - 4a90709b49504ea0a689854e66c4a9cd 4a90709b49504ea0a689854e66c4a9cd] 10.0.0.219 "PUT /allocations/12e767c5-f5a2-4f2a-a4e3-72b89e6b9102" status: 204 len: 0 microversion: 1.36 [pid: 7|app: 0|req: 323/649] 10.0.0.219 () {38 vars in 914 bytes} [Tue Feb 24 21:07:57 2026] PUT /allocations/12e767c5-f5a2-4f2a-a4e3-72b89e6b9102 => generated 0 bytes in 73 msecs (HTTP/1.1 204) 5 headers in 199 bytes (1 switches on core 0)
2026-02-24 21:07:57.692 8 INFO placement.requestlog [req-e5f0c423-4a84-4a82-8c9f-d135b621089d req-68746451-9e15-42e3-bcaa-3d65d1ed3193 aba4fedd70444ff4b6c834cdc8e61896 d93291347a0041adb52cfcf6b7cea4fa - - 4a90709b49504ea0a689854e66c4a9cd 4a90709b49504ea0a689854e66c4a9cd] 162.253.55.36 "GET /allocations/74183ed5-31d2-4a9c-943d-b7b38034895f" status: 200 len: 257 microversion: 1.28 [pid: 8|app: 0|req: 327/650] 162.253.55.36 () {34 vars in 862 bytes} [Tue Feb 24 21:07:57 2026] GET /allocations/74183ed5-31d2-4a9c-943d-b7b38034895f => generated 257 bytes in 16 msecs (HTTP/1.1 200) 8 headers in 296 bytes (1 switches on core 0)
2026-02-24 21:07:58.335 7 INFO placement.requestlog [req-ebe042bb-c97d-410b-ba23-9fe22af28139 req-27ceddc1-d7ac-4c78-bd86-cd2d6f492252 aba4fedd70444ff4b6c834cdc8e61896 d93291347a0041adb52cfcf6b7cea4fa - - 4a90709b49504ea0a689854e66c4a9cd 4a90709b49504ea0a689854e66c4a9cd] 162.253.55.36 "GET /resource_providers/310b814f-19da-4c48-9166-e63df99bf23d/allocations" status: 200 len: 352 microversion: 1.0 [pid: 7|app: 0|req: 324/651] 162.253.55.36 () {32 vars in 856 bytes} [Tue Feb 24 21:07:58 2026] GET /resource_providers/310b814f-19da-4c48-9166-e63df99bf23d/allocations => generated 352 bytes in 15 msecs (HTTP/1.1 200) 6 headers in 224 bytes (1 switches on core 0)
2026-02-24 21:07:58.359 8 INFO placement.requestlog [req-ebe042bb-c97d-410b-ba23-9fe22af28139 req-9a0e46bf-f642-4726-9ba9-a1ade1ce9167 aba4fedd70444ff4b6c834cdc8e61896 d93291347a0041adb52cfcf6b7cea4fa - - 4a90709b49504ea0a689854e66c4a9cd 4a90709b49504ea0a689854e66c4a9cd] 162.253.55.36 "GET /allocations/12e767c5-f5a2-4f2a-a4e3-72b89e6b9102" status: 200 len: 257 microversion: 1.28 [pid: 8|app: 0|req: 328/652] 162.253.55.36 () {34 vars in 862 bytes} [Tue Feb 24 21:07:58 2026] GET /allocations/12e767c5-f5a2-4f2a-a4e3-72b89e6b9102 => generated 257 bytes in 16 msecs (HTTP/1.1 200) 8 headers in 296 bytes (1 switches on core 0)
2026-02-24 21:07:58.377 7 INFO placement.requestlog [req-ebe042bb-c97d-410b-ba23-9fe22af28139 req-6a4dc3bb-3e98-41d3-b696-44acd45ccbd8 aba4fedd70444ff4b6c834cdc8e61896 d93291347a0041adb52cfcf6b7cea4fa - - 4a90709b49504ea0a689854e66c4a9cd 4a90709b49504ea0a689854e66c4a9cd] 162.253.55.36 "GET /allocations/74183ed5-31d2-4a9c-943d-b7b38034895f" status: 200 len: 257 microversion: 1.28 [pid: 7|app: 0|req: 325/653] 162.253.55.36 () {34 vars in 862 bytes} [Tue Feb 24 21:07:58 2026] GET /allocations/74183ed5-31d2-4a9c-943d-b7b38034895f => generated 257 bytes in 11 msecs (HTTP/1.1 200) 8 headers in 296 bytes (1 switches on core 0)
2026-02-24 21:07:58.396 8 INFO placement.requestlog [req-ebe042bb-c97d-410b-ba23-9fe22af28139 req-3f847ae9-df52-4a49-ad1d-cbb09d7d3335 aba4fedd70444ff4b6c834cdc8e61896 d93291347a0041adb52cfcf6b7cea4fa - - 4a90709b49504ea0a689854e66c4a9cd 4a90709b49504ea0a689854e66c4a9cd] 162.253.55.36 "GET /allocations/569d2225-c21a-4599-9499-9f0c911a0d2e" status: 200 len: 257 microversion: 1.28 [pid: 8|app: 0|req: 329/654] 162.253.55.36 () {34 vars in 862 bytes} [Tue Feb 24 21:07:58 2026] GET /allocations/569d2225-c21a-4599-9499-9f0c911a0d2e => generated 257 bytes in 15 msecs (HTTP/1.1 200) 8 headers in 296 bytes (1 switches on core 0)
2026-02-24 21:07:59.176 7 INFO placement.requestlog [req-c69b71f2-f62e-45f9-a1fe-4b21ffe18ef1 req-9e3040ea-93cb-4f28-a21c-3332d1a77b6e aba4fedd70444ff4b6c834cdc8e61896 d93291347a0041adb52cfcf6b7cea4fa - - 4a90709b49504ea0a689854e66c4a9cd 4a90709b49504ea0a689854e66c4a9cd] 162.253.55.36 "GET /allocations/12e767c5-f5a2-4f2a-a4e3-72b89e6b9102" status: 200 len: 257 microversion: 1.28 [pid: 7|app: 0|req: 326/655] 162.253.55.36 () {34 vars in 862 bytes} [Tue Feb 24 21:07:59 2026] GET /allocations/12e767c5-f5a2-4f2a-a4e3-72b89e6b9102 => generated 257 bytes in 21 msecs (HTTP/1.1 200) 8 headers in 296 bytes (1 switches on core 0)
2026-02-24 21:08:00.473 8 INFO placement.requestlog [req-e5f0c423-4a84-4a82-8c9f-d135b621089d req-9df1bf61-61f2-424c-8866-800ce5d1a926 aba4fedd70444ff4b6c834cdc8e61896 d93291347a0041adb52cfcf6b7cea4fa - - 4a90709b49504ea0a689854e66c4a9cd 4a90709b49504ea0a689854e66c4a9cd] 162.253.55.36 "GET /resource_providers/310b814f-19da-4c48-9166-e63df99bf23d/allocations" status: 200 len: 352 microversion: 1.0 [pid: 8|app: 0|req: 330/656] 162.253.55.36 () {32 vars in 856 bytes} [Tue Feb 24 21:08:00 2026] GET /resource_providers/310b814f-19da-4c48-9166-e63df99bf23d/allocations => generated 352 bytes in 24 msecs (HTTP/1.1 200) 6 headers in 224 bytes (1 switches on core 0)
2026-02-24 21:08:00.493 7 INFO placement.requestlog [req-e5f0c423-4a84-4a82-8c9f-d135b621089d req-15dd16ec-07a4-4d93-b79a-7fca3a54ff02 aba4fedd70444ff4b6c834cdc8e61896 d93291347a0041adb52cfcf6b7cea4fa - - 4a90709b49504ea0a689854e66c4a9cd 4a90709b49504ea0a689854e66c4a9cd] 162.253.55.36 "GET /allocations/12e767c5-f5a2-4f2a-a4e3-72b89e6b9102" status: 200 len: 257 microversion: 1.28 [pid: 7|app: 0|req: 327/657] 162.253.55.36 () {34 vars in 862 bytes} [Tue Feb 24 21:08:00 2026] GET /allocations/12e767c5-f5a2-4f2a-a4e3-72b89e6b9102 => generated 257 bytes in 13 msecs (HTTP/1.1 200) 8 headers in 296 bytes (1 switches on core 0)
2026-02-24 21:08:00.518 8 INFO placement.requestlog [req-e5f0c423-4a84-4a82-8c9f-d135b621089d req-4f1e5a25-6880-42bc-9d27-a34a3d9418e0 aba4fedd70444ff4b6c834cdc8e61896 d93291347a0041adb52cfcf6b7cea4fa - - 4a90709b49504ea0a689854e66c4a9cd 4a90709b49504ea0a689854e66c4a9cd] 162.253.55.36 "GET /allocations/74183ed5-31d2-4a9c-943d-b7b38034895f" status: 200 len: 257 microversion: 1.28 [pid: 8|app: 0|req: 331/658] 162.253.55.36 () {34 vars in 862 bytes} [Tue Feb 24 21:08:00 2026] GET /allocations/74183ed5-31d2-4a9c-943d-b7b38034895f => generated 257 bytes in 17 msecs (HTTP/1.1 200) 8 headers in 296 bytes (1 switches on core 0)
2026-02-24 21:08:00.534 7 INFO placement.requestlog [req-e5f0c423-4a84-4a82-8c9f-d135b621089d req-25d68949-2cac-485e-b4f0-f1f907fccc68 aba4fedd70444ff4b6c834cdc8e61896 d93291347a0041adb52cfcf6b7cea4fa - - 4a90709b49504ea0a689854e66c4a9cd 4a90709b49504ea0a689854e66c4a9cd] 162.253.55.36 "GET /allocations/569d2225-c21a-4599-9499-9f0c911a0d2e" status: 200 len: 257 microversion: 1.28 [pid: 7|app: 0|req: 328/659] 162.253.55.36 () {34 vars in 862 bytes} [Tue Feb 24 21:08:00 2026] GET /allocations/569d2225-c21a-4599-9499-9f0c911a0d2e => generated 257 bytes in 10 msecs (HTTP/1.1 200) 8 headers in 296 bytes (1 switches on core 0)
2026-02-24 21:08:02.608 8 INFO placement.requestlog [req-c69b71f2-f62e-45f9-a1fe-4b21ffe18ef1 req-c8bda8ab-5fa1-4997-aa37-3600bc16ab09 aba4fedd70444ff4b6c834cdc8e61896 d93291347a0041adb52cfcf6b7cea4fa - - 4a90709b49504ea0a689854e66c4a9cd 4a90709b49504ea0a689854e66c4a9cd] 162.253.55.36 "GET /resource_providers/310b814f-19da-4c48-9166-e63df99bf23d/allocations" status: 200 len: 352 microversion: 1.0 [pid: 8|app: 0|req: 332/660] 162.253.55.36 () {32 vars in 856 bytes} [Tue Feb 24 21:08:02 2026] GET /resource_providers/310b814f-19da-4c48-9166-e63df99bf23d/allocations => generated 352 bytes in 18 msecs (HTTP/1.1 200) 6 headers in 224 bytes (1 switches on core 0)
2026-02-24 21:08:02.636 7 INFO placement.requestlog [req-c69b71f2-f62e-45f9-a1fe-4b21ffe18ef1 req-b4e88c58-4dd2-4860-86a4-14525bc76d8b aba4fedd70444ff4b6c834cdc8e61896 d93291347a0041adb52cfcf6b7cea4fa - - 4a90709b49504ea0a689854e66c4a9cd 4a90709b49504ea0a689854e66c4a9cd] 162.253.55.36 "GET /allocations/12e767c5-f5a2-4f2a-a4e3-72b89e6b9102" status: 200 len: 257 microversion: 1.28 [pid: 7|app: 0|req: 329/661] 162.253.55.36 () {34 vars in 862 bytes} [Tue Feb 24 21:08:02 2026] GET /allocations/12e767c5-f5a2-4f2a-a4e3-72b89e6b9102 => generated 257 bytes in 13 msecs (HTTP/1.1 200) 8 headers in 296 bytes (1 switches on core 0)
2026-02-24 21:08:02.670 8 INFO placement.requestlog [req-c69b71f2-f62e-45f9-a1fe-4b21ffe18ef1 req-f9b3fde7-b7b5-443a-bdcb-691483487b4e aba4fedd70444ff4b6c834cdc8e61896 d93291347a0041adb52cfcf6b7cea4fa - - 4a90709b49504ea0a689854e66c4a9cd 4a90709b49504ea0a689854e66c4a9cd] 162.253.55.36 "GET /allocations/74183ed5-31d2-4a9c-943d-b7b38034895f" status: 200 len: 257 microversion: 1.28 [pid: 8|app: 0|req: 333/662] 162.253.55.36 () {34 vars in 862 bytes} [Tue Feb 24 21:08:02 2026] GET /allocations/74183ed5-31d2-4a9c-943d-b7b38034895f => generated 257 bytes in 24 msecs (HTTP/1.1 200) 8 headers in 296 bytes (1 switches on core 0)
2026-02-24 21:08:02.771 7 INFO placement.requestlog [req-c69b71f2-f62e-45f9-a1fe-4b21ffe18ef1 req-ebacaee5-1c41-4efe-90a1-d4d871a468f8 aba4fedd70444ff4b6c834cdc8e61896 d93291347a0041adb52cfcf6b7cea4fa - - 4a90709b49504ea0a689854e66c4a9cd 4a90709b49504ea0a689854e66c4a9cd] 162.253.55.36 "GET /allocations/569d2225-c21a-4599-9499-9f0c911a0d2e" status: 200 len: 257 microversion: 1.28 [pid: 7|app: 0|req: 330/663] 162.253.55.36 () {34 vars in 862 bytes} [Tue Feb 24 21:08:02 2026] GET /allocations/569d2225-c21a-4599-9499-9f0c911a0d2e => generated 257 bytes in 99 msecs (HTTP/1.1 200) 8 headers in 296 bytes (1 switches on core 0)
2026-02-24 21:08:05.643 7 INFO placement.requestlog [None req-b45ac1ef-05d3-49db-97e9-0939c665821f cd039baa7c464895ac32a559fe6c7bbc d93291347a0041adb52cfcf6b7cea4fa - - 4a90709b49504ea0a689854e66c4a9cd 4a90709b49504ea0a689854e66c4a9cd] 10.0.0.89 "GET /resource_providers/f62c26dc-df40-44ca-965b-92552fc49f8b/aggregates" status: 404 len: 235 microversion: 1.1 [pid: 7|app: 0|req: 331/664] 10.0.0.89 () {32 vars in 815 bytes} [Tue Feb 24 21:08:05 2026] GET /resource_providers/f62c26dc-df40-44ca-965b-92552fc49f8b/aggregates => generated 235 bytes in 9 msecs (HTTP/1.1 404) 5 headers in 202 bytes (1 switches on core 0)
2026-02-24 21:08:05.645 8 INFO placement.requestlog [None req-344d731e-299d-41a1-9c5c-a05716cf6db6 cd039baa7c464895ac32a559fe6c7bbc d93291347a0041adb52cfcf6b7cea4fa - - 4a90709b49504ea0a689854e66c4a9cd 4a90709b49504ea0a689854e66c4a9cd] 10.0.0.89 "GET /resource_providers/f62c26dc-df40-44ca-965b-92552fc49f8b/aggregates" status: 404 len: 235 microversion: 1.1 [pid: 8|app: 0|req: 334/665] 10.0.0.89 () {32 vars in 815 bytes} [Tue Feb 24 21:08:05 2026] GET /resource_providers/f62c26dc-df40-44ca-965b-92552fc49f8b/aggregates => generated 235 bytes in 11 msecs (HTTP/1.1 404) 5 headers in 202 bytes (1 switches on core 0)
2026-02-24 21:08:05.662 7 INFO placement.requestlog [None req-a300bb19-4f02-4de6-841f-7e5e312fb77b cd039baa7c464895ac32a559fe6c7bbc d93291347a0041adb52cfcf6b7cea4fa - - 4a90709b49504ea0a689854e66c4a9cd 4a90709b49504ea0a689854e66c4a9cd] 10.0.0.89 "DELETE /resource_providers/f62c26dc-df40-44ca-965b-92552fc49f8b" status: 404 len: 246 microversion: 1.1 [pid: 7|app: 0|req: 332/666] 10.0.0.89 () {34 vars in 815 bytes} [Tue Feb 24 21:08:05 2026] DELETE /resource_providers/f62c26dc-df40-44ca-965b-92552fc49f8b => generated 246 bytes in 8 msecs (HTTP/1.1 404) 6 headers in 231 bytes (1 switches on core 0)
2026-02-24 21:08:05.671 8 INFO placement.requestlog [None req-24af8fc9-9382-413b-8fbe-0d4432e76262 cd039baa7c464895ac32a559fe6c7bbc d93291347a0041adb52cfcf6b7cea4fa - - 4a90709b49504ea0a689854e66c4a9cd 4a90709b49504ea0a689854e66c4a9cd] 10.0.0.89 "DELETE /resource_providers/f62c26dc-df40-44ca-965b-92552fc49f8b" status: 404 len: 246 microversion: 1.1 [pid: 8|app: 0|req: 335/667] 10.0.0.89 () {34 vars in 815 bytes} [Tue Feb 24 21:08:05 2026] DELETE /resource_providers/f62c26dc-df40-44ca-965b-92552fc49f8b => generated 246 bytes in 14 msecs (HTTP/1.1 404) 6 headers in 231 bytes (1 switches on core 0)
2026-02-24 21:08:06.688 7 INFO placement.requestlog [None req-c66962f0-c1f9-472a-a295-3fd835c35f7e - - - - - -] 10.0.0.199 "GET /" status: 200 len: 136 microversion: 1.0
2026-02-24 21:08:06.688 8 INFO placement.requestlog [None req-101fbcc9-8ed3-4839-aadb-950395330cca - - - - - -] 10.0.0.199 "GET /" status: 200 len: 136 microversion: 1.0
2026-02-24 21:08:07.675 7 INFO placement.requestlog [None req-075e3159-a596-4ca7-9c41-b76523eb2fa5 cd039baa7c464895ac32a559fe6c7bbc d93291347a0041adb52cfcf6b7cea4fa - - 4a90709b49504ea0a689854e66c4a9cd 4a90709b49504ea0a689854e66c4a9cd] 10.0.0.89 "GET /resource_providers/7085d145-a242-48e3-9e97-08ff7b83a45f/aggregates" status: 404 len: 235 microversion: 1.1 [pid: 7|app: 0|req: 334/670] 10.0.0.89 () {32 vars in 815 bytes} [Tue Feb 24 21:08:07 2026] GET /resource_providers/7085d145-a242-48e3-9e97-08ff7b83a45f/aggregates => generated 235 bytes in 7 msecs (HTTP/1.1 404) 5 headers in 202 bytes (1 switches on core 0)
