Jun 18 07:23:40.277402 np0000181903 devstack@neutron-api.service[102950]: [pid: 102950|app: 0|req: 24/90] 199.204.45.210 () {64 vars in 1378 bytes} [Thu Jun 18 07:23:40 2026] GET /networking/v2.0/ports?device_owner=network%3Adistributed => generated 1649 bytes in 121 msecs (HTTP/1.1 200) 4 headers in 158 bytes (1 switches on core 0)
Jun 18 07:23:42.327663 np0000181903 devstack@neutron-api.service[102951]: DEBUG neutron.plugins.ml2.drivers.ovn.mech_driver.ovsdb.ovsdb_monitor [None req-34b3ff18-bde9-4751-b4cb-b413bb26698e None None] Hash Ring: Node 7702b9d9b5555f0a9c4760a5e78f8e8a (host: np0000181903) handling event "update" for row 5de2162e-7406-4a4e-8662-8a70a2f85e8b (table: Connection) {{(pid=102951) notify /opt/stack/neutron/neutron/plugins/ml2/drivers/ovn/mech_driver/ovsdb/ovsdb_monitor.py:1015}}
Jun 18 07:23:44.633656 np0000181903 devstack@neutron-api.service[102950]: DEBUG futurist.periodics [-] Submitting periodic callback 'neutron.plugins.ml2.drivers.ovn.mech_driver.ovsdb.maintenance.HashRingHealthCheckPeriodics.touch_hash_ring_node' {{(pid=102950) _process_scheduled /opt/stack/data/venv/lib/python3.12/site-packages/futurist/periodics.py:784}}
Jun 18 07:23:44.634531 np0000181903 devstack@neutron-api.service[102950]: DEBUG neutron.plugins.ml2.drivers.ovn.mech_driver.ovsdb.maintenance [-] Touching Hash Ring node "1921db298f1e58e9956c032d361c46a0" from periodic health check thread {{(pid=102950) touch_hash_ring_node /opt/stack/neutron/neutron/plugins/ml2/drivers/ovn/mech_driver/ovsdb/maintenance.py:1419}}
Jun 18 07:23:45.587071 np0000181903 devstack@neutron-api.service[102951]: DEBUG futurist.periodics [-] Submitting periodic callback 'neutron.plugins.ml2.drivers.ovn.mech_driver.ovsdb.maintenance.HashRingHealthCheckPeriodics.touch_hash_ring_node' {{(pid=102951) _process_scheduled /opt/stack/data/venv/lib/python3.12/site-packages/futurist/periodics.py:784}}
Jun 18 07:23:45.587776 np0000181903 devstack@neutron-api.service[102951]: DEBUG neutron.plugins.ml2.drivers.ovn.mech_driver.ovsdb.maintenance [-] Touching Hash Ring node "7702b9d9b5555f0a9c4760a5e78f8e8a" from periodic health check thread {{(pid=102951) touch_hash_ring_node /opt/stack/neutron/neutron/plugins/ml2/drivers/ovn/mech_driver/ovsdb/maintenance.py:1419}}
Jun 18 07:23:45.631546 np0000181903 devstack@neutron-api.service[102952]: DEBUG futurist.periodics [-] Submitting periodic callback 'neutron.plugins.ml2.drivers.ovn.mech_driver.ovsdb.maintenance.HashRingHealthCheckPeriodics.touch_hash_ring_node' {{(pid=102952) _process_scheduled /opt/stack/data/venv/lib/python3.12/site-packages/futurist/periodics.py:784}}
Jun 18 07:23:45.632190 np0000181903 devstack@neutron-api.service[102952]: DEBUG neutron.plugins.ml2.drivers.ovn.mech_driver.ovsdb.maintenance [-] Touching Hash Ring node "3b9d08cc8d775c67ac6f4e3e4c28a439" from periodic health check thread {{(pid=102952) touch_hash_ring_node /opt/stack/neutron/neutron/plugins/ml2/drivers/ovn/mech_driver/ovsdb/maintenance.py:1419}}
Jun 18 07:23:45.661010 np0000181903 devstack@neutron-api.service[102949]: DEBUG futurist.periodics [-] Submitting periodic callback 'neutron.plugins.ml2.drivers.ovn.mech_driver.ovsdb.maintenance.HashRingHealthCheckPeriodics.touch_hash_ring_node' {{(pid=102949) _process_scheduled /opt/stack/data/venv/lib/python3.12/site-packages/futurist/periodics.py:784}}
Jun 18 07:23:45.661844 np0000181903 devstack@neutron-api.service[102949]: DEBUG neutron.plugins.ml2.drivers.ovn.mech_driver.ovsdb.maintenance [-] Touching Hash Ring node "86876104c58657d79607821e2a3fa376" from periodic health check thread {{(pid=102949) touch_hash_ring_node /opt/stack/neutron/neutron/plugins/ml2/drivers/ovn/mech_driver/ovsdb/maintenance.py:1419}}
Jun 18 07:23:52.475013 np0000181903 devstack@neutron-api.service[102951]: INFO neutron.pecan_wsgi.hooks.translation [None req-bab7990b-ec13-4ebf-bb7b-f85bb631c30b admin admin] GET failed (client error): The resource could not be found.
Jun 18 07:23:52.475881 np0000181903 devstack@neutron-api.service[102951]: [pid: 102951|app: 0|req: 23/91] 199.204.45.210 () {64 vars in 1334 bytes} [Thu Jun 18 07:23:52 2026] GET /networking/v2.0/networks/admin_net => generated 111 bytes in 14 msecs (HTTP/1.1 404) 4 headers in 164 bytes (1 switches on core 0)
Jun 18 07:23:52.512311 np0000181903 devstack@neutron-api.service[102949]: [pid: 102949|app: 0|req: 23/92] 199.204.45.210 () {64 vars in 1346 bytes} [Thu Jun 18 07:23:52 2026] GET /networking/v2.0/networks?name=admin_net => generated 15 bytes in 21 msecs (HTTP/1.1 200) 4 headers in 156 bytes (1 switches on core 0)
Jun 18 07:23:52.767411 np0000181903 devstack@neutron-api.service[102952]: DEBUG neutron.api.v2.base [None req-3b42b1d5-e0ef-47e4-97ef-71b41a61ac15 admin admin] Request body: {'network': {'project_id': 'bf48426d311f428483416226a31c55c0', 'name': 'admin_net', 'admin_state_up': True}} {{(pid=102952) prepare_request_body /opt/stack/neutron/neutron/api/v2/base.py:727}}
Jun 18 07:23:52.784874 np0000181903 devstack@neutron-api.service[102952]: DEBUG neutron.pecan_wsgi.hooks.quota_enforcement [None req-3b42b1d5-e0ef-47e4-97ef-71b41a61ac15 admin admin] Made reservation on behalf of bf48426d311f428483416226a31c55c0 for: {'network': 1} {{(pid=102952) before /opt/stack/neutron/neutron/pecan_wsgi/hooks/quota_enforcement.py:66}}
Jun 18 07:23:52.790838 np0000181903 devstack@neutron-api.service[102952]: DEBUG neutron_lib.callbacks.manager [None req-3b42b1d5-e0ef-47e4-97ef-71b41a61ac15 admin admin] Publish callbacks ['neutron.plugins.ml2.plugin.SecurityGroupDbMixin._ensure_default_security_group_handler-189587'] for network (None), before_create {{(pid=102952) _notify_loop /opt/stack/data/venv/lib/python3.12/site-packages/neutron_lib/callbacks/manager.py:184}}
Jun 18 07:23:52.798360 np0000181903 devstack@neutron-api.service[102952]: DEBUG neutron_lib.callbacks.manager [None req-3b42b1d5-e0ef-47e4-97ef-71b41a61ac15 admin admin] Publish callbacks [] for security_group (None), before_create {{(pid=102952) _notify_loop /opt/stack/data/venv/lib/python3.12/site-packages/neutron_lib/callbacks/manager.py:184}}
Jun 18 07:23:52.868264 np0000181903 devstack@neutron-api.service[102952]: DEBUG neutron_lib.callbacks.manager [None req-3b42b1d5-e0ef-47e4-97ef-71b41a61ac15 admin admin] Publish callbacks ['neutron.plugins.ml2.drivers.ovn.mech_driver.mech_driver.OVNMechanismDriver._create_security_group_precommit-360430'] for security_group (dd3edb43-386d-4f6a-b4b2-f14a29d3dc47), precommit_create {{(pid=102952) _notify_loop /opt/stack/data/venv/lib/python3.12/site-packages/neutron_lib/callbacks/manager.py:184}}
Jun 18 07:23:52.868428 np0000181903 devstack@neutron-api.service[102952]: DEBUG neutron.db.ovn_revision_numbers_db [None req-3b42b1d5-e0ef-47e4-97ef-71b41a61ac15 admin admin] create_initial_revision uuid=dd3edb43-386d-4f6a-b4b2-f14a29d3dc47, type=security_groups, rev=-1 {{(pid=102952) create_initial_revision /opt/stack/neutron/neutron/db/ovn_revision_numbers_db.py:98}}
Jun 18 07:23:52.869794 np0000181903 devstack@neutron-api.service[102952]: DEBUG neutron.db.ovn_revision_numbers_db [None req-3b42b1d5-e0ef-47e4-97ef-71b41a61ac15 admin admin] create_initial_revision uuid=17ded9f5-7a54-4262-b6de-0067b7cd01f9, type=security_group_rules, rev=-1 {{(pid=102952) create_initial_revision /opt/stack/neutron/neutron/db/ovn_revision_numbers_db.py:98}}
Jun 18 07:23:52.870937 np0000181903 devstack@neutron-api.service[102952]: DEBUG neutron.db.ovn_revision_numbers_db [None req-3b42b1d5-e0ef-47e4-97ef-71b41a61ac15 admin admin] create_initial_revision uuid=a4e4e415-83ed-4152-a5ee-e8823e6bb42b, type=security_group_rules, rev=-1 {{(pid=102952) create_initial_revision /opt/stack/neutron/neutron/db/ovn_revision_numbers_db.py:98}}
Jun 18 07:23:52.872081 np0000181903 devstack@neutron-api.service[102952]: DEBUG neutron.db.ovn_revision_numbers_db [None req-3b42b1d5-e0ef-47e4-97ef-71b41a61ac15 admin admin] create_initial_revision uuid=a5b0090b-d6a0-4398-8fdb-b99ae9ab11d4, type=security_group_rules, rev=-1 {{(pid=102952) create_initial_revision /opt/stack/neutron/neutron/db/ovn_revision_numbers_db.py:98}}
Jun 18 07:23:52.873179 np0000181903 devstack@neutron-api.service[102952]: DEBUG neutron.db.ovn_revision_numbers_db [None req-3b42b1d5-e0ef-47e4-97ef-71b41a61ac15 admin admin] create_initial_revision uuid=aa466e70-7b89-4bea-9609-0f3ed9eedb6c, type=security_group_rules, rev=-1 {{(pid=102952) create_initial_revision /opt/stack/neutron/neutron/db/ovn_revision_numbers_db.py:98}}
Jun 18 07:23:52.880272 np0000181903 devstack@neutron-api.service[102952]: DEBUG neutron_lib.callbacks.manager [None req-3b42b1d5-e0ef-47e4-97ef-71b41a61ac15 admin admin] Publish callbacks ['neutron.plugins.ml2.drivers.ovn.mech_driver.mech_driver.OVNMechanismDriver._create_security_group-360420', 'neutron.plugins.ml2.ovo_rpc._ObjectChangeHandler.handle_event-2485728'] for security_group (dd3edb43-386d-4f6a-b4b2-f14a29d3dc47), after_create {{(pid=102952) _notify_loop /opt/stack/data/venv/lib/python3.12/site-packages/neutron_lib/callbacks/manager.py:184}}
Jun 18 07:23:52.881345 np0000181903 devstack@neutron-api.service[102952]: DEBUG ovsdbapp.backend.ovs_idl.transaction [None req-1f38b2f2-16b9-4537-a43e-f35c16406c95 None None] Running txn n=1 command(idx=0): PgAddCommand(_result=None, name=pg_dd3edb43_386d_4f6a_b4b2_f14a29d3dc47, may_exist=False, columns={'acls': [], 'external_ids': {'neutron:security_group_id': 'dd3edb43-386d-4f6a-b4b2-f14a29d3dc47'}}) {{(pid=102952) do_commit /opt/stack/data/venv/lib/python3.12/site-packages/ovsdbapp/backend/ovs_idl/transaction.py:89}}
Jun 18 07:23:52.881885 np0000181903 devstack@neutron-api.service[102952]: DEBUG ovsdbapp.backend.ovs_idl.transaction [None req-1f38b2f2-16b9-4537-a43e-f35c16406c95 None None] Running txn n=1 command(idx=1): PgAclAddCommand(_result=None, entity=pg_dd3edb43_386d_4f6a_b4b2_f14a29d3dc47, direction=from-lport, priority=1002, match=inport == @pg_dd3edb43_386d_4f6a_b4b2_f14a29d3dc47 && ip6, action=allow-related, log=False, may_exist=True, severity=[], name=[], meter=[], external_ids={'neutron:security_group_rule_id': '17ded9f5-7a54-4262-b6de-0067b7cd01f9'}) {{(pid=102952) do_commit /opt/stack/data/venv/lib/python3.12/site-packages/ovsdbapp/backend/ovs_idl/transaction.py:89}}
Jun 18 07:23:52.882646 np0000181903 devstack@neutron-api.service[102952]: DEBUG ovsdbapp.backend.ovs_idl.transaction [None req-1f38b2f2-16b9-4537-a43e-f35c16406c95 None None] Running txn n=1 command(idx=2): PgAclAddCommand(_result=None, entity=pg_dd3edb43_386d_4f6a_b4b2_f14a29d3dc47, direction=to-lport, priority=1002, match=outport == @pg_dd3edb43_386d_4f6a_b4b2_f14a29d3dc47 && ip4 && ip4.src == $pg_dd3edb43_386d_4f6a_b4b2_f14a29d3dc47_ip4, action=allow-related, log=False, may_exist=True, severity=[], name=[], meter=[], external_ids={'neutron:security_group_rule_id': 'a4e4e415-83ed-4152-a5ee-e8823e6bb42b'}) {{(pid=102952) do_commit /opt/stack/data/venv/lib/python3.12/site-packages/ovsdbapp/backend/ovs_idl/transaction.py:89}}
Jun 18 07:23:52.883195 np0000181903 devstack@neutron-api.service[102952]: DEBUG ovsdbapp.backend.ovs_idl.transaction [None req-1f38b2f2-16b9-4537-a43e-f35c16406c95 None None] Running txn n=1 command(idx=3): PgAclAddCommand(_result=None, entity=pg_dd3edb43_386d_4f6a_b4b2_f14a29d3dc47, direction=to-lport, priority=1002, match=outport == @pg_dd3edb43_386d_4f6a_b4b2_f14a29d3dc47 && ip6 && ip6.src == $pg_dd3edb43_386d_4f6a_b4b2_f14a29d3dc47_ip6, action=allow-related, log=False, may_exist=True, severity=[], name=[], meter=[], external_ids={'neutron:security_group_rule_id': 'a5b0090b-d6a0-4398-8fdb-b99ae9ab11d4'}) {{(pid=102952) do_commit /opt/stack/data/venv/lib/python3.12/site-packages/ovsdbapp/backend/ovs_idl/transaction.py:89}}
Jun 18 07:23:52.883835 np0000181903 devstack@neutron-api.service[102952]: DEBUG ovsdbapp.backend.ovs_idl.transaction [None req-1f38b2f2-16b9-4537-a43e-f35c16406c95 None None] Running txn n=1 command(idx=4): PgAclAddCommand(_result=None, entity=pg_dd3edb43_386d_4f6a_b4b2_f14a29d3dc47, direction=from-lport, priority=1002, match=inport == @pg_dd3edb43_386d_4f6a_b4b2_f14a29d3dc47 && ip4, action=allow-related, log=False, may_exist=True, severity=[], name=[], meter=[], external_ids={'neutron:security_group_rule_id': 'aa466e70-7b89-4bea-9609-0f3ed9eedb6c'}) {{(pid=102952) do_commit /opt/stack/data/venv/lib/python3.12/site-packages/ovsdbapp/backend/ovs_idl/transaction.py:89}}
Jun 18 07:23:52.894608 np0000181903 devstack@neutron-api.service[102952]: DEBUG neutron.plugins.ml2.drivers.ovn.mech_driver.ovsdb.ovsdb_monitor [None req-1f38b2f2-16b9-4537-a43e-f35c16406c95 None None] Touching Hash Ring node "3b9d08cc8d775c67ac6f4e3e4c28a439" from IDL notify handler {{(pid=102952) notify /opt/stack/neutron/neutron/plugins/ml2/drivers/ovn/mech_driver/ovsdb/ovsdb_monitor.py:1007}}
Jun 18 07:23:52.895333 np0000181903 devstack@neutron-api.service[102949]: DEBUG neutron.plugins.ml2.drivers.ovn.mech_driver.ovsdb.ovsdb_monitor [None req-367a6728-7b79-4c7d-b18c-8e10fdb29356 None None] Touching Hash Ring node "86876104c58657d79607821e2a3fa376" from IDL notify handler {{(pid=102949) notify /opt/stack/neutron/neutron/plugins/ml2/drivers/ovn/mech_driver/ovsdb/ovsdb_monitor.py:1007}}
Jun 18 07:23:52.895760 np0000181903 devstack@neutron-api.service[102951]: DEBUG neutron.plugins.ml2.drivers.ovn.mech_driver.ovsdb.ovsdb_monitor [None req-34b3ff18-bde9-4751-b4cb-b413bb26698e None None] Touching Hash Ring node "7702b9d9b5555f0a9c4760a5e78f8e8a" from IDL notify handler {{(pid=102951) notify /opt/stack/neutron/neutron/plugins/ml2/drivers/ovn/mech_driver/ovsdb/ovsdb_monitor.py:1007}}
Jun 18 07:23:52.901128 np0000181903 devstack@neutron-api.service[102952]: DEBUG neutron.plugins.ml2.drivers.ovn.mech_driver.ovsdb.ovsdb_monitor [None req-1f38b2f2-16b9-4537-a43e-f35c16406c95 None None] Hash Ring: Node 3b9d08cc8d775c67ac6f4e3e4c28a439 (host: np0000181903) handling event "create" for row c6697853-26b1-4818-a8f7-4620421f4988 (table: ACL) {{(pid=102952) notify /opt/stack/neutron/neutron/plugins/ml2/drivers/ovn/mech_driver/ovsdb/ovsdb_monitor.py:1015}}
Jun 18 07:23:52.901508 np0000181903 devstack@neutron-api.service[102952]: DEBUG neutron.plugins.ml2.drivers.ovn.mech_driver.ovsdb.ovsdb_monitor [None req-1f38b2f2-16b9-4537-a43e-f35c16406c95 None None] Touching Hash Ring node "3b9d08cc8d775c67ac6f4e3e4c28a439" from IDL notify handler {{(pid=102952) notify /opt/stack/neutron/neutron/plugins/ml2/drivers/ovn/mech_driver/ovsdb/ovsdb_monitor.py:1007}}
Jun 18 07:23:52.903366 np0000181903 devstack@neutron-api.service[102951]: DEBUG neutron.plugins.ml2.drivers.ovn.mech_driver.ovsdb.ovsdb_monitor [None req-34b3ff18-bde9-4751-b4cb-b413bb26698e None None] Hash Ring: Node 7702b9d9b5555f0a9c4760a5e78f8e8a (host: np0000181903) handling event "create" for row 00b280bb-e093-4c8c-a7b6-36a5d92cf384 (table: ACL) {{(pid=102951) notify /opt/stack/neutron/neutron/plugins/ml2/drivers/ovn/mech_driver/ovsdb/ovsdb_monitor.py:1015}}
Jun 18 07:23:52.903930 np0000181903 devstack@neutron-api.service[102952]: DEBUG neutron.plugins.ml2.drivers.ovn.mech_driver.ovsdb.ovsdb_monitor [None req-1f38b2f2-16b9-4537-a43e-f35c16406c95 None None] Hash Ring: Node 3b9d08cc8d775c67ac6f4e3e4c28a439 (host: np0000181903) handling event "create" for row fb3579b2-e864-44fe-9959-5fb1489ce15b (table: Port_Group) {{(pid=102952) notify /opt/stack/neutron/neutron/plugins/ml2/drivers/ovn/mech_driver/ovsdb/ovsdb_monitor.py:1015}}
Jun 18 07:23:52.904306 np0000181903 devstack@neutron-api.service[102951]: DEBUG neutron.plugins.ml2.drivers.ovn.mech_driver.ovsdb.ovsdb_monitor [None req-34b3ff18-bde9-4751-b4cb-b413bb26698e None None] Touching Hash Ring node "7702b9d9b5555f0a9c4760a5e78f8e8a" from IDL notify handler {{(pid=102951) notify /opt/stack/neutron/neutron/plugins/ml2/drivers/ovn/mech_driver/ovsdb/ovsdb_monitor.py:1007}}
Jun 18 07:23:52.905848 np0000181903 devstack@neutron-api.service[102949]: DEBUG neutron.plugins.ml2.drivers.ovn.mech_driver.ovsdb.ovsdb_monitor [None req-367a6728-7b79-4c7d-b18c-8e10fdb29356 None None] Hash Ring: Node 86876104c58657d79607821e2a3fa376 (host: np0000181903) handling event "create" for row d1827ddd-edb4-48c2-a3a2-abe1a079324a (table: ACL) {{(pid=102949) notify /opt/stack/neutron/neutron/plugins/ml2/drivers/ovn/mech_driver/ovsdb/ovsdb_monitor.py:1015}}
Jun 18 07:23:52.907705 np0000181903 devstack@neutron-api.service[102951]: DEBUG neutron.plugins.ml2.drivers.ovn.mech_driver.ovsdb.ovsdb_monitor [None req-34b3ff18-bde9-4751-b4cb-b413bb26698e None None] Hash Ring: Node 7702b9d9b5555f0a9c4760a5e78f8e8a (host: np0000181903) handling event "create" for row 30f3a9a8-12e5-45af-9bd4-1f781e8e37d3 (table: ACL) {{(pid=102951) notify /opt/stack/neutron/neutron/plugins/ml2/drivers/ovn/mech_driver/ovsdb/ovsdb_monitor.py:1015}}
Jun 18 07:23:52.925104 np0000181903 devstack@neutron-api.service[102952]: INFO neutron.db.ovn_revision_numbers_db [None req-3b42b1d5-e0ef-47e4-97ef-71b41a61ac15 admin admin] Successfully bumped revision number for resource dd3edb43-386d-4f6a-b4b2-f14a29d3dc47 (type: security_groups) to 1
Jun 18 07:23:52.938824 np0000181903 devstack@neutron-api.service[102952]: INFO neutron.db.ovn_revision_numbers_db [None req-3b42b1d5-e0ef-47e4-97ef-71b41a61ac15 admin admin] Successfully bumped revision number for resource 17ded9f5-7a54-4262-b6de-0067b7cd01f9 (type: security_group_rules) to 0
Jun 18 07:23:52.951820 np0000181903 devstack@neutron-api.service[102952]: INFO neutron.db.ovn_revision_numbers_db [None req-3b42b1d5-e0ef-47e4-97ef-71b41a61ac15 admin admin] Successfully bumped revision number for resource a4e4e415-83ed-4152-a5ee-e8823e6bb42b (type: security_group_rules) to 0
Jun 18 07:23:52.966333 np0000181903 devstack@neutron-api.service[102952]: INFO neutron.db.ovn_revision_numbers_db [None req-3b42b1d5-e0ef-47e4-97ef-71b41a61ac15 admin admin] Successfully bumped revision number for resource a5b0090b-d6a0-4398-8fdb-b99ae9ab11d4 (type: security_group_rules) to 0
Jun 18 07:23:52.981314 np0000181903 devstack@neutron-api.service[102952]: INFO neutron.db.ovn_revision_numbers_db [None req-3b42b1d5-e0ef-47e4-97ef-71b41a61ac15 admin admin] Successfully bumped revision number for resource aa466e70-7b89-4bea-9609-0f3ed9eedb6c (type: security_group_rules) to 0
Jun 18 07:23:53.006489 np0000181903 devstack@neutron-api.service[102952]: DEBUG neutron.api.rpc.handlers.resources_rpc [None req-3b42b1d5-e0ef-47e4-97ef-71b41a61ac15 admin admin] Pushing event updated for resources: {'SecurityGroup': ['ID=dd3edb43-386d-4f6a-b4b2-f14a29d3dc47,revision_number=1']} {{(pid=102952) push /opt/stack/neutron/neutron/api/rpc/handlers/resources_rpc.py:237}}
Jun 18 07:23:53.012770 np0000181903 devstack@neutron-api.service[102952]: DEBUG ovsdbapp.backend.ovs_idl.transaction [None req-1f38b2f2-16b9-4537-a43e-f35c16406c95 None None] Running txn n=1 command(idx=0): CheckLivenessCommand(_result=None) {{(pid=102952) do_commit /opt/stack/data/venv/lib/python3.12/site-packages/ovsdbapp/backend/ovs_idl/transaction.py:89}}
Jun 18 07:23:53.018804 np0000181903 devstack@neutron-api.service[102952]: DEBUG neutron.plugins.ml2.drivers.ovn.mech_driver.ovsdb.ovsdb_monitor [None req-1f38b2f2-16b9-4537-a43e-f35c16406c95 None None] Touching Hash Ring node "3b9d08cc8d775c67ac6f4e3e4c28a439" from IDL notify handler {{(pid=102952) notify /opt/stack/neutron/neutron/plugins/ml2/drivers/ovn/mech_driver/ovsdb/ovsdb_monitor.py:1007}}
Jun 18 07:23:53.021297 np0000181903 devstack@neutron-api.service[102950]: DEBUG neutron.plugins.ml2.drivers.ovn.mech_driver.ovsdb.ovsdb_monitor [None req-d1bbe897-04b9-4658-b5ba-b272a4446908 None None] ChassisAgentWriteEvent : Matched Chassis_Private, update, None None {{(pid=102950) matches /opt/stack/neutron/neutron/plugins/ml2/drivers/ovn/mech_driver/ovsdb/ovsdb_monitor.py:64}}
Jun 18 07:23:53.023116 np0000181903 devstack@neutron-api.service[102952]: DEBUG neutron.plugins.ml2.drivers.ovn.mech_driver.ovsdb.ovsdb_monitor [None req-67669cdc-7398-459a-bdfc-1d55166279ee None None] ChassisAgentWriteEvent : Matched Chassis_Private, update, None None {{(pid=102952) matches /opt/stack/neutron/neutron/plugins/ml2/drivers/ovn/mech_driver/ovsdb/ovsdb_monitor.py:64}}
Jun 18 07:23:53.023758 np0000181903 devstack@neutron-api.service[102951]: DEBUG neutron.plugins.ml2.drivers.ovn.mech_driver.ovsdb.ovsdb_monitor [None req-1aa21ad4-1fac-4381-8653-1e691664391b None None] ChassisAgentWriteEvent : Matched Chassis_Private, update, None None {{(pid=102951) matches /opt/stack/neutron/neutron/plugins/ml2/drivers/ovn/mech_driver/ovsdb/ovsdb_monitor.py:64}}
Jun 18 07:23:53.027288 np0000181903 devstack@neutron-api.service[102952]: DEBUG neutron.plugins.ml2.drivers.ovn.mech_driver.ovsdb.ovsdb_monitor [None req-1f38b2f2-16b9-4537-a43e-f35c16406c95 None None] Hash Ring: Node 3b9d08cc8d775c67ac6f4e3e4c28a439 (host: np0000181903) handling event "update" for row 42a75c8e-3d79-49c3-9407-2c867b69e249 (table: NB_Global) {{(pid=102952) notify /opt/stack/neutron/neutron/plugins/ml2/drivers/ovn/mech_driver/ovsdb/ovsdb_monitor.py:1015}}
Jun 18 07:23:53.028933 np0000181903 devstack@neutron-api.service[102952]: DEBUG neutron.plugins.ml2.drivers.ovn.mech_driver.ovsdb.ovsdb_monitor [None req-1f38b2f2-16b9-4537-a43e-f35c16406c95 None None] Touching Hash Ring node "3b9d08cc8d775c67ac6f4e3e4c28a439" from IDL notify handler {{(pid=102952) notify /opt/stack/neutron/neutron/plugins/ml2/drivers/ovn/mech_driver/ovsdb/ovsdb_monitor.py:1007}}
Jun 18 07:23:53.031336 np0000181903 devstack@neutron-api.service[102949]: DEBUG neutron.plugins.ml2.drivers.ovn.mech_driver.ovsdb.ovsdb_monitor [None req-fd670e1f-89f1-46c1-835a-02d634ea1eeb None None] ChassisAgentWriteEvent : Matched Chassis_Private, update, None None {{(pid=102949) matches /opt/stack/neutron/neutron/plugins/ml2/drivers/ovn/mech_driver/ovsdb/ovsdb_monitor.py:64}}
Jun 18 07:23:53.035377 np0000181903 devstack@neutron-api.service[102951]: DEBUG neutron.common.ovn.hash_ring_manager [None req-1aa21ad4-1fac-4381-8653-1e691664391b None None] Hash Ring loaded. 4 active nodes. 0 offline nodes {{(pid=102951) _load_hash_ring /opt/stack/neutron/neutron/common/ovn/hash_ring_manager.py:110}}
Jun 18 07:23:53.035746 np0000181903 devstack@neutron-api.service[102952]: DEBUG neutron.plugins.ml2.drivers.ovn.mech_driver.ovsdb.ovsdb_monitor [None req-1f38b2f2-16b9-4537-a43e-f35c16406c95 None None] Hash Ring: Node 3b9d08cc8d775c67ac6f4e3e4c28a439 (host: np0000181903) handling event "update" for row 42a75c8e-3d79-49c3-9407-2c867b69e249 (table: NB_Global) {{(pid=102952) notify /opt/stack/neutron/neutron/plugins/ml2/drivers/ovn/mech_driver/ovsdb/ovsdb_monitor.py:1015}}
Jun 18 07:23:53.036103 np0000181903 devstack@neutron-api.service[102951]: DEBUG neutron.plugins.ml2.drivers.ovn.mech_driver.ovsdb.ovsdb_monitor [None req-1aa21ad4-1fac-4381-8653-1e691664391b None None] Hash Ring: Node 7702b9d9b5555f0a9c4760a5e78f8e8a (host: np0000181903) handling event "update" for row ea922965-ac4c-434f-b4a1-b5ad617dddb6 (table: Chassis_Private) {{(pid=102951) notify /opt/stack/neutron/neutron/plugins/ml2/drivers/ovn/mech_driver/ovsdb/ovsdb_monitor.py:1015}}
Jun 18 07:23:53.036212 np0000181903 devstack@neutron-api.service[102952]: DEBUG neutron.common.ovn.hash_ring_manager [None req-67669cdc-7398-459a-bdfc-1d55166279ee None None] Hash Ring loaded. 4 active nodes. 0 offline nodes {{(pid=102952) _load_hash_ring /opt/stack/neutron/neutron/common/ovn/hash_ring_manager.py:110}}
Jun 18 07:23:53.037376 np0000181903 devstack@neutron-api.service[102950]: DEBUG neutron.common.ovn.hash_ring_manager [None req-d1bbe897-04b9-4658-b5ba-b272a4446908 None None] Hash Ring loaded. 4 active nodes. 0 offline nodes {{(pid=102950) _load_hash_ring /opt/stack/neutron/neutron/common/ovn/hash_ring_manager.py:110}}
Jun 18 07:23:53.037715 np0000181903 devstack@neutron-api.service[102952]: DEBUG neutron.plugins.ml2.drivers.ovn.mech_driver.ovsdb.ovsdb_monitor [None req-1f38b2f2-16b9-4537-a43e-f35c16406c95 None None] Touching Hash Ring node "3b9d08cc8d775c67ac6f4e3e4c28a439" from IDL notify handler {{(pid=102952) notify /opt/stack/neutron/neutron/plugins/ml2/drivers/ovn/mech_driver/ovsdb/ovsdb_monitor.py:1007}}
Jun 18 07:23:53.040375 np0000181903 devstack@neutron-api.service[102952]: DEBUG neutron.plugins.ml2.drivers.ovn.mech_driver.ovsdb.ovsdb_monitor [None req-1f38b2f2-16b9-4537-a43e-f35c16406c95 None None] Hash Ring: Node 3b9d08cc8d775c67ac6f4e3e4c28a439 (host: np0000181903) handling event "update" for row 42a75c8e-3d79-49c3-9407-2c867b69e249 (table: NB_Global) {{(pid=102952) notify /opt/stack/neutron/neutron/plugins/ml2/drivers/ovn/mech_driver/ovsdb/ovsdb_monitor.py:1015}}
Jun 18 07:23:53.040510 np0000181903 devstack@neutron-api.service[102949]: DEBUG neutron.common.ovn.hash_ring_manager [None req-fd670e1f-89f1-46c1-835a-02d634ea1eeb None None] Hash Ring loaded. 4 active nodes. 0 offline nodes {{(pid=102949) _load_hash_ring /opt/stack/neutron/neutron/common/ovn/hash_ring_manager.py:110}}
Jun 18 07:23:53.041682 np0000181903 devstack@neutron-api.service[102952]: DEBUG neutron.plugins.ml2.drivers.ovn.mech_driver.ovsdb.ovsdb_monitor [None req-1f38b2f2-16b9-4537-a43e-f35c16406c95 None None] Touching Hash Ring node "3b9d08cc8d775c67ac6f4e3e4c28a439" from IDL notify handler {{(pid=102952) notify /opt/stack/neutron/neutron/plugins/ml2/drivers/ovn/mech_driver/ovsdb/ovsdb_monitor.py:1007}}
Jun 18 07:23:53.043770 np0000181903 devstack@neutron-api.service[102952]: DEBUG neutron.plugins.ml2.drivers.ovn.mech_driver.ovsdb.ovsdb_monitor [None req-1f38b2f2-16b9-4537-a43e-f35c16406c95 None None] Hash Ring: Node 3b9d08cc8d775c67ac6f4e3e4c28a439 (host: np0000181903) handling event "update" for row 42a75c8e-3d79-49c3-9407-2c867b69e249 (table: NB_Global) {{(pid=102952) notify /opt/stack/neutron/neutron/plugins/ml2/drivers/ovn/mech_driver/ovsdb/ovsdb_monitor.py:1015}}
Jun 18 07:23:53.045993 np0000181903 devstack@neutron-api.service[102952]: DEBUG neutron.api.rpc.callbacks.version_manager [None req-3b42b1d5-e0ef-47e4-97ef-71b41a61ac15 admin admin] Tracked resource versions report:
Jun 18 07:23:53.045993 np0000181903 devstack@neutron-api.service[102952]: pushed versions:
Jun 18 07:23:53.045993 np0000181903 devstack@neutron-api.service[102952]: { 'AddressGroup': {'1.2'},
Jun 18 07:23:53.045993 np0000181903 devstack@neutron-api.service[102952]: 'Agent': {'1.1'},
Jun 18 07:23:53.045993 np0000181903 devstack@neutron-api.service[102952]: 'ConntrackHelper': {'1.0'},
Jun 18 07:23:53.045993 np0000181903 devstack@neutron-api.service[102952]: 'LocalIPAssociation': {'1.0'},
Jun 18 07:23:53.045993 np0000181903 devstack@neutron-api.service[102952]: 'Log': {'1.0'},
Jun 18 07:23:53.045993 np0000181903 devstack@neutron-api.service[102952]: 'NDPProxy': {'1.0'},
Jun 18 07:23:53.045993 np0000181903 devstack@neutron-api.service[102952]: 'Network': {'1.3'},
Jun 18 07:23:53.045993 np0000181903 devstack@neutron-api.service[102952]: 'Port': {'1.11'},
Jun 18 07:23:53.045993 np0000181903 devstack@neutron-api.service[102952]: 'PortForwarding': {'1.3'},
Jun 18 07:23:53.045993 np0000181903 devstack@neutron-api.service[102952]: 'QosPolicy': {'1.10'},
Jun 18 07:23:53.045993 np0000181903 devstack@neutron-api.service[102952]: 'SecurityGroup': {'1.6'},
Jun 18 07:23:53.045993 np0000181903 devstack@neutron-api.service[102952]: 'SecurityGroupRule': {'1.3'},
Jun 18 07:23:53.045993 np0000181903 devstack@neutron-api.service[102952]: 'SubPort': {'1.0'},
Jun 18 07:23:53.045993 np0000181903 devstack@neutron-api.service[102952]: 'Subnet': {'1.2'},
Jun 18 07:23:53.045993 np0000181903 devstack@neutron-api.service[102952]: 'Trunk': {'1.1'}}
Jun 18 07:23:53.045993 np0000181903 devstack@neutron-api.service[102952]: consumer versions:
Jun 18 07:23:53.045993 np0000181903 devstack@neutron-api.service[102952]: { OVN Neutron agent@np0000181903: {},
Jun 18 07:23:53.045993 np0000181903 devstack@neutron-api.service[102952]: OVN Controller Gateway agent@np0000181903: {}}
Jun 18 07:23:53.045993 np0000181903 devstack@neutron-api.service[102952]: {{(pid=102952) report /opt/stack/neutron/neutron/api/rpc/callbacks/version_manager.py:183}}
Jun 18 07:23:53.086260 np0000181903 devstack@neutron-api.service[102952]: DEBUG neutron.plugins.ml2.drivers.helpers [None req-3b42b1d5-e0ef-47e4-97ef-71b41a61ac15 admin admin] geneve segment allocate from pool success with {'geneve_vni': 6105} {{(pid=102952) allocate_partially_specified_segment /opt/stack/neutron/neutron/plugins/ml2/drivers/helpers.py:142}}
Jun 18 07:23:53.096086 np0000181903 devstack@neutron-api.service[102952]: DEBUG neutron_lib.callbacks.manager [None req-3b42b1d5-e0ef-47e4-97ef-71b41a61ac15 admin admin] Publish callbacks ['neutron.services.segments.db._add_segment_host_mapping_for_segment-8019592618928', 'neutron.plugins.ml2.plugin.Ml2Plugin._handle_segment_change-992731'] for segment (c86c9c4b-ee47-4b9a-8a06-0d317e4d76c2), precommit_create {{(pid=102952) _notify_loop /opt/stack/data/venv/lib/python3.12/site-packages/neutron_lib/callbacks/manager.py:184}}
Jun 18 07:23:53.096288 np0000181903 devstack@neutron-api.service[102952]: INFO neutron.db.segments_db [None req-3b42b1d5-e0ef-47e4-97ef-71b41a61ac15 admin admin] Added segment c86c9c4b-ee47-4b9a-8a06-0d317e4d76c2 of type geneve for network 09fc1151-ae7a-4d00-bb45-acbe71af1b3a
Jun 18 07:23:53.110723 np0000181903 devstack@neutron-api.service[102952]: DEBUG neutron_lib.callbacks.manager [None req-3b42b1d5-e0ef-47e4-97ef-71b41a61ac15 admin admin] Publish callbacks ['neutron.services.auto_allocate.db._ensure_external_network_default_value_callback-8019590938394'] for network (09fc1151-ae7a-4d00-bb45-acbe71af1b3a), precommit_create {{(pid=102952) _notify_loop /opt/stack/data/venv/lib/python3.12/site-packages/neutron_lib/callbacks/manager.py:184}}
Jun 18 07:23:53.122232 np0000181903 devstack@neutron-api.service[102952]: DEBUG neutron.plugins.ml2.drivers.ovn.mech_driver.mech_driver [None req-3b42b1d5-e0ef-47e4-97ef-71b41a61ac15 admin admin] Validating network segment with type geneve, segmentation ID 6105, physical network None {{(pid=102952) _validate_network_segments /opt/stack/neutron/neutron/plugins/ml2/drivers/ovn/mech_driver/mech_driver.py:643}}
Jun 18 07:23:53.122435 np0000181903 devstack@neutron-api.service[102952]: DEBUG neutron.db.ovn_revision_numbers_db [None req-3b42b1d5-e0ef-47e4-97ef-71b41a61ac15 admin admin] create_initial_revision uuid=09fc1151-ae7a-4d00-bb45-acbe71af1b3a, type=networks, rev=-1 {{(pid=102952) create_initial_revision /opt/stack/neutron/neutron/db/ovn_revision_numbers_db.py:98}}
Jun 18 07:23:53.132777 np0000181903 devstack@neutron-api.service[102952]: DEBUG neutron_lib.callbacks.manager [None req-3b42b1d5-e0ef-47e4-97ef-71b41a61ac15 admin admin] Publish callbacks ['neutron.plugins.ml2.ovo_rpc._ObjectChangeHandler.handle_event-2485757'] for network (09fc1151-ae7a-4d00-bb45-acbe71af1b3a), after_create {{(pid=102952) _notify_loop /opt/stack/data/venv/lib/python3.12/site-packages/neutron_lib/callbacks/manager.py:184}}
Jun 18 07:23:53.149046 np0000181903 devstack@neutron-api.service[102952]: DEBUG neutron.api.rpc.handlers.resources_rpc [None req-3b42b1d5-e0ef-47e4-97ef-71b41a61ac15 admin admin] Pushing event updated for resources: {'Network': ['ID=09fc1151-ae7a-4d00-bb45-acbe71af1b3a,revision_number=1']} {{(pid=102952) push /opt/stack/neutron/neutron/api/rpc/handlers/resources_rpc.py:237}}
Jun 18 07:23:53.157883 np0000181903 devstack@neutron-api.service[102952]: DEBUG ovsdbapp.backend.ovs_idl.transaction [None req-1f38b2f2-16b9-4537-a43e-f35c16406c95 None None] Running txn n=1 command(idx=0): AddNetworkCommand(_result=None, network_uuid=09fc1151-ae7a-4d00-bb45-acbe71af1b3a, may_exist=True, columns={'external_ids': {'neutron:network_name': 'admin_net', 'neutron:mtu': '1372', 'neutron:revision_number': '1', 'neutron:availability_zone_hints': '', 'neutron:provnet-network-type': 'geneve'}, 'other_config': {'mcast_snoop': 'false', 'mcast_flood_unregistered': 'false', 'vlan-passthru': 'false'}}) {{(pid=102952) do_commit /opt/stack/data/venv/lib/python3.12/site-packages/ovsdbapp/backend/ovs_idl/transaction.py:89}}
Jun 18 07:23:53.168049 np0000181903 devstack@neutron-api.service[102951]: DEBUG neutron.plugins.ml2.drivers.ovn.mech_driver.ovsdb.ovsdb_monitor [None req-34b3ff18-bde9-4751-b4cb-b413bb26698e None None] Touching Hash Ring node "7702b9d9b5555f0a9c4760a5e78f8e8a" from IDL notify handler {{(pid=102951) notify /opt/stack/neutron/neutron/plugins/ml2/drivers/ovn/mech_driver/ovsdb/ovsdb_monitor.py:1007}}
Jun 18 07:23:53.170131 np0000181903 devstack@neutron-api.service[102952]: DEBUG neutron.plugins.ml2.drivers.ovn.mech_driver.ovsdb.ovsdb_monitor [None req-67669cdc-7398-459a-bdfc-1d55166279ee None None] Hash Ring: Node 3b9d08cc8d775c67ac6f4e3e4c28a439 (host: np0000181903) handling event "create" for row 92d82c31-1368-4585-a990-54e154163bbe (table: Datapath_Binding) {{(pid=102952) notify /opt/stack/neutron/neutron/plugins/ml2/drivers/ovn/mech_driver/ovsdb/ovsdb_monitor.py:1015}}
Jun 18 07:23:53.174762 np0000181903 devstack@neutron-api.service[102951]: DEBUG neutron.plugins.ml2.drivers.ovn.mech_driver.ovsdb.ovsdb_monitor [None req-34b3ff18-bde9-4751-b4cb-b413bb26698e None None] Hash Ring: Node 7702b9d9b5555f0a9c4760a5e78f8e8a (host: np0000181903) handling event "create" for row 09fc1151-ae7a-4d00-bb45-acbe71af1b3a (table: Logical_Switch) {{(pid=102951) notify /opt/stack/neutron/neutron/plugins/ml2/drivers/ovn/mech_driver/ovsdb/ovsdb_monitor.py:1015}}
Jun 18 07:23:53.192665 np0000181903 devstack@neutron-api.service[102952]: INFO neutron.db.ovn_revision_numbers_db [None req-3b42b1d5-e0ef-47e4-97ef-71b41a61ac15 admin admin] Successfully bumped revision number for resource 09fc1151-ae7a-4d00-bb45-acbe71af1b3a (type: networks) to 1
Jun 18 07:23:53.207703 np0000181903 devstack@neutron-api.service[102952]: DEBUG neutron_lib.callbacks.manager [None req-3b42b1d5-e0ef-47e4-97ef-71b41a61ac15 admin admin] Publish callbacks ['neutron.plugins.ml2.plugin.SecurityGroupDbMixin._ensure_default_security_group_handler-189587'] for port (None), before_create {{(pid=102952) _notify_loop /opt/stack/data/venv/lib/python3.12/site-packages/neutron_lib/callbacks/manager.py:184}}
Jun 18 07:23:53.281842 np0000181903 devstack@neutron-api.service[102952]: DEBUG neutron_lib.callbacks.manager [None req-3b42b1d5-e0ef-47e4-97ef-71b41a61ac15 admin admin] Publish callbacks ['neutron.plugins.ml2.drivers.ovn.mech_driver.mech_driver.OVNMechanismDriver._validate_allowed_address_pairs-360310'] for allowed_address_pair (4c495b66-4f99-4e62-aab6-02cbcaac7985), before_create {{(pid=102952) _notify_loop /opt/stack/data/venv/lib/python3.12/site-packages/neutron_lib/callbacks/manager.py:184}}
Jun 18 07:23:53.282340 np0000181903 devstack@neutron-api.service[102952]: DEBUG neutron_lib.callbacks.manager [None req-3b42b1d5-e0ef-47e4-97ef-71b41a61ac15 admin admin] Publish callbacks [] for port (4c495b66-4f99-4e62-aab6-02cbcaac7985), precommit_create {{(pid=102952) _notify_loop /opt/stack/data/venv/lib/python3.12/site-packages/neutron_lib/callbacks/manager.py:184}}
Jun 18 07:23:53.282468 np0000181903 devstack@neutron-api.service[102952]: DEBUG neutron.plugins.ml2.drivers.ovn.mech_driver.mech_driver [None req-3b42b1d5-e0ef-47e4-97ef-71b41a61ac15 admin admin] No provisioning block for port 4c495b66-4f99-4e62-aab6-02cbcaac7985 since it does not have a host {{(pid=102952) _is_port_provisioning_required /opt/stack/neutron/neutron/plugins/ml2/drivers/ovn/mech_driver/mech_driver.py:896}}
Jun 18 07:23:53.282632 np0000181903 devstack@neutron-api.service[102952]: DEBUG neutron.db.ovn_revision_numbers_db [None req-3b42b1d5-e0ef-47e4-97ef-71b41a61ac15 admin admin] create_initial_revision uuid=4c495b66-4f99-4e62-aab6-02cbcaac7985, type=ports, rev=-1 {{(pid=102952) create_initial_revision /opt/stack/neutron/neutron/db/ovn_revision_numbers_db.py:98}}
Jun 18 07:23:53.311084 np0000181903 devstack@neutron-api.service[102952]: DEBUG neutron_lib.callbacks.manager [None req-3b42b1d5-e0ef-47e4-97ef-71b41a61ac15 admin admin] Publish callbacks ['neutron.plugins.ml2.ovo_rpc._ObjectChangeHandler.handle_event-2485740'] for port (4c495b66-4f99-4e62-aab6-02cbcaac7985), after_create {{(pid=102952) _notify_loop /opt/stack/data/venv/lib/python3.12/site-packages/neutron_lib/callbacks/manager.py:184}}
Jun 18 07:23:53.336883 np0000181903 devstack@neutron-api.service[102952]: DEBUG neutron.api.rpc.handlers.resources_rpc [None req-3b42b1d5-e0ef-47e4-97ef-71b41a61ac15 admin admin] Pushing event updated for resources: {'Port': ['ID=4c495b66-4f99-4e62-aab6-02cbcaac7985,revision_number=1']} {{(pid=102952) push /opt/stack/neutron/neutron/api/rpc/handlers/resources_rpc.py:237}}
Jun 18 07:23:53.341715 np0000181903 devstack@neutron-api.service[102952]: DEBUG neutron.plugins.ml2.drivers.ovn.mech_driver.ovsdb.commands [None req-3b42b1d5-e0ef-47e4-97ef-71b41a61ac15 admin admin] Converting tag [] to a tag_request {{(pid=102952) _tag_column_to_tag_request /opt/stack/neutron/neutron/plugins/ml2/drivers/ovn/mech_driver/ovsdb/commands.py:205}}
Jun 18 07:23:53.342952 np0000181903 devstack@neutron-api.service[102952]: DEBUG ovsdbapp.backend.ovs_idl.transaction [None req-1f38b2f2-16b9-4537-a43e-f35c16406c95 None None] Running txn n=1 command(idx=0): AddLSwitchPortCommand(_result=None, lport=4c495b66-4f99-4e62-aab6-02cbcaac7985, lswitch=neutron-09fc1151-ae7a-4d00-bb45-acbe71af1b3a, may_exist=True, network_uuid=09fc1151-ae7a-4d00-bb45-acbe71af1b3a, columns={'addresses': ['fa:16:3e:f6:b1:8d'], 'external_ids': {'neutron:port_name': '', 'neutron:device_id': 'ovnmeta-09fc1151-ae7a-4d00-bb45-acbe71af1b3a', 'neutron:project_id': 'bf48426d311f428483416226a31c55c0', 'neutron:cidrs': '', 'neutron:device_owner': 'network:distributed', 'neutron:subnet_pool_addr_scope4': '', 'neutron:subnet_pool_addr_scope6': '', 'neutron:network_name': 'neutron-09fc1151-ae7a-4d00-bb45-acbe71af1b3a', 'neutron:security_group_ids': '', 'neutron:revision_number': '1', 'neutron:vnic_type': 'normal', 'neutron:port_capabilities': '', 'neutron:mtu': '1372'}, 'parent_name': [], 'enabled': True, 'options': {}, 'type': 'localport', 'port_security': [], 'dhcpv4_options': [], 'dhcpv6_options': [], 'tag_request': []}) {{(pid=102952) do_commit /opt/stack/data/venv/lib/python3.12/site-packages/ovsdbapp/backend/ovs_idl/transaction.py:89}}
Jun 18 07:23:53.344014 np0000181903 devstack@neutron-api.service[102952]: DEBUG ovsdbapp.backend.ovs_idl.transaction [None req-1f38b2f2-16b9-4537-a43e-f35c16406c95 None None] Running txn n=1 command(idx=1): QoSDelCommand(_result=None, switch=neutron-09fc1151-ae7a-4d00-bb45-acbe71af1b3a, conditions=[('direction', '=', 'to-lport'), ('priority', '=', 2002), ('match', '=', 'outport == "4c495b66-4f99-4e62-aab6-02cbcaac7985"')], if_exists=True) {{(pid=102952) do_commit /opt/stack/data/venv/lib/python3.12/site-packages/ovsdbapp/backend/ovs_idl/transaction.py:89}}
Jun 18 07:23:53.344415 np0000181903 devstack@neutron-api.service[102952]: DEBUG ovsdbapp.backend.ovs_idl.transaction [None req-1f38b2f2-16b9-4537-a43e-f35c16406c95 None None] Running txn n=1 command(idx=2): QoSDelCommand(_result=None, switch=neutron-09fc1151-ae7a-4d00-bb45-acbe71af1b3a, conditions=[('direction', '=', 'from-lport'), ('priority', '=', 2002), ('match', '=', 'inport == "4c495b66-4f99-4e62-aab6-02cbcaac7985"')], if_exists=True) {{(pid=102952) do_commit /opt/stack/data/venv/lib/python3.12/site-packages/ovsdbapp/backend/ovs_idl/transaction.py:89}}
Jun 18 07:23:53.351075 np0000181903 devstack@neutron-api.service[102950]: DEBUG neutron.plugins.ml2.drivers.ovn.mech_driver.ovsdb.ovsdb_monitor [None req-2e606b04-716f-4ac8-a1a3-e262a0526dcf None None] Touching Hash Ring node "1921db298f1e58e9956c032d361c46a0" from IDL notify handler {{(pid=102950) notify /opt/stack/neutron/neutron/plugins/ml2/drivers/ovn/mech_driver/ovsdb/ovsdb_monitor.py:1007}}
Jun 18 07:23:53.358118 np0000181903 devstack@neutron-api.service[102951]: DEBUG neutron.plugins.ml2.drivers.ovn.mech_driver.ovsdb.ovsdb_monitor [None req-1aa21ad4-1fac-4381-8653-1e691664391b None None] Hash Ring: Node 7702b9d9b5555f0a9c4760a5e78f8e8a (host: np0000181903) handling event "create" for row c74cb64c-d178-4141-91b4-d24af39f3a7f (table: Port_Binding) {{(pid=102951) notify /opt/stack/neutron/neutron/plugins/ml2/drivers/ovn/mech_driver/ovsdb/ovsdb_monitor.py:1015}}
Jun 18 07:23:53.361953 np0000181903 devstack@neutron-api.service[102951]: DEBUG neutron.plugins.ml2.drivers.ovn.mech_driver.ovsdb.ovsdb_monitor [None req-34b3ff18-bde9-4751-b4cb-b413bb26698e None None] Touching Hash Ring node "7702b9d9b5555f0a9c4760a5e78f8e8a" from IDL notify handler {{(pid=102951) notify /opt/stack/neutron/neutron/plugins/ml2/drivers/ovn/mech_driver/ovsdb/ovsdb_monitor.py:1007}}
Jun 18 07:23:53.362875 np0000181903 devstack@neutron-api.service[102950]: DEBUG neutron.plugins.ml2.drivers.ovn.mech_driver.ovsdb.ovsdb_monitor [None req-2e606b04-716f-4ac8-a1a3-e262a0526dcf None None] Hash Ring: Node 1921db298f1e58e9956c032d361c46a0 (host: np0000181903) handling event "create" for row 67b757b5-639c-48af-803a-fbb28448752c (table: Logical_Switch_Port) {{(pid=102950) notify /opt/stack/neutron/neutron/plugins/ml2/drivers/ovn/mech_driver/ovsdb/ovsdb_monitor.py:1015}}
Jun 18 07:23:53.364864 np0000181903 devstack@neutron-api.service[102950]: DEBUG ovsdbapp.backend.ovs_idl.event [None req-2e606b04-716f-4ac8-a1a3-e262a0526dcf None None] Matched CREATE: LogicalSwitchPortCreateEvent(events=('create',), table='Logical_Switch_Port', conditions=[], old_conditions=None), priority=20 to row=Logical_Switch_Port(uuid=67b757b5-639c-48af-803a-fbb28448752c, addresses=['fa:16:3e:f6:b1:8d'], dhcpv4_options=[], dhcpv6_options=[], dynamic_addresses=[], enabled=True, external_ids={'neutron:cidrs': '', 'neutron:device_id': 'ovnmeta-09fc1151-ae7a-4d00-bb45-acbe71af1b3a', 'neutron:device_owner': 'network:distributed', 'neutron:mtu': '1372', 'neutron:network_name': 'neutron-09fc1151-ae7a-4d00-bb45-acbe71af1b3a', 'neutron:port_capabilities': '', 'neutron:port_name': '', 'neutron:project_id': 'bf48426d311f428483416226a31c55c0', 'neutron:revision_number': '1', 'neutron:security_group_ids': '', 'neutron:subnet_pool_addr_scope4': '', 'neutron:subnet_pool_addr_scope6': '', 'neutron:vnic_type': 'normal'}, ha_chassis_group=[], mirror_rules=[], name='4c495b66-4f99-4e62-aab6-02cbcaac7985', options={}, parent_name=[], port_security=[], tag=[], tag_request=[], type='localport', up=[]) old= {{(pid=102950) matches /opt/stack/data/venv/lib/python3.12/site-packages/ovsdbapp/backend/ovs_idl/event.py:55}}
Jun 18 07:23:53.367210 np0000181903 devstack@neutron-api.service[102950]: DEBUG neutron.plugins.ml2.drivers.ovn.mech_driver.ovsdb.ovsdb_monitor [None req-2e606b04-716f-4ac8-a1a3-e262a0526dcf None None] Touching Hash Ring node "1921db298f1e58e9956c032d361c46a0" from IDL notify handler {{(pid=102950) notify /opt/stack/neutron/neutron/plugins/ml2/drivers/ovn/mech_driver/ovsdb/ovsdb_monitor.py:1007}}
Jun 18 07:23:53.368595 np0000181903 devstack@neutron-api.service[102950]: INFO neutron.plugins.ml2.drivers.ovn.mech_driver.mech_driver [None req-9b30380b-5322-4e3b-ad02-471110650087 None None] OVN reports status down for port: 4c495b66-4f99-4e62-aab6-02cbcaac7985
Jun 18 07:23:53.370478 np0000181903 devstack@neutron-api.service[102951]: DEBUG neutron.plugins.ml2.drivers.ovn.mech_driver.ovsdb.ovsdb_monitor [None req-34b3ff18-bde9-4751-b4cb-b413bb26698e None None] Hash Ring: Node 7702b9d9b5555f0a9c4760a5e78f8e8a (host: np0000181903) handling event "update" for row 09fc1151-ae7a-4d00-bb45-acbe71af1b3a (table: Logical_Switch) {{(pid=102951) notify /opt/stack/neutron/neutron/plugins/ml2/drivers/ovn/mech_driver/ovsdb/ovsdb_monitor.py:1015}}
Jun 18 07:23:53.372779 np0000181903 devstack@neutron-api.service[102950]: DEBUG neutron.plugins.ml2.drivers.ovn.mech_driver.ovsdb.ovsdb_monitor [None req-2e606b04-716f-4ac8-a1a3-e262a0526dcf None None] Hash Ring: Node 1921db298f1e58e9956c032d361c46a0 (host: np0000181903) handling event "update" for row 67b757b5-639c-48af-803a-fbb28448752c (table: Logical_Switch_Port) {{(pid=102950) notify /opt/stack/neutron/neutron/plugins/ml2/drivers/ovn/mech_driver/ovsdb/ovsdb_monitor.py:1015}}
Jun 18 07:23:53.391539 np0000181903 devstack@neutron-api.service[102952]: INFO neutron.db.ovn_revision_numbers_db [None req-3b42b1d5-e0ef-47e4-97ef-71b41a61ac15 admin admin] Successfully bumped revision number for resource 4c495b66-4f99-4e62-aab6-02cbcaac7985 (type: ports) to 1
Jun 18 07:23:53.400633 np0000181903 devstack@neutron-api.service[102952]: DEBUG neutron.pecan_wsgi.hooks.policy_enforcement [None req-3b42b1d5-e0ef-47e4-97ef-71b41a61ac15 admin admin] Attributes excluded by policy engine: ['standard_attr_id'] {{(pid=102952) _exclude_attributes_by_policy /opt/stack/neutron/neutron/pecan_wsgi/hooks/policy_enforcement.py:259}}
Jun 18 07:23:53.401925 np0000181903 devstack@neutron-api.service[102952]: DEBUG neutron_lib.callbacks.manager [None req-3b42b1d5-e0ef-47e4-97ef-71b41a61ac15 admin admin] Publish callbacks [] for network (None), before_response {{(pid=102952) _notify_loop /opt/stack/data/venv/lib/python3.12/site-packages/neutron_lib/callbacks/manager.py:184}}
Jun 18 07:23:53.407384 np0000181903 devstack@neutron-api.service[102950]: DEBUG neutron.db.provisioning_blocks [None req-9b30380b-5322-4e3b-ad02-471110650087 None None] Transition to ACTIVE for port object 4c495b66-4f99-4e62-aab6-02cbcaac7985 will not be triggered until provisioned by entity L2. {{(pid=102950) add_provisioning_component /opt/stack/neutron/neutron/db/provisioning_blocks.py:74}}
Jun 18 07:23:53.419325 np0000181903 devstack@neutron-api.service[102952]: [pid: 102952|app: 0|req: 23/93] 199.204.45.210 () {68 vars in 1358 bytes} [Thu Jun 18 07:23:52 2026] POST /networking/v2.0/networks => generated 682 bytes in 657 msecs (HTTP/1.1 201) 4 headers in 162 bytes (1 switches on core 0)
Jun 18 07:23:53.440109 np0000181903 devstack@neutron-api.service[102950]: DEBUG neutron.plugins.ml2.plugin [None req-9b30380b-5322-4e3b-ad02-471110650087 None None] Current status of the port 4c495b66-4f99-4e62-aab6-02cbcaac7985 is: DOWN; New status is: DOWN {{(pid=102950) _update_individual_port_db_status /opt/stack/neutron/neutron/plugins/ml2/plugin.py:2470}}
Jun 18 07:23:53.441681 np0000181903 devstack@neutron-api.service[102950]: DEBUG ovsdbapp.backend.ovs_idl.transaction [None req-2e606b04-716f-4ac8-a1a3-e262a0526dcf None None] Running txn n=1 command(idx=0): DbRemoveCommand(_result=None, table=Logical_Switch_Port, record=4c495b66-4f99-4e62-aab6-02cbcaac7985, column=external_ids, values=('neutron:host_id',), keyvalues={}, if_exists=True) {{(pid=102950) do_commit /opt/stack/data/venv/lib/python3.12/site-packages/ovsdbapp/backend/ovs_idl/transaction.py:89}}
Jun 18 07:23:53.642118 np0000181903 devstack@neutron-api.service[102950]: INFO neutron.pecan_wsgi.hooks.translation [None req-6a373e27-4a41-4e5f-9f0c-634b19795126 admin admin] GET failed (client error): The resource could not be found.
Jun 18 07:23:53.642626 np0000181903 devstack@neutron-api.service[102950]: [pid: 102950|app: 0|req: 25/94] 199.204.45.210 () {64 vars in 1334 bytes} [Thu Jun 18 07:23:53 2026] GET /networking/v2.0/networks/admin_net => generated 111 bytes in 12 msecs (HTTP/1.1 404) 4 headers in 164 bytes (1 switches on core 0)
Jun 18 07:23:53.691442 np0000181903 devstack@neutron-api.service[102951]: DEBUG neutron.pecan_wsgi.hooks.policy_enforcement [None req-c359d366-0436-41d6-a344-ca4b73db6d27 admin admin] Attributes excluded by policy engine: ['standard_attr_id'] {{(pid=102951) _exclude_attributes_by_policy /opt/stack/neutron/neutron/pecan_wsgi/hooks/policy_enforcement.py:259}}
Jun 18 07:23:53.692657 np0000181903 devstack@neutron-api.service[102951]: [pid: 102951|app: 0|req: 24/95] 199.204.45.210 () {64 vars in 1346 bytes} [Thu Jun 18 07:23:53 2026] GET /networking/v2.0/networks?name=admin_net => generated 666 bytes in 39 msecs (HTTP/1.1 200) 4 headers in 157 bytes (1 switches on core 0)
Jun 18 07:23:53.907106 np0000181903 devstack@neutron-api.service[102949]: INFO neutron.pecan_wsgi.hooks.translation [None req-121d182d-3198-48fe-b554-4183a52eb9ef admin admin] GET failed (client error): The resource could not be found.
Jun 18 07:23:53.907580 np0000181903 devstack@neutron-api.service[102949]: [pid: 102949|app: 0|req: 24/96] 199.204.45.210 () {64 vars in 1340 bytes} [Thu Jun 18 07:23:53 2026] GET /networking/v2.0/subnets/admin_subnet => generated 112 bytes in 13 msecs (HTTP/1.1 404) 4 headers in 164 bytes (1 switches on core 0)
Jun 18 07:23:53.938929 np0000181903 devstack@neutron-api.service[102952]: [pid: 102952|app: 0|req: 24/97] 199.204.45.210 () {64 vars in 1349 bytes} [Thu Jun 18 07:23:53 2026] GET /networking/v2.0/subnets?name=admin_subnet => generated 14 bytes in 22 msecs (HTTP/1.1 200) 4 headers in 156 bytes (1 switches on core 0)
Jun 18 07:23:54.202722 np0000181903 devstack@neutron-api.service[102950]: DEBUG neutron.pecan_wsgi.hooks.policy_enforcement [None req-640ac340-31e2-4199-b2c7-15312f9db5f5 admin admin] Attributes excluded by policy engine: ['standard_attr_id'] {{(pid=102950) _exclude_attributes_by_policy /opt/stack/neutron/neutron/pecan_wsgi/hooks/policy_enforcement.py:259}}
Jun 18 07:23:54.203747 np0000181903 devstack@neutron-api.service[102950]: [pid: 102950|app: 0|req: 26/98] 199.204.45.210 () {64 vars in 1415 bytes} [Thu Jun 18 07:23:54 2026] GET /networking/v2.0/networks/09fc1151-ae7a-4d00-bb45-acbe71af1b3a => generated 663 bytes in 27 msecs (HTTP/1.1 200) 4 headers in 157 bytes (1 switches on core 0)
Jun 18 07:23:54.223460 np0000181903 devstack@neutron-api.service[102951]: DEBUG neutron.api.v2.base [None req-1f78e1f5-f285-4d1d-a3e9-4d1297bdefec admin admin] Request body: {'subnet': {'project_id': 'bf48426d311f428483416226a31c55c0', 'network_id': '09fc1151-ae7a-4d00-bb45-acbe71af1b3a', 'gateway_ip': None, 'cidr': '10.2.5.0/24', 'ip_version': 4, 'name': 'admin_subnet'}} {{(pid=102951) prepare_request_body /opt/stack/neutron/neutron/api/v2/base.py:727}}
