Jun 18 07:19:37.985575 np0000181903 systemd[1]: Starting devstack@n-api-meta.service - Devstack devstack@n-api-meta.service...
Jun 18 07:19:37.990918 np0000181903 devstack@n-api-meta.service[108171]: [uWSGI] getting INI configuration from /etc/nova/nova-metadata-uwsgi.ini
Jun 18 07:19:37.993313 np0000181903 devstack@n-api-meta.service[108171]: *** Starting uWSGI 2.0.24-debian (64bit) on [Thu Jun 18 07:19:37 2026] ***
Jun 18 07:19:37.993313 np0000181903 devstack@n-api-meta.service[108171]: compiled with version: 13.2.0 on 17 April 2024 16:23:48
Jun 18 07:19:37.993313 np0000181903 devstack@n-api-meta.service[108171]: os: Linux-6.8.0-124-generic #124-Ubuntu SMP PREEMPT_DYNAMIC Tue May 26 13:00:45 UTC 2026
Jun 18 07:19:37.993313 np0000181903 devstack@n-api-meta.service[108171]: nodename: np0000181903
Jun 18 07:19:37.993313 np0000181903 devstack@n-api-meta.service[108171]: machine: x86_64
Jun 18 07:19:37.993313 np0000181903 devstack@n-api-meta.service[108171]: clock source: unix
Jun 18 07:19:37.993313 np0000181903 devstack@n-api-meta.service[108171]: pcre jit disabled
Jun 18 07:19:37.993313 np0000181903 devstack@n-api-meta.service[108171]: detected number of CPU cores: 16
Jun 18 07:19:37.993313 np0000181903 devstack@n-api-meta.service[108171]: current working directory: /
Jun 18 07:19:37.993313 np0000181903 devstack@n-api-meta.service[108171]: detected binary path: /usr/bin/uwsgi-core
Jun 18 07:19:37.993313 np0000181903 devstack@n-api-meta.service[108171]: your processes number limit is 256917
Jun 18 07:19:37.993313 np0000181903 devstack@n-api-meta.service[108171]: your memory page size is 4096 bytes
Jun 18 07:19:37.993313 np0000181903 devstack@n-api-meta.service[108171]: detected max file descriptor number: 2048
Jun 18 07:19:37.993313 np0000181903 devstack@n-api-meta.service[108171]: lock engine: pthread robust mutexes
Jun 18 07:19:37.994448 np0000181903 devstack@n-api-meta.service[108171]: thunder lock: enabled
Jun 18 07:19:37.994448 np0000181903 devstack@n-api-meta.service[108171]: uWSGI http bound on 0.0.0.0:8775 fd 5
Jun 18 07:19:37.994448 np0000181903 devstack@n-api-meta.service[108171]: uwsgi socket 0 bound to TCP address 127.0.0.1:40539 (port auto-assigned) fd 4
Jun 18 07:19:37.994448 np0000181903 devstack@n-api-meta.service[108171]: Python version: 3.12.3 (main, Mar 23 2026, 19:04:32) [GCC 13.3.0]
Jun 18 07:19:37.994448 np0000181903 devstack@n-api-meta.service[108171]: PEP 405 virtualenv detected: /opt/stack/data/venv
Jun 18 07:19:37.994448 np0000181903 devstack@n-api-meta.service[108171]: Set PythonHome to /opt/stack/data/venv
Jun 18 07:19:38.031404 np0000181903 devstack@n-api-meta.service[108171]: Python main interpreter initialized at 0x785f0bca3668
Jun 18 07:19:38.031404 np0000181903 devstack@n-api-meta.service[108171]: python threads support enabled
Jun 18 07:19:38.031404 np0000181903 devstack@n-api-meta.service[108171]: your server socket listen backlog is limited to 100 connections
Jun 18 07:19:38.031404 np0000181903 devstack@n-api-meta.service[108171]: your mercy for graceful operations on workers is 80 seconds
Jun 18 07:19:38.031885 np0000181903 devstack@n-api-meta.service[108171]: mapped 671795 bytes (656 KB) for 4 cores
Jun 18 07:19:38.032048 np0000181903 devstack@n-api-meta.service[108171]: *** Operational MODE: preforking ***
Jun 18 07:19:38.032224 np0000181903 devstack@n-api-meta.service[108171]: *** uWSGI is running in multiple interpreter mode ***
Jun 18 07:19:38.032224 np0000181903 devstack@n-api-meta.service[108171]: spawned uWSGI master process (pid: 108171)
Jun 18 07:19:38.032445 np0000181903 systemd[1]: Started devstack@n-api-meta.service - Devstack devstack@n-api-meta.service.
Jun 18 07:19:38.032874 np0000181903 devstack@n-api-meta.service[108171]: spawned uWSGI worker 1 (pid: 108172, cores: 1)
Jun 18 07:19:38.033417 np0000181903 devstack@n-api-meta.service[108171]: spawned uWSGI worker 2 (pid: 108173, cores: 1)
Jun 18 07:19:38.033900 np0000181903 devstack@n-api-meta.service[108171]: spawned uWSGI worker 3 (pid: 108174, cores: 1)
Jun 18 07:19:38.034397 np0000181903 devstack@n-api-meta.service[108171]: spawned uWSGI worker 4 (pid: 108175, cores: 1)
Jun 18 07:19:38.034904 np0000181903 devstack@n-api-meta.service[108171]: spawned uWSGI http 1 (pid: 108176)
Jun 18 07:19:38.034904 np0000181903 devstack@n-api-meta.service[108171]: running "unix_signal:15 gracefully_kill_them_all" (master-start)...
Jun 18 07:19:39.871288 np0000181903 devstack@n-api-meta.service[108172]: INFO dbcounter [None req-577dc4e9-a57b-4752-b75f-c64487d3b7d6 None None] Registered counter for database nova_api
Jun 18 07:19:39.906956 np0000181903 devstack@n-api-meta.service[108174]: INFO dbcounter [None req-afc3afbc-6c84-4b37-ae02-fcda8fd6bded None None] Registered counter for database nova_api
Jun 18 07:19:39.925870 np0000181903 devstack@n-api-meta.service[108172]: DEBUG oslo_db.sqlalchemy.engines [None req-577dc4e9-a57b-4752-b75f-c64487d3b7d6 None None] MySQL server mode set to STRICT_TRANS_TABLES,STRICT_ALL_TABLES,NO_ZERO_IN_DATE,NO_ZERO_DATE,ERROR_FOR_DIVISION_BY_ZERO,TRADITIONAL,NO_ENGINE_SUBSTITUTION {{(pid=108172) _check_effective_sql_mode /opt/stack/data/venv/lib/python3.12/site-packages/oslo_db/sqlalchemy/engines.py:325}}
Jun 18 07:19:39.952945 np0000181903 devstack@n-api-meta.service[108174]: DEBUG oslo_db.sqlalchemy.engines [None req-afc3afbc-6c84-4b37-ae02-fcda8fd6bded None None] MySQL server mode set to STRICT_TRANS_TABLES,STRICT_ALL_TABLES,NO_ZERO_IN_DATE,NO_ZERO_DATE,ERROR_FOR_DIVISION_BY_ZERO,TRADITIONAL,NO_ENGINE_SUBSTITUTION {{(pid=108174) _check_effective_sql_mode /opt/stack/data/venv/lib/python3.12/site-packages/oslo_db/sqlalchemy/engines.py:325}}
Jun 18 07:19:39.959620 np0000181903 devstack@n-api-meta.service[108175]: INFO dbcounter [None req-e0b945db-693e-40f0-b9c4-5ce5d26f1962 None None] Registered counter for database nova_api
Jun 18 07:19:39.970857 np0000181903 devstack@n-api-meta.service[108172]: DEBUG dbcounter [-] [108172] Writer thread running {{(pid=108172) stat_writer /opt/stack/data/venv/lib/python3.12/site-packages/dbcounter.py:102}}
Jun 18 07:19:39.976402 np0000181903 devstack@n-api-meta.service[108172]: DEBUG nova.context [None req-577dc4e9-a57b-4752-b75f-c64487d3b7d6 None None] Found 2 cells: 00000000-0000-0000-0000-000000000000(cell0),ae8ecec6-ad69-4c1f-8199-ee1a62830502(cell1) {{(pid=108172) load_cells /opt/stack/nova/nova/context.py:509}}
Jun 18 07:19:39.976865 np0000181903 devstack@n-api-meta.service[108172]: INFO nova.utils [None req-577dc4e9-a57b-4752-b75f-c64487d3b7d6 None None] The cell worker thread pool MainProcess.cell_worker is initialized
Jun 18 07:19:39.980624 np0000181903 devstack@n-api-meta.service[108172]: DEBUG oslo_concurrency.lockutils [None req-577dc4e9-a57b-4752-b75f-c64487d3b7d6 None None] Acquiring lock "00000000-0000-0000-0000-000000000000" by "nova.context.set_target_cell..get_or_set_cached_cell_and_set_connections" {{(pid=108172) inner /opt/stack/data/venv/lib/python3.12/site-packages/oslo_concurrency/lockutils.py:511}}
Jun 18 07:19:39.980973 np0000181903 devstack@n-api-meta.service[108172]: DEBUG oslo_concurrency.lockutils [None req-577dc4e9-a57b-4752-b75f-c64487d3b7d6 None None] Lock "00000000-0000-0000-0000-000000000000" acquired by "nova.context.set_target_cell..get_or_set_cached_cell_and_set_connections" :: waited 0.000s {{(pid=108172) inner /opt/stack/data/venv/lib/python3.12/site-packages/oslo_concurrency/lockutils.py:524}}
Jun 18 07:19:39.981520 np0000181903 devstack@n-api-meta.service[108172]: DEBUG oslo_concurrency.lockutils [None req-577dc4e9-a57b-4752-b75f-c64487d3b7d6 None None] Lock "00000000-0000-0000-0000-000000000000" "released" by "nova.context.set_target_cell..get_or_set_cached_cell_and_set_connections" :: held 0.001s {{(pid=108172) inner /opt/stack/data/venv/lib/python3.12/site-packages/oslo_concurrency/lockutils.py:543}}
Jun 18 07:19:39.982670 np0000181903 devstack@n-api-meta.service[108172]: DEBUG oslo_concurrency.lockutils [None req-577dc4e9-a57b-4752-b75f-c64487d3b7d6 None None] Acquiring lock "ae8ecec6-ad69-4c1f-8199-ee1a62830502" by "nova.context.set_target_cell..get_or_set_cached_cell_and_set_connections" {{(pid=108172) inner /opt/stack/data/venv/lib/python3.12/site-packages/oslo_concurrency/lockutils.py:511}}
Jun 18 07:19:39.982838 np0000181903 devstack@n-api-meta.service[108172]: DEBUG oslo_concurrency.lockutils [None req-577dc4e9-a57b-4752-b75f-c64487d3b7d6 None None] Lock "ae8ecec6-ad69-4c1f-8199-ee1a62830502" acquired by "nova.context.set_target_cell..get_or_set_cached_cell_and_set_connections" :: waited 0.000s {{(pid=108172) inner /opt/stack/data/venv/lib/python3.12/site-packages/oslo_concurrency/lockutils.py:524}}
Jun 18 07:19:39.983978 np0000181903 devstack@n-api-meta.service[108172]: DEBUG oslo_concurrency.lockutils [None req-577dc4e9-a57b-4752-b75f-c64487d3b7d6 None None] Lock "ae8ecec6-ad69-4c1f-8199-ee1a62830502" "released" by "nova.context.set_target_cell..get_or_set_cached_cell_and_set_connections" :: held 0.001s {{(pid=108172) inner /opt/stack/data/venv/lib/python3.12/site-packages/oslo_concurrency/lockutils.py:543}}
Jun 18 07:19:39.987891 np0000181903 devstack@n-api-meta.service[108172]: INFO dbcounter [None req-577dc4e9-a57b-4752-b75f-c64487d3b7d6 None None] Registered counter for database nova_cell0
Jun 18 07:19:39.989425 np0000181903 devstack@n-api-meta.service[108174]: DEBUG dbcounter [-] [108174] Writer thread running {{(pid=108174) stat_writer /opt/stack/data/venv/lib/python3.12/site-packages/dbcounter.py:102}}
Jun 18 07:19:39.991980 np0000181903 devstack@n-api-meta.service[108174]: DEBUG nova.context [None req-afc3afbc-6c84-4b37-ae02-fcda8fd6bded None None] Found 2 cells: 00000000-0000-0000-0000-000000000000(cell0),ae8ecec6-ad69-4c1f-8199-ee1a62830502(cell1) {{(pid=108174) load_cells /opt/stack/nova/nova/context.py:509}}
Jun 18 07:19:39.992226 np0000181903 devstack@n-api-meta.service[108174]: INFO nova.utils [None req-afc3afbc-6c84-4b37-ae02-fcda8fd6bded None None] The cell worker thread pool MainProcess.cell_worker is initialized
Jun 18 07:19:39.993634 np0000181903 devstack@n-api-meta.service[108172]: INFO dbcounter [None req-577dc4e9-a57b-4752-b75f-c64487d3b7d6 None None] Registered counter for database nova_cell1
Jun 18 07:19:39.994148 np0000181903 devstack@n-api-meta.service[108174]: DEBUG oslo_concurrency.lockutils [None req-afc3afbc-6c84-4b37-ae02-fcda8fd6bded None None] Acquiring lock "00000000-0000-0000-0000-000000000000" by "nova.context.set_target_cell..get_or_set_cached_cell_and_set_connections" {{(pid=108174) inner /opt/stack/data/venv/lib/python3.12/site-packages/oslo_concurrency/lockutils.py:511}}
Jun 18 07:19:39.994390 np0000181903 devstack@n-api-meta.service[108174]: DEBUG oslo_concurrency.lockutils [None req-afc3afbc-6c84-4b37-ae02-fcda8fd6bded None None] Lock "00000000-0000-0000-0000-000000000000" acquired by "nova.context.set_target_cell..get_or_set_cached_cell_and_set_connections" :: waited 0.000s {{(pid=108174) inner /opt/stack/data/venv/lib/python3.12/site-packages/oslo_concurrency/lockutils.py:524}}
Jun 18 07:19:39.994926 np0000181903 devstack@n-api-meta.service[108174]: DEBUG oslo_concurrency.lockutils [None req-afc3afbc-6c84-4b37-ae02-fcda8fd6bded None None] Lock "00000000-0000-0000-0000-000000000000" "released" by "nova.context.set_target_cell..get_or_set_cached_cell_and_set_connections" :: held 0.001s {{(pid=108174) inner /opt/stack/data/venv/lib/python3.12/site-packages/oslo_concurrency/lockutils.py:543}}
Jun 18 07:19:40.001800 np0000181903 devstack@n-api-meta.service[108174]: DEBUG oslo_concurrency.lockutils [None req-afc3afbc-6c84-4b37-ae02-fcda8fd6bded None None] Acquiring lock "ae8ecec6-ad69-4c1f-8199-ee1a62830502" by "nova.context.set_target_cell..get_or_set_cached_cell_and_set_connections" {{(pid=108174) inner /opt/stack/data/venv/lib/python3.12/site-packages/oslo_concurrency/lockutils.py:511}}
Jun 18 07:19:40.001992 np0000181903 devstack@n-api-meta.service[108174]: DEBUG oslo_concurrency.lockutils [None req-afc3afbc-6c84-4b37-ae02-fcda8fd6bded None None] Lock "ae8ecec6-ad69-4c1f-8199-ee1a62830502" acquired by "nova.context.set_target_cell..get_or_set_cached_cell_and_set_connections" :: waited 0.000s {{(pid=108174) inner /opt/stack/data/venv/lib/python3.12/site-packages/oslo_concurrency/lockutils.py:524}}
Jun 18 07:19:40.003461 np0000181903 devstack@n-api-meta.service[108174]: DEBUG oslo_concurrency.lockutils [None req-afc3afbc-6c84-4b37-ae02-fcda8fd6bded None None] Lock "ae8ecec6-ad69-4c1f-8199-ee1a62830502" "released" by "nova.context.set_target_cell..get_or_set_cached_cell_and_set_connections" :: held 0.001s {{(pid=108174) inner /opt/stack/data/venv/lib/python3.12/site-packages/oslo_concurrency/lockutils.py:543}}
Jun 18 07:19:40.006704 np0000181903 devstack@n-api-meta.service[108174]: INFO dbcounter [None req-afc3afbc-6c84-4b37-ae02-fcda8fd6bded None None] Registered counter for database nova_cell0
Jun 18 07:19:40.011083 np0000181903 devstack@n-api-meta.service[108174]: INFO dbcounter [None req-afc3afbc-6c84-4b37-ae02-fcda8fd6bded None None] Registered counter for database nova_cell1
Jun 18 07:19:40.013654 np0000181903 devstack@n-api-meta.service[108175]: DEBUG oslo_db.sqlalchemy.engines [None req-e0b945db-693e-40f0-b9c4-5ce5d26f1962 None None] MySQL server mode set to STRICT_TRANS_TABLES,STRICT_ALL_TABLES,NO_ZERO_IN_DATE,NO_ZERO_DATE,ERROR_FOR_DIVISION_BY_ZERO,TRADITIONAL,NO_ENGINE_SUBSTITUTION {{(pid=108175) _check_effective_sql_mode /opt/stack/data/venv/lib/python3.12/site-packages/oslo_db/sqlalchemy/engines.py:325}}
Jun 18 07:19:40.051364 np0000181903 devstack@n-api-meta.service[108175]: DEBUG dbcounter [-] [108175] Writer thread running {{(pid=108175) stat_writer /opt/stack/data/venv/lib/python3.12/site-packages/dbcounter.py:102}}
Jun 18 07:19:40.053790 np0000181903 devstack@n-api-meta.service[108175]: DEBUG nova.context [None req-e0b945db-693e-40f0-b9c4-5ce5d26f1962 None None] Found 2 cells: 00000000-0000-0000-0000-000000000000(cell0),ae8ecec6-ad69-4c1f-8199-ee1a62830502(cell1) {{(pid=108175) load_cells /opt/stack/nova/nova/context.py:509}}
Jun 18 07:19:40.054006 np0000181903 devstack@n-api-meta.service[108175]: INFO nova.utils [None req-e0b945db-693e-40f0-b9c4-5ce5d26f1962 None None] The cell worker thread pool MainProcess.cell_worker is initialized
Jun 18 07:19:40.055848 np0000181903 devstack@n-api-meta.service[108175]: DEBUG oslo_concurrency.lockutils [None req-e0b945db-693e-40f0-b9c4-5ce5d26f1962 None None] Acquiring lock "00000000-0000-0000-0000-000000000000" by "nova.context.set_target_cell..get_or_set_cached_cell_and_set_connections" {{(pid=108175) inner /opt/stack/data/venv/lib/python3.12/site-packages/oslo_concurrency/lockutils.py:511}}
Jun 18 07:19:40.056010 np0000181903 devstack@n-api-meta.service[108175]: DEBUG oslo_concurrency.lockutils [None req-e0b945db-693e-40f0-b9c4-5ce5d26f1962 None None] Lock "00000000-0000-0000-0000-000000000000" acquired by "nova.context.set_target_cell..get_or_set_cached_cell_and_set_connections" :: waited 0.000s {{(pid=108175) inner /opt/stack/data/venv/lib/python3.12/site-packages/oslo_concurrency/lockutils.py:524}}
Jun 18 07:19:40.056401 np0000181903 devstack@n-api-meta.service[108175]: DEBUG oslo_concurrency.lockutils [None req-e0b945db-693e-40f0-b9c4-5ce5d26f1962 None None] Lock "00000000-0000-0000-0000-000000000000" "released" by "nova.context.set_target_cell..get_or_set_cached_cell_and_set_connections" :: held 0.000s {{(pid=108175) inner /opt/stack/data/venv/lib/python3.12/site-packages/oslo_concurrency/lockutils.py:543}}
Jun 18 07:19:40.056690 np0000181903 devstack@n-api-meta.service[108172]: DEBUG oslo_db.sqlalchemy.engines [None req-577dc4e9-a57b-4752-b75f-c64487d3b7d6 None None] MySQL server mode set to STRICT_TRANS_TABLES,STRICT_ALL_TABLES,NO_ZERO_IN_DATE,NO_ZERO_DATE,ERROR_FOR_DIVISION_BY_ZERO,TRADITIONAL,NO_ENGINE_SUBSTITUTION {{(pid=108172) _check_effective_sql_mode /opt/stack/data/venv/lib/python3.12/site-packages/oslo_db/sqlalchemy/engines.py:325}}
Jun 18 07:19:40.057372 np0000181903 devstack@n-api-meta.service[108175]: DEBUG oslo_concurrency.lockutils [None req-e0b945db-693e-40f0-b9c4-5ce5d26f1962 None None] Acquiring lock "ae8ecec6-ad69-4c1f-8199-ee1a62830502" by "nova.context.set_target_cell..get_or_set_cached_cell_and_set_connections" {{(pid=108175) inner /opt/stack/data/venv/lib/python3.12/site-packages/oslo_concurrency/lockutils.py:511}}
Jun 18 07:19:40.057578 np0000181903 devstack@n-api-meta.service[108175]: DEBUG oslo_concurrency.lockutils [None req-e0b945db-693e-40f0-b9c4-5ce5d26f1962 None None] Lock "ae8ecec6-ad69-4c1f-8199-ee1a62830502" acquired by "nova.context.set_target_cell..get_or_set_cached_cell_and_set_connections" :: waited 0.000s {{(pid=108175) inner /opt/stack/data/venv/lib/python3.12/site-packages/oslo_concurrency/lockutils.py:524}}
Jun 18 07:19:40.058767 np0000181903 devstack@n-api-meta.service[108175]: DEBUG oslo_concurrency.lockutils [None req-e0b945db-693e-40f0-b9c4-5ce5d26f1962 None None] Lock "ae8ecec6-ad69-4c1f-8199-ee1a62830502" "released" by "nova.context.set_target_cell..get_or_set_cached_cell_and_set_connections" :: held 0.001s {{(pid=108175) inner /opt/stack/data/venv/lib/python3.12/site-packages/oslo_concurrency/lockutils.py:543}}
Jun 18 07:19:40.061522 np0000181903 devstack@n-api-meta.service[108175]: INFO dbcounter [None req-e0b945db-693e-40f0-b9c4-5ce5d26f1962 None None] Registered counter for database nova_cell0
Jun 18 07:19:40.062965 np0000181903 devstack@n-api-meta.service[108172]: DEBUG oslo_db.sqlalchemy.engines [None req-577dc4e9-a57b-4752-b75f-c64487d3b7d6 None None] MySQL server mode set to STRICT_TRANS_TABLES,STRICT_ALL_TABLES,NO_ZERO_IN_DATE,NO_ZERO_DATE,ERROR_FOR_DIVISION_BY_ZERO,TRADITIONAL,NO_ENGINE_SUBSTITUTION {{(pid=108172) _check_effective_sql_mode /opt/stack/data/venv/lib/python3.12/site-packages/oslo_db/sqlalchemy/engines.py:325}}
Jun 18 07:19:40.066468 np0000181903 devstack@n-api-meta.service[108175]: INFO dbcounter [None req-e0b945db-693e-40f0-b9c4-5ce5d26f1962 None None] Registered counter for database nova_cell1
Jun 18 07:19:40.085697 np0000181903 devstack@n-api-meta.service[108174]: DEBUG oslo_db.sqlalchemy.engines [None req-afc3afbc-6c84-4b37-ae02-fcda8fd6bded None None] MySQL server mode set to STRICT_TRANS_TABLES,STRICT_ALL_TABLES,NO_ZERO_IN_DATE,NO_ZERO_DATE,ERROR_FOR_DIVISION_BY_ZERO,TRADITIONAL,NO_ENGINE_SUBSTITUTION {{(pid=108174) _check_effective_sql_mode /opt/stack/data/venv/lib/python3.12/site-packages/oslo_db/sqlalchemy/engines.py:325}}
Jun 18 07:19:40.091732 np0000181903 devstack@n-api-meta.service[108174]: DEBUG oslo_db.sqlalchemy.engines [None req-afc3afbc-6c84-4b37-ae02-fcda8fd6bded None None] MySQL server mode set to STRICT_TRANS_TABLES,STRICT_ALL_TABLES,NO_ZERO_IN_DATE,NO_ZERO_DATE,ERROR_FOR_DIVISION_BY_ZERO,TRADITIONAL,NO_ENGINE_SUBSTITUTION {{(pid=108174) _check_effective_sql_mode /opt/stack/data/venv/lib/python3.12/site-packages/oslo_db/sqlalchemy/engines.py:325}}
Jun 18 07:19:40.130010 np0000181903 devstack@n-api-meta.service[108175]: DEBUG oslo_db.sqlalchemy.engines [None req-e0b945db-693e-40f0-b9c4-5ce5d26f1962 None None] MySQL server mode set to STRICT_TRANS_TABLES,STRICT_ALL_TABLES,NO_ZERO_IN_DATE,NO_ZERO_DATE,ERROR_FOR_DIVISION_BY_ZERO,TRADITIONAL,NO_ENGINE_SUBSTITUTION {{(pid=108175) _check_effective_sql_mode /opt/stack/data/venv/lib/python3.12/site-packages/oslo_db/sqlalchemy/engines.py:325}}
Jun 18 07:19:40.134108 np0000181903 devstack@n-api-meta.service[108175]: DEBUG oslo_db.sqlalchemy.engines [None req-e0b945db-693e-40f0-b9c4-5ce5d26f1962 None None] MySQL server mode set to STRICT_TRANS_TABLES,STRICT_ALL_TABLES,NO_ZERO_IN_DATE,NO_ZERO_DATE,ERROR_FOR_DIVISION_BY_ZERO,TRADITIONAL,NO_ENGINE_SUBSTITUTION {{(pid=108175) _check_effective_sql_mode /opt/stack/data/venv/lib/python3.12/site-packages/oslo_db/sqlalchemy/engines.py:325}}
Jun 18 07:19:40.163635 np0000181903 devstack@n-api-meta.service[108172]: DEBUG dbcounter [-] [108172] Writer thread running {{(pid=108172) stat_writer /opt/stack/data/venv/lib/python3.12/site-packages/dbcounter.py:102}}
Jun 18 07:19:40.168563 np0000181903 devstack@n-api-meta.service[108172]: DEBUG dbcounter [-] [108172] Writer thread running {{(pid=108172) stat_writer /opt/stack/data/venv/lib/python3.12/site-packages/dbcounter.py:102}}
Jun 18 07:19:40.173194 np0000181903 devstack@n-api-meta.service[108172]: INFO dbcounter [None req-577dc4e9-a57b-4752-b75f-c64487d3b7d6 None None] Registered counter for database nova_cell0
Jun 18 07:19:40.200767 np0000181903 devstack@n-api-meta.service[108174]: DEBUG dbcounter [-] [108174] Writer thread running {{(pid=108174) stat_writer /opt/stack/data/venv/lib/python3.12/site-packages/dbcounter.py:102}}
Jun 18 07:19:40.209571 np0000181903 devstack@n-api-meta.service[108174]: DEBUG dbcounter [-] [108174] Writer thread running {{(pid=108174) stat_writer /opt/stack/data/venv/lib/python3.12/site-packages/dbcounter.py:102}}
Jun 18 07:19:40.214575 np0000181903 devstack@n-api-meta.service[108172]: DEBUG oslo_db.sqlalchemy.engines [None req-577dc4e9-a57b-4752-b75f-c64487d3b7d6 None None] MySQL server mode set to STRICT_TRANS_TABLES,STRICT_ALL_TABLES,NO_ZERO_IN_DATE,NO_ZERO_DATE,ERROR_FOR_DIVISION_BY_ZERO,TRADITIONAL,NO_ENGINE_SUBSTITUTION {{(pid=108172) _check_effective_sql_mode /opt/stack/data/venv/lib/python3.12/site-packages/oslo_db/sqlalchemy/engines.py:325}}
Jun 18 07:19:40.217482 np0000181903 devstack@n-api-meta.service[108174]: INFO dbcounter [None req-afc3afbc-6c84-4b37-ae02-fcda8fd6bded None None] Registered counter for database nova_cell0
Jun 18 07:19:40.223450 np0000181903 devstack@n-api-meta.service[108172]: DEBUG dbcounter [-] [108172] Writer thread running {{(pid=108172) stat_writer /opt/stack/data/venv/lib/python3.12/site-packages/dbcounter.py:102}}
Jun 18 07:19:40.231237 np0000181903 devstack@n-api-meta.service[108173]: INFO dbcounter [None req-6d82df77-70c9-4b0c-97b7-7f0abcc5f739 None None] Registered counter for database nova_api
Jun 18 07:19:40.256790 np0000181903 devstack@n-api-meta.service[108175]: DEBUG dbcounter [-] [108175] Writer thread running {{(pid=108175) stat_writer /opt/stack/data/venv/lib/python3.12/site-packages/dbcounter.py:102}}
Jun 18 07:19:40.257561 np0000181903 devstack@n-api-meta.service[108175]: DEBUG dbcounter [-] [108175] Writer thread running {{(pid=108175) stat_writer /opt/stack/data/venv/lib/python3.12/site-packages/dbcounter.py:102}}
Jun 18 07:19:40.263311 np0000181903 devstack@n-api-meta.service[108174]: DEBUG oslo_db.sqlalchemy.engines [None req-afc3afbc-6c84-4b37-ae02-fcda8fd6bded None None] MySQL server mode set to STRICT_TRANS_TABLES,STRICT_ALL_TABLES,NO_ZERO_IN_DATE,NO_ZERO_DATE,ERROR_FOR_DIVISION_BY_ZERO,TRADITIONAL,NO_ENGINE_SUBSTITUTION {{(pid=108174) _check_effective_sql_mode /opt/stack/data/venv/lib/python3.12/site-packages/oslo_db/sqlalchemy/engines.py:325}}
Jun 18 07:19:40.265444 np0000181903 devstack@n-api-meta.service[108175]: INFO dbcounter [None req-e0b945db-693e-40f0-b9c4-5ce5d26f1962 None None] Registered counter for database nova_cell0
Jun 18 07:19:40.272822 np0000181903 devstack@n-api-meta.service[108174]: DEBUG dbcounter [-] [108174] Writer thread running {{(pid=108174) stat_writer /opt/stack/data/venv/lib/python3.12/site-packages/dbcounter.py:102}}
Jun 18 07:19:40.274130 np0000181903 devstack@n-api-meta.service[108172]: WARNING nova.api.metadata.handler [None req-577dc4e9-a57b-4752-b75f-c64487d3b7d6 None None] metadata_proxy_shared_secret is not configured, the metadata information returned by the proxy cannot be trusted
Jun 18 07:19:40.276654 np0000181903 devstack@n-api-meta.service[108172]: DEBUG nova.api.openstack.wsgi_app [None req-577dc4e9-a57b-4752-b75f-c64487d3b7d6 None None] ******************************************************************************** {{(pid=108172) log_opt_values /opt/stack/data/venv/lib/python3.12/site-packages/oslo_config/cfg.py:3226}}
Jun 18 07:19:40.276774 np0000181903 devstack@n-api-meta.service[108172]: DEBUG nova.api.openstack.wsgi_app [None req-577dc4e9-a57b-4752-b75f-c64487d3b7d6 None None] Configuration options gathered from: {{(pid=108172) log_opt_values /opt/stack/data/venv/lib/python3.12/site-packages/oslo_config/cfg.py:3227}}
Jun 18 07:19:40.276903 np0000181903 devstack@n-api-meta.service[108172]: DEBUG nova.api.openstack.wsgi_app [None req-577dc4e9-a57b-4752-b75f-c64487d3b7d6 None None] command line args: [] {{(pid=108172) log_opt_values /opt/stack/data/venv/lib/python3.12/site-packages/oslo_config/cfg.py:3228}}
Jun 18 07:19:40.277080 np0000181903 devstack@n-api-meta.service[108172]: DEBUG nova.api.openstack.wsgi_app [None req-577dc4e9-a57b-4752-b75f-c64487d3b7d6 None None] config files: ['/etc/nova/api-paste.ini', '/etc/nova/nova.conf'] {{(pid=108172) log_opt_values /opt/stack/data/venv/lib/python3.12/site-packages/oslo_config/cfg.py:3229}}
Jun 18 07:19:40.277184 np0000181903 devstack@n-api-meta.service[108172]: DEBUG nova.api.openstack.wsgi_app [None req-577dc4e9-a57b-4752-b75f-c64487d3b7d6 None None] ================================================================================ {{(pid=108172) log_opt_values /opt/stack/data/venv/lib/python3.12/site-packages/oslo_config/cfg.py:3234}}
Jun 18 07:19:40.277392 np0000181903 devstack@n-api-meta.service[108172]: DEBUG nova.api.openstack.wsgi_app [None req-577dc4e9-a57b-4752-b75f-c64487d3b7d6 None None] allow_resize_to_same_host = True {{(pid=108172) log_opt_values /opt/stack/data/venv/lib/python3.12/site-packages/oslo_config/cfg.py:3242}}
Jun 18 07:19:40.277527 np0000181903 devstack@n-api-meta.service[108172]: DEBUG nova.api.openstack.wsgi_app [None req-577dc4e9-a57b-4752-b75f-c64487d3b7d6 None None] arq_binding_timeout = 300 {{(pid=108172) log_opt_values /opt/stack/data/venv/lib/python3.12/site-packages/oslo_config/cfg.py:3242}}
Jun 18 07:19:40.277661 np0000181903 devstack@n-api-meta.service[108172]: DEBUG nova.api.openstack.wsgi_app [None req-577dc4e9-a57b-4752-b75f-c64487d3b7d6 None None] block_device_allocate_retries = 60 {{(pid=108172) log_opt_values /opt/stack/data/venv/lib/python3.12/site-packages/oslo_config/cfg.py:3242}}
Jun 18 07:19:40.277794 np0000181903 devstack@n-api-meta.service[108172]: DEBUG nova.api.openstack.wsgi_app [None req-577dc4e9-a57b-4752-b75f-c64487d3b7d6 None None] block_device_allocate_retries_interval = 3 {{(pid=108172) log_opt_values /opt/stack/data/venv/lib/python3.12/site-packages/oslo_config/cfg.py:3242}}
Jun 18 07:19:40.277924 np0000181903 devstack@n-api-meta.service[108172]: DEBUG nova.api.openstack.wsgi_app [None req-577dc4e9-a57b-4752-b75f-c64487d3b7d6 None None] cell_worker_thread_pool_size = 5 {{(pid=108172) log_opt_values /opt/stack/data/venv/lib/python3.12/site-packages/oslo_config/cfg.py:3242}}
Jun 18 07:19:40.278075 np0000181903 devstack@n-api-meta.service[108172]: DEBUG nova.api.openstack.wsgi_app [None req-577dc4e9-a57b-4752-b75f-c64487d3b7d6 None None] cert = self.pem {{(pid=108172) log_opt_values /opt/stack/data/venv/lib/python3.12/site-packages/oslo_config/cfg.py:3242}}
Jun 18 07:19:40.278236 np0000181903 devstack@n-api-meta.service[108172]: DEBUG nova.api.openstack.wsgi_app [None req-577dc4e9-a57b-4752-b75f-c64487d3b7d6 None None] compute_driver = libvirt.LibvirtDriver {{(pid=108172) log_opt_values /opt/stack/data/venv/lib/python3.12/site-packages/oslo_config/cfg.py:3242}}
Jun 18 07:19:40.278376 np0000181903 devstack@n-api-meta.service[108172]: DEBUG nova.api.openstack.wsgi_app [None req-577dc4e9-a57b-4752-b75f-c64487d3b7d6 None None] compute_monitors = [] {{(pid=108172) log_opt_values /opt/stack/data/venv/lib/python3.12/site-packages/oslo_config/cfg.py:3242}}
Jun 18 07:19:40.278510 np0000181903 devstack@n-api-meta.service[108172]: DEBUG nova.api.openstack.wsgi_app [None req-577dc4e9-a57b-4752-b75f-c64487d3b7d6 None None] config_dir = [] {{(pid=108172) log_opt_values /opt/stack/data/venv/lib/python3.12/site-packages/oslo_config/cfg.py:3242}}
Jun 18 07:19:40.278649 np0000181903 devstack@n-api-meta.service[108172]: DEBUG nova.api.openstack.wsgi_app [None req-577dc4e9-a57b-4752-b75f-c64487d3b7d6 None None] config_drive_format = iso9660 {{(pid=108172) log_opt_values /opt/stack/data/venv/lib/python3.12/site-packages/oslo_config/cfg.py:3242}}
Jun 18 07:19:40.278756 np0000181903 devstack@n-api-meta.service[108172]: DEBUG nova.api.openstack.wsgi_app [None req-577dc4e9-a57b-4752-b75f-c64487d3b7d6 None None] config_file = ['/etc/nova/api-paste.ini', '/etc/nova/nova.conf'] {{(pid=108172) log_opt_values /opt/stack/data/venv/lib/python3.12/site-packages/oslo_config/cfg.py:3242}}
Jun 18 07:19:40.278938 np0000181903 devstack@n-api-meta.service[108172]: DEBUG nova.api.openstack.wsgi_app [None req-577dc4e9-a57b-4752-b75f-c64487d3b7d6 None None] config_source = [] {{(pid=108172) log_opt_values /opt/stack/data/venv/lib/python3.12/site-packages/oslo_config/cfg.py:3242}}
Jun 18 07:19:40.279089 np0000181903 devstack@n-api-meta.service[108172]: DEBUG nova.api.openstack.wsgi_app [None req-577dc4e9-a57b-4752-b75f-c64487d3b7d6 None None] console_host = np0000181903 {{(pid=108172) log_opt_values /opt/stack/data/venv/lib/python3.12/site-packages/oslo_config/cfg.py:3242}}
Jun 18 07:19:40.279246 np0000181903 devstack@n-api-meta.service[108172]: DEBUG nova.api.openstack.wsgi_app [None req-577dc4e9-a57b-4752-b75f-c64487d3b7d6 None None] control_exchange = nova {{(pid=108172) log_opt_values /opt/stack/data/venv/lib/python3.12/site-packages/oslo_config/cfg.py:3242}}
Jun 18 07:19:40.279378 np0000181903 devstack@n-api-meta.service[108172]: DEBUG nova.api.openstack.wsgi_app [None req-577dc4e9-a57b-4752-b75f-c64487d3b7d6 None None] cpu_allocation_ratio = None {{(pid=108172) log_opt_values /opt/stack/data/venv/lib/python3.12/site-packages/oslo_config/cfg.py:3242}}
Jun 18 07:19:40.279508 np0000181903 devstack@n-api-meta.service[108172]: DEBUG nova.api.openstack.wsgi_app [None req-577dc4e9-a57b-4752-b75f-c64487d3b7d6 None None] daemon = False {{(pid=108172) log_opt_values /opt/stack/data/venv/lib/python3.12/site-packages/oslo_config/cfg.py:3242}}
Jun 18 07:19:40.279644 np0000181903 devstack@n-api-meta.service[108172]: DEBUG nova.api.openstack.wsgi_app [None req-577dc4e9-a57b-4752-b75f-c64487d3b7d6 None None] debug = True {{(pid=108172) log_opt_values /opt/stack/data/venv/lib/python3.12/site-packages/oslo_config/cfg.py:3242}}
Jun 18 07:19:40.279772 np0000181903 devstack@n-api-meta.service[108172]: DEBUG nova.api.openstack.wsgi_app [None req-577dc4e9-a57b-4752-b75f-c64487d3b7d6 None None] default_access_ip_network_name = None {{(pid=108172) log_opt_values /opt/stack/data/venv/lib/python3.12/site-packages/oslo_config/cfg.py:3242}}
Jun 18 07:19:40.279905 np0000181903 devstack@n-api-meta.service[108172]: DEBUG nova.api.openstack.wsgi_app [None req-577dc4e9-a57b-4752-b75f-c64487d3b7d6 None None] default_availability_zone = nova {{(pid=108172) log_opt_values /opt/stack/data/venv/lib/python3.12/site-packages/oslo_config/cfg.py:3242}}
Jun 18 07:19:40.280051 np0000181903 devstack@n-api-meta.service[108173]: DEBUG oslo_db.sqlalchemy.engines [None req-6d82df77-70c9-4b0c-97b7-7f0abcc5f739 None None] MySQL server mode set to STRICT_TRANS_TABLES,STRICT_ALL_TABLES,NO_ZERO_IN_DATE,NO_ZERO_DATE,ERROR_FOR_DIVISION_BY_ZERO,TRADITIONAL,NO_ENGINE_SUBSTITUTION {{(pid=108173) _check_effective_sql_mode /opt/stack/data/venv/lib/python3.12/site-packages/oslo_db/sqlalchemy/engines.py:325}}
Jun 18 07:19:40.280103 np0000181903 devstack@n-api-meta.service[108172]: DEBUG nova.api.openstack.wsgi_app [None req-577dc4e9-a57b-4752-b75f-c64487d3b7d6 None None] default_ephemeral_format = ext4 {{(pid=108172) log_opt_values /opt/stack/data/venv/lib/python3.12/site-packages/oslo_config/cfg.py:3242}}
Jun 18 07:19:40.280193 np0000181903 devstack@n-api-meta.service[108172]: DEBUG nova.api.openstack.wsgi_app [None req-577dc4e9-a57b-4752-b75f-c64487d3b7d6 None None] default_green_pool_size = 1000 {{(pid=108172) log_opt_values /opt/stack/data/venv/lib/python3.12/site-packages/oslo_config/cfg.py:3242}}
Jun 18 07:19:40.280428 np0000181903 devstack@n-api-meta.service[108172]: DEBUG nova.api.openstack.wsgi_app [None req-577dc4e9-a57b-4752-b75f-c64487d3b7d6 None None] default_log_levels = ['amqp=WARN', 'boto=WARN', 'sqlalchemy=WARN', 'suds=INFO', 'oslo.messaging=INFO', 'oslo_messaging=INFO', 'iso8601=WARN', 'requests.packages.urllib3.connectionpool=WARN', 'urllib3.connectionpool=WARN', 'websocket=WARN', 'requests.packages.urllib3.util.retry=WARN', 'urllib3.util.retry=WARN', 'keystonemiddleware=WARN', 'routes.middleware=WARN', 'stevedore=WARN', 'taskflow=WARN', 'keystoneauth=WARN', 'oslo.cache=INFO', 'oslo_policy=INFO', 'dogpile.core.dogpile=INFO', 'glanceclient=WARN', 'oslo.privsep.daemon=INFO'] {{(pid=108172) log_opt_values /opt/stack/data/venv/lib/python3.12/site-packages/oslo_config/cfg.py:3242}}
Jun 18 07:19:40.280569 np0000181903 devstack@n-api-meta.service[108172]: DEBUG nova.api.openstack.wsgi_app [None req-577dc4e9-a57b-4752-b75f-c64487d3b7d6 None None] default_schedule_zone = None {{(pid=108172) log_opt_values /opt/stack/data/venv/lib/python3.12/site-packages/oslo_config/cfg.py:3242}}
Jun 18 07:19:40.280702 np0000181903 devstack@n-api-meta.service[108172]: DEBUG nova.api.openstack.wsgi_app [None req-577dc4e9-a57b-4752-b75f-c64487d3b7d6 None None] default_thread_pool_size = 10 {{(pid=108172) log_opt_values /opt/stack/data/venv/lib/python3.12/site-packages/oslo_config/cfg.py:3242}}
Jun 18 07:19:40.280829 np0000181903 devstack@n-api-meta.service[108172]: DEBUG nova.api.openstack.wsgi_app [None req-577dc4e9-a57b-4752-b75f-c64487d3b7d6 None None] disk_allocation_ratio = None {{(pid=108172) log_opt_values /opt/stack/data/venv/lib/python3.12/site-packages/oslo_config/cfg.py:3242}}
Jun 18 07:19:40.280962 np0000181903 devstack@n-api-meta.service[108172]: DEBUG nova.api.openstack.wsgi_app [None req-577dc4e9-a57b-4752-b75f-c64487d3b7d6 None None] enable_new_services = True {{(pid=108172) log_opt_values /opt/stack/data/venv/lib/python3.12/site-packages/oslo_config/cfg.py:3242}}
Jun 18 07:19:40.281109 np0000181903 devstack@n-api-meta.service[108172]: DEBUG nova.api.openstack.wsgi_app [None req-577dc4e9-a57b-4752-b75f-c64487d3b7d6 None None] flat_injected = False {{(pid=108172) log_opt_values /opt/stack/data/venv/lib/python3.12/site-packages/oslo_config/cfg.py:3242}}
Jun 18 07:19:40.281263 np0000181903 devstack@n-api-meta.service[108172]: DEBUG nova.api.openstack.wsgi_app [None req-577dc4e9-a57b-4752-b75f-c64487d3b7d6 None None] force_config_drive = False {{(pid=108172) log_opt_values /opt/stack/data/venv/lib/python3.12/site-packages/oslo_config/cfg.py:3242}}
Jun 18 07:19:40.281395 np0000181903 devstack@n-api-meta.service[108172]: DEBUG nova.api.openstack.wsgi_app [None req-577dc4e9-a57b-4752-b75f-c64487d3b7d6 None None] force_raw_images = True {{(pid=108172) log_opt_values /opt/stack/data/venv/lib/python3.12/site-packages/oslo_config/cfg.py:3242}}
Jun 18 07:19:40.281536 np0000181903 devstack@n-api-meta.service[108172]: DEBUG nova.api.openstack.wsgi_app [None req-577dc4e9-a57b-4752-b75f-c64487d3b7d6 None None] graceful_shutdown_timeout = 5 {{(pid=108172) log_opt_values /opt/stack/data/venv/lib/python3.12/site-packages/oslo_config/cfg.py:3242}}
Jun 18 07:19:40.281667 np0000181903 devstack@n-api-meta.service[108172]: DEBUG nova.api.openstack.wsgi_app [None req-577dc4e9-a57b-4752-b75f-c64487d3b7d6 None None] heal_instance_info_cache_interval = -1 {{(pid=108172) log_opt_values /opt/stack/data/venv/lib/python3.12/site-packages/oslo_config/cfg.py:3242}}
Jun 18 07:19:40.281849 np0000181903 devstack@n-api-meta.service[108172]: DEBUG nova.api.openstack.wsgi_app [None req-577dc4e9-a57b-4752-b75f-c64487d3b7d6 None None] host = np0000181903 {{(pid=108172) log_opt_values /opt/stack/data/venv/lib/python3.12/site-packages/oslo_config/cfg.py:3242}}
Jun 18 07:19:40.281986 np0000181903 devstack@n-api-meta.service[108172]: DEBUG nova.api.openstack.wsgi_app [None req-577dc4e9-a57b-4752-b75f-c64487d3b7d6 None None] initial_cpu_allocation_ratio = 4.0 {{(pid=108172) log_opt_values /opt/stack/data/venv/lib/python3.12/site-packages/oslo_config/cfg.py:3242}}
Jun 18 07:19:40.282116 np0000181903 devstack@n-api-meta.service[108172]: DEBUG nova.api.openstack.wsgi_app [None req-577dc4e9-a57b-4752-b75f-c64487d3b7d6 None None] initial_disk_allocation_ratio = 1.0 {{(pid=108172) log_opt_values /opt/stack/data/venv/lib/python3.12/site-packages/oslo_config/cfg.py:3242}}
Jun 18 07:19:40.282282 np0000181903 devstack@n-api-meta.service[108172]: DEBUG nova.api.openstack.wsgi_app [None req-577dc4e9-a57b-4752-b75f-c64487d3b7d6 None None] initial_ram_allocation_ratio = 1.0 {{(pid=108172) log_opt_values /opt/stack/data/venv/lib/python3.12/site-packages/oslo_config/cfg.py:3242}}
Jun 18 07:19:40.282467 np0000181903 devstack@n-api-meta.service[108172]: DEBUG nova.api.openstack.wsgi_app [None req-577dc4e9-a57b-4752-b75f-c64487d3b7d6 None None] injected_network_template = /opt/stack/nova/nova/virt/interfaces.template {{(pid=108172) log_opt_values /opt/stack/data/venv/lib/python3.12/site-packages/oslo_config/cfg.py:3242}}
Jun 18 07:19:40.282599 np0000181903 devstack@n-api-meta.service[108172]: DEBUG nova.api.openstack.wsgi_app [None req-577dc4e9-a57b-4752-b75f-c64487d3b7d6 None None] instance_build_timeout = 0 {{(pid=108172) log_opt_values /opt/stack/data/venv/lib/python3.12/site-packages/oslo_config/cfg.py:3242}}
Jun 18 07:19:40.282735 np0000181903 devstack@n-api-meta.service[108172]: DEBUG nova.api.openstack.wsgi_app [None req-577dc4e9-a57b-4752-b75f-c64487d3b7d6 None None] instance_delete_interval = 300 {{(pid=108172) log_opt_values /opt/stack/data/venv/lib/python3.12/site-packages/oslo_config/cfg.py:3242}}
Jun 18 07:19:40.282918 np0000181903 devstack@n-api-meta.service[108172]: DEBUG nova.api.openstack.wsgi_app [None req-577dc4e9-a57b-4752-b75f-c64487d3b7d6 None None] instance_format = [instance: %(uuid)s] {{(pid=108172) log_opt_values /opt/stack/data/venv/lib/python3.12/site-packages/oslo_config/cfg.py:3242}}
Jun 18 07:19:40.283048 np0000181903 devstack@n-api-meta.service[108172]: DEBUG nova.api.openstack.wsgi_app [None req-577dc4e9-a57b-4752-b75f-c64487d3b7d6 None None] instance_name_template = instance-%08x {{(pid=108172) log_opt_values /opt/stack/data/venv/lib/python3.12/site-packages/oslo_config/cfg.py:3242}}
Jun 18 07:19:40.283176 np0000181903 devstack@n-api-meta.service[108172]: DEBUG nova.api.openstack.wsgi_app [None req-577dc4e9-a57b-4752-b75f-c64487d3b7d6 None None] instance_usage_audit = False {{(pid=108172) log_opt_values /opt/stack/data/venv/lib/python3.12/site-packages/oslo_config/cfg.py:3242}}
Jun 18 07:19:40.283332 np0000181903 devstack@n-api-meta.service[108172]: DEBUG nova.api.openstack.wsgi_app [None req-577dc4e9-a57b-4752-b75f-c64487d3b7d6 None None] instance_usage_audit_period = month {{(pid=108172) log_opt_values /opt/stack/data/venv/lib/python3.12/site-packages/oslo_config/cfg.py:3242}}
Jun 18 07:19:40.283465 np0000181903 devstack@n-api-meta.service[108172]: DEBUG nova.api.openstack.wsgi_app [None req-577dc4e9-a57b-4752-b75f-c64487d3b7d6 None None] instance_uuid_format = [instance: %(uuid)s] {{(pid=108172) log_opt_values /opt/stack/data/venv/lib/python3.12/site-packages/oslo_config/cfg.py:3242}}
Jun 18 07:19:40.283597 np0000181903 devstack@n-api-meta.service[108172]: DEBUG nova.api.openstack.wsgi_app [None req-577dc4e9-a57b-4752-b75f-c64487d3b7d6 None None] instances_path = /opt/stack/data/nova/instances {{(pid=108172) log_opt_values /opt/stack/data/venv/lib/python3.12/site-packages/oslo_config/cfg.py:3242}}
Jun 18 07:19:40.283732 np0000181903 devstack@n-api-meta.service[108172]: DEBUG nova.api.openstack.wsgi_app [None req-577dc4e9-a57b-4752-b75f-c64487d3b7d6 None None] internal_service_availability_zone = internal {{(pid=108172) log_opt_values /opt/stack/data/venv/lib/python3.12/site-packages/oslo_config/cfg.py:3242}}
Jun 18 07:19:40.283854 np0000181903 devstack@n-api-meta.service[108172]: DEBUG nova.api.openstack.wsgi_app [None req-577dc4e9-a57b-4752-b75f-c64487d3b7d6 None None] key = None {{(pid=108172) log_opt_values /opt/stack/data/venv/lib/python3.12/site-packages/oslo_config/cfg.py:3242}}
Jun 18 07:19:40.283980 np0000181903 devstack@n-api-meta.service[108172]: DEBUG nova.api.openstack.wsgi_app [None req-577dc4e9-a57b-4752-b75f-c64487d3b7d6 None None] live_migration_retry_count = 30 {{(pid=108172) log_opt_values /opt/stack/data/venv/lib/python3.12/site-packages/oslo_config/cfg.py:3242}}
Jun 18 07:19:40.284115 np0000181903 devstack@n-api-meta.service[108172]: DEBUG nova.api.openstack.wsgi_app [None req-577dc4e9-a57b-4752-b75f-c64487d3b7d6 None None] log_color = False {{(pid=108172) log_opt_values /opt/stack/data/venv/lib/python3.12/site-packages/oslo_config/cfg.py:3242}}
Jun 18 07:19:40.284268 np0000181903 devstack@n-api-meta.service[108172]: DEBUG nova.api.openstack.wsgi_app [None req-577dc4e9-a57b-4752-b75f-c64487d3b7d6 None None] log_config_append = None {{(pid=108172) log_opt_values /opt/stack/data/venv/lib/python3.12/site-packages/oslo_config/cfg.py:3242}}
Jun 18 07:19:40.284412 np0000181903 devstack@n-api-meta.service[108172]: DEBUG nova.api.openstack.wsgi_app [None req-577dc4e9-a57b-4752-b75f-c64487d3b7d6 None None] log_date_format = %Y-%m-%d %H:%M:%S {{(pid=108172) log_opt_values /opt/stack/data/venv/lib/python3.12/site-packages/oslo_config/cfg.py:3242}}
Jun 18 07:19:40.284535 np0000181903 devstack@n-api-meta.service[108172]: DEBUG nova.api.openstack.wsgi_app [None req-577dc4e9-a57b-4752-b75f-c64487d3b7d6 None None] log_dir = None {{(pid=108172) log_opt_values /opt/stack/data/venv/lib/python3.12/site-packages/oslo_config/cfg.py:3242}}
Jun 18 07:19:40.284661 np0000181903 devstack@n-api-meta.service[108172]: DEBUG nova.api.openstack.wsgi_app [None req-577dc4e9-a57b-4752-b75f-c64487d3b7d6 None None] log_file = None {{(pid=108172) log_opt_values /opt/stack/data/venv/lib/python3.12/site-packages/oslo_config/cfg.py:3242}}
Jun 18 07:19:40.284764 np0000181903 devstack@n-api-meta.service[108172]: DEBUG nova.api.openstack.wsgi_app [None req-577dc4e9-a57b-4752-b75f-c64487d3b7d6 None None] log_options = True {{(pid=108172) log_opt_values /opt/stack/data/venv/lib/python3.12/site-packages/oslo_config/cfg.py:3242}}
Jun 18 07:19:40.284890 np0000181903 devstack@n-api-meta.service[108172]: DEBUG nova.api.openstack.wsgi_app [None req-577dc4e9-a57b-4752-b75f-c64487d3b7d6 None None] log_rotate_interval = 1 {{(pid=108172) log_opt_values /opt/stack/data/venv/lib/python3.12/site-packages/oslo_config/cfg.py:3242}}
Jun 18 07:19:40.285022 np0000181903 devstack@n-api-meta.service[108172]: DEBUG nova.api.openstack.wsgi_app [None req-577dc4e9-a57b-4752-b75f-c64487d3b7d6 None None] log_rotate_interval_type = days {{(pid=108172) log_opt_values /opt/stack/data/venv/lib/python3.12/site-packages/oslo_config/cfg.py:3242}}
Jun 18 07:19:40.285154 np0000181903 devstack@n-api-meta.service[108172]: DEBUG nova.api.openstack.wsgi_app [None req-577dc4e9-a57b-4752-b75f-c64487d3b7d6 None None] log_rotation_type = none {{(pid=108172) log_opt_values /opt/stack/data/venv/lib/python3.12/site-packages/oslo_config/cfg.py:3242}}
Jun 18 07:19:40.285284 np0000181903 devstack@n-api-meta.service[108172]: DEBUG nova.api.openstack.wsgi_app [None req-577dc4e9-a57b-4752-b75f-c64487d3b7d6 None None] logging_context_format_string = %(color)s%(levelname)s %(name)s [%(global_request_id)s %(request_id)s %(project_name)s %(user_name)s%(color)s] %(instance)s%(color)s%(message)s {{(pid=108172) log_opt_values /opt/stack/data/venv/lib/python3.12/site-packages/oslo_config/cfg.py:3242}}
Jun 18 07:19:40.285392 np0000181903 devstack@n-api-meta.service[108172]: DEBUG nova.api.openstack.wsgi_app [None req-577dc4e9-a57b-4752-b75f-c64487d3b7d6 None None] logging_debug_format_suffix = {{(pid=%(process)d) %(funcName)s %(pathname)s:%(lineno)d}} {{(pid=108172) log_opt_values /opt/stack/data/venv/lib/python3.12/site-packages/oslo_config/cfg.py:3242}}
Jun 18 07:19:40.285526 np0000181903 devstack@n-api-meta.service[108172]: DEBUG nova.api.openstack.wsgi_app [None req-577dc4e9-a57b-4752-b75f-c64487d3b7d6 None None] logging_default_format_string = %(color)s%(levelname)s %(name)s [-%(color)s] %(instance)s%(color)s%(message)s {{(pid=108172) log_opt_values /opt/stack/data/venv/lib/python3.12/site-packages/oslo_config/cfg.py:3242}}
Jun 18 07:19:40.285655 np0000181903 devstack@n-api-meta.service[108172]: DEBUG nova.api.openstack.wsgi_app [None req-577dc4e9-a57b-4752-b75f-c64487d3b7d6 None None] logging_exception_prefix = ERROR %(name)s %(instance)s {{(pid=108172) log_opt_values /opt/stack/data/venv/lib/python3.12/site-packages/oslo_config/cfg.py:3242}}
Jun 18 07:19:40.285808 np0000181903 devstack@n-api-meta.service[108172]: DEBUG nova.api.openstack.wsgi_app [None req-577dc4e9-a57b-4752-b75f-c64487d3b7d6 None None] logging_user_identity_format = %(user)s %(project)s %(domain)s %(system_scope)s %(user_domain)s %(project_domain)s {{(pid=108172) log_opt_values /opt/stack/data/venv/lib/python3.12/site-packages/oslo_config/cfg.py:3242}}
Jun 18 07:19:40.285878 np0000181903 devstack@n-api-meta.service[108172]: DEBUG nova.api.openstack.wsgi_app [None req-577dc4e9-a57b-4752-b75f-c64487d3b7d6 None None] long_rpc_timeout = 1800 {{(pid=108172) log_opt_values /opt/stack/data/venv/lib/python3.12/site-packages/oslo_config/cfg.py:3242}}
Jun 18 07:19:40.286003 np0000181903 devstack@n-api-meta.service[108172]: DEBUG nova.api.openstack.wsgi_app [None req-577dc4e9-a57b-4752-b75f-c64487d3b7d6 None None] manager_shutdown_timeout = 160 {{(pid=108172) log_opt_values /opt/stack/data/venv/lib/python3.12/site-packages/oslo_config/cfg.py:3242}}
Jun 18 07:19:40.286130 np0000181903 devstack@n-api-meta.service[108172]: DEBUG nova.api.openstack.wsgi_app [None req-577dc4e9-a57b-4752-b75f-c64487d3b7d6 None None] max_concurrent_builds = 10 {{(pid=108172) log_opt_values /opt/stack/data/venv/lib/python3.12/site-packages/oslo_config/cfg.py:3242}}
Jun 18 07:19:40.286276 np0000181903 devstack@n-api-meta.service[108172]: DEBUG nova.api.openstack.wsgi_app [None req-577dc4e9-a57b-4752-b75f-c64487d3b7d6 None None] max_concurrent_live_migrations = 1 {{(pid=108172) log_opt_values /opt/stack/data/venv/lib/python3.12/site-packages/oslo_config/cfg.py:3242}}
Jun 18 07:19:40.286406 np0000181903 devstack@n-api-meta.service[108172]: DEBUG nova.api.openstack.wsgi_app [None req-577dc4e9-a57b-4752-b75f-c64487d3b7d6 None None] max_concurrent_snapshots = 5 {{(pid=108172) log_opt_values /opt/stack/data/venv/lib/python3.12/site-packages/oslo_config/cfg.py:3242}}
Jun 18 07:19:40.286531 np0000181903 devstack@n-api-meta.service[108172]: DEBUG nova.api.openstack.wsgi_app [None req-577dc4e9-a57b-4752-b75f-c64487d3b7d6 None None] max_local_block_devices = 3 {{(pid=108172) log_opt_values /opt/stack/data/venv/lib/python3.12/site-packages/oslo_config/cfg.py:3242}}
Jun 18 07:19:40.286657 np0000181903 devstack@n-api-meta.service[108172]: DEBUG nova.api.openstack.wsgi_app [None req-577dc4e9-a57b-4752-b75f-c64487d3b7d6 None None] max_logfile_count = 30 {{(pid=108172) log_opt_values /opt/stack/data/venv/lib/python3.12/site-packages/oslo_config/cfg.py:3242}}
Jun 18 07:19:40.286784 np0000181903 devstack@n-api-meta.service[108172]: DEBUG nova.api.openstack.wsgi_app [None req-577dc4e9-a57b-4752-b75f-c64487d3b7d6 None None] max_logfile_size_mb = 200 {{(pid=108172) log_opt_values /opt/stack/data/venv/lib/python3.12/site-packages/oslo_config/cfg.py:3242}}
Jun 18 07:19:40.286958 np0000181903 devstack@n-api-meta.service[108172]: DEBUG nova.api.openstack.wsgi_app [None req-577dc4e9-a57b-4752-b75f-c64487d3b7d6 None None] maximum_instance_delete_attempts = 5 {{(pid=108172) log_opt_values /opt/stack/data/venv/lib/python3.12/site-packages/oslo_config/cfg.py:3242}}
Jun 18 07:19:40.287088 np0000181903 devstack@n-api-meta.service[108172]: DEBUG nova.api.openstack.wsgi_app [None req-577dc4e9-a57b-4752-b75f-c64487d3b7d6 None None] migrate_max_retries = -1 {{(pid=108172) log_opt_values /opt/stack/data/venv/lib/python3.12/site-packages/oslo_config/cfg.py:3242}}
Jun 18 07:19:40.287227 np0000181903 devstack@n-api-meta.service[108172]: DEBUG nova.api.openstack.wsgi_app [None req-577dc4e9-a57b-4752-b75f-c64487d3b7d6 None None] mkisofs_cmd = genisoimage {{(pid=108172) log_opt_values /opt/stack/data/venv/lib/python3.12/site-packages/oslo_config/cfg.py:3242}}
Jun 18 07:19:40.287543 np0000181903 devstack@n-api-meta.service[108172]: DEBUG nova.api.openstack.wsgi_app [None req-577dc4e9-a57b-4752-b75f-c64487d3b7d6 None None] my_block_storage_ip = 199.204.45.210 {{(pid=108172) log_opt_values /opt/stack/data/venv/lib/python3.12/site-packages/oslo_config/cfg.py:3242}}
Jun 18 07:19:40.287629 np0000181903 devstack@n-api-meta.service[108172]: DEBUG nova.api.openstack.wsgi_app [None req-577dc4e9-a57b-4752-b75f-c64487d3b7d6 None None] my_ip = 199.204.45.210 {{(pid=108172) log_opt_values /opt/stack/data/venv/lib/python3.12/site-packages/oslo_config/cfg.py:3242}}
Jun 18 07:19:40.287804 np0000181903 devstack@n-api-meta.service[108172]: DEBUG nova.api.openstack.wsgi_app [None req-577dc4e9-a57b-4752-b75f-c64487d3b7d6 None None] my_shared_fs_storage_ip = 199.204.45.210 {{(pid=108172) log_opt_values /opt/stack/data/venv/lib/python3.12/site-packages/oslo_config/cfg.py:3242}}
Jun 18 07:19:40.287940 np0000181903 devstack@n-api-meta.service[108172]: DEBUG nova.api.openstack.wsgi_app [None req-577dc4e9-a57b-4752-b75f-c64487d3b7d6 None None] network_allocate_retries = 0 {{(pid=108172) log_opt_values /opt/stack/data/venv/lib/python3.12/site-packages/oslo_config/cfg.py:3242}}
Jun 18 07:19:40.288089 np0000181903 devstack@n-api-meta.service[108172]: DEBUG nova.api.openstack.wsgi_app [None req-577dc4e9-a57b-4752-b75f-c64487d3b7d6 None None] non_inheritable_image_properties = ['cache_in_nova', 'bittorrent'] {{(pid=108172) log_opt_values /opt/stack/data/venv/lib/python3.12/site-packages/oslo_config/cfg.py:3242}}
