2026-05-08 00:37:03.096 7 INFO placement.requestlog [None req-d02db9ba-9f3a-4726-9c16-ad96270fda3f 7a79bb8be8a6482baa15643b0fa88b90 01653664273b414098065411941f1f14 - - 5b64b9fa9c15478b816ce505b26a9aaf 5b64b9fa9c15478b816ce505b26a9aaf] 10.0.0.248 "DELETE /resource_providers/88413475-d6b3-4e5e-b7c2-f3b8bbeece2a" status: 404 len: 246 microversion: 1.1 [pid: 7|app: 0|req: 429/854] 10.0.0.248 () {34 vars in 816 bytes} [Fri May 8 00:37:03 2026] DELETE /resource_providers/88413475-d6b3-4e5e-b7c2-f3b8bbeece2a => generated 246 bytes in 10 msecs (HTTP/1.1 404) 6 headers in 231 bytes (1 switches on core 0)
2026-05-08 00:37:07.734 8 INFO placement.requestlog [None req-9dcaf603-c558-4ada-880c-0da7db843c89 - - - - - -] 10.0.0.61 "GET /" status: 200 len: 136 microversion: 1.0
2026-05-08 00:37:07.736 7 INFO placement.requestlog [None req-b853297d-93f6-4425-bade-225eeab88ae5 - - - - - -] 10.0.0.61 "GET /" status: 200 len: 136 microversion: 1.0
2026-05-08 00:37:08.773 8 INFO placement.requestlog [None req-080d3dc6-c249-498e-b265-7ae25ea848b2 7a79bb8be8a6482baa15643b0fa88b90 01653664273b414098065411941f1f14 - - 5b64b9fa9c15478b816ce505b26a9aaf 5b64b9fa9c15478b816ce505b26a9aaf] 10.0.0.248 "GET /resource_providers/7656e00c-8ded-40e0-a4c0-fc000c0cf81a/aggregates" status: 404 len: 235 microversion: 1.1 [pid: 8|app: 0|req: 427/857] 10.0.0.248 () {32 vars in 816 bytes} [Fri May 8 00:37:08 2026] GET /resource_providers/7656e00c-8ded-40e0-a4c0-fc000c0cf81a/aggregates => generated 235 bytes in 9 msecs (HTTP/1.1 404) 5 headers in 202 bytes (1 switches on core 0)
2026-05-08 00:37:08.779 7 INFO placement.requestlog [None req-d0d27fda-eebb-4ad1-8f6a-3e267e97e0b8 7a79bb8be8a6482baa15643b0fa88b90 01653664273b414098065411941f1f14 - - 5b64b9fa9c15478b816ce505b26a9aaf 5b64b9fa9c15478b816ce505b26a9aaf] 10.0.0.248 "GET /resource_providers/7656e00c-8ded-40e0-a4c0-fc000c0cf81a/aggregates" status: 404 len: 235 microversion: 1.1 [pid: 7|app: 0|req: 431/858] 10.0.0.248 () {32 vars in 816 bytes} [Fri May 8 00:37:08 2026] GET /resource_providers/7656e00c-8ded-40e0-a4c0-fc000c0cf81a/aggregates => generated 235 bytes in 12 msecs (HTTP/1.1 404) 5 headers in 202 bytes (1 switches on core 0)
2026-05-08 00:37:08.797 7 INFO placement.requestlog [None req-f6e705f9-5dc1-4d28-b87e-3c169c363173 7a79bb8be8a6482baa15643b0fa88b90 01653664273b414098065411941f1f14 - - 5b64b9fa9c15478b816ce505b26a9aaf 5b64b9fa9c15478b816ce505b26a9aaf] 10.0.0.248 "DELETE /resource_providers/7656e00c-8ded-40e0-a4c0-fc000c0cf81a" status: 404 len: 246 microversion: 1.1 [pid: 7|app: 0|req: 432/859] 10.0.0.248 () {34 vars in 816 bytes} [Fri May 8 00:37:08 2026] DELETE /resource_providers/7656e00c-8ded-40e0-a4c0-fc000c0cf81a => generated 246 bytes in 10 msecs (HTTP/1.1 404) 6 headers in 231 bytes (1 switches on core 0)
2026-05-08 00:37:08.799 8 INFO placement.requestlog [None req-1d11d999-11e1-4758-a344-0e03a6fe746e 7a79bb8be8a6482baa15643b0fa88b90 01653664273b414098065411941f1f14 - - 5b64b9fa9c15478b816ce505b26a9aaf 5b64b9fa9c15478b816ce505b26a9aaf] 10.0.0.248 "DELETE /resource_providers/7656e00c-8ded-40e0-a4c0-fc000c0cf81a" status: 404 len: 246 microversion: 1.1 [pid: 8|app: 0|req: 428/860] 10.0.0.248 () {34 vars in 816 bytes} [Fri May 8 00:37:08 2026] DELETE /resource_providers/7656e00c-8ded-40e0-a4c0-fc000c0cf81a => generated 246 bytes in 13 msecs (HTTP/1.1 404) 6 headers in 231 bytes (1 switches on core 0)
2026-05-08 00:37:17.070 7 INFO placement.requestlog [req-8ba2534f-0fcb-42b4-8ae0-07391ae312ae req-3cade581-60f6-4594-bb79-229efb36c6ad 4135e5f673a347d4a4f57387341ad84e 01653664273b414098065411941f1f14 - - 5b64b9fa9c15478b816ce505b26a9aaf 5b64b9fa9c15478b816ce505b26a9aaf] 199.19.213.90 "GET /resource_providers/2088971a-7f18-4977-87b6-7ea5f6064a93/allocations" status: 200 len: 153 microversion: 1.0 [pid: 7|app: 0|req: 433/861] 199.19.213.90 () {32 vars in 856 bytes} [Fri May 8 00:37:17 2026] GET /resource_providers/2088971a-7f18-4977-87b6-7ea5f6064a93/allocations => generated 153 bytes in 20 msecs (HTTP/1.1 200) 6 headers in 224 bytes (1 switches on core 0)
2026-05-08 00:37:17.092 8 INFO placement.requestlog [req-8ba2534f-0fcb-42b4-8ae0-07391ae312ae req-efd9bdd3-cb8f-4281-8a45-edd8b443b30f 4135e5f673a347d4a4f57387341ad84e 01653664273b414098065411941f1f14 - - 5b64b9fa9c15478b816ce505b26a9aaf 5b64b9fa9c15478b816ce505b26a9aaf] 199.19.213.90 "GET /resource_providers/2088971a-7f18-4977-87b6-7ea5f6064a93/allocations" status: 200 len: 153 microversion: 1.0 [pid: 8|app: 0|req: 429/862] 199.19.213.90 () {32 vars in 856 bytes} [Fri May 8 00:37:17 2026] GET /resource_providers/2088971a-7f18-4977-87b6-7ea5f6064a93/allocations => generated 153 bytes in 14 msecs (HTTP/1.1 200) 6 headers in 224 bytes (1 switches on core 0)
2026-05-08 00:37:17.108 7 INFO placement.requestlog [req-8ba2534f-0fcb-42b4-8ae0-07391ae312ae req-6b35a87e-1a56-41e3-9529-4b6865785050 4135e5f673a347d4a4f57387341ad84e 01653664273b414098065411941f1f14 - - 5b64b9fa9c15478b816ce505b26a9aaf 5b64b9fa9c15478b816ce505b26a9aaf] 199.19.213.90 "GET /allocations/6011f54c-e614-496e-863e-9611522f7865" status: 200 len: 258 microversion: 1.28 [pid: 7|app: 0|req: 434/863] 199.19.213.90 () {34 vars in 862 bytes} [Fri May 8 00:37:17 2026] GET /allocations/6011f54c-e614-496e-863e-9611522f7865 => generated 258 bytes in 12 msecs (HTTP/1.1 200) 8 headers in 296 bytes (1 switches on core 0)
2026-05-08 00:37:17.734 8 INFO placement.requestlog [None req-2b99e4a7-078a-4981-aa5e-0721c4495801 - - - - - -] 10.0.0.61 "GET /" status: 200 len: 136 microversion: 1.0
2026-05-08 00:37:17.734 7 INFO placement.requestlog [None req-1fc26f11-d1e8-48c2-8648-d223fcf7176f - - - - - -] 10.0.0.61 "GET /" status: 200 len: 136 microversion: 1.0
2026-05-08 00:37:21.663 8 INFO placement.requestlog [None req-5e2b68e1-1b98-4773-b828-80bcdeadf70e 7a79bb8be8a6482baa15643b0fa88b90 01653664273b414098065411941f1f14 - - 5b64b9fa9c15478b816ce505b26a9aaf 5b64b9fa9c15478b816ce505b26a9aaf] 10.0.0.248 "GET /resource_providers/57718754-df89-4fbc-aa64-b7ff3179e44d/aggregates" status: 404 len: 235 microversion: 1.1 [pid: 8|app: 0|req: 431/866] 10.0.0.248 () {32 vars in 816 bytes} [Fri May 8 00:37:21 2026] GET /resource_providers/57718754-df89-4fbc-aa64-b7ff3179e44d/aggregates => generated 235 bytes in 9 msecs (HTTP/1.1 404) 5 headers in 202 bytes (1 switches on core 0)
2026-05-08 00:37:21.669 7 INFO placement.requestlog [None req-09e12871-b744-4788-a9e1-3479442197d5 7a79bb8be8a6482baa15643b0fa88b90 01653664273b414098065411941f1f14 - - 5b64b9fa9c15478b816ce505b26a9aaf 5b64b9fa9c15478b816ce505b26a9aaf] 10.0.0.248 "GET /resource_providers/57718754-df89-4fbc-aa64-b7ff3179e44d/aggregates" status: 404 len: 235 microversion: 1.1 [pid: 7|app: 0|req: 436/867] 10.0.0.248 () {32 vars in 816 bytes} [Fri May 8 00:37:21 2026] GET /resource_providers/57718754-df89-4fbc-aa64-b7ff3179e44d/aggregates => generated 235 bytes in 12 msecs (HTTP/1.1 404) 5 headers in 202 bytes (1 switches on core 0)
2026-05-08 00:37:21.689 7 INFO placement.requestlog [None req-4c85f527-6dd8-4275-8173-30d814e3c677 7a79bb8be8a6482baa15643b0fa88b90 01653664273b414098065411941f1f14 - - 5b64b9fa9c15478b816ce505b26a9aaf 5b64b9fa9c15478b816ce505b26a9aaf] 10.0.0.248 "DELETE /resource_providers/57718754-df89-4fbc-aa64-b7ff3179e44d" status: 404 len: 246 microversion: 1.1 [pid: 7|app: 0|req: 437/868] 10.0.0.248 () {34 vars in 816 bytes} [Fri May 8 00:37:21 2026] DELETE /resource_providers/57718754-df89-4fbc-aa64-b7ff3179e44d => generated 246 bytes in 10 msecs (HTTP/1.1 404) 6 headers in 231 bytes (1 switches on core 0)
2026-05-08 00:37:21.694 8 INFO placement.requestlog [None req-f262bda6-8d4a-40e9-92bb-96245e29a7d5 7a79bb8be8a6482baa15643b0fa88b90 01653664273b414098065411941f1f14 - - 5b64b9fa9c15478b816ce505b26a9aaf 5b64b9fa9c15478b816ce505b26a9aaf] 10.0.0.248 "DELETE /resource_providers/57718754-df89-4fbc-aa64-b7ff3179e44d" status: 404 len: 246 microversion: 1.1 [pid: 8|app: 0|req: 432/869] 10.0.0.248 () {34 vars in 816 bytes} [Fri May 8 00:37:21 2026] DELETE /resource_providers/57718754-df89-4fbc-aa64-b7ff3179e44d => generated 246 bytes in 18 msecs (HTTP/1.1 404) 6 headers in 231 bytes (1 switches on core 0)
2026-05-08 00:37:27.734 7 INFO placement.requestlog [None req-724fe242-ed44-4166-9aef-241c44693e11 - - - - - -] 10.0.0.61 "GET /" status: 200 len: 136 microversion: 1.0
2026-05-08 00:37:27.734 8 INFO placement.requestlog [None req-f4bb79e3-8ba2-4704-9877-48ebf8175748 - - - - - -] 10.0.0.61 "GET /" status: 200 len: 136 microversion: 1.0
2026-05-08 00:37:29.196 7 INFO placement.requestlog [None req-15bff7e8-1766-4e4d-8d3e-30b35f03f4e8 7a79bb8be8a6482baa15643b0fa88b90 01653664273b414098065411941f1f14 - - 5b64b9fa9c15478b816ce505b26a9aaf 5b64b9fa9c15478b816ce505b26a9aaf] 10.0.0.248 "GET /resource_providers/86e4c01d-0290-4ed2-bf9b-444121ca6cdf/aggregates" status: 404 len: 235 microversion: 1.1 [pid: 7|app: 0|req: 439/872] 10.0.0.248 () {32 vars in 816 bytes} [Fri May 8 00:37:29 2026] GET /resource_providers/86e4c01d-0290-4ed2-bf9b-444121ca6cdf/aggregates => generated 235 bytes in 16 msecs (HTTP/1.1 404) 5 headers in 202 bytes (1 switches on core 0)
2026-05-08 00:37:29.203 8 INFO placement.requestlog [None req-19914098-a981-4301-ab6b-7405fea4af9b 7a79bb8be8a6482baa15643b0fa88b90 01653664273b414098065411941f1f14 - - 5b64b9fa9c15478b816ce505b26a9aaf 5b64b9fa9c15478b816ce505b26a9aaf] 10.0.0.248 "GET /resource_providers/86e4c01d-0290-4ed2-bf9b-444121ca6cdf/aggregates" status: 404 len: 235 microversion: 1.1 [pid: 8|app: 0|req: 434/873] 10.0.0.248 () {32 vars in 816 bytes} [Fri May 8 00:37:29 2026] GET /resource_providers/86e4c01d-0290-4ed2-bf9b-444121ca6cdf/aggregates => generated 235 bytes in 17 msecs (HTTP/1.1 404) 5 headers in 202 bytes (1 switches on core 0)
2026-05-08 00:37:29.225 7 INFO placement.requestlog [None req-70fe1a24-a782-440f-91d0-128ed57bcc69 7a79bb8be8a6482baa15643b0fa88b90 01653664273b414098065411941f1f14 - - 5b64b9fa9c15478b816ce505b26a9aaf 5b64b9fa9c15478b816ce505b26a9aaf] 10.0.0.248 "DELETE /resource_providers/86e4c01d-0290-4ed2-bf9b-444121ca6cdf" status: 404 len: 246 microversion: 1.1 [pid: 7|app: 0|req: 440/874] 10.0.0.248 () {34 vars in 816 bytes} [Fri May 8 00:37:29 2026] DELETE /resource_providers/86e4c01d-0290-4ed2-bf9b-444121ca6cdf => generated 246 bytes in 15 msecs (HTTP/1.1 404) 6 headers in 231 bytes (1 switches on core 0)
2026-05-08 00:37:29.228 8 INFO placement.requestlog [None req-28399b88-9c84-408b-afc7-5a8ba6e34182 7a79bb8be8a6482baa15643b0fa88b90 01653664273b414098065411941f1f14 - - 5b64b9fa9c15478b816ce505b26a9aaf 5b64b9fa9c15478b816ce505b26a9aaf] 10.0.0.248 "DELETE /resource_providers/86e4c01d-0290-4ed2-bf9b-444121ca6cdf" status: 404 len: 246 microversion: 1.1 [pid: 8|app: 0|req: 435/875] 10.0.0.248 () {34 vars in 816 bytes} [Fri May 8 00:37:29 2026] DELETE /resource_providers/86e4c01d-0290-4ed2-bf9b-444121ca6cdf => generated 246 bytes in 11 msecs (HTTP/1.1 404) 6 headers in 231 bytes (1 switches on core 0)
2026-05-08 00:37:37.734 7 INFO placement.requestlog [None req-6bf15590-b27e-458b-9d46-413cbe8d9a79 - - - - - -] 10.0.0.61 "GET /" status: 200 len: 136 microversion: 1.0
2026-05-08 00:37:37.735 8 INFO placement.requestlog [None req-19e30ca4-a056-48eb-ab24-e7b4fccae5f0 - - - - - -] 10.0.0.61 "GET /" status: 200 len: 136 microversion: 1.0
2026-05-08 00:37:40.043 7 INFO placement.requestlog [None req-3b61fd7c-9bc0-4612-96c0-e99aa14ae4bf 7a79bb8be8a6482baa15643b0fa88b90 01653664273b414098065411941f1f14 - - 5b64b9fa9c15478b816ce505b26a9aaf 5b64b9fa9c15478b816ce505b26a9aaf] 10.0.0.248 "GET /resource_providers/74547bb1-8f52-4108-918a-88b50f22d2cc/aggregates" status: 404 len: 235 microversion: 1.1 [pid: 7|app: 0|req: 442/878] 10.0.0.248 () {32 vars in 816 bytes} [Fri May 8 00:37:40 2026] GET /resource_providers/74547bb1-8f52-4108-918a-88b50f22d2cc/aggregates => generated 235 bytes in 12 msecs (HTTP/1.1 404) 5 headers in 202 bytes (1 switches on core 0)
2026-05-08 00:37:40.045 8 INFO placement.requestlog [None req-3de56a51-ac23-4e36-bfae-a3db5c48a193 7a79bb8be8a6482baa15643b0fa88b90 01653664273b414098065411941f1f14 - - 5b64b9fa9c15478b816ce505b26a9aaf 5b64b9fa9c15478b816ce505b26a9aaf] 10.0.0.248 "GET /resource_providers/74547bb1-8f52-4108-918a-88b50f22d2cc/aggregates" status: 404 len: 235 microversion: 1.1 [pid: 8|app: 0|req: 437/879] 10.0.0.248 () {32 vars in 816 bytes} [Fri May 8 00:37:40 2026] GET /resource_providers/74547bb1-8f52-4108-918a-88b50f22d2cc/aggregates => generated 235 bytes in 10 msecs (HTTP/1.1 404) 5 headers in 202 bytes (1 switches on core 0)
2026-05-08 00:37:40.066 7 INFO placement.requestlog [None req-e98365a2-d249-4ace-833b-418dc233a55b 7a79bb8be8a6482baa15643b0fa88b90 01653664273b414098065411941f1f14 - - 5b64b9fa9c15478b816ce505b26a9aaf 5b64b9fa9c15478b816ce505b26a9aaf] 10.0.0.248 "DELETE /resource_providers/74547bb1-8f52-4108-918a-88b50f22d2cc" status: 404 len: 246 microversion: 1.1 [pid: 7|app: 0|req: 443/880] 10.0.0.248 () {34 vars in 816 bytes} [Fri May 8 00:37:40 2026] DELETE /resource_providers/74547bb1-8f52-4108-918a-88b50f22d2cc => generated 246 bytes in 9 msecs (HTTP/1.1 404) 6 headers in 231 bytes (1 switches on core 0)
2026-05-08 00:37:40.070 8 INFO placement.requestlog [None req-5a010758-2552-429b-930d-77113c4990b1 7a79bb8be8a6482baa15643b0fa88b90 01653664273b414098065411941f1f14 - - 5b64b9fa9c15478b816ce505b26a9aaf 5b64b9fa9c15478b816ce505b26a9aaf] 10.0.0.248 "DELETE /resource_providers/74547bb1-8f52-4108-918a-88b50f22d2cc" status: 404 len: 246 microversion: 1.1 [pid: 8|app: 0|req: 438/881] 10.0.0.248 () {34 vars in 816 bytes} [Fri May 8 00:37:40 2026] DELETE /resource_providers/74547bb1-8f52-4108-918a-88b50f22d2cc => generated 246 bytes in 9 msecs (HTTP/1.1 404) 6 headers in 231 bytes (1 switches on core 0)
2026-05-08 00:37:44.604 7 INFO placement.requestlog [req-22f517f2-4fc2-49b4-9e1b-b21ff7f6077d req-d7fbdaa9-9ccb-4666-ac3a-2b340998b059 4135e5f673a347d4a4f57387341ad84e 01653664273b414098065411941f1f14 - - 5b64b9fa9c15478b816ce505b26a9aaf 5b64b9fa9c15478b816ce505b26a9aaf] 199.19.213.90 "GET /resource_providers/2088971a-7f18-4977-87b6-7ea5f6064a93/allocations" status: 200 len: 153 microversion: 1.0 [pid: 7|app: 0|req: 444/882] 199.19.213.90 () {32 vars in 856 bytes} [Fri May 8 00:37:44 2026] GET /resource_providers/2088971a-7f18-4977-87b6-7ea5f6064a93/allocations => generated 153 bytes in 18 msecs (HTTP/1.1 200) 6 headers in 224 bytes (1 switches on core 0)
2026-05-08 00:37:44.629 8 INFO placement.requestlog [req-22f517f2-4fc2-49b4-9e1b-b21ff7f6077d req-ca1f0fe0-bd39-41d7-939c-0f54ed65459c 4135e5f673a347d4a4f57387341ad84e 01653664273b414098065411941f1f14 - - 5b64b9fa9c15478b816ce505b26a9aaf 5b64b9fa9c15478b816ce505b26a9aaf] 199.19.213.90 "GET /allocations/6011f54c-e614-496e-863e-9611522f7865" status: 200 len: 258 microversion: 1.28 [pid: 8|app: 0|req: 439/883] 199.19.213.90 () {34 vars in 862 bytes} [Fri May 8 00:37:44 2026] GET /allocations/6011f54c-e614-496e-863e-9611522f7865 => generated 258 bytes in 19 msecs (HTTP/1.1 200) 8 headers in 296 bytes (1 switches on core 0)
2026-05-08 00:37:45.690 7 INFO placement.requestlog [req-22f517f2-4fc2-49b4-9e1b-b21ff7f6077d req-679c2308-cc3c-4e97-b4ee-4807cc02eaa7 4135e5f673a347d4a4f57387341ad84e 01653664273b414098065411941f1f14 - - 5b64b9fa9c15478b816ce505b26a9aaf 5b64b9fa9c15478b816ce505b26a9aaf] 199.19.213.90 "DELETE /allocations/6011f54c-e614-496e-863e-9611522f7865" status: 204 len: 0 microversion: 1.0 [pid: 7|app: 0|req: 445/884] 199.19.213.90 () {34 vars in 840 bytes} [Fri May 8 00:37:45 2026] DELETE /allocations/6011f54c-e614-496e-863e-9611522f7865 => generated 0 bytes in 32 msecs (HTTP/1.1 204) 5 headers in 198 bytes (1 switches on core 0)
2026-05-08 00:37:47.641 8 INFO placement.requestlog [None req-5301b2c3-7154-463c-8244-ffdba999b778 7a79bb8be8a6482baa15643b0fa88b90 01653664273b414098065411941f1f14 - - 5b64b9fa9c15478b816ce505b26a9aaf 5b64b9fa9c15478b816ce505b26a9aaf] 10.0.0.248 "GET /resource_providers/6f470746-eb45-4699-bb97-1b4af0eedb95/aggregates" status: 404 len: 235 microversion: 1.1 [pid: 8|app: 0|req: 440/885] 10.0.0.248 () {32 vars in 816 bytes} [Fri May 8 00:37:47 2026] GET /resource_providers/6f470746-eb45-4699-bb97-1b4af0eedb95/aggregates => generated 235 bytes in 11 msecs (HTTP/1.1 404) 5 headers in 202 bytes (1 switches on core 0)
2026-05-08 00:37:47.646 7 INFO placement.requestlog [None req-2bddb92b-da23-4327-943f-354b592d774f 7a79bb8be8a6482baa15643b0fa88b90 01653664273b414098065411941f1f14 - - 5b64b9fa9c15478b816ce505b26a9aaf 5b64b9fa9c15478b816ce505b26a9aaf] 10.0.0.248 "GET /resource_providers/6f470746-eb45-4699-bb97-1b4af0eedb95/aggregates" status: 404 len: 235 microversion: 1.1 [pid: 7|app: 0|req: 446/886] 10.0.0.248 () {32 vars in 816 bytes} [Fri May 8 00:37:47 2026] GET /resource_providers/6f470746-eb45-4699-bb97-1b4af0eedb95/aggregates => generated 235 bytes in 11 msecs (HTTP/1.1 404) 5 headers in 202 bytes (1 switches on core 0)
2026-05-08 00:37:47.668 7 INFO placement.requestlog [None req-428e36ef-c19e-432b-a997-f6235b0a0feb 7a79bb8be8a6482baa15643b0fa88b90 01653664273b414098065411941f1f14 - - 5b64b9fa9c15478b816ce505b26a9aaf 5b64b9fa9c15478b816ce505b26a9aaf] 10.0.0.248 "DELETE /resource_providers/6f470746-eb45-4699-bb97-1b4af0eedb95" status: 404 len: 246 microversion: 1.1 [pid: 7|app: 0|req: 447/887] 10.0.0.248 () {34 vars in 816 bytes} [Fri May 8 00:37:47 2026] DELETE /resource_providers/6f470746-eb45-4699-bb97-1b4af0eedb95 => generated 246 bytes in 9 msecs (HTTP/1.1 404) 6 headers in 231 bytes (1 switches on core 0)
2026-05-08 00:37:47.670 8 INFO placement.requestlog [None req-6730784d-9e57-4b22-a95a-22269e664f97 7a79bb8be8a6482baa15643b0fa88b90 01653664273b414098065411941f1f14 - - 5b64b9fa9c15478b816ce505b26a9aaf 5b64b9fa9c15478b816ce505b26a9aaf] 10.0.0.248 "DELETE /resource_providers/6f470746-eb45-4699-bb97-1b4af0eedb95" status: 404 len: 246 microversion: 1.1 [pid: 8|app: 0|req: 441/888] 10.0.0.248 () {34 vars in 816 bytes} [Fri May 8 00:37:47 2026] DELETE /resource_providers/6f470746-eb45-4699-bb97-1b4af0eedb95 => generated 246 bytes in 11 msecs (HTTP/1.1 404) 6 headers in 231 bytes (1 switches on core 0)
2026-05-08 00:37:47.734 7 INFO placement.requestlog [None req-5766d413-e6c3-4685-8417-b7fdb42d1415 - - - - - -] 10.0.0.61 "GET /" status: 200 len: 136 microversion: 1.0
2026-05-08 00:37:47.734 8 INFO placement.requestlog [None req-84c99af3-01c8-47c1-823a-5366c7653649 - - - - - -] 10.0.0.61 "GET /" status: 200 len: 136 microversion: 1.0
2026-05-08 00:37:51.100 7 INFO placement.requestlog [None req-96f5340e-95a1-4bd4-9c63-18ef2879a59e 7a79bb8be8a6482baa15643b0fa88b90 01653664273b414098065411941f1f14 - - 5b64b9fa9c15478b816ce505b26a9aaf 5b64b9fa9c15478b816ce505b26a9aaf] 10.0.0.248 "GET /resource_providers/868c7c7c-807d-44dc-a058-303a696128fd/aggregates" status: 404 len: 235 microversion: 1.1 [pid: 7|app: 0|req: 449/891] 10.0.0.248 () {32 vars in 816 bytes} [Fri May 8 00:37:51 2026] GET /resource_providers/868c7c7c-807d-44dc-a058-303a696128fd/aggregates => generated 235 bytes in 18 msecs (HTTP/1.1 404) 5 headers in 202 bytes (1 switches on core 0)
2026-05-08 00:37:51.110 8 INFO placement.requestlog [None req-23301d81-910e-4c09-a518-54cf43797d1f 7a79bb8be8a6482baa15643b0fa88b90 01653664273b414098065411941f1f14 - - 5b64b9fa9c15478b816ce505b26a9aaf 5b64b9fa9c15478b816ce505b26a9aaf] 10.0.0.248 "GET /resource_providers/868c7c7c-807d-44dc-a058-303a696128fd/aggregates" status: 404 len: 235 microversion: 1.1 [pid: 8|app: 0|req: 443/892] 10.0.0.248 () {32 vars in 816 bytes} [Fri May 8 00:37:51 2026] GET /resource_providers/868c7c7c-807d-44dc-a058-303a696128fd/aggregates => generated 235 bytes in 7 msecs (HTTP/1.1 404) 5 headers in 202 bytes (1 switches on core 0)
2026-05-08 00:37:51.126 7 INFO placement.requestlog [None req-9e53a3e2-3127-45d3-bc0e-34466645940b 7a79bb8be8a6482baa15643b0fa88b90 01653664273b414098065411941f1f14 - - 5b64b9fa9c15478b816ce505b26a9aaf 5b64b9fa9c15478b816ce505b26a9aaf] 10.0.0.248 "DELETE /resource_providers/868c7c7c-807d-44dc-a058-303a696128fd" status: 404 len: 246 microversion: 1.1 [pid: 7|app: 0|req: 450/893] 10.0.0.248 () {34 vars in 816 bytes} [Fri May 8 00:37:51 2026] DELETE /resource_providers/868c7c7c-807d-44dc-a058-303a696128fd => generated 246 bytes in 9 msecs (HTTP/1.1 404) 6 headers in 231 bytes (1 switches on core 0)
2026-05-08 00:37:51.139 8 INFO placement.requestlog [None req-454ea601-2fea-41e0-9e95-d00d80919629 7a79bb8be8a6482baa15643b0fa88b90 01653664273b414098065411941f1f14 - - 5b64b9fa9c15478b816ce505b26a9aaf 5b64b9fa9c15478b816ce505b26a9aaf] 10.0.0.248 "DELETE /resource_providers/868c7c7c-807d-44dc-a058-303a696128fd" status: 404 len: 246 microversion: 1.1 [pid: 8|app: 0|req: 444/894] 10.0.0.248 () {34 vars in 816 bytes} [Fri May 8 00:37:51 2026] DELETE /resource_providers/868c7c7c-807d-44dc-a058-303a696128fd => generated 246 bytes in 8 msecs (HTTP/1.1 404) 6 headers in 231 bytes (1 switches on core 0)
2026-05-08 00:37:51.884 8 INFO placement.requestlog [None req-9b12ca4a-29e4-48ee-bead-33d2273f7de7 7a79bb8be8a6482baa15643b0fa88b90 01653664273b414098065411941f1f14 - - 5b64b9fa9c15478b816ce505b26a9aaf 5b64b9fa9c15478b816ce505b26a9aaf] 10.0.0.248 "GET /resource_providers/0624b3a4-3ddd-455e-b00a-922cdef3ede6/aggregates" status: 404 len: 235 microversion: 1.1 [pid: 8|app: 0|req: 445/895] 10.0.0.248 () {32 vars in 816 bytes} [Fri May 8 00:37:51 2026] GET /resource_providers/0624b3a4-3ddd-455e-b00a-922cdef3ede6/aggregates => generated 235 bytes in 12 msecs (HTTP/1.1 404) 5 headers in 202 bytes (1 switches on core 0)
2026-05-08 00:37:51.893 7 INFO placement.requestlog [None req-69a12d60-1a23-4804-a39a-3fa08adb2a1e 7a79bb8be8a6482baa15643b0fa88b90 01653664273b414098065411941f1f14 - - 5b64b9fa9c15478b816ce505b26a9aaf 5b64b9fa9c15478b816ce505b26a9aaf] 10.0.0.248 "GET /resource_providers/0624b3a4-3ddd-455e-b00a-922cdef3ede6/aggregates" status: 404 len: 235 microversion: 1.1 [pid: 7|app: 0|req: 451/896] 10.0.0.248 () {32 vars in 816 bytes} [Fri May 8 00:37:51 2026] GET /resource_providers/0624b3a4-3ddd-455e-b00a-922cdef3ede6/aggregates => generated 235 bytes in 21 msecs (HTTP/1.1 404) 5 headers in 202 bytes (1 switches on core 0)
2026-05-08 00:37:51.909 8 INFO placement.requestlog [None req-61863e0b-f8c1-43d7-9c1c-5ffb38d6f161 7a79bb8be8a6482baa15643b0fa88b90 01653664273b414098065411941f1f14 - - 5b64b9fa9c15478b816ce505b26a9aaf 5b64b9fa9c15478b816ce505b26a9aaf] 10.0.0.248 "DELETE /resource_providers/0624b3a4-3ddd-455e-b00a-922cdef3ede6" status: 404 len: 246 microversion: 1.1 [pid: 8|app: 0|req: 446/897] 10.0.0.248 () {34 vars in 816 bytes} [Fri May 8 00:37:51 2026] DELETE /resource_providers/0624b3a4-3ddd-455e-b00a-922cdef3ede6 => generated 246 bytes in 9 msecs (HTTP/1.1 404) 6 headers in 231 bytes (1 switches on core 0)
2026-05-08 00:37:51.920 7 INFO placement.requestlog [None req-16e95e28-8033-4353-b043-14971f424c5d 7a79bb8be8a6482baa15643b0fa88b90 01653664273b414098065411941f1f14 - - 5b64b9fa9c15478b816ce505b26a9aaf 5b64b9fa9c15478b816ce505b26a9aaf] 10.0.0.248 "DELETE /resource_providers/0624b3a4-3ddd-455e-b00a-922cdef3ede6" status: 404 len: 246 microversion: 1.1 [pid: 7|app: 0|req: 452/898] 10.0.0.248 () {34 vars in 816 bytes} [Fri May 8 00:37:51 2026] DELETE /resource_providers/0624b3a4-3ddd-455e-b00a-922cdef3ede6 => generated 246 bytes in 13 msecs (HTTP/1.1 404) 6 headers in 231 bytes (1 switches on core 0)
2026-05-08 00:37:54.486 8 INFO placement.requestlog [None req-4992b3c0-2adb-4408-9970-80c527c5846f 7a79bb8be8a6482baa15643b0fa88b90 01653664273b414098065411941f1f14 - - 5b64b9fa9c15478b816ce505b26a9aaf 5b64b9fa9c15478b816ce505b26a9aaf] 10.0.0.248 "GET /resource_providers/d112dd0e-4bc0-41ca-992b-87b6a6f200db/aggregates" status: 404 len: 235 microversion: 1.1 [pid: 8|app: 0|req: 447/899] 10.0.0.248 () {32 vars in 816 bytes} [Fri May 8 00:37:54 2026] GET /resource_providers/d112dd0e-4bc0-41ca-992b-87b6a6f200db/aggregates => generated 235 bytes in 9 msecs (HTTP/1.1 404) 5 headers in 202 bytes (1 switches on core 0)
2026-05-08 00:37:54.493 7 INFO placement.requestlog [None req-d2554694-8bdb-4718-ae3e-d94433c21122 7a79bb8be8a6482baa15643b0fa88b90 01653664273b414098065411941f1f14 - - 5b64b9fa9c15478b816ce505b26a9aaf 5b64b9fa9c15478b816ce505b26a9aaf] 10.0.0.248 "GET /resource_providers/d112dd0e-4bc0-41ca-992b-87b6a6f200db/aggregates" status: 404 len: 235 microversion: 1.1 [pid: 7|app: 0|req: 453/900] 10.0.0.248 () {32 vars in 816 bytes} [Fri May 8 00:37:54 2026] GET /resource_providers/d112dd0e-4bc0-41ca-992b-87b6a6f200db/aggregates => generated 235 bytes in 15 msecs (HTTP/1.1 404) 5 headers in 202 bytes (1 switches on core 0)
2026-05-08 00:37:54.500 8 INFO placement.requestlog [None req-5895241d-52c8-4fda-a9fc-9b7ff171b0ac 7a79bb8be8a6482baa15643b0fa88b90 01653664273b414098065411941f1f14 - - 5b64b9fa9c15478b816ce505b26a9aaf 5b64b9fa9c15478b816ce505b26a9aaf] 10.0.0.248 "DELETE /resource_providers/d112dd0e-4bc0-41ca-992b-87b6a6f200db" status: 404 len: 246 microversion: 1.1 [pid: 8|app: 0|req: 448/901] 10.0.0.248 () {34 vars in 816 bytes} [Fri May 8 00:37:54 2026] DELETE /resource_providers/d112dd0e-4bc0-41ca-992b-87b6a6f200db => generated 246 bytes in 7 msecs (HTTP/1.1 404) 6 headers in 231 bytes (1 switches on core 0)
2026-05-08 00:37:54.514 7 INFO placement.requestlog [None req-2a0ef271-3530-44f3-8a4e-690d1b4c70d0 7a79bb8be8a6482baa15643b0fa88b90 01653664273b414098065411941f1f14 - - 5b64b9fa9c15478b816ce505b26a9aaf 5b64b9fa9c15478b816ce505b26a9aaf] 10.0.0.248 "DELETE /resource_providers/d112dd0e-4bc0-41ca-992b-87b6a6f200db" status: 404 len: 246 microversion: 1.1 [pid: 7|app: 0|req: 454/902] 10.0.0.248 () {34 vars in 816 bytes} [Fri May 8 00:37:54 2026] DELETE /resource_providers/d112dd0e-4bc0-41ca-992b-87b6a6f200db => generated 246 bytes in 9 msecs (HTTP/1.1 404) 6 headers in 231 bytes (1 switches on core 0)
2026-05-08 00:37:54.948 8 INFO placement.requestlog [None req-f786eca5-c83a-41e9-acd2-1bd11bf80746 7a79bb8be8a6482baa15643b0fa88b90 01653664273b414098065411941f1f14 - - 5b64b9fa9c15478b816ce505b26a9aaf 5b64b9fa9c15478b816ce505b26a9aaf] 10.0.0.248 "GET /resource_providers/14061220-264a-4108-b50c-9e3f70dcce6f/aggregates" status: 404 len: 235 microversion: 1.1 [pid: 8|app: 0|req: 449/903] 10.0.0.248 () {32 vars in 816 bytes} [Fri May 8 00:37:54 2026] GET /resource_providers/14061220-264a-4108-b50c-9e3f70dcce6f/aggregates => generated 235 bytes in 16 msecs (HTTP/1.1 404) 5 headers in 202 bytes (1 switches on core 0)
2026-05-08 00:37:54.950 7 INFO placement.requestlog [None req-df0b4490-3c66-4009-b1bc-9ec263228edd 7a79bb8be8a6482baa15643b0fa88b90 01653664273b414098065411941f1f14 - - 5b64b9fa9c15478b816ce505b26a9aaf 5b64b9fa9c15478b816ce505b26a9aaf] 10.0.0.248 "GET /resource_providers/14061220-264a-4108-b50c-9e3f70dcce6f/aggregates" status: 404 len: 235 microversion: 1.1 [pid: 7|app: 0|req: 455/904] 10.0.0.248 () {32 vars in 816 bytes} [Fri May 8 00:37:54 2026] GET /resource_providers/14061220-264a-4108-b50c-9e3f70dcce6f/aggregates => generated 235 bytes in 16 msecs (HTTP/1.1 404) 5 headers in 202 bytes (1 switches on core 0)
2026-05-08 00:37:54.972 8 INFO placement.requestlog [None req-bae4771f-41c3-4e17-a75c-997f1e6dee34 7a79bb8be8a6482baa15643b0fa88b90 01653664273b414098065411941f1f14 - - 5b64b9fa9c15478b816ce505b26a9aaf 5b64b9fa9c15478b816ce505b26a9aaf] 10.0.0.248 "DELETE /resource_providers/14061220-264a-4108-b50c-9e3f70dcce6f" status: 404 len: 246 microversion: 1.1 [pid: 8|app: 0|req: 450/905] 10.0.0.248 () {34 vars in 816 bytes} [Fri May 8 00:37:54 2026] DELETE /resource_providers/14061220-264a-4108-b50c-9e3f70dcce6f => generated 246 bytes in 11 msecs (HTTP/1.1 404) 6 headers in 231 bytes (1 switches on core 0)
2026-05-08 00:37:54.974 7 INFO placement.requestlog [None req-ef33a305-7cdb-46c2-a89e-c9d0bb0d662d 7a79bb8be8a6482baa15643b0fa88b90 01653664273b414098065411941f1f14 - - 5b64b9fa9c15478b816ce505b26a9aaf 5b64b9fa9c15478b816ce505b26a9aaf] 10.0.0.248 "DELETE /resource_providers/14061220-264a-4108-b50c-9e3f70dcce6f" status: 404 len: 246 microversion: 1.1 [pid: 7|app: 0|req: 456/906] 10.0.0.248 () {34 vars in 816 bytes} [Fri May 8 00:37:54 2026] DELETE /resource_providers/14061220-264a-4108-b50c-9e3f70dcce6f => generated 246 bytes in 12 msecs (HTTP/1.1 404) 6 headers in 231 bytes (1 switches on core 0)
2026-05-08 00:37:57.734 8 INFO placement.requestlog [None req-9f251911-51bf-49c7-835e-888ef300bb0c - - - - - -] 10.0.0.61 "GET /" status: 200 len: 136 microversion: 1.0
2026-05-08 00:37:57.736 7 INFO placement.requestlog [None req-7747b253-4ada-4dbd-a88c-6f2bc53dba0e - - - - - -] 10.0.0.61 "GET /" status: 200 len: 136 microversion: 1.0
2026-05-08 00:38:02.659 8 INFO placement.requestlog [None req-00c0134a-5d29-4b42-840e-254493908757 7a79bb8be8a6482baa15643b0fa88b90 01653664273b414098065411941f1f14 - - 5b64b9fa9c15478b816ce505b26a9aaf 5b64b9fa9c15478b816ce505b26a9aaf] 10.0.0.248 "GET /resource_providers/88edc770-6910-4d17-9ee7-e37db0a995da/aggregates" status: 404 len: 235 microversion: 1.1
2026-05-08 00:38:02.659 7 INFO placement.requestlog [None req-20ccae21-0a91-417e-9753-f50aec21a923 7a79bb8be8a6482baa15643b0fa88b90 01653664273b414098065411941f1f14 - - 5b64b9fa9c15478b816ce505b26a9aaf 5b64b9fa9c15478b816ce505b26a9aaf] 10.0.0.248 "GET /resource_providers/88edc770-6910-4d17-9ee7-e37db0a995da/aggregates" status: 404 len: 235 microversion: 1.1 [pid: 8|app: 0|req: 452/909] 10.0.0.248 () {32 vars in 816 bytes} [Fri May 8 00:38:02 2026] GET /resource_providers/88edc770-6910-4d17-9ee7-e37db0a995da/aggregates => generated 235 bytes in 11 msecs (HTTP/1.1 404) 5 headers in 202 bytes (1 switches on core 0) [pid: 7|app: 0|req: 458/910] 10.0.0.248 () {32 vars in 816 bytes} [Fri May 8 00:38:02 2026] GET /resource_providers/88edc770-6910-4d17-9ee7-e37db0a995da/aggregates => generated 235 bytes in 10 msecs (HTTP/1.1 404) 5 headers in 202 bytes (1 switches on core 0)
2026-05-08 00:38:02.680 8 INFO placement.requestlog [None req-10af57e5-e564-494e-a688-f92c17ca1b6d 7a79bb8be8a6482baa15643b0fa88b90 01653664273b414098065411941f1f14 - - 5b64b9fa9c15478b816ce505b26a9aaf 5b64b9fa9c15478b816ce505b26a9aaf] 10.0.0.248 "DELETE /resource_providers/88edc770-6910-4d17-9ee7-e37db0a995da" status: 404 len: 246 microversion: 1.1 [pid: 8|app: 0|req: 453/911] 10.0.0.248 () {34 vars in 816 bytes} [Fri May 8 00:38:02 2026] DELETE /resource_providers/88edc770-6910-4d17-9ee7-e37db0a995da => generated 246 bytes in 11 msecs (HTTP/1.1 404) 6 headers in 231 bytes (1 switches on core 0)
2026-05-08 00:38:02.681 7 INFO placement.requestlog [None req-5af03cdd-b996-4ae1-be45-f64e8a07795d 7a79bb8be8a6482baa15643b0fa88b90 01653664273b414098065411941f1f14 - - 5b64b9fa9c15478b816ce505b26a9aaf 5b64b9fa9c15478b816ce505b26a9aaf] 10.0.0.248 "DELETE /resource_providers/88edc770-6910-4d17-9ee7-e37db0a995da" status: 404 len: 246 microversion: 1.1 [pid: 7|app: 0|req: 459/912] 10.0.0.248 () {34 vars in 816 bytes} [Fri May 8 00:38:02 2026] DELETE /resource_providers/88edc770-6910-4d17-9ee7-e37db0a995da => generated 246 bytes in 9 msecs (HTTP/1.1 404) 6 headers in 231 bytes (1 switches on core 0)
2026-05-08 00:38:04.782 8 INFO placement.requestlog [None req-63540b75-415a-42bd-b4a9-bd0aea4ddcef 7a79bb8be8a6482baa15643b0fa88b90 01653664273b414098065411941f1f14 - - 5b64b9fa9c15478b816ce505b26a9aaf 5b64b9fa9c15478b816ce505b26a9aaf] 10.0.0.248 "GET /resource_providers/d83098ec-d4d5-4f7a-81e5-a22175ed5565/aggregates" status: 404 len: 235 microversion: 1.1 [pid: 8|app: 0|req: 454/913] 10.0.0.248 () {32 vars in 816 bytes} [Fri May 8 00:38:04 2026] GET /resource_providers/d83098ec-d4d5-4f7a-81e5-a22175ed5565/aggregates => generated 235 bytes in 10 msecs (HTTP/1.1 404) 5 headers in 202 bytes (1 switches on core 0)
2026-05-08 00:38:04.790 7 INFO placement.requestlog [None req-bb447f07-02bf-487c-b698-61093b1dd30f 7a79bb8be8a6482baa15643b0fa88b90 01653664273b414098065411941f1f14 - - 5b64b9fa9c15478b816ce505b26a9aaf 5b64b9fa9c15478b816ce505b26a9aaf] 10.0.0.248 "GET /resource_providers/d83098ec-d4d5-4f7a-81e5-a22175ed5565/aggregates" status: 404 len: 235 microversion: 1.1 [pid: 7|app: 0|req: 460/914] 10.0.0.248 () {32 vars in 816 bytes} [Fri May 8 00:38:04 2026] GET /resource_providers/d83098ec-d4d5-4f7a-81e5-a22175ed5565/aggregates => generated 235 bytes in 14 msecs (HTTP/1.1 404) 5 headers in 202 bytes (1 switches on core 0)
2026-05-08 00:38:04.802 8 INFO placement.requestlog [None req-3a9d0391-edef-4438-97ce-fc04c142cd0c 7a79bb8be8a6482baa15643b0fa88b90 01653664273b414098065411941f1f14 - - 5b64b9fa9c15478b816ce505b26a9aaf 5b64b9fa9c15478b816ce505b26a9aaf] 10.0.0.248 "DELETE /resource_providers/d83098ec-d4d5-4f7a-81e5-a22175ed5565" status: 404 len: 246 microversion: 1.1 [pid: 8|app: 0|req: 455/915] 10.0.0.248 () {34 vars in 816 bytes} [Fri May 8 00:38:04 2026] DELETE /resource_providers/d83098ec-d4d5-4f7a-81e5-a22175ed5565 => generated 246 bytes in 9 msecs (HTTP/1.1 404) 6 headers in 231 bytes (1 switches on core 0)
2026-05-08 00:38:04.810 7 INFO placement.requestlog [None req-5899d72c-39b4-41db-886e-48a88fd11ddf 7a79bb8be8a6482baa15643b0fa88b90 01653664273b414098065411941f1f14 - - 5b64b9fa9c15478b816ce505b26a9aaf 5b64b9fa9c15478b816ce505b26a9aaf] 10.0.0.248 "DELETE /resource_providers/d83098ec-d4d5-4f7a-81e5-a22175ed5565" status: 404 len: 246 microversion: 1.1 [pid: 7|app: 0|req: 461/916] 10.0.0.248 () {34 vars in 816 bytes} [Fri May 8 00:38:04 2026] DELETE /resource_providers/d83098ec-d4d5-4f7a-81e5-a22175ed5565 => generated 246 bytes in 9 msecs (HTTP/1.1 404) 6 headers in 231 bytes (1 switches on core 0)
2026-05-08 00:38:07.734 8 INFO placement.requestlog [None req-992c396e-cbb2-4ff7-818e-6ff486f72cc9 - - - - - -] 10.0.0.61 "GET /" status: 200 len: 136 microversion: 1.0
2026-05-08 00:38:07.734 7 INFO placement.requestlog [None req-39cfdeac-bfa9-4b8d-a1e3-bfa8bd683fa1 - - - - - -] 10.0.0.61 "GET /" status: 200 len: 136 microversion: 1.0
2026-05-08 00:38:07.979 8 INFO placement.requestlog [None req-c5b057a9-938c-442b-9824-91a877213f0a 7a79bb8be8a6482baa15643b0fa88b90 01653664273b414098065411941f1f14 - - 5b64b9fa9c15478b816ce505b26a9aaf 5b64b9fa9c15478b816ce505b26a9aaf] 10.0.0.248 "GET /resource_providers/419ef1b7-f452-46fb-9027-14b38aa137fa/aggregates" status: 404 len: 235 microversion: 1.1 [pid: 8|app: 0|req: 457/919] 10.0.0.248 () {32 vars in 816 bytes} [Fri May 8 00:38:07 2026] GET /resource_providers/419ef1b7-f452-46fb-9027-14b38aa137fa/aggregates => generated 235 bytes in 10 msecs (HTTP/1.1 404) 5 headers in 202 bytes (1 switches on core 0)
2026-05-08 00:38:07.982 7 INFO placement.requestlog [None req-efea0569-8b4a-4aa1-94d1-a96ca69c508f 7a79bb8be8a6482baa15643b0fa88b90 01653664273b414098065411941f1f14 - - 5b64b9fa9c15478b816ce505b26a9aaf 5b64b9fa9c15478b816ce505b26a9aaf] 10.0.0.248 "GET /resource_providers/419ef1b7-f452-46fb-9027-14b38aa137fa/aggregates" status: 404 len: 235 microversion: 1.1 [pid: 7|app: 0|req: 463/920] 10.0.0.248 () {32 vars in 816 bytes} [Fri May 8 00:38:07 2026] GET /resource_providers/419ef1b7-f452-46fb-9027-14b38aa137fa/aggregates => generated 235 bytes in 9 msecs (HTTP/1.1 404) 5 headers in 202 bytes (1 switches on core 0)
2026-05-08 00:38:08.000 8 INFO placement.requestlog [None req-bb0189e5-a161-459a-8a6a-30b67ba5a7d3 7a79bb8be8a6482baa15643b0fa88b90 01653664273b414098065411941f1f14 - - 5b64b9fa9c15478b816ce505b26a9aaf 5b64b9fa9c15478b816ce505b26a9aaf] 10.0.0.248 "DELETE /resource_providers/419ef1b7-f452-46fb-9027-14b38aa137fa" status: 404 len: 246 microversion: 1.1 [pid: 8|app: 0|req: 458/921] 10.0.0.248 () {34 vars in 816 bytes} [Fri May 8 00:38:07 2026] DELETE /resource_providers/419ef1b7-f452-46fb-9027-14b38aa137fa => generated 246 bytes in 8 msecs (HTTP/1.1 404) 6 headers in 231 bytes (1 switches on core 0)
2026-05-08 00:38:08.008 7 INFO placement.requestlog [None req-46f3041e-f0d6-4a57-aebc-91fecb33ff86 7a79bb8be8a6482baa15643b0fa88b90 01653664273b414098065411941f1f14 - - 5b64b9fa9c15478b816ce505b26a9aaf 5b64b9fa9c15478b816ce505b26a9aaf] 10.0.0.248 "DELETE /resource_providers/419ef1b7-f452-46fb-9027-14b38aa137fa" status: 404 len: 246 microversion: 1.1 [pid: 7|app: 0|req: 464/922] 10.0.0.248 () {34 vars in 816 bytes} [Fri May 8 00:38:07 2026] DELETE /resource_providers/419ef1b7-f452-46fb-9027-14b38aa137fa => generated 246 bytes in 12 msecs (HTTP/1.1 404) 6 headers in 231 bytes (1 switches on core 0)
2026-05-08 00:38:16.948 8 INFO placement.requestlog [req-3019296c-3f47-428a-8aae-d716638a3a29 req-5e0d668a-263d-4ee3-8ae4-1e06a2567a7f 4135e5f673a347d4a4f57387341ad84e 01653664273b414098065411941f1f14 - - 5b64b9fa9c15478b816ce505b26a9aaf 5b64b9fa9c15478b816ce505b26a9aaf] 199.19.213.90 "GET /resource_providers/2088971a-7f18-4977-87b6-7ea5f6064a93/allocations" status: 200 len: 55 microversion: 1.0 [pid: 8|app: 0|req: 459/923] 199.19.213.90 () {32 vars in 856 bytes} [Fri May 8 00:38:16 2026] GET /resource_providers/2088971a-7f18-4977-87b6-7ea5f6064a93/allocations => generated 55 bytes in 17 msecs (HTTP/1.1 200) 6 headers in 223 bytes (1 switches on core 0)
2026-05-08 00:38:16.987 7 INFO placement.requestlog [req-3019296c-3f47-428a-8aae-d716638a3a29 req-1c3e8599-6fc2-4c40-affe-2e57100aefbf 4135e5f673a347d4a4f57387341ad84e 01653664273b414098065411941f1f14 - - 5b64b9fa9c15478b816ce505b26a9aaf 5b64b9fa9c15478b816ce505b26a9aaf] 199.19.213.90 "GET /resource_providers/2088971a-7f18-4977-87b6-7ea5f6064a93/allocations" status: 200 len: 55 microversion: 1.0 [pid: 7|app: 0|req: 465/924] 199.19.213.90 () {32 vars in 856 bytes} [Fri May 8 00:38:16 2026] GET /resource_providers/2088971a-7f18-4977-87b6-7ea5f6064a93/allocations => generated 55 bytes in 32 msecs (HTTP/1.1 200) 6 headers in 223 bytes (1 switches on core 0)
2026-05-08 00:38:17.735 8 INFO placement.requestlog [None req-fa1bd630-2196-4775-b9d2-607e100d421f - - - - - -] 10.0.0.61 "GET /" status: 200 len: 136 microversion: 1.0
2026-05-08 00:38:17.735 7 INFO placement.requestlog [None req-e81ee227-3f46-4dff-800d-1499d23f24b2 - - - - - -] 10.0.0.61 "GET /" status: 200 len: 136 microversion: 1.0
2026-05-08 00:38:18.456 8 INFO placement.requestlog [req-93cc8434-3027-44c5-ae8d-49858abd5d16 req-ee1466fd-f49d-4f3c-a191-dc0ffb4afc21 4135e5f673a347d4a4f57387341ad84e 01653664273b414098065411941f1f14 - - 5b64b9fa9c15478b816ce505b26a9aaf 5b64b9fa9c15478b816ce505b26a9aaf] 10.0.0.126 "GET /allocation_candidates?limit=1000&resources=DISK_GB%3A1%2CMEMORY_MB%3A512%2CVCPU%3A1&root_required=%21COMPUTE_STATUS_DISABLED" status: 200 len: 2442 microversion: 1.36 [pid: 8|app: 0|req: 461/927] 10.0.0.126 () {34 vars in 1012 bytes} [Fri May 8 00:38:18 2026] GET /allocation_candidates?limit=1000&resources=DISK_GB%3A1%2CMEMORY_MB%3A512%2CVCPU%3A1&root_required=%21COMPUTE_STATUS_DISABLED => generated 2442 bytes in 47 msecs (HTTP/1.1 200) 8 headers in 297 bytes (1 switches on core 0)
2026-05-08 00:38:18.496 7 INFO placement.requestlog [req-93cc8434-3027-44c5-ae8d-49858abd5d16 req-3d8d55b7-8c1c-482f-a72a-1872ab40f8e0 4135e5f673a347d4a4f57387341ad84e 01653664273b414098065411941f1f14 - - 5b64b9fa9c15478b816ce505b26a9aaf 5b64b9fa9c15478b816ce505b26a9aaf] 10.0.0.126 "GET /allocations/fd6d577a-e679-426d-8b22-4d07ba22861b" status: 200 len: 19 microversion: 1.28 [pid: 7|app: 0|req: 467/928] 10.0.0.126 () {34 vars in 861 bytes} [Fri May 8 00:38:18 2026] GET /allocations/fd6d577a-e679-426d-8b22-4d07ba22861b => generated 19 bytes in 10 msecs (HTTP/1.1 200) 8 headers in 295 bytes (1 switches on core 0)
2026-05-08 00:38:18.589 8 INFO placement.requestlog [req-93cc8434-3027-44c5-ae8d-49858abd5d16 req-b5993975-ad66-4ef5-9fc9-613942094c50 4135e5f673a347d4a4f57387341ad84e 01653664273b414098065411941f1f14 - - 5b64b9fa9c15478b816ce505b26a9aaf 5b64b9fa9c15478b816ce505b26a9aaf] 10.0.0.126 "PUT /allocations/fd6d577a-e679-426d-8b22-4d07ba22861b" status: 204 len: 0 microversion: 1.36 [pid: 8|app: 0|req: 462/929] 10.0.0.126 () {38 vars in 914 bytes} [Fri May 8 00:38:18 2026] PUT /allocations/fd6d577a-e679-426d-8b22-4d07ba22861b => generated 0 bytes in 83 msecs (HTTP/1.1 204) 5 headers in 199 bytes (1 switches on core 0)
2026-05-08 00:38:20.063 7 INFO placement.requestlog [req-93cc8434-3027-44c5-ae8d-49858abd5d16 req-b7b90678-c3ef-453f-a9f4-b077a314ee26 4135e5f673a347d4a4f57387341ad84e 01653664273b414098065411941f1f14 - - 5b64b9fa9c15478b816ce505b26a9aaf 5b64b9fa9c15478b816ce505b26a9aaf] 199.19.213.90 "GET /allocations/fd6d577a-e679-426d-8b22-4d07ba22861b" status: 200 len: 258 microversion: 1.28 [pid: 7|app: 0|req: 468/930] 199.19.213.90 () {34 vars in 862 bytes} [Fri May 8 00:38:20 2026] GET /allocations/fd6d577a-e679-426d-8b22-4d07ba22861b => generated 258 bytes in 14 msecs (HTTP/1.1 200) 8 headers in 296 bytes (1 switches on core 0)
2026-05-08 00:38:21.111 8 INFO placement.requestlog [req-93cc8434-3027-44c5-ae8d-49858abd5d16 req-3c65c6e7-15ca-4d8c-b66e-9a9ed93eb4ae 4135e5f673a347d4a4f57387341ad84e 01653664273b414098065411941f1f14 - - 5b64b9fa9c15478b816ce505b26a9aaf 5b64b9fa9c15478b816ce505b26a9aaf] 199.19.213.90 "GET /resource_providers/2088971a-7f18-4977-87b6-7ea5f6064a93/allocations" status: 200 len: 153 microversion: 1.0 [pid: 8|app: 0|req: 463/931] 199.19.213.90 () {32 vars in 856 bytes} [Fri May 8 00:38:21 2026] GET /resource_providers/2088971a-7f18-4977-87b6-7ea5f6064a93/allocations => generated 153 bytes in 25 msecs (HTTP/1.1 200) 6 headers in 224 bytes (1 switches on core 0)
2026-05-08 00:38:21.129 7 INFO placement.requestlog [req-93cc8434-3027-44c5-ae8d-49858abd5d16 req-5f1166a6-d33f-4e42-bfc7-00c1eee804fa 4135e5f673a347d4a4f57387341ad84e 01653664273b414098065411941f1f14 - - 5b64b9fa9c15478b816ce505b26a9aaf 5b64b9fa9c15478b816ce505b26a9aaf] 199.19.213.90 "GET /allocations/fd6d577a-e679-426d-8b22-4d07ba22861b" status: 200 len: 258 microversion: 1.28 [pid: 7|app: 0|req: 469/932] 199.19.213.90 () {34 vars in 862 bytes} [Fri May 8 00:38:21 2026] GET /allocations/fd6d577a-e679-426d-8b22-4d07ba22861b => generated 258 bytes in 14 msecs (HTTP/1.1 200) 8 headers in 296 bytes (1 switches on core 0)
2026-05-08 00:38:27.734 8 INFO placement.requestlog [None req-c4498167-3ebe-41d5-ba80-3fae69942e30 - - - - - -] 10.0.0.61 "GET /" status: 200 len: 136 microversion: 1.0
2026-05-08 00:38:27.735 7 INFO placement.requestlog [None req-3fa6fb61-a898-4df8-b8f0-a7854b6e7ad8 - - - - - -] 10.0.0.61 "GET /" status: 200 len: 136 microversion: 1.0
2026-05-08 00:38:28.079 8 INFO placement.requestlog [None req-1715a6d3-3bcf-417f-abe2-190895c181f5 7a79bb8be8a6482baa15643b0fa88b90 01653664273b414098065411941f1f14 - - 5b64b9fa9c15478b816ce505b26a9aaf 5b64b9fa9c15478b816ce505b26a9aaf] 10.0.0.248 "GET /resource_providers/f183ac98-a3d3-4a4e-b885-dafb69732bdc/aggregates" status: 404 len: 235 microversion: 1.1 [pid: 8|app: 0|req: 465/935] 10.0.0.248 () {32 vars in 816 bytes} [Fri May 8 00:38:28 2026] GET /resource_providers/f183ac98-a3d3-4a4e-b885-dafb69732bdc/aggregates => generated 235 bytes in 14 msecs (HTTP/1.1 404) 5 headers in 202 bytes (1 switches on core 0)
2026-05-08 00:38:28.080 7 INFO placement.requestlog [None req-6bc67c9e-c0d3-4122-8a9c-e014be1b0037 7a79bb8be8a6482baa15643b0fa88b90 01653664273b414098065411941f1f14 - - 5b64b9fa9c15478b816ce505b26a9aaf 5b64b9fa9c15478b816ce505b26a9aaf] 10.0.0.248 "GET /resource_providers/f183ac98-a3d3-4a4e-b885-dafb69732bdc/aggregates" status: 404 len: 235 microversion: 1.1 [pid: 7|app: 0|req: 471/936] 10.0.0.248 () {32 vars in 816 bytes} [Fri May 8 00:38:28 2026] GET /resource_providers/f183ac98-a3d3-4a4e-b885-dafb69732bdc/aggregates => generated 235 bytes in 11 msecs (HTTP/1.1 404) 5 headers in 202 bytes (1 switches on core 0)
2026-05-08 00:38:28.102 7 INFO placement.requestlog [None req-69245368-214b-42dc-85ff-64c53ac7e27c 7a79bb8be8a6482baa15643b0fa88b90 01653664273b414098065411941f1f14 - - 5b64b9fa9c15478b816ce505b26a9aaf 5b64b9fa9c15478b816ce505b26a9aaf] 10.0.0.248 "DELETE /resource_providers/f183ac98-a3d3-4a4e-b885-dafb69732bdc" status: 404 len: 246 microversion: 1.1 [pid: 7|app: 0|req: 472/937] 10.0.0.248 () {34 vars in 816 bytes} [Fri May 8 00:38:28 2026] DELETE /resource_providers/f183ac98-a3d3-4a4e-b885-dafb69732bdc => generated 246 bytes in 9 msecs (HTTP/1.1 404) 6 headers in 231 bytes (1 switches on core 0)
2026-05-08 00:38:28.103 8 INFO placement.requestlog [None req-8bcb5ecb-399c-4a5b-aa08-a178ea8373b6 7a79bb8be8a6482baa15643b0fa88b90 01653664273b414098065411941f1f14 - - 5b64b9fa9c15478b816ce505b26a9aaf 5b64b9fa9c15478b816ce505b26a9aaf] 10.0.0.248 "DELETE /resource_providers/f183ac98-a3d3-4a4e-b885-dafb69732bdc" status: 404 len: 246 microversion: 1.1 [pid: 8|app: 0|req: 466/938] 10.0.0.248 () {34 vars in 816 bytes} [Fri May 8 00:38:28 2026] DELETE /resource_providers/f183ac98-a3d3-4a4e-b885-dafb69732bdc => generated 246 bytes in 11 msecs (HTTP/1.1 404) 6 headers in 231 bytes (1 switches on core 0)
2026-05-08 00:38:36.862 8 INFO placement.requestlog [None req-86ae27ed-c74e-4b4f-bd17-d5d726ac74c3 7a79bb8be8a6482baa15643b0fa88b90 01653664273b414098065411941f1f14 - - 5b64b9fa9c15478b816ce505b26a9aaf 5b64b9fa9c15478b816ce505b26a9aaf] 10.0.0.248 "GET /resource_providers/28f38941-b534-4f48-8e4d-628cd7199e7e/aggregates" status: 404 len: 235 microversion: 1.1 [pid: 8|app: 0|req: 467/939] 10.0.0.248 () {32 vars in 816 bytes} [Fri May 8 00:38:36 2026] GET /resource_providers/28f38941-b534-4f48-8e4d-628cd7199e7e/aggregates => generated 235 bytes in 11 msecs (HTTP/1.1 404) 5 headers in 202 bytes (1 switches on core 0)
2026-05-08 00:38:36.863 7 INFO placement.requestlog [None req-b452f244-05c5-406f-ade1-1988c86ed4e6 7a79bb8be8a6482baa15643b0fa88b90 01653664273b414098065411941f1f14 - - 5b64b9fa9c15478b816ce505b26a9aaf 5b64b9fa9c15478b816ce505b26a9aaf] 10.0.0.248 "GET /resource_providers/28f38941-b534-4f48-8e4d-628cd7199e7e/aggregates" status: 404 len: 235 microversion: 1.1 [pid: 7|app: 0|req: 473/940] 10.0.0.248 () {32 vars in 816 bytes} [Fri May 8 00:38:36 2026] GET /resource_providers/28f38941-b534-4f48-8e4d-628cd7199e7e/aggregates => generated 235 bytes in 12 msecs (HTTP/1.1 404) 5 headers in 202 bytes (1 switches on core 0)
2026-05-08 00:38:36.889 8 INFO placement.requestlog [None req-876d9689-a260-46b3-85d2-c4866f87bd81 7a79bb8be8a6482baa15643b0fa88b90 01653664273b414098065411941f1f14 - - 5b64b9fa9c15478b816ce505b26a9aaf 5b64b9fa9c15478b816ce505b26a9aaf] 10.0.0.248 "DELETE /resource_providers/28f38941-b534-4f48-8e4d-628cd7199e7e" status: 404 len: 246 microversion: 1.1 [pid: 8|app: 0|req: 468/941] 10.0.0.248 () {34 vars in 816 bytes} [Fri May 8 00:38:36 2026] DELETE /resource_providers/28f38941-b534-4f48-8e4d-628cd7199e7e => generated 246 bytes in 10 msecs (HTTP/1.1 404) 6 headers in 231 bytes (1 switches on core 0)
2026-05-08 00:38:36.891 7 INFO placement.requestlog [None req-20306736-099f-434a-a13a-2e274f1e686b 7a79bb8be8a6482baa15643b0fa88b90 01653664273b414098065411941f1f14 - - 5b64b9fa9c15478b816ce505b26a9aaf 5b64b9fa9c15478b816ce505b26a9aaf] 10.0.0.248 "DELETE /resource_providers/28f38941-b534-4f48-8e4d-628cd7199e7e" status: 404 len: 246 microversion: 1.1 [pid: 7|app: 0|req: 474/942] 10.0.0.248 () {34 vars in 816 bytes} [Fri May 8 00:38:36 2026] DELETE /resource_providers/28f38941-b534-4f48-8e4d-628cd7199e7e => generated 246 bytes in 10 msecs (HTTP/1.1 404) 6 headers in 231 bytes (1 switches on core 0)
2026-05-08 00:38:37.130 8 INFO placement.requestlog [None req-706bc504-70a3-4b97-b654-adcc99cdd937 7a79bb8be8a6482baa15643b0fa88b90 01653664273b414098065411941f1f14 - - 5b64b9fa9c15478b816ce505b26a9aaf 5b64b9fa9c15478b816ce505b26a9aaf] 10.0.0.248 "GET /resource_providers/12c6cca4-f8fc-40e9-896c-f224d030f874/aggregates" status: 404 len: 235 microversion: 1.1 [pid: 8|app: 0|req: 469/943] 10.0.0.248 () {32 vars in 816 bytes} [Fri May 8 00:38:37 2026] GET /resource_providers/12c6cca4-f8fc-40e9-896c-f224d030f874/aggregates => generated 235 bytes in 8 msecs (HTTP/1.1 404) 5 headers in 202 bytes (1 switches on core 0)
2026-05-08 00:38:37.133 7 INFO placement.requestlog [None req-e9103ed9-6f0f-4c8a-876c-7fa2fc4eb1ac 7a79bb8be8a6482baa15643b0fa88b90 01653664273b414098065411941f1f14 - - 5b64b9fa9c15478b816ce505b26a9aaf 5b64b9fa9c15478b816ce505b26a9aaf] 10.0.0.248 "GET /resource_providers/12c6cca4-f8fc-40e9-896c-f224d030f874/aggregates" status: 404 len: 235 microversion: 1.1 [pid: 7|app: 0|req: 475/944] 10.0.0.248 () {32 vars in 816 bytes} [Fri May 8 00:38:37 2026] GET /resource_providers/12c6cca4-f8fc-40e9-896c-f224d030f874/aggregates => generated 235 bytes in 11 msecs (HTTP/1.1 404) 5 headers in 202 bytes (1 switches on core 0)
2026-05-08 00:38:37.153 8 INFO placement.requestlog [None req-d95b49af-a851-4bd0-8cee-6886908daa54 7a79bb8be8a6482baa15643b0fa88b90 01653664273b414098065411941f1f14 - - 5b64b9fa9c15478b816ce505b26a9aaf 5b64b9fa9c15478b816ce505b26a9aaf] 10.0.0.248 "DELETE /resource_providers/12c6cca4-f8fc-40e9-896c-f224d030f874" status: 404 len: 246 microversion: 1.1 [pid: 8|app: 0|req: 470/945] 10.0.0.248 () {34 vars in 816 bytes} [Fri May 8 00:38:37 2026] DELETE /resource_providers/12c6cca4-f8fc-40e9-896c-f224d030f874 => generated 246 bytes in 6 msecs (HTTP/1.1 404) 6 headers in 231 bytes (1 switches on core 0)
2026-05-08 00:38:37.164 7 INFO placement.requestlog [None req-e6a522fb-850b-4243-94d4-ec133fd57543 7a79bb8be8a6482baa15643b0fa88b90 01653664273b414098065411941f1f14 - - 5b64b9fa9c15478b816ce505b26a9aaf 5b64b9fa9c15478b816ce505b26a9aaf] 10.0.0.248 "DELETE /resource_providers/12c6cca4-f8fc-40e9-896c-f224d030f874" status: 404 len: 246 microversion: 1.1 [pid: 7|app: 0|req: 476/946] 10.0.0.248 () {34 vars in 816 bytes} [Fri May 8 00:38:37 2026] DELETE /resource_providers/12c6cca4-f8fc-40e9-896c-f224d030f874 => generated 246 bytes in 17 msecs (HTTP/1.1 404) 6 headers in 231 bytes (1 switches on core 0)
2026-05-08 00:38:37.734 8 INFO placement.requestlog [None req-f4d53d67-07b3-4c88-9c40-366dededdf51 - - - - - -] 10.0.0.61 "GET /" status: 200 len: 136 microversion: 1.0
2026-05-08 00:38:37.736 7 INFO placement.requestlog [None req-aaf80f9d-ee34-4018-8c24-26319dd2f9d1 - - - - - -] 10.0.0.61 "GET /" status: 200 len: 136 microversion: 1.0
