2026-05-08 00:33:47.735 7 INFO placement.requestlog [None req-a5facc5b-70b4-498e-b764-528fb0aa41f5 - - - - - -] 10.0.0.61 "GET /" status: 200 len: 136 microversion: 1.0
2026-05-08 00:33:57.734 8 INFO placement.requestlog [None req-eca1eedd-8894-444a-ac96-ebf6df20bd33 - - - - - -] 10.0.0.61 "GET /" status: 200 len: 136 microversion: 1.0
2026-05-08 00:33:57.734 7 INFO placement.requestlog [None req-082ac7ef-c376-4cdc-97a6-427a44cdc10a - - - - - -] 10.0.0.61 "GET /" status: 200 len: 136 microversion: 1.0
2026-05-08 00:34:07.733 7 INFO placement.requestlog [None req-b690b540-279e-4352-a50d-316587950615 - - - - - -] 10.0.0.61 "GET /" status: 200 len: 136 microversion: 1.0
2026-05-08 00:34:07.734 8 INFO placement.requestlog [None req-ce1e4341-5834-42c8-899e-7a3719925c8c - - - - - -] 10.0.0.61 "GET /" status: 200 len: 136 microversion: 1.0
2026-05-08 00:34:12.055 7 INFO placement.requestlog [req-00986e6c-cfad-4d0f-9e57-bbbafc37c413 req-205409ab-be59-4b47-a75b-60cf6f73f740 4135e5f673a347d4a4f57387341ad84e 01653664273b414098065411941f1f14 - - 5b64b9fa9c15478b816ce505b26a9aaf 5b64b9fa9c15478b816ce505b26a9aaf] 199.19.213.90 "GET /resource_providers/2088971a-7f18-4977-87b6-7ea5f6064a93/allocations" status: 200 len: 54 microversion: 1.0 [pid: 7|app: 0|req: 297/592] 199.19.213.90 () {32 vars in 856 bytes} [Fri May 8 00:34:11 2026] GET /resource_providers/2088971a-7f18-4977-87b6-7ea5f6064a93/allocations => generated 54 bytes in 193 msecs (HTTP/1.1 200) 6 headers in 223 bytes (1 switches on core 0)
2026-05-08 00:34:12.084 8 INFO placement.requestlog [req-00986e6c-cfad-4d0f-9e57-bbbafc37c413 req-85650a06-d60e-40a5-a819-7a736e4158d4 4135e5f673a347d4a4f57387341ad84e 01653664273b414098065411941f1f14 - - 5b64b9fa9c15478b816ce505b26a9aaf 5b64b9fa9c15478b816ce505b26a9aaf] 199.19.213.90 "GET /resource_providers?in_tree=2088971a-7f18-4977-87b6-7ea5f6064a93" status: 200 len: 797 microversion: 1.14 [pid: 8|app: 0|req: 296/593] 199.19.213.90 () {34 vars in 891 bytes} [Fri May 8 00:34:12 2026] GET /resource_providers?in_tree=2088971a-7f18-4977-87b6-7ea5f6064a93 => generated 797 bytes in 18 msecs (HTTP/1.1 200) 6 headers in 225 bytes (1 switches on core 0)
2026-05-08 00:34:12.113 7 INFO placement.requestlog [req-00986e6c-cfad-4d0f-9e57-bbbafc37c413 req-3006b509-5e0b-4031-aa5c-feab725798ee 4135e5f673a347d4a4f57387341ad84e 01653664273b414098065411941f1f14 - - 5b64b9fa9c15478b816ce505b26a9aaf 5b64b9fa9c15478b816ce505b26a9aaf] 199.19.213.90 "GET /resource_providers/2088971a-7f18-4977-87b6-7ea5f6064a93/inventories" status: 200 len: 400 microversion: 1.0 [pid: 7|app: 0|req: 298/594] 199.19.213.90 () {32 vars in 856 bytes} [Fri May 8 00:34:12 2026] GET /resource_providers/2088971a-7f18-4977-87b6-7ea5f6064a93/inventories => generated 400 bytes in 23 msecs (HTTP/1.1 200) 6 headers in 224 bytes (1 switches on core 0)
2026-05-08 00:34:12.130 8 INFO placement.requestlog [req-00986e6c-cfad-4d0f-9e57-bbbafc37c413 req-04d705f6-a38a-4348-a234-13dbd300eca8 4135e5f673a347d4a4f57387341ad84e 01653664273b414098065411941f1f14 - - 5b64b9fa9c15478b816ce505b26a9aaf 5b64b9fa9c15478b816ce505b26a9aaf] 199.19.213.90 "GET /resource_providers/2088971a-7f18-4977-87b6-7ea5f6064a93/aggregates" status: 200 len: 53 microversion: 1.19 [pid: 8|app: 0|req: 297/595] 199.19.213.90 () {34 vars in 898 bytes} [Fri May 8 00:34:12 2026] GET /resource_providers/2088971a-7f18-4977-87b6-7ea5f6064a93/aggregates => generated 53 bytes in 10 msecs (HTTP/1.1 200) 8 headers in 295 bytes (1 switches on core 0)
2026-05-08 00:34:12.167 7 INFO placement.requestlog [req-00986e6c-cfad-4d0f-9e57-bbbafc37c413 req-483449c1-a889-49a9-acea-5fb8a9393ef0 4135e5f673a347d4a4f57387341ad84e 01653664273b414098065411941f1f14 - - 5b64b9fa9c15478b816ce505b26a9aaf 5b64b9fa9c15478b816ce505b26a9aaf] 199.19.213.90 "GET /resource_providers/2088971a-7f18-4977-87b6-7ea5f6064a93/traits" status: 200 len: 1977 microversion: 1.6 [pid: 7|app: 0|req: 299/596] 199.19.213.90 () {34 vars in 889 bytes} [Fri May 8 00:34:12 2026] GET /resource_providers/2088971a-7f18-4977-87b6-7ea5f6064a93/traits => generated 1977 bytes in 30 msecs (HTTP/1.1 200) 6 headers in 225 bytes (1 switches on core 0)
2026-05-08 00:34:12.195 8 INFO placement.requestlog [req-00986e6c-cfad-4d0f-9e57-bbbafc37c413 req-3b1aa18e-3496-436d-a541-65734b8ec39b 4135e5f673a347d4a4f57387341ad84e 01653664273b414098065411941f1f14 - - 5b64b9fa9c15478b816ce505b26a9aaf 5b64b9fa9c15478b816ce505b26a9aaf] 199.19.213.90 "GET /resource_providers/2088971a-7f18-4977-87b6-7ea5f6064a93/allocations" status: 200 len: 54 microversion: 1.0 [pid: 8|app: 0|req: 298/597] 199.19.213.90 () {32 vars in 856 bytes} [Fri May 8 00:34:12 2026] GET /resource_providers/2088971a-7f18-4977-87b6-7ea5f6064a93/allocations => generated 54 bytes in 14 msecs (HTTP/1.1 200) 6 headers in 223 bytes (1 switches on core 0)
2026-05-08 00:34:17.734 8 INFO placement.requestlog [None req-01d62a69-6445-4705-b992-cc793d8df075 - - - - - -] 10.0.0.61 "GET /" status: 200 len: 136 microversion: 1.0
2026-05-08 00:34:17.734 7 INFO placement.requestlog [None req-57d4efc2-8862-4885-b6b6-f5d13e888531 - - - - - -] 10.0.0.61 "GET /" status: 200 len: 136 microversion: 1.0
2026-05-08 00:34:27.734 7 INFO placement.requestlog [None req-baed9dcd-974c-44c2-9b0d-1c4eb81e0215 - - - - - -] 10.0.0.61 "GET /" status: 200 len: 136 microversion: 1.0
2026-05-08 00:34:27.734 8 INFO placement.requestlog [None req-ac4303f2-7943-427d-ad82-ffc9eb71de4b - - - - - -] 10.0.0.61 "GET /" status: 200 len: 136 microversion: 1.0
2026-05-08 00:34:30.329 7 INFO placement.requestlog [None req-02d2c23e-5505-477b-bd97-a9d493e8aa85 7a79bb8be8a6482baa15643b0fa88b90 01653664273b414098065411941f1f14 - - 5b64b9fa9c15478b816ce505b26a9aaf 5b64b9fa9c15478b816ce505b26a9aaf] 10.0.0.248 "GET /resource_providers/ab47121e-9efc-4e71-9d65-ee17faf57544/aggregates" status: 404 len: 235 microversion: 1.1 [pid: 7|app: 0|req: 302/602] 10.0.0.248 () {32 vars in 816 bytes} [Fri May 8 00:34:30 2026] GET /resource_providers/ab47121e-9efc-4e71-9d65-ee17faf57544/aggregates => generated 235 bytes in 107 msecs (HTTP/1.1 404) 5 headers in 202 bytes (1 switches on core 0)
2026-05-08 00:34:30.330 8 INFO placement.requestlog [None req-d86452fd-8650-4848-a650-9559edf6c42e 7a79bb8be8a6482baa15643b0fa88b90 01653664273b414098065411941f1f14 - - 5b64b9fa9c15478b816ce505b26a9aaf 5b64b9fa9c15478b816ce505b26a9aaf] 10.0.0.248 "GET /resource_providers/ab47121e-9efc-4e71-9d65-ee17faf57544/aggregates" status: 404 len: 235 microversion: 1.1 [pid: 8|app: 0|req: 301/603] 10.0.0.248 () {32 vars in 816 bytes} [Fri May 8 00:34:30 2026] GET /resource_providers/ab47121e-9efc-4e71-9d65-ee17faf57544/aggregates => generated 235 bytes in 104 msecs (HTTP/1.1 404) 5 headers in 202 bytes (1 switches on core 0)
2026-05-08 00:34:30.353 7 INFO placement.requestlog [None req-9b611df8-dfc3-4dff-adb9-81c7c2171f4d 7a79bb8be8a6482baa15643b0fa88b90 01653664273b414098065411941f1f14 - - 5b64b9fa9c15478b816ce505b26a9aaf 5b64b9fa9c15478b816ce505b26a9aaf] 10.0.0.248 "DELETE /resource_providers/ab47121e-9efc-4e71-9d65-ee17faf57544" status: 404 len: 246 microversion: 1.1 [pid: 7|app: 0|req: 303/604] 10.0.0.248 () {34 vars in 816 bytes} [Fri May 8 00:34:30 2026] DELETE /resource_providers/ab47121e-9efc-4e71-9d65-ee17faf57544 => generated 246 bytes in 10 msecs (HTTP/1.1 404) 6 headers in 231 bytes (1 switches on core 0)
2026-05-08 00:34:30.359 8 INFO placement.requestlog [None req-bb741175-d179-4532-8c65-af4c6ec2c082 7a79bb8be8a6482baa15643b0fa88b90 01653664273b414098065411941f1f14 - - 5b64b9fa9c15478b816ce505b26a9aaf 5b64b9fa9c15478b816ce505b26a9aaf] 10.0.0.248 "DELETE /resource_providers/ab47121e-9efc-4e71-9d65-ee17faf57544" status: 404 len: 246 microversion: 1.1 [pid: 8|app: 0|req: 302/605] 10.0.0.248 () {34 vars in 816 bytes} [Fri May 8 00:34:30 2026] DELETE /resource_providers/ab47121e-9efc-4e71-9d65-ee17faf57544 => generated 246 bytes in 11 msecs (HTTP/1.1 404) 6 headers in 231 bytes (1 switches on core 0)
2026-05-08 00:34:32.434 7 INFO placement.requestlog [None req-811948b5-b465-4026-a5a6-4bb510e28ded 7a79bb8be8a6482baa15643b0fa88b90 01653664273b414098065411941f1f14 - - 5b64b9fa9c15478b816ce505b26a9aaf 5b64b9fa9c15478b816ce505b26a9aaf] 10.0.0.248 "GET /resource_providers/3cc2d172-3b2a-46cb-892f-00b0845ca69e/aggregates" status: 404 len: 235 microversion: 1.1 [pid: 7|app: 0|req: 304/606] 10.0.0.248 () {32 vars in 816 bytes} [Fri May 8 00:34:32 2026] GET /resource_providers/3cc2d172-3b2a-46cb-892f-00b0845ca69e/aggregates => generated 235 bytes in 284 msecs (HTTP/1.1 404) 5 headers in 202 bytes (1 switches on core 0)
2026-05-08 00:34:32.451 8 INFO placement.requestlog [None req-7d487459-cfaa-45ee-918c-ea9c5c802d7b 7a79bb8be8a6482baa15643b0fa88b90 01653664273b414098065411941f1f14 - - 5b64b9fa9c15478b816ce505b26a9aaf 5b64b9fa9c15478b816ce505b26a9aaf] 10.0.0.248 "GET /resource_providers/3cc2d172-3b2a-46cb-892f-00b0845ca69e/aggregates" status: 404 len: 235 microversion: 1.1 [pid: 8|app: 0|req: 303/607] 10.0.0.248 () {32 vars in 816 bytes} [Fri May 8 00:34:32 2026] GET /resource_providers/3cc2d172-3b2a-46cb-892f-00b0845ca69e/aggregates => generated 235 bytes in 280 msecs (HTTP/1.1 404) 5 headers in 202 bytes (1 switches on core 0)
2026-05-08 00:34:32.459 8 INFO placement.requestlog [None req-f1db788c-6bc2-4d97-bc7d-250e10532d27 7a79bb8be8a6482baa15643b0fa88b90 01653664273b414098065411941f1f14 - - 5b64b9fa9c15478b816ce505b26a9aaf 5b64b9fa9c15478b816ce505b26a9aaf] 10.0.0.248 "DELETE /resource_providers/3cc2d172-3b2a-46cb-892f-00b0845ca69e" status: 404 len: 246 microversion: 1.1 [pid: 8|app: 0|req: 304/608] 10.0.0.248 () {34 vars in 816 bytes} [Fri May 8 00:34:32 2026] DELETE /resource_providers/3cc2d172-3b2a-46cb-892f-00b0845ca69e => generated 246 bytes in 7 msecs (HTTP/1.1 404) 6 headers in 231 bytes (1 switches on core 0)
2026-05-08 00:34:32.468 8 INFO placement.requestlog [None req-1c254e48-408d-4697-b4bf-6eeecc91f383 7a79bb8be8a6482baa15643b0fa88b90 01653664273b414098065411941f1f14 - - 5b64b9fa9c15478b816ce505b26a9aaf 5b64b9fa9c15478b816ce505b26a9aaf] 10.0.0.248 "DELETE /resource_providers/3cc2d172-3b2a-46cb-892f-00b0845ca69e" status: 404 len: 246 microversion: 1.1 [pid: 8|app: 0|req: 305/609] 10.0.0.248 () {34 vars in 816 bytes} [Fri May 8 00:34:32 2026] DELETE /resource_providers/3cc2d172-3b2a-46cb-892f-00b0845ca69e => generated 246 bytes in 6 msecs (HTTP/1.1 404) 6 headers in 231 bytes (1 switches on core 0)
2026-05-08 00:34:32.506 7 INFO placement.requestlog [req-abec917e-e624-4784-8192-319770949ece req-652b5eab-b957-47f9-b7e5-81ac446aaa99 4135e5f673a347d4a4f57387341ad84e 01653664273b414098065411941f1f14 - - 5b64b9fa9c15478b816ce505b26a9aaf 5b64b9fa9c15478b816ce505b26a9aaf] 10.0.0.126 "GET /allocation_candidates?limit=1000&resources=MEMORY_MB%3A512%2CVCPU%3A1&root_required=%21COMPUTE_STATUS_DISABLED" status: 200 len: 2428 microversion: 1.36 [pid: 7|app: 0|req: 305/610] 10.0.0.126 () {34 vars in 984 bytes} [Fri May 8 00:34:32 2026] GET /allocation_candidates?limit=1000&resources=MEMORY_MB%3A512%2CVCPU%3A1&root_required=%21COMPUTE_STATUS_DISABLED => generated 2428 bytes in 72 msecs (HTTP/1.1 200) 8 headers in 297 bytes (1 switches on core 0)
2026-05-08 00:34:32.546 8 INFO placement.requestlog [req-abec917e-e624-4784-8192-319770949ece req-fc3a10af-907c-4db5-a9ed-1197cba10da2 4135e5f673a347d4a4f57387341ad84e 01653664273b414098065411941f1f14 - - 5b64b9fa9c15478b816ce505b26a9aaf 5b64b9fa9c15478b816ce505b26a9aaf] 10.0.0.126 "GET /allocations/c179ebfb-b0de-4ac3-8b53-95501544bea2" status: 200 len: 19 microversion: 1.28 [pid: 8|app: 0|req: 306/611] 10.0.0.126 () {34 vars in 861 bytes} [Fri May 8 00:34:32 2026] GET /allocations/c179ebfb-b0de-4ac3-8b53-95501544bea2 => generated 19 bytes in 14 msecs (HTTP/1.1 200) 8 headers in 295 bytes (1 switches on core 0)
2026-05-08 00:34:32.619 7 INFO placement.requestlog [req-abec917e-e624-4784-8192-319770949ece req-4689a2bd-edd0-4bbc-8a1a-9fd8901595b6 4135e5f673a347d4a4f57387341ad84e 01653664273b414098065411941f1f14 - - 5b64b9fa9c15478b816ce505b26a9aaf 5b64b9fa9c15478b816ce505b26a9aaf] 10.0.0.126 "PUT /allocations/c179ebfb-b0de-4ac3-8b53-95501544bea2" status: 204 len: 0 microversion: 1.36 [pid: 7|app: 0|req: 306/612] 10.0.0.126 () {38 vars in 914 bytes} [Fri May 8 00:34:32 2026] PUT /allocations/c179ebfb-b0de-4ac3-8b53-95501544bea2 => generated 0 bytes in 66 msecs (HTTP/1.1 204) 5 headers in 199 bytes (1 switches on core 0)
2026-05-08 00:34:33.511 8 INFO placement.requestlog [req-a014b7b6-f8a9-476b-8839-5f834a4f2f6d req-512d0ec8-7c27-42d4-85ac-3079efc9095b 4135e5f673a347d4a4f57387341ad84e 01653664273b414098065411941f1f14 - - 5b64b9fa9c15478b816ce505b26a9aaf 5b64b9fa9c15478b816ce505b26a9aaf] 10.0.0.126 "GET /allocation_candidates?limit=1000&resources=DISK_GB%3A1%2CMEMORY_MB%3A512%2CVCPU%3A1&root_required=%21COMPUTE_STATUS_DISABLED" status: 200 len: 2444 microversion: 1.36 [pid: 8|app: 0|req: 307/613] 10.0.0.126 () {34 vars in 1012 bytes} [Fri May 8 00:34:33 2026] GET /allocation_candidates?limit=1000&resources=DISK_GB%3A1%2CMEMORY_MB%3A512%2CVCPU%3A1&root_required=%21COMPUTE_STATUS_DISABLED => generated 2444 bytes in 42 msecs (HTTP/1.1 200) 8 headers in 297 bytes (1 switches on core 0)
2026-05-08 00:34:33.541 7 INFO placement.requestlog [req-a014b7b6-f8a9-476b-8839-5f834a4f2f6d req-4a46260e-51c9-4e49-bb65-90d0b4530374 4135e5f673a347d4a4f57387341ad84e 01653664273b414098065411941f1f14 - - 5b64b9fa9c15478b816ce505b26a9aaf 5b64b9fa9c15478b816ce505b26a9aaf] 10.0.0.126 "GET /allocations/80bc0154-ae92-4ab1-9fbc-3ae99dec9afc" status: 200 len: 19 microversion: 1.28 [pid: 7|app: 0|req: 307/614] 10.0.0.126 () {34 vars in 861 bytes} [Fri May 8 00:34:33 2026] GET /allocations/80bc0154-ae92-4ab1-9fbc-3ae99dec9afc => generated 19 bytes in 12 msecs (HTTP/1.1 200) 8 headers in 295 bytes (1 switches on core 0)
2026-05-08 00:34:33.631 8 INFO placement.requestlog [req-a014b7b6-f8a9-476b-8839-5f834a4f2f6d req-0cb38c74-f2bb-4e02-bf35-58cad4def273 4135e5f673a347d4a4f57387341ad84e 01653664273b414098065411941f1f14 - - 5b64b9fa9c15478b816ce505b26a9aaf 5b64b9fa9c15478b816ce505b26a9aaf] 10.0.0.126 "PUT /allocations/80bc0154-ae92-4ab1-9fbc-3ae99dec9afc" status: 204 len: 0 microversion: 1.36 [pid: 8|app: 0|req: 308/615] 10.0.0.126 () {38 vars in 914 bytes} [Fri May 8 00:34:33 2026] PUT /allocations/80bc0154-ae92-4ab1-9fbc-3ae99dec9afc => generated 0 bytes in 86 msecs (HTTP/1.1 204) 5 headers in 199 bytes (1 switches on core 0)
2026-05-08 00:34:34.072 7 INFO placement.requestlog [req-abec917e-e624-4784-8192-319770949ece req-e5015681-66b3-4316-864f-919c101a1eda 4135e5f673a347d4a4f57387341ad84e 01653664273b414098065411941f1f14 - - 5b64b9fa9c15478b816ce505b26a9aaf 5b64b9fa9c15478b816ce505b26a9aaf] 199.19.213.90 "GET /allocations/c179ebfb-b0de-4ac3-8b53-95501544bea2" status: 200 len: 243 microversion: 1.28 [pid: 7|app: 0|req: 308/616] 199.19.213.90 () {34 vars in 862 bytes} [Fri May 8 00:34:34 2026] GET /allocations/c179ebfb-b0de-4ac3-8b53-95501544bea2 => generated 243 bytes in 10 msecs (HTTP/1.1 200) 8 headers in 296 bytes (1 switches on core 0)
2026-05-08 00:34:35.128 8 INFO placement.requestlog [req-abec917e-e624-4784-8192-319770949ece req-7e1a5770-bb60-487d-b3fa-faf3082ec57a 4135e5f673a347d4a4f57387341ad84e 01653664273b414098065411941f1f14 - - 5b64b9fa9c15478b816ce505b26a9aaf 5b64b9fa9c15478b816ce505b26a9aaf] 199.19.213.90 "GET /resource_providers/2088971a-7f18-4977-87b6-7ea5f6064a93/allocations" status: 200 len: 238 microversion: 1.0 [pid: 8|app: 0|req: 309/617] 199.19.213.90 () {32 vars in 856 bytes} [Fri May 8 00:34:35 2026] GET /resource_providers/2088971a-7f18-4977-87b6-7ea5f6064a93/allocations => generated 238 bytes in 35 msecs (HTTP/1.1 200) 6 headers in 224 bytes (1 switches on core 0)
2026-05-08 00:34:35.148 7 INFO placement.requestlog [req-abec917e-e624-4784-8192-319770949ece req-33f32db2-8b39-496c-99ad-7faef76a04a9 4135e5f673a347d4a4f57387341ad84e 01653664273b414098065411941f1f14 - - 5b64b9fa9c15478b816ce505b26a9aaf 5b64b9fa9c15478b816ce505b26a9aaf] 199.19.213.90 "GET /allocations/80bc0154-ae92-4ab1-9fbc-3ae99dec9afc" status: 200 len: 257 microversion: 1.28 [pid: 7|app: 0|req: 309/618] 199.19.213.90 () {34 vars in 862 bytes} [Fri May 8 00:34:35 2026] GET /allocations/80bc0154-ae92-4ab1-9fbc-3ae99dec9afc => generated 257 bytes in 13 msecs (HTTP/1.1 200) 8 headers in 296 bytes (1 switches on core 0)
2026-05-08 00:34:35.180 8 INFO placement.requestlog [req-abec917e-e624-4784-8192-319770949ece req-e121054b-2b2d-43c3-9d5d-9afcbbc16136 4135e5f673a347d4a4f57387341ad84e 01653664273b414098065411941f1f14 - - 5b64b9fa9c15478b816ce505b26a9aaf 5b64b9fa9c15478b816ce505b26a9aaf] 199.19.213.90 "GET /allocations/c179ebfb-b0de-4ac3-8b53-95501544bea2" status: 200 len: 243 microversion: 1.28 [pid: 8|app: 0|req: 310/619] 199.19.213.90 () {34 vars in 862 bytes} [Fri May 8 00:34:35 2026] GET /allocations/c179ebfb-b0de-4ac3-8b53-95501544bea2 => generated 243 bytes in 26 msecs (HTTP/1.1 200) 8 headers in 296 bytes (1 switches on core 0)
2026-05-08 00:34:35.200 7 INFO placement.requestlog [req-a014b7b6-f8a9-476b-8839-5f834a4f2f6d req-99b93e33-c053-4d43-8256-93f89c6fdd84 4135e5f673a347d4a4f57387341ad84e 01653664273b414098065411941f1f14 - - 5b64b9fa9c15478b816ce505b26a9aaf 5b64b9fa9c15478b816ce505b26a9aaf] 199.19.213.90 "GET /allocations/80bc0154-ae92-4ab1-9fbc-3ae99dec9afc" status: 200 len: 257 microversion: 1.28 [pid: 7|app: 0|req: 310/620] 199.19.213.90 () {34 vars in 862 bytes} [Fri May 8 00:34:35 2026] GET /allocations/80bc0154-ae92-4ab1-9fbc-3ae99dec9afc => generated 257 bytes in 17 msecs (HTTP/1.1 200) 8 headers in 296 bytes (1 switches on core 0)
2026-05-08 00:34:37.254 8 INFO placement.requestlog [req-a014b7b6-f8a9-476b-8839-5f834a4f2f6d req-1fd9b475-2c03-4426-b9e0-121b222f210a 4135e5f673a347d4a4f57387341ad84e 01653664273b414098065411941f1f14 - - 5b64b9fa9c15478b816ce505b26a9aaf 5b64b9fa9c15478b816ce505b26a9aaf] 199.19.213.90 "GET /resource_providers/2088971a-7f18-4977-87b6-7ea5f6064a93/allocations" status: 200 len: 238 microversion: 1.0 [pid: 8|app: 0|req: 311/621] 199.19.213.90 () {32 vars in 856 bytes} [Fri May 8 00:34:37 2026] GET /resource_providers/2088971a-7f18-4977-87b6-7ea5f6064a93/allocations => generated 238 bytes in 22 msecs (HTTP/1.1 200) 6 headers in 224 bytes (1 switches on core 0)
2026-05-08 00:34:37.272 7 INFO placement.requestlog [req-a014b7b6-f8a9-476b-8839-5f834a4f2f6d req-2223a712-4876-4286-81b3-ea919ca3a86f 4135e5f673a347d4a4f57387341ad84e 01653664273b414098065411941f1f14 - - 5b64b9fa9c15478b816ce505b26a9aaf 5b64b9fa9c15478b816ce505b26a9aaf] 199.19.213.90 "GET /allocations/80bc0154-ae92-4ab1-9fbc-3ae99dec9afc" status: 200 len: 257 microversion: 1.28 [pid: 7|app: 0|req: 311/622] 199.19.213.90 () {34 vars in 862 bytes} [Fri May 8 00:34:37 2026] GET /allocations/80bc0154-ae92-4ab1-9fbc-3ae99dec9afc => generated 257 bytes in 14 msecs (HTTP/1.1 200) 8 headers in 296 bytes (1 switches on core 0)
2026-05-08 00:34:37.290 8 INFO placement.requestlog [req-a014b7b6-f8a9-476b-8839-5f834a4f2f6d req-f613b56e-7985-4f73-8980-acee4662a2fa 4135e5f673a347d4a4f57387341ad84e 01653664273b414098065411941f1f14 - - 5b64b9fa9c15478b816ce505b26a9aaf 5b64b9fa9c15478b816ce505b26a9aaf] 199.19.213.90 "GET /allocations/c179ebfb-b0de-4ac3-8b53-95501544bea2" status: 200 len: 243 microversion: 1.28 [pid: 8|app: 0|req: 312/623] 199.19.213.90 () {34 vars in 862 bytes} [Fri May 8 00:34:37 2026] GET /allocations/c179ebfb-b0de-4ac3-8b53-95501544bea2 => generated 243 bytes in 13 msecs (HTTP/1.1 200) 8 headers in 296 bytes (1 switches on core 0)
2026-05-08 00:34:37.734 7 INFO placement.requestlog [None req-fcc1445d-102d-44e1-83c3-19dbb8aca2ed - - - - - -] 10.0.0.61 "GET /" status: 200 len: 136 microversion: 1.0
2026-05-08 00:34:37.734 8 INFO placement.requestlog [None req-fa84dd64-e27c-4bed-a861-30c355ad6cf3 - - - - - -] 10.0.0.61 "GET /" status: 200 len: 136 microversion: 1.0
2026-05-08 00:34:45.895 7 INFO placement.requestlog [req-e9314b07-3e6b-4958-aeff-9aa08a98fe75 req-6212571f-1c80-4d08-9d2d-a90cfb97ac71 4135e5f673a347d4a4f57387341ad84e 01653664273b414098065411941f1f14 - - 5b64b9fa9c15478b816ce505b26a9aaf 5b64b9fa9c15478b816ce505b26a9aaf] 10.0.0.126 "GET /allocation_candidates?limit=1000&resources=DISK_GB%3A1%2CMEMORY_MB%3A512%2CVCPU%3A1&root_required=%21COMPUTE_STATUS_DISABLED" status: 200 len: 2445 microversion: 1.36 [pid: 7|app: 0|req: 313/626] 10.0.0.126 () {34 vars in 1012 bytes} [Fri May 8 00:34:45 2026] GET /allocation_candidates?limit=1000&resources=DISK_GB%3A1%2CMEMORY_MB%3A512%2CVCPU%3A1&root_required=%21COMPUTE_STATUS_DISABLED => generated 2445 bytes in 42 msecs (HTTP/1.1 200) 8 headers in 297 bytes (1 switches on core 0)
2026-05-08 00:34:45.924 8 INFO placement.requestlog [req-e9314b07-3e6b-4958-aeff-9aa08a98fe75 req-5d327d90-9e8e-490e-9982-e84abc255725 4135e5f673a347d4a4f57387341ad84e 01653664273b414098065411941f1f14 - - 5b64b9fa9c15478b816ce505b26a9aaf 5b64b9fa9c15478b816ce505b26a9aaf] 10.0.0.126 "GET /allocations/6138c9e2-fd21-47e4-9e5b-f901922fc7fa" status: 200 len: 19 microversion: 1.28 [pid: 8|app: 0|req: 314/627] 10.0.0.126 () {34 vars in 861 bytes} [Fri May 8 00:34:45 2026] GET /allocations/6138c9e2-fd21-47e4-9e5b-f901922fc7fa => generated 19 bytes in 9 msecs (HTTP/1.1 200) 8 headers in 295 bytes (1 switches on core 0)
2026-05-08 00:34:45.998 7 INFO placement.requestlog [req-e9314b07-3e6b-4958-aeff-9aa08a98fe75 req-f8bb30bd-0a75-4f71-9565-c709badea94e 4135e5f673a347d4a4f57387341ad84e 01653664273b414098065411941f1f14 - - 5b64b9fa9c15478b816ce505b26a9aaf 5b64b9fa9c15478b816ce505b26a9aaf] 10.0.0.126 "PUT /allocations/6138c9e2-fd21-47e4-9e5b-f901922fc7fa" status: 204 len: 0 microversion: 1.36 [pid: 7|app: 0|req: 314/628] 10.0.0.126 () {38 vars in 914 bytes} [Fri May 8 00:34:45 2026] PUT /allocations/6138c9e2-fd21-47e4-9e5b-f901922fc7fa => generated 0 bytes in 70 msecs (HTTP/1.1 204) 5 headers in 199 bytes (1 switches on core 0)
2026-05-08 00:34:47.523 8 INFO placement.requestlog [req-e9314b07-3e6b-4958-aeff-9aa08a98fe75 req-29a66815-ecdc-45d6-969c-1399a725bb07 4135e5f673a347d4a4f57387341ad84e 01653664273b414098065411941f1f14 - - 5b64b9fa9c15478b816ce505b26a9aaf 5b64b9fa9c15478b816ce505b26a9aaf] 199.19.213.90 "GET /allocations/6138c9e2-fd21-47e4-9e5b-f901922fc7fa" status: 200 len: 257 microversion: 1.28 [pid: 8|app: 0|req: 315/629] 199.19.213.90 () {34 vars in 862 bytes} [Fri May 8 00:34:47 2026] GET /allocations/6138c9e2-fd21-47e4-9e5b-f901922fc7fa => generated 257 bytes in 17 msecs (HTTP/1.1 200) 8 headers in 296 bytes (1 switches on core 0)
2026-05-08 00:34:47.735 7 INFO placement.requestlog [None req-fb130678-10f3-40fc-9763-8718116fde0e - - - - - -] 10.0.0.61 "GET /" status: 200 len: 136 microversion: 1.0
2026-05-08 00:34:47.735 8 INFO placement.requestlog [None req-853a657b-d661-4df8-91b5-444b6f958f5e - - - - - -] 10.0.0.61 "GET /" status: 200 len: 136 microversion: 1.0
2026-05-08 00:34:48.562 7 INFO placement.requestlog [req-e9314b07-3e6b-4958-aeff-9aa08a98fe75 req-3518edb7-771a-44ac-a49d-40f320520b2d 4135e5f673a347d4a4f57387341ad84e 01653664273b414098065411941f1f14 - - 5b64b9fa9c15478b816ce505b26a9aaf 5b64b9fa9c15478b816ce505b26a9aaf] 199.19.213.90 "GET /resource_providers/2088971a-7f18-4977-87b6-7ea5f6064a93/allocations" status: 200 len: 338 microversion: 1.0 [pid: 7|app: 0|req: 316/632] 199.19.213.90 () {32 vars in 856 bytes} [Fri May 8 00:34:48 2026] GET /resource_providers/2088971a-7f18-4977-87b6-7ea5f6064a93/allocations => generated 338 bytes in 17 msecs (HTTP/1.1 200) 6 headers in 224 bytes (1 switches on core 0)
2026-05-08 00:34:48.579 8 INFO placement.requestlog [req-e9314b07-3e6b-4958-aeff-9aa08a98fe75 req-fb47f4d6-b0aa-491c-9ff5-3854b3b5fc39 4135e5f673a347d4a4f57387341ad84e 01653664273b414098065411941f1f14 - - 5b64b9fa9c15478b816ce505b26a9aaf 5b64b9fa9c15478b816ce505b26a9aaf] 199.19.213.90 "GET /allocations/6138c9e2-fd21-47e4-9e5b-f901922fc7fa" status: 200 len: 257 microversion: 1.28 [pid: 8|app: 0|req: 317/633] 199.19.213.90 () {34 vars in 862 bytes} [Fri May 8 00:34:48 2026] GET /allocations/6138c9e2-fd21-47e4-9e5b-f901922fc7fa => generated 257 bytes in 10 msecs (HTTP/1.1 200) 8 headers in 296 bytes (1 switches on core 0)
2026-05-08 00:34:48.597 7 INFO placement.requestlog [req-e9314b07-3e6b-4958-aeff-9aa08a98fe75 req-72c6f890-7762-469d-8161-1fc0f0c173f6 4135e5f673a347d4a4f57387341ad84e 01653664273b414098065411941f1f14 - - 5b64b9fa9c15478b816ce505b26a9aaf 5b64b9fa9c15478b816ce505b26a9aaf] 199.19.213.90 "GET /allocations/80bc0154-ae92-4ab1-9fbc-3ae99dec9afc" status: 200 len: 257 microversion: 1.28 [pid: 7|app: 0|req: 317/634] 199.19.213.90 () {34 vars in 862 bytes} [Fri May 8 00:34:48 2026] GET /allocations/80bc0154-ae92-4ab1-9fbc-3ae99dec9afc => generated 257 bytes in 13 msecs (HTTP/1.1 200) 8 headers in 296 bytes (1 switches on core 0)
2026-05-08 00:34:48.615 8 INFO placement.requestlog [req-e9314b07-3e6b-4958-aeff-9aa08a98fe75 req-3433d1f4-ecca-4c31-aed5-d8a548a441da 4135e5f673a347d4a4f57387341ad84e 01653664273b414098065411941f1f14 - - 5b64b9fa9c15478b816ce505b26a9aaf 5b64b9fa9c15478b816ce505b26a9aaf] 199.19.213.90 "GET /allocations/c179ebfb-b0de-4ac3-8b53-95501544bea2" status: 200 len: 243 microversion: 1.28 [pid: 8|app: 0|req: 318/635] 199.19.213.90 () {34 vars in 862 bytes} [Fri May 8 00:34:48 2026] GET /allocations/c179ebfb-b0de-4ac3-8b53-95501544bea2 => generated 243 bytes in 12 msecs (HTTP/1.1 200) 8 headers in 296 bytes (1 switches on core 0)
2026-05-08 00:34:49.148 7 INFO placement.requestlog [None req-3516dbb8-f205-4153-945f-407ce3858417 7a79bb8be8a6482baa15643b0fa88b90 01653664273b414098065411941f1f14 - - 5b64b9fa9c15478b816ce505b26a9aaf 5b64b9fa9c15478b816ce505b26a9aaf] 10.0.0.248 "GET /resource_providers/51d41543-f398-4542-865d-63535ee859af/aggregates" status: 404 len: 235 microversion: 1.1 [pid: 7|app: 0|req: 318/636] 10.0.0.248 () {32 vars in 816 bytes} [Fri May 8 00:34:49 2026] GET /resource_providers/51d41543-f398-4542-865d-63535ee859af/aggregates => generated 235 bytes in 9 msecs (HTTP/1.1 404) 5 headers in 202 bytes (1 switches on core 0)
2026-05-08 00:34:49.151 8 INFO placement.requestlog [None req-ab3be1ef-a2ff-4851-9123-630678f11223 7a79bb8be8a6482baa15643b0fa88b90 01653664273b414098065411941f1f14 - - 5b64b9fa9c15478b816ce505b26a9aaf 5b64b9fa9c15478b816ce505b26a9aaf] 10.0.0.248 "GET /resource_providers/51d41543-f398-4542-865d-63535ee859af/aggregates" status: 404 len: 235 microversion: 1.1 [pid: 8|app: 0|req: 319/637] 10.0.0.248 () {32 vars in 816 bytes} [Fri May 8 00:34:49 2026] GET /resource_providers/51d41543-f398-4542-865d-63535ee859af/aggregates => generated 235 bytes in 10 msecs (HTTP/1.1 404) 5 headers in 202 bytes (1 switches on core 0)
2026-05-08 00:34:49.169 7 INFO placement.requestlog [None req-cb3d4171-e504-47f4-a4f1-a5ed88f20734 7a79bb8be8a6482baa15643b0fa88b90 01653664273b414098065411941f1f14 - - 5b64b9fa9c15478b816ce505b26a9aaf 5b64b9fa9c15478b816ce505b26a9aaf] 10.0.0.248 "DELETE /resource_providers/51d41543-f398-4542-865d-63535ee859af" status: 404 len: 246 microversion: 1.1 [pid: 7|app: 0|req: 319/638] 10.0.0.248 () {34 vars in 816 bytes} [Fri May 8 00:34:49 2026] DELETE /resource_providers/51d41543-f398-4542-865d-63535ee859af => generated 246 bytes in 7 msecs (HTTP/1.1 404) 6 headers in 231 bytes (1 switches on core 0)
2026-05-08 00:34:49.176 8 INFO placement.requestlog [None req-babcd693-6541-4f39-a0cb-0a50406ef851 7a79bb8be8a6482baa15643b0fa88b90 01653664273b414098065411941f1f14 - - 5b64b9fa9c15478b816ce505b26a9aaf 5b64b9fa9c15478b816ce505b26a9aaf] 10.0.0.248 "DELETE /resource_providers/51d41543-f398-4542-865d-63535ee859af" status: 404 len: 246 microversion: 1.1 [pid: 8|app: 0|req: 320/639] 10.0.0.248 () {34 vars in 816 bytes} [Fri May 8 00:34:49 2026] DELETE /resource_providers/51d41543-f398-4542-865d-63535ee859af => generated 246 bytes in 13 msecs (HTTP/1.1 404) 6 headers in 231 bytes (1 switches on core 0)
2026-05-08 00:34:49.561 7 INFO placement.requestlog [None req-74123ae0-ea81-41e4-852b-d2cfd05a1f5b 7a79bb8be8a6482baa15643b0fa88b90 01653664273b414098065411941f1f14 - - 5b64b9fa9c15478b816ce505b26a9aaf 5b64b9fa9c15478b816ce505b26a9aaf] 10.0.0.248 "GET /resource_providers/727ed3ea-4089-42cc-91f6-1cc5268e6ca1/aggregates" status: 404 len: 235 microversion: 1.1 [pid: 7|app: 0|req: 320/640] 10.0.0.248 () {32 vars in 816 bytes} [Fri May 8 00:34:49 2026] GET /resource_providers/727ed3ea-4089-42cc-91f6-1cc5268e6ca1/aggregates => generated 235 bytes in 11 msecs (HTTP/1.1 404) 5 headers in 202 bytes (1 switches on core 0)
2026-05-08 00:34:49.562 8 INFO placement.requestlog [None req-1bae6c19-b19d-4e2c-b356-b87ef28dca1c 7a79bb8be8a6482baa15643b0fa88b90 01653664273b414098065411941f1f14 - - 5b64b9fa9c15478b816ce505b26a9aaf 5b64b9fa9c15478b816ce505b26a9aaf] 10.0.0.248 "GET /resource_providers/727ed3ea-4089-42cc-91f6-1cc5268e6ca1/aggregates" status: 404 len: 235 microversion: 1.1 [pid: 8|app: 0|req: 321/641] 10.0.0.248 () {32 vars in 816 bytes} [Fri May 8 00:34:49 2026] GET /resource_providers/727ed3ea-4089-42cc-91f6-1cc5268e6ca1/aggregates => generated 235 bytes in 11 msecs (HTTP/1.1 404) 5 headers in 202 bytes (1 switches on core 0)
2026-05-08 00:34:49.581 7 INFO placement.requestlog [None req-e730cddc-cba2-43fd-b3bc-5df61b74717c 7a79bb8be8a6482baa15643b0fa88b90 01653664273b414098065411941f1f14 - - 5b64b9fa9c15478b816ce505b26a9aaf 5b64b9fa9c15478b816ce505b26a9aaf] 10.0.0.248 "DELETE /resource_providers/727ed3ea-4089-42cc-91f6-1cc5268e6ca1" status: 404 len: 246 microversion: 1.1
2026-05-08 00:34:49.581 8 INFO placement.requestlog [None req-7fb08470-6553-41db-a69f-24b04ba1fe7d 7a79bb8be8a6482baa15643b0fa88b90 01653664273b414098065411941f1f14 - - 5b64b9fa9c15478b816ce505b26a9aaf 5b64b9fa9c15478b816ce505b26a9aaf] 10.0.0.248 "DELETE /resource_providers/727ed3ea-4089-42cc-91f6-1cc5268e6ca1" status: 404 len: 246 microversion: 1.1 [pid: 7|app: 0|req: 321/642] 10.0.0.248 () {34 vars in 816 bytes} [Fri May 8 00:34:49 2026] DELETE /resource_providers/727ed3ea-4089-42cc-91f6-1cc5268e6ca1 => generated 246 bytes in 6 msecs (HTTP/1.1 404) 6 headers in 231 bytes (1 switches on core 0) [pid: 8|app: 0|req: 322/643] 10.0.0.248 () {34 vars in 816 bytes} [Fri May 8 00:34:49 2026] DELETE /resource_providers/727ed3ea-4089-42cc-91f6-1cc5268e6ca1 => generated 246 bytes in 6 msecs (HTTP/1.1 404) 6 headers in 231 bytes (1 switches on core 0)
2026-05-08 00:34:55.728 8 INFO placement.requestlog [None req-060ccd50-b382-46e3-9f0a-06d3b0f20782 7a79bb8be8a6482baa15643b0fa88b90 01653664273b414098065411941f1f14 - - 5b64b9fa9c15478b816ce505b26a9aaf 5b64b9fa9c15478b816ce505b26a9aaf] 10.0.0.248 "GET /resource_providers/8a1874f5-ddf9-49a2-a5df-ebca7ac3e983/aggregates" status: 404 len: 235 microversion: 1.1 [pid: 8|app: 0|req: 323/644] 10.0.0.248 () {32 vars in 816 bytes} [Fri May 8 00:34:55 2026] GET /resource_providers/8a1874f5-ddf9-49a2-a5df-ebca7ac3e983/aggregates => generated 235 bytes in 12 msecs (HTTP/1.1 404) 5 headers in 202 bytes (1 switches on core 0)
2026-05-08 00:34:55.736 7 INFO placement.requestlog [None req-20005521-98fb-4c59-9c80-d5f10ff17749 7a79bb8be8a6482baa15643b0fa88b90 01653664273b414098065411941f1f14 - - 5b64b9fa9c15478b816ce505b26a9aaf 5b64b9fa9c15478b816ce505b26a9aaf] 10.0.0.248 "GET /resource_providers/8a1874f5-ddf9-49a2-a5df-ebca7ac3e983/aggregates" status: 404 len: 235 microversion: 1.1 [pid: 7|app: 0|req: 322/645] 10.0.0.248 () {32 vars in 816 bytes} [Fri May 8 00:34:55 2026] GET /resource_providers/8a1874f5-ddf9-49a2-a5df-ebca7ac3e983/aggregates => generated 235 bytes in 22 msecs (HTTP/1.1 404) 5 headers in 202 bytes (1 switches on core 0)
2026-05-08 00:34:55.752 8 INFO placement.requestlog [None req-9a37256f-eac6-4132-893d-4613152006a0 7a79bb8be8a6482baa15643b0fa88b90 01653664273b414098065411941f1f14 - - 5b64b9fa9c15478b816ce505b26a9aaf 5b64b9fa9c15478b816ce505b26a9aaf] 10.0.0.248 "DELETE /resource_providers/8a1874f5-ddf9-49a2-a5df-ebca7ac3e983" status: 404 len: 246 microversion: 1.1 [pid: 8|app: 0|req: 324/646] 10.0.0.248 () {34 vars in 816 bytes} [Fri May 8 00:34:55 2026] DELETE /resource_providers/8a1874f5-ddf9-49a2-a5df-ebca7ac3e983 => generated 246 bytes in 9 msecs (HTTP/1.1 404) 6 headers in 231 bytes (1 switches on core 0)
2026-05-08 00:34:55.753 7 INFO placement.requestlog [None req-05c5220e-d603-4c8a-8b83-2f394c95c9e0 7a79bb8be8a6482baa15643b0fa88b90 01653664273b414098065411941f1f14 - - 5b64b9fa9c15478b816ce505b26a9aaf 5b64b9fa9c15478b816ce505b26a9aaf] 10.0.0.248 "DELETE /resource_providers/8a1874f5-ddf9-49a2-a5df-ebca7ac3e983" status: 404 len: 246 microversion: 1.1 [pid: 7|app: 0|req: 323/647] 10.0.0.248 () {34 vars in 816 bytes} [Fri May 8 00:34:55 2026] DELETE /resource_providers/8a1874f5-ddf9-49a2-a5df-ebca7ac3e983 => generated 246 bytes in 9 msecs (HTTP/1.1 404) 6 headers in 231 bytes (1 switches on core 0)
2026-05-08 00:34:57.734 8 INFO placement.requestlog [None req-8c61a6e9-fe4e-4cd3-b424-a08829ecc8b4 - - - - - -] 10.0.0.61 "GET /" status: 200 len: 136 microversion: 1.0
2026-05-08 00:34:57.735 7 INFO placement.requestlog [None req-88f54eee-dafb-4d0c-a34d-7c3a3f43ba33 - - - - - -] 10.0.0.61 "GET /" status: 200 len: 136 microversion: 1.0
2026-05-08 00:34:57.786 8 INFO placement.requestlog [None req-44c3197d-d3ae-444c-803c-d51eb6d6ad2b 7a79bb8be8a6482baa15643b0fa88b90 01653664273b414098065411941f1f14 - - 5b64b9fa9c15478b816ce505b26a9aaf 5b64b9fa9c15478b816ce505b26a9aaf] 10.0.0.248 "GET /resource_providers/10c9ce5d-13eb-4cdc-aaa2-2190e37c6bb2/aggregates" status: 404 len: 235 microversion: 1.1 [pid: 8|app: 0|req: 326/650] 10.0.0.248 () {32 vars in 816 bytes} [Fri May 8 00:34:57 2026] GET /resource_providers/10c9ce5d-13eb-4cdc-aaa2-2190e37c6bb2/aggregates => generated 235 bytes in 13 msecs (HTTP/1.1 404) 5 headers in 202 bytes (1 switches on core 0)
2026-05-08 00:34:57.794 7 INFO placement.requestlog [None req-699abd6f-8cd1-478f-83af-e60b764a99cb 7a79bb8be8a6482baa15643b0fa88b90 01653664273b414098065411941f1f14 - - 5b64b9fa9c15478b816ce505b26a9aaf 5b64b9fa9c15478b816ce505b26a9aaf] 10.0.0.248 "GET /resource_providers/10c9ce5d-13eb-4cdc-aaa2-2190e37c6bb2/aggregates" status: 404 len: 235 microversion: 1.1 [pid: 7|app: 0|req: 325/651] 10.0.0.248 () {32 vars in 816 bytes} [Fri May 8 00:34:57 2026] GET /resource_providers/10c9ce5d-13eb-4cdc-aaa2-2190e37c6bb2/aggregates => generated 235 bytes in 13 msecs (HTTP/1.1 404) 5 headers in 202 bytes (1 switches on core 0)
2026-05-08 00:34:57.818 8 INFO placement.requestlog [None req-c7a455c3-2fd5-4eca-ba38-004ff59c62f4 7a79bb8be8a6482baa15643b0fa88b90 01653664273b414098065411941f1f14 - - 5b64b9fa9c15478b816ce505b26a9aaf 5b64b9fa9c15478b816ce505b26a9aaf] 10.0.0.248 "DELETE /resource_providers/10c9ce5d-13eb-4cdc-aaa2-2190e37c6bb2" status: 404 len: 246 microversion: 1.1 [pid: 8|app: 0|req: 327/652] 10.0.0.248 () {34 vars in 816 bytes} [Fri May 8 00:34:57 2026] DELETE /resource_providers/10c9ce5d-13eb-4cdc-aaa2-2190e37c6bb2 => generated 246 bytes in 14 msecs (HTTP/1.1 404) 6 headers in 231 bytes (1 switches on core 0)
2026-05-08 00:34:57.821 7 INFO placement.requestlog [None req-b1378eb1-5d11-4ec3-91e5-0da5bdabb196 7a79bb8be8a6482baa15643b0fa88b90 01653664273b414098065411941f1f14 - - 5b64b9fa9c15478b816ce505b26a9aaf 5b64b9fa9c15478b816ce505b26a9aaf] 10.0.0.248 "DELETE /resource_providers/10c9ce5d-13eb-4cdc-aaa2-2190e37c6bb2" status: 404 len: 246 microversion: 1.1 [pid: 7|app: 0|req: 326/653] 10.0.0.248 () {34 vars in 816 bytes} [Fri May 8 00:34:57 2026] DELETE /resource_providers/10c9ce5d-13eb-4cdc-aaa2-2190e37c6bb2 => generated 246 bytes in 15 msecs (HTTP/1.1 404) 6 headers in 231 bytes (1 switches on core 0)
2026-05-08 00:34:57.851 7 INFO placement.requestlog [None req-2b5d6191-699e-4f3b-994f-bf19be715410 7a79bb8be8a6482baa15643b0fa88b90 01653664273b414098065411941f1f14 - - 5b64b9fa9c15478b816ce505b26a9aaf 5b64b9fa9c15478b816ce505b26a9aaf] 10.0.0.248 "GET /resource_providers/97ce1b7f-cc19-4138-b08e-ca8dc259f7b6/aggregates" status: 404 len: 235 microversion: 1.1 [pid: 7|app: 0|req: 327/654] 10.0.0.248 () {32 vars in 816 bytes} [Fri May 8 00:34:57 2026] GET /resource_providers/97ce1b7f-cc19-4138-b08e-ca8dc259f7b6/aggregates => generated 235 bytes in 12 msecs (HTTP/1.1 404) 5 headers in 202 bytes (1 switches on core 0)
2026-05-08 00:34:57.852 8 INFO placement.requestlog [None req-0ff52d39-b088-4248-b6a3-cb145ff9da65 7a79bb8be8a6482baa15643b0fa88b90 01653664273b414098065411941f1f14 - - 5b64b9fa9c15478b816ce505b26a9aaf 5b64b9fa9c15478b816ce505b26a9aaf] 10.0.0.248 "GET /resource_providers/c0fdcc6a-c652-4709-bf0c-dbde1721a09a/aggregates" status: 404 len: 235 microversion: 1.1 [pid: 8|app: 0|req: 328/655] 10.0.0.248 () {32 vars in 816 bytes} [Fri May 8 00:34:57 2026] GET /resource_providers/c0fdcc6a-c652-4709-bf0c-dbde1721a09a/aggregates => generated 235 bytes in 15 msecs (HTTP/1.1 404) 5 headers in 202 bytes (1 switches on core 0)
2026-05-08 00:34:57.858 7 INFO placement.requestlog [None req-923ce464-3fe9-457f-97f0-9d38c3f56dea 7a79bb8be8a6482baa15643b0fa88b90 01653664273b414098065411941f1f14 - - 5b64b9fa9c15478b816ce505b26a9aaf 5b64b9fa9c15478b816ce505b26a9aaf] 10.0.0.248 "GET /resource_providers/c0fdcc6a-c652-4709-bf0c-dbde1721a09a/aggregates" status: 404 len: 235 microversion: 1.1 [pid: 7|app: 0|req: 328/656] 10.0.0.248 () {32 vars in 816 bytes} [Fri May 8 00:34:57 2026] GET /resource_providers/c0fdcc6a-c652-4709-bf0c-dbde1721a09a/aggregates => generated 235 bytes in 7 msecs (HTTP/1.1 404) 5 headers in 202 bytes (1 switches on core 0)
2026-05-08 00:34:57.860 8 INFO placement.requestlog [None req-3bf799fd-a1a2-4ab5-97dc-6d3cb3fc2697 7a79bb8be8a6482baa15643b0fa88b90 01653664273b414098065411941f1f14 - - 5b64b9fa9c15478b816ce505b26a9aaf 5b64b9fa9c15478b816ce505b26a9aaf] 10.0.0.248 "GET /resource_providers/97ce1b7f-cc19-4138-b08e-ca8dc259f7b6/aggregates" status: 404 len: 235 microversion: 1.1 [pid: 8|app: 0|req: 329/657] 10.0.0.248 () {32 vars in 816 bytes} [Fri May 8 00:34:57 2026] GET /resource_providers/97ce1b7f-cc19-4138-b08e-ca8dc259f7b6/aggregates => generated 235 bytes in 7 msecs (HTTP/1.1 404) 5 headers in 202 bytes (1 switches on core 0)
2026-05-08 00:34:57.866 7 INFO placement.requestlog [None req-4e0216e0-13bf-4264-a0cb-a08caa2e4924 7a79bb8be8a6482baa15643b0fa88b90 01653664273b414098065411941f1f14 - - 5b64b9fa9c15478b816ce505b26a9aaf 5b64b9fa9c15478b816ce505b26a9aaf] 10.0.0.248 "DELETE /resource_providers/97ce1b7f-cc19-4138-b08e-ca8dc259f7b6" status: 404 len: 246 microversion: 1.1 [pid: 7|app: 0|req: 329/658] 10.0.0.248 () {34 vars in 816 bytes} [Fri May 8 00:34:57 2026] DELETE /resource_providers/97ce1b7f-cc19-4138-b08e-ca8dc259f7b6 => generated 246 bytes in 6 msecs (HTTP/1.1 404) 6 headers in 231 bytes (1 switches on core 0)
2026-05-08 00:34:57.874 8 INFO placement.requestlog [None req-55a36dd6-1754-4a40-9ec4-ddbf494f24fc 7a79bb8be8a6482baa15643b0fa88b90 01653664273b414098065411941f1f14 - - 5b64b9fa9c15478b816ce505b26a9aaf 5b64b9fa9c15478b816ce505b26a9aaf] 10.0.0.248 "DELETE /resource_providers/c0fdcc6a-c652-4709-bf0c-dbde1721a09a" status: 404 len: 246 microversion: 1.1 [pid: 8|app: 0|req: 330/659] 10.0.0.248 () {34 vars in 816 bytes} [Fri May 8 00:34:57 2026] DELETE /resource_providers/c0fdcc6a-c652-4709-bf0c-dbde1721a09a => generated 246 bytes in 10 msecs (HTTP/1.1 404) 6 headers in 231 bytes (1 switches on core 0)
2026-05-08 00:34:57.876 7 INFO placement.requestlog [None req-1710004c-7025-4f59-8b87-ccdea0b74a89 7a79bb8be8a6482baa15643b0fa88b90 01653664273b414098065411941f1f14 - - 5b64b9fa9c15478b816ce505b26a9aaf 5b64b9fa9c15478b816ce505b26a9aaf] 10.0.0.248 "DELETE /resource_providers/97ce1b7f-cc19-4138-b08e-ca8dc259f7b6" status: 404 len: 246 microversion: 1.1 [pid: 7|app: 0|req: 330/660] 10.0.0.248 () {34 vars in 816 bytes} [Fri May 8 00:34:57 2026] DELETE /resource_providers/97ce1b7f-cc19-4138-b08e-ca8dc259f7b6 => generated 246 bytes in 7 msecs (HTTP/1.1 404) 6 headers in 231 bytes (1 switches on core 0)
2026-05-08 00:34:57.882 8 INFO placement.requestlog [None req-67c64a4b-6ca2-44ae-9f8b-f644b53bc0b1 7a79bb8be8a6482baa15643b0fa88b90 01653664273b414098065411941f1f14 - - 5b64b9fa9c15478b816ce505b26a9aaf 5b64b9fa9c15478b816ce505b26a9aaf] 10.0.0.248 "DELETE /resource_providers/c0fdcc6a-c652-4709-bf0c-dbde1721a09a" status: 404 len: 246 microversion: 1.1 [pid: 8|app: 0|req: 331/661] 10.0.0.248 () {34 vars in 816 bytes} [Fri May 8 00:34:57 2026] DELETE /resource_providers/c0fdcc6a-c652-4709-bf0c-dbde1721a09a => generated 246 bytes in 7 msecs (HTTP/1.1 404) 6 headers in 231 bytes (1 switches on core 0)
2026-05-08 00:35:02.979 7 INFO placement.requestlog [req-096030c1-880a-4743-87bc-4289101bd5aa req-e0c8e6a7-cfa3-4bf3-9d84-910c4532752e 4135e5f673a347d4a4f57387341ad84e 01653664273b414098065411941f1f14 - - 5b64b9fa9c15478b816ce505b26a9aaf 5b64b9fa9c15478b816ce505b26a9aaf] 199.19.213.90 "GET /resource_providers/2088971a-7f18-4977-87b6-7ea5f6064a93/allocations" status: 200 len: 338 microversion: 1.0 [pid: 7|app: 0|req: 331/662] 199.19.213.90 () {32 vars in 856 bytes} [Fri May 8 00:35:02 2026] GET /resource_providers/2088971a-7f18-4977-87b6-7ea5f6064a93/allocations => generated 338 bytes in 26 msecs (HTTP/1.1 200) 6 headers in 224 bytes (1 switches on core 0)
2026-05-08 00:35:03.001 8 INFO placement.requestlog [req-096030c1-880a-4743-87bc-4289101bd5aa req-e8be7d58-16e7-4053-a9e4-3178bc32401b 4135e5f673a347d4a4f57387341ad84e 01653664273b414098065411941f1f14 - - 5b64b9fa9c15478b816ce505b26a9aaf 5b64b9fa9c15478b816ce505b26a9aaf] 199.19.213.90 "GET /allocations/6138c9e2-fd21-47e4-9e5b-f901922fc7fa" status: 200 len: 257 microversion: 1.28 [pid: 8|app: 0|req: 332/663] 199.19.213.90 () {34 vars in 862 bytes} [Fri May 8 00:35:02 2026] GET /allocations/6138c9e2-fd21-47e4-9e5b-f901922fc7fa => generated 257 bytes in 16 msecs (HTTP/1.1 200) 8 headers in 296 bytes (1 switches on core 0)
2026-05-08 00:35:03.021 7 INFO placement.requestlog [req-096030c1-880a-4743-87bc-4289101bd5aa req-86ff7155-143b-4b77-a807-7d1f47822357 4135e5f673a347d4a4f57387341ad84e 01653664273b414098065411941f1f14 - - 5b64b9fa9c15478b816ce505b26a9aaf 5b64b9fa9c15478b816ce505b26a9aaf] 199.19.213.90 "GET /allocations/80bc0154-ae92-4ab1-9fbc-3ae99dec9afc" status: 200 len: 257 microversion: 1.28 [pid: 7|app: 0|req: 332/664] 199.19.213.90 () {34 vars in 862 bytes} [Fri May 8 00:35:03 2026] GET /allocations/80bc0154-ae92-4ab1-9fbc-3ae99dec9afc => generated 257 bytes in 12 msecs (HTTP/1.1 200) 8 headers in 296 bytes (1 switches on core 0)
2026-05-08 00:35:03.036 8 INFO placement.requestlog [req-096030c1-880a-4743-87bc-4289101bd5aa req-31d5c0ed-86ed-478c-a741-80468c561bad 4135e5f673a347d4a4f57387341ad84e 01653664273b414098065411941f1f14 - - 5b64b9fa9c15478b816ce505b26a9aaf 5b64b9fa9c15478b816ce505b26a9aaf] 199.19.213.90 "GET /allocations/c179ebfb-b0de-4ac3-8b53-95501544bea2" status: 200 len: 243 microversion: 1.28 [pid: 8|app: 0|req: 333/665] 199.19.213.90 () {34 vars in 862 bytes} [Fri May 8 00:35:03 2026] GET /allocations/c179ebfb-b0de-4ac3-8b53-95501544bea2 => generated 243 bytes in 12 msecs (HTTP/1.1 200) 8 headers in 296 bytes (1 switches on core 0)
2026-05-08 00:35:03.735 7 INFO placement.requestlog [None req-59fd2a9e-ac24-444d-b53d-1e1f128e514b 7a79bb8be8a6482baa15643b0fa88b90 01653664273b414098065411941f1f14 - - 5b64b9fa9c15478b816ce505b26a9aaf 5b64b9fa9c15478b816ce505b26a9aaf] 10.0.0.248 "GET /resource_providers/8b0508ea-3a1c-4c99-862b-a64e81411bdb/aggregates" status: 404 len: 235 microversion: 1.1 [pid: 7|app: 0|req: 333/666] 10.0.0.248 () {32 vars in 816 bytes} [Fri May 8 00:35:03 2026] GET /resource_providers/8b0508ea-3a1c-4c99-862b-a64e81411bdb/aggregates => generated 235 bytes in 9 msecs (HTTP/1.1 404) 5 headers in 202 bytes (1 switches on core 0)
2026-05-08 00:35:03.738 8 INFO placement.requestlog [None req-bf0d5495-2a6f-484d-83f5-97191b47f45d 7a79bb8be8a6482baa15643b0fa88b90 01653664273b414098065411941f1f14 - - 5b64b9fa9c15478b816ce505b26a9aaf 5b64b9fa9c15478b816ce505b26a9aaf] 10.0.0.248 "GET /resource_providers/8b0508ea-3a1c-4c99-862b-a64e81411bdb/aggregates" status: 404 len: 235 microversion: 1.1 [pid: 8|app: 0|req: 334/667] 10.0.0.248 () {32 vars in 816 bytes} [Fri May 8 00:35:03 2026] GET /resource_providers/8b0508ea-3a1c-4c99-862b-a64e81411bdb/aggregates => generated 235 bytes in 10 msecs (HTTP/1.1 404) 5 headers in 202 bytes (1 switches on core 0)
2026-05-08 00:35:03.759 7 INFO placement.requestlog [None req-b38aad1c-21de-4f34-b35f-6b71c28c4da2 7a79bb8be8a6482baa15643b0fa88b90 01653664273b414098065411941f1f14 - - 5b64b9fa9c15478b816ce505b26a9aaf 5b64b9fa9c15478b816ce505b26a9aaf] 10.0.0.248 "DELETE /resource_providers/8b0508ea-3a1c-4c99-862b-a64e81411bdb" status: 404 len: 246 microversion: 1.1 [pid: 7|app: 0|req: 334/668] 10.0.0.248 () {34 vars in 816 bytes} [Fri May 8 00:35:03 2026] DELETE /resource_providers/8b0508ea-3a1c-4c99-862b-a64e81411bdb => generated 246 bytes in 11 msecs (HTTP/1.1 404) 6 headers in 231 bytes (1 switches on core 0)
2026-05-08 00:35:03.762 8 INFO placement.requestlog [None req-195e8666-0885-488c-8c44-bb2f9faa90dc 7a79bb8be8a6482baa15643b0fa88b90 01653664273b414098065411941f1f14 - - 5b64b9fa9c15478b816ce505b26a9aaf 5b64b9fa9c15478b816ce505b26a9aaf] 10.0.0.248 "DELETE /resource_providers/8b0508ea-3a1c-4c99-862b-a64e81411bdb" status: 404 len: 246 microversion: 1.1 [pid: 8|app: 0|req: 335/669] 10.0.0.248 () {34 vars in 816 bytes} [Fri May 8 00:35:03 2026] DELETE /resource_providers/8b0508ea-3a1c-4c99-862b-a64e81411bdb => generated 246 bytes in 13 msecs (HTTP/1.1 404) 6 headers in 231 bytes (1 switches on core 0)
2026-05-08 00:35:04.093 7 INFO placement.requestlog [req-096030c1-880a-4743-87bc-4289101bd5aa req-62c2ab0f-2b40-4460-9d19-eee871f0e6c8 4135e5f673a347d4a4f57387341ad84e 01653664273b414098065411941f1f14 - - 5b64b9fa9c15478b816ce505b26a9aaf 5b64b9fa9c15478b816ce505b26a9aaf] 199.19.213.90 "DELETE /allocations/80bc0154-ae92-4ab1-9fbc-3ae99dec9afc" status: 204 len: 0 microversion: 1.0 [pid: 7|app: 0|req: 335/670] 199.19.213.90 () {34 vars in 840 bytes} [Fri May 8 00:35:04 2026] DELETE /allocations/80bc0154-ae92-4ab1-9fbc-3ae99dec9afc => generated 0 bytes in 28 msecs (HTTP/1.1 204) 5 headers in 198 bytes (1 switches on core 0)
2026-05-08 00:35:04.143 8 INFO placement.requestlog [None req-bd88b227-6da4-48c1-8e6e-7c0808b06efc 7a79bb8be8a6482baa15643b0fa88b90 01653664273b414098065411941f1f14 - - 5b64b9fa9c15478b816ce505b26a9aaf 5b64b9fa9c15478b816ce505b26a9aaf] 10.0.0.248 "GET /resource_providers/2d542b94-ef35-4c74-b897-1c31b6167cf0/aggregates" status: 404 len: 235 microversion: 1.1 [pid: 8|app: 0|req: 336/671] 10.0.0.248 () {32 vars in 816 bytes} [Fri May 8 00:35:04 2026] GET /resource_providers/2d542b94-ef35-4c74-b897-1c31b6167cf0/aggregates => generated 235 bytes in 22 msecs (HTTP/1.1 404) 5 headers in 202 bytes (1 switches on core 0)
2026-05-08 00:35:04.144 7 INFO placement.requestlog [None req-822869ed-a509-4f71-a2c6-9438da745e3f 7a79bb8be8a6482baa15643b0fa88b90 01653664273b414098065411941f1f14 - - 5b64b9fa9c15478b816ce505b26a9aaf 5b64b9fa9c15478b816ce505b26a9aaf] 10.0.0.248 "GET /resource_providers/2d542b94-ef35-4c74-b897-1c31b6167cf0/aggregates" status: 404 len: 235 microversion: 1.1 [pid: 7|app: 0|req: 336/672] 10.0.0.248 () {32 vars in 816 bytes} [Fri May 8 00:35:04 2026] GET /resource_providers/2d542b94-ef35-4c74-b897-1c31b6167cf0/aggregates => generated 235 bytes in 18 msecs (HTTP/1.1 404) 5 headers in 202 bytes (1 switches on core 0)
2026-05-08 00:35:04.173 8 INFO placement.requestlog [None req-5a3eb4ba-c07f-4374-9439-e64a5b92eb5e 7a79bb8be8a6482baa15643b0fa88b90 01653664273b414098065411941f1f14 - - 5b64b9fa9c15478b816ce505b26a9aaf 5b64b9fa9c15478b816ce505b26a9aaf] 10.0.0.248 "DELETE /resource_providers/2d542b94-ef35-4c74-b897-1c31b6167cf0" status: 404 len: 246 microversion: 1.1 [pid: 8|app: 0|req: 337/673] 10.0.0.248 () {34 vars in 816 bytes} [Fri May 8 00:35:04 2026] DELETE /resource_providers/2d542b94-ef35-4c74-b897-1c31b6167cf0 => generated 246 bytes in 12 msecs (HTTP/1.1 404) 6 headers in 231 bytes (1 switches on core 0)
2026-05-08 00:35:04.176 7 INFO placement.requestlog [None req-318e6e9b-9588-4fd7-a847-8d9d62a8c998 7a79bb8be8a6482baa15643b0fa88b90 01653664273b414098065411941f1f14 - - 5b64b9fa9c15478b816ce505b26a9aaf 5b64b9fa9c15478b816ce505b26a9aaf] 10.0.0.248 "DELETE /resource_providers/2d542b94-ef35-4c74-b897-1c31b6167cf0" status: 404 len: 246 microversion: 1.1 [pid: 7|app: 0|req: 337/674] 10.0.0.248 () {34 vars in 816 bytes} [Fri May 8 00:35:04 2026] DELETE /resource_providers/2d542b94-ef35-4c74-b897-1c31b6167cf0 => generated 246 bytes in 11 msecs (HTTP/1.1 404) 6 headers in 231 bytes (1 switches on core 0)
2026-05-08 00:35:04.253 8 INFO placement.requestlog [req-750d395b-2625-4b89-8c04-fdbddae38e75 req-588d9918-298f-4bd9-aa41-fdf2151bcb6d 4135e5f673a347d4a4f57387341ad84e 01653664273b414098065411941f1f14 - - 5b64b9fa9c15478b816ce505b26a9aaf 5b64b9fa9c15478b816ce505b26a9aaf] 199.19.213.90 "GET /resource_providers/2088971a-7f18-4977-87b6-7ea5f6064a93/allocations" status: 200 len: 238 microversion: 1.0 [pid: 8|app: 0|req: 338/675] 199.19.213.90 () {32 vars in 856 bytes} [Fri May 8 00:35:04 2026] GET /resource_providers/2088971a-7f18-4977-87b6-7ea5f6064a93/allocations => generated 238 bytes in 21 msecs (HTTP/1.1 200) 6 headers in 224 bytes (1 switches on core 0)
2026-05-08 00:35:04.274 7 INFO placement.requestlog [req-750d395b-2625-4b89-8c04-fdbddae38e75 req-41a6afd5-4b26-42cf-b60c-c46e8d0e0ccd 4135e5f673a347d4a4f57387341ad84e 01653664273b414098065411941f1f14 - - 5b64b9fa9c15478b816ce505b26a9aaf 5b64b9fa9c15478b816ce505b26a9aaf] 199.19.213.90 "GET /allocations/6138c9e2-fd21-47e4-9e5b-f901922fc7fa" status: 200 len: 257 microversion: 1.28 [pid: 7|app: 0|req: 338/676] 199.19.213.90 () {34 vars in 862 bytes} [Fri May 8 00:35:04 2026] GET /allocations/6138c9e2-fd21-47e4-9e5b-f901922fc7fa => generated 257 bytes in 14 msecs (HTTP/1.1 200) 8 headers in 296 bytes (1 switches on core 0)
