2026-05-08 00:39:58.904 7 INFO neutron.db.ovn_revision_numbers_db [None req-2bd3f9a6-4abf-4e8a-9529-9a1a2026c8ec 6b8c7a65425b4b059fcab81b304889f5 a87ef46ed79044ff893ef6529015f451 - - default default] Successfully bumped revision number for resource bf346723-0237-4e7b-8ba3-81713370e96e (type: security_groups) to 1
2026-05-08 00:39:58.916 7 INFO neutron.db.ovn_revision_numbers_db [None req-2bd3f9a6-4abf-4e8a-9529-9a1a2026c8ec 6b8c7a65425b4b059fcab81b304889f5 a87ef46ed79044ff893ef6529015f451 - - default default] Successfully bumped revision number for resource 36527c9f-988a-48c8-b967-9dc9f23a2528 (type: security_group_rules) to 0
2026-05-08 00:39:58.929 7 INFO neutron.db.ovn_revision_numbers_db [None req-2bd3f9a6-4abf-4e8a-9529-9a1a2026c8ec 6b8c7a65425b4b059fcab81b304889f5 a87ef46ed79044ff893ef6529015f451 - - default default] Successfully bumped revision number for resource 5aed696a-0a8e-44cd-9816-9fa7864c02d7 (type: security_group_rules) to 0
2026-05-08 00:39:58.941 7 INFO neutron.db.ovn_revision_numbers_db [None req-2bd3f9a6-4abf-4e8a-9529-9a1a2026c8ec 6b8c7a65425b4b059fcab81b304889f5 a87ef46ed79044ff893ef6529015f451 - - default default] Successfully bumped revision number for resource 61f4b59d-56de-4a3c-8c1c-b9746579d5f3 (type: security_group_rules) to 0
2026-05-08 00:39:58.982 7 INFO neutron.db.ovn_revision_numbers_db [None req-2bd3f9a6-4abf-4e8a-9529-9a1a2026c8ec 6b8c7a65425b4b059fcab81b304889f5 a87ef46ed79044ff893ef6529015f451 - - default default] Successfully bumped revision number for resource 735a25e6-9d00-4944-a3b4-707dbe177f33 (type: security_group_rules) to 0
2026-05-08 00:39:59.078 7 INFO neutron.db.segments_db [None req-2bd3f9a6-4abf-4e8a-9529-9a1a2026c8ec 6b8c7a65425b4b059fcab81b304889f5 a87ef46ed79044ff893ef6529015f451 - - default default] Added segment cbdbb0c6-0a34-4ee6-9738-9e0acdf87849 of type geneve for network 3905b362-187e-44a2-8d5a-faa9a18cf0bb
2026-05-08 00:39:59.223 7 INFO neutron.db.ovn_revision_numbers_db [None req-2bd3f9a6-4abf-4e8a-9529-9a1a2026c8ec 6b8c7a65425b4b059fcab81b304889f5 a87ef46ed79044ff893ef6529015f451 - - default default] Successfully bumped revision number for resource 3905b362-187e-44a2-8d5a-faa9a18cf0bb (type: networks) to 1
2026-05-08 00:39:59.380 7 WARNING neutron.scheduler.dhcp_agent_scheduler [None req-2bd3f9a6-4abf-4e8a-9529-9a1a2026c8ec 6b8c7a65425b4b059fcab81b304889f5 a87ef46ed79044ff893ef6529015f451 - - default default] No more DHCP agents
2026-05-08 00:39:59.382 7 WARNING neutron.api.rpc.agentnotifiers.dhcp_rpc_agent_api [None req-2bd3f9a6-4abf-4e8a-9529-9a1a2026c8ec 6b8c7a65425b4b059fcab81b304889f5 a87ef46ed79044ff893ef6529015f451 - - default default] Unable to schedule network 3905b362-187e-44a2-8d5a-faa9a18cf0bb: no agents available; will retry on subsequent port and subnet creation events.
2026-05-08 00:39:59.450 7 INFO neutron.plugins.ml2.drivers.ovn.mech_driver.mech_driver [None req-08e80de5-98c5-44fb-9ee9-962d4bf28a0f - - - - - -] OVN reports status down for port: 6b0f6b4f-6699-471d-8c16-7110f5f4dbef
2026-05-08 00:39:59.516 7 INFO neutron.db.ovn_revision_numbers_db [None req-2bd3f9a6-4abf-4e8a-9529-9a1a2026c8ec 6b8c7a65425b4b059fcab81b304889f5 a87ef46ed79044ff893ef6529015f451 - - default default] Successfully bumped revision number for resource 6b0f6b4f-6699-471d-8c16-7110f5f4dbef (type: ports) to 1 [pid: 7|app: 0|req: 1419/2994] 10.0.0.134 () {34 vars in 669 bytes} [Fri May 8 00:39:58 2026] POST /v2.0/networks => generated 632 bytes in 983 msecs (HTTP/1.1 201) 4 headers in 162 bytes (1 switches on core 0)
2026-05-08 00:39:59.673 8 INFO neutron.db.segments_db [None req-779789fc-f191-43ee-9997-3f33a45c688e 6b8c7a65425b4b059fcab81b304889f5 a87ef46ed79044ff893ef6529015f451 - - default default] Added segment 1b6e0b7f-e553-4f15-8cb0-d1b67342251b of type geneve for network 2a2771ee-4cb4-4b2e-9053-e1d565284afb
2026-05-08 00:39:59.813 8 INFO neutron.db.ovn_revision_numbers_db [None req-779789fc-f191-43ee-9997-3f33a45c688e 6b8c7a65425b4b059fcab81b304889f5 a87ef46ed79044ff893ef6529015f451 - - default default] Successfully bumped revision number for resource 2a2771ee-4cb4-4b2e-9053-e1d565284afb (type: networks) to 1
2026-05-08 00:39:59.971 8 WARNING neutron.scheduler.dhcp_agent_scheduler [None req-779789fc-f191-43ee-9997-3f33a45c688e 6b8c7a65425b4b059fcab81b304889f5 a87ef46ed79044ff893ef6529015f451 - - default default] No more DHCP agents
2026-05-08 00:39:59.972 8 WARNING neutron.api.rpc.agentnotifiers.dhcp_rpc_agent_api [None req-779789fc-f191-43ee-9997-3f33a45c688e 6b8c7a65425b4b059fcab81b304889f5 a87ef46ed79044ff893ef6529015f451 - - default default] Unable to schedule network 2a2771ee-4cb4-4b2e-9053-e1d565284afb: no agents available; will retry on subsequent port and subnet creation events.
2026-05-08 00:40:00.036 7 INFO neutron.plugins.ml2.drivers.ovn.mech_driver.mech_driver [None req-08e80de5-98c5-44fb-9ee9-962d4bf28a0f - - - - - -] OVN reports status down for port: 6dcd0745-e77a-4523-b0ca-ec7b2a50c66c
2026-05-08 00:40:00.092 8 INFO neutron.db.ovn_revision_numbers_db [None req-779789fc-f191-43ee-9997-3f33a45c688e 6b8c7a65425b4b059fcab81b304889f5 a87ef46ed79044ff893ef6529015f451 - - default default] Successfully bumped revision number for resource 6dcd0745-e77a-4523-b0ca-ec7b2a50c66c (type: ports) to 1 [pid: 8|app: 0|req: 1576/2995] 10.0.0.134 () {34 vars in 669 bytes} [Fri May 8 00:39:59 2026] POST /v2.0/networks => generated 632 bytes in 544 msecs (HTTP/1.1 201) 4 headers in 162 bytes (1 switches on core 0)
2026-05-08 00:40:00.226 7 INFO neutron.db.segments_db [None req-82ad9d02-c164-48ec-9d0f-73f3f0c1eaaa 6b8c7a65425b4b059fcab81b304889f5 a87ef46ed79044ff893ef6529015f451 - - default default] Added segment 23784570-4cf4-4039-a362-c51c1570056c of type geneve for network 994587d8-8a41-47fc-af0c-32f765f703a9
2026-05-08 00:40:00.345 7 INFO neutron.db.ovn_revision_numbers_db [None req-82ad9d02-c164-48ec-9d0f-73f3f0c1eaaa 6b8c7a65425b4b059fcab81b304889f5 a87ef46ed79044ff893ef6529015f451 - - default default] Successfully bumped revision number for resource 994587d8-8a41-47fc-af0c-32f765f703a9 (type: networks) to 1
2026-05-08 00:40:00.500 7 WARNING neutron.scheduler.dhcp_agent_scheduler [None req-82ad9d02-c164-48ec-9d0f-73f3f0c1eaaa 6b8c7a65425b4b059fcab81b304889f5 a87ef46ed79044ff893ef6529015f451 - - default default] No more DHCP agents
2026-05-08 00:40:00.502 7 WARNING neutron.api.rpc.agentnotifiers.dhcp_rpc_agent_api [None req-82ad9d02-c164-48ec-9d0f-73f3f0c1eaaa 6b8c7a65425b4b059fcab81b304889f5 a87ef46ed79044ff893ef6529015f451 - - default default] Unable to schedule network 994587d8-8a41-47fc-af0c-32f765f703a9: no agents available; will retry on subsequent port and subnet creation events.
2026-05-08 00:40:01.514 7 INFO neutron.plugins.ml2.drivers.ovn.mech_driver.mech_driver [None req-08e80de5-98c5-44fb-9ee9-962d4bf28a0f - - - - - -] OVN reports status down for port: 37bbfe28-f98a-4e27-af76-f01980f7e95c
2026-05-08 00:40:01.579 7 INFO neutron.db.ovn_revision_numbers_db [None req-82ad9d02-c164-48ec-9d0f-73f3f0c1eaaa 6b8c7a65425b4b059fcab81b304889f5 a87ef46ed79044ff893ef6529015f451 - - default default] Successfully bumped revision number for resource 37bbfe28-f98a-4e27-af76-f01980f7e95c (type: ports) to 1 [pid: 7|app: 0|req: 1420/2996] 10.0.0.134 () {34 vars in 669 bytes} [Fri May 8 00:40:00 2026] POST /v2.0/networks => generated 631 bytes in 1487 msecs (HTTP/1.1 201) 4 headers in 162 bytes (1 switches on core 0)
2026-05-08 00:40:01.715 8 INFO neutron.db.segments_db [None req-f68441bf-a88b-4efd-9e21-712f297e6bee 6b8c7a65425b4b059fcab81b304889f5 a87ef46ed79044ff893ef6529015f451 - - default default] Added segment 59e29f5a-c138-4426-ae7b-471045700144 of type geneve for network ec2acae6-2209-484c-b996-358a28645b66
2026-05-08 00:40:01.832 8 INFO neutron.db.ovn_revision_numbers_db [None req-f68441bf-a88b-4efd-9e21-712f297e6bee 6b8c7a65425b4b059fcab81b304889f5 a87ef46ed79044ff893ef6529015f451 - - default default] Successfully bumped revision number for resource ec2acae6-2209-484c-b996-358a28645b66 (type: networks) to 1
2026-05-08 00:40:01.995 8 WARNING neutron.scheduler.dhcp_agent_scheduler [None req-f68441bf-a88b-4efd-9e21-712f297e6bee 6b8c7a65425b4b059fcab81b304889f5 a87ef46ed79044ff893ef6529015f451 - - default default] No more DHCP agents
2026-05-08 00:40:01.996 8 WARNING neutron.api.rpc.agentnotifiers.dhcp_rpc_agent_api [None req-f68441bf-a88b-4efd-9e21-712f297e6bee 6b8c7a65425b4b059fcab81b304889f5 a87ef46ed79044ff893ef6529015f451 - - default default] Unable to schedule network ec2acae6-2209-484c-b996-358a28645b66: no agents available; will retry on subsequent port and subnet creation events.
2026-05-08 00:40:02.075 7 INFO neutron.plugins.ml2.drivers.ovn.mech_driver.mech_driver [None req-08e80de5-98c5-44fb-9ee9-962d4bf28a0f - - - - - -] OVN reports status down for port: 431f9f47-75cc-49fa-99b6-7e50bed123cc
2026-05-08 00:40:02.117 8 INFO neutron.db.ovn_revision_numbers_db [None req-f68441bf-a88b-4efd-9e21-712f297e6bee 6b8c7a65425b4b059fcab81b304889f5 a87ef46ed79044ff893ef6529015f451 - - default default] Successfully bumped revision number for resource 431f9f47-75cc-49fa-99b6-7e50bed123cc (type: ports) to 1 [pid: 8|app: 0|req: 1577/2997] 10.0.0.134 () {34 vars in 669 bytes} [Fri May 8 00:40:01 2026] POST /v2.0/networks => generated 631 bytes in 514 msecs (HTTP/1.1 201) 4 headers in 162 bytes (1 switches on core 0)
2026-05-08 00:40:02.252 7 INFO neutron.db.segments_db [None req-a11fb70f-4f1e-4cf4-a93f-1123b0545cb1 6b8c7a65425b4b059fcab81b304889f5 a87ef46ed79044ff893ef6529015f451 - - default default] Added segment 0888c387-87a4-4a1f-a1bf-bab00797f624 of type geneve for network dc774630-ea34-47a9-93b8-ceb50b284648
2026-05-08 00:40:02.400 7 INFO neutron.db.ovn_revision_numbers_db [None req-a11fb70f-4f1e-4cf4-a93f-1123b0545cb1 6b8c7a65425b4b059fcab81b304889f5 a87ef46ed79044ff893ef6529015f451 - - default default] Successfully bumped revision number for resource dc774630-ea34-47a9-93b8-ceb50b284648 (type: networks) to 1
2026-05-08 00:40:02.549 7 WARNING neutron.scheduler.dhcp_agent_scheduler [None req-a11fb70f-4f1e-4cf4-a93f-1123b0545cb1 6b8c7a65425b4b059fcab81b304889f5 a87ef46ed79044ff893ef6529015f451 - - default default] No more DHCP agents
2026-05-08 00:40:02.551 7 WARNING neutron.api.rpc.agentnotifiers.dhcp_rpc_agent_api [None req-a11fb70f-4f1e-4cf4-a93f-1123b0545cb1 6b8c7a65425b4b059fcab81b304889f5 a87ef46ed79044ff893ef6529015f451 - - default default] Unable to schedule network dc774630-ea34-47a9-93b8-ceb50b284648: no agents available; will retry on subsequent port and subnet creation events.
2026-05-08 00:40:02.615 7 INFO neutron.plugins.ml2.drivers.ovn.mech_driver.mech_driver [None req-08e80de5-98c5-44fb-9ee9-962d4bf28a0f - - - - - -] OVN reports status down for port: aea1c81d-6454-405e-8e08-2f8f02a6a7c2
2026-05-08 00:40:02.679 7 INFO neutron.db.ovn_revision_numbers_db [None req-a11fb70f-4f1e-4cf4-a93f-1123b0545cb1 6b8c7a65425b4b059fcab81b304889f5 a87ef46ed79044ff893ef6529015f451 - - default default] Successfully bumped revision number for resource aea1c81d-6454-405e-8e08-2f8f02a6a7c2 (type: ports) to 1 [pid: 7|app: 0|req: 1421/2998] 10.0.0.134 () {34 vars in 669 bytes} [Fri May 8 00:40:02 2026] POST /v2.0/networks => generated 631 bytes in 579 msecs (HTTP/1.1 201) 4 headers in 162 bytes (1 switches on core 0) [pid: 8|app: 0|req: 1578/2999] 10.0.0.134 () {34 vars in 752 bytes} [Fri May 8 00:40:02 2026] PUT /v2.0/networks/3905b362-187e-44a2-8d5a-faa9a18cf0bb/tags => generated 17 bytes in 74 msecs (HTTP/1.1 200) 4 headers in 156 bytes (1 switches on core 0) [pid: 7|app: 0|req: 1422/3000] 10.0.0.134 () {34 vars in 752 bytes} [Fri May 8 00:40:02 2026] PUT /v2.0/networks/2a2771ee-4cb4-4b2e-9053-e1d565284afb/tags => generated 25 bytes in 65 msecs (HTTP/1.1 200) 4 headers in 156 bytes (1 switches on core 0) [pid: 8|app: 0|req: 1579/3001] 10.0.0.134 () {34 vars in 752 bytes} [Fri May 8 00:40:02 2026] PUT /v2.0/networks/994587d8-8a41-47fc-af0c-32f765f703a9/tags => generated 34 bytes in 60 msecs (HTTP/1.1 200) 4 headers in 156 bytes (1 switches on core 0) [pid: 7|app: 0|req: 1423/3002] 10.0.0.134 () {34 vars in 752 bytes} [Fri May 8 00:40:02 2026] PUT /v2.0/networks/ec2acae6-2209-484c-b996-358a28645b66/tags => generated 19 bytes in 65 msecs (HTTP/1.1 200) 4 headers in 156 bytes (1 switches on core 0) [pid: 8|app: 0|req: 1580/3003] 10.0.0.134 () {32 vars in 665 bytes} [Fri May 8 00:40:03 2026] GET /v2.0/networks?tags=red => generated 1874 bytes in 67 msecs (HTTP/1.1 200) 4 headers in 158 bytes (1 switches on core 0) [pid: 7|app: 0|req: 1424/3004] 10.0.0.134 () {32 vars in 679 bytes} [Fri May 8 00:40:03 2026] GET /v2.0/networks?tags=red%2Cblue => generated 1261 bytes in 47 msecs (HTTP/1.1 200) 4 headers in 158 bytes (1 switches on core 0) [pid: 8|app: 0|req: 1581/3005] 10.0.0.134 () {32 vars in 675 bytes} [Fri May 8 00:40:03 2026] GET /v2.0/networks?tags-any=blue => generated 1261 bytes in 58 msecs (HTTP/1.1 200) 4 headers in 158 bytes (1 switches on core 0) [pid: 7|app: 0|req: 1425/3006] 10.0.0.134 () {32 vars in 687 bytes} [Fri May 8 00:40:03 2026] GET /v2.0/networks?tags-any=red%2Cblue => generated 1874 bytes in 56 msecs (HTTP/1.1 200) 4 headers in 158 bytes (1 switches on core 0) [pid: 8|app: 0|req: 1582/3007] 10.0.0.134 () {32 vars in 673 bytes} [Fri May 8 00:40:03 2026] GET /v2.0/networks?not-tags=red => generated 1872 bytes in 70 msecs (HTTP/1.1 200) 4 headers in 158 bytes (1 switches on core 0) [pid: 7|app: 0|req: 1426/3008] 10.0.0.134 () {32 vars in 687 bytes} [Fri May 8 00:40:03 2026] GET /v2.0/networks?not-tags=red%2Cblue => generated 2485 bytes in 71 msecs (HTTP/1.1 200) 4 headers in 158 bytes (1 switches on core 0) [pid: 8|app: 0|req: 1583/3009] 10.0.0.134 () {32 vars in 683 bytes} [Fri May 8 00:40:03 2026] GET /v2.0/networks?not-tags-any=blue => generated 2485 bytes in 72 msecs (HTTP/1.1 200) 4 headers in 158 bytes (1 switches on core 0) [pid: 7|app: 0|req: 1427/3010] 10.0.0.134 () {32 vars in 695 bytes} [Fri May 8 00:40:03 2026] GET /v2.0/networks?not-tags-any=red%2Cblue => generated 1872 bytes in 61 msecs (HTTP/1.1 200) 4 headers in 158 bytes (1 switches on core 0)
2026-05-08 00:40:03.693 8 INFO neutron_taas.services.taas.taas_plugin [None req-3908afa0-71ef-448f-b2ef-612715f94507 6b8c7a65425b4b059fcab81b304889f5 a87ef46ed79044ff893ef6529015f451 - - default default] TaaS: Handle Delete Port: 6b0f6b4f-6699-471d-8c16-7110f5f4dbef
2026-05-08 00:40:03.698 8 INFO neutron_taas.services.taas.tap_mirror_plugin [None req-3908afa0-71ef-448f-b2ef-612715f94507 6b8c7a65425b4b059fcab81b304889f5 a87ef46ed79044ff893ef6529015f451 - - default default] Tap Mirror: Handle Delete Port: 6b0f6b4f-6699-471d-8c16-7110f5f4dbef
2026-05-08 00:40:03.933 8 INFO neutron.services.segments.plugin [-] Segment cbdbb0c6-0a34-4ee6-9738-9e0acdf87849 resource provider aggregate not found
2026-05-08 00:40:03.945 8 INFO neutron.services.segments.plugin [-] Segment cbdbb0c6-0a34-4ee6-9738-9e0acdf87849 resource provider aggregate not found
2026-05-08 00:40:03.957 8 INFO neutron.services.segments.plugin [-] Segment cbdbb0c6-0a34-4ee6-9738-9e0acdf87849 resource provider not found; error: Placement Client Error (4xx): {"errors": [{"status": 404, "title": "Not Found", "detail": "The resource could not be found.\n\n No resource provider with uuid cbdbb0c6-0a34-4ee6-9738-9e0acdf87849 found for delete ", "request_id": "req-b35bb7ab-9e60-4b1a-bb62-ac2d98b46de5"}]}
2026-05-08 00:40:03.962 8 INFO neutron.services.segments.plugin [-] Segment cbdbb0c6-0a34-4ee6-9738-9e0acdf87849 resource provider not found; error: Placement Client Error (4xx): {"errors": [{"status": 404, "title": "Not Found", "detail": "The resource could not be found.\n\n No resource provider with uuid cbdbb0c6-0a34-4ee6-9738-9e0acdf87849 found for delete ", "request_id": "req-93ab6ae3-7374-4287-8338-878b54c5bd63"}]} [pid: 8|app: 0|req: 1584/3011] 10.0.0.134 () {32 vars in 725 bytes} [Fri May 8 00:40:03 2026] DELETE /v2.0/networks/3905b362-187e-44a2-8d5a-faa9a18cf0bb => generated 0 bytes in 414 msecs (HTTP/1.1 204) 3 headers in 131 bytes (1 switches on core 0)
2026-05-08 00:40:04.147 7 INFO neutron_taas.services.taas.taas_plugin [None req-f30a73dd-87a3-4738-8617-ed3b0ba361a0 6b8c7a65425b4b059fcab81b304889f5 a87ef46ed79044ff893ef6529015f451 - - default default] TaaS: Handle Delete Port: 6dcd0745-e77a-4523-b0ca-ec7b2a50c66c
2026-05-08 00:40:04.149 7 INFO neutron_taas.services.taas.tap_mirror_plugin [None req-f30a73dd-87a3-4738-8617-ed3b0ba361a0 6b8c7a65425b4b059fcab81b304889f5 a87ef46ed79044ff893ef6529015f451 - - default default] Tap Mirror: Handle Delete Port: 6dcd0745-e77a-4523-b0ca-ec7b2a50c66c
2026-05-08 00:40:04.350 7 INFO neutron.services.segments.plugin [-] Segment 1b6e0b7f-e553-4f15-8cb0-d1b67342251b resource provider aggregate not found
2026-05-08 00:40:04.366 7 INFO neutron.services.segments.plugin [-] Segment 1b6e0b7f-e553-4f15-8cb0-d1b67342251b resource provider aggregate not found
2026-05-08 00:40:04.372 7 INFO neutron.services.segments.plugin [-] Segment 1b6e0b7f-e553-4f15-8cb0-d1b67342251b resource provider not found; error: Placement Client Error (4xx): {"errors": [{"status": 404, "title": "Not Found", "detail": "The resource could not be found.\n\n No resource provider with uuid 1b6e0b7f-e553-4f15-8cb0-d1b67342251b found for delete ", "request_id": "req-d7c8e1c9-5dfe-452c-bf4e-8001781d5ef0"}]}
2026-05-08 00:40:04.389 7 INFO neutron.services.segments.plugin [-] Segment 1b6e0b7f-e553-4f15-8cb0-d1b67342251b resource provider not found; error: Placement Client Error (4xx): {"errors": [{"status": 404, "title": "Not Found", "detail": "The resource could not be found.\n\n No resource provider with uuid 1b6e0b7f-e553-4f15-8cb0-d1b67342251b found for delete ", "request_id": "req-6c6a95c0-d047-41a8-a177-a3ffd41c9651"}]} [pid: 7|app: 0|req: 1428/3012] 10.0.0.134 () {32 vars in 725 bytes} [Fri May 8 00:40:03 2026] DELETE /v2.0/networks/2a2771ee-4cb4-4b2e-9053-e1d565284afb => generated 0 bytes in 422 msecs (HTTP/1.1 204) 3 headers in 131 bytes (1 switches on core 0)
2026-05-08 00:40:05.294 8 INFO neutron_taas.services.taas.taas_plugin [None req-23b2479e-1e82-4da3-a820-c3ded38c8065 6b8c7a65425b4b059fcab81b304889f5 a87ef46ed79044ff893ef6529015f451 - - default default] TaaS: Handle Delete Port: 37bbfe28-f98a-4e27-af76-f01980f7e95c
2026-05-08 00:40:05.297 8 INFO neutron_taas.services.taas.tap_mirror_plugin [None req-23b2479e-1e82-4da3-a820-c3ded38c8065 6b8c7a65425b4b059fcab81b304889f5 a87ef46ed79044ff893ef6529015f451 - - default default] Tap Mirror: Handle Delete Port: 37bbfe28-f98a-4e27-af76-f01980f7e95c [pid: 8|app: 0|req: 1585/3013] 10.0.0.134 () {32 vars in 725 bytes} [Fri May 8 00:40:04 2026] DELETE /v2.0/networks/994587d8-8a41-47fc-af0c-32f765f703a9 => generated 0 bytes in 1100 msecs (HTTP/1.1 204) 3 headers in 131 bytes (1 switches on core 0)
2026-05-08 00:40:05.644 7 INFO neutron_taas.services.taas.taas_plugin [None req-945d6e71-4782-4edd-a3b4-3d3b50f523e3 6b8c7a65425b4b059fcab81b304889f5 a87ef46ed79044ff893ef6529015f451 - - default default] TaaS: Handle Delete Port: 431f9f47-75cc-49fa-99b6-7e50bed123cc
2026-05-08 00:40:05.647 7 INFO neutron_taas.services.taas.tap_mirror_plugin [None req-945d6e71-4782-4edd-a3b4-3d3b50f523e3 6b8c7a65425b4b059fcab81b304889f5 a87ef46ed79044ff893ef6529015f451 - - default default] Tap Mirror: Handle Delete Port: 431f9f47-75cc-49fa-99b6-7e50bed123cc [pid: 7|app: 0|req: 1429/3014] 10.0.0.134 () {32 vars in 725 bytes} [Fri May 8 00:40:05 2026] DELETE /v2.0/networks/ec2acae6-2209-484c-b996-358a28645b66 => generated 0 bytes in 361 msecs (HTTP/1.1 204) 3 headers in 131 bytes (1 switches on core 0)
2026-05-08 00:40:05.982 8 INFO neutron.services.segments.plugin [-] Segment 23784570-4cf4-4039-a362-c51c1570056c resource provider aggregate not found
2026-05-08 00:40:05.988 8 INFO neutron.services.segments.plugin [-] Segment 23784570-4cf4-4039-a362-c51c1570056c resource provider aggregate not found
2026-05-08 00:40:06.000 8 INFO neutron.services.segments.plugin [-] Segment 23784570-4cf4-4039-a362-c51c1570056c resource provider not found; error: Placement Client Error (4xx): {"errors": [{"status": 404, "title": "Not Found", "detail": "The resource could not be found.\n\n No resource provider with uuid 23784570-4cf4-4039-a362-c51c1570056c found for delete ", "request_id": "req-1fd5827c-9060-4b9c-9426-70ee7ec2ae03"}]}
2026-05-08 00:40:06.004 8 INFO neutron.services.segments.plugin [-] Segment 23784570-4cf4-4039-a362-c51c1570056c resource provider not found; error: Placement Client Error (4xx): {"errors": [{"status": 404, "title": "Not Found", "detail": "The resource could not be found.\n\n No resource provider with uuid 23784570-4cf4-4039-a362-c51c1570056c found for delete ", "request_id": "req-4efb1f85-246b-49b4-ac55-15a9196a86cf"}]}
2026-05-08 00:40:06.040 8 INFO neutron_taas.services.taas.taas_plugin [None req-9de50f3c-f471-4612-a5d6-0bb97692418c 6b8c7a65425b4b059fcab81b304889f5 a87ef46ed79044ff893ef6529015f451 - - default default] TaaS: Handle Delete Port: aea1c81d-6454-405e-8e08-2f8f02a6a7c2
2026-05-08 00:40:06.044 8 INFO neutron_taas.services.taas.tap_mirror_plugin [None req-9de50f3c-f471-4612-a5d6-0bb97692418c 6b8c7a65425b4b059fcab81b304889f5 a87ef46ed79044ff893ef6529015f451 - - default default] Tap Mirror: Handle Delete Port: aea1c81d-6454-405e-8e08-2f8f02a6a7c2 [pid: 8|app: 0|req: 1586/3015] 10.0.0.134 () {32 vars in 725 bytes} [Fri May 8 00:40:05 2026] DELETE /v2.0/networks/dc774630-ea34-47a9-93b8-ceb50b284648 => generated 0 bytes in 381 msecs (HTTP/1.1 204) 3 headers in 131 bytes (1 switches on core 0)
2026-05-08 00:40:06.398 7 INFO neutron.services.segments.plugin [-] Segment 59e29f5a-c138-4426-ae7b-471045700144 resource provider aggregate not found
2026-05-08 00:40:06.411 7 INFO neutron.services.segments.plugin [-] Segment 59e29f5a-c138-4426-ae7b-471045700144 resource provider aggregate not found
2026-05-08 00:40:06.416 7 INFO neutron.services.segments.plugin [-] Segment 59e29f5a-c138-4426-ae7b-471045700144 resource provider not found; error: Placement Client Error (4xx): {"errors": [{"status": 404, "title": "Not Found", "detail": "The resource could not be found.\n\n No resource provider with uuid 59e29f5a-c138-4426-ae7b-471045700144 found for delete ", "request_id": "req-f441a19a-39fc-4af6-9c25-7fcb071d8bf3"}]}
2026-05-08 00:40:06.427 7 INFO neutron.services.segments.plugin [-] Segment 59e29f5a-c138-4426-ae7b-471045700144 resource provider not found; error: Placement Client Error (4xx): {"errors": [{"status": 404, "title": "Not Found", "detail": "The resource could not be found.\n\n No resource provider with uuid 59e29f5a-c138-4426-ae7b-471045700144 found for delete ", "request_id": "req-cdfbaa71-9ea7-4eea-a771-207efb6a3963"}]}
2026-05-08 00:40:07.519 7 INFO neutron.db.ovn_revision_numbers_db [None req-0106be01-bb0c-4728-9595-83e825598547 f3ee4d2c3ee14736929c73ee9976c790 d510869f598c4018a0468babfdc3c6b2 - - default default] Successfully bumped revision number for resource 4e9a5642-0077-4ec9-ae02-d6986502f833 (type: security_groups) to 1
2026-05-08 00:40:07.534 7 INFO neutron.db.ovn_revision_numbers_db [None req-0106be01-bb0c-4728-9595-83e825598547 f3ee4d2c3ee14736929c73ee9976c790 d510869f598c4018a0468babfdc3c6b2 - - default default] Successfully bumped revision number for resource 5783216f-7c3b-4bb7-b3e5-ea481a21abfe (type: security_group_rules) to 0
2026-05-08 00:40:07.551 7 INFO neutron.db.ovn_revision_numbers_db [None req-0106be01-bb0c-4728-9595-83e825598547 f3ee4d2c3ee14736929c73ee9976c790 d510869f598c4018a0468babfdc3c6b2 - - default default] Successfully bumped revision number for resource add0d786-92dc-4e14-9774-21f380c9fcd7 (type: security_group_rules) to 0
2026-05-08 00:40:07.568 7 INFO neutron.db.ovn_revision_numbers_db [None req-0106be01-bb0c-4728-9595-83e825598547 f3ee4d2c3ee14736929c73ee9976c790 d510869f598c4018a0468babfdc3c6b2 - - default default] Successfully bumped revision number for resource ed9ab6b9-e0ec-4e6a-95ea-808352540ab4 (type: security_group_rules) to 0
2026-05-08 00:40:07.580 7 INFO neutron.db.ovn_revision_numbers_db [None req-0106be01-bb0c-4728-9595-83e825598547 f3ee4d2c3ee14736929c73ee9976c790 d510869f598c4018a0468babfdc3c6b2 - - default default] Successfully bumped revision number for resource f0f77293-7321-464b-a3dc-146b5abaa3b6 (type: security_group_rules) to 0 [pid: 7|app: 0|req: 1430/3016] 10.0.0.134 () {32 vars in 773 bytes} [Fri May 8 00:40:07 2026] GET /v2.0/security-groups?tenant_id=1accaf4d12ff42bd83e4353420bbb4a5&name=default => generated 2929 bytes in 461 msecs (HTTP/1.1 200) 4 headers in 158 bytes (1 switches on core 0) [pid: 8|app: 0|req: 1587/3017] 10.0.0.134 () {32 vars in 739 bytes} [Fri May 8 00:40:07 2026] DELETE /v2.0/security-groups/4e9a5642-0077-4ec9-ae02-d6986502f833 => generated 0 bytes in 291 msecs (HTTP/1.1 204) 2 headers in 112 bytes (1 switches on core 0)
2026-05-08 00:40:08.023 8 INFO neutron.services.segments.plugin [-] Segment 0888c387-87a4-4a1f-a1bf-bab00797f624 resource provider aggregate not found
2026-05-08 00:40:08.027 8 INFO neutron.services.segments.plugin [-] Segment 0888c387-87a4-4a1f-a1bf-bab00797f624 resource provider aggregate not found
2026-05-08 00:40:08.036 8 INFO neutron.services.segments.plugin [-] Segment 0888c387-87a4-4a1f-a1bf-bab00797f624 resource provider not found; error: Placement Client Error (4xx): {"errors": [{"status": 404, "title": "Not Found", "detail": "The resource could not be found.\n\n No resource provider with uuid 0888c387-87a4-4a1f-a1bf-bab00797f624 found for delete ", "request_id": "req-e0b90554-9e5e-4549-a158-f636b3de547f"}]}
2026-05-08 00:40:08.039 8 INFO neutron.services.segments.plugin [-] Segment 0888c387-87a4-4a1f-a1bf-bab00797f624 resource provider not found; error: Placement Client Error (4xx): {"errors": [{"status": 404, "title": "Not Found", "detail": "The resource could not be found.\n\n No resource provider with uuid 0888c387-87a4-4a1f-a1bf-bab00797f624 found for delete ", "request_id": "req-09981000-bcd8-4efc-9f6e-1f57a813927d"}]} [pid: 7|app: 0|req: 1431/3018] 10.0.0.134 () {32 vars in 773 bytes} [Fri May 8 00:40:08 2026] GET /v2.0/security-groups?tenant_id=a87ef46ed79044ff893ef6529015f451&name=default => generated 2929 bytes in 24 msecs (HTTP/1.1 200) 4 headers in 158 bytes (1 switches on core 0) [pid: 8|app: 0|req: 1588/3019] 10.0.0.134 () {32 vars in 739 bytes} [Fri May 8 00:40:08 2026] DELETE /v2.0/security-groups/bf346723-0237-4e7b-8ba3-81713370e96e => generated 0 bytes in 269 msecs (HTTP/1.1 204) 2 headers in 112 bytes (1 switches on core 0)
2026-05-08 00:40:08.699 7 INFO neutron.db.ovn_revision_numbers_db [None req-62d869f6-1dc5-4df4-bba7-defa6d1d1305 f3ee4d2c3ee14736929c73ee9976c790 d510869f598c4018a0468babfdc3c6b2 - - default default] Successfully bumped revision number for resource 06ff9b8d-22f5-487d-a6ad-7c5a6c1fa65e (type: security_groups) to 1
2026-05-08 00:40:08.713 7 INFO neutron.db.ovn_revision_numbers_db [None req-62d869f6-1dc5-4df4-bba7-defa6d1d1305 f3ee4d2c3ee14736929c73ee9976c790 d510869f598c4018a0468babfdc3c6b2 - - default default] Successfully bumped revision number for resource 1e161ea3-8396-48c6-9998-e94e25e6d248 (type: security_group_rules) to 0
2026-05-08 00:40:08.724 7 INFO neutron.db.ovn_revision_numbers_db [None req-62d869f6-1dc5-4df4-bba7-defa6d1d1305 f3ee4d2c3ee14736929c73ee9976c790 d510869f598c4018a0468babfdc3c6b2 - - default default] Successfully bumped revision number for resource a3536455-92b8-415c-af59-93bdcf8cc883 (type: security_group_rules) to 0
2026-05-08 00:40:08.735 7 INFO neutron.db.ovn_revision_numbers_db [None req-62d869f6-1dc5-4df4-bba7-defa6d1d1305 f3ee4d2c3ee14736929c73ee9976c790 d510869f598c4018a0468babfdc3c6b2 - - default default] Successfully bumped revision number for resource bf7b3b99-eb8d-4cb0-8b39-1e0baf3a2560 (type: security_group_rules) to 0
2026-05-08 00:40:08.746 7 INFO neutron.db.ovn_revision_numbers_db [None req-62d869f6-1dc5-4df4-bba7-defa6d1d1305 f3ee4d2c3ee14736929c73ee9976c790 d510869f598c4018a0468babfdc3c6b2 - - default default] Successfully bumped revision number for resource f2040993-5f14-4713-9215-544c2b747754 (type: security_group_rules) to 0 [pid: 7|app: 0|req: 1432/3020] 10.0.0.134 () {32 vars in 773 bytes} [Fri May 8 00:40:08 2026] GET /v2.0/security-groups?tenant_id=c9665e6efe384435b4da419f1c09224f&name=default => generated 2929 bytes in 293 msecs (HTTP/1.1 200) 4 headers in 158 bytes (1 switches on core 0) [pid: 8|app: 0|req: 1589/3021] 10.0.0.134 () {32 vars in 739 bytes} [Fri May 8 00:40:08 2026] DELETE /v2.0/security-groups/06ff9b8d-22f5-487d-a6ad-7c5a6c1fa65e => generated 0 bytes in 321 msecs (HTTP/1.1 204) 2 headers in 112 bytes (1 switches on core 0)
2026-05-08 00:40:18.277 7 INFO neutron.db.ovn_revision_numbers_db [None req-835da656-81fd-4d23-968a-57d6e33591b3 d4edb5b711444f49a91d54e26e5364fe f4f590cb9ea6430f9f459a84706f3890 - - default default] Successfully bumped revision number for resource 78031488-5fc7-43da-b567-08386f9b0a05 (type: security_groups) to 1
2026-05-08 00:40:18.290 7 INFO neutron.db.ovn_revision_numbers_db [None req-835da656-81fd-4d23-968a-57d6e33591b3 d4edb5b711444f49a91d54e26e5364fe f4f590cb9ea6430f9f459a84706f3890 - - default default] Successfully bumped revision number for resource 0bb07d64-7ab3-4b3f-ab63-272db6aed179 (type: security_group_rules) to 0
2026-05-08 00:40:18.302 7 INFO neutron.db.ovn_revision_numbers_db [None req-835da656-81fd-4d23-968a-57d6e33591b3 d4edb5b711444f49a91d54e26e5364fe f4f590cb9ea6430f9f459a84706f3890 - - default default] Successfully bumped revision number for resource 845fd215-651b-48d5-9dab-1f3f8e305c01 (type: security_group_rules) to 0
2026-05-08 00:40:18.314 7 INFO neutron.db.ovn_revision_numbers_db [None req-835da656-81fd-4d23-968a-57d6e33591b3 d4edb5b711444f49a91d54e26e5364fe f4f590cb9ea6430f9f459a84706f3890 - - default default] Successfully bumped revision number for resource ec7c8211-5dde-47d3-a7e0-4d30fa68d2b5 (type: security_group_rules) to 0
2026-05-08 00:40:18.326 7 INFO neutron.db.ovn_revision_numbers_db [None req-835da656-81fd-4d23-968a-57d6e33591b3 d4edb5b711444f49a91d54e26e5364fe f4f590cb9ea6430f9f459a84706f3890 - - default default] Successfully bumped revision number for resource f0ca7573-938a-4829-a5b5-4da0f95a8b75 (type: security_group_rules) to 0
2026-05-08 00:40:18.480 7 INFO neutron.db.segments_db [None req-835da656-81fd-4d23-968a-57d6e33591b3 d4edb5b711444f49a91d54e26e5364fe f4f590cb9ea6430f9f459a84706f3890 - - default default] Added segment b0b982c4-1476-4d4c-9507-e2f672a3d690 of type geneve for network 82cb400b-8f9d-433b-87f1-50e1b1e5d803
2026-05-08 00:40:18.606 7 INFO neutron.db.ovn_revision_numbers_db [None req-835da656-81fd-4d23-968a-57d6e33591b3 d4edb5b711444f49a91d54e26e5364fe f4f590cb9ea6430f9f459a84706f3890 - - default default] Successfully bumped revision number for resource 82cb400b-8f9d-433b-87f1-50e1b1e5d803 (type: networks) to 1
2026-05-08 00:40:18.756 7 WARNING neutron.scheduler.dhcp_agent_scheduler [None req-835da656-81fd-4d23-968a-57d6e33591b3 d4edb5b711444f49a91d54e26e5364fe f4f590cb9ea6430f9f459a84706f3890 - - default default] No more DHCP agents
2026-05-08 00:40:18.758 7 WARNING neutron.api.rpc.agentnotifiers.dhcp_rpc_agent_api [None req-835da656-81fd-4d23-968a-57d6e33591b3 d4edb5b711444f49a91d54e26e5364fe f4f590cb9ea6430f9f459a84706f3890 - - default default] Unable to schedule network 82cb400b-8f9d-433b-87f1-50e1b1e5d803: no agents available; will retry on subsequent port and subnet creation events.
2026-05-08 00:40:18.825 7 INFO neutron.plugins.ml2.drivers.ovn.mech_driver.mech_driver [None req-08e80de5-98c5-44fb-9ee9-962d4bf28a0f - - - - - -] OVN reports status down for port: 6b0b3f02-59f6-4e9a-8f08-5912197053fc
2026-05-08 00:40:18.909 7 INFO neutron.db.ovn_revision_numbers_db [None req-835da656-81fd-4d23-968a-57d6e33591b3 d4edb5b711444f49a91d54e26e5364fe f4f590cb9ea6430f9f459a84706f3890 - - default default] Successfully bumped revision number for resource 6b0b3f02-59f6-4e9a-8f08-5912197053fc (type: ports) to 1 [pid: 7|app: 0|req: 1434/3024] 10.0.0.134 () {34 vars in 669 bytes} [Fri May 8 00:40:17 2026] POST /v2.0/networks => generated 639 bytes in 1025 msecs (HTTP/1.1 201) 4 headers in 162 bytes (1 switches on core 0)
2026-05-08 00:40:19.162 8 WARNING neutron.scheduler.dhcp_agent_scheduler [None req-7b336507-09b1-4c26-be66-f3005e9ba0b4 d4edb5b711444f49a91d54e26e5364fe f4f590cb9ea6430f9f459a84706f3890 - - default default] No more DHCP agents
2026-05-08 00:40:19.164 8 WARNING neutron.api.rpc.agentnotifiers.dhcp_rpc_agent_api [None req-7b336507-09b1-4c26-be66-f3005e9ba0b4 d4edb5b711444f49a91d54e26e5364fe f4f590cb9ea6430f9f459a84706f3890 - - default default] Unable to schedule network 82cb400b-8f9d-433b-87f1-50e1b1e5d803: no agents available; will retry on subsequent port and subnet creation events.
2026-05-08 00:40:19.628 8 INFO neutron.db.ovn_revision_numbers_db [None req-d441c623-2d01-4b29-be73-8a100b373ff1 - - - - - -] Successfully bumped revision number for resource 6b0b3f02-59f6-4e9a-8f08-5912197053fc (type: ports) to 2
2026-05-08 00:40:19.653 8 INFO neutron.db.ovn_revision_numbers_db [None req-d441c623-2d01-4b29-be73-8a100b373ff1 - - - - - -] Successfully bumped revision number for resource e5f72cae-f422-4ec7-8cf3-23b330c30473 (type: subnets) to 0 [pid: 8|app: 0|req: 1591/3025] 10.0.0.134 () {34 vars in 668 bytes} [Fri May 8 00:40:18 2026] POST /v2.0/subnets => generated 658 bytes in 693 msecs (HTTP/1.1 201) 4 headers in 162 bytes (1 switches on core 0) [pid: 7|app: 0|req: 1435/3026] 10.0.0.134 () {32 vars in 721 bytes} [Fri May 8 00:40:19 2026] GET /v2.0/subnetpools?name=shared-default-subnetpool-v6 => generated 19 bytes in 42 msecs (HTTP/1.1 200) 4 headers in 156 bytes (1 switches on core 0)
2026-05-08 00:40:19.865 8 WARNING neutron.scheduler.dhcp_agent_scheduler [None req-952ba695-0d32-43f2-a7b4-b6f60bdbae37 d4edb5b711444f49a91d54e26e5364fe f4f590cb9ea6430f9f459a84706f3890 - - default default] No more DHCP agents
2026-05-08 00:40:19.866 8 WARNING neutron.api.rpc.agentnotifiers.dhcp_rpc_agent_api [None req-952ba695-0d32-43f2-a7b4-b6f60bdbae37 d4edb5b711444f49a91d54e26e5364fe f4f590cb9ea6430f9f459a84706f3890 - - default default] Unable to schedule network 82cb400b-8f9d-433b-87f1-50e1b1e5d803: no agents available; will retry on subsequent port and subnet creation events.
2026-05-08 00:40:19.899 8 INFO neutron.db.ovn_revision_numbers_db [None req-952ba695-0d32-43f2-a7b4-b6f60bdbae37 d4edb5b711444f49a91d54e26e5364fe f4f590cb9ea6430f9f459a84706f3890 - - default default] Successfully bumped revision number for resource ab1cf862-c792-4b4e-a5db-03133ee4b1ff (type: subnets) to 0 [pid: 8|app: 0|req: 1592/3027] 10.0.0.134 () {34 vars in 668 bytes} [Fri May 8 00:40:19 2026] POST /v2.0/subnets => generated 728 bytes in 192 msecs (HTTP/1.1 201) 4 headers in 162 bytes (1 switches on core 0)
2026-05-08 00:40:19.993 7 INFO neutron.db.segments_db [None req-871c48d7-a358-4f22-a4f9-23bc98ff61d1 d4edb5b711444f49a91d54e26e5364fe f4f590cb9ea6430f9f459a84706f3890 - - default default] Added segment d1080d78-c510-409b-8fc9-4184fd2a586d of type geneve for network e9a35774-7ee6-40c7-949c-33b5e02ba3ea
2026-05-08 00:40:20.111 7 INFO neutron.db.ovn_revision_numbers_db [None req-871c48d7-a358-4f22-a4f9-23bc98ff61d1 d4edb5b711444f49a91d54e26e5364fe f4f590cb9ea6430f9f459a84706f3890 - - default default] Successfully bumped revision number for resource e9a35774-7ee6-40c7-949c-33b5e02ba3ea (type: networks) to 1
2026-05-08 00:40:20.260 7 WARNING neutron.scheduler.dhcp_agent_scheduler [None req-871c48d7-a358-4f22-a4f9-23bc98ff61d1 d4edb5b711444f49a91d54e26e5364fe f4f590cb9ea6430f9f459a84706f3890 - - default default] No more DHCP agents
2026-05-08 00:40:20.261 7 WARNING neutron.api.rpc.agentnotifiers.dhcp_rpc_agent_api [None req-871c48d7-a358-4f22-a4f9-23bc98ff61d1 d4edb5b711444f49a91d54e26e5364fe f4f590cb9ea6430f9f459a84706f3890 - - default default] Unable to schedule network e9a35774-7ee6-40c7-949c-33b5e02ba3ea: no agents available; will retry on subsequent port and subnet creation events.
2026-05-08 00:40:20.326 7 INFO neutron.plugins.ml2.drivers.ovn.mech_driver.mech_driver [None req-08e80de5-98c5-44fb-9ee9-962d4bf28a0f - - - - - -] OVN reports status down for port: c4a86b62-cedd-4f1a-809b-fde4943da68d
2026-05-08 00:40:20.388 7 INFO neutron.db.ovn_revision_numbers_db [None req-871c48d7-a358-4f22-a4f9-23bc98ff61d1 d4edb5b711444f49a91d54e26e5364fe f4f590cb9ea6430f9f459a84706f3890 - - default default] Successfully bumped revision number for resource c4a86b62-cedd-4f1a-809b-fde4943da68d (type: ports) to 1 [pid: 7|app: 0|req: 1436/3028] 10.0.0.134 () {34 vars in 669 bytes} [Fri May 8 00:40:19 2026] POST /v2.0/networks => generated 638 bytes in 509 msecs (HTTP/1.1 201) 4 headers in 162 bytes (1 switches on core 0)
2026-05-08 00:40:20.584 8 WARNING neutron.scheduler.dhcp_agent_scheduler [None req-ce542899-a6a4-43e1-aacf-c75a5e138747 d4edb5b711444f49a91d54e26e5364fe f4f590cb9ea6430f9f459a84706f3890 - - default default] No more DHCP agents
2026-05-08 00:40:20.585 8 WARNING neutron.api.rpc.agentnotifiers.dhcp_rpc_agent_api [None req-ce542899-a6a4-43e1-aacf-c75a5e138747 d4edb5b711444f49a91d54e26e5364fe f4f590cb9ea6430f9f459a84706f3890 - - default default] Unable to schedule network e9a35774-7ee6-40c7-949c-33b5e02ba3ea: no agents available; will retry on subsequent port and subnet creation events.
2026-05-08 00:40:21.047 8 INFO neutron.db.ovn_revision_numbers_db [None req-4a5cf40c-6a4f-4a9e-9c10-87f56ac9ce44 - - - - - -] Successfully bumped revision number for resource c4a86b62-cedd-4f1a-809b-fde4943da68d (type: ports) to 2
2026-05-08 00:40:21.082 8 INFO neutron.db.ovn_revision_numbers_db [None req-4a5cf40c-6a4f-4a9e-9c10-87f56ac9ce44 - - - - - -] Successfully bumped revision number for resource 0e404296-6982-47cd-bd4c-c11ffd4927ad (type: subnets) to 0 [pid: 8|app: 0|req: 1593/3029] 10.0.0.134 () {34 vars in 668 bytes} [Fri May 8 00:40:20 2026] POST /v2.0/subnets => generated 655 bytes in 668 msecs (HTTP/1.1 201) 4 headers in 162 bytes (1 switches on core 0)
2026-05-08 00:40:21.307 7 WARNING neutron.scheduler.dhcp_agent_scheduler [None req-f600af51-5671-4331-afdd-9a5a421dc40d d4edb5b711444f49a91d54e26e5364fe f4f590cb9ea6430f9f459a84706f3890 - - default default] No more DHCP agents
2026-05-08 00:40:21.308 7 WARNING neutron.api.rpc.agentnotifiers.dhcp_rpc_agent_api [None req-f600af51-5671-4331-afdd-9a5a421dc40d d4edb5b711444f49a91d54e26e5364fe f4f590cb9ea6430f9f459a84706f3890 - - default default] Unable to schedule network e9a35774-7ee6-40c7-949c-33b5e02ba3ea: no agents available; will retry on subsequent port and subnet creation events.
2026-05-08 00:40:21.377 7 INFO neutron.db.ovn_revision_numbers_db [None req-f600af51-5671-4331-afdd-9a5a421dc40d d4edb5b711444f49a91d54e26e5364fe f4f590cb9ea6430f9f459a84706f3890 - - default default] Successfully bumped revision number for resource afcec625-8a24-4d20-99fb-fe1469a183e2 (type: subnets) to 0 [pid: 7|app: 0|req: 1437/3030] 10.0.0.134 () {34 vars in 668 bytes} [Fri May 8 00:40:21 2026] POST /v2.0/subnets => generated 726 bytes in 372 msecs (HTTP/1.1 201) 4 headers in 162 bytes (1 switches on core 0)
2026-05-08 00:40:21.567 8 INFO neutron.db.segments_db [None req-f0df10b4-96d0-4221-b20e-48cad3123646 d4edb5b711444f49a91d54e26e5364fe f4f590cb9ea6430f9f459a84706f3890 - - default default] Added segment 038f2f03-1c40-4e4f-8ab7-0027a4dd30ee of type geneve for network 11f4ef06-d9fe-4187-afc0-59a82348a68d
2026-05-08 00:40:21.683 8 INFO neutron.db.ovn_revision_numbers_db [None req-f0df10b4-96d0-4221-b20e-48cad3123646 d4edb5b711444f49a91d54e26e5364fe f4f590cb9ea6430f9f459a84706f3890 - - default default] Successfully bumped revision number for resource 11f4ef06-d9fe-4187-afc0-59a82348a68d (type: networks) to 1
2026-05-08 00:40:21.852 8 WARNING neutron.scheduler.dhcp_agent_scheduler [None req-f0df10b4-96d0-4221-b20e-48cad3123646 d4edb5b711444f49a91d54e26e5364fe f4f590cb9ea6430f9f459a84706f3890 - - default default] No more DHCP agents
2026-05-08 00:40:21.854 8 WARNING neutron.api.rpc.agentnotifiers.dhcp_rpc_agent_api [None req-f0df10b4-96d0-4221-b20e-48cad3123646 d4edb5b711444f49a91d54e26e5364fe f4f590cb9ea6430f9f459a84706f3890 - - default default] Unable to schedule network 11f4ef06-d9fe-4187-afc0-59a82348a68d: no agents available; will retry on subsequent port and subnet creation events.
2026-05-08 00:40:21.930 7 INFO neutron.plugins.ml2.drivers.ovn.mech_driver.mech_driver [None req-08e80de5-98c5-44fb-9ee9-962d4bf28a0f - - - - - -] OVN reports status down for port: ef231ad9-6b9c-449f-b366-4ec4f2c9bf05
2026-05-08 00:40:21.965 8 INFO neutron.db.ovn_revision_numbers_db [None req-f0df10b4-96d0-4221-b20e-48cad3123646 d4edb5b711444f49a91d54e26e5364fe f4f590cb9ea6430f9f459a84706f3890 - - default default] Successfully bumped revision number for resource ef231ad9-6b9c-449f-b366-4ec4f2c9bf05 (type: ports) to 1 [pid: 8|app: 0|req: 1594/3031] 10.0.0.134 () {34 vars in 669 bytes} [Fri May 8 00:40:21 2026] POST /v2.0/networks => generated 638 bytes in 512 msecs (HTTP/1.1 201) 4 headers in 162 bytes (1 switches on core 0)
2026-05-08 00:40:22.221 7 WARNING neutron.scheduler.dhcp_agent_scheduler [None req-02c1e131-ea9a-4f64-a928-9c9cfc56eba6 d4edb5b711444f49a91d54e26e5364fe f4f590cb9ea6430f9f459a84706f3890 - - default default] No more DHCP agents
2026-05-08 00:40:22.222 7 WARNING neutron.api.rpc.agentnotifiers.dhcp_rpc_agent_api [None req-02c1e131-ea9a-4f64-a928-9c9cfc56eba6 d4edb5b711444f49a91d54e26e5364fe f4f590cb9ea6430f9f459a84706f3890 - - default default] Unable to schedule network 11f4ef06-d9fe-4187-afc0-59a82348a68d: no agents available; will retry on subsequent port and subnet creation events.
2026-05-08 00:40:22.672 7 INFO neutron.db.ovn_revision_numbers_db [None req-2c14b7e2-87bf-4381-9dfb-31eec12394d9 - - - - - -] Successfully bumped revision number for resource ef231ad9-6b9c-449f-b366-4ec4f2c9bf05 (type: ports) to 2
2026-05-08 00:40:22.706 7 INFO neutron.db.ovn_revision_numbers_db [None req-2c14b7e2-87bf-4381-9dfb-31eec12394d9 - - - - - -] Successfully bumped revision number for resource 9c4ac5f2-37da-46cc-9789-74ba0506bb22 (type: subnets) to 0 [pid: 7|app: 0|req: 1438/3032] 10.0.0.134 () {34 vars in 668 bytes} [Fri May 8 00:40:22 2026] POST /v2.0/subnets => generated 656 bytes in 717 msecs (HTTP/1.1 201) 4 headers in 162 bytes (1 switches on core 0)
2026-05-08 00:40:22.935 8 WARNING neutron.scheduler.dhcp_agent_scheduler [None req-bbc7feeb-9f9e-4295-9490-7601e86c61d8 d4edb5b711444f49a91d54e26e5364fe f4f590cb9ea6430f9f459a84706f3890 - - default default] No more DHCP agents
2026-05-08 00:40:22.938 8 WARNING neutron.api.rpc.agentnotifiers.dhcp_rpc_agent_api [None req-bbc7feeb-9f9e-4295-9490-7601e86c61d8 d4edb5b711444f49a91d54e26e5364fe f4f590cb9ea6430f9f459a84706f3890 - - default default] Unable to schedule network 11f4ef06-d9fe-4187-afc0-59a82348a68d: no agents available; will retry on subsequent port and subnet creation events.
2026-05-08 00:40:22.980 8 INFO neutron.db.ovn_revision_numbers_db [None req-bbc7feeb-9f9e-4295-9490-7601e86c61d8 d4edb5b711444f49a91d54e26e5364fe f4f590cb9ea6430f9f459a84706f3890 - - default default] Successfully bumped revision number for resource aa6da62e-0880-4c40-af91-03697e8c06e2 (type: subnets) to 0 [pid: 8|app: 0|req: 1595/3033] 10.0.0.134 () {34 vars in 668 bytes} [Fri May 8 00:40:22 2026] POST /v2.0/subnets => generated 730 bytes in 271 msecs (HTTP/1.1 201) 4 headers in 162 bytes (1 switches on core 0)
2026-05-08 00:40:23.427 7 WARNING neutron.scheduler.dhcp_agent_scheduler [None req-5e8c5570-6800-4a2f-a843-afa3d76df5ab d4edb5b711444f49a91d54e26e5364fe f4f590cb9ea6430f9f459a84706f3890 - - default default] No more DHCP agents
2026-05-08 00:40:23.429 7 WARNING neutron.api.rpc.agentnotifiers.dhcp_rpc_agent_api [None req-5e8c5570-6800-4a2f-a843-afa3d76df5ab d4edb5b711444f49a91d54e26e5364fe f4f590cb9ea6430f9f459a84706f3890 - - default default] Unable to schedule network 530cbb37-60ae-4250-9db9-f6603add3e85: no agents available; will retry on subsequent port and subnet creation events.
2026-05-08 00:40:23.548 7 INFO neutron.plugins.ml2.drivers.ovn.mech_driver.mech_driver [None req-08e80de5-98c5-44fb-9ee9-962d4bf28a0f - - - - - -] OVN reports status down for port: a5fd0eb9-bcaf-4f85-9a5a-2c060f185add
2026-05-08 00:40:23.619 7 INFO neutron.db.ovn_revision_numbers_db [None req-5e8c5570-6800-4a2f-a843-afa3d76df5ab d4edb5b711444f49a91d54e26e5364fe f4f590cb9ea6430f9f459a84706f3890 - - default default] Successfully bumped revision number for resource a5fd0eb9-bcaf-4f85-9a5a-2c060f185add (type: ports) to 1
2026-05-08 00:40:24.268 7 INFO neutron.plugins.ml2.drivers.ovn.mech_driver.ovsdb.commands [None req-6a86e9d3-e408-451e-b09c-c2dbc764fd14 - - - - - -] Schedule LRP lrp-a5fd0eb9-bcaf-4f85-9a5a-2c060f185add on gateway 459c2363-4e38-4fef-ba58-82d42765aa2c with priority 1
2026-05-08 00:40:24.380 7 INFO neutron.plugins.ml2.drivers.ovn.mech_driver.ovsdb.ovsdb_monitor [None req-c3ba7ed9-91c1-436c-94c1-d36a56fe28c6 - - - - - -] Router cb21275a-7224-4c70-95d5-ea7945407db7 is bound to host instance
2026-05-08 00:40:24.411 7 INFO neutron.plugins.ml2.drivers.ovn.mech_driver.mech_driver [None req-08e80de5-98c5-44fb-9ee9-962d4bf28a0f - - - - - -] OVN reports status up for port: a5fd0eb9-bcaf-4f85-9a5a-2c060f185add
2026-05-08 00:40:24.484 7 INFO neutron.plugins.ml2.plugin [None req-08e80de5-98c5-44fb-9ee9-962d4bf28a0f - - - - - -] Attempt 1 to provision port a5fd0eb9-bcaf-4f85-9a5a-2c060f185add
2026-05-08 00:40:24.511 7 INFO neutron.db.ovn_revision_numbers_db [None req-5e8c5570-6800-4a2f-a843-afa3d76df5ab d4edb5b711444f49a91d54e26e5364fe f4f590cb9ea6430f9f459a84706f3890 - - default default] Successfully bumped revision number for resource a5fd0eb9-bcaf-4f85-9a5a-2c060f185add (type: router_ports) to 1
2026-05-08 00:40:24.723 7 INFO neutron.db.ovn_revision_numbers_db [None req-5e8c5570-6800-4a2f-a843-afa3d76df5ab d4edb5b711444f49a91d54e26e5364fe f4f590cb9ea6430f9f459a84706f3890 - - default default] Successfully bumped revision number for resource cb21275a-7224-4c70-95d5-ea7945407db7 (type: routers) to 2 [pid: 7|app: 0|req: 1439/3034] 10.0.0.134 () {34 vars in 668 bytes} [Fri May 8 00:40:23 2026] POST /v2.0/routers => generated 944 bytes in 1755 msecs (HTTP/1.1 201) 4 headers in 162 bytes (1 switches on core 0)
2026-05-08 00:40:25.314 8 WARNING neutron.scheduler.dhcp_agent_scheduler [None req-e6bdfc7a-58cf-4d1e-9395-092e5f9e9a7b d4edb5b711444f49a91d54e26e5364fe f4f590cb9ea6430f9f459a84706f3890 - - default default] No more DHCP agents
2026-05-08 00:40:25.316 8 WARNING neutron.api.rpc.agentnotifiers.dhcp_rpc_agent_api [None req-e6bdfc7a-58cf-4d1e-9395-092e5f9e9a7b d4edb5b711444f49a91d54e26e5364fe f4f590cb9ea6430f9f459a84706f3890 - - default default] Unable to schedule network 82cb400b-8f9d-433b-87f1-50e1b1e5d803: no agents available; will retry on subsequent port and subnet creation events.
2026-05-08 00:40:25.371 7 INFO neutron.db.ovn_revision_numbers_db [None req-fd8427f4-9407-44e2-b4e3-c4f147b08ba8 - - - - - -] Successfully bumped revision number for resource a5fd0eb9-bcaf-4f85-9a5a-2c060f185add (type: ports) to 4
2026-05-08 00:40:25.534 8 INFO neutron.db.ovn_revision_numbers_db [None req-e6bdfc7a-58cf-4d1e-9395-092e5f9e9a7b d4edb5b711444f49a91d54e26e5364fe f4f590cb9ea6430f9f459a84706f3890 - - default default] Successfully bumped revision number for resource 4098df76-b1d7-471e-a4c2-38b50deffbcd (type: ports) to 1
2026-05-08 00:40:25.753 7 INFO neutron.db.ovn_revision_numbers_db [None req-fd8427f4-9407-44e2-b4e3-c4f147b08ba8 - - - - - -] Successfully bumped revision number for resource a5fd0eb9-bcaf-4f85-9a5a-2c060f185add (type: ports) to 5
2026-05-08 00:40:26.276 8 WARNING neutron.scheduler.dhcp_agent_scheduler [None req-e6bdfc7a-58cf-4d1e-9395-092e5f9e9a7b d4edb5b711444f49a91d54e26e5364fe f4f590cb9ea6430f9f459a84706f3890 - - default default] No more DHCP agents
2026-05-08 00:40:26.278 8 WARNING neutron.api.rpc.agentnotifiers.dhcp_rpc_agent_api [None req-e6bdfc7a-58cf-4d1e-9395-092e5f9e9a7b d4edb5b711444f49a91d54e26e5364fe f4f590cb9ea6430f9f459a84706f3890 - - default default] Unable to schedule network 82cb400b-8f9d-433b-87f1-50e1b1e5d803: no agents available; will retry on subsequent port and subnet creation events.
2026-05-08 00:40:26.653 8 INFO neutron.db.ovn_revision_numbers_db [None req-e6bdfc7a-58cf-4d1e-9395-092e5f9e9a7b d4edb5b711444f49a91d54e26e5364fe f4f590cb9ea6430f9f459a84706f3890 - - default default] Successfully bumped revision number for resource 4098df76-b1d7-471e-a4c2-38b50deffbcd (type: router_ports) to 1 [pid: 8|app: 0|req: 1596/3037] 10.0.0.134 () {34 vars in 782 bytes} [Fri May 8 00:40:24 2026] PUT /v2.0/routers/cb21275a-7224-4c70-95d5-ea7945407db7/add_router_interface => generated 309 bytes in 1896 msecs (HTTP/1.1 200) 4 headers in 157 bytes (1 switches on core 0)
2026-05-08 00:40:27.181 7 WARNING neutron.scheduler.dhcp_agent_scheduler [None req-03736e1e-0e39-44fb-a159-16e5c810ba3a d4edb5b711444f49a91d54e26e5364fe f4f590cb9ea6430f9f459a84706f3890 - - default default] No more DHCP agents
2026-05-08 00:40:27.183 7 WARNING neutron.api.rpc.agentnotifiers.dhcp_rpc_agent_api [None req-03736e1e-0e39-44fb-a159-16e5c810ba3a d4edb5b711444f49a91d54e26e5364fe f4f590cb9ea6430f9f459a84706f3890 - - default default] Unable to schedule network e9a35774-7ee6-40c7-949c-33b5e02ba3ea: no agents available; will retry on subsequent port and subnet creation events.
2026-05-08 00:40:27.351 7 INFO neutron.db.ovn_revision_numbers_db [None req-03736e1e-0e39-44fb-a159-16e5c810ba3a d4edb5b711444f49a91d54e26e5364fe f4f590cb9ea6430f9f459a84706f3890 - - default default] Successfully bumped revision number for resource ce52917c-c0da-4d0d-8a94-2c3b43901b67 (type: ports) to 1
2026-05-08 00:40:27.747 7 INFO neutron.plugins.ml2.drivers.ovn.mech_driver.mech_driver [None req-08e80de5-98c5-44fb-9ee9-962d4bf28a0f - - - - - -] OVN reports status down for port: 4098df76-b1d7-471e-a4c2-38b50deffbcd
