2026-05-08 00:34:28.326 8 INFO cinder.api.openstack.wsgi [None req-0f6256ea-ab24-4d60-87bc-061ec1c17e82 25b85e68ce58461a8b323988cd21f5ee 17ea0b52d3eb421c95e2a0522a940737 - - default default] http://cinder-api.openstack.svc.cluster.local:8776/v3/17ea0b52d3eb421c95e2a0522a940737/volumes/88781952-d931-4df1-9a3d-41bd8ff0310f returned with HTTP 200 [pid: 8|app: 0|req: 344/683] 10.0.0.134 () {32 vars in 775 bytes} [Fri May 8 00:34:28 2026] GET /v3/17ea0b52d3eb421c95e2a0522a940737/volumes/88781952-d931-4df1-9a3d-41bd8ff0310f => generated 956 bytes in 25 msecs (HTTP/1.1 200) 7 headers in 285 bytes (1 switches on core 0) /var/lib/openstack/lib/python3.12/site-packages/pycadf/identifier.py:70: UserWarning: Invalid uuid: cinderv3. To ensure interoperability, identifiers should be a valid uuid. warnings.warn(('Invalid uuid: %s. To ensure interoperability, '
2026-05-08 00:34:29.351 7 INFO cinder.api.openstack.wsgi [None req-108f5f88-7b63-4699-826c-b3d462517cfa 25b85e68ce58461a8b323988cd21f5ee 17ea0b52d3eb421c95e2a0522a940737 - - default default] GET http://cinder-api.openstack.svc.cluster.local:8776/v3/17ea0b52d3eb421c95e2a0522a940737/volumes/88781952-d931-4df1-9a3d-41bd8ff0310f /var/lib/openstack/lib/python3.12/site-packages/oslo_context/context.py:100: DeprecationWarning: Policy enforcement is depending on the value of is_admin. This key is deprecated. Please update your policy file to use the standard policy values. warnings.warn('Policy enforcement is depending on the value of '
2026-05-08 00:34:29.366 7 INFO cinder.volume.api [None req-108f5f88-7b63-4699-826c-b3d462517cfa 25b85e68ce58461a8b323988cd21f5ee 17ea0b52d3eb421c95e2a0522a940737 - - default default] Volume info retrieved successfully.
2026-05-08 00:34:29.375 7 INFO cinder.api.openstack.wsgi [None req-108f5f88-7b63-4699-826c-b3d462517cfa 25b85e68ce58461a8b323988cd21f5ee 17ea0b52d3eb421c95e2a0522a940737 - - default default] http://cinder-api.openstack.svc.cluster.local:8776/v3/17ea0b52d3eb421c95e2a0522a940737/volumes/88781952-d931-4df1-9a3d-41bd8ff0310f returned with HTTP 200 [pid: 7|app: 0|req: 340/684] 10.0.0.134 () {32 vars in 775 bytes} [Fri May 8 00:34:29 2026] GET /v3/17ea0b52d3eb421c95e2a0522a940737/volumes/88781952-d931-4df1-9a3d-41bd8ff0310f => generated 1341 bytes in 33 msecs (HTTP/1.1 200) 7 headers in 286 bytes (1 switches on core 0) /var/lib/openstack/lib/python3.12/site-packages/pycadf/identifier.py:70: UserWarning: Invalid uuid: cinderv3. To ensure interoperability, identifiers should be a valid uuid. warnings.warn(('Invalid uuid: %s. To ensure interoperability, '
2026-05-08 00:34:29.473 8 INFO cinder.api.openstack.wsgi [req-abec917e-e624-4784-8192-319770949ece req-6b2aef05-f4d7-4f6a-bf36-0503ccc97399 25b85e68ce58461a8b323988cd21f5ee 17ea0b52d3eb421c95e2a0522a940737 - - default default] GET http://cinder-api.openstack.svc.cluster.local:8776/v3/17ea0b52d3eb421c95e2a0522a940737/volumes/88781952-d931-4df1-9a3d-41bd8ff0310f /var/lib/openstack/lib/python3.12/site-packages/oslo_context/context.py:100: DeprecationWarning: Policy enforcement is depending on the value of is_admin. This key is deprecated. Please update your policy file to use the standard policy values. warnings.warn('Policy enforcement is depending on the value of '
2026-05-08 00:34:29.486 8 INFO cinder.volume.api [req-abec917e-e624-4784-8192-319770949ece req-6b2aef05-f4d7-4f6a-bf36-0503ccc97399 25b85e68ce58461a8b323988cd21f5ee 17ea0b52d3eb421c95e2a0522a940737 - - default default] Volume info retrieved successfully.
2026-05-08 00:34:29.491 8 INFO cinder.api.openstack.wsgi [req-abec917e-e624-4784-8192-319770949ece req-6b2aef05-f4d7-4f6a-bf36-0503ccc97399 25b85e68ce58461a8b323988cd21f5ee 17ea0b52d3eb421c95e2a0522a940737 - - default default] http://cinder-api.openstack.svc.cluster.local:8776/v3/17ea0b52d3eb421c95e2a0522a940737/volumes/88781952-d931-4df1-9a3d-41bd8ff0310f returned with HTTP 200 [pid: 8|app: 0|req: 345/685] 10.0.0.2 () {34 vars in 1026 bytes} [Fri May 8 00:34:29 2026] GET /v3/17ea0b52d3eb421c95e2a0522a940737/volumes/88781952-d931-4df1-9a3d-41bd8ff0310f => generated 1341 bytes in 25 msecs (HTTP/1.1 200) 7 headers in 286 bytes (1 switches on core 0)
2026-05-08 00:34:31.643 8 INFO cinder.api.openstack.wsgi [req-abec917e-e624-4784-8192-319770949ece req-6b2aef05-f4d7-4f6a-bf36-0503ccc97399 25b85e68ce58461a8b323988cd21f5ee 17ea0b52d3eb421c95e2a0522a940737 - - default default] GET http://10.0.0.205:8776/
2026-05-08 00:34:31.643 7 INFO cinder.api.openstack.wsgi [None req-108f5f88-7b63-4699-826c-b3d462517cfa 25b85e68ce58461a8b323988cd21f5ee 17ea0b52d3eb421c95e2a0522a940737 - - default default] GET http://10.0.0.205:8776/
2026-05-08 00:34:31.644 8 INFO cinder.api.openstack.wsgi [req-abec917e-e624-4784-8192-319770949ece req-6b2aef05-f4d7-4f6a-bf36-0503ccc97399 25b85e68ce58461a8b323988cd21f5ee 17ea0b52d3eb421c95e2a0522a940737 - - default default] http://10.0.0.205:8776/ returned with HTTP 300
2026-05-08 00:34:31.644 7 INFO cinder.api.openstack.wsgi [None req-108f5f88-7b63-4699-826c-b3d462517cfa 25b85e68ce58461a8b323988cd21f5ee 17ea0b52d3eb421c95e2a0522a940737 - - default default] http://10.0.0.205:8776/ returned with HTTP 300 /var/lib/openstack/lib/python3.12/site-packages/pycadf/identifier.py:70: UserWarning: Invalid uuid: cinderv3. To ensure interoperability, identifiers should be a valid uuid. warnings.warn(('Invalid uuid: %s. To ensure interoperability, '
2026-05-08 00:34:32.054 8 INFO cinder.api.openstack.wsgi [req-abec917e-e624-4784-8192-319770949ece req-0cd766b3-969b-42b1-851a-dc7ebeca7953 25b85e68ce58461a8b323988cd21f5ee 17ea0b52d3eb421c95e2a0522a940737 - - default default] GET http://cinder-api.openstack.svc.cluster.local:8776/v3/17ea0b52d3eb421c95e2a0522a940737/volumes/88781952-d931-4df1-9a3d-41bd8ff0310f /var/lib/openstack/lib/python3.12/site-packages/oslo_context/context.py:100: DeprecationWarning: Policy enforcement is depending on the value of is_admin. This key is deprecated. Please update your policy file to use the standard policy values. warnings.warn('Policy enforcement is depending on the value of '
2026-05-08 00:34:32.068 8 INFO cinder.volume.api [req-abec917e-e624-4784-8192-319770949ece req-0cd766b3-969b-42b1-851a-dc7ebeca7953 25b85e68ce58461a8b323988cd21f5ee 17ea0b52d3eb421c95e2a0522a940737 - - default default] Volume info retrieved successfully.
2026-05-08 00:34:32.074 8 INFO cinder.api.openstack.wsgi [req-abec917e-e624-4784-8192-319770949ece req-0cd766b3-969b-42b1-851a-dc7ebeca7953 25b85e68ce58461a8b323988cd21f5ee 17ea0b52d3eb421c95e2a0522a940737 - - default default] http://cinder-api.openstack.svc.cluster.local:8776/v3/17ea0b52d3eb421c95e2a0522a940737/volumes/88781952-d931-4df1-9a3d-41bd8ff0310f returned with HTTP 200 [pid: 8|app: 0|req: 347/688] 10.0.0.2 () {34 vars in 1026 bytes} [Fri May 8 00:34:32 2026] GET /v3/17ea0b52d3eb421c95e2a0522a940737/volumes/88781952-d931-4df1-9a3d-41bd8ff0310f => generated 1341 bytes in 29 msecs (HTTP/1.1 200) 7 headers in 286 bytes (1 switches on core 0)
2026-05-08 00:34:32.087 7 INFO cinder.api.openstack.wsgi [None req-108f5f88-7b63-4699-826c-b3d462517cfa 25b85e68ce58461a8b323988cd21f5ee 17ea0b52d3eb421c95e2a0522a940737 - - default default] GET http://cinder-api.openstack.svc.cluster.local:8776/
2026-05-08 00:34:32.088 7 INFO cinder.api.openstack.wsgi [None req-108f5f88-7b63-4699-826c-b3d462517cfa 25b85e68ce58461a8b323988cd21f5ee 17ea0b52d3eb421c95e2a0522a940737 - - default default] http://cinder-api.openstack.svc.cluster.local:8776/ returned with HTTP 300 [pid: 7|app: 0|req: 342/689] 10.0.0.2 () {32 vars in 827 bytes} [Fri May 8 00:34:32 2026] GET / => generated 411 bytes in 3 msecs (HTTP/1.1 300) 5 headers in 169 bytes (1 switches on core 0) /var/lib/openstack/lib/python3.12/site-packages/pycadf/identifier.py:70: UserWarning: Invalid uuid: cinderv3. To ensure interoperability, identifiers should be a valid uuid. warnings.warn(('Invalid uuid: %s. To ensure interoperability, '
2026-05-08 00:34:32.104 8 INFO cinder.api.openstack.wsgi [req-abec917e-e624-4784-8192-319770949ece req-1a2e5b71-45ed-49da-885b-b20d3cbba049 25b85e68ce58461a8b323988cd21f5ee 17ea0b52d3eb421c95e2a0522a940737 - - default default] POST http://cinder-api.openstack.svc.cluster.local:8776/v3/17ea0b52d3eb421c95e2a0522a940737/attachments /var/lib/openstack/lib/python3.12/site-packages/oslo_context/context.py:100: DeprecationWarning: Policy enforcement is depending on the value of is_admin. This key is deprecated. Please update your policy file to use the standard policy values. warnings.warn('Policy enforcement is depending on the value of '
2026-05-08 00:34:32.165 8 INFO cinder.api.openstack.wsgi [req-abec917e-e624-4784-8192-319770949ece req-1a2e5b71-45ed-49da-885b-b20d3cbba049 25b85e68ce58461a8b323988cd21f5ee 17ea0b52d3eb421c95e2a0522a940737 - - default default] http://cinder-api.openstack.svc.cluster.local:8776/v3/17ea0b52d3eb421c95e2a0522a940737/attachments returned with HTTP 200 [pid: 8|app: 0|req: 348/690] 10.0.0.2 () {40 vars in 1055 bytes} [Fri May 8 00:34:32 2026] POST /v3/17ea0b52d3eb421c95e2a0522a940737/attachments => generated 273 bytes in 68 msecs (HTTP/1.1 200) 7 headers in 286 bytes (1 switches on core 0)
2026-05-08 00:34:38.254 7 INFO cinder.api.openstack.wsgi [None req-108f5f88-7b63-4699-826c-b3d462517cfa 25b85e68ce58461a8b323988cd21f5ee 17ea0b52d3eb421c95e2a0522a940737 - - default default] GET http://cinder-api.openstack.svc.cluster.local:8776/
2026-05-08 00:34:38.255 7 INFO cinder.api.openstack.wsgi [None req-108f5f88-7b63-4699-826c-b3d462517cfa 25b85e68ce58461a8b323988cd21f5ee 17ea0b52d3eb421c95e2a0522a940737 - - default default] http://cinder-api.openstack.svc.cluster.local:8776/ returned with HTTP 300 [pid: 7|app: 0|req: 343/691] 199.19.213.90 () {32 vars in 839 bytes} [Fri May 8 00:34:38 2026] GET / => generated 411 bytes in 2 msecs (HTTP/1.1 300) 5 headers in 169 bytes (1 switches on core 0) /var/lib/openstack/lib/python3.12/site-packages/pycadf/identifier.py:70: UserWarning: Invalid uuid: cinderv3. To ensure interoperability, identifiers should be a valid uuid. warnings.warn(('Invalid uuid: %s. To ensure interoperability, '
2026-05-08 00:34:38.493 8 INFO cinder.api.openstack.wsgi [req-abec917e-e624-4784-8192-319770949ece req-8ff184f7-2314-4595-8816-ad34d5c4b293 25b85e68ce58461a8b323988cd21f5ee 17ea0b52d3eb421c95e2a0522a940737 - - default default] GET http://cinder-api.openstack.svc.cluster.local:8776/v3/17ea0b52d3eb421c95e2a0522a940737/volumes/88781952-d931-4df1-9a3d-41bd8ff0310f /var/lib/openstack/lib/python3.12/site-packages/oslo_context/context.py:100: DeprecationWarning: Policy enforcement is depending on the value of is_admin. This key is deprecated. Please update your policy file to use the standard policy values. warnings.warn('Policy enforcement is depending on the value of '
2026-05-08 00:34:38.513 8 INFO cinder.volume.api [req-abec917e-e624-4784-8192-319770949ece req-8ff184f7-2314-4595-8816-ad34d5c4b293 25b85e68ce58461a8b323988cd21f5ee 17ea0b52d3eb421c95e2a0522a940737 - - default default] Volume info retrieved successfully.
2026-05-08 00:34:38.519 8 INFO cinder.api.openstack.wsgi [req-abec917e-e624-4784-8192-319770949ece req-8ff184f7-2314-4595-8816-ad34d5c4b293 25b85e68ce58461a8b323988cd21f5ee 17ea0b52d3eb421c95e2a0522a940737 - - default default] http://cinder-api.openstack.svc.cluster.local:8776/v3/17ea0b52d3eb421c95e2a0522a940737/volumes/88781952-d931-4df1-9a3d-41bd8ff0310f returned with HTTP 200 [pid: 8|app: 0|req: 349/692] 199.19.213.90 () {36 vars in 1072 bytes} [Fri May 8 00:34:38 2026] GET /v3/17ea0b52d3eb421c95e2a0522a940737/volumes/88781952-d931-4df1-9a3d-41bd8ff0310f => generated 1521 bytes in 35 msecs (HTTP/1.1 200) 7 headers in 287 bytes (1 switches on core 0) /var/lib/openstack/lib/python3.12/site-packages/pycadf/identifier.py:70: UserWarning: Invalid uuid: cinderv3. To ensure interoperability, identifiers should be a valid uuid. warnings.warn(('Invalid uuid: %s. To ensure interoperability, '
2026-05-08 00:34:40.448 7 INFO cinder.api.openstack.wsgi [req-abec917e-e624-4784-8192-319770949ece req-6b1cf172-35fa-4ca7-a487-41523e41689b 25b85e68ce58461a8b323988cd21f5ee 17ea0b52d3eb421c95e2a0522a940737 - - default default] PUT http://cinder-api.openstack.svc.cluster.local:8776/v3/17ea0b52d3eb421c95e2a0522a940737/attachments/6c82757c-b119-4986-a9ec-5b030c95064d /var/lib/openstack/lib/python3.12/site-packages/oslo_context/context.py:100: DeprecationWarning: Policy enforcement is depending on the value of is_admin. This key is deprecated. Please update your policy file to use the standard policy values. warnings.warn('Policy enforcement is depending on the value of '
2026-05-08 00:34:41.513 7 INFO cinder.api.openstack.wsgi [req-abec917e-e624-4784-8192-319770949ece req-6b1cf172-35fa-4ca7-a487-41523e41689b 25b85e68ce58461a8b323988cd21f5ee 17ea0b52d3eb421c95e2a0522a940737 - - default default] http://cinder-api.openstack.svc.cluster.local:8776/v3/17ea0b52d3eb421c95e2a0522a940737/attachments/6c82757c-b119-4986-a9ec-5b030c95064d returned with HTTP 200 [pid: 7|app: 0|req: 344/693] 199.19.213.90 () {40 vars in 1134 bytes} [Fri May 8 00:34:40 2026] PUT /v3/17ea0b52d3eb421c95e2a0522a940737/attachments/6c82757c-b119-4986-a9ec-5b030c95064d => generated 802 bytes in 1078 msecs (HTTP/1.1 200) 7 headers in 286 bytes (1 switches on core 0)
2026-05-08 00:34:41.643 7 INFO cinder.api.openstack.wsgi [req-abec917e-e624-4784-8192-319770949ece req-6b1cf172-35fa-4ca7-a487-41523e41689b 25b85e68ce58461a8b323988cd21f5ee 17ea0b52d3eb421c95e2a0522a940737 - - default default] GET http://10.0.0.205:8776/
2026-05-08 00:34:41.644 7 INFO cinder.api.openstack.wsgi [req-abec917e-e624-4784-8192-319770949ece req-6b1cf172-35fa-4ca7-a487-41523e41689b 25b85e68ce58461a8b323988cd21f5ee 17ea0b52d3eb421c95e2a0522a940737 - - default default] http://10.0.0.205:8776/ returned with HTTP 300
2026-05-08 00:34:41.645 7 INFO cinder.api.openstack.wsgi [req-abec917e-e624-4784-8192-319770949ece req-6b1cf172-35fa-4ca7-a487-41523e41689b 25b85e68ce58461a8b323988cd21f5ee 17ea0b52d3eb421c95e2a0522a940737 - - default default] GET http://10.0.0.205:8776/
2026-05-08 00:34:41.646 7 INFO cinder.api.openstack.wsgi [req-abec917e-e624-4784-8192-319770949ece req-6b1cf172-35fa-4ca7-a487-41523e41689b 25b85e68ce58461a8b323988cd21f5ee 17ea0b52d3eb421c95e2a0522a940737 - - default default] http://10.0.0.205:8776/ returned with HTTP 300 /var/lib/openstack/lib/python3.12/site-packages/pycadf/identifier.py:70: UserWarning: Invalid uuid: cinderv3. To ensure interoperability, identifiers should be a valid uuid. warnings.warn(('Invalid uuid: %s. To ensure interoperability, '
2026-05-08 00:34:41.658 8 INFO cinder.api.openstack.wsgi [None req-bd24bdbf-66fa-4500-9291-66a9f67617ec f3ee4d2c3ee14736929c73ee9976c790 d510869f598c4018a0468babfdc3c6b2 - - default default] GET http://cinder-api.openstack.svc.cluster.local:8776/v3/d510869f598c4018a0468babfdc3c6b2/snapshots?all_tenants=true
2026-05-08 00:34:41.666 8 INFO cinder.volume.api [None req-bd24bdbf-66fa-4500-9291-66a9f67617ec f3ee4d2c3ee14736929c73ee9976c790 d510869f598c4018a0468babfdc3c6b2 - - default default] Get all snapshots completed successfully.
2026-05-08 00:34:41.667 8 INFO cinder.api.openstack.wsgi [None req-bd24bdbf-66fa-4500-9291-66a9f67617ec f3ee4d2c3ee14736929c73ee9976c790 d510869f598c4018a0468babfdc3c6b2 - - default default] http://cinder-api.openstack.svc.cluster.local:8776/v3/d510869f598c4018a0468babfdc3c6b2/snapshots?all_tenants=true returned with HTTP 200 [pid: 8|app: 0|req: 350/696] 10.0.0.192 () {28 vars in 674 bytes} [Fri May 8 00:34:41 2026] GET /v3/d510869f598c4018a0468babfdc3c6b2/snapshots?all_tenants=true => generated 17 bytes in 127 msecs (HTTP/1.1 200) 7 headers in 284 bytes (1 switches on core 0) /var/lib/openstack/lib/python3.12/site-packages/pycadf/identifier.py:70: UserWarning: Invalid uuid: cinderv3. To ensure interoperability, identifiers should be a valid uuid. warnings.warn(('Invalid uuid: %s. To ensure interoperability, '
2026-05-08 00:34:41.681 7 INFO cinder.api.openstack.wsgi [None req-e613c8ce-a38b-4489-aaec-8c59b224cadb f3ee4d2c3ee14736929c73ee9976c790 d510869f598c4018a0468babfdc3c6b2 - - default default] GET http://cinder-api.openstack.svc.cluster.local:8776/v3/d510869f598c4018a0468babfdc3c6b2/os-services /var/lib/openstack/lib/python3.12/site-packages/oslo_context/context.py:100: DeprecationWarning: Policy enforcement is depending on the value of is_admin. This key is deprecated. Please update your policy file to use the standard policy values. warnings.warn('Policy enforcement is depending on the value of '
2026-05-08 00:34:41.687 7 INFO cinder.api.openstack.wsgi [None req-e613c8ce-a38b-4489-aaec-8c59b224cadb f3ee4d2c3ee14736929c73ee9976c790 d510869f598c4018a0468babfdc3c6b2 - - default default] http://cinder-api.openstack.svc.cluster.local:8776/v3/d510869f598c4018a0468babfdc3c6b2/os-services returned with HTTP 200 [pid: 7|app: 0|req: 347/697] 10.0.0.192 () {28 vars in 645 bytes} [Fri May 8 00:34:41 2026] GET /v3/d510869f598c4018a0468babfdc3c6b2/os-services => generated 646 bytes in 15 msecs (HTTP/1.1 200) 7 headers in 285 bytes (1 switches on core 0)
2026-05-08 00:34:41.738 8 INFO cinder.api.openstack.wsgi [None req-036bbf89-ab6a-41ed-a1a3-a392bb773198 f3ee4d2c3ee14736929c73ee9976c790 d510869f598c4018a0468babfdc3c6b2 - - default default] GET http://cinder-api.openstack.svc.cluster.local:8776/v3/d510869f598c4018a0468babfdc3c6b2/os-quota-sets/01653664273b414098065411941f1f14?usage=true
2026-05-08 00:34:41.763 8 INFO cinder.api.openstack.wsgi [None req-036bbf89-ab6a-41ed-a1a3-a392bb773198 f3ee4d2c3ee14736929c73ee9976c790 d510869f598c4018a0468babfdc3c6b2 - - default default] http://cinder-api.openstack.svc.cluster.local:8776/v3/d510869f598c4018a0468babfdc3c6b2/os-quota-sets/01653664273b414098065411941f1f14?usage=true returned with HTTP 200 [pid: 8|app: 0|req: 351/698] 10.0.0.192 () {28 vars in 736 bytes} [Fri May 8 00:34:41 2026] GET /v3/d510869f598c4018a0468babfdc3c6b2/os-quota-sets/01653664273b414098065411941f1f14?usage=true => generated 845 bytes in 33 msecs (HTTP/1.1 200) 7 headers in 285 bytes (1 switches on core 0)
2026-05-08 00:34:41.775 7 INFO cinder.api.openstack.wsgi [None req-460d84d9-035a-4b50-baef-4d42f8a7dfc1 f3ee4d2c3ee14736929c73ee9976c790 d510869f598c4018a0468babfdc3c6b2 - - default default] GET http://cinder-api.openstack.svc.cluster.local:8776/v3/d510869f598c4018a0468babfdc3c6b2/os-quota-sets/17ea0b52d3eb421c95e2a0522a940737?usage=true
2026-05-08 00:34:41.798 7 INFO cinder.api.openstack.wsgi [None req-460d84d9-035a-4b50-baef-4d42f8a7dfc1 f3ee4d2c3ee14736929c73ee9976c790 d510869f598c4018a0468babfdc3c6b2 - - default default] http://cinder-api.openstack.svc.cluster.local:8776/v3/d510869f598c4018a0468babfdc3c6b2/os-quota-sets/17ea0b52d3eb421c95e2a0522a940737?usage=true returned with HTTP 200 [pid: 7|app: 0|req: 348/699] 10.0.0.192 () {28 vars in 736 bytes} [Fri May 8 00:34:41 2026] GET /v3/d510869f598c4018a0468babfdc3c6b2/os-quota-sets/17ea0b52d3eb421c95e2a0522a940737?usage=true => generated 847 bytes in 30 msecs (HTTP/1.1 200) 7 headers in 285 bytes (1 switches on core 0)
2026-05-08 00:34:41.825 8 INFO cinder.api.openstack.wsgi [None req-0676f293-e427-4c1e-9dd7-ca477390e4d6 f3ee4d2c3ee14736929c73ee9976c790 d510869f598c4018a0468babfdc3c6b2 - - default default] GET http://cinder-api.openstack.svc.cluster.local:8776/v3/d510869f598c4018a0468babfdc3c6b2/os-quota-sets/4b5671cf605d45e38f247210aa6d6f2e?usage=true
2026-05-08 00:34:41.861 8 INFO cinder.api.openstack.wsgi [None req-0676f293-e427-4c1e-9dd7-ca477390e4d6 f3ee4d2c3ee14736929c73ee9976c790 d510869f598c4018a0468babfdc3c6b2 - - default default] http://cinder-api.openstack.svc.cluster.local:8776/v3/d510869f598c4018a0468babfdc3c6b2/os-quota-sets/4b5671cf605d45e38f247210aa6d6f2e?usage=true returned with HTTP 200 [pid: 8|app: 0|req: 352/700] 10.0.0.192 () {28 vars in 736 bytes} [Fri May 8 00:34:41 2026] GET /v3/d510869f598c4018a0468babfdc3c6b2/os-quota-sets/4b5671cf605d45e38f247210aa6d6f2e?usage=true => generated 847 bytes in 44 msecs (HTTP/1.1 200) 7 headers in 285 bytes (1 switches on core 0)
2026-05-08 00:34:41.874 7 INFO cinder.api.openstack.wsgi [None req-e6978f3d-c13a-45a1-ae51-ced90b8d7713 f3ee4d2c3ee14736929c73ee9976c790 d510869f598c4018a0468babfdc3c6b2 - - default default] GET http://cinder-api.openstack.svc.cluster.local:8776/v3/d510869f598c4018a0468babfdc3c6b2/os-quota-sets/d0cfe61992a046d5b02488b0b5f9bbb6?usage=true
2026-05-08 00:34:41.908 7 INFO cinder.api.openstack.wsgi [None req-e6978f3d-c13a-45a1-ae51-ced90b8d7713 f3ee4d2c3ee14736929c73ee9976c790 d510869f598c4018a0468babfdc3c6b2 - - default default] http://cinder-api.openstack.svc.cluster.local:8776/v3/d510869f598c4018a0468babfdc3c6b2/os-quota-sets/d0cfe61992a046d5b02488b0b5f9bbb6?usage=true returned with HTTP 200 [pid: 7|app: 0|req: 349/701] 10.0.0.192 () {28 vars in 736 bytes} [Fri May 8 00:34:41 2026] GET /v3/d510869f598c4018a0468babfdc3c6b2/os-quota-sets/d0cfe61992a046d5b02488b0b5f9bbb6?usage=true => generated 847 bytes in 42 msecs (HTTP/1.1 200) 7 headers in 285 bytes (1 switches on core 0)
2026-05-08 00:34:41.930 8 INFO cinder.api.openstack.wsgi [None req-084ddd96-bd8e-40a4-bb43-1aef7082795d f3ee4d2c3ee14736929c73ee9976c790 d510869f598c4018a0468babfdc3c6b2 - - default default] GET http://cinder-api.openstack.svc.cluster.local:8776/v3/d510869f598c4018a0468babfdc3c6b2/os-quota-sets/d510869f598c4018a0468babfdc3c6b2?usage=true
2026-05-08 00:34:41.957 8 INFO cinder.api.openstack.wsgi [None req-084ddd96-bd8e-40a4-bb43-1aef7082795d f3ee4d2c3ee14736929c73ee9976c790 d510869f598c4018a0468babfdc3c6b2 - - default default] http://cinder-api.openstack.svc.cluster.local:8776/v3/d510869f598c4018a0468babfdc3c6b2/os-quota-sets/d510869f598c4018a0468babfdc3c6b2?usage=true returned with HTTP 200 [pid: 8|app: 0|req: 353/702] 10.0.0.192 () {28 vars in 736 bytes} [Fri May 8 00:34:41 2026] GET /v3/d510869f598c4018a0468babfdc3c6b2/os-quota-sets/d510869f598c4018a0468babfdc3c6b2?usage=true => generated 845 bytes in 36 msecs (HTTP/1.1 200) 7 headers in 285 bytes (1 switches on core 0)
2026-05-08 00:34:41.974 7 INFO cinder.api.openstack.wsgi [None req-df183501-22a4-4867-b6b4-475705c41667 f3ee4d2c3ee14736929c73ee9976c790 d510869f598c4018a0468babfdc3c6b2 - - default default] GET http://cinder-api.openstack.svc.cluster.local:8776/v3/d510869f598c4018a0468babfdc3c6b2/os-quota-sets/dbfe0ddd960247059fac9334e7225115?usage=true
2026-05-08 00:34:41.993 7 INFO cinder.api.openstack.wsgi [None req-df183501-22a4-4867-b6b4-475705c41667 f3ee4d2c3ee14736929c73ee9976c790 d510869f598c4018a0468babfdc3c6b2 - - default default] http://cinder-api.openstack.svc.cluster.local:8776/v3/d510869f598c4018a0468babfdc3c6b2/os-quota-sets/dbfe0ddd960247059fac9334e7225115?usage=true returned with HTTP 200 [pid: 7|app: 0|req: 350/703] 10.0.0.192 () {28 vars in 736 bytes} [Fri May 8 00:34:41 2026] GET /v3/d510869f598c4018a0468babfdc3c6b2/os-quota-sets/dbfe0ddd960247059fac9334e7225115?usage=true => generated 847 bytes in 27 msecs (HTTP/1.1 200) 7 headers in 285 bytes (1 switches on core 0)
2026-05-08 00:34:42.008 8 INFO cinder.api.openstack.wsgi [None req-5e577aeb-0dc9-455c-b4c1-87e4ccea0315 f3ee4d2c3ee14736929c73ee9976c790 d510869f598c4018a0468babfdc3c6b2 - - default default] GET http://cinder-api.openstack.svc.cluster.local:8776/v3/d510869f598c4018a0468babfdc3c6b2/os-quota-sets/f1c84480c7e34a7284fe51d280b7faea?usage=true
2026-05-08 00:34:42.029 8 INFO cinder.api.openstack.wsgi [None req-5e577aeb-0dc9-455c-b4c1-87e4ccea0315 f3ee4d2c3ee14736929c73ee9976c790 d510869f598c4018a0468babfdc3c6b2 - - default default] http://cinder-api.openstack.svc.cluster.local:8776/v3/d510869f598c4018a0468babfdc3c6b2/os-quota-sets/f1c84480c7e34a7284fe51d280b7faea?usage=true returned with HTTP 200 [pid: 8|app: 0|req: 354/704] 10.0.0.192 () {28 vars in 736 bytes} [Fri May 8 00:34:42 2026] GET /v3/d510869f598c4018a0468babfdc3c6b2/os-quota-sets/f1c84480c7e34a7284fe51d280b7faea?usage=true => generated 847 bytes in 30 msecs (HTTP/1.1 200) 7 headers in 285 bytes (1 switches on core 0)
2026-05-08 00:34:42.038 7 INFO cinder.api.openstack.wsgi [req-abec917e-e624-4784-8192-319770949ece req-dc6cf062-fe8c-4ac5-ad16-f90cd07b7576 25b85e68ce58461a8b323988cd21f5ee 17ea0b52d3eb421c95e2a0522a940737 - - default default] POST http://cinder-api.openstack.svc.cluster.local:8776/v3/17ea0b52d3eb421c95e2a0522a940737/attachments/6c82757c-b119-4986-a9ec-5b030c95064d/action
2026-05-08 00:34:42.043 8 INFO cinder.api.openstack.wsgi [None req-92b00d38-fafb-41a8-b129-6f1f0bd289d1 f3ee4d2c3ee14736929c73ee9976c790 d510869f598c4018a0468babfdc3c6b2 - - default default] GET http://cinder-api.openstack.svc.cluster.local:8776/v3/d510869f598c4018a0468babfdc3c6b2/volumes/detail?all_tenants=true
2026-05-08 00:34:42.055 8 INFO cinder.volume.api [None req-92b00d38-fafb-41a8-b129-6f1f0bd289d1 f3ee4d2c3ee14736929c73ee9976c790 d510869f598c4018a0468babfdc3c6b2 - - default default] Get all volumes completed successfully. /var/lib/openstack/lib/python3.12/site-packages/oslo_context/context.py:100: DeprecationWarning: Policy enforcement is depending on the value of is_admin. This key is deprecated. Please update your policy file to use the standard policy values. warnings.warn('Policy enforcement is depending on the value of ' /var/lib/openstack/lib/python3.12/site-packages/oslo_context/context.py:100: DeprecationWarning: Policy enforcement is depending on the value of is_admin. This key is deprecated. Please update your policy file to use the standard policy values. warnings.warn('Policy enforcement is depending on the value of '
2026-05-08 00:34:42.061 8 INFO cinder.api.openstack.wsgi [None req-92b00d38-fafb-41a8-b129-6f1f0bd289d1 f3ee4d2c3ee14736929c73ee9976c790 d510869f598c4018a0468babfdc3c6b2 - - default default] http://cinder-api.openstack.svc.cluster.local:8776/v3/d510869f598c4018a0468babfdc3c6b2/volumes/detail?all_tenants=true returned with HTTP 200 [pid: 8|app: 0|req: 355/705] 10.0.0.192 () {28 vars in 684 bytes} [Fri May 8 00:34:42 2026] GET /v3/d510869f598c4018a0468babfdc3c6b2/volumes/detail?all_tenants=true => generated 1509 bytes in 22 msecs (HTTP/1.1 200) 7 headers in 286 bytes (1 switches on core 0) /var/lib/openstack/lib/python3.12/site-packages/pycadf/identifier.py:70: UserWarning: Invalid uuid: cinderv3. To ensure interoperability, identifiers should be a valid uuid. warnings.warn(('Invalid uuid: %s. To ensure interoperability, '
2026-05-08 00:34:42.075 8 INFO cinder.api.openstack.wsgi [None req-543f681a-9578-4545-ad32-b9cf3380acdf f3ee4d2c3ee14736929c73ee9976c790 d510869f598c4018a0468babfdc3c6b2 - - default default] GET http://cinder-api.openstack.svc.cluster.local:8776/v3/d510869f598c4018a0468babfdc3c6b2/volumes/detail?all_tenants=true
2026-05-08 00:34:42.080 7 INFO cinder.api.openstack.wsgi [req-abec917e-e624-4784-8192-319770949ece req-dc6cf062-fe8c-4ac5-ad16-f90cd07b7576 25b85e68ce58461a8b323988cd21f5ee 17ea0b52d3eb421c95e2a0522a940737 - - default default] http://cinder-api.openstack.svc.cluster.local:8776/v3/17ea0b52d3eb421c95e2a0522a940737/attachments/6c82757c-b119-4986-a9ec-5b030c95064d/action returned with HTTP 204 [pid: 7|app: 0|req: 351/706] 199.19.213.90 () {40 vars in 1147 bytes} [Fri May 8 00:34:42 2026] POST /v3/17ea0b52d3eb421c95e2a0522a940737/attachments/6c82757c-b119-4986-a9ec-5b030c95064d/action => generated 0 bytes in 52 msecs (HTTP/1.1 204) 7 headers in 292 bytes (1 switches on core 0)
2026-05-08 00:34:42.087 8 INFO cinder.volume.api [None req-543f681a-9578-4545-ad32-b9cf3380acdf f3ee4d2c3ee14736929c73ee9976c790 d510869f598c4018a0468babfdc3c6b2 - - default default] Get all volumes completed successfully. /var/lib/openstack/lib/python3.12/site-packages/oslo_context/context.py:100: DeprecationWarning: Policy enforcement is depending on the value of is_admin. This key is deprecated. Please update your policy file to use the standard policy values. warnings.warn('Policy enforcement is depending on the value of '
2026-05-08 00:34:42.092 8 INFO cinder.api.openstack.wsgi [None req-543f681a-9578-4545-ad32-b9cf3380acdf f3ee4d2c3ee14736929c73ee9976c790 d510869f598c4018a0468babfdc3c6b2 - - default default] http://cinder-api.openstack.svc.cluster.local:8776/v3/d510869f598c4018a0468babfdc3c6b2/volumes/detail?all_tenants=true returned with HTTP 200 [pid: 8|app: 0|req: 356/707] 10.0.0.192 () {28 vars in 684 bytes} [Fri May 8 00:34:42 2026] GET /v3/d510869f598c4018a0468babfdc3c6b2/volumes/detail?all_tenants=true => generated 1810 bytes in 23 msecs (HTTP/1.1 200) 7 headers in 286 bytes (1 switches on core 0) /var/lib/openstack/lib/python3.12/site-packages/pycadf/identifier.py:70: UserWarning: Invalid uuid: cinderv3. To ensure interoperability, identifiers should be a valid uuid. warnings.warn(('Invalid uuid: %s. To ensure interoperability, '
2026-05-08 00:34:42.108 7 INFO cinder.api.openstack.wsgi [None req-94c6f8aa-3135-4d57-bcfa-1f85f429cca9 f3ee4d2c3ee14736929c73ee9976c790 d510869f598c4018a0468babfdc3c6b2 - - default default] GET http://cinder-api.openstack.svc.cluster.local:8776/v3/d510869f598c4018a0468babfdc3c6b2/scheduler-stats/get_pools?detail=true
2026-05-08 00:34:42.613 7 INFO cinder.api.openstack.wsgi [None req-94c6f8aa-3135-4d57-bcfa-1f85f429cca9 f3ee4d2c3ee14736929c73ee9976c790 d510869f598c4018a0468babfdc3c6b2 - - default default] http://cinder-api.openstack.svc.cluster.local:8776/v3/d510869f598c4018a0468babfdc3c6b2/scheduler-stats/get_pools?detail=true returned with HTTP 200 [pid: 7|app: 0|req: 352/708] 10.0.0.192 () {28 vars in 696 bytes} [Fri May 8 00:34:42 2026] GET /v3/d510869f598c4018a0468babfdc3c6b2/scheduler-stats/get_pools?detail=true => generated 670 bytes in 515 msecs (HTTP/1.1 200) 7 headers in 285 bytes (1 switches on core 0)
2026-05-08 00:34:51.642 8 INFO cinder.api.openstack.wsgi [None req-543f681a-9578-4545-ad32-b9cf3380acdf f3ee4d2c3ee14736929c73ee9976c790 d510869f598c4018a0468babfdc3c6b2 - - default default] GET http://10.0.0.205:8776/
2026-05-08 00:34:51.643 8 INFO cinder.api.openstack.wsgi [None req-543f681a-9578-4545-ad32-b9cf3380acdf f3ee4d2c3ee14736929c73ee9976c790 d510869f598c4018a0468babfdc3c6b2 - - default default] http://10.0.0.205:8776/ returned with HTTP 300
2026-05-08 00:34:51.643 7 INFO cinder.api.openstack.wsgi [None req-94c6f8aa-3135-4d57-bcfa-1f85f429cca9 f3ee4d2c3ee14736929c73ee9976c790 d510869f598c4018a0468babfdc3c6b2 - - default default] GET http://10.0.0.205:8776/
2026-05-08 00:34:51.645 7 INFO cinder.api.openstack.wsgi [None req-94c6f8aa-3135-4d57-bcfa-1f85f429cca9 f3ee4d2c3ee14736929c73ee9976c790 d510869f598c4018a0468babfdc3c6b2 - - default default] http://10.0.0.205:8776/ returned with HTTP 300
2026-05-08 00:35:01.642 8 INFO cinder.api.openstack.wsgi [None req-543f681a-9578-4545-ad32-b9cf3380acdf f3ee4d2c3ee14736929c73ee9976c790 d510869f598c4018a0468babfdc3c6b2 - - default default] GET http://10.0.0.205:8776/
2026-05-08 00:35:01.643 8 INFO cinder.api.openstack.wsgi [None req-543f681a-9578-4545-ad32-b9cf3380acdf f3ee4d2c3ee14736929c73ee9976c790 d510869f598c4018a0468babfdc3c6b2 - - default default] http://10.0.0.205:8776/ returned with HTTP 300
2026-05-08 00:35:01.643 7 INFO cinder.api.openstack.wsgi [None req-94c6f8aa-3135-4d57-bcfa-1f85f429cca9 f3ee4d2c3ee14736929c73ee9976c790 d510869f598c4018a0468babfdc3c6b2 - - default default] GET http://10.0.0.205:8776/
2026-05-08 00:35:01.645 7 INFO cinder.api.openstack.wsgi [None req-94c6f8aa-3135-4d57-bcfa-1f85f429cca9 f3ee4d2c3ee14736929c73ee9976c790 d510869f598c4018a0468babfdc3c6b2 - - default default] http://10.0.0.205:8776/ returned with HTTP 300 /var/lib/openstack/lib/python3.12/site-packages/pycadf/identifier.py:70: UserWarning: Invalid uuid: cinderv3. To ensure interoperability, identifiers should be a valid uuid. warnings.warn(('Invalid uuid: %s. To ensure interoperability, '
2026-05-08 00:35:03.093 8 INFO cinder.api.openstack.wsgi [req-750d395b-2625-4b89-8c04-fdbddae38e75 req-1845bce9-cf74-478b-a1bd-950943683b3b 25b85e68ce58461a8b323988cd21f5ee 17ea0b52d3eb421c95e2a0522a940737 - - default default] DELETE http://cinder-api.openstack.svc.cluster.local:8776/v3/17ea0b52d3eb421c95e2a0522a940737/attachments/6c82757c-b119-4986-a9ec-5b030c95064d /var/lib/openstack/lib/python3.12/site-packages/oslo_context/context.py:100: DeprecationWarning: Policy enforcement is depending on the value of is_admin. This key is deprecated. Please update your policy file to use the standard policy values. warnings.warn('Policy enforcement is depending on the value of '
2026-05-08 00:35:03.656 8 INFO cinder.api.openstack.wsgi [req-750d395b-2625-4b89-8c04-fdbddae38e75 req-1845bce9-cf74-478b-a1bd-950943683b3b 25b85e68ce58461a8b323988cd21f5ee 17ea0b52d3eb421c95e2a0522a940737 - - default default] http://cinder-api.openstack.svc.cluster.local:8776/v3/17ea0b52d3eb421c95e2a0522a940737/attachments/6c82757c-b119-4986-a9ec-5b030c95064d returned with HTTP 200 [pid: 8|app: 0|req: 359/713] 199.19.213.90 () {38 vars in 1102 bytes} [Fri May 8 00:35:03 2026] DELETE /v3/17ea0b52d3eb421c95e2a0522a940737/attachments/6c82757c-b119-4986-a9ec-5b030c95064d => generated 19 bytes in 572 msecs (HTTP/1.1 200) 7 headers in 285 bytes (1 switches on core 0)
2026-05-08 00:35:03.676 7 INFO cinder.api.openstack.wsgi [req-750d395b-2625-4b89-8c04-fdbddae38e75 req-a02f38bb-4f65-495c-8163-e003d25fa814 25b85e68ce58461a8b323988cd21f5ee 17ea0b52d3eb421c95e2a0522a940737 - - default default] DELETE http://cinder-api.openstack.svc.cluster.local:8776/v3/17ea0b52d3eb421c95e2a0522a940737/volumes/88781952-d931-4df1-9a3d-41bd8ff0310f
2026-05-08 00:35:03.676 7 INFO cinder.api.v3.volumes [req-750d395b-2625-4b89-8c04-fdbddae38e75 req-a02f38bb-4f65-495c-8163-e003d25fa814 25b85e68ce58461a8b323988cd21f5ee 17ea0b52d3eb421c95e2a0522a940737 - - default default] Delete volume with id: 88781952-d931-4df1-9a3d-41bd8ff0310f /var/lib/openstack/lib/python3.12/site-packages/oslo_context/context.py:100: DeprecationWarning: Policy enforcement is depending on the value of is_admin. This key is deprecated. Please update your policy file to use the standard policy values. warnings.warn('Policy enforcement is depending on the value of '
2026-05-08 00:35:03.687 7 INFO cinder.volume.api [req-750d395b-2625-4b89-8c04-fdbddae38e75 req-a02f38bb-4f65-495c-8163-e003d25fa814 25b85e68ce58461a8b323988cd21f5ee 17ea0b52d3eb421c95e2a0522a940737 - - default default] Volume info retrieved successfully.
2026-05-08 00:35:03.714 7 INFO cinder.volume.api [req-750d395b-2625-4b89-8c04-fdbddae38e75 req-a02f38bb-4f65-495c-8163-e003d25fa814 25b85e68ce58461a8b323988cd21f5ee 17ea0b52d3eb421c95e2a0522a940737 - - default default] Delete volume request issued successfully.
2026-05-08 00:35:03.714 7 INFO cinder.api.openstack.wsgi [req-750d395b-2625-4b89-8c04-fdbddae38e75 req-a02f38bb-4f65-495c-8163-e003d25fa814 25b85e68ce58461a8b323988cd21f5ee 17ea0b52d3eb421c95e2a0522a940737 - - default default] http://cinder-api.openstack.svc.cluster.local:8776/v3/17ea0b52d3eb421c95e2a0522a940737/volumes/88781952-d931-4df1-9a3d-41bd8ff0310f returned with HTTP 202 [pid: 7|app: 0|req: 355/714] 199.19.213.90 () {36 vars in 1053 bytes} [Fri May 8 00:35:03 2026] DELETE /v3/17ea0b52d3eb421c95e2a0522a940737/volumes/88781952-d931-4df1-9a3d-41bd8ff0310f => generated 0 bytes in 49 msecs (HTTP/1.1 202) 6 headers in 233 bytes (1 switches on core 0)
2026-05-08 00:35:11.642 8 INFO cinder.api.openstack.wsgi [req-750d395b-2625-4b89-8c04-fdbddae38e75 req-1845bce9-cf74-478b-a1bd-950943683b3b 25b85e68ce58461a8b323988cd21f5ee 17ea0b52d3eb421c95e2a0522a940737 - - default default] GET http://10.0.0.205:8776/
2026-05-08 00:35:11.642 7 INFO cinder.api.openstack.wsgi [req-750d395b-2625-4b89-8c04-fdbddae38e75 req-a02f38bb-4f65-495c-8163-e003d25fa814 25b85e68ce58461a8b323988cd21f5ee 17ea0b52d3eb421c95e2a0522a940737 - - default default] GET http://10.0.0.205:8776/
2026-05-08 00:35:11.643 8 INFO cinder.api.openstack.wsgi [req-750d395b-2625-4b89-8c04-fdbddae38e75 req-1845bce9-cf74-478b-a1bd-950943683b3b 25b85e68ce58461a8b323988cd21f5ee 17ea0b52d3eb421c95e2a0522a940737 - - default default] http://10.0.0.205:8776/ returned with HTTP 300
2026-05-08 00:35:11.646 7 INFO cinder.api.openstack.wsgi [req-750d395b-2625-4b89-8c04-fdbddae38e75 req-a02f38bb-4f65-495c-8163-e003d25fa814 25b85e68ce58461a8b323988cd21f5ee 17ea0b52d3eb421c95e2a0522a940737 - - default default] http://10.0.0.205:8776/ returned with HTTP 300
2026-05-08 00:35:21.642 7 INFO cinder.api.openstack.wsgi [req-750d395b-2625-4b89-8c04-fdbddae38e75 req-a02f38bb-4f65-495c-8163-e003d25fa814 25b85e68ce58461a8b323988cd21f5ee 17ea0b52d3eb421c95e2a0522a940737 - - default default] GET http://10.0.0.205:8776/
2026-05-08 00:35:21.642 8 INFO cinder.api.openstack.wsgi [req-750d395b-2625-4b89-8c04-fdbddae38e75 req-1845bce9-cf74-478b-a1bd-950943683b3b 25b85e68ce58461a8b323988cd21f5ee 17ea0b52d3eb421c95e2a0522a940737 - - default default] GET http://10.0.0.205:8776/
2026-05-08 00:35:21.643 7 INFO cinder.api.openstack.wsgi [req-750d395b-2625-4b89-8c04-fdbddae38e75 req-a02f38bb-4f65-495c-8163-e003d25fa814 25b85e68ce58461a8b323988cd21f5ee 17ea0b52d3eb421c95e2a0522a940737 - - default default] http://10.0.0.205:8776/ returned with HTTP 300
2026-05-08 00:35:21.643 8 INFO cinder.api.openstack.wsgi [req-750d395b-2625-4b89-8c04-fdbddae38e75 req-1845bce9-cf74-478b-a1bd-950943683b3b 25b85e68ce58461a8b323988cd21f5ee 17ea0b52d3eb421c95e2a0522a940737 - - default default] http://10.0.0.205:8776/ returned with HTTP 300
2026-05-08 00:35:31.642 8 INFO cinder.api.openstack.wsgi [req-750d395b-2625-4b89-8c04-fdbddae38e75 req-1845bce9-cf74-478b-a1bd-950943683b3b 25b85e68ce58461a8b323988cd21f5ee 17ea0b52d3eb421c95e2a0522a940737 - - default default] GET http://10.0.0.205:8776/
2026-05-08 00:35:31.642 7 INFO cinder.api.openstack.wsgi [req-750d395b-2625-4b89-8c04-fdbddae38e75 req-a02f38bb-4f65-495c-8163-e003d25fa814 25b85e68ce58461a8b323988cd21f5ee 17ea0b52d3eb421c95e2a0522a940737 - - default default] GET http://10.0.0.205:8776/
2026-05-08 00:35:31.644 8 INFO cinder.api.openstack.wsgi [req-750d395b-2625-4b89-8c04-fdbddae38e75 req-1845bce9-cf74-478b-a1bd-950943683b3b 25b85e68ce58461a8b323988cd21f5ee 17ea0b52d3eb421c95e2a0522a940737 - - default default] http://10.0.0.205:8776/ returned with HTTP 300
2026-05-08 00:35:31.645 7 INFO cinder.api.openstack.wsgi [req-750d395b-2625-4b89-8c04-fdbddae38e75 req-a02f38bb-4f65-495c-8163-e003d25fa814 25b85e68ce58461a8b323988cd21f5ee 17ea0b52d3eb421c95e2a0522a940737 - - default default] http://10.0.0.205:8776/ returned with HTTP 300
2026-05-08 00:35:41.642 7 INFO cinder.api.openstack.wsgi [req-750d395b-2625-4b89-8c04-fdbddae38e75 req-a02f38bb-4f65-495c-8163-e003d25fa814 25b85e68ce58461a8b323988cd21f5ee 17ea0b52d3eb421c95e2a0522a940737 - - default default] GET http://10.0.0.205:8776/
2026-05-08 00:35:41.643 7 INFO cinder.api.openstack.wsgi [req-750d395b-2625-4b89-8c04-fdbddae38e75 req-a02f38bb-4f65-495c-8163-e003d25fa814 25b85e68ce58461a8b323988cd21f5ee 17ea0b52d3eb421c95e2a0522a940737 - - default default] http://10.0.0.205:8776/ returned with HTTP 300
2026-05-08 00:35:41.644 7 INFO cinder.api.openstack.wsgi [req-750d395b-2625-4b89-8c04-fdbddae38e75 req-a02f38bb-4f65-495c-8163-e003d25fa814 25b85e68ce58461a8b323988cd21f5ee 17ea0b52d3eb421c95e2a0522a940737 - - default default] GET http://10.0.0.205:8776/
2026-05-08 00:35:41.645 7 INFO cinder.api.openstack.wsgi [req-750d395b-2625-4b89-8c04-fdbddae38e75 req-a02f38bb-4f65-495c-8163-e003d25fa814 25b85e68ce58461a8b323988cd21f5ee 17ea0b52d3eb421c95e2a0522a940737 - - default default] http://10.0.0.205:8776/ returned with HTTP 300 /var/lib/openstack/lib/python3.12/site-packages/pycadf/identifier.py:70: UserWarning: Invalid uuid: cinderv3. To ensure interoperability, identifiers should be a valid uuid. warnings.warn(('Invalid uuid: %s. To ensure interoperability, '
2026-05-08 00:35:41.720 8 INFO cinder.api.openstack.wsgi [None req-bc669865-3906-4a11-8204-2bc4790dc3c0 f3ee4d2c3ee14736929c73ee9976c790 d510869f598c4018a0468babfdc3c6b2 - - default default] GET http://cinder-api.openstack.svc.cluster.local:8776/v3/d510869f598c4018a0468babfdc3c6b2/volumes/detail?all_tenants=true /var/lib/openstack/lib/python3.12/site-packages/oslo_context/context.py:100: DeprecationWarning: Policy enforcement is depending on the value of is_admin. This key is deprecated. Please update your policy file to use the standard policy values. warnings.warn('Policy enforcement is depending on the value of '
2026-05-08 00:35:41.734 8 INFO cinder.volume.api [None req-bc669865-3906-4a11-8204-2bc4790dc3c0 f3ee4d2c3ee14736929c73ee9976c790 d510869f598c4018a0468babfdc3c6b2 - - default default] Get all volumes completed successfully.
2026-05-08 00:35:41.737 8 INFO cinder.api.openstack.wsgi [None req-bc669865-3906-4a11-8204-2bc4790dc3c0 f3ee4d2c3ee14736929c73ee9976c790 d510869f598c4018a0468babfdc3c6b2 - - default default] http://cinder-api.openstack.svc.cluster.local:8776/v3/d510869f598c4018a0468babfdc3c6b2/volumes/detail?all_tenants=true returned with HTTP 200 [pid: 8|app: 0|req: 363/723] 10.0.0.192 () {28 vars in 684 bytes} [Fri May 8 00:35:41 2026] GET /v3/d510869f598c4018a0468babfdc3c6b2/volumes/detail?all_tenants=true => generated 15 bytes in 145 msecs (HTTP/1.1 200) 7 headers in 284 bytes (1 switches on core 0) /var/lib/openstack/lib/python3.12/site-packages/pycadf/identifier.py:70: UserWarning: Invalid uuid: cinderv3. To ensure interoperability, identifiers should be a valid uuid. warnings.warn(('Invalid uuid: %s. To ensure interoperability, '
2026-05-08 00:35:41.789 7 INFO cinder.api.openstack.wsgi [None req-0cc8cc3b-7e10-4f0b-bea4-6045dfe9c902 f3ee4d2c3ee14736929c73ee9976c790 d510869f598c4018a0468babfdc3c6b2 - - default default] GET http://cinder-api.openstack.svc.cluster.local:8776/v3/d510869f598c4018a0468babfdc3c6b2/os-quota-sets/01653664273b414098065411941f1f14?usage=true
2026-05-08 00:35:41.841 7 INFO cinder.api.openstack.wsgi [None req-0cc8cc3b-7e10-4f0b-bea4-6045dfe9c902 f3ee4d2c3ee14736929c73ee9976c790 d510869f598c4018a0468babfdc3c6b2 - - default default] http://cinder-api.openstack.svc.cluster.local:8776/v3/d510869f598c4018a0468babfdc3c6b2/os-quota-sets/01653664273b414098065411941f1f14?usage=true returned with HTTP 200 [pid: 7|app: 0|req: 361/724] 10.0.0.192 () {28 vars in 736 bytes} [Fri May 8 00:35:41 2026] GET /v3/d510869f598c4018a0468babfdc3c6b2/os-quota-sets/01653664273b414098065411941f1f14?usage=true => generated 845 bytes in 61 msecs (HTTP/1.1 200) 7 headers in 285 bytes (1 switches on core 0)
2026-05-08 00:35:41.852 8 INFO cinder.api.openstack.wsgi [None req-a6720c11-d8ad-48f4-9bb9-f72205ced2e6 f3ee4d2c3ee14736929c73ee9976c790 d510869f598c4018a0468babfdc3c6b2 - - default default] GET http://cinder-api.openstack.svc.cluster.local:8776/v3/d510869f598c4018a0468babfdc3c6b2/os-quota-sets/1d0b5c56988d426598d16f30242e70b7?usage=true
2026-05-08 00:35:41.876 8 INFO cinder.api.openstack.wsgi [None req-a6720c11-d8ad-48f4-9bb9-f72205ced2e6 f3ee4d2c3ee14736929c73ee9976c790 d510869f598c4018a0468babfdc3c6b2 - - default default] http://cinder-api.openstack.svc.cluster.local:8776/v3/d510869f598c4018a0468babfdc3c6b2/os-quota-sets/1d0b5c56988d426598d16f30242e70b7?usage=true returned with HTTP 200 [pid: 8|app: 0|req: 364/725] 10.0.0.192 () {28 vars in 736 bytes} [Fri May 8 00:35:41 2026] GET /v3/d510869f598c4018a0468babfdc3c6b2/os-quota-sets/1d0b5c56988d426598d16f30242e70b7?usage=true => generated 847 bytes in 31 msecs (HTTP/1.1 200) 7 headers in 285 bytes (1 switches on core 0)
2026-05-08 00:35:41.891 7 INFO cinder.api.openstack.wsgi [None req-5dc9e93d-c165-4547-b86c-697dbbb95690 f3ee4d2c3ee14736929c73ee9976c790 d510869f598c4018a0468babfdc3c6b2 - - default default] GET http://cinder-api.openstack.svc.cluster.local:8776/v3/d510869f598c4018a0468babfdc3c6b2/os-quota-sets/1de38b536c1e46b9a0227ce23f17664f?usage=true
2026-05-08 00:35:41.912 7 INFO cinder.api.openstack.wsgi [None req-5dc9e93d-c165-4547-b86c-697dbbb95690 f3ee4d2c3ee14736929c73ee9976c790 d510869f598c4018a0468babfdc3c6b2 - - default default] http://cinder-api.openstack.svc.cluster.local:8776/v3/d510869f598c4018a0468babfdc3c6b2/os-quota-sets/1de38b536c1e46b9a0227ce23f17664f?usage=true returned with HTTP 200 [pid: 7|app: 0|req: 362/726] 10.0.0.192 () {28 vars in 736 bytes} [Fri May 8 00:35:41 2026] GET /v3/d510869f598c4018a0468babfdc3c6b2/os-quota-sets/1de38b536c1e46b9a0227ce23f17664f?usage=true => generated 847 bytes in 30 msecs (HTTP/1.1 200) 7 headers in 285 bytes (1 switches on core 0)
2026-05-08 00:35:41.926 8 INFO cinder.api.openstack.wsgi [None req-13c9cee8-f7f1-46f7-b825-a564d703dc98 f3ee4d2c3ee14736929c73ee9976c790 d510869f598c4018a0468babfdc3c6b2 - - default default] GET http://cinder-api.openstack.svc.cluster.local:8776/v3/d510869f598c4018a0468babfdc3c6b2/os-quota-sets/2ae49c9f4b6745709eb088d64b3466aa?usage=true
2026-05-08 00:35:41.948 8 INFO cinder.api.openstack.wsgi [None req-13c9cee8-f7f1-46f7-b825-a564d703dc98 f3ee4d2c3ee14736929c73ee9976c790 d510869f598c4018a0468babfdc3c6b2 - - default default] http://cinder-api.openstack.svc.cluster.local:8776/v3/d510869f598c4018a0468babfdc3c6b2/os-quota-sets/2ae49c9f4b6745709eb088d64b3466aa?usage=true returned with HTTP 200 [pid: 8|app: 0|req: 365/727] 10.0.0.192 () {28 vars in 736 bytes} [Fri May 8 00:35:41 2026] GET /v3/d510869f598c4018a0468babfdc3c6b2/os-quota-sets/2ae49c9f4b6745709eb088d64b3466aa?usage=true => generated 847 bytes in 31 msecs (HTTP/1.1 200) 7 headers in 285 bytes (1 switches on core 0)
2026-05-08 00:35:41.960 7 INFO cinder.api.openstack.wsgi [None req-1d122fc2-6b4e-45b7-a267-b426e4efabdc f3ee4d2c3ee14736929c73ee9976c790 d510869f598c4018a0468babfdc3c6b2 - - default default] GET http://cinder-api.openstack.svc.cluster.local:8776/v3/d510869f598c4018a0468babfdc3c6b2/os-quota-sets/d0cfe61992a046d5b02488b0b5f9bbb6?usage=true
2026-05-08 00:35:41.977 7 INFO cinder.api.openstack.wsgi [None req-1d122fc2-6b4e-45b7-a267-b426e4efabdc f3ee4d2c3ee14736929c73ee9976c790 d510869f598c4018a0468babfdc3c6b2 - - default default] http://cinder-api.openstack.svc.cluster.local:8776/v3/d510869f598c4018a0468babfdc3c6b2/os-quota-sets/d0cfe61992a046d5b02488b0b5f9bbb6?usage=true returned with HTTP 200 [pid: 7|app: 0|req: 363/728] 10.0.0.192 () {28 vars in 736 bytes} [Fri May 8 00:35:41 2026] GET /v3/d510869f598c4018a0468babfdc3c6b2/os-quota-sets/d0cfe61992a046d5b02488b0b5f9bbb6?usage=true => generated 847 bytes in 26 msecs (HTTP/1.1 200) 7 headers in 285 bytes (1 switches on core 0)
2026-05-08 00:35:41.988 8 INFO cinder.api.openstack.wsgi [None req-6d3c5bbc-c4b2-4543-917d-18cf0e76ddfd f3ee4d2c3ee14736929c73ee9976c790 d510869f598c4018a0468babfdc3c6b2 - - default default] GET http://cinder-api.openstack.svc.cluster.local:8776/v3/d510869f598c4018a0468babfdc3c6b2/os-quota-sets/d44f88b1ea614ea9b72a4283827f1b37?usage=true
2026-05-08 00:35:42.012 8 INFO cinder.api.openstack.wsgi [None req-6d3c5bbc-c4b2-4543-917d-18cf0e76ddfd f3ee4d2c3ee14736929c73ee9976c790 d510869f598c4018a0468babfdc3c6b2 - - default default] http://cinder-api.openstack.svc.cluster.local:8776/v3/d510869f598c4018a0468babfdc3c6b2/os-quota-sets/d44f88b1ea614ea9b72a4283827f1b37?usage=true returned with HTTP 200 [pid: 8|app: 0|req: 366/729] 10.0.0.192 () {28 vars in 736 bytes} [Fri May 8 00:35:41 2026] GET /v3/d510869f598c4018a0468babfdc3c6b2/os-quota-sets/d44f88b1ea614ea9b72a4283827f1b37?usage=true => generated 847 bytes in 31 msecs (HTTP/1.1 200) 7 headers in 285 bytes (1 switches on core 0)
2026-05-08 00:35:42.024 7 INFO cinder.api.openstack.wsgi [None req-3fad96d0-b000-4cdc-81de-db7e7c2799e2 f3ee4d2c3ee14736929c73ee9976c790 d510869f598c4018a0468babfdc3c6b2 - - default default] GET http://cinder-api.openstack.svc.cluster.local:8776/v3/d510869f598c4018a0468babfdc3c6b2/os-quota-sets/d510869f598c4018a0468babfdc3c6b2?usage=true
2026-05-08 00:35:42.044 7 INFO cinder.api.openstack.wsgi [None req-3fad96d0-b000-4cdc-81de-db7e7c2799e2 f3ee4d2c3ee14736929c73ee9976c790 d510869f598c4018a0468babfdc3c6b2 - - default default] http://cinder-api.openstack.svc.cluster.local:8776/v3/d510869f598c4018a0468babfdc3c6b2/os-quota-sets/d510869f598c4018a0468babfdc3c6b2?usage=true returned with HTTP 200 [pid: 7|app: 0|req: 364/730] 10.0.0.192 () {28 vars in 736 bytes} [Fri May 8 00:35:42 2026] GET /v3/d510869f598c4018a0468babfdc3c6b2/os-quota-sets/d510869f598c4018a0468babfdc3c6b2?usage=true => generated 845 bytes in 28 msecs (HTTP/1.1 200) 7 headers in 285 bytes (1 switches on core 0)
2026-05-08 00:35:42.054 8 INFO cinder.api.openstack.wsgi [None req-6478b662-d48e-4e90-8970-baef402429d5 f3ee4d2c3ee14736929c73ee9976c790 d510869f598c4018a0468babfdc3c6b2 - - default default] GET http://cinder-api.openstack.svc.cluster.local:8776/v3/d510869f598c4018a0468babfdc3c6b2/volumes/detail?all_tenants=true
2026-05-08 00:35:42.064 8 INFO cinder.volume.api [None req-6478b662-d48e-4e90-8970-baef402429d5 f3ee4d2c3ee14736929c73ee9976c790 d510869f598c4018a0468babfdc3c6b2 - - default default] Get all volumes completed successfully.
2026-05-08 00:35:42.066 8 INFO cinder.api.openstack.wsgi [None req-6478b662-d48e-4e90-8970-baef402429d5 f3ee4d2c3ee14736929c73ee9976c790 d510869f598c4018a0468babfdc3c6b2 - - default default] http://cinder-api.openstack.svc.cluster.local:8776/v3/d510869f598c4018a0468babfdc3c6b2/volumes/detail?all_tenants=true returned with HTTP 200 [pid: 8|app: 0|req: 367/731] 10.0.0.192 () {28 vars in 684 bytes} [Fri May 8 00:35:42 2026] GET /v3/d510869f598c4018a0468babfdc3c6b2/volumes/detail?all_tenants=true => generated 15 bytes in 17 msecs (HTTP/1.1 200) 7 headers in 284 bytes (1 switches on core 0)
2026-05-08 00:35:42.083 7 INFO cinder.api.openstack.wsgi [None req-d1f9f997-6256-4589-93bd-d2d0609a0810 f3ee4d2c3ee14736929c73ee9976c790 d510869f598c4018a0468babfdc3c6b2 - - default default] GET http://cinder-api.openstack.svc.cluster.local:8776/v3/d510869f598c4018a0468babfdc3c6b2/snapshots?all_tenants=true
2026-05-08 00:35:42.088 7 INFO cinder.volume.api [None req-d1f9f997-6256-4589-93bd-d2d0609a0810 f3ee4d2c3ee14736929c73ee9976c790 d510869f598c4018a0468babfdc3c6b2 - - default default] Get all snapshots completed successfully.
