Feb 19 02:46:34.430176 np0000156478 devstack@m-api.service[103303]: INFO manila.api.openstack.wsgi [None req-9f488212-9c4b-4c1a-ba78-b4face80f1ec tempest-SharesAdminQuotasNegativeTest-1352525348 tempest-SharesAdminQuotasNegativeTest-1352525348-project-admin] HTTP exception thrown: Share type not found.
Feb 19 02:46:34.430366 np0000156478 devstack@m-api.service[103303]: INFO manila.api.openstack.wsgi [None req-9f488212-9c4b-4c1a-ba78-b4face80f1ec tempest-SharesAdminQuotasNegativeTest-1352525348 tempest-SharesAdminQuotasNegativeTest-1352525348-project-admin] https://199.204.45.169/share/v2/ca387f25571640c0bb516b8a699a245e/types/101b0ab4-b6bc-4fab-b4fb-5e326a2acfe3 returned with HTTP 404
Feb 19 02:46:34.430858 np0000156478 devstack@m-api.service[103302]: INFO manila.api.openstack.wsgi [None req-0eff4414-17a3-453b-8a54-8e69554e2a26 tempest-ExportLocationsNegativeTest-1419654796 tempest-ExportLocationsNegativeTest-1419654796-project-admin] HTTP exception thrown: Share type not found.
Feb 19 02:46:34.430905 np0000156478 devstack@m-api.service[103303]: [pid: 103303|app: 0|req: 155/307] 199.204.45.169 () {68 vars in 1515 bytes} [Thu Feb 19 02:46:34 2026] GET /share/v2/ca387f25571640c0bb516b8a699a245e/types/101b0ab4-b6bc-4fab-b4fb-5e326a2acfe3 => generated 67 bytes in 9 msecs (HTTP/1.1 404) 7 headers in 303 bytes (1 switches on core 0)
Feb 19 02:46:34.431285 np0000156478 devstack@m-api.service[103302]: INFO manila.api.openstack.wsgi [None req-0eff4414-17a3-453b-8a54-8e69554e2a26 tempest-ExportLocationsNegativeTest-1419654796 tempest-ExportLocationsNegativeTest-1419654796-project-admin] https://199.204.45.169/share/v2/6677de38fefd429b82a188946f837686/types/20b89741-9076-472c-8a5b-2344e8c23b3c returned with HTTP 404
Feb 19 02:46:34.431810 np0000156478 devstack@m-api.service[103302]: [pid: 103302|app: 0|req: 153/308] 199.204.45.169 () {68 vars in 1515 bytes} [Thu Feb 19 02:46:34 2026] GET /share/v2/6677de38fefd429b82a188946f837686/types/20b89741-9076-472c-8a5b-2344e8c23b3c => generated 67 bytes in 10 msecs (HTTP/1.1 404) 7 headers in 303 bytes (1 switches on core 0)
Feb 19 02:46:34.442506 np0000156478 devstack@m-api.service[103303]: INFO manila.api.openstack.wsgi [None req-99d364db-4f7b-42ab-94a0-fd33c0bed6a1 tempest-SharesAdminQuotasNegativeTest-1352525348 tempest-SharesAdminQuotasNegativeTest-1352525348-project-admin] GET https://199.204.45.169/share/v2/ca387f25571640c0bb516b8a699a245e/shares?share_type_id=72cf54d1-5a09-4ac6-b7c1-63e517af1bc4
Feb 19 02:46:34.442800 np0000156478 devstack@m-api.service[103303]: DEBUG manila.api.openstack.wsgi [None req-99d364db-4f7b-42ab-94a0-fd33c0bed6a1 tempest-SharesAdminQuotasNegativeTest-1352525348 tempest-SharesAdminQuotasNegativeTest-1352525348-project-admin] Empty body provided in request {{(pid=103303) get_body /opt/stack/manila/manila/api/openstack/wsgi.py:652}}
Feb 19 02:46:34.442974 np0000156478 devstack@m-api.service[103303]: DEBUG manila.api.openstack.wsgi [None req-99d364db-4f7b-42ab-94a0-fd33c0bed6a1 tempest-SharesAdminQuotasNegativeTest-1352525348 tempest-SharesAdminQuotasNegativeTest-1352525348-project-admin] Calling method 'Controller.__getattribute__..version_select' {{(pid=103303) _process_stack /opt/stack/manila/manila/api/openstack/wsgi.py:798}}
Feb 19 02:46:34.445512 np0000156478 devstack@m-api.service[103303]: DEBUG manila.share.api [None req-99d364db-4f7b-42ab-94a0-fd33c0bed6a1 tempest-SharesAdminQuotasNegativeTest-1352525348 tempest-SharesAdminQuotasNegativeTest-1352525348-project-admin] Searching for shares by: {'share_type_id': '72cf54d1-5a09-4ac6-b7c1-63e517af1bc4'} {{(pid=103303) _get_all /opt/stack/manila/manila/share/api.py:2372}}
Feb 19 02:46:34.454678 np0000156478 devstack@m-api.service[103302]: INFO manila.api.openstack.wsgi [None req-b3ffe947-fcaa-4071-871f-d6916eb2f4b3 tempest-AccessRulesMetadataTest-861778672 tempest-AccessRulesMetadataTest-861778672-project-member] GET https://199.204.45.169/share/v2/40a26b04728d4ac9b3cb0893b7dbbad9/share-access-rules?share_id=6c61f427-d76d-4f17-9ce7-a935403a7f00
Feb 19 02:46:34.454900 np0000156478 devstack@m-api.service[103302]: DEBUG manila.api.openstack.wsgi [None req-b3ffe947-fcaa-4071-871f-d6916eb2f4b3 tempest-AccessRulesMetadataTest-861778672 tempest-AccessRulesMetadataTest-861778672-project-member] Empty body provided in request {{(pid=103302) get_body /opt/stack/manila/manila/api/openstack/wsgi.py:652}}
Feb 19 02:46:34.455999 np0000156478 devstack@m-api.service[103302]: DEBUG manila.api.openstack.wsgi [None req-b3ffe947-fcaa-4071-871f-d6916eb2f4b3 tempest-AccessRulesMetadataTest-861778672 tempest-AccessRulesMetadataTest-861778672-project-member] Calling method 'Controller.__getattribute__..version_select' {{(pid=103302) _process_stack /opt/stack/manila/manila/api/openstack/wsgi.py:798}}
Feb 19 02:46:34.456173 np0000156478 devstack@m-api.service[103303]: INFO manila.api.openstack.wsgi [None req-99d364db-4f7b-42ab-94a0-fd33c0bed6a1 tempest-SharesAdminQuotasNegativeTest-1352525348 tempest-SharesAdminQuotasNegativeTest-1352525348-project-admin] https://199.204.45.169/share/v2/ca387f25571640c0bb516b8a699a245e/shares?share_type_id=72cf54d1-5a09-4ac6-b7c1-63e517af1bc4 returned with HTTP 200
Feb 19 02:46:34.456520 np0000156478 devstack@m-api.service[103303]: [pid: 103303|app: 0|req: 156/309] 199.204.45.169 () {68 vars in 1508 bytes} [Thu Feb 19 02:46:34 2026] GET /share/v2/ca387f25571640c0bb516b8a699a245e/shares?share_type_id=72cf54d1-5a09-4ac6-b7c1-63e517af1bc4 => generated 14 bytes in 16 msecs (HTTP/1.1 200) 7 headers in 296 bytes (1 switches on core 0)
Feb 19 02:46:34.470666 np0000156478 devstack@m-api.service[103303]: INFO manila.api.openstack.wsgi [None req-c73649aa-f531-4879-82b1-91dacfe3495a tempest-SharesAdminQuotasNegativeTest-1352525348 tempest-SharesAdminQuotasNegativeTest-1352525348-project-admin] DELETE https://199.204.45.169/share/v2/ca387f25571640c0bb516b8a699a245e/types/72cf54d1-5a09-4ac6-b7c1-63e517af1bc4
Feb 19 02:46:34.470957 np0000156478 devstack@m-api.service[103303]: DEBUG manila.api.openstack.wsgi [None req-c73649aa-f531-4879-82b1-91dacfe3495a tempest-SharesAdminQuotasNegativeTest-1352525348 tempest-SharesAdminQuotasNegativeTest-1352525348-project-admin] Empty body provided in request {{(pid=103303) get_body /opt/stack/manila/manila/api/openstack/wsgi.py:652}}
Feb 19 02:46:34.471339 np0000156478 devstack@m-api.service[103303]: DEBUG manila.api.openstack.wsgi [None req-c73649aa-f531-4879-82b1-91dacfe3495a tempest-SharesAdminQuotasNegativeTest-1352525348 tempest-SharesAdminQuotasNegativeTest-1352525348-project-admin] Calling method 'ShareTypesController._delete' {{(pid=103303) _process_stack /opt/stack/manila/manila/api/openstack/wsgi.py:798}}
Feb 19 02:46:34.495293 np0000156478 devstack@m-api.service[103303]: INFO manila.api.openstack.wsgi [None req-c73649aa-f531-4879-82b1-91dacfe3495a tempest-SharesAdminQuotasNegativeTest-1352525348 tempest-SharesAdminQuotasNegativeTest-1352525348-project-admin] https://199.204.45.169/share/v2/ca387f25571640c0bb516b8a699a245e/types/72cf54d1-5a09-4ac6-b7c1-63e517af1bc4 returned with HTTP 202
Feb 19 02:46:34.496241 np0000156478 devstack@m-api.service[103303]: [pid: 103303|app: 0|req: 157/310] 199.204.45.169 () {68 vars in 1518 bytes} [Thu Feb 19 02:46:34 2026] DELETE /share/v2/ca387f25571640c0bb516b8a699a245e/types/72cf54d1-5a09-4ac6-b7c1-63e517af1bc4 => generated 0 bytes in 29 msecs (HTTP/1.1 202) 7 headers in 309 bytes (1 switches on core 0)
Feb 19 02:46:34.506943 np0000156478 devstack@m-api.service[103303]: INFO manila.api.openstack.wsgi [None req-6c991278-612f-45ea-9878-6758c2f362c7 tempest-SharesAdminQuotasNegativeTest-1352525348 tempest-SharesAdminQuotasNegativeTest-1352525348-project-admin] GET https://199.204.45.169/share/v2/ca387f25571640c0bb516b8a699a245e/types/72cf54d1-5a09-4ac6-b7c1-63e517af1bc4
Feb 19 02:46:34.507179 np0000156478 devstack@m-api.service[103303]: DEBUG manila.api.openstack.wsgi [None req-6c991278-612f-45ea-9878-6758c2f362c7 tempest-SharesAdminQuotasNegativeTest-1352525348 tempest-SharesAdminQuotasNegativeTest-1352525348-project-admin] Empty body provided in request {{(pid=103303) get_body /opt/stack/manila/manila/api/openstack/wsgi.py:652}}
Feb 19 02:46:34.507328 np0000156478 devstack@m-api.service[103303]: DEBUG manila.api.openstack.wsgi [None req-6c991278-612f-45ea-9878-6758c2f362c7 tempest-SharesAdminQuotasNegativeTest-1352525348 tempest-SharesAdminQuotasNegativeTest-1352525348-project-admin] Calling method 'ShareTypesController.show' {{(pid=103303) _process_stack /opt/stack/manila/manila/api/openstack/wsgi.py:798}}
Feb 19 02:46:34.511017 np0000156478 devstack@m-api.service[103303]: INFO manila.api.openstack.wsgi [None req-6c991278-612f-45ea-9878-6758c2f362c7 tempest-SharesAdminQuotasNegativeTest-1352525348 tempest-SharesAdminQuotasNegativeTest-1352525348-project-admin] HTTP exception thrown: Share type not found.
Feb 19 02:46:34.511154 np0000156478 devstack@m-api.service[103303]: INFO manila.api.openstack.wsgi [None req-6c991278-612f-45ea-9878-6758c2f362c7 tempest-SharesAdminQuotasNegativeTest-1352525348 tempest-SharesAdminQuotasNegativeTest-1352525348-project-admin] https://199.204.45.169/share/v2/ca387f25571640c0bb516b8a699a245e/types/72cf54d1-5a09-4ac6-b7c1-63e517af1bc4 returned with HTTP 404
Feb 19 02:46:34.511848 np0000156478 devstack@m-api.service[103303]: [pid: 103303|app: 0|req: 158/311] 199.204.45.169 () {68 vars in 1515 bytes} [Thu Feb 19 02:46:34 2026] GET /share/v2/ca387f25571640c0bb516b8a699a245e/types/72cf54d1-5a09-4ac6-b7c1-63e517af1bc4 => generated 67 bytes in 7 msecs (HTTP/1.1 404) 7 headers in 303 bytes (2 switches on core 0)
Feb 19 02:46:34.519403 np0000156478 devstack@m-api.service[103302]: DEBUG manila.lock.api [None req-b3ffe947-fcaa-4071-871f-d6916eb2f4b3 tempest-AccessRulesMetadataTest-861778672 tempest-AccessRulesMetadataTest-861778672-project-member] Searching for locks by: {'resource_id': '3f62360f-1e32-4c23-91db-597823b382bf', 'resource_action': 'show', 'resource_type': 'access_rule', 'all_projects': True} {{(pid=103302) get_all /opt/stack/manila/manila/lock/api.py:112}}
Feb 19 02:46:34.520603 np0000156478 devstack@m-api.service[103303]: INFO manila.api.openstack.wsgi [None req-b5fe8389-d742-4738-83fa-fb4cb82b1f99 tempest-SharesAdminQuotasNegativeTest-1352525348 tempest-SharesAdminQuotasNegativeTest-1352525348-project-admin] GET https://199.204.45.169/share/v2/ca387f25571640c0bb516b8a699a245e/shares?share_type_id=b0ead9ec-b3d0-4379-8fd7-d1b33593b90f
Feb 19 02:46:34.520830 np0000156478 devstack@m-api.service[103303]: DEBUG manila.api.openstack.wsgi [None req-b5fe8389-d742-4738-83fa-fb4cb82b1f99 tempest-SharesAdminQuotasNegativeTest-1352525348 tempest-SharesAdminQuotasNegativeTest-1352525348-project-admin] Empty body provided in request {{(pid=103303) get_body /opt/stack/manila/manila/api/openstack/wsgi.py:652}}
Feb 19 02:46:34.520915 np0000156478 devstack@m-api.service[103303]: DEBUG manila.api.openstack.wsgi [None req-b5fe8389-d742-4738-83fa-fb4cb82b1f99 tempest-SharesAdminQuotasNegativeTest-1352525348 tempest-SharesAdminQuotasNegativeTest-1352525348-project-admin] Calling method 'Controller.__getattribute__..version_select' {{(pid=103303) _process_stack /opt/stack/manila/manila/api/openstack/wsgi.py:798}}
Feb 19 02:46:34.521445 np0000156478 devstack@m-api.service[103303]: DEBUG manila.share.api [None req-b5fe8389-d742-4738-83fa-fb4cb82b1f99 tempest-SharesAdminQuotasNegativeTest-1352525348 tempest-SharesAdminQuotasNegativeTest-1352525348-project-admin] Searching for shares by: {'share_type_id': 'b0ead9ec-b3d0-4379-8fd7-d1b33593b90f'} {{(pid=103303) _get_all /opt/stack/manila/manila/share/api.py:2372}}
Feb 19 02:46:34.526179 np0000156478 devstack@m-api.service[103303]: INFO manila.api.openstack.wsgi [None req-b5fe8389-d742-4738-83fa-fb4cb82b1f99 tempest-SharesAdminQuotasNegativeTest-1352525348 tempest-SharesAdminQuotasNegativeTest-1352525348-project-admin] https://199.204.45.169/share/v2/ca387f25571640c0bb516b8a699a245e/shares?share_type_id=b0ead9ec-b3d0-4379-8fd7-d1b33593b90f returned with HTTP 200
Feb 19 02:46:34.526470 np0000156478 devstack@m-api.service[103303]: [pid: 103303|app: 0|req: 159/312] 199.204.45.169 () {68 vars in 1508 bytes} [Thu Feb 19 02:46:34 2026] GET /share/v2/ca387f25571640c0bb516b8a699a245e/shares?share_type_id=b0ead9ec-b3d0-4379-8fd7-d1b33593b90f => generated 14 bytes in 7 msecs (HTTP/1.1 200) 7 headers in 296 bytes (1 switches on core 0)
Feb 19 02:46:34.531194 np0000156478 devstack@m-api.service[103302]: INFO manila.api.openstack.wsgi [None req-b3ffe947-fcaa-4071-871f-d6916eb2f4b3 tempest-AccessRulesMetadataTest-861778672 tempest-AccessRulesMetadataTest-861778672-project-member] https://199.204.45.169/share/v2/40a26b04728d4ac9b3cb0893b7dbbad9/share-access-rules?share_id=6c61f427-d76d-4f17-9ce7-a935403a7f00 returned with HTTP 200
Feb 19 02:46:34.532177 np0000156478 devstack@m-api.service[103302]: [pid: 103302|app: 0|req: 154/313] 199.204.45.169 () {68 vars in 1534 bytes} [Thu Feb 19 02:46:34 2026] GET /share/v2/40a26b04728d4ac9b3cb0893b7dbbad9/share-access-rules?share_id=6c61f427-d76d-4f17-9ce7-a935403a7f00 => generated 348 bytes in 81 msecs (HTTP/1.1 200) 7 headers in 297 bytes (1 switches on core 0)
Feb 19 02:46:34.534100 np0000156478 devstack@m-api.service[103303]: INFO manila.api.openstack.wsgi [None req-1620f52b-ccaf-4049-b80b-c6cd3ee9e2c2 tempest-SharesAdminQuotasNegativeTest-1352525348 tempest-SharesAdminQuotasNegativeTest-1352525348-project-admin] DELETE https://199.204.45.169/share/v2/ca387f25571640c0bb516b8a699a245e/types/b0ead9ec-b3d0-4379-8fd7-d1b33593b90f
Feb 19 02:46:34.534366 np0000156478 devstack@m-api.service[103303]: DEBUG manila.api.openstack.wsgi [None req-1620f52b-ccaf-4049-b80b-c6cd3ee9e2c2 tempest-SharesAdminQuotasNegativeTest-1352525348 tempest-SharesAdminQuotasNegativeTest-1352525348-project-admin] Empty body provided in request {{(pid=103303) get_body /opt/stack/manila/manila/api/openstack/wsgi.py:652}}
Feb 19 02:46:34.534505 np0000156478 devstack@m-api.service[103303]: DEBUG manila.api.openstack.wsgi [None req-1620f52b-ccaf-4049-b80b-c6cd3ee9e2c2 tempest-SharesAdminQuotasNegativeTest-1352525348 tempest-SharesAdminQuotasNegativeTest-1352525348-project-admin] Calling method 'ShareTypesController._delete' {{(pid=103303) _process_stack /opt/stack/manila/manila/api/openstack/wsgi.py:798}}
Feb 19 02:46:34.547467 np0000156478 devstack@m-api.service[103302]: INFO manila.api.openstack.wsgi [None req-f450d1de-c04e-4cc1-97ce-c2a6f431edaf tempest-AccessRulesMetadataTest-861778672 tempest-AccessRulesMetadataTest-861778672-project-member] POST https://199.204.45.169/share/v2/40a26b04728d4ac9b3cb0893b7dbbad9/shares/6c61f427-d76d-4f17-9ce7-a935403a7f00/action
Feb 19 02:46:34.548083 np0000156478 devstack@m-api.service[103302]: DEBUG manila.api.openstack.wsgi [None req-f450d1de-c04e-4cc1-97ce-c2a6f431edaf tempest-AccessRulesMetadataTest-861778672 tempest-AccessRulesMetadataTest-861778672-project-member] Action body: b'{"allow_access": {"access_type": "cephx", "access_to": "eve48", "access_level": "rw", "metadata": {"key3": "v3", "key4": "value4"}}}' {{(pid=103302) get_method /opt/stack/manila/manila/api/openstack/wsgi.py:912}}
Feb 19 02:46:34.548238 np0000156478 devstack@m-api.service[103302]: DEBUG manila.api.openstack.wsgi [None req-f450d1de-c04e-4cc1-97ce-c2a6f431edaf tempest-AccessRulesMetadataTest-861778672 tempest-AccessRulesMetadataTest-861778672-project-member] Action: 'action', calling method: Controller.__getattribute__..version_select, body: {"allow_access": {"access_type": "cephx", "access_to": "eve48", "access_level": "rw", "metadata": {"key3": "v3", "key4": "value4"}}} {{(pid=103302) _process_stack /opt/stack/manila/manila/api/openstack/wsgi.py:796}}
Feb 19 02:46:34.561813 np0000156478 devstack@m-api.service[103303]: INFO manila.api.openstack.wsgi [None req-1620f52b-ccaf-4049-b80b-c6cd3ee9e2c2 tempest-SharesAdminQuotasNegativeTest-1352525348 tempest-SharesAdminQuotasNegativeTest-1352525348-project-admin] https://199.204.45.169/share/v2/ca387f25571640c0bb516b8a699a245e/types/b0ead9ec-b3d0-4379-8fd7-d1b33593b90f returned with HTTP 202
Feb 19 02:46:34.562178 np0000156478 devstack@m-api.service[103303]: [pid: 103303|app: 0|req: 160/314] 199.204.45.169 () {68 vars in 1518 bytes} [Thu Feb 19 02:46:34 2026] DELETE /share/v2/ca387f25571640c0bb516b8a699a245e/types/b0ead9ec-b3d0-4379-8fd7-d1b33593b90f => generated 0 bytes in 30 msecs (HTTP/1.1 202) 7 headers in 309 bytes (2 switches on core 0)
Feb 19 02:46:34.576217 np0000156478 devstack@m-api.service[103303]: INFO manila.api.openstack.wsgi [None req-8733b184-916b-4ca5-960d-60df349238f1 tempest-SharesAdminQuotasNegativeTest-1352525348 tempest-SharesAdminQuotasNegativeTest-1352525348-project-admin] GET https://199.204.45.169/share/v2/ca387f25571640c0bb516b8a699a245e/types/b0ead9ec-b3d0-4379-8fd7-d1b33593b90f
Feb 19 02:46:34.576492 np0000156478 devstack@m-api.service[103303]: DEBUG manila.api.openstack.wsgi [None req-8733b184-916b-4ca5-960d-60df349238f1 tempest-SharesAdminQuotasNegativeTest-1352525348 tempest-SharesAdminQuotasNegativeTest-1352525348-project-admin] Empty body provided in request {{(pid=103303) get_body /opt/stack/manila/manila/api/openstack/wsgi.py:652}}
Feb 19 02:46:34.576804 np0000156478 devstack@m-api.service[103303]: DEBUG manila.api.openstack.wsgi [None req-8733b184-916b-4ca5-960d-60df349238f1 tempest-SharesAdminQuotasNegativeTest-1352525348 tempest-SharesAdminQuotasNegativeTest-1352525348-project-admin] Calling method 'ShareTypesController.show' {{(pid=103303) _process_stack /opt/stack/manila/manila/api/openstack/wsgi.py:798}}
Feb 19 02:46:34.582126 np0000156478 devstack@m-api.service[103303]: INFO manila.api.openstack.wsgi [None req-8733b184-916b-4ca5-960d-60df349238f1 tempest-SharesAdminQuotasNegativeTest-1352525348 tempest-SharesAdminQuotasNegativeTest-1352525348-project-admin] HTTP exception thrown: Share type not found.
Feb 19 02:46:34.582126 np0000156478 devstack@m-api.service[103303]: INFO manila.api.openstack.wsgi [None req-8733b184-916b-4ca5-960d-60df349238f1 tempest-SharesAdminQuotasNegativeTest-1352525348 tempest-SharesAdminQuotasNegativeTest-1352525348-project-admin] https://199.204.45.169/share/v2/ca387f25571640c0bb516b8a699a245e/types/b0ead9ec-b3d0-4379-8fd7-d1b33593b90f returned with HTTP 404
Feb 19 02:46:34.582682 np0000156478 devstack@m-api.service[103303]: [pid: 103303|app: 0|req: 161/315] 199.204.45.169 () {68 vars in 1515 bytes} [Thu Feb 19 02:46:34 2026] GET /share/v2/ca387f25571640c0bb516b8a699a245e/types/b0ead9ec-b3d0-4379-8fd7-d1b33593b90f => generated 67 bytes in 9 msecs (HTTP/1.1 404) 7 headers in 303 bytes (2 switches on core 0)
Feb 19 02:46:34.593915 np0000156478 devstack@m-api.service[103303]: INFO manila.api.openstack.wsgi [None req-687cbf80-b292-41b6-b643-b5d2d884a3da tempest-SharesAdminQuotasNegativeTest-1352525348 tempest-SharesAdminQuotasNegativeTest-1352525348-project-admin] GET https://199.204.45.169/share/v2/ca387f25571640c0bb516b8a699a245e/shares?share_type_id=01ac9c0e-786a-4059-a190-0e2590bd2b46
Feb 19 02:46:34.594219 np0000156478 devstack@m-api.service[103303]: DEBUG manila.api.openstack.wsgi [None req-687cbf80-b292-41b6-b643-b5d2d884a3da tempest-SharesAdminQuotasNegativeTest-1352525348 tempest-SharesAdminQuotasNegativeTest-1352525348-project-admin] Empty body provided in request {{(pid=103303) get_body /opt/stack/manila/manila/api/openstack/wsgi.py:652}}
Feb 19 02:46:34.594423 np0000156478 devstack@m-api.service[103303]: DEBUG manila.api.openstack.wsgi [None req-687cbf80-b292-41b6-b643-b5d2d884a3da tempest-SharesAdminQuotasNegativeTest-1352525348 tempest-SharesAdminQuotasNegativeTest-1352525348-project-admin] Calling method 'Controller.__getattribute__..version_select' {{(pid=103303) _process_stack /opt/stack/manila/manila/api/openstack/wsgi.py:798}}
Feb 19 02:46:34.595613 np0000156478 devstack@m-api.service[103303]: DEBUG manila.share.api [None req-687cbf80-b292-41b6-b643-b5d2d884a3da tempest-SharesAdminQuotasNegativeTest-1352525348 tempest-SharesAdminQuotasNegativeTest-1352525348-project-admin] Searching for shares by: {'share_type_id': '01ac9c0e-786a-4059-a190-0e2590bd2b46'} {{(pid=103303) _get_all /opt/stack/manila/manila/share/api.py:2372}}
Feb 19 02:46:34.608190 np0000156478 devstack@m-api.service[103303]: INFO manila.api.openstack.wsgi [None req-687cbf80-b292-41b6-b643-b5d2d884a3da tempest-SharesAdminQuotasNegativeTest-1352525348 tempest-SharesAdminQuotasNegativeTest-1352525348-project-admin] https://199.204.45.169/share/v2/ca387f25571640c0bb516b8a699a245e/shares?share_type_id=01ac9c0e-786a-4059-a190-0e2590bd2b46 returned with HTTP 200
Feb 19 02:46:34.608566 np0000156478 devstack@m-api.service[103302]: DEBUG oslo_concurrency.lockutils [None req-f450d1de-c04e-4cc1-97ce-c2a6f431edaf tempest-AccessRulesMetadataTest-861778672 tempest-AccessRulesMetadataTest-861778672-project-member] Acquiring lock "locked_access_rules_operation_by_share_instance_fa3ba47b-533e-4dde-8faf-8e673d825bda" by "manila.share.access.locked_access_rules_operation..wrapped..locked_operation" {{(pid=103302) inner /opt/stack/data/venv/lib/python3.12/site-packages/oslo_concurrency/lockutils.py:506}}
Feb 19 02:46:34.609193 np0000156478 devstack@m-api.service[103303]: [pid: 103303|app: 0|req: 162/316] 199.204.45.169 () {68 vars in 1508 bytes} [Thu Feb 19 02:46:34 2026] GET /share/v2/ca387f25571640c0bb516b8a699a245e/shares?share_type_id=01ac9c0e-786a-4059-a190-0e2590bd2b46 => generated 14 bytes in 17 msecs (HTTP/1.1 200) 7 headers in 296 bytes (2 switches on core 0)
Feb 19 02:46:34.609255 np0000156478 devstack@m-api.service[103302]: DEBUG oslo_concurrency.lockutils [None req-f450d1de-c04e-4cc1-97ce-c2a6f431edaf tempest-AccessRulesMetadataTest-861778672 tempest-AccessRulesMetadataTest-861778672-project-member] Lock "locked_access_rules_operation_by_share_instance_fa3ba47b-533e-4dde-8faf-8e673d825bda" acquired by "manila.share.access.locked_access_rules_operation..wrapped..locked_operation" :: waited 0.001s {{(pid=103302) inner /opt/stack/data/venv/lib/python3.12/site-packages/oslo_concurrency/lockutils.py:519}}
Feb 19 02:46:34.613664 np0000156478 devstack@m-api.service[103303]: INFO manila.api.openstack.wsgi [None req-ff13b4bb-9a6d-4e2d-8893-ab482e62d191 tempest-ShareSnapshotInstancesTest-528146801 tempest-ShareSnapshotInstancesTest-528146801-project-admin] GET https://199.204.45.169/share/v2/ed88ef9641024e29b311492f9b244745/shares/81ada18c-4e52-4196-b534-a46e8765e919
Feb 19 02:46:34.613664 np0000156478 devstack@m-api.service[103303]: DEBUG manila.api.openstack.wsgi [None req-ff13b4bb-9a6d-4e2d-8893-ab482e62d191 tempest-ShareSnapshotInstancesTest-528146801 tempest-ShareSnapshotInstancesTest-528146801-project-admin] Empty body provided in request {{(pid=103303) get_body /opt/stack/manila/manila/api/openstack/wsgi.py:652}}
Feb 19 02:46:34.613664 np0000156478 devstack@m-api.service[103303]: DEBUG manila.api.openstack.wsgi [None req-ff13b4bb-9a6d-4e2d-8893-ab482e62d191 tempest-ShareSnapshotInstancesTest-528146801 tempest-ShareSnapshotInstancesTest-528146801-project-admin] Calling method 'ShareMixin.show' {{(pid=103303) _process_stack /opt/stack/manila/manila/api/openstack/wsgi.py:798}}
Feb 19 02:46:34.626536 np0000156478 devstack@m-api.service[103303]: INFO manila.api.openstack.wsgi [None req-ff13b4bb-9a6d-4e2d-8893-ab482e62d191 tempest-ShareSnapshotInstancesTest-528146801 tempest-ShareSnapshotInstancesTest-528146801-project-admin] https://199.204.45.169/share/v2/ed88ef9641024e29b311492f9b244745/shares/81ada18c-4e52-4196-b534-a46e8765e919 returned with HTTP 200
Feb 19 02:46:34.627805 np0000156478 devstack@m-api.service[103303]: [pid: 103303|app: 0|req: 163/317] 199.204.45.169 () {68 vars in 1518 bytes} [Thu Feb 19 02:46:34 2026] GET /share/v2/ed88ef9641024e29b311492f9b244745/shares/81ada18c-4e52-4196-b534-a46e8765e919 => generated 1459 bytes in 18 msecs (HTTP/1.1 200) 7 headers in 298 bytes (1 switches on core 0)
Feb 19 02:46:34.640125 np0000156478 devstack@m-api.service[103302]: DEBUG oslo_concurrency.lockutils [None req-f450d1de-c04e-4cc1-97ce-c2a6f431edaf tempest-AccessRulesMetadataTest-861778672 tempest-AccessRulesMetadataTest-861778672-project-member] Lock "locked_access_rules_operation_by_share_instance_fa3ba47b-533e-4dde-8faf-8e673d825bda" "released" by "manila.share.access.locked_access_rules_operation..wrapped..locked_operation" :: held 0.031s {{(pid=103302) inner /opt/stack/data/venv/lib/python3.12/site-packages/oslo_concurrency/lockutils.py:538}}
Feb 19 02:46:34.642500 np0000156478 devstack@m-api.service[103302]: INFO manila.api.openstack.wsgi [None req-f450d1de-c04e-4cc1-97ce-c2a6f431edaf tempest-AccessRulesMetadataTest-861778672 tempest-AccessRulesMetadataTest-861778672-project-member] https://199.204.45.169/share/v2/40a26b04728d4ac9b3cb0893b7dbbad9/shares/6c61f427-d76d-4f17-9ce7-a935403a7f00/action returned with HTTP 200
Feb 19 02:46:34.642937 np0000156478 devstack@m-api.service[103302]: [pid: 103302|app: 0|req: 155/318] 199.204.45.169 () {70 vars in 1561 bytes} [Thu Feb 19 02:46:34 2026] POST /share/v2/40a26b04728d4ac9b3cb0893b7dbbad9/shares/6c61f427-d76d-4f17-9ce7-a935403a7f00/action => generated 336 bytes in 100 msecs (HTTP/1.1 200) 7 headers in 297 bytes (1 switches on core 0)
Feb 19 02:46:34.648709 np0000156478 devstack@m-api.service[103302]: INFO manila.api.openstack.wsgi [None req-70177088-ac91-4296-b07a-ebe8c005c849 tempest-SharesAdminQuotasNegativeTest-1352525348 tempest-SharesAdminQuotasNegativeTest-1352525348-project-admin] DELETE https://199.204.45.169/share/v2/ca387f25571640c0bb516b8a699a245e/types/01ac9c0e-786a-4059-a190-0e2590bd2b46
Feb 19 02:46:34.649160 np0000156478 devstack@m-api.service[103302]: DEBUG manila.api.openstack.wsgi [None req-70177088-ac91-4296-b07a-ebe8c005c849 tempest-SharesAdminQuotasNegativeTest-1352525348 tempest-SharesAdminQuotasNegativeTest-1352525348-project-admin] Empty body provided in request {{(pid=103302) get_body /opt/stack/manila/manila/api/openstack/wsgi.py:652}}
Feb 19 02:46:34.649787 np0000156478 devstack@m-api.service[103302]: DEBUG manila.api.openstack.wsgi [None req-70177088-ac91-4296-b07a-ebe8c005c849 tempest-SharesAdminQuotasNegativeTest-1352525348 tempest-SharesAdminQuotasNegativeTest-1352525348-project-admin] Calling method 'ShareTypesController._delete' {{(pid=103302) _process_stack /opt/stack/manila/manila/api/openstack/wsgi.py:798}}
Feb 19 02:46:34.670766 np0000156478 devstack@m-api.service[103302]: INFO manila.api.openstack.wsgi [None req-70177088-ac91-4296-b07a-ebe8c005c849 tempest-SharesAdminQuotasNegativeTest-1352525348 tempest-SharesAdminQuotasNegativeTest-1352525348-project-admin] https://199.204.45.169/share/v2/ca387f25571640c0bb516b8a699a245e/types/01ac9c0e-786a-4059-a190-0e2590bd2b46 returned with HTTP 202
Feb 19 02:46:34.671289 np0000156478 devstack@m-api.service[103302]: [pid: 103302|app: 0|req: 156/319] 199.204.45.169 () {68 vars in 1518 bytes} [Thu Feb 19 02:46:34 2026] DELETE /share/v2/ca387f25571640c0bb516b8a699a245e/types/01ac9c0e-786a-4059-a190-0e2590bd2b46 => generated 0 bytes in 28 msecs (HTTP/1.1 202) 7 headers in 309 bytes (1 switches on core 0)
Feb 19 02:46:34.729989 np0000156478 devstack@m-api.service[103303]: INFO manila.api.openstack.wsgi [None req-f0906532-8b8d-41ca-8b82-83eded84f0b9 tempest-ResourceLockCRUTest-530602583 tempest-manila_26936b72b08641fe80ef4c393ed58b5c-34915073] POST https://199.204.45.169/share/v2/26936b72b08641fe80ef4c393ed58b5c/resource-locks
Feb 19 02:46:34.729989 np0000156478 devstack@m-api.service[103303]: DEBUG manila.api.openstack.wsgi [None req-f0906532-8b8d-41ca-8b82-83eded84f0b9 tempest-ResourceLockCRUTest-530602583 tempest-manila_26936b72b08641fe80ef4c393ed58b5c-34915073] Action: 'create', calling method: Controller.__getattribute__..version_select, body: {"resource_lock": {"resource_id": "9d0f75a7-d4ef-4e04-9a5d-c6224ac8143d", "resource_type": "share", "resource_action": "delete", "lock_reason": "locked by tempest tests"}} {{(pid=103303) _process_stack /opt/stack/manila/manila/api/openstack/wsgi.py:796}}
Feb 19 02:46:34.755657 np0000156478 devstack@m-api.service[103303]: INFO manila.api.openstack.wsgi [None req-f0906532-8b8d-41ca-8b82-83eded84f0b9 tempest-ResourceLockCRUTest-530602583 tempest-manila_26936b72b08641fe80ef4c393ed58b5c-34915073] https://199.204.45.169/share/v2/26936b72b08641fe80ef4c393ed58b5c/resource-locks returned with HTTP 200
Feb 19 02:46:34.756106 np0000156478 devstack@m-api.service[103303]: [pid: 103303|app: 0|req: 164/320] 199.204.45.169 () {70 vars in 1453 bytes} [Thu Feb 19 02:46:34 2026] POST /share/v2/26936b72b08641fe80ef4c393ed58b5c/resource-locks => generated 704 bytes in 128 msecs (HTTP/1.1 200) 7 headers in 297 bytes (1 switches on core 0)
Feb 19 02:46:34.758590 np0000156478 devstack@m-api.service[103303]: INFO manila.api.openstack.wsgi [None req-34d2d0d7-b475-4d81-a141-ea01d50180b1 tempest-ShareSnapshotInstancesTest-528146801 tempest-ShareSnapshotInstancesTest-528146801-project-admin] POST https://199.204.45.169/share/v2/ed88ef9641024e29b311492f9b244745/snapshots
Feb 19 02:46:34.758855 np0000156478 devstack@m-api.service[103303]: DEBUG manila.api.openstack.wsgi [None req-34d2d0d7-b475-4d81-a141-ea01d50180b1 tempest-ShareSnapshotInstancesTest-528146801 tempest-ShareSnapshotInstancesTest-528146801-project-admin] Action: 'create', calling method: ShareSnapshotMixin.create, body: {"snapshot": {"name": "tempest-tempest-created-share-snap-1146572345", "force": false, "description": "Tempest's snapshot", "share_id": "81ada18c-4e52-4196-b534-a46e8765e919"}} {{(pid=103303) _process_stack /opt/stack/manila/manila/api/openstack/wsgi.py:796}}
Feb 19 02:46:34.773262 np0000156478 devstack@m-api.service[103303]: INFO manila.api.v2.share_snapshots [None req-34d2d0d7-b475-4d81-a141-ea01d50180b1 tempest-ShareSnapshotInstancesTest-528146801 tempest-ShareSnapshotInstancesTest-528146801-project-admin] Create snapshot from share 81ada18c-4e52-4196-b534-a46e8765e919
Feb 19 02:46:34.812120 np0000156478 devstack@m-api.service[103302]: INFO manila.api.openstack.wsgi [None req-d408dd46-53f3-487d-9ac6-ff5d9ca6c586 tempest-SnapshotInstancesNegativeNoResourceTest-350262979 tempest-SnapshotInstancesNegativeNoResourceTest-350262979-project-admin] GET https://199.204.45.169/share/v2/8cf5535c474f4e61ac37a9d10ba07b78/snapshot-instances/nonexistent_instance
Feb 19 02:46:34.812501 np0000156478 devstack@m-api.service[103302]: DEBUG manila.api.openstack.wsgi [None req-d408dd46-53f3-487d-9ac6-ff5d9ca6c586 tempest-SnapshotInstancesNegativeNoResourceTest-350262979 tempest-SnapshotInstancesNegativeNoResourceTest-350262979-project-admin] Empty body provided in request {{(pid=103302) get_body /opt/stack/manila/manila/api/openstack/wsgi.py:652}}
Feb 19 02:46:34.812737 np0000156478 devstack@m-api.service[103302]: DEBUG manila.api.openstack.wsgi [None req-d408dd46-53f3-487d-9ac6-ff5d9ca6c586 tempest-SnapshotInstancesNegativeNoResourceTest-350262979 tempest-SnapshotInstancesNegativeNoResourceTest-350262979-project-admin] Calling method 'Controller.__getattribute__..version_select' {{(pid=103302) _process_stack /opt/stack/manila/manila/api/openstack/wsgi.py:798}}
Feb 19 02:46:34.818289 np0000156478 devstack@m-api.service[103302]: INFO manila.api.openstack.wsgi [None req-d408dd46-53f3-487d-9ac6-ff5d9ca6c586 tempest-SnapshotInstancesNegativeNoResourceTest-350262979 tempest-SnapshotInstancesNegativeNoResourceTest-350262979-project-admin] HTTP exception thrown: Snapshot instance nonexistent_instance not found.
Feb 19 02:46:34.818569 np0000156478 devstack@m-api.service[103302]: INFO manila.api.openstack.wsgi [None req-d408dd46-53f3-487d-9ac6-ff5d9ca6c586 tempest-SnapshotInstancesNegativeNoResourceTest-350262979 tempest-SnapshotInstancesNegativeNoResourceTest-350262979-project-admin] https://199.204.45.169/share/v2/8cf5535c474f4e61ac37a9d10ba07b78/snapshot-instances/nonexistent_instance returned with HTTP 404
Feb 19 02:46:34.820669 np0000156478 devstack@m-api.service[103302]: [pid: 103302|app: 0|req: 157/321] 199.204.45.169 () {68 vars in 1506 bytes} [Thu Feb 19 02:46:34 2026] GET /share/v2/8cf5535c474f4e61ac37a9d10ba07b78/snapshot-instances/nonexistent_instance => generated 95 bytes in 148 msecs (HTTP/1.1 404) 7 headers in 303 bytes (1 switches on core 0)
Feb 19 02:46:34.820899 np0000156478 devstack@m-api.service[103303]: DEBUG manila.quota [None req-34d2d0d7-b475-4d81-a141-ea01d50180b1 tempest-ShareSnapshotInstancesTest-528146801 tempest-ShareSnapshotInstancesTest-528146801-project-admin] Created reservations ['a16505b2-c8c6-43b3-a94f-0d10b4c04cb5', '3b1bb300-f6e1-4aa4-a802-32e47790cc7a', 'aa9437a8-3ebd-4e2d-9ae7-7b482a9953f6', 'abc84959-d69a-4c7e-8c03-18b5f6489347'] {{(pid=103303) reserve /opt/stack/manila/manila/quota.py:1038}}
Feb 19 02:46:34.823182 np0000156478 devstack@m-api.service[103302]: INFO manila.api.openstack.wsgi [None req-c0b89621-72ba-4fdf-b17c-5f89fab72044 tempest-AccessRulesMetadataTest-861778672 tempest-AccessRulesMetadataTest-861778672-project-member] GET https://199.204.45.169/share/v2/40a26b04728d4ac9b3cb0893b7dbbad9/share-access-rules?share_id=6c61f427-d76d-4f17-9ce7-a935403a7f00
Feb 19 02:46:34.823182 np0000156478 devstack@m-api.service[103302]: DEBUG manila.api.openstack.wsgi [None req-c0b89621-72ba-4fdf-b17c-5f89fab72044 tempest-AccessRulesMetadataTest-861778672 tempest-AccessRulesMetadataTest-861778672-project-member] Empty body provided in request {{(pid=103302) get_body /opt/stack/manila/manila/api/openstack/wsgi.py:652}}
Feb 19 02:46:34.823415 np0000156478 devstack@m-api.service[103302]: DEBUG manila.api.openstack.wsgi [None req-c0b89621-72ba-4fdf-b17c-5f89fab72044 tempest-AccessRulesMetadataTest-861778672 tempest-AccessRulesMetadataTest-861778672-project-member] Calling method 'Controller.__getattribute__..version_select' {{(pid=103302) _process_stack /opt/stack/manila/manila/api/openstack/wsgi.py:798}}
Feb 19 02:46:34.861405 np0000156478 devstack@m-api.service[103302]: DEBUG manila.lock.api [None req-c0b89621-72ba-4fdf-b17c-5f89fab72044 tempest-AccessRulesMetadataTest-861778672 tempest-AccessRulesMetadataTest-861778672-project-member] Searching for locks by: {'resource_id': '3f62360f-1e32-4c23-91db-597823b382bf', 'resource_action': 'show', 'resource_type': 'access_rule', 'all_projects': True} {{(pid=103302) get_all /opt/stack/manila/manila/lock/api.py:112}}
Feb 19 02:46:34.864055 np0000156478 devstack@m-api.service[103302]: DEBUG manila.lock.api [None req-c0b89621-72ba-4fdf-b17c-5f89fab72044 tempest-AccessRulesMetadataTest-861778672 tempest-AccessRulesMetadataTest-861778672-project-member] Searching for locks by: {'resource_id': '696c11ff-a8fd-4443-983e-946e8533cd4a', 'resource_action': 'show', 'resource_type': 'access_rule', 'all_projects': True} {{(pid=103302) get_all /opt/stack/manila/manila/lock/api.py:112}}
Feb 19 02:46:34.867088 np0000156478 devstack@m-api.service[103302]: INFO manila.api.openstack.wsgi [None req-c0b89621-72ba-4fdf-b17c-5f89fab72044 tempest-AccessRulesMetadataTest-861778672 tempest-AccessRulesMetadataTest-861778672-project-member] https://199.204.45.169/share/v2/40a26b04728d4ac9b3cb0893b7dbbad9/share-access-rules?share_id=6c61f427-d76d-4f17-9ce7-a935403a7f00 returned with HTTP 200
Feb 19 02:46:34.867539 np0000156478 devstack@m-api.service[103302]: [pid: 103302|app: 0|req: 158/322] 199.204.45.169 () {68 vars in 1534 bytes} [Thu Feb 19 02:46:34 2026] GET /share/v2/40a26b04728d4ac9b3cb0893b7dbbad9/share-access-rules?share_id=6c61f427-d76d-4f17-9ce7-a935403a7f00 => generated 639 bytes in 47 msecs (HTTP/1.1 200) 7 headers in 297 bytes (1 switches on core 0)
Feb 19 02:46:34.870026 np0000156478 devstack@m-api.service[103302]: INFO manila.api.openstack.wsgi [None req-04073356-cffe-4d9e-a059-61285eee3406 tempest-SharesAdminQuotasNegativeTest-1352525348 tempest-SharesAdminQuotasNegativeTest-1352525348-project-admin] GET https://199.204.45.169/share/v2/ca387f25571640c0bb516b8a699a245e/types/01ac9c0e-786a-4059-a190-0e2590bd2b46
Feb 19 02:46:34.870194 np0000156478 devstack@m-api.service[103302]: DEBUG manila.api.openstack.wsgi [None req-04073356-cffe-4d9e-a059-61285eee3406 tempest-SharesAdminQuotasNegativeTest-1352525348 tempest-SharesAdminQuotasNegativeTest-1352525348-project-admin] Empty body provided in request {{(pid=103302) get_body /opt/stack/manila/manila/api/openstack/wsgi.py:652}}
Feb 19 02:46:34.870371 np0000156478 devstack@m-api.service[103302]: DEBUG manila.api.openstack.wsgi [None req-04073356-cffe-4d9e-a059-61285eee3406 tempest-SharesAdminQuotasNegativeTest-1352525348 tempest-SharesAdminQuotasNegativeTest-1352525348-project-admin] Calling method 'ShareTypesController.show' {{(pid=103302) _process_stack /opt/stack/manila/manila/api/openstack/wsgi.py:798}}
Feb 19 02:46:34.873018 np0000156478 devstack@m-api.service[103302]: INFO manila.api.openstack.wsgi [None req-04073356-cffe-4d9e-a059-61285eee3406 tempest-SharesAdminQuotasNegativeTest-1352525348 tempest-SharesAdminQuotasNegativeTest-1352525348-project-admin] HTTP exception thrown: Share type not found.
Feb 19 02:46:34.873112 np0000156478 devstack@m-api.service[103302]: INFO manila.api.openstack.wsgi [None req-04073356-cffe-4d9e-a059-61285eee3406 tempest-SharesAdminQuotasNegativeTest-1352525348 tempest-SharesAdminQuotasNegativeTest-1352525348-project-admin] https://199.204.45.169/share/v2/ca387f25571640c0bb516b8a699a245e/types/01ac9c0e-786a-4059-a190-0e2590bd2b46 returned with HTTP 404
Feb 19 02:46:34.873496 np0000156478 devstack@m-api.service[103302]: [pid: 103302|app: 0|req: 159/323] 199.204.45.169 () {68 vars in 1515 bytes} [Thu Feb 19 02:46:34 2026] GET /share/v2/ca387f25571640c0bb516b8a699a245e/types/01ac9c0e-786a-4059-a190-0e2590bd2b46 => generated 67 bytes in 5 msecs (HTTP/1.1 404) 7 headers in 303 bytes (1 switches on core 0)
Feb 19 02:46:34.875776 np0000156478 devstack@m-api.service[103302]: INFO manila.api.openstack.wsgi [None req-8ba2682e-1d20-4953-8b1e-1db74699aef0 tempest-ResourceLockCRUTest-1008043299 tempest-ResourceLockCRUTest-1008043299-project-admin] POST https://199.204.45.169/share/v2/5aef334540104c1c957376a591088fd6/resource-locks
Feb 19 02:46:34.876029 np0000156478 devstack@m-api.service[103302]: DEBUG manila.api.openstack.wsgi [None req-8ba2682e-1d20-4953-8b1e-1db74699aef0 tempest-ResourceLockCRUTest-1008043299 tempest-ResourceLockCRUTest-1008043299-project-admin] Action: 'create', calling method: Controller.__getattribute__..version_select, body: {"resource_lock": {"resource_id": "9d0f75a7-d4ef-4e04-9a5d-c6224ac8143d", "resource_type": "share", "resource_action": "delete", "lock_reason": "locked by tempest tests"}} {{(pid=103302) _process_stack /opt/stack/manila/manila/api/openstack/wsgi.py:796}}
Feb 19 02:46:34.887713 np0000156478 devstack@m-api.service[103303]: DEBUG manila.quota [None req-34d2d0d7-b475-4d81-a141-ea01d50180b1 tempest-ShareSnapshotInstancesTest-528146801 tempest-ShareSnapshotInstancesTest-528146801-project-admin] Committed reservations ['a16505b2-c8c6-43b3-a94f-0d10b4c04cb5', '3b1bb300-f6e1-4aa4-a802-32e47790cc7a', 'aa9437a8-3ebd-4e2d-9ae7-7b482a9953f6', 'abc84959-d69a-4c7e-8c03-18b5f6489347'] {{(pid=103303) commit /opt/stack/manila/manila/quota.py:1066}}
Feb 19 02:46:34.889828 np0000156478 devstack@m-api.service[103303]: INFO manila.api.openstack.wsgi [None req-34d2d0d7-b475-4d81-a141-ea01d50180b1 tempest-ShareSnapshotInstancesTest-528146801 tempest-ShareSnapshotInstancesTest-528146801-project-admin] https://199.204.45.169/share/v2/ed88ef9641024e29b311492f9b244745/snapshots returned with HTTP 202
Feb 19 02:46:34.890461 np0000156478 devstack@m-api.service[103303]: [pid: 103303|app: 0|req: 165/324] 199.204.45.169 () {70 vars in 1438 bytes} [Thu Feb 19 02:46:34 2026] POST /share/v2/ed88ef9641024e29b311492f9b244745/snapshots => generated 757 bytes in 134 msecs (HTTP/1.1 202) 7 headers in 303 bytes (1 switches on core 0)
Feb 19 02:46:34.903909 np0000156478 devstack@m-api.service[103302]: INFO manila.api.openstack.wsgi [None req-8ba2682e-1d20-4953-8b1e-1db74699aef0 tempest-ResourceLockCRUTest-1008043299 tempest-ResourceLockCRUTest-1008043299-project-admin] https://199.204.45.169/share/v2/5aef334540104c1c957376a591088fd6/resource-locks returned with HTTP 200
Feb 19 02:46:34.904494 np0000156478 devstack@m-api.service[103302]: [pid: 103302|app: 0|req: 160/325] 199.204.45.169 () {70 vars in 1453 bytes} [Thu Feb 19 02:46:34 2026] POST /share/v2/5aef334540104c1c957376a591088fd6/resource-locks => generated 705 bytes in 30 msecs (HTTP/1.1 200) 7 headers in 297 bytes (1 switches on core 0)
Feb 19 02:46:34.906431 np0000156478 devstack@m-api.service[103302]: INFO manila.api.openstack.wsgi [None req-a158f1e8-8abd-4e04-a526-6174456310eb tempest-SharesAdminQuotasNegativeTest-1352525348 tempest-SharesAdminQuotasNegativeTest-1352525348-project-admin] GET https://199.204.45.169/share/v2/ca387f25571640c0bb516b8a699a245e/shares?share_type_id=87574606-f4c7-4440-93a1-1a0b89d15f0d
Feb 19 02:46:34.906615 np0000156478 devstack@m-api.service[103302]: DEBUG manila.api.openstack.wsgi [None req-a158f1e8-8abd-4e04-a526-6174456310eb tempest-SharesAdminQuotasNegativeTest-1352525348 tempest-SharesAdminQuotasNegativeTest-1352525348-project-admin] Empty body provided in request {{(pid=103302) get_body /opt/stack/manila/manila/api/openstack/wsgi.py:652}}
Feb 19 02:46:34.906766 np0000156478 devstack@m-api.service[103302]: DEBUG manila.api.openstack.wsgi [None req-a158f1e8-8abd-4e04-a526-6174456310eb tempest-SharesAdminQuotasNegativeTest-1352525348 tempest-SharesAdminQuotasNegativeTest-1352525348-project-admin] Calling method 'Controller.__getattribute__..version_select' {{(pid=103302) _process_stack /opt/stack/manila/manila/api/openstack/wsgi.py:798}}
Feb 19 02:46:34.907291 np0000156478 devstack@m-api.service[103302]: DEBUG manila.share.api [None req-a158f1e8-8abd-4e04-a526-6174456310eb tempest-SharesAdminQuotasNegativeTest-1352525348 tempest-SharesAdminQuotasNegativeTest-1352525348-project-admin] Searching for shares by: {'share_type_id': '87574606-f4c7-4440-93a1-1a0b89d15f0d'} {{(pid=103302) _get_all /opt/stack/manila/manila/share/api.py:2372}}
Feb 19 02:46:34.912560 np0000156478 devstack@m-api.service[103302]: INFO manila.api.openstack.wsgi [None req-a158f1e8-8abd-4e04-a526-6174456310eb tempest-SharesAdminQuotasNegativeTest-1352525348 tempest-SharesAdminQuotasNegativeTest-1352525348-project-admin] https://199.204.45.169/share/v2/ca387f25571640c0bb516b8a699a245e/shares?share_type_id=87574606-f4c7-4440-93a1-1a0b89d15f0d returned with HTTP 200
Feb 19 02:46:34.913229 np0000156478 devstack@m-api.service[103302]: [pid: 103302|app: 0|req: 161/326] 199.204.45.169 () {68 vars in 1508 bytes} [Thu Feb 19 02:46:34 2026] GET /share/v2/ca387f25571640c0bb516b8a699a245e/shares?share_type_id=87574606-f4c7-4440-93a1-1a0b89d15f0d => generated 14 bytes in 8 msecs (HTTP/1.1 200) 7 headers in 296 bytes (1 switches on core 0)
Feb 19 02:46:34.914575 np0000156478 devstack@m-api.service[103302]: INFO manila.api.openstack.wsgi [None req-8695e96f-c51e-4a03-986f-bc37c7061282 tempest-ShareSnapshotInstancesTest-528146801 tempest-ShareSnapshotInstancesTest-528146801-project-admin] GET https://199.204.45.169/share/v2/ed88ef9641024e29b311492f9b244745/snapshots/8c4ce266-1649-4670-8d3f-9b781b4304c6
Feb 19 02:46:34.914746 np0000156478 devstack@m-api.service[103302]: DEBUG manila.api.openstack.wsgi [None req-8695e96f-c51e-4a03-986f-bc37c7061282 tempest-ShareSnapshotInstancesTest-528146801 tempest-ShareSnapshotInstancesTest-528146801-project-admin] Empty body provided in request {{(pid=103302) get_body /opt/stack/manila/manila/api/openstack/wsgi.py:652}}
Feb 19 02:46:34.914887 np0000156478 devstack@m-api.service[103302]: DEBUG manila.api.openstack.wsgi [None req-8695e96f-c51e-4a03-986f-bc37c7061282 tempest-ShareSnapshotInstancesTest-528146801 tempest-ShareSnapshotInstancesTest-528146801-project-admin] Calling method 'ShareSnapshotMixin.show' {{(pid=103302) _process_stack /opt/stack/manila/manila/api/openstack/wsgi.py:798}}
Feb 19 02:46:34.934450 np0000156478 devstack@m-api.service[103302]: INFO manila.api.openstack.wsgi [None req-8695e96f-c51e-4a03-986f-bc37c7061282 tempest-ShareSnapshotInstancesTest-528146801 tempest-ShareSnapshotInstancesTest-528146801-project-admin] https://199.204.45.169/share/v2/ed88ef9641024e29b311492f9b244745/snapshots/8c4ce266-1649-4670-8d3f-9b781b4304c6 returned with HTTP 200
Feb 19 02:46:34.935056 np0000156478 devstack@m-api.service[103302]: [pid: 103302|app: 0|req: 162/327] 199.204.45.169 () {68 vars in 1527 bytes} [Thu Feb 19 02:46:34 2026] GET /share/v2/ed88ef9641024e29b311492f9b244745/snapshots/8c4ce266-1649-4670-8d3f-9b781b4304c6 => generated 757 bytes in 22 msecs (HTTP/1.1 200) 7 headers in 297 bytes (1 switches on core 0)
Feb 19 02:46:34.937613 np0000156478 devstack@m-api.service[103302]: INFO manila.api.openstack.wsgi [None req-01e15abe-4122-4e7c-b9a9-e5c0878c70ce tempest-ResourceLockCRUTest-1008043299 tempest-ResourceLockCRUTest-1008043299-project-admin] DELETE https://199.204.45.169/share/v2/5aef334540104c1c957376a591088fd6/resource-locks/b8821893-3161-4dd3-881c-9223cb000777
Feb 19 02:46:34.937790 np0000156478 devstack@m-api.service[103302]: DEBUG manila.api.openstack.wsgi [None req-01e15abe-4122-4e7c-b9a9-e5c0878c70ce tempest-ResourceLockCRUTest-1008043299 tempest-ResourceLockCRUTest-1008043299-project-admin] Empty body provided in request {{(pid=103302) get_body /opt/stack/manila/manila/api/openstack/wsgi.py:652}}
Feb 19 02:46:34.937942 np0000156478 devstack@m-api.service[103302]: DEBUG manila.api.openstack.wsgi [None req-01e15abe-4122-4e7c-b9a9-e5c0878c70ce tempest-ResourceLockCRUTest-1008043299 tempest-ResourceLockCRUTest-1008043299-project-admin] Calling method 'Controller.__getattribute__..version_select' {{(pid=103302) _process_stack /opt/stack/manila/manila/api/openstack/wsgi.py:798}}
Feb 19 02:46:34.947807 np0000156478 devstack@m-api.service[103302]: INFO manila.api.openstack.wsgi [None req-01e15abe-4122-4e7c-b9a9-e5c0878c70ce tempest-ResourceLockCRUTest-1008043299 tempest-ResourceLockCRUTest-1008043299-project-admin] https://199.204.45.169/share/v2/5aef334540104c1c957376a591088fd6/resource-locks/b8821893-3161-4dd3-881c-9223cb000777 returned with HTTP 204
Feb 19 02:46:34.948290 np0000156478 devstack@m-api.service[103302]: [pid: 103302|app: 0|req: 163/328] 199.204.45.169 () {68 vars in 1545 bytes} [Thu Feb 19 02:46:34 2026] DELETE /share/v2/5aef334540104c1c957376a591088fd6/resource-locks/b8821893-3161-4dd3-881c-9223cb000777 => generated 0 bytes in 13 msecs (HTTP/1.1 204) 7 headers in 311 bytes (1 switches on core 0)
Feb 19 02:46:34.952457 np0000156478 devstack@m-api.service[103302]: INFO manila.api.openstack.wsgi [None req-13213aed-50df-42bb-8af9-d12e7d9ea460 tempest-SharesAdminQuotasNegativeTest-1352525348 tempest-SharesAdminQuotasNegativeTest-1352525348-project-admin] DELETE https://199.204.45.169/share/v2/ca387f25571640c0bb516b8a699a245e/types/87574606-f4c7-4440-93a1-1a0b89d15f0d
Feb 19 02:46:34.952457 np0000156478 devstack@m-api.service[103302]: DEBUG manila.api.openstack.wsgi [None req-13213aed-50df-42bb-8af9-d12e7d9ea460 tempest-SharesAdminQuotasNegativeTest-1352525348 tempest-SharesAdminQuotasNegativeTest-1352525348-project-admin] Empty body provided in request {{(pid=103302) get_body /opt/stack/manila/manila/api/openstack/wsgi.py:652}}
Feb 19 02:46:34.952457 np0000156478 devstack@m-api.service[103302]: DEBUG manila.api.openstack.wsgi [None req-13213aed-50df-42bb-8af9-d12e7d9ea460 tempest-SharesAdminQuotasNegativeTest-1352525348 tempest-SharesAdminQuotasNegativeTest-1352525348-project-admin] Calling method 'ShareTypesController._delete' {{(pid=103302) _process_stack /opt/stack/manila/manila/api/openstack/wsgi.py:798}}
Feb 19 02:46:34.977128 np0000156478 devstack@m-api.service[103302]: INFO manila.api.openstack.wsgi [None req-13213aed-50df-42bb-8af9-d12e7d9ea460 tempest-SharesAdminQuotasNegativeTest-1352525348 tempest-SharesAdminQuotasNegativeTest-1352525348-project-admin] https://199.204.45.169/share/v2/ca387f25571640c0bb516b8a699a245e/types/87574606-f4c7-4440-93a1-1a0b89d15f0d returned with HTTP 202
Feb 19 02:46:34.977580 np0000156478 devstack@m-api.service[103302]: [pid: 103302|app: 0|req: 164/329] 199.204.45.169 () {68 vars in 1518 bytes} [Thu Feb 19 02:46:34 2026] DELETE /share/v2/ca387f25571640c0bb516b8a699a245e/types/87574606-f4c7-4440-93a1-1a0b89d15f0d => generated 0 bytes in 29 msecs (HTTP/1.1 202) 7 headers in 309 bytes (1 switches on core 0)
Feb 19 02:46:34.982235 np0000156478 devstack@m-api.service[103302]: INFO manila.api.openstack.wsgi [None req-09e58cbb-ecab-4317-91ee-5da6530a7891 tempest-ResourceLockCRUTest-530602583 tempest-manila_26936b72b08641fe80ef4c393ed58b5c-34915073] DELETE https://199.204.45.169/share/v2/26936b72b08641fe80ef4c393ed58b5c/resource-locks/47de613f-a945-4953-8fa9-12209a2c1a14
Feb 19 02:46:34.982479 np0000156478 devstack@m-api.service[103302]: DEBUG manila.api.openstack.wsgi [None req-09e58cbb-ecab-4317-91ee-5da6530a7891 tempest-ResourceLockCRUTest-530602583 tempest-manila_26936b72b08641fe80ef4c393ed58b5c-34915073] Empty body provided in request {{(pid=103302) get_body /opt/stack/manila/manila/api/openstack/wsgi.py:652}}
Feb 19 02:46:34.982678 np0000156478 devstack@m-api.service[103302]: DEBUG manila.api.openstack.wsgi [None req-09e58cbb-ecab-4317-91ee-5da6530a7891 tempest-ResourceLockCRUTest-530602583 tempest-manila_26936b72b08641fe80ef4c393ed58b5c-34915073] Calling method 'Controller.__getattribute__..version_select' {{(pid=103302) _process_stack /opt/stack/manila/manila/api/openstack/wsgi.py:798}}
Feb 19 02:46:34.995916 np0000156478 devstack@m-api.service[103302]: INFO manila.api.openstack.wsgi [None req-09e58cbb-ecab-4317-91ee-5da6530a7891 tempest-ResourceLockCRUTest-530602583 tempest-manila_26936b72b08641fe80ef4c393ed58b5c-34915073] https://199.204.45.169/share/v2/26936b72b08641fe80ef4c393ed58b5c/resource-locks/47de613f-a945-4953-8fa9-12209a2c1a14 returned with HTTP 204
