Feb 19 02:46:29.151072 np0000156478 devstack@m-api.service[103302]: [pid: 103302|app: 0|req: 88/173] 199.204.45.169 () {68 vars in 1501 bytes} [Thu Feb 19 02:46:29 2026] GET /share/v2/a571a88dfac34fab88893b8731a0e299/share_instances?export_location_id=fake_not_exist => generated 23 bytes in 22 msecs (HTTP/1.1 200) 7 headers in 296 bytes (1 switches on core 0)
Feb 19 02:46:29.159710 np0000156478 devstack@m-api.service[103303]: INFO manila.api.openstack.wsgi [None req-e1ac44aa-413d-41a2-8df0-0068d1b536d0 tempest-AdminActionsTest-730562397 tempest-AdminActionsTest-730562397-project-admin] https://199.204.45.169/share/v2/b4b13c7510a34a6e97b0930128e7a2b0/share-replicas/detail?share_id=d5034a28-564d-4c2b-9e02-aac5e33488e8 returned with HTTP 200
Feb 19 02:46:29.159710 np0000156478 devstack@m-api.service[103303]: [pid: 103303|app: 0|req: 86/174] 199.204.45.169 () {68 vars in 1543 bytes} [Thu Feb 19 02:46:29 2026] GET /share/v2/b4b13c7510a34a6e97b0930128e7a2b0/share-replicas/detail?share_id=d5034a28-564d-4c2b-9e02-aac5e33488e8 => generated 22 bytes in 19 msecs (HTTP/1.1 200) 7 headers in 296 bytes (1 switches on core 0)
Feb 19 02:46:29.167228 np0000156478 devstack@m-api.service[103302]: INFO manila.api.openstack.wsgi [None req-8f09c4e5-02fd-40cb-be44-c176caa0068e tempest-ShareInstancesNegativeTest-422580009 tempest-ShareInstancesNegativeTest-422580009-project-admin] GET https://199.204.45.169/share/v2/a571a88dfac34fab88893b8731a0e299/share-replicas/detail?share_id=eac1894d-330a-431d-8f2d-275d8543585a
Feb 19 02:46:29.168295 np0000156478 devstack@m-api.service[103302]: DEBUG manila.api.openstack.wsgi [None req-8f09c4e5-02fd-40cb-be44-c176caa0068e tempest-ShareInstancesNegativeTest-422580009 tempest-ShareInstancesNegativeTest-422580009-project-admin] Empty body provided in request {{(pid=103302) get_body /opt/stack/manila/manila/api/openstack/wsgi.py:652}}
Feb 19 02:46:29.168295 np0000156478 devstack@m-api.service[103302]: DEBUG manila.api.openstack.wsgi [None req-8f09c4e5-02fd-40cb-be44-c176caa0068e tempest-ShareInstancesNegativeTest-422580009 tempest-ShareInstancesNegativeTest-422580009-project-admin] Calling method 'Controller.__getattribute__..version_select' {{(pid=103302) _process_stack /opt/stack/manila/manila/api/openstack/wsgi.py:798}}
Feb 19 02:46:29.170559 np0000156478 devstack@m-api.service[103303]: INFO manila.api.openstack.wsgi [None req-7e2fd5db-8720-4ce2-943f-8f21c5afa304 tempest-AdminActionsTest-730562397 tempest-AdminActionsTest-730562397-project-admin] DELETE https://199.204.45.169/share/v2/b4b13c7510a34a6e97b0930128e7a2b0/shares/d5034a28-564d-4c2b-9e02-aac5e33488e8
Feb 19 02:46:29.170853 np0000156478 devstack@m-api.service[103303]: DEBUG manila.api.openstack.wsgi [None req-7e2fd5db-8720-4ce2-943f-8f21c5afa304 tempest-AdminActionsTest-730562397 tempest-AdminActionsTest-730562397-project-admin] Empty body provided in request {{(pid=103303) get_body /opt/stack/manila/manila/api/openstack/wsgi.py:652}}
Feb 19 02:46:29.171092 np0000156478 devstack@m-api.service[103303]: DEBUG manila.api.openstack.wsgi [None req-7e2fd5db-8720-4ce2-943f-8f21c5afa304 tempest-AdminActionsTest-730562397 tempest-AdminActionsTest-730562397-project-admin] Calling method 'ShareMixin.delete' {{(pid=103303) _process_stack /opt/stack/manila/manila/api/openstack/wsgi.py:798}}
Feb 19 02:46:29.171750 np0000156478 devstack@m-api.service[103303]: INFO manila.api.v2.shares [None req-7e2fd5db-8720-4ce2-943f-8f21c5afa304 tempest-AdminActionsTest-730562397 tempest-AdminActionsTest-730562397-project-admin] Delete share with id: d5034a28-564d-4c2b-9e02-aac5e33488e8
Feb 19 02:46:29.175103 np0000156478 devstack@m-api.service[103302]: INFO manila.api.openstack.wsgi [None req-8f09c4e5-02fd-40cb-be44-c176caa0068e tempest-ShareInstancesNegativeTest-422580009 tempest-ShareInstancesNegativeTest-422580009-project-admin] https://199.204.45.169/share/v2/a571a88dfac34fab88893b8731a0e299/share-replicas/detail?share_id=eac1894d-330a-431d-8f2d-275d8543585a returned with HTTP 200
Feb 19 02:46:29.175577 np0000156478 devstack@m-api.service[103302]: [pid: 103302|app: 0|req: 89/175] 199.204.45.169 () {68 vars in 1543 bytes} [Thu Feb 19 02:46:29 2026] GET /share/v2/a571a88dfac34fab88893b8731a0e299/share-replicas/detail?share_id=eac1894d-330a-431d-8f2d-275d8543585a => generated 22 bytes in 13 msecs (HTTP/1.1 200) 7 headers in 296 bytes (1 switches on core 0)
Feb 19 02:46:29.186973 np0000156478 devstack@m-api.service[103302]: INFO manila.api.openstack.wsgi [None req-2d1a0d1a-7656-4631-8be9-e42e538b7e02 tempest-ShareInstancesNegativeTest-422580009 tempest-ShareInstancesNegativeTest-422580009-project-admin] DELETE https://199.204.45.169/share/v2/a571a88dfac34fab88893b8731a0e299/shares/eac1894d-330a-431d-8f2d-275d8543585a
Feb 19 02:46:29.187497 np0000156478 devstack@m-api.service[103302]: DEBUG manila.api.openstack.wsgi [None req-2d1a0d1a-7656-4631-8be9-e42e538b7e02 tempest-ShareInstancesNegativeTest-422580009 tempest-ShareInstancesNegativeTest-422580009-project-admin] Empty body provided in request {{(pid=103302) get_body /opt/stack/manila/manila/api/openstack/wsgi.py:652}}
Feb 19 02:46:29.187734 np0000156478 devstack@m-api.service[103302]: DEBUG manila.api.openstack.wsgi [None req-2d1a0d1a-7656-4631-8be9-e42e538b7e02 tempest-ShareInstancesNegativeTest-422580009 tempest-ShareInstancesNegativeTest-422580009-project-admin] Calling method 'ShareMixin.delete' {{(pid=103302) _process_stack /opt/stack/manila/manila/api/openstack/wsgi.py:798}}
Feb 19 02:46:29.188764 np0000156478 devstack@m-api.service[103302]: INFO manila.api.v2.shares [None req-2d1a0d1a-7656-4631-8be9-e42e538b7e02 tempest-ShareInstancesNegativeTest-422580009 tempest-ShareInstancesNegativeTest-422580009-project-admin] Delete share with id: eac1894d-330a-431d-8f2d-275d8543585a
Feb 19 02:46:29.272932 np0000156478 devstack@m-api.service[103302]: INFO manila.api.openstack.wsgi [None req-2d1a0d1a-7656-4631-8be9-e42e538b7e02 tempest-ShareInstancesNegativeTest-422580009 tempest-ShareInstancesNegativeTest-422580009-project-admin] https://199.204.45.169/share/v2/a571a88dfac34fab88893b8731a0e299/shares/eac1894d-330a-431d-8f2d-275d8543585a returned with HTTP 202
Feb 19 02:46:29.273645 np0000156478 devstack@m-api.service[103302]: [pid: 103302|app: 0|req: 90/176] 199.204.45.169 () {68 vars in 1521 bytes} [Thu Feb 19 02:46:29 2026] DELETE /share/v2/a571a88dfac34fab88893b8731a0e299/shares/eac1894d-330a-431d-8f2d-275d8543585a => generated 0 bytes in 89 msecs (HTTP/1.1 202) 7 headers in 309 bytes (1 switches on core 0)
Feb 19 02:46:29.291537 np0000156478 devstack@m-api.service[103302]: INFO manila.api.openstack.wsgi [None req-30b1516f-37b7-442c-88b1-28c908387230 tempest-ShareInstancesNegativeTest-422580009 tempest-ShareInstancesNegativeTest-422580009-project-admin] GET https://199.204.45.169/share/v2/a571a88dfac34fab88893b8731a0e299/shares/eac1894d-330a-431d-8f2d-275d8543585a
Feb 19 02:46:29.291537 np0000156478 devstack@m-api.service[103302]: DEBUG manila.api.openstack.wsgi [None req-30b1516f-37b7-442c-88b1-28c908387230 tempest-ShareInstancesNegativeTest-422580009 tempest-ShareInstancesNegativeTest-422580009-project-admin] Empty body provided in request {{(pid=103302) get_body /opt/stack/manila/manila/api/openstack/wsgi.py:652}}
Feb 19 02:46:29.291537 np0000156478 devstack@m-api.service[103302]: DEBUG manila.api.openstack.wsgi [None req-30b1516f-37b7-442c-88b1-28c908387230 tempest-ShareInstancesNegativeTest-422580009 tempest-ShareInstancesNegativeTest-422580009-project-admin] Calling method 'ShareMixin.show' {{(pid=103302) _process_stack /opt/stack/manila/manila/api/openstack/wsgi.py:798}}
Feb 19 02:46:29.308989 np0000156478 devstack@m-api.service[103302]: INFO manila.api.openstack.wsgi [None req-30b1516f-37b7-442c-88b1-28c908387230 tempest-ShareInstancesNegativeTest-422580009 tempest-ShareInstancesNegativeTest-422580009-project-admin] https://199.204.45.169/share/v2/a571a88dfac34fab88893b8731a0e299/shares/eac1894d-330a-431d-8f2d-275d8543585a returned with HTTP 200
Feb 19 02:46:29.309533 np0000156478 devstack@m-api.service[103302]: [pid: 103302|app: 0|req: 91/177] 199.204.45.169 () {68 vars in 1518 bytes} [Thu Feb 19 02:46:29 2026] GET /share/v2/a571a88dfac34fab88893b8731a0e299/shares/eac1894d-330a-431d-8f2d-275d8543585a => generated 1458 bytes in 23 msecs (HTTP/1.1 200) 7 headers in 298 bytes (1 switches on core 0)
Feb 19 02:46:29.316974 np0000156478 devstack@m-api.service[103303]: INFO manila.api.openstack.wsgi [None req-7e2fd5db-8720-4ce2-943f-8f21c5afa304 tempest-AdminActionsTest-730562397 tempest-AdminActionsTest-730562397-project-admin] https://199.204.45.169/share/v2/b4b13c7510a34a6e97b0930128e7a2b0/shares/d5034a28-564d-4c2b-9e02-aac5e33488e8 returned with HTTP 202
Feb 19 02:46:29.317584 np0000156478 devstack@m-api.service[103303]: [pid: 103303|app: 0|req: 87/178] 199.204.45.169 () {68 vars in 1521 bytes} [Thu Feb 19 02:46:29 2026] DELETE /share/v2/b4b13c7510a34a6e97b0930128e7a2b0/shares/d5034a28-564d-4c2b-9e02-aac5e33488e8 => generated 0 bytes in 151 msecs (HTTP/1.1 202) 7 headers in 309 bytes (1 switches on core 0)
Feb 19 02:46:29.327223 np0000156478 devstack@m-api.service[103302]: INFO manila.api.openstack.wsgi [None req-365c79d2-02ee-4106-87f6-c0ade11b6261 tempest-AdminActionsTest-730562397 tempest-AdminActionsTest-730562397-project-admin] GET https://199.204.45.169/share/v2/b4b13c7510a34a6e97b0930128e7a2b0/shares/d5034a28-564d-4c2b-9e02-aac5e33488e8
Feb 19 02:46:29.327223 np0000156478 devstack@m-api.service[103302]: DEBUG manila.api.openstack.wsgi [None req-365c79d2-02ee-4106-87f6-c0ade11b6261 tempest-AdminActionsTest-730562397 tempest-AdminActionsTest-730562397-project-admin] Empty body provided in request {{(pid=103302) get_body /opt/stack/manila/manila/api/openstack/wsgi.py:652}}
Feb 19 02:46:29.327223 np0000156478 devstack@m-api.service[103302]: DEBUG manila.api.openstack.wsgi [None req-365c79d2-02ee-4106-87f6-c0ade11b6261 tempest-AdminActionsTest-730562397 tempest-AdminActionsTest-730562397-project-admin] Calling method 'ShareMixin.show' {{(pid=103302) _process_stack /opt/stack/manila/manila/api/openstack/wsgi.py:798}}
Feb 19 02:46:29.349116 np0000156478 devstack@m-api.service[103302]: INFO manila.api.openstack.wsgi [None req-365c79d2-02ee-4106-87f6-c0ade11b6261 tempest-AdminActionsTest-730562397 tempest-AdminActionsTest-730562397-project-admin] https://199.204.45.169/share/v2/b4b13c7510a34a6e97b0930128e7a2b0/shares/d5034a28-564d-4c2b-9e02-aac5e33488e8 returned with HTTP 200
Feb 19 02:46:29.349574 np0000156478 devstack@m-api.service[103302]: [pid: 103302|app: 0|req: 92/179] 199.204.45.169 () {68 vars in 1518 bytes} [Thu Feb 19 02:46:29 2026] GET /share/v2/b4b13c7510a34a6e97b0930128e7a2b0/shares/d5034a28-564d-4c2b-9e02-aac5e33488e8 => generated 1457 bytes in 25 msecs (HTTP/1.1 200) 7 headers in 298 bytes (1 switches on core 0)
Feb 19 02:46:30.140075 np0000156478 devstack@m-api.service[103303]: INFO manila.api.openstack.wsgi [None req-1c3ad254-376e-4ac0-9d2d-02708c6d8473 tempest-ExportLocationsNegativeTest-1419654796 tempest-ExportLocationsNegativeTest-1419654796-project-admin] GET https://199.204.45.169/share/v2/6677de38fefd429b82a188946f837686/shares/15ca8dfd-fd82-405f-b412-2eb9442dfd87
Feb 19 02:46:30.140549 np0000156478 devstack@m-api.service[103303]: DEBUG manila.api.openstack.wsgi [None req-1c3ad254-376e-4ac0-9d2d-02708c6d8473 tempest-ExportLocationsNegativeTest-1419654796 tempest-ExportLocationsNegativeTest-1419654796-project-admin] Empty body provided in request {{(pid=103303) get_body /opt/stack/manila/manila/api/openstack/wsgi.py:652}}
Feb 19 02:46:30.140618 np0000156478 devstack@m-api.service[103303]: DEBUG manila.api.openstack.wsgi [None req-1c3ad254-376e-4ac0-9d2d-02708c6d8473 tempest-ExportLocationsNegativeTest-1419654796 tempest-ExportLocationsNegativeTest-1419654796-project-admin] Calling method 'ShareMixin.show' {{(pid=103303) _process_stack /opt/stack/manila/manila/api/openstack/wsgi.py:798}}
Feb 19 02:46:30.167166 np0000156478 devstack@m-api.service[103303]: INFO manila.api.openstack.wsgi [None req-1c3ad254-376e-4ac0-9d2d-02708c6d8473 tempest-ExportLocationsNegativeTest-1419654796 tempest-ExportLocationsNegativeTest-1419654796-project-admin] https://199.204.45.169/share/v2/6677de38fefd429b82a188946f837686/shares/15ca8dfd-fd82-405f-b412-2eb9442dfd87 returned with HTTP 200
Feb 19 02:46:30.167166 np0000156478 devstack@m-api.service[103303]: [pid: 103303|app: 0|req: 88/180] 199.204.45.169 () {68 vars in 1518 bytes} [Thu Feb 19 02:46:30 2026] GET /share/v2/6677de38fefd429b82a188946f837686/shares/15ca8dfd-fd82-405f-b412-2eb9442dfd87 => generated 1462 bytes in 30 msecs (HTTP/1.1 200) 7 headers in 298 bytes (1 switches on core 0)
Feb 19 02:46:30.178636 np0000156478 devstack@m-api.service[103302]: INFO manila.api.openstack.wsgi [None req-184895d3-59b9-49d2-a33f-33a38101891c tempest-ExportLocationsNegativeTest-1419654796 tempest-ExportLocationsNegativeTest-1419654796-project-admin] GET https://199.204.45.169/share/v2/6677de38fefd429b82a188946f837686/shares/15ca8dfd-fd82-405f-b412-2eb9442dfd87
Feb 19 02:46:30.178978 np0000156478 devstack@m-api.service[103302]: DEBUG manila.api.openstack.wsgi [None req-184895d3-59b9-49d2-a33f-33a38101891c tempest-ExportLocationsNegativeTest-1419654796 tempest-ExportLocationsNegativeTest-1419654796-project-admin] Empty body provided in request {{(pid=103302) get_body /opt/stack/manila/manila/api/openstack/wsgi.py:652}}
Feb 19 02:46:30.179172 np0000156478 devstack@m-api.service[103302]: DEBUG manila.api.openstack.wsgi [None req-184895d3-59b9-49d2-a33f-33a38101891c tempest-ExportLocationsNegativeTest-1419654796 tempest-ExportLocationsNegativeTest-1419654796-project-admin] Calling method 'ShareMixin.show' {{(pid=103302) _process_stack /opt/stack/manila/manila/api/openstack/wsgi.py:798}}
Feb 19 02:46:30.197493 np0000156478 devstack@m-api.service[103302]: INFO manila.api.openstack.wsgi [None req-184895d3-59b9-49d2-a33f-33a38101891c tempest-ExportLocationsNegativeTest-1419654796 tempest-ExportLocationsNegativeTest-1419654796-project-admin] https://199.204.45.169/share/v2/6677de38fefd429b82a188946f837686/shares/15ca8dfd-fd82-405f-b412-2eb9442dfd87 returned with HTTP 200
Feb 19 02:46:30.197493 np0000156478 devstack@m-api.service[103302]: [pid: 103302|app: 0|req: 93/181] 199.204.45.169 () {68 vars in 1518 bytes} [Thu Feb 19 02:46:30 2026] GET /share/v2/6677de38fefd429b82a188946f837686/shares/15ca8dfd-fd82-405f-b412-2eb9442dfd87 => generated 1462 bytes in 22 msecs (HTTP/1.1 200) 7 headers in 298 bytes (2 switches on core 0)
Feb 19 02:46:30.209869 np0000156478 devstack@m-api.service[103303]: INFO manila.api.openstack.wsgi [None req-2fc37da5-be33-475f-bcaa-54a5e5eab40b tempest-ExportLocationsNegativeTest-1419654796 tempest-ExportLocationsNegativeTest-1419654796-project-admin] GET https://199.204.45.169/share/v2/6677de38fefd429b82a188946f837686/shares/15ca8dfd-fd82-405f-b412-2eb9442dfd87/instances
Feb 19 02:46:30.210314 np0000156478 devstack@m-api.service[103303]: DEBUG manila.api.openstack.wsgi [None req-2fc37da5-be33-475f-bcaa-54a5e5eab40b tempest-ExportLocationsNegativeTest-1419654796 tempest-ExportLocationsNegativeTest-1419654796-project-admin] Empty body provided in request {{(pid=103303) get_body /opt/stack/manila/manila/api/openstack/wsgi.py:652}}
Feb 19 02:46:30.210718 np0000156478 devstack@m-api.service[103303]: DEBUG manila.api.openstack.wsgi [None req-2fc37da5-be33-475f-bcaa-54a5e5eab40b tempest-ExportLocationsNegativeTest-1419654796 tempest-ExportLocationsNegativeTest-1419654796-project-admin] Calling method 'Controller.__getattribute__..version_select' {{(pid=103303) _process_stack /opt/stack/manila/manila/api/openstack/wsgi.py:798}}
Feb 19 02:46:30.225982 np0000156478 devstack@m-api.service[103303]: INFO manila.api.openstack.wsgi [None req-2fc37da5-be33-475f-bcaa-54a5e5eab40b tempest-ExportLocationsNegativeTest-1419654796 tempest-ExportLocationsNegativeTest-1419654796-project-admin] https://199.204.45.169/share/v2/6677de38fefd429b82a188946f837686/shares/15ca8dfd-fd82-405f-b412-2eb9442dfd87/instances returned with HTTP 200
Feb 19 02:46:30.226569 np0000156478 devstack@m-api.service[103303]: [pid: 103303|app: 0|req: 89/182] 199.204.45.169 () {68 vars in 1548 bytes} [Thu Feb 19 02:46:30 2026] GET /share/v2/6677de38fefd429b82a188946f837686/shares/15ca8dfd-fd82-405f-b412-2eb9442dfd87/instances => generated 531 bytes in 21 msecs (HTTP/1.1 200) 7 headers in 297 bytes (1 switches on core 0)
Feb 19 02:46:30.239607 np0000156478 devstack@m-api.service[103302]: INFO manila.api.openstack.wsgi [None req-88144c01-18c7-42df-8ba4-e093e9fb6e31 tempest-ExportLocationsNegativeTest-1419654796 tempest-ExportLocationsNegativeTest-1419654796-project-admin] GET https://199.204.45.169/share/v2/6677de38fefd429b82a188946f837686/shares/15ca8dfd-fd82-405f-b412-2eb9442dfd87/export_locations/fake-inexistent-share-instance-id
Feb 19 02:46:30.239885 np0000156478 devstack@m-api.service[103302]: DEBUG manila.api.openstack.wsgi [None req-88144c01-18c7-42df-8ba4-e093e9fb6e31 tempest-ExportLocationsNegativeTest-1419654796 tempest-ExportLocationsNegativeTest-1419654796-project-admin] Empty body provided in request {{(pid=103302) get_body /opt/stack/manila/manila/api/openstack/wsgi.py:652}}
Feb 19 02:46:30.240096 np0000156478 devstack@m-api.service[103302]: DEBUG manila.api.openstack.wsgi [None req-88144c01-18c7-42df-8ba4-e093e9fb6e31 tempest-ExportLocationsNegativeTest-1419654796 tempest-ExportLocationsNegativeTest-1419654796-project-admin] Calling method 'Controller.__getattribute__..version_select' {{(pid=103302) _process_stack /opt/stack/manila/manila/api/openstack/wsgi.py:798}}
Feb 19 02:46:30.263104 np0000156478 devstack@m-api.service[103302]: INFO manila.api.openstack.wsgi [None req-88144c01-18c7-42df-8ba4-e093e9fb6e31 tempest-ExportLocationsNegativeTest-1419654796 tempest-ExportLocationsNegativeTest-1419654796-project-admin] HTTP exception thrown: Export location 'fake-inexistent-share-instance-id' not found.
Feb 19 02:46:30.263291 np0000156478 devstack@m-api.service[103302]: INFO manila.api.openstack.wsgi [None req-88144c01-18c7-42df-8ba4-e093e9fb6e31 tempest-ExportLocationsNegativeTest-1419654796 tempest-ExportLocationsNegativeTest-1419654796-project-admin] https://199.204.45.169/share/v2/6677de38fefd429b82a188946f837686/shares/15ca8dfd-fd82-405f-b412-2eb9442dfd87/export_locations/fake-inexistent-share-instance-id returned with HTTP 404
Feb 19 02:46:30.263840 np0000156478 devstack@m-api.service[103302]: [pid: 103302|app: 0|req: 94/183] 199.204.45.169 () {68 vars in 1671 bytes} [Thu Feb 19 02:46:30 2026] GET /share/v2/6677de38fefd429b82a188946f837686/shares/15ca8dfd-fd82-405f-b412-2eb9442dfd87/export_locations/fake-inexistent-share-instance-id => generated 108 bytes in 27 msecs (HTTP/1.1 404) 7 headers in 304 bytes (1 switches on core 0)
Feb 19 02:46:30.279906 np0000156478 devstack@m-api.service[103303]: INFO manila.api.openstack.wsgi [None req-177afa59-1ba8-4fb8-8aba-c2dbbb034246 tempest-ExportLocationsNegativeTest-1419654796 tempest-ExportLocationsNegativeTest-1419654796-project-admin] GET https://199.204.45.169/share/v2/6677de38fefd429b82a188946f837686/share_instances/4dcd4894-7aac-4264-a075-7a1ed12560ac/export_locations/fake-inexistent-share-instance-id
Feb 19 02:46:30.280196 np0000156478 devstack@m-api.service[103303]: DEBUG manila.api.openstack.wsgi [None req-177afa59-1ba8-4fb8-8aba-c2dbbb034246 tempest-ExportLocationsNegativeTest-1419654796 tempest-ExportLocationsNegativeTest-1419654796-project-admin] Empty body provided in request {{(pid=103303) get_body /opt/stack/manila/manila/api/openstack/wsgi.py:652}}
Feb 19 02:46:30.280403 np0000156478 devstack@m-api.service[103303]: DEBUG manila.api.openstack.wsgi [None req-177afa59-1ba8-4fb8-8aba-c2dbbb034246 tempest-ExportLocationsNegativeTest-1419654796 tempest-ExportLocationsNegativeTest-1419654796-project-admin] Calling method 'Controller.__getattribute__..version_select' {{(pid=103303) _process_stack /opt/stack/manila/manila/api/openstack/wsgi.py:798}}
Feb 19 02:46:30.305695 np0000156478 devstack@m-api.service[103303]: INFO manila.api.openstack.wsgi [None req-177afa59-1ba8-4fb8-8aba-c2dbbb034246 tempest-ExportLocationsNegativeTest-1419654796 tempest-ExportLocationsNegativeTest-1419654796-project-admin] HTTP exception thrown: Export location fake-inexistent-share-instance-id could not be found.
Feb 19 02:46:30.305905 np0000156478 devstack@m-api.service[103303]: INFO manila.api.openstack.wsgi [None req-177afa59-1ba8-4fb8-8aba-c2dbbb034246 tempest-ExportLocationsNegativeTest-1419654796 tempest-ExportLocationsNegativeTest-1419654796-project-admin] https://199.204.45.169/share/v2/6677de38fefd429b82a188946f837686/share_instances/4dcd4894-7aac-4264-a075-7a1ed12560ac/export_locations/fake-inexistent-share-instance-id returned with HTTP 404
Feb 19 02:46:30.306291 np0000156478 devstack@m-api.service[103303]: [pid: 103303|app: 0|req: 90/184] 199.204.45.169 () {68 vars in 1698 bytes} [Thu Feb 19 02:46:30 2026] GET /share/v2/6677de38fefd429b82a188946f837686/share_instances/4dcd4894-7aac-4264-a075-7a1ed12560ac/export_locations/fake-inexistent-share-instance-id => generated 115 bytes in 30 msecs (HTTP/1.1 404) 7 headers in 304 bytes (1 switches on core 0)
Feb 19 02:46:30.320366 np0000156478 devstack@m-api.service[103302]: INFO manila.api.openstack.wsgi [None req-a4d7027e-aae7-4aa2-9629-03475eafe8e9 tempest-ExportLocationsNegativeTest-1419654796 tempest-ExportLocationsNegativeTest-1419654796-project-admin] GET https://199.204.45.169/share/v2/6677de38fefd429b82a188946f837686/shares/15ca8dfd-fd82-405f-b412-2eb9442dfd87/export_locations
Feb 19 02:46:30.320639 np0000156478 devstack@m-api.service[103302]: DEBUG manila.api.openstack.wsgi [None req-a4d7027e-aae7-4aa2-9629-03475eafe8e9 tempest-ExportLocationsNegativeTest-1419654796 tempest-ExportLocationsNegativeTest-1419654796-project-admin] Empty body provided in request {{(pid=103302) get_body /opt/stack/manila/manila/api/openstack/wsgi.py:652}}
Feb 19 02:46:30.320896 np0000156478 devstack@m-api.service[103302]: DEBUG manila.api.openstack.wsgi [None req-a4d7027e-aae7-4aa2-9629-03475eafe8e9 tempest-ExportLocationsNegativeTest-1419654796 tempest-ExportLocationsNegativeTest-1419654796-project-admin] Calling method 'Controller.__getattribute__..version_select' {{(pid=103302) _process_stack /opt/stack/manila/manila/api/openstack/wsgi.py:798}}
Feb 19 02:46:30.394404 np0000156478 devstack@m-api.service[103302]: INFO manila.api.openstack.wsgi [None req-a4d7027e-aae7-4aa2-9629-03475eafe8e9 tempest-ExportLocationsNegativeTest-1419654796 tempest-ExportLocationsNegativeTest-1419654796-project-admin] https://199.204.45.169/share/v2/6677de38fefd429b82a188946f837686/shares/15ca8dfd-fd82-405f-b412-2eb9442dfd87/export_locations returned with HTTP 200
Feb 19 02:46:30.395836 np0000156478 devstack@m-api.service[103302]: [pid: 103302|app: 0|req: 95/185] 199.204.45.169 () {68 vars in 1569 bytes} [Thu Feb 19 02:46:30 2026] GET /share/v2/6677de38fefd429b82a188946f837686/shares/15ca8dfd-fd82-405f-b412-2eb9442dfd87/export_locations => generated 314 bytes in 78 msecs (HTTP/1.1 200) 7 headers in 297 bytes (1 switches on core 0)
Feb 19 02:46:30.526229 np0000156478 devstack@m-api.service[103303]: INFO manila.api.openstack.wsgi [None req-1cc1dabc-4e73-447d-b238-8e7437431b50 tempest-ExportLocationsNegativeTest-1644582784 tempest-ExportLocationsNegativeTest-1644582784-project-member] GET https://199.204.45.169/share/v2/e940ad212193403d8034e845d6332a30/shares/15ca8dfd-fd82-405f-b412-2eb9442dfd87/export_locations/39847128-d386-4e41-b342-81cabcdfecb9
Feb 19 02:46:30.526587 np0000156478 devstack@m-api.service[103303]: DEBUG manila.api.openstack.wsgi [None req-1cc1dabc-4e73-447d-b238-8e7437431b50 tempest-ExportLocationsNegativeTest-1644582784 tempest-ExportLocationsNegativeTest-1644582784-project-member] Empty body provided in request {{(pid=103303) get_body /opt/stack/manila/manila/api/openstack/wsgi.py:652}}
Feb 19 02:46:30.526902 np0000156478 devstack@m-api.service[103303]: DEBUG manila.api.openstack.wsgi [None req-1cc1dabc-4e73-447d-b238-8e7437431b50 tempest-ExportLocationsNegativeTest-1644582784 tempest-ExportLocationsNegativeTest-1644582784-project-member] Calling method 'Controller.__getattribute__..version_select' {{(pid=103303) _process_stack /opt/stack/manila/manila/api/openstack/wsgi.py:798}}
Feb 19 02:46:30.552715 np0000156478 devstack@m-api.service[103303]: DEBUG manila.policy [None req-1cc1dabc-4e73-447d-b238-8e7437431b50 tempest-ExportLocationsNegativeTest-1644582784 tempest-ExportLocationsNegativeTest-1644582784-project-member] Policy check for share:get failed with credentials {'is_admin': False, 'user_id': 'dc46dbe569bb4b508b994feb44bef39d', 'user_domain_id': 'default', 'system_scope': None, 'domain_id': None, 'project_id': 'e940ad212193403d8034e845d6332a30', 'project_domain_id': 'default', 'roles': ['reader', 'member'], 'is_admin_project': True, 'service_user_id': None, 'service_user_domain_id': None, 'service_project_id': None, 'service_project_domain_id': None, 'service_roles': []} {{(pid=103303) authorize /opt/stack/manila/manila/policy.py:200}}
Feb 19 02:46:30.553077 np0000156478 devstack@m-api.service[103303]: INFO manila.api.openstack.wsgi [None req-1cc1dabc-4e73-447d-b238-8e7437431b50 tempest-ExportLocationsNegativeTest-1644582784 tempest-ExportLocationsNegativeTest-1644582784-project-member] https://199.204.45.169/share/v2/e940ad212193403d8034e845d6332a30/shares/15ca8dfd-fd82-405f-b412-2eb9442dfd87/export_locations/39847128-d386-4e41-b342-81cabcdfecb9 returned with HTTP 403
Feb 19 02:46:30.553702 np0000156478 devstack@m-api.service[103303]: [pid: 103303|app: 0|req: 91/186] 199.204.45.169 () {68 vars in 1680 bytes} [Thu Feb 19 02:46:30 2026] GET /share/v2/e940ad212193403d8034e845d6332a30/shares/15ca8dfd-fd82-405f-b412-2eb9442dfd87/export_locations/39847128-d386-4e41-b342-81cabcdfecb9 => generated 90 bytes in 147 msecs (HTTP/1.1 403) 7 headers in 303 bytes (1 switches on core 0)
Feb 19 02:46:30.567233 np0000156478 devstack@m-api.service[103302]: INFO manila.api.openstack.wsgi [None req-f1b69fa8-e322-41b6-87c7-99cfdbf59b30 tempest-ExportLocationsNegativeTest-1419654796 tempest-ExportLocationsNegativeTest-1419654796-project-admin] GET https://199.204.45.169/share/v2/6677de38fefd429b82a188946f837686/share_instances/4dcd4894-7aac-4264-a075-7a1ed12560ac/export_locations
Feb 19 02:46:30.567564 np0000156478 devstack@m-api.service[103302]: DEBUG manila.api.openstack.wsgi [None req-f1b69fa8-e322-41b6-87c7-99cfdbf59b30 tempest-ExportLocationsNegativeTest-1419654796 tempest-ExportLocationsNegativeTest-1419654796-project-admin] Empty body provided in request {{(pid=103302) get_body /opt/stack/manila/manila/api/openstack/wsgi.py:652}}
Feb 19 02:46:30.567843 np0000156478 devstack@m-api.service[103302]: DEBUG manila.api.openstack.wsgi [None req-f1b69fa8-e322-41b6-87c7-99cfdbf59b30 tempest-ExportLocationsNegativeTest-1419654796 tempest-ExportLocationsNegativeTest-1419654796-project-admin] Calling method 'Controller.__getattribute__..version_select' {{(pid=103302) _process_stack /opt/stack/manila/manila/api/openstack/wsgi.py:798}}
Feb 19 02:46:30.608037 np0000156478 devstack@m-api.service[103302]: INFO manila.api.openstack.wsgi [None req-f1b69fa8-e322-41b6-87c7-99cfdbf59b30 tempest-ExportLocationsNegativeTest-1419654796 tempest-ExportLocationsNegativeTest-1419654796-project-admin] https://199.204.45.169/share/v2/6677de38fefd429b82a188946f837686/share_instances/4dcd4894-7aac-4264-a075-7a1ed12560ac/export_locations returned with HTTP 200
Feb 19 02:46:30.608486 np0000156478 devstack@m-api.service[103302]: [pid: 103302|app: 0|req: 96/187] 199.204.45.169 () {68 vars in 1596 bytes} [Thu Feb 19 02:46:30 2026] GET /share/v2/6677de38fefd429b82a188946f837686/share_instances/4dcd4894-7aac-4264-a075-7a1ed12560ac/export_locations => generated 314 bytes in 46 msecs (HTTP/1.1 200) 7 headers in 297 bytes (1 switches on core 0)
Feb 19 02:46:30.851189 np0000156478 devstack@m-api.service[103302]: INFO manila.api.openstack.wsgi [None req-aafcc727-fbc5-4151-8e86-b5c33854ada7 tempest-ExportLocationsNegativeTest-1419654796 tempest-manila_6677de38fefd429b82a188946f837686-109524302] GET https://199.204.45.169/share/v2/6677de38fefd429b82a188946f837686/share_instances/4dcd4894-7aac-4264-a075-7a1ed12560ac/export_locations/39847128-d386-4e41-b342-81cabcdfecb9
Feb 19 02:46:30.851413 np0000156478 devstack@m-api.service[103302]: DEBUG manila.api.openstack.wsgi [None req-aafcc727-fbc5-4151-8e86-b5c33854ada7 tempest-ExportLocationsNegativeTest-1419654796 tempest-manila_6677de38fefd429b82a188946f837686-109524302] Empty body provided in request {{(pid=103302) get_body /opt/stack/manila/manila/api/openstack/wsgi.py:652}}
Feb 19 02:46:30.851583 np0000156478 devstack@m-api.service[103302]: DEBUG manila.api.openstack.wsgi [None req-aafcc727-fbc5-4151-8e86-b5c33854ada7 tempest-ExportLocationsNegativeTest-1419654796 tempest-manila_6677de38fefd429b82a188946f837686-109524302] Calling method 'Controller.__getattribute__..version_select' {{(pid=103302) _process_stack /opt/stack/manila/manila/api/openstack/wsgi.py:798}}
Feb 19 02:46:30.852207 np0000156478 devstack@m-api.service[103302]: DEBUG manila.policy [None req-aafcc727-fbc5-4151-8e86-b5c33854ada7 tempest-ExportLocationsNegativeTest-1419654796 tempest-manila_6677de38fefd429b82a188946f837686-109524302] Policy check for share_instance_export_location:show failed with credentials {'is_admin': False, 'user_id': '514b27dd25324336822801dc75b4d8ef', 'user_domain_id': 'default', 'system_scope': None, 'domain_id': None, 'project_id': '6677de38fefd429b82a188946f837686', 'project_domain_id': 'default', 'roles': ['reader', 'member'], 'is_admin_project': True, 'service_user_id': None, 'service_user_domain_id': None, 'service_project_id': None, 'service_project_domain_id': None, 'service_roles': []} {{(pid=103302) authorize /opt/stack/manila/manila/policy.py:200}}
Feb 19 02:46:30.852421 np0000156478 devstack@m-api.service[103302]: INFO manila.api.openstack.wsgi [None req-aafcc727-fbc5-4151-8e86-b5c33854ada7 tempest-ExportLocationsNegativeTest-1419654796 tempest-manila_6677de38fefd429b82a188946f837686-109524302] HTTP exception thrown: Access was denied to this resource.
Feb 19 02:46:30.852563 np0000156478 devstack@m-api.service[103302]: INFO manila.api.openstack.wsgi [None req-aafcc727-fbc5-4151-8e86-b5c33854ada7 tempest-ExportLocationsNegativeTest-1419654796 tempest-manila_6677de38fefd429b82a188946f837686-109524302] https://199.204.45.169/share/v2/6677de38fefd429b82a188946f837686/share_instances/4dcd4894-7aac-4264-a075-7a1ed12560ac/export_locations/39847128-d386-4e41-b342-81cabcdfecb9 returned with HTTP 403
Feb 19 02:46:30.853071 np0000156478 devstack@m-api.service[103302]: [pid: 103302|app: 0|req: 97/188] 199.204.45.169 () {68 vars in 1707 bytes} [Thu Feb 19 02:46:30 2026] GET /share/v2/6677de38fefd429b82a188946f837686/share_instances/4dcd4894-7aac-4264-a075-7a1ed12560ac/export_locations/39847128-d386-4e41-b342-81cabcdfecb9 => generated 78 bytes in 128 msecs (HTTP/1.1 403) 7 headers in 303 bytes (1 switches on core 0)
Feb 19 02:46:30.855753 np0000156478 devstack@m-api.service[103303]: INFO manila.api.openstack.wsgi [None req-262f27eb-4895-48e2-9e70-11420470946d tempest-ResourceLockCRUTest-1008043299 tempest-ResourceLockCRUTest-1008043299-project-admin] POST https://199.204.45.169/share/v2/5aef334540104c1c957376a591088fd6/types
Feb 19 02:46:30.856427 np0000156478 devstack@m-api.service[103303]: DEBUG manila.api.openstack.wsgi [None req-262f27eb-4895-48e2-9e70-11420470946d tempest-ResourceLockCRUTest-1008043299 tempest-ResourceLockCRUTest-1008043299-project-admin] Action: 'create', calling method: Controller.__getattribute__..version_select, body: {"share_type": {"name": "tempest-typeshare-type-211682568", "extra_specs": {"driver_handles_share_servers": "False"}, "share_type_access:is_public": true}} {{(pid=103303) _process_stack /opt/stack/manila/manila/api/openstack/wsgi.py:796}}
Feb 19 02:46:30.868930 np0000156478 devstack@m-api.service[103302]: INFO manila.api.openstack.wsgi [None req-5ea3dd50-8739-4201-9d82-49021d0330d6 tempest-ExportLocationsNegativeTest-1644582784 tempest-ExportLocationsNegativeTest-1644582784-project-member] GET https://199.204.45.169/share/v2/e940ad212193403d8034e845d6332a30/shares/15ca8dfd-fd82-405f-b412-2eb9442dfd87/export_locations
Feb 19 02:46:30.869463 np0000156478 devstack@m-api.service[103302]: DEBUG manila.api.openstack.wsgi [None req-5ea3dd50-8739-4201-9d82-49021d0330d6 tempest-ExportLocationsNegativeTest-1644582784 tempest-ExportLocationsNegativeTest-1644582784-project-member] Empty body provided in request {{(pid=103302) get_body /opt/stack/manila/manila/api/openstack/wsgi.py:652}}
Feb 19 02:46:30.869881 np0000156478 devstack@m-api.service[103302]: DEBUG manila.api.openstack.wsgi [None req-5ea3dd50-8739-4201-9d82-49021d0330d6 tempest-ExportLocationsNegativeTest-1644582784 tempest-ExportLocationsNegativeTest-1644582784-project-member] Calling method 'Controller.__getattribute__..version_select' {{(pid=103302) _process_stack /opt/stack/manila/manila/api/openstack/wsgi.py:798}}
Feb 19 02:46:30.870396 np0000156478 devstack@m-api.service[103303]: INFO manila.api.openstack.wsgi [None req-262f27eb-4895-48e2-9e70-11420470946d tempest-ResourceLockCRUTest-1008043299 tempest-ResourceLockCRUTest-1008043299-project-admin] https://199.204.45.169/share/v2/5aef334540104c1c957376a591088fd6/types returned with HTTP 200
Feb 19 02:46:30.871001 np0000156478 devstack@m-api.service[103303]: [pid: 103303|app: 0|req: 92/189] 199.204.45.169 () {70 vars in 1426 bytes} [Thu Feb 19 02:46:30 2026] POST /share/v2/5aef334540104c1c957376a591088fd6/types => generated 621 bytes in 159 msecs (HTTP/1.1 200) 7 headers in 297 bytes (1 switches on core 0)
Feb 19 02:46:30.888445 np0000156478 devstack@m-api.service[103302]: DEBUG manila.policy [None req-5ea3dd50-8739-4201-9d82-49021d0330d6 tempest-ExportLocationsNegativeTest-1644582784 tempest-ExportLocationsNegativeTest-1644582784-project-member] Policy check for share:get failed with credentials {'is_admin': False, 'user_id': 'dc46dbe569bb4b508b994feb44bef39d', 'user_domain_id': 'default', 'system_scope': None, 'domain_id': None, 'project_id': 'e940ad212193403d8034e845d6332a30', 'project_domain_id': 'default', 'roles': ['reader', 'member'], 'is_admin_project': True, 'service_user_id': None, 'service_user_domain_id': None, 'service_project_id': None, 'service_project_domain_id': None, 'service_roles': []} {{(pid=103302) authorize /opt/stack/manila/manila/policy.py:200}}
Feb 19 02:46:30.888693 np0000156478 devstack@m-api.service[103302]: INFO manila.api.openstack.wsgi [None req-5ea3dd50-8739-4201-9d82-49021d0330d6 tempest-ExportLocationsNegativeTest-1644582784 tempest-ExportLocationsNegativeTest-1644582784-project-member] https://199.204.45.169/share/v2/e940ad212193403d8034e845d6332a30/shares/15ca8dfd-fd82-405f-b412-2eb9442dfd87/export_locations returned with HTTP 403
Feb 19 02:46:30.889122 np0000156478 devstack@m-api.service[103302]: [pid: 103302|app: 0|req: 98/190] 199.204.45.169 () {68 vars in 1569 bytes} [Thu Feb 19 02:46:30 2026] GET /share/v2/e940ad212193403d8034e845d6332a30/shares/15ca8dfd-fd82-405f-b412-2eb9442dfd87/export_locations => generated 90 bytes in 24 msecs (HTTP/1.1 403) 7 headers in 303 bytes (1 switches on core 0)
Feb 19 02:46:30.907016 np0000156478 devstack@m-api.service[103302]: INFO manila.api.openstack.wsgi [None req-3ce6f93b-8f96-49cc-a697-d0fc7dab54f7 tempest-ExportLocationsNegativeTest-1419654796 tempest-manila_6677de38fefd429b82a188946f837686-109524302] GET https://199.204.45.169/share/v2/6677de38fefd429b82a188946f837686/share_instances/4dcd4894-7aac-4264-a075-7a1ed12560ac/export_locations
Feb 19 02:46:30.907547 np0000156478 devstack@m-api.service[103302]: DEBUG manila.api.openstack.wsgi [None req-3ce6f93b-8f96-49cc-a697-d0fc7dab54f7 tempest-ExportLocationsNegativeTest-1419654796 tempest-manila_6677de38fefd429b82a188946f837686-109524302] Empty body provided in request {{(pid=103302) get_body /opt/stack/manila/manila/api/openstack/wsgi.py:652}}
Feb 19 02:46:30.907897 np0000156478 devstack@m-api.service[103302]: DEBUG manila.api.openstack.wsgi [None req-3ce6f93b-8f96-49cc-a697-d0fc7dab54f7 tempest-ExportLocationsNegativeTest-1419654796 tempest-manila_6677de38fefd429b82a188946f837686-109524302] Calling method 'Controller.__getattribute__..version_select' {{(pid=103302) _process_stack /opt/stack/manila/manila/api/openstack/wsgi.py:798}}
Feb 19 02:46:30.908984 np0000156478 devstack@m-api.service[103302]: DEBUG manila.policy [None req-3ce6f93b-8f96-49cc-a697-d0fc7dab54f7 tempest-ExportLocationsNegativeTest-1419654796 tempest-manila_6677de38fefd429b82a188946f837686-109524302] Policy check for share_instance_export_location:index failed with credentials {'is_admin': False, 'user_id': '514b27dd25324336822801dc75b4d8ef', 'user_domain_id': 'default', 'system_scope': None, 'domain_id': None, 'project_id': '6677de38fefd429b82a188946f837686', 'project_domain_id': 'default', 'roles': ['reader', 'member'], 'is_admin_project': True, 'service_user_id': None, 'service_user_domain_id': None, 'service_project_id': None, 'service_project_domain_id': None, 'service_roles': []} {{(pid=103302) authorize /opt/stack/manila/manila/policy.py:200}}
Feb 19 02:46:30.909319 np0000156478 devstack@m-api.service[103302]: INFO manila.api.openstack.wsgi [None req-3ce6f93b-8f96-49cc-a697-d0fc7dab54f7 tempest-ExportLocationsNegativeTest-1419654796 tempest-manila_6677de38fefd429b82a188946f837686-109524302] HTTP exception thrown: Access was denied to this resource.
Feb 19 02:46:30.909594 np0000156478 devstack@m-api.service[103302]: INFO manila.api.openstack.wsgi [None req-3ce6f93b-8f96-49cc-a697-d0fc7dab54f7 tempest-ExportLocationsNegativeTest-1419654796 tempest-manila_6677de38fefd429b82a188946f837686-109524302] https://199.204.45.169/share/v2/6677de38fefd429b82a188946f837686/share_instances/4dcd4894-7aac-4264-a075-7a1ed12560ac/export_locations returned with HTTP 403
Feb 19 02:46:30.910511 np0000156478 devstack@m-api.service[103302]: [pid: 103302|app: 0|req: 99/191] 199.204.45.169 () {68 vars in 1596 bytes} [Thu Feb 19 02:46:30 2026] GET /share/v2/6677de38fefd429b82a188946f837686/share_instances/4dcd4894-7aac-4264-a075-7a1ed12560ac/export_locations => generated 78 bytes in 9 msecs (HTTP/1.1 403) 7 headers in 303 bytes (1 switches on core 0)
Feb 19 02:46:30.940994 np0000156478 devstack@m-api.service[103303]: INFO manila.api.openstack.wsgi [None req-2ad5cd58-b780-4b8f-80ba-e674deb0e309 tempest-ResourceLockCRUTest-530602583 tempest-ResourceLockCRUTest-530602583-project-member] POST https://199.204.45.169/share/v2/26936b72b08641fe80ef4c393ed58b5c/shares
Feb 19 02:46:30.941479 np0000156478 devstack@m-api.service[103303]: DEBUG manila.api.openstack.wsgi [None req-2ad5cd58-b780-4b8f-80ba-e674deb0e309 tempest-ResourceLockCRUTest-530602583 tempest-ResourceLockCRUTest-530602583-project-member] Action: 'create', calling method: Controller.__getattribute__..version_select, body: {"share": {"share_proto": "cephfs", "description": "Tempest's share", "snapshot_id": null, "name": "tempest-tempest-created-share-2061736837", "size": 1, "metadata": {}, "is_public": false, "share_type": "2e115575-897f-401a-96da-f094997038de"}} {{(pid=103303) _process_stack /opt/stack/manila/manila/api/openstack/wsgi.py:796}}
Feb 19 02:46:30.942806 np0000156478 devstack@m-api.service[103303]: INFO manila.api.v2.shares [None req-2ad5cd58-b780-4b8f-80ba-e674deb0e309 tempest-ResourceLockCRUTest-530602583 tempest-ResourceLockCRUTest-530602583-project-member] Create CEPHFS share of 1 GB
Feb 19 02:46:30.997443 np0000156478 devstack@m-api.service[103303]: DEBUG manila.quota [None req-2ad5cd58-b780-4b8f-80ba-e674deb0e309 tempest-ResourceLockCRUTest-530602583 tempest-ResourceLockCRUTest-530602583-project-member] Created reservations ['8d054fcd-1824-4229-bc2b-7d912a78e67b', '7886ca7e-d589-426b-b5f0-6f1e676f12de', 'edc4651e-8e0f-43ac-81c1-7cf3592c20c3', '5cd8dbff-e687-4150-b82f-9119bd202126'] {{(pid=103303) reserve /opt/stack/manila/manila/quota.py:1038}}
Feb 19 02:46:31.024513 np0000156478 devstack@m-api.service[103303]: DEBUG manila.quota [None req-2ad5cd58-b780-4b8f-80ba-e674deb0e309 tempest-ResourceLockCRUTest-530602583 tempest-ResourceLockCRUTest-530602583-project-member] Committed reservations ['8d054fcd-1824-4229-bc2b-7d912a78e67b', '7886ca7e-d589-426b-b5f0-6f1e676f12de', 'edc4651e-8e0f-43ac-81c1-7cf3592c20c3', '5cd8dbff-e687-4150-b82f-9119bd202126'] {{(pid=103303) commit /opt/stack/manila/manila/quota.py:1066}}
Feb 19 02:46:31.080473 np0000156478 devstack@m-api.service[103303]: INFO manila.api.openstack.wsgi [None req-2ad5cd58-b780-4b8f-80ba-e674deb0e309 tempest-ResourceLockCRUTest-530602583 tempest-ResourceLockCRUTest-530602583-project-member] https://199.204.45.169/share/v2/26936b72b08641fe80ef4c393ed58b5c/shares returned with HTTP 200
Feb 19 02:46:31.080951 np0000156478 devstack@m-api.service[103303]: [pid: 103303|app: 0|req: 93/192] 199.204.45.169 () {70 vars in 1429 bytes} [Thu Feb 19 02:46:30 2026] POST /share/v2/26936b72b08641fe80ef4c393ed58b5c/shares => generated 1347 bytes in 201 msecs (HTTP/1.1 200) 7 headers in 298 bytes (1 switches on core 0)
Feb 19 02:46:31.095050 np0000156478 devstack@m-api.service[103302]: INFO manila.api.openstack.wsgi [None req-1565cf7b-5a86-4f48-a836-9f70ede0f890 tempest-ResourceLockCRUTest-530602583 tempest-ResourceLockCRUTest-530602583-project-member] GET https://199.204.45.169/share/v2/26936b72b08641fe80ef4c393ed58b5c/shares/9d0f75a7-d4ef-4e04-9a5d-c6224ac8143d
Feb 19 02:46:31.095216 np0000156478 devstack@m-api.service[103302]: DEBUG manila.api.openstack.wsgi [None req-1565cf7b-5a86-4f48-a836-9f70ede0f890 tempest-ResourceLockCRUTest-530602583 tempest-ResourceLockCRUTest-530602583-project-member] Empty body provided in request {{(pid=103302) get_body /opt/stack/manila/manila/api/openstack/wsgi.py:652}}
Feb 19 02:46:31.095436 np0000156478 devstack@m-api.service[103302]: DEBUG manila.api.openstack.wsgi [None req-1565cf7b-5a86-4f48-a836-9f70ede0f890 tempest-ResourceLockCRUTest-530602583 tempest-ResourceLockCRUTest-530602583-project-member] Calling method 'ShareMixin.show' {{(pid=103302) _process_stack /opt/stack/manila/manila/api/openstack/wsgi.py:798}}
Feb 19 02:46:31.113666 np0000156478 devstack@m-api.service[103302]: INFO manila.api.openstack.wsgi [None req-1565cf7b-5a86-4f48-a836-9f70ede0f890 tempest-ResourceLockCRUTest-530602583 tempest-ResourceLockCRUTest-530602583-project-member] https://199.204.45.169/share/v2/26936b72b08641fe80ef4c393ed58b5c/shares/9d0f75a7-d4ef-4e04-9a5d-c6224ac8143d returned with HTTP 200
Feb 19 02:46:31.114021 np0000156478 devstack@m-api.service[103302]: [pid: 103302|app: 0|req: 100/193] 199.204.45.169 () {68 vars in 1518 bytes} [Thu Feb 19 02:46:31 2026] GET /share/v2/26936b72b08641fe80ef4c393ed58b5c/shares/9d0f75a7-d4ef-4e04-9a5d-c6224ac8143d => generated 1347 bytes in 24 msecs (HTTP/1.1 200) 7 headers in 298 bytes (1 switches on core 0)
Feb 19 02:46:31.190899 np0000156478 devstack@m-api.service[103303]: INFO manila.api.openstack.wsgi [None req-799f3e3e-c1c3-4c7e-93aa-cb4f37bf7c7a tempest-ExportLocationsNegativeTest-1644582784 tempest-ExportLocationsNegativeTest-1644582784-project-member] GET https://199.204.45.169/share/v2/e940ad212193403d8034e845d6332a30/share-replicas/detail?share_id=15ca8dfd-fd82-405f-b412-2eb9442dfd87
Feb 19 02:46:31.191591 np0000156478 devstack@m-api.service[103303]: DEBUG manila.api.openstack.wsgi [None req-799f3e3e-c1c3-4c7e-93aa-cb4f37bf7c7a tempest-ExportLocationsNegativeTest-1644582784 tempest-ExportLocationsNegativeTest-1644582784-project-member] Empty body provided in request {{(pid=103303) get_body /opt/stack/manila/manila/api/openstack/wsgi.py:652}}
Feb 19 02:46:31.191809 np0000156478 devstack@m-api.service[103303]: DEBUG manila.api.openstack.wsgi [None req-799f3e3e-c1c3-4c7e-93aa-cb4f37bf7c7a tempest-ExportLocationsNegativeTest-1644582784 tempest-ExportLocationsNegativeTest-1644582784-project-member] Calling method 'Controller.__getattribute__..version_select' {{(pid=103303) _process_stack /opt/stack/manila/manila/api/openstack/wsgi.py:798}}
Feb 19 02:46:31.204877 np0000156478 devstack@m-api.service[103303]: INFO manila.api.openstack.wsgi [None req-799f3e3e-c1c3-4c7e-93aa-cb4f37bf7c7a tempest-ExportLocationsNegativeTest-1644582784 tempest-ExportLocationsNegativeTest-1644582784-project-member] https://199.204.45.169/share/v2/e940ad212193403d8034e845d6332a30/share-replicas/detail?share_id=15ca8dfd-fd82-405f-b412-2eb9442dfd87 returned with HTTP 200
Feb 19 02:46:31.205292 np0000156478 devstack@m-api.service[103303]: [pid: 103303|app: 0|req: 94/194] 199.204.45.169 () {68 vars in 1543 bytes} [Thu Feb 19 02:46:31 2026] GET /share/v2/e940ad212193403d8034e845d6332a30/share-replicas/detail?share_id=15ca8dfd-fd82-405f-b412-2eb9442dfd87 => generated 22 bytes in 20 msecs (HTTP/1.1 200) 7 headers in 296 bytes (1 switches on core 0)
Feb 19 02:46:31.217059 np0000156478 devstack@m-api.service[103302]: INFO manila.api.openstack.wsgi [None req-ec145113-8329-48e7-b8a9-b558bd030c3c tempest-ExportLocationsNegativeTest-1419654796 tempest-ExportLocationsNegativeTest-1419654796-project-admin] DELETE https://199.204.45.169/share/v2/6677de38fefd429b82a188946f837686/shares/15ca8dfd-fd82-405f-b412-2eb9442dfd87
Feb 19 02:46:31.217622 np0000156478 devstack@m-api.service[103302]: DEBUG manila.api.openstack.wsgi [None req-ec145113-8329-48e7-b8a9-b558bd030c3c tempest-ExportLocationsNegativeTest-1419654796 tempest-ExportLocationsNegativeTest-1419654796-project-admin] Empty body provided in request {{(pid=103302) get_body /opt/stack/manila/manila/api/openstack/wsgi.py:652}}
Feb 19 02:46:31.217622 np0000156478 devstack@m-api.service[103302]: DEBUG manila.api.openstack.wsgi [None req-ec145113-8329-48e7-b8a9-b558bd030c3c tempest-ExportLocationsNegativeTest-1419654796 tempest-ExportLocationsNegativeTest-1419654796-project-admin] Calling method 'ShareMixin.delete' {{(pid=103302) _process_stack /opt/stack/manila/manila/api/openstack/wsgi.py:798}}
Feb 19 02:46:31.217834 np0000156478 devstack@m-api.service[103302]: INFO manila.api.v2.shares [None req-ec145113-8329-48e7-b8a9-b558bd030c3c tempest-ExportLocationsNegativeTest-1419654796 tempest-ExportLocationsNegativeTest-1419654796-project-admin] Delete share with id: 15ca8dfd-fd82-405f-b412-2eb9442dfd87
Feb 19 02:46:31.240203 np0000156478 devstack@m-api.service[103303]: INFO manila.api.openstack.wsgi [None req-5ef1638e-76c3-41b3-9f94-02286742b4d5 tempest-AccessRulesMetadataTest-861778672 tempest-AccessRulesMetadataTest-861778672-project-member] GET https://199.204.45.169/share/v2/40a26b04728d4ac9b3cb0893b7dbbad9/shares/6c61f427-d76d-4f17-9ce7-a935403a7f00
Feb 19 02:46:31.240657 np0000156478 devstack@m-api.service[103303]: DEBUG manila.api.openstack.wsgi [None req-5ef1638e-76c3-41b3-9f94-02286742b4d5 tempest-AccessRulesMetadataTest-861778672 tempest-AccessRulesMetadataTest-861778672-project-member] Empty body provided in request {{(pid=103303) get_body /opt/stack/manila/manila/api/openstack/wsgi.py:652}}
Feb 19 02:46:31.241002 np0000156478 devstack@m-api.service[103303]: DEBUG manila.api.openstack.wsgi [None req-5ef1638e-76c3-41b3-9f94-02286742b4d5 tempest-AccessRulesMetadataTest-861778672 tempest-AccessRulesMetadataTest-861778672-project-member] Calling method 'ShareMixin.show' {{(pid=103303) _process_stack /opt/stack/manila/manila/api/openstack/wsgi.py:798}}
Feb 19 02:46:31.261521 np0000156478 devstack@m-api.service[103303]: INFO manila.api.openstack.wsgi [None req-5ef1638e-76c3-41b3-9f94-02286742b4d5 tempest-AccessRulesMetadataTest-861778672 tempest-AccessRulesMetadataTest-861778672-project-member] https://199.204.45.169/share/v2/40a26b04728d4ac9b3cb0893b7dbbad9/shares/6c61f427-d76d-4f17-9ce7-a935403a7f00 returned with HTTP 200
Feb 19 02:46:31.262114 np0000156478 devstack@m-api.service[103303]: [pid: 103303|app: 0|req: 95/195] 199.204.45.169 () {68 vars in 1518 bytes} [Thu Feb 19 02:46:31 2026] GET /share/v2/40a26b04728d4ac9b3cb0893b7dbbad9/shares/6c61f427-d76d-4f17-9ce7-a935403a7f00 => generated 1392 bytes in 27 msecs (HTTP/1.1 200) 7 headers in 298 bytes (2 switches on core 0)
Feb 19 02:46:31.276200 np0000156478 devstack@m-api.service[103303]: INFO manila.api.openstack.wsgi [None req-5795db31-9b5e-414f-bb21-b400e5decb90 tempest-AccessRulesMetadataTest-861778672 tempest-AccessRulesMetadataTest-861778672-project-member] POST https://199.204.45.169/share/v2/40a26b04728d4ac9b3cb0893b7dbbad9/shares/6c61f427-d76d-4f17-9ce7-a935403a7f00/action
Feb 19 02:46:31.276784 np0000156478 devstack@m-api.service[103303]: DEBUG manila.api.openstack.wsgi [None req-5795db31-9b5e-414f-bb21-b400e5decb90 tempest-AccessRulesMetadataTest-861778672 tempest-AccessRulesMetadataTest-861778672-project-member] Action body: b'{"allow_access": {"access_type": "cephx", "access_to": "eve49", "access_level": "rw", "metadata": {"key1": "value1", "key2": "value2"}}}' {{(pid=103303) get_method /opt/stack/manila/manila/api/openstack/wsgi.py:912}}
Feb 19 02:46:31.277034 np0000156478 devstack@m-api.service[103303]: DEBUG manila.api.openstack.wsgi [None req-5795db31-9b5e-414f-bb21-b400e5decb90 tempest-AccessRulesMetadataTest-861778672 tempest-AccessRulesMetadataTest-861778672-project-member] Action: 'action', calling method: Controller.__getattribute__..version_select, body: {"allow_access": {"access_type": "cephx", "access_to": "eve49", "access_level": "rw", "metadata": {"key1": "value1", "key2": "value2"}}} {{(pid=103303) _process_stack /opt/stack/manila/manila/api/openstack/wsgi.py:796}}
Feb 19 02:46:31.305678 np0000156478 devstack@m-api.service[103302]: INFO manila.api.openstack.wsgi [None req-ec145113-8329-48e7-b8a9-b558bd030c3c tempest-ExportLocationsNegativeTest-1419654796 tempest-ExportLocationsNegativeTest-1419654796-project-admin] https://199.204.45.169/share/v2/6677de38fefd429b82a188946f837686/shares/15ca8dfd-fd82-405f-b412-2eb9442dfd87 returned with HTTP 202
