Jun 08 19:29:04.415806 np0000179054 devstack@neutron-api.service[103602]: DEBUG ovsdbapp.backend.ovs_idl.event [None req-274d5ce4-fc82-465c-95ac-9bdd441a09ab None None] Matched UPDATE: LogicalSwitchPortUpdateLogicalRouterPortEvent(events=('update',), table='Logical_Switch_Port', conditions=None, old_conditions=None), priority=20 to row=Logical_Switch_Port(uuid=e3245123-0090-4bf3-842f-76bead366f1e, addresses=['router'], dhcpv4_options=[], dhcpv6_options=[], dynamic_addresses=[], enabled=True, external_ids={'neutron:cidrs': '10.1.0.1/26', 'neutron:device_id': '506e4088-9d31-4710-bf68-f2f93fa58c14', 'neutron:device_owner': 'network:router_interface', 'neutron:mtu': '', 'neutron:network_name': 'neutron-04a95892-22fa-4a4c-a83e-61fdb12fb65d', 'neutron:port_capabilities': '', 'neutron:port_name': '', 'neutron:project_id': '1b1a84738346401480e5ee8191efa9b2', 'neutron:revision_number': '2', 'neutron:security_group_ids': '', 'neutron:subnet_pool_addr_scope4': '', 'neutron:subnet_pool_addr_scope6': '', 'neutron:vnic_type': 'normal'}, ha_chassis_group=[], mirror_rules=[], name='abc5a949-f74e-4595-8426-229f1f0ad62a', options={'router-port': 'lrp-abc5a949-f74e-4595-8426-229f1f0ad62a'}, parent_name=[], port_security=[], tag=[], tag_request=[], type='router', up=True) old=Logical_Switch_Port(uuid=e3245123-0090-4bf3-842f-76bead366f1e, external_ids={'neutron:cidrs': '10.1.0.1/26', 'neutron:device_id': '506e4088-9d31-4710-bf68-f2f93fa58c14', 'neutron:device_owner': 'network:router_interface', 'neutron:mtu': '', 'neutron:network_name': 'neutron-04a95892-22fa-4a4c-a83e-61fdb12fb65d', 'neutron:port_capabilities': '', 'neutron:port_name': '', 'neutron:project_id': '1b1a84738346401480e5ee8191efa9b2', 'neutron:revision_number': '1', 'neutron:security_group_ids': '', 'neutron:subnet_pool_addr_scope4': '', 'neutron:subnet_pool_addr_scope6': '', 'neutron:vnic_type': 'normal'}) {{(pid=103602) matches /opt/stack/data/venv/lib/python3.12/site-packages/ovsdbapp/backend/ovs_idl/event.py:55}}
Jun 08 19:29:04.469928 np0000179054 devstack@neutron-api.service[103600]: INFO neutron.db.ovn_revision_numbers_db [None req-f543fbaf-a937-4a2f-af9f-7d1aedb81a9e None None] Successfully bumped revision number for resource abc5a949-f74e-4595-8426-229f1f0ad62a (type: ports) to 2
Jun 08 19:29:04.475345 np0000179054 devstack@neutron-api.service[103600]: DEBUG neutron_lib.callbacks.manager [None req-f543fbaf-a937-4a2f-af9f-7d1aedb81a9e None None] Publish callbacks ['neutron.plugins.ml2.ovo_rpc._ObjectChangeHandler.handle_event-7398468', 'neutron.services.ovn_l3.plugin.OVNL3RouterPlugin._port_update-8002550997126'] for port (abc5a949-f74e-4595-8426-229f1f0ad62a), after_update {{(pid=103600) _notify_loop /opt/stack/data/venv/lib/python3.12/site-packages/neutron_lib/callbacks/manager.py:184}}
Jun 08 19:29:04.523408 np0000179054 devstack@neutron-api.service[103600]: DEBUG neutron.api.rpc.handlers.resources_rpc [None req-ac54246a-38d3-4242-a46b-c23419bc17ae None None] Pushing event updated for resources: {'Port': ['ID=abc5a949-f74e-4595-8426-229f1f0ad62a,revision_number=2']} {{(pid=103600) push /opt/stack/neutron/neutron/api/rpc/handlers/resources_rpc.py:237}}
Jun 08 19:29:04.531265 np0000179054 devstack@neutron-api.service[103600]: DEBUG neutron.api.rpc.callbacks.version_manager [None req-ac54246a-38d3-4242-a46b-c23419bc17ae None None] Tracked resource versions report:
Jun 08 19:29:04.531265 np0000179054 devstack@neutron-api.service[103600]: pushed versions:
Jun 08 19:29:04.531265 np0000179054 devstack@neutron-api.service[103600]: { 'AddressGroup': {'1.2'},
Jun 08 19:29:04.531265 np0000179054 devstack@neutron-api.service[103600]: 'Agent': {'1.1'},
Jun 08 19:29:04.531265 np0000179054 devstack@neutron-api.service[103600]: 'ConntrackHelper': {'1.0'},
Jun 08 19:29:04.531265 np0000179054 devstack@neutron-api.service[103600]: 'LocalIPAssociation': {'1.0'},
Jun 08 19:29:04.531265 np0000179054 devstack@neutron-api.service[103600]: 'Log': {'1.0'},
Jun 08 19:29:04.531265 np0000179054 devstack@neutron-api.service[103600]: 'NDPProxy': {'1.0'},
Jun 08 19:29:04.531265 np0000179054 devstack@neutron-api.service[103600]: 'Network': {'1.3'},
Jun 08 19:29:04.531265 np0000179054 devstack@neutron-api.service[103600]: 'Port': {'1.11'},
Jun 08 19:29:04.531265 np0000179054 devstack@neutron-api.service[103600]: 'PortForwarding': {'1.3'},
Jun 08 19:29:04.531265 np0000179054 devstack@neutron-api.service[103600]: 'QosPolicy': {'1.10'},
Jun 08 19:29:04.531265 np0000179054 devstack@neutron-api.service[103600]: 'SecurityGroup': {'1.6'},
Jun 08 19:29:04.531265 np0000179054 devstack@neutron-api.service[103600]: 'SecurityGroupRule': {'1.3'},
Jun 08 19:29:04.531265 np0000179054 devstack@neutron-api.service[103600]: 'SubPort': {'1.0'},
Jun 08 19:29:04.531265 np0000179054 devstack@neutron-api.service[103600]: 'Subnet': {'1.2'},
Jun 08 19:29:04.531265 np0000179054 devstack@neutron-api.service[103600]: 'Trunk': {'1.1'}}
Jun 08 19:29:04.531265 np0000179054 devstack@neutron-api.service[103600]: consumer versions:
Jun 08 19:29:04.531265 np0000179054 devstack@neutron-api.service[103600]: { OVN Controller Gateway agent@np0000179054: {},
Jun 08 19:29:04.531265 np0000179054 devstack@neutron-api.service[103600]: OVN Neutron agent@np0000179054: {}}
Jun 08 19:29:04.531265 np0000179054 devstack@neutron-api.service[103600]: {{(pid=103600) report /opt/stack/neutron/neutron/api/rpc/callbacks/version_manager.py:183}}
Jun 08 19:29:04.632280 np0000179054 devstack@neutron-api.service[103600]: DEBUG neutron.api.wsgi [None req-3da3ffa9-783c-4b9d-9ea3-09c8f790e055 admin admin] Missing Content-Type {{(pid=103600) get_content_type /opt/stack/neutron/neutron/api/wsgi.py:80}}
Jun 08 19:29:04.684871 np0000179054 devstack@neutron-api.service[103600]: [pid: 103600|app: 0|req: 7/22] 199.204.45.19 () {64 vars in 1405 bytes} [Mon Jun 8 19:29:04 2026] GET /networking/v2.0/routers/506e4088-9d31-4710-bf68-f2f93fa58c14 => generated 599 bytes in 57 msecs (HTTP/1.1 200) 4 headers in 157 bytes (1 switches on core 0)
Jun 08 19:29:04.740070 np0000179054 devstack@neutron-api.service[103601]: DEBUG neutron.pecan_wsgi.hooks.policy_enforcement [None req-cd65c492-34c3-4747-818d-4b49d0fc45c3 admin admin] Attributes excluded by policy engine: ['standard_attr_id'] {{(pid=103601) _exclude_attributes_by_policy /opt/stack/neutron/neutron/pecan_wsgi/hooks/policy_enforcement.py:256}}
Jun 08 19:29:04.740938 np0000179054 devstack@neutron-api.service[103601]: [pid: 103601|app: 0|req: 6/23] 199.204.45.19 () {64 vars in 1408 bytes} [Mon Jun 8 19:29:04 2026] GET /networking/v2.0/networks/5d630ba2-a6c9-423f-864b-9efa334bba99 => generated 717 bytes in 40 msecs (HTTP/1.1 200) 4 headers in 157 bytes (1 switches on core 0)
Jun 08 19:29:04.761732 np0000179054 devstack@neutron-api.service[103602]: DEBUG neutron.api.wsgi [None req-b773ad2f-ea1f-46f2-b3d3-2a2867095502 admin admin] Missing Content-Type {{(pid=103602) get_content_type /opt/stack/neutron/neutron/api/wsgi.py:80}}
Jun 08 19:29:04.762369 np0000179054 devstack@neutron-api.service[103602]: DEBUG neutron.api.wsgi [None req-b773ad2f-ea1f-46f2-b3d3-2a2867095502 admin admin] https://199.204.45.19/networking/v2.0/extensions/external-gateway-multihoming returned with HTTP 200 {{(pid=103602) __call__ /opt/stack/neutron/neutron/api/wsgi.py:540}}
Jun 08 19:29:04.763239 np0000179054 devstack@neutron-api.service[103602]: [pid: 103602|app: 0|req: 6/24] 199.204.45.19 () {64 vars in 1390 bytes} [Mon Jun 8 19:29:04 2026] GET /networking/v2.0/extensions/external-gateway-multihoming => generated 227 bytes in 6 msecs (HTTP/1.1 200) 4 headers in 157 bytes (1 switches on core 0)
Jun 08 19:29:05.061836 np0000179054 devstack@neutron-api.service[103599]: DEBUG neutron_lib.callbacks.manager [None req-1bd55c10-36a2-4088-b259-f623aacbe420 admin admin] Publish callbacks [] for router_gateway (506e4088-9d31-4710-bf68-f2f93fa58c14), precommit_update {{(pid=103599) _notify_loop /opt/stack/data/venv/lib/python3.12/site-packages/neutron_lib/callbacks/manager.py:184}}
Jun 08 19:29:05.160553 np0000179054 devstack@neutron-api.service[103599]: DEBUG neutron_lib.callbacks.manager [None req-1bd55c10-36a2-4088-b259-f623aacbe420 admin admin] Publish callbacks [] for router_gateway (506e4088-9d31-4710-bf68-f2f93fa58c14), before_create {{(pid=103599) _notify_loop /opt/stack/data/venv/lib/python3.12/site-packages/neutron_lib/callbacks/manager.py:184}}
Jun 08 19:29:05.206670 np0000179054 devstack@neutron-api.service[103599]: DEBUG neutron_lib.callbacks.manager [None req-1bd55c10-36a2-4088-b259-f623aacbe420 admin admin] Publish callbacks ['neutron.plugins.ml2.plugin.SecurityGroupDbMixin._ensure_default_security_group_handler-124460'] for port (None), before_create {{(pid=103599) _notify_loop /opt/stack/data/venv/lib/python3.12/site-packages/neutron_lib/callbacks/manager.py:184}}
Jun 08 19:29:05.278445 np0000179054 devstack@neutron-api.service[103599]: DEBUG neutron.db.db_base_plugin_common [None req-1bd55c10-36a2-4088-b259-f623aacbe420 admin admin] Allocated IP 172.24.5.112 (5d630ba2-a6c9-423f-864b-9efa334bba99/1a2054ac-670b-4ff3-a4a1-9c4067dae3c9/af51f79b-7288-44f3-9cfb-98edb054f368) {{(pid=103599) _store_ip_allocation /opt/stack/neutron/neutron/db/db_base_plugin_common.py:131}}
Jun 08 19:29:05.329345 np0000179054 devstack@neutron-api.service[103599]: DEBUG neutron_lib.callbacks.manager [None req-1bd55c10-36a2-4088-b259-f623aacbe420 admin admin] Publish callbacks ['neutron.plugins.ml2.drivers.ovn.mech_driver.mech_driver.OVNMechanismDriver._validate_allowed_address_pairs-291766'] for allowed_address_pair (af51f79b-7288-44f3-9cfb-98edb054f368), before_create {{(pid=103599) _notify_loop /opt/stack/data/venv/lib/python3.12/site-packages/neutron_lib/callbacks/manager.py:184}}
Jun 08 19:29:05.330159 np0000179054 devstack@neutron-api.service[103599]: DEBUG neutron_lib.callbacks.manager [None req-1bd55c10-36a2-4088-b259-f623aacbe420 admin admin] Publish callbacks [] for port (af51f79b-7288-44f3-9cfb-98edb054f368), precommit_create {{(pid=103599) _notify_loop /opt/stack/data/venv/lib/python3.12/site-packages/neutron_lib/callbacks/manager.py:184}}
Jun 08 19:29:05.330555 np0000179054 devstack@neutron-api.service[103599]: DEBUG neutron.plugins.ml2.drivers.ovn.mech_driver.mech_driver [None req-1bd55c10-36a2-4088-b259-f623aacbe420 admin admin] No provisioning block for port af51f79b-7288-44f3-9cfb-98edb054f368 since it does not have a host {{(pid=103599) _is_port_provisioning_required /opt/stack/neutron/neutron/plugins/ml2/drivers/ovn/mech_driver/mech_driver.py:896}}
Jun 08 19:29:05.330831 np0000179054 devstack@neutron-api.service[103599]: DEBUG neutron.db.ovn_revision_numbers_db [None req-1bd55c10-36a2-4088-b259-f623aacbe420 admin admin] create_initial_revision uuid=af51f79b-7288-44f3-9cfb-98edb054f368, type=ports, rev=-1 {{(pid=103599) create_initial_revision /opt/stack/neutron/neutron/db/ovn_revision_numbers_db.py:98}}
Jun 08 19:29:05.430528 np0000179054 devstack@neutron-api.service[103599]: DEBUG neutron.db.ovn_revision_numbers_db [None req-1bd55c10-36a2-4088-b259-f623aacbe420 admin admin] create_initial_revision uuid=af51f79b-7288-44f3-9cfb-98edb054f368, type=router_ports, rev=-1 {{(pid=103599) create_initial_revision /opt/stack/neutron/neutron/db/ovn_revision_numbers_db.py:98}}
Jun 08 19:29:05.458747 np0000179054 devstack@neutron-api.service[103599]: DEBUG neutron_lib.callbacks.manager [None req-1bd55c10-36a2-4088-b259-f623aacbe420 admin admin] Publish callbacks ['neutron.plugins.ml2.ovo_rpc._ObjectChangeHandler.handle_event-7251429'] for port (af51f79b-7288-44f3-9cfb-98edb054f368), after_create {{(pid=103599) _notify_loop /opt/stack/data/venv/lib/python3.12/site-packages/neutron_lib/callbacks/manager.py:184}}
Jun 08 19:29:05.494410 np0000179054 devstack@neutron-api.service[103599]: DEBUG neutron.api.rpc.handlers.resources_rpc [None req-1bd55c10-36a2-4088-b259-f623aacbe420 admin admin] Pushing event updated for resources: {'Port': ['ID=af51f79b-7288-44f3-9cfb-98edb054f368,revision_number=1']} {{(pid=103599) push /opt/stack/neutron/neutron/api/rpc/handlers/resources_rpc.py:237}}
Jun 08 19:29:05.544820 np0000179054 devstack@neutron-api.service[103599]: DEBUG ovsdbapp.backend.ovs_idl.transaction [None req-745ac924-ea90-4ed2-9975-80802b1e43e2 None None] Running txn n=1 command(idx=0): AddLSwitchPortCommand(_result=None, lport=af51f79b-7288-44f3-9cfb-98edb054f368, lswitch=neutron-5d630ba2-a6c9-423f-864b-9efa334bba99, may_exist=True, network_uuid=5d630ba2-a6c9-423f-864b-9efa334bba99, columns={'addresses': ['unknown'], 'external_ids': {'neutron:port_name': '', 'neutron:device_id': '506e4088-9d31-4710-bf68-f2f93fa58c14', 'neutron:project_id': '', 'neutron:cidrs': '172.24.5.112/24', 'neutron:device_owner': 'network:router_gateway', 'neutron:subnet_pool_addr_scope4': '', 'neutron:subnet_pool_addr_scope6': '', 'neutron:network_name': 'neutron-5d630ba2-a6c9-423f-864b-9efa334bba99', 'neutron:security_group_ids': '', 'neutron:revision_number': '1', 'neutron:vnic_type': 'normal', 'neutron:port_capabilities': '', 'neutron:mtu': ''}, 'parent_name': [], 'tag': [], 'enabled': True, 'options': {}, 'type': '', 'port_security': [], 'dhcpv4_options': [], 'dhcpv6_options': []}) {{(pid=103599) do_commit /opt/stack/data/venv/lib/python3.12/site-packages/ovsdbapp/backend/ovs_idl/transaction.py:89}}
Jun 08 19:29:05.546119 np0000179054 devstack@neutron-api.service[103599]: DEBUG ovsdbapp.backend.ovs_idl.transaction [None req-745ac924-ea90-4ed2-9975-80802b1e43e2 None None] Running txn n=1 command(idx=1): QoSDelCommand(_result=None, switch=neutron-5d630ba2-a6c9-423f-864b-9efa334bba99, conditions=[('direction', '=', 'to-lport'), ('priority', '=', 2002), ('match', '=', 'outport == "af51f79b-7288-44f3-9cfb-98edb054f368"')], if_exists=True) {{(pid=103599) do_commit /opt/stack/data/venv/lib/python3.12/site-packages/ovsdbapp/backend/ovs_idl/transaction.py:89}}
Jun 08 19:29:05.546545 np0000179054 devstack@neutron-api.service[103599]: DEBUG ovsdbapp.backend.ovs_idl.transaction [None req-745ac924-ea90-4ed2-9975-80802b1e43e2 None None] Running txn n=1 command(idx=2): QoSDelCommand(_result=None, switch=neutron-5d630ba2-a6c9-423f-864b-9efa334bba99, conditions=[('direction', '=', 'from-lport'), ('priority', '=', 2002), ('match', '=', 'inport == "af51f79b-7288-44f3-9cfb-98edb054f368"')], if_exists=True) {{(pid=103599) do_commit /opt/stack/data/venv/lib/python3.12/site-packages/ovsdbapp/backend/ovs_idl/transaction.py:89}}
Jun 08 19:29:05.547056 np0000179054 devstack@neutron-api.service[103599]: DEBUG ovsdbapp.backend.ovs_idl.transaction [None req-745ac924-ea90-4ed2-9975-80802b1e43e2 None None] Running txn n=1 command(idx=3): UpdateLSwitchPortQosOptionsCommand(_result=None, lport=AddLSwitchPortCommand(_result=a3366b96-65e1-4418-b15e-4125fa55c846, lport=af51f79b-7288-44f3-9cfb-98edb054f368, lswitch=neutron-5d630ba2-a6c9-423f-864b-9efa334bba99, may_exist=True, network_uuid=5d630ba2-a6c9-423f-864b-9efa334bba99, columns={'addresses': ['unknown'], 'external_ids': {'neutron:port_name': '', 'neutron:device_id': '506e4088-9d31-4710-bf68-f2f93fa58c14', 'neutron:project_id': '', 'neutron:cidrs': '172.24.5.112/24', 'neutron:device_owner': 'network:router_gateway', 'neutron:subnet_pool_addr_scope4': '', 'neutron:subnet_pool_addr_scope6': '', 'neutron:network_name': 'neutron-5d630ba2-a6c9-423f-864b-9efa334bba99', 'neutron:security_group_ids': '', 'neutron:revision_number': '1', 'neutron:vnic_type': 'normal', 'neutron:port_capabilities': '', 'neutron:mtu': ''}, 'parent_name': [], 'enabled': True, 'options': {}, 'type': '', 'port_security': []}), if_exists=True, qos={'qos_max_rate': None, 'qos_burst': None, 'qos_min_rate': None}) {{(pid=103599) do_commit /opt/stack/data/venv/lib/python3.12/site-packages/ovsdbapp/backend/ovs_idl/transaction.py:89}}
Jun 08 19:29:05.554020 np0000179054 devstack@neutron-api.service[103600]: DEBUG neutron.plugins.ml2.drivers.ovn.mech_driver.ovsdb.ovsdb_monitor [None req-a2b00605-4095-4b25-8c8a-b78fb0346eb3 None None] Touching Hash Ring node "2873f64678c95be3969d48e52874422d" from IDL notify handler {{(pid=103600) notify /opt/stack/neutron/neutron/plugins/ml2/drivers/ovn/mech_driver/ovsdb/ovsdb_monitor.py:1007}}
Jun 08 19:29:05.560425 np0000179054 devstack@neutron-api.service[103600]: DEBUG neutron.plugins.ml2.drivers.ovn.mech_driver.ovsdb.ovsdb_monitor [None req-8ba301e5-ac50-44bc-895a-0ec5d1a5246c None None] Touching Hash Ring node "2873f64678c95be3969d48e52874422d" from IDL notify handler {{(pid=103600) notify /opt/stack/neutron/neutron/plugins/ml2/drivers/ovn/mech_driver/ovsdb/ovsdb_monitor.py:1007}}
Jun 08 19:29:05.564162 np0000179054 devstack@neutron-api.service[103602]: DEBUG neutron.plugins.ml2.drivers.ovn.mech_driver.ovsdb.ovsdb_monitor [None req-e54c038e-3b57-481e-94f9-a4d561284051 None None] Touching Hash Ring node "42d0be5f79a8583fb5d0e3e0f3a1f0d8" from IDL notify handler {{(pid=103602) notify /opt/stack/neutron/neutron/plugins/ml2/drivers/ovn/mech_driver/ovsdb/ovsdb_monitor.py:1007}}
Jun 08 19:29:05.567741 np0000179054 devstack@neutron-api.service[103602]: DEBUG neutron.plugins.ml2.drivers.ovn.mech_driver.ovsdb.ovsdb_monitor [None req-274d5ce4-fc82-465c-95ac-9bdd441a09ab None None] Touching Hash Ring node "42d0be5f79a8583fb5d0e3e0f3a1f0d8" from IDL notify handler {{(pid=103602) notify /opt/stack/neutron/neutron/plugins/ml2/drivers/ovn/mech_driver/ovsdb/ovsdb_monitor.py:1007}}
Jun 08 19:29:05.569026 np0000179054 devstack@neutron-api.service[103600]: DEBUG neutron.plugins.ml2.drivers.ovn.mech_driver.ovsdb.ovsdb_monitor [None req-a2b00605-4095-4b25-8c8a-b78fb0346eb3 None None] Hash Ring: Node 2873f64678c95be3969d48e52874422d (host: np0000179054) handling event "update" for row 5d630ba2-a6c9-423f-864b-9efa334bba99 (table: Logical_Switch) {{(pid=103600) notify /opt/stack/neutron/neutron/plugins/ml2/drivers/ovn/mech_driver/ovsdb/ovsdb_monitor.py:1015}}
Jun 08 19:29:05.570500 np0000179054 devstack@neutron-api.service[103600]: DEBUG neutron.plugins.ml2.drivers.ovn.mech_driver.ovsdb.ovsdb_monitor [None req-8ba301e5-ac50-44bc-895a-0ec5d1a5246c None None] Hash Ring: Node 2873f64678c95be3969d48e52874422d (host: np0000179054) handling event "create" for row 44e722fe-c881-42e2-ae3a-991b138962f4 (table: Port_Binding) {{(pid=103600) notify /opt/stack/neutron/neutron/plugins/ml2/drivers/ovn/mech_driver/ovsdb/ovsdb_monitor.py:1015}}
Jun 08 19:29:05.572102 np0000179054 devstack@neutron-api.service[103600]: DEBUG neutron.plugins.ml2.drivers.ovn.mech_driver.ovsdb.ovsdb_monitor [None req-a2b00605-4095-4b25-8c8a-b78fb0346eb3 None None] Touching Hash Ring node "2873f64678c95be3969d48e52874422d" from IDL notify handler {{(pid=103600) notify /opt/stack/neutron/neutron/plugins/ml2/drivers/ovn/mech_driver/ovsdb/ovsdb_monitor.py:1007}}
Jun 08 19:29:05.575245 np0000179054 devstack@neutron-api.service[103602]: DEBUG neutron.plugins.ml2.drivers.ovn.mech_driver.ovsdb.ovsdb_monitor [None req-e54c038e-3b57-481e-94f9-a4d561284051 None None] Hash Ring: Node 42d0be5f79a8583fb5d0e3e0f3a1f0d8 (host: np0000179054) handling event "create" for row 44e722fe-c881-42e2-ae3a-991b138962f4 (table: Port_Binding) {{(pid=103602) notify /opt/stack/neutron/neutron/plugins/ml2/drivers/ovn/mech_driver/ovsdb/ovsdb_monitor.py:1015}}
Jun 08 19:29:05.576307 np0000179054 devstack@neutron-api.service[103602]: DEBUG neutron.plugins.ml2.drivers.ovn.mech_driver.ovsdb.ovsdb_monitor [None req-274d5ce4-fc82-465c-95ac-9bdd441a09ab None None] Hash Ring: Node 42d0be5f79a8583fb5d0e3e0f3a1f0d8 (host: np0000179054) handling event "update" for row 5d630ba2-a6c9-423f-864b-9efa334bba99 (table: Logical_Switch) {{(pid=103602) notify /opt/stack/neutron/neutron/plugins/ml2/drivers/ovn/mech_driver/ovsdb/ovsdb_monitor.py:1015}}
Jun 08 19:29:05.576423 np0000179054 devstack@neutron-api.service[103600]: DEBUG neutron.plugins.ml2.drivers.ovn.mech_driver.ovsdb.ovsdb_monitor [None req-a2b00605-4095-4b25-8c8a-b78fb0346eb3 None None] Hash Ring: Node 2873f64678c95be3969d48e52874422d (host: np0000179054) handling event "create" for row 44fb6d38-6b8c-468d-ba76-3cc490e1e34b (table: Logical_Switch_Port) {{(pid=103600) notify /opt/stack/neutron/neutron/plugins/ml2/drivers/ovn/mech_driver/ovsdb/ovsdb_monitor.py:1015}}
Jun 08 19:29:05.577813 np0000179054 devstack@neutron-api.service[103600]: DEBUG ovsdbapp.backend.ovs_idl.event [None req-a2b00605-4095-4b25-8c8a-b78fb0346eb3 None None] Matched CREATE: LogicalSwitchPortCreateEvent(events=('create',), table='Logical_Switch_Port', conditions=[], old_conditions=None), priority=20 to row=Logical_Switch_Port(uuid=44fb6d38-6b8c-468d-ba76-3cc490e1e34b, addresses=['unknown'], dhcpv4_options=[], dhcpv6_options=[], dynamic_addresses=[], enabled=True, external_ids={'neutron:cidrs': '172.24.5.112/24', 'neutron:device_id': '506e4088-9d31-4710-bf68-f2f93fa58c14', 'neutron:device_owner': 'network:router_gateway', 'neutron:mtu': '', 'neutron:network_name': 'neutron-5d630ba2-a6c9-423f-864b-9efa334bba99', 'neutron:port_capabilities': '', 'neutron:port_name': '', 'neutron:project_id': '', 'neutron:revision_number': '1', 'neutron:security_group_ids': '', 'neutron:subnet_pool_addr_scope4': '', 'neutron:subnet_pool_addr_scope6': '', 'neutron:vnic_type': 'normal'}, ha_chassis_group=[], mirror_rules=[], name='af51f79b-7288-44f3-9cfb-98edb054f368', options={}, parent_name=[], port_security=[], tag=[], tag_request=[], type='', up=[]) old= {{(pid=103600) matches /opt/stack/data/venv/lib/python3.12/site-packages/ovsdbapp/backend/ovs_idl/event.py:55}}
Jun 08 19:29:05.579962 np0000179054 devstack@neutron-api.service[103600]: DEBUG neutron.plugins.ml2.drivers.ovn.mech_driver.ovsdb.ovsdb_monitor [None req-a2b00605-4095-4b25-8c8a-b78fb0346eb3 None None] Touching Hash Ring node "2873f64678c95be3969d48e52874422d" from IDL notify handler {{(pid=103600) notify /opt/stack/neutron/neutron/plugins/ml2/drivers/ovn/mech_driver/ovsdb/ovsdb_monitor.py:1007}}
Jun 08 19:29:05.583000 np0000179054 devstack@neutron-api.service[103600]: DEBUG neutron.plugins.ml2.drivers.ovn.mech_driver.ovsdb.ovsdb_monitor [None req-a2b00605-4095-4b25-8c8a-b78fb0346eb3 None None] Hash Ring: Node 2873f64678c95be3969d48e52874422d (host: np0000179054) handling event "update" for row 44fb6d38-6b8c-468d-ba76-3cc490e1e34b (table: Logical_Switch_Port) {{(pid=103600) notify /opt/stack/neutron/neutron/plugins/ml2/drivers/ovn/mech_driver/ovsdb/ovsdb_monitor.py:1015}}
Jun 08 19:29:05.597451 np0000179054 devstack@neutron-api.service[103599]: INFO neutron.db.ovn_revision_numbers_db [None req-1bd55c10-36a2-4088-b259-f623aacbe420 admin admin] Successfully bumped revision number for resource af51f79b-7288-44f3-9cfb-98edb054f368 (type: ports) to 1
Jun 08 19:29:05.762275 np0000179054 devstack@neutron-api.service[103599]: DEBUG neutron_lib.callbacks.manager [None req-1bd55c10-36a2-4088-b259-f623aacbe420 admin admin] Publish callbacks [] for router_gateway (506e4088-9d31-4710-bf68-f2f93fa58c14), after_create {{(pid=103599) _notify_loop /opt/stack/data/venv/lib/python3.12/site-packages/neutron_lib/callbacks/manager.py:184}}
Jun 08 19:29:06.362379 np0000179054 devstack@neutron-api.service[103599]: DEBUG neutron_lib.callbacks.manager [None req-1bd55c10-36a2-4088-b259-f623aacbe420 admin admin] Publish callbacks ['neutron.services.ovn_l3.plugin.ExtraGatewaysDbOnlyMixin._process_bfd_ecmp_update-25880', 'neutron.services.ovn_l3.service_providers.driver_controller.DriverController._update_router_provider-1732802'] for router (506e4088-9d31-4710-bf68-f2f93fa58c14), precommit_update {{(pid=103599) _notify_loop /opt/stack/data/venv/lib/python3.12/site-packages/neutron_lib/callbacks/manager.py:184}}
Jun 08 19:29:06.366392 np0000179054 devstack@neutron-api.service[103599]: DEBUG neutron_lib.callbacks.manager [None req-1bd55c10-36a2-4088-b259-f623aacbe420 admin admin] Publish callbacks ['neutron.services.ovn_l3.service_providers.ovn.OvnDriver._process_router_update-1705700'] for router (506e4088-9d31-4710-bf68-f2f93fa58c14), after_update {{(pid=103599) _notify_loop /opt/stack/data/venv/lib/python3.12/site-packages/neutron_lib/callbacks/manager.py:184}}
Jun 08 19:29:06.366506 np0000179054 devstack@neutron-api.service[103599]: INFO neutron.plugins.ml2.drivers.ovn.mech_driver.ovsdb.extensions.qos [None req-1bd55c10-36a2-4088-b259-f623aacbe420 admin admin] Starting OVNClientQosExtension
Jun 08 19:29:06.900924 np0000179054 devstack@neutron-api.service[103599]: DEBUG ovsdbapp.backend.ovs_idl.transaction [None req-745ac924-ea90-4ed2-9975-80802b1e43e2 None None] Running txn n=1 command(idx=0): CheckRevisionNumberCommand(_result=None, name=neutron-506e4088-9d31-4710-bf68-f2f93fa58c14, resource={'id': '506e4088-9d31-4710-bf68-f2f93fa58c14', 'name': 'router1', 'project_id': '1b1a84738346401480e5ee8191efa9b2', 'admin_state_up': True, 'status': 'ACTIVE', 'enable_snat': True, 'external_gateway_info': {'network_id': '5d630ba2-a6c9-423f-864b-9efa334bba99', 'external_fixed_ips': [{'subnet_id': '1a2054ac-670b-4ff3-a4a1-9c4067dae3c9', 'ip_address': '172.24.5.112'}], 'enable_snat': True}, 'gw_port_id': 'af51f79b-7288-44f3-9cfb-98edb054f368', 'description': '', 'availability_zones': [], 'distributed': False, 'ha': True, 'ha_vr_id': 0, 'availability_zone_hints': [], 'enable_default_route_ecmp': False, 'enable_default_route_bfd': False, 'external_gateways': [{'network_id': '5d630ba2-a6c9-423f-864b-9efa334bba99', 'external_fixed_ips': [{'ip_address': '172.24.5.112', 'subnet_id': '1a2054ac-670b-4ff3-a4a1-9c4067dae3c9'}]}], 'routes': [], 'flavor_id': None, 'tags': [], 'created_at': '2026-06-08T19:29:00Z', 'updated_at': '2026-06-08T19:29:05Z', 'revision_number': 3, 'tenant_id': '1b1a84738346401480e5ee8191efa9b2'}, resource_type=routers, if_exists=True) {{(pid=103599) do_commit /opt/stack/data/venv/lib/python3.12/site-packages/ovsdbapp/backend/ovs_idl/transaction.py:89}}
Jun 08 19:29:06.901412 np0000179054 devstack@neutron-api.service[103599]: DEBUG ovsdbapp.backend.ovs_idl.transaction [None req-745ac924-ea90-4ed2-9975-80802b1e43e2 None None] Running txn n=1 command(idx=1): DeleteLRouterExtGwCommand(_result=None, lrouter=neutron-506e4088-9d31-4710-bf68-f2f93fa58c14, if_exists=True, maintain_bfd=True) {{(pid=103599) do_commit /opt/stack/data/venv/lib/python3.12/site-packages/ovsdbapp/backend/ovs_idl/transaction.py:89}}
Jun 08 19:29:06.902270 np0000179054 devstack@neutron-api.service[103599]: DEBUG ovsdbapp.backend.ovs_idl.transaction [None req-745ac924-ea90-4ed2-9975-80802b1e43e2 None None] Running txn n=1 command(idx=2): DeleteNATRuleInLRouterCommand(_result=None, lrouter=neutron-506e4088-9d31-4710-bf68-f2f93fa58c14, type=snat, logical_ip=10.1.0.0/26, external_ip=172.24.5.112, if_exists=True) {{(pid=103599) do_commit /opt/stack/data/venv/lib/python3.12/site-packages/ovsdbapp/backend/ovs_idl/transaction.py:89}}
Jun 08 19:29:06.902552 np0000179054 devstack@neutron-api.service[103599]: DEBUG ovsdbapp.backend.ovs_idl.transaction [None req-745ac924-ea90-4ed2-9975-80802b1e43e2 None None] Running txn n=1 command(idx=3): DelStaticRoutesCommand(_result=None, lrouter=neutron-506e4088-9d31-4710-bf68-f2f93fa58c14, routes=[('0.0.0.0/0', '172.24.5.1')], if_exists=True) {{(pid=103599) do_commit /opt/stack/data/venv/lib/python3.12/site-packages/ovsdbapp/backend/ovs_idl/transaction.py:89}}
Jun 08 19:29:06.902880 np0000179054 devstack@neutron-api.service[103599]: DEBUG ovsdbapp.backend.ovs_idl.transaction [None req-745ac924-ea90-4ed2-9975-80802b1e43e2 None None] Running txn n=1 command(idx=4): DelLRouterPortCommand(_result=None, name=lrp-af51f79b-7288-44f3-9cfb-98edb054f368, lrouter=neutron-506e4088-9d31-4710-bf68-f2f93fa58c14, if_exists=True) {{(pid=103599) do_commit /opt/stack/data/venv/lib/python3.12/site-packages/ovsdbapp/backend/ovs_idl/transaction.py:89}}
Jun 08 19:29:06.903186 np0000179054 devstack@neutron-api.service[103599]: DEBUG ovsdbapp.backend.ovs_idl.transaction [None req-745ac924-ea90-4ed2-9975-80802b1e43e2 None None] Running txn n=1 command(idx=5): AddLRouterPortCommand(_result=None, name=lrp-af51f79b-7288-44f3-9cfb-98edb054f368, lrouter=neutron-506e4088-9d31-4710-bf68-f2f93fa58c14, may_exist=True, columns={'mac': 'fa:16:3e:8a:c7:28', 'networks': ['172.24.5.112/24'], 'external_ids': {'neutron:revision_number': '1', 'neutron:subnet_ids': '1a2054ac-670b-4ff3-a4a1-9c4067dae3c9', 'neutron:network_name': 'neutron-5d630ba2-a6c9-423f-864b-9efa334bba99', 'neutron:is_ext_gw': 'True', 'neutron:router_name': 'neutron-506e4088-9d31-4710-bf68-f2f93fa58c14'}, 'options': {'reside-on-redirect-chassis': 'true', 'gateway_mtu': '1372'}}) {{(pid=103599) do_commit /opt/stack/data/venv/lib/python3.12/site-packages/ovsdbapp/backend/ovs_idl/transaction.py:89}}
Jun 08 19:29:06.903969 np0000179054 devstack@neutron-api.service[103599]: DEBUG ovsdbapp.backend.ovs_idl.transaction [None req-745ac924-ea90-4ed2-9975-80802b1e43e2 None None] Running txn n=1 command(idx=6): ScheduleNewGatewayCommand(_result=None, g_name=lrp-af51f79b-7288-44f3-9cfb-98edb054f368, sb_api=, lrouter_name=neutron-506e4088-9d31-4710-bf68-f2f93fa58c14, ovn_client=, scheduler=, physnet=public, az_hints=[]) {{(pid=103599) do_commit /opt/stack/data/venv/lib/python3.12/site-packages/ovsdbapp/backend/ovs_idl/transaction.py:89}}
Jun 08 19:29:06.905100 np0000179054 devstack@neutron-api.service[103599]: DEBUG neutron.plugins.ml2.drivers.ovn.mech_driver.ovsdb.ovn_client [None req-745ac924-ea90-4ed2-9975-80802b1e43e2 None None] Chassis candidates for scheduling gateway router ports for "public" physical network: ['0631b846-fd43-4ada-b324-071cea2f6cf0'] {{(pid=103599) get_candidates_for_scheduling /opt/stack/neutron/neutron/plugins/ml2/drivers/ovn/mech_driver/ovsdb/ovn_client.py:1744}}
Jun 08 19:29:06.905641 np0000179054 devstack@neutron-api.service[103599]: DEBUG neutron.scheduler.l3_ovn_scheduler [None req-745ac924-ea90-4ed2-9975-80802b1e43e2 None None] Gateway lrp-af51f79b-7288-44f3-9cfb-98edb054f368 scheduled on chassis ['0631b846-fd43-4ada-b324-071cea2f6cf0'] {{(pid=103599) _schedule_gateway /opt/stack/neutron/neutron/scheduler/l3_ovn_scheduler.py:88}}
Jun 08 19:29:06.906094 np0000179054 devstack@neutron-api.service[103599]: DEBUG ovsdbapp.backend.ovs_idl.transaction [None req-745ac924-ea90-4ed2-9975-80802b1e43e2 None None] Running txn n=1 command(idx=7): SetLRouterPortInLSwitchPortCommand(_result=None, lswitch_port=af51f79b-7288-44f3-9cfb-98edb054f368, lrouter_port=lrp-af51f79b-7288-44f3-9cfb-98edb054f368, is_gw_port=True, if_exists=True, lsp_address=router) {{(pid=103599) do_commit /opt/stack/data/venv/lib/python3.12/site-packages/ovsdbapp/backend/ovs_idl/transaction.py:89}}
Jun 08 19:29:06.906459 np0000179054 devstack@neutron-api.service[103599]: DEBUG ovsdbapp.backend.ovs_idl.transaction [None req-745ac924-ea90-4ed2-9975-80802b1e43e2 None None] Running txn n=1 command(idx=8): AddStaticRouteCommand(_result=None, lrouter=neutron-506e4088-9d31-4710-bf68-f2f93fa58c14, maintain_bfd=False, columns={'ip_prefix': '0.0.0.0/0', 'nexthop': '172.24.5.1', 'external_ids': {'neutron:is_ext_gw': 'true', 'neutron:subnet_id': '1a2054ac-670b-4ff3-a4a1-9c4067dae3c9', 'neutron:is_static_route': 'true'}}) {{(pid=103599) do_commit /opt/stack/data/venv/lib/python3.12/site-packages/ovsdbapp/backend/ovs_idl/transaction.py:89}}
Jun 08 19:29:06.906815 np0000179054 devstack@neutron-api.service[103599]: DEBUG ovsdbapp.backend.ovs_idl.transaction [None req-745ac924-ea90-4ed2-9975-80802b1e43e2 None None] Running txn n=1 command(idx=9): AddNATRuleInLRouterCommand(_result=None, lrouter=neutron-506e4088-9d31-4710-bf68-f2f93fa58c14, nat_uuid=None, columns={'type': 'snat', 'logical_ip': '10.1.0.0/26', 'external_ip': '172.24.5.112'}) {{(pid=103599) do_commit /opt/stack/data/venv/lib/python3.12/site-packages/ovsdbapp/backend/ovs_idl/transaction.py:89}}
Jun 08 19:29:06.907111 np0000179054 devstack@neutron-api.service[103599]: DEBUG ovsdbapp.backend.ovs_idl.transaction [None req-745ac924-ea90-4ed2-9975-80802b1e43e2 None None] Running txn n=1 command(idx=10): UpdateLRouterCommand(_result=None, name=neutron-506e4088-9d31-4710-bf68-f2f93fa58c14, columns={'external_ids': {'neutron:router_name': 'router1', 'neutron:revision_number': '3', 'neutron:availability_zone_hints': ''}, 'enabled': True}, if_exists=True) {{(pid=103599) do_commit /opt/stack/data/venv/lib/python3.12/site-packages/ovsdbapp/backend/ovs_idl/transaction.py:89}}
Jun 08 19:29:06.907479 np0000179054 devstack@neutron-api.service[103599]: DEBUG ovsdbapp.backend.ovs_idl.transaction [None req-745ac924-ea90-4ed2-9975-80802b1e43e2 None None] Running txn n=1 command(idx=11): QoSDelCommand(_result=None, switch=neutron-5d630ba2-a6c9-423f-864b-9efa334bba99, conditions=[('direction', '=', 'from-lport'), ('priority', '=', 2002), ('match', '=', 'inport == "af51f79b-7288-44f3-9cfb-98edb054f368"')], if_exists=True) {{(pid=103599) do_commit /opt/stack/data/venv/lib/python3.12/site-packages/ovsdbapp/backend/ovs_idl/transaction.py:89}}
Jun 08 19:29:06.907719 np0000179054 devstack@neutron-api.service[103599]: DEBUG ovsdbapp.backend.ovs_idl.transaction [None req-745ac924-ea90-4ed2-9975-80802b1e43e2 None None] Running txn n=1 command(idx=12): QoSDelCommand(_result=None, switch=neutron-5d630ba2-a6c9-423f-864b-9efa334bba99, conditions=[('direction', '=', 'to-lport'), ('priority', '=', 2002), ('match', '=', 'outport == "af51f79b-7288-44f3-9cfb-98edb054f368"')], if_exists=True) {{(pid=103599) do_commit /opt/stack/data/venv/lib/python3.12/site-packages/ovsdbapp/backend/ovs_idl/transaction.py:89}}
Jun 08 19:29:06.915569 np0000179054 devstack@neutron-api.service[103599]: DEBUG neutron.plugins.ml2.drivers.ovn.mech_driver.ovsdb.ovsdb_monitor [None req-745ac924-ea90-4ed2-9975-80802b1e43e2 None None] Touching Hash Ring node "57d43a826764569f9762ca30bbe9b885" from IDL notify handler {{(pid=103599) notify /opt/stack/neutron/neutron/plugins/ml2/drivers/ovn/mech_driver/ovsdb/ovsdb_monitor.py:1007}}
Jun 08 19:29:06.919007 np0000179054 devstack@neutron-api.service[103600]: DEBUG neutron.plugins.ml2.drivers.ovn.mech_driver.ovsdb.ovsdb_monitor [None req-a2b00605-4095-4b25-8c8a-b78fb0346eb3 None None] Touching Hash Ring node "2873f64678c95be3969d48e52874422d" from IDL notify handler {{(pid=103600) notify /opt/stack/neutron/neutron/plugins/ml2/drivers/ovn/mech_driver/ovsdb/ovsdb_monitor.py:1007}}
Jun 08 19:29:06.919646 np0000179054 devstack@neutron-api.service[103601]: DEBUG neutron.plugins.ml2.drivers.ovn.mech_driver.ovsdb.ovsdb_monitor [None req-eb4eb85f-5e92-40a5-8004-940a7a1ba6f2 None None] Touching Hash Ring node "9418d84e5a915686b998e7a27af7e003" from IDL notify handler {{(pid=103601) notify /opt/stack/neutron/neutron/plugins/ml2/drivers/ovn/mech_driver/ovsdb/ovsdb_monitor.py:1007}}
Jun 08 19:29:06.925066 np0000179054 devstack@neutron-api.service[103599]: DEBUG neutron.plugins.ml2.drivers.ovn.mech_driver.ovsdb.ovsdb_monitor [None req-745ac924-ea90-4ed2-9975-80802b1e43e2 None None] Hash Ring: Node 57d43a826764569f9762ca30bbe9b885 (host: np0000179054) handling event "update" for row ff825e22-8e4b-4560-8c68-702e1b66d41b (table: Logical_Router) {{(pid=103599) notify /opt/stack/neutron/neutron/plugins/ml2/drivers/ovn/mech_driver/ovsdb/ovsdb_monitor.py:1015}}
Jun 08 19:29:06.927483 np0000179054 devstack@neutron-api.service[103599]: DEBUG neutron.plugins.ml2.drivers.ovn.mech_driver.ovsdb.ovsdb_monitor [None req-745ac924-ea90-4ed2-9975-80802b1e43e2 None None] Touching Hash Ring node "57d43a826764569f9762ca30bbe9b885" from IDL notify handler {{(pid=103599) notify /opt/stack/neutron/neutron/plugins/ml2/drivers/ovn/mech_driver/ovsdb/ovsdb_monitor.py:1007}}
Jun 08 19:29:06.928263 np0000179054 devstack@neutron-api.service[103600]: DEBUG neutron.plugins.ml2.drivers.ovn.mech_driver.ovsdb.ovsdb_monitor [None req-8ba301e5-ac50-44bc-895a-0ec5d1a5246c None None] Touching Hash Ring node "2873f64678c95be3969d48e52874422d" from IDL notify handler {{(pid=103600) notify /opt/stack/neutron/neutron/plugins/ml2/drivers/ovn/mech_driver/ovsdb/ovsdb_monitor.py:1007}}
Jun 08 19:29:06.929042 np0000179054 devstack@neutron-api.service[103602]: DEBUG neutron.plugins.ml2.drivers.ovn.mech_driver.ovsdb.ovsdb_monitor [None req-e54c038e-3b57-481e-94f9-a4d561284051 None None] Touching Hash Ring node "42d0be5f79a8583fb5d0e3e0f3a1f0d8" from IDL notify handler {{(pid=103602) notify /opt/stack/neutron/neutron/plugins/ml2/drivers/ovn/mech_driver/ovsdb/ovsdb_monitor.py:1007}}
Jun 08 19:29:06.933623 np0000179054 devstack@neutron-api.service[103600]: DEBUG neutron.plugins.ml2.drivers.ovn.mech_driver.ovsdb.ovsdb_monitor [None req-a2b00605-4095-4b25-8c8a-b78fb0346eb3 None None] Hash Ring: Node 2873f64678c95be3969d48e52874422d (host: np0000179054) handling event "create" for row 537903ca-0519-4ed0-acda-e7293815fd56 (table: HA_Chassis) {{(pid=103600) notify /opt/stack/neutron/neutron/plugins/ml2/drivers/ovn/mech_driver/ovsdb/ovsdb_monitor.py:1015}}
Jun 08 19:29:06.933623 np0000179054 devstack@neutron-api.service[103600]: DEBUG neutron.plugins.ml2.drivers.ovn.mech_driver.ovsdb.ovsdb_monitor [None req-a2b00605-4095-4b25-8c8a-b78fb0346eb3 None None] Touching Hash Ring node "2873f64678c95be3969d48e52874422d" from IDL notify handler {{(pid=103600) notify /opt/stack/neutron/neutron/plugins/ml2/drivers/ovn/mech_driver/ovsdb/ovsdb_monitor.py:1007}}
Jun 08 19:29:06.934756 np0000179054 devstack@neutron-api.service[103601]: DEBUG neutron.plugins.ml2.drivers.ovn.mech_driver.ovsdb.ovsdb_monitor [None req-8c0d8b0e-5b75-4d4b-b589-2a3ed54cc159 None None] Touching Hash Ring node "9418d84e5a915686b998e7a27af7e003" from IDL notify handler {{(pid=103601) notify /opt/stack/neutron/neutron/plugins/ml2/drivers/ovn/mech_driver/ovsdb/ovsdb_monitor.py:1007}}
Jun 08 19:29:06.936350 np0000179054 devstack@neutron-api.service[103599]: DEBUG neutron.plugins.ml2.drivers.ovn.mech_driver.ovsdb.ovsdb_monitor [None req-745ac924-ea90-4ed2-9975-80802b1e43e2 None None] Hash Ring: Node 57d43a826764569f9762ca30bbe9b885 (host: np0000179054) handling event "create" for row aec01a9b-ac96-4a7c-894e-3d80659a5908 (table: Logical_Router_Port) {{(pid=103599) notify /opt/stack/neutron/neutron/plugins/ml2/drivers/ovn/mech_driver/ovsdb/ovsdb_monitor.py:1015}}
Jun 08 19:29:06.937063 np0000179054 devstack@neutron-api.service[103600]: DEBUG neutron.plugins.ml2.drivers.ovn.mech_driver.ovsdb.ovsdb_monitor [None req-8ba301e5-ac50-44bc-895a-0ec5d1a5246c None None] Hash Ring: Node 2873f64678c95be3969d48e52874422d (host: np0000179054) handling event "update" for row 44e722fe-c881-42e2-ae3a-991b138962f4 (table: Port_Binding) {{(pid=103600) notify /opt/stack/neutron/neutron/plugins/ml2/drivers/ovn/mech_driver/ovsdb/ovsdb_monitor.py:1015}}
Jun 08 19:29:06.937455 np0000179054 devstack@neutron-api.service[103599]: DEBUG ovsdbapp.backend.ovs_idl.event [None req-745ac924-ea90-4ed2-9975-80802b1e43e2 None None] Matched CREATE: LogicalRouterPortEvent(events=('create', 'delete'), table='Logical_Router_Port', conditions=None, old_conditions=None), priority=20 to row=Logical_Router_Port(uuid=aec01a9b-ac96-4a7c-894e-3d80659a5908, enabled=[], external_ids={'neutron:is_ext_gw': 'True', 'neutron:network_name': 'neutron-5d630ba2-a6c9-423f-864b-9efa334bba99', 'neutron:revision_number': '1', 'neutron:router_name': 'neutron-506e4088-9d31-4710-bf68-f2f93fa58c14', 'neutron:subnet_ids': '1a2054ac-670b-4ff3-a4a1-9c4067dae3c9'}, gateway_chassis=[], ha_chassis_group=886276e9-a615-446b-91e2-f7065f396aef, ipv6_prefix=[], ipv6_ra_configs={}, mac='fa:16:3e:8a:c7:28', name='lrp-af51f79b-7288-44f3-9cfb-98edb054f368', networks=['172.24.5.112/24'], options={'gateway_mtu': '1372', 'reside-on-redirect-chassis': 'true'}, peer=[], status={}) old= {{(pid=103599) matches /opt/stack/data/venv/lib/python3.12/site-packages/ovsdbapp/backend/ovs_idl/event.py:55}}
Jun 08 19:29:06.937878 np0000179054 devstack@neutron-api.service[103601]: DEBUG neutron.plugins.ml2.drivers.ovn.mech_driver.ovsdb.ovsdb_monitor [None req-eb4eb85f-5e92-40a5-8004-940a7a1ba6f2 None None] Hash Ring: Node 9418d84e5a915686b998e7a27af7e003 (host: np0000179054) handling event "create" for row 537903ca-0519-4ed0-acda-e7293815fd56 (table: HA_Chassis) {{(pid=103601) notify /opt/stack/neutron/neutron/plugins/ml2/drivers/ovn/mech_driver/ovsdb/ovsdb_monitor.py:1015}}
Jun 08 19:29:06.938525 np0000179054 devstack@neutron-api.service[103602]: DEBUG neutron.plugins.ml2.drivers.ovn.mech_driver.ovsdb.ovsdb_monitor [None req-e54c038e-3b57-481e-94f9-a4d561284051 None None] Hash Ring: Node 42d0be5f79a8583fb5d0e3e0f3a1f0d8 (host: np0000179054) handling event "update" for row 44e722fe-c881-42e2-ae3a-991b138962f4 (table: Port_Binding) {{(pid=103602) notify /opt/stack/neutron/neutron/plugins/ml2/drivers/ovn/mech_driver/ovsdb/ovsdb_monitor.py:1015}}
Jun 08 19:29:06.939042 np0000179054 devstack@neutron-api.service[103600]: DEBUG neutron.plugins.ml2.drivers.ovn.mech_driver.ovsdb.ovsdb_monitor [None req-8ba301e5-ac50-44bc-895a-0ec5d1a5246c None None] Touching Hash Ring node "2873f64678c95be3969d48e52874422d" from IDL notify handler {{(pid=103600) notify /opt/stack/neutron/neutron/plugins/ml2/drivers/ovn/mech_driver/ovsdb/ovsdb_monitor.py:1007}}
Jun 08 19:29:06.939553 np0000179054 devstack@neutron-api.service[103599]: DEBUG neutron.plugins.ml2.drivers.ovn.mech_driver.ovsdb.ovsdb_monitor [None req-bc674640-0e61-4d7c-a89c-c711b793acf5 None None] Touching Hash Ring node "57d43a826764569f9762ca30bbe9b885" from IDL notify handler {{(pid=103599) notify /opt/stack/neutron/neutron/plugins/ml2/drivers/ovn/mech_driver/ovsdb/ovsdb_monitor.py:1007}}
Jun 08 19:29:06.940925 np0000179054 devstack@neutron-api.service[103601]: DEBUG neutron.plugins.ml2.drivers.ovn.mech_driver.ovsdb.ovsdb_monitor [None req-eb4eb85f-5e92-40a5-8004-940a7a1ba6f2 None None] Touching Hash Ring node "9418d84e5a915686b998e7a27af7e003" from IDL notify handler {{(pid=103601) notify /opt/stack/neutron/neutron/plugins/ml2/drivers/ovn/mech_driver/ovsdb/ovsdb_monitor.py:1007}}
Jun 08 19:29:06.941349 np0000179054 devstack@neutron-api.service[103600]: DEBUG neutron.plugins.ml2.drivers.ovn.mech_driver.ovsdb.ovsdb_monitor [None req-a2b00605-4095-4b25-8c8a-b78fb0346eb3 None None] Hash Ring: Node 2873f64678c95be3969d48e52874422d (host: np0000179054) handling event "create" for row 886276e9-a615-446b-91e2-f7065f396aef (table: HA_Chassis_Group) {{(pid=103600) notify /opt/stack/neutron/neutron/plugins/ml2/drivers/ovn/mech_driver/ovsdb/ovsdb_monitor.py:1015}}
Jun 08 19:29:06.942619 np0000179054 devstack@neutron-api.service[103599]: DEBUG neutron.plugins.ml2.drivers.ovn.mech_driver.ovsdb.ovsdb_monitor [None req-745ac924-ea90-4ed2-9975-80802b1e43e2 None None] Touching Hash Ring node "57d43a826764569f9762ca30bbe9b885" from IDL notify handler {{(pid=103599) notify /opt/stack/neutron/neutron/plugins/ml2/drivers/ovn/mech_driver/ovsdb/ovsdb_monitor.py:1007}}
Jun 08 19:29:06.943286 np0000179054 devstack@neutron-api.service[103600]: DEBUG neutron.plugins.ml2.drivers.ovn.mech_driver.ovsdb.ovsdb_monitor [None req-a2b00605-4095-4b25-8c8a-b78fb0346eb3 None None] Touching Hash Ring node "2873f64678c95be3969d48e52874422d" from IDL notify handler {{(pid=103600) notify /opt/stack/neutron/neutron/plugins/ml2/drivers/ovn/mech_driver/ovsdb/ovsdb_monitor.py:1007}}
Jun 08 19:29:06.944657 np0000179054 devstack@neutron-api.service[103600]: DEBUG neutron.plugins.ml2.drivers.ovn.mech_driver.ovsdb.ovsdb_monitor [None req-8ba301e5-ac50-44bc-895a-0ec5d1a5246c None None] Hash Ring: Node 2873f64678c95be3969d48e52874422d (host: np0000179054) handling event "create" for row 4d3df4ea-e8b2-4df4-9b2d-94a6befa31cb (table: Port_Binding) {{(pid=103600) notify /opt/stack/neutron/neutron/plugins/ml2/drivers/ovn/mech_driver/ovsdb/ovsdb_monitor.py:1015}}
Jun 08 19:29:06.945650 np0000179054 devstack@neutron-api.service[103601]: DEBUG neutron.plugins.ml2.drivers.ovn.mech_driver.ovsdb.ovsdb_monitor [None req-8c0d8b0e-5b75-4d4b-b589-2a3ed54cc159 None None] Hash Ring: Node 9418d84e5a915686b998e7a27af7e003 (host: np0000179054) handling event "create" for row d26e3520-4059-4ce6-81fd-88c0f891c7b0 (table: Port_Binding) {{(pid=103601) notify /opt/stack/neutron/neutron/plugins/ml2/drivers/ovn/mech_driver/ovsdb/ovsdb_monitor.py:1015}}
Jun 08 19:29:06.945876 np0000179054 devstack@neutron-api.service[103599]: DEBUG neutron.plugins.ml2.drivers.ovn.mech_driver.ovsdb.ovsdb_monitor [None req-bc674640-0e61-4d7c-a89c-c711b793acf5 None None] Hash Ring: Node 57d43a826764569f9762ca30bbe9b885 (host: np0000179054) handling event "create" for row 4d3df4ea-e8b2-4df4-9b2d-94a6befa31cb (table: Port_Binding) {{(pid=103599) notify /opt/stack/neutron/neutron/plugins/ml2/drivers/ovn/mech_driver/ovsdb/ovsdb_monitor.py:1015}}
Jun 08 19:29:06.945939 np0000179054 devstack@neutron-api.service[103600]: DEBUG neutron.plugins.ml2.drivers.ovn.mech_driver.ovsdb.ovsdb_monitor [None req-8ba301e5-ac50-44bc-895a-0ec5d1a5246c None None] Touching Hash Ring node "2873f64678c95be3969d48e52874422d" from IDL notify handler {{(pid=103600) notify /opt/stack/neutron/neutron/plugins/ml2/drivers/ovn/mech_driver/ovsdb/ovsdb_monitor.py:1007}}
Jun 08 19:29:06.948374 np0000179054 devstack@neutron-api.service[103601]: DEBUG neutron.plugins.ml2.drivers.ovn.mech_driver.ovsdb.ovsdb_monitor [None req-8c0d8b0e-5b75-4d4b-b589-2a3ed54cc159 None None] Touching Hash Ring node "9418d84e5a915686b998e7a27af7e003" from IDL notify handler {{(pid=103601) notify /opt/stack/neutron/neutron/plugins/ml2/drivers/ovn/mech_driver/ovsdb/ovsdb_monitor.py:1007}}
Jun 08 19:29:06.949660 np0000179054 devstack@neutron-api.service[103601]: DEBUG neutron.plugins.ml2.drivers.ovn.mech_driver.ovsdb.ovsdb_monitor [None req-eb4eb85f-5e92-40a5-8004-940a7a1ba6f2 None None] Hash Ring: Node 9418d84e5a915686b998e7a27af7e003 (host: np0000179054) handling event "create" for row 886276e9-a615-446b-91e2-f7065f396aef (table: HA_Chassis_Group) {{(pid=103601) notify /opt/stack/neutron/neutron/plugins/ml2/drivers/ovn/mech_driver/ovsdb/ovsdb_monitor.py:1015}}
Jun 08 19:29:06.950007 np0000179054 devstack@neutron-api.service[103600]: DEBUG neutron.plugins.ml2.drivers.ovn.mech_driver.ovsdb.ovsdb_monitor [None req-a2b00605-4095-4b25-8c8a-b78fb0346eb3 None None] Hash Ring: Node 2873f64678c95be3969d48e52874422d (host: np0000179054) handling event "update" for row ff825e22-8e4b-4560-8c68-702e1b66d41b (table: Logical_Router) {{(pid=103600) notify /opt/stack/neutron/neutron/plugins/ml2/drivers/ovn/mech_driver/ovsdb/ovsdb_monitor.py:1015}}
Jun 08 19:29:06.951390 np0000179054 devstack@neutron-api.service[103600]: DEBUG neutron.plugins.ml2.drivers.ovn.mech_driver.ovsdb.ovsdb_monitor [None req-8ba301e5-ac50-44bc-895a-0ec5d1a5246c None None] Hash Ring: Node 2873f64678c95be3969d48e52874422d (host: np0000179054) handling event "create" for row d26e3520-4059-4ce6-81fd-88c0f891c7b0 (table: Port_Binding) {{(pid=103600) notify /opt/stack/neutron/neutron/plugins/ml2/drivers/ovn/mech_driver/ovsdb/ovsdb_monitor.py:1015}}
Jun 08 19:29:06.952581 np0000179054 devstack@neutron-api.service[103600]: DEBUG neutron.plugins.ml2.drivers.ovn.mech_driver.ovsdb.ovsdb_monitor [None req-a2b00605-4095-4b25-8c8a-b78fb0346eb3 None None] Touching Hash Ring node "2873f64678c95be3969d48e52874422d" from IDL notify handler {{(pid=103600) notify /opt/stack/neutron/neutron/plugins/ml2/drivers/ovn/mech_driver/ovsdb/ovsdb_monitor.py:1007}}
Jun 08 19:29:06.953981 np0000179054 devstack@neutron-api.service[103601]: DEBUG neutron.plugins.ml2.drivers.ovn.mech_driver.ovsdb.ovsdb_monitor [None req-8c0d8b0e-5b75-4d4b-b589-2a3ed54cc159 None None] Hash Ring: Node 9418d84e5a915686b998e7a27af7e003 (host: np0000179054) handling event "update" for row d26e3520-4059-4ce6-81fd-88c0f891c7b0 (table: Port_Binding) {{(pid=103601) notify /opt/stack/neutron/neutron/plugins/ml2/drivers/ovn/mech_driver/ovsdb/ovsdb_monitor.py:1015}}
Jun 08 19:29:06.955114 np0000179054 devstack@neutron-api.service[103600]: DEBUG neutron.plugins.ml2.drivers.ovn.mech_driver.ovsdb.ovsdb_monitor [None req-8ba301e5-ac50-44bc-895a-0ec5d1a5246c None None] Touching Hash Ring node "2873f64678c95be3969d48e52874422d" from IDL notify handler {{(pid=103600) notify /opt/stack/neutron/neutron/plugins/ml2/drivers/ovn/mech_driver/ovsdb/ovsdb_monitor.py:1007}}
Jun 08 19:29:06.956304 np0000179054 devstack@neutron-api.service[103601]: DEBUG ovsdbapp.backend.ovs_idl.event [None req-8c0d8b0e-5b75-4d4b-b589-2a3ed54cc159 None None] Matched UPDATE: PortBindingChassisEvent(events=('update',), table='Port_Binding', conditions=None, old_conditions=None), priority=20 to row=Port_Binding(uuid=d26e3520-4059-4ce6-81fd-88c0f891c7b0, additional_chassis=[], additional_encap=[], chassis=ba9c5d35-ddf6-41ec-ae14-1a1e8789b683, datapath=3c11b64d-1b5c-4d4e-a74f-647ae3fe95f1, encap=[], external_ids={'neutron:is_ext_gw': 'True', 'neutron:network_name': 'neutron-5d630ba2-a6c9-423f-864b-9efa334bba99', 'neutron:revision_number': '1', 'neutron:router_name': 'neutron-506e4088-9d31-4710-bf68-f2f93fa58c14', 'neutron:subnet_ids': '1a2054ac-670b-4ff3-a4a1-9c4067dae3c9'}, gateway_chassis=[], logical_port='cr-lrp-af51f79b-7288-44f3-9cfb-98edb054f368', mac=['fa:16:3e:8a:c7:28 172.24.5.112/24'], mirror_rules=[], nat_addresses=[], options={'always-redirect': 'true', 'distributed-port': 'lrp-af51f79b-7288-44f3-9cfb-98edb054f368'}, parent_port=[], port_security=[], requested_additional_chassis=[], requested_chassis=[], tag=[], tunnel_key=3, type='chassisredirect', up=True, virtual_parent=[]) old=Port_Binding(uuid=d26e3520-4059-4ce6-81fd-88c0f891c7b0, chassis=[], up=False) {{(pid=103601) matches /opt/stack/data/venv/lib/python3.12/site-packages/ovsdbapp/backend/ovs_idl/event.py:55}}
Jun 08 19:29:06.957751 np0000179054 devstack@neutron-api.service[103601]: INFO neutron.plugins.ml2.drivers.ovn.mech_driver.ovsdb.ovsdb_monitor [-] Router 506e4088-9d31-4710-bf68-f2f93fa58c14 is bound to host np0000179054
