2026-05-05 22:16:44.347 7 INFO neutron_taas.services.taas.taas_plugin [None req-06472324-b653-489a-9a7e-c605de71794c 4f9c73968a8c4c069a9ec4f46d6c8b02 7e59744267bd4246a803e959ce889e87 - - default default] TaaS: Handle Delete Port: 203ec5f0-0e7f-44ac-903e-0cca81d6380f
2026-05-05 22:16:44.349 7 INFO neutron_taas.services.taas.tap_mirror_plugin [None req-06472324-b653-489a-9a7e-c605de71794c 4f9c73968a8c4c069a9ec4f46d6c8b02 7e59744267bd4246a803e959ce889e87 - - default default] Tap Mirror: Handle Delete Port: 203ec5f0-0e7f-44ac-903e-0cca81d6380f
2026-05-05 22:16:44.525 7 INFO neutron.db.l3_db [None req-06472324-b653-489a-9a7e-c605de71794c 4f9c73968a8c4c069a9ec4f46d6c8b02 7e59744267bd4246a803e959ce889e87 - - default default] Floating IP ebc9bb9c-57d0-4d1f-b19a-2a60d4a469f3 disassociated (deleted). External IP: 10.96.250.203, port: 333de5c1-6eb6-4f37-9201-4e8f519c5320. [pid: 7|app: 0|req: 1661/3349] 10.0.0.170 () {32 vars in 732 bytes} [Tue May 5 22:16:44 2026] DELETE /v2.0/floatingips/ebc9bb9c-57d0-4d1f-b19a-2a60d4a469f3 => generated 0 bytes in 335 msecs (HTTP/1.1 204) 2 headers in 112 bytes (1 switches on core 0) /var/lib/openstack/lib/python3.12/site-packages/pycadf/identifier.py:70: UserWarning: Invalid uuid: neutron. To ensure interoperability, identifiers should be a valid uuid. warnings.warn(('Invalid uuid: %s. To ensure interoperability, '
2026-05-05 22:16:44.582 8 INFO neutron.api.v2.resource [None req-5c8c25d0-112a-44dd-8d98-30e43db0d317 4f9c73968a8c4c069a9ec4f46d6c8b02 7e59744267bd4246a803e959ce889e87 - - default default] show failed (client error): The resource could not be found. [pid: 8|app: 0|req: 1689/3350] 10.0.0.170 () {32 vars in 729 bytes} [Tue May 5 22:16:44 2026] GET /v2.0/floatingips/ebc9bb9c-57d0-4d1f-b19a-2a60d4a469f3 => generated 144 bytes in 29 msecs (HTTP/1.1 404) 4 headers in 164 bytes (1 switches on core 0)
2026-05-05 22:16:44.591 7 INFO neutron.notifiers.nova [-] Nova event matching ['req-9806abce-f3d5-4c1e-ac6f-2b567bcd7cc2'] response: {'name': 'network-changed', 'server_uuid': 'cc482d01-ae5f-47ef-87d0-a3453c56e1bf', 'tag': '333de5c1-6eb6-4f37-9201-4e8f519c5320', 'status': 'completed', 'code': 200} [pid: 7|app: 0|req: 1662/3351] 10.0.0.21 () {34 vars in 989 bytes} [Tue May 5 22:16:44 2026] GET /v2.0/ports?device_id=cc482d01-ae5f-47ef-87d0-a3453c56e1bf => generated 1200 bytes in 75 msecs (HTTP/1.1 200) 4 headers in 158 bytes (1 switches on core 0) [pid: 8|app: 0|req: 1690/3352] 10.0.0.21 () {34 vars in 1039 bytes} [Tue May 5 22:16:44 2026] GET /v2.0/security-groups?id=c9117eed-f1f8-42a2-864f-fed78a7a2ad6&fields=id&fields=name => generated 111 bytes in 32 msecs (HTTP/1.1 200) 4 headers in 157 bytes (1 switches on core 0) [pid: 7|app: 0|req: 1663/3353] 199.204.45.77 () {34 vars in 1079 bytes} [Tue May 5 22:16:45 2026] GET /v2.0/ports?tenant_id=7e59744267bd4246a803e959ce889e87&device_id=cc482d01-ae5f-47ef-87d0-a3453c56e1bf => generated 1438 bytes in 36 msecs (HTTP/1.1 200) 4 headers in 158 bytes (1 switches on core 0) [pid: 8|app: 0|req: 1691/3354] 199.204.45.77 () {34 vars in 985 bytes} [Tue May 5 22:16:45 2026] GET /v2.0/networks?id=5b511d75-a27d-4e84-9704-ad77bcc84a1f => generated 842 bytes in 44 msecs (HTTP/1.1 200) 4 headers in 157 bytes (1 switches on core 0) [pid: 7|app: 0|req: 1664/3355] 199.204.45.77 () {34 vars in 1055 bytes} [Tue May 5 22:16:45 2026] GET /v2.0/floatingips?fixed_ip_address=10.2.2.47&port_id=333de5c1-6eb6-4f37-9201-4e8f519c5320 => generated 19 bytes in 22 msecs (HTTP/1.1 200) 4 headers in 156 bytes (1 switches on core 0) [pid: 8|app: 0|req: 1692/3356] 199.204.45.77 () {34 vars in 1105 bytes} [Tue May 5 22:16:45 2026] GET /v2.0/floatingips?fixed_ip_address=fd77%3A1457%3A4cf0%3A26a8%3A%3A21e&port_id=333de5c1-6eb6-4f37-9201-4e8f519c5320 => generated 19 bytes in 20 msecs (HTTP/1.1 200) 4 headers in 156 bytes (1 switches on core 0) [pid: 7|app: 0|req: 1665/3357] 199.204.45.77 () {34 vars in 1063 bytes} [Tue May 5 22:16:45 2026] GET /v2.0/subnets?id=e80f9904-892d-4836-aa0a-84a5eb1e848e&id=2f9bafc3-d877-4724-b678-035219bfe8ff => generated 1414 bytes in 54 msecs (HTTP/1.1 200) 4 headers in 158 bytes (1 switches on core 0) [pid: 8|app: 0|req: 1693/3358] 199.204.45.77 () {34 vars in 1051 bytes} [Tue May 5 22:16:45 2026] GET /v2.0/ports?network_id=5b511d75-a27d-4e84-9704-ad77bcc84a1f&device_owner=network%3Adhcp => generated 12 bytes in 21 msecs (HTTP/1.1 200) 4 headers in 156 bytes (1 switches on core 0) [pid: 7|app: 0|req: 1666/3359] 199.204.45.77 () {34 vars in 1051 bytes} [Tue May 5 22:16:45 2026] GET /v2.0/ports?network_id=5b511d75-a27d-4e84-9704-ad77bcc84a1f&device_owner=network%3Adhcp => generated 12 bytes in 24 msecs (HTTP/1.1 200) 4 headers in 156 bytes (1 switches on core 0) [pid: 8|app: 0|req: 1694/3360] 199.204.45.77 () {34 vars in 1011 bytes} [Tue May 5 22:16:45 2026] GET /v2.0/networks/5b511d75-a27d-4e84-9704-ad77bcc84a1f?fields=segments => generated 14 bytes in 62 msecs (HTTP/1.1 200) 4 headers in 156 bytes (1 switches on core 0) [pid: 7|app: 0|req: 1667/3361] 199.204.45.77 () {34 vars in 1111 bytes} [Tue May 5 22:16:45 2026] GET /v2.0/networks/5b511d75-a27d-4e84-9704-ad77bcc84a1f?fields=provider%3Aphysical_network&fields=provider%3Anetwork_type => generated 79 bytes in 45 msecs (HTTP/1.1 200) 4 headers in 156 bytes (1 switches on core 0)
2026-05-05 22:16:45.817 8 INFO neutron.plugins.ml2.drivers.ovn.mech_driver.mech_driver [None req-c332809e-77c7-45fb-aa8f-6cbc4af1a79b - - - - - -] OVN reports status down for port: 333de5c1-6eb6-4f37-9201-4e8f519c5320
2026-05-05 22:16:45.999 8 INFO neutron.notifiers.nova [-] Nova event matching ['req-0cb180fe-2932-43ed-b856-c710742c60af'] response: {'server_uuid': 'cc482d01-ae5f-47ef-87d0-a3453c56e1bf', 'name': 'network-vif-unplugged', 'status': 'completed', 'tag': '333de5c1-6eb6-4f37-9201-4e8f519c5320', 'code': 200}
2026-05-05 22:16:46.051 8 INFO neutron.db.ovn_revision_numbers_db [None req-c332809e-77c7-45fb-aa8f-6cbc4af1a79b - - - - - -] Successfully bumped revision number for resource 333de5c1-6eb6-4f37-9201-4e8f519c5320 (type: ports) to 6 /var/lib/openstack/lib/python3.12/site-packages/pycadf/identifier.py:70: UserWarning: Invalid uuid: neutron. To ensure interoperability, identifiers should be a valid uuid. warnings.warn(('Invalid uuid: %s. To ensure interoperability, ' [pid: 8|app: 0|req: 1695/3362] 199.204.45.77 () {34 vars in 993 bytes} [Tue May 5 22:16:46 2026] GET /v2.0/ports?device_id=cc482d01-ae5f-47ef-87d0-a3453c56e1bf => generated 1198 bytes in 82 msecs (HTTP/1.1 200) 4 headers in 158 bytes (1 switches on core 0)
2026-05-05 22:16:47.199 7 INFO neutron_taas.services.taas.taas_plugin [req-5eb4a6d1-103f-4b44-aed9-5ffd49689578 req-398e76f0-1efc-4921-bf80-ff1dcc2913ac 4f9c73968a8c4c069a9ec4f46d6c8b02 7e59744267bd4246a803e959ce889e87 - - default default] TaaS: Handle Delete Port: 333de5c1-6eb6-4f37-9201-4e8f519c5320
2026-05-05 22:16:47.203 7 INFO neutron_taas.services.taas.tap_mirror_plugin [req-5eb4a6d1-103f-4b44-aed9-5ffd49689578 req-398e76f0-1efc-4921-bf80-ff1dcc2913ac 4f9c73968a8c4c069a9ec4f46d6c8b02 7e59744267bd4246a803e959ce889e87 - - default default] Tap Mirror: Handle Delete Port: 333de5c1-6eb6-4f37-9201-4e8f519c5320 [pid: 7|app: 0|req: 1668/3363] 199.204.45.77 () {36 vars in 996 bytes} [Tue May 5 22:16:47 2026] DELETE /v2.0/ports/333de5c1-6eb6-4f37-9201-4e8f519c5320 => generated 0 bytes in 290 msecs (HTTP/1.1 204) 3 headers in 131 bytes (1 switches on core 0)
2026-05-05 22:16:47.385 7 INFO neutron.notifiers.nova [-] Nova event matching ['req-fd579cc6-b26b-4014-987b-bf1c43940850'] response: {'server_uuid': 'cc482d01-ae5f-47ef-87d0-a3453c56e1bf', 'name': 'network-vif-deleted', 'tag': '333de5c1-6eb6-4f37-9201-4e8f519c5320', 'status': 'completed', 'code': 200}
2026-05-05 22:16:48.037 8 INFO neutron.notifiers.nova [-] Nova event matching ['req-56f08f2c-5936-473f-9399-86514ff3796c'] response: {'server_uuid': 'cc482d01-ae5f-47ef-87d0-a3453c56e1bf', 'name': 'network-vif-unplugged', 'status': 'completed', 'tag': '333de5c1-6eb6-4f37-9201-4e8f519c5320', 'code': 200} [pid: 8|app: 0|req: 1697/3366] 10.0.0.21 () {34 vars in 989 bytes} [Tue May 5 22:16:49 2026] GET /v2.0/ports?device_id=cc482d01-ae5f-47ef-87d0-a3453c56e1bf => generated 12 bytes in 21 msecs (HTTP/1.1 200) 4 headers in 156 bytes (1 switches on core 0)
2026-05-05 22:16:55.152 7 INFO neutron_taas.services.taas.taas_plugin [None req-f4547369-098a-4225-990c-d15f79ff61d1 4f9c73968a8c4c069a9ec4f46d6c8b02 7e59744267bd4246a803e959ce889e87 - - default default] TaaS: Handle Delete Port: f836ecf3-22d1-4845-8ca7-810d467a9bbb
2026-05-05 22:16:55.154 7 INFO neutron_taas.services.taas.tap_mirror_plugin [None req-f4547369-098a-4225-990c-d15f79ff61d1 4f9c73968a8c4c069a9ec4f46d6c8b02 7e59744267bd4246a803e959ce889e87 - - default default] Tap Mirror: Handle Delete Port: f836ecf3-22d1-4845-8ca7-810d467a9bbb
2026-05-05 22:16:55.360 7 INFO neutron.db.l3_db [None req-f4547369-098a-4225-990c-d15f79ff61d1 4f9c73968a8c4c069a9ec4f46d6c8b02 7e59744267bd4246a803e959ce889e87 - - default default] Floating IP 623cf497-88ff-49e8-8cb7-d98573e5eaa3 disassociated (deleted). External IP: 10.96.250.216, port: c5ac4450-d080-4fd4-b432-4a4d9547afda. [pid: 7|app: 0|req: 1670/3367] 10.0.0.170 () {32 vars in 732 bytes} [Tue May 5 22:16:54 2026] DELETE /v2.0/floatingips/623cf497-88ff-49e8-8cb7-d98573e5eaa3 => generated 0 bytes in 406 msecs (HTTP/1.1 204) 2 headers in 112 bytes (1 switches on core 0)
2026-05-05 22:16:55.426 8 INFO neutron.api.v2.resource [None req-a5bc2508-8cb8-4c56-bc53-2108cbc7a3b7 4f9c73968a8c4c069a9ec4f46d6c8b02 7e59744267bd4246a803e959ce889e87 - - default default] show failed (client error): The resource could not be found. [pid: 8|app: 0|req: 1698/3368] 10.0.0.170 () {32 vars in 729 bytes} [Tue May 5 22:16:55 2026] GET /v2.0/floatingips/623cf497-88ff-49e8-8cb7-d98573e5eaa3 => generated 144 bytes in 23 msecs (HTTP/1.1 404) 4 headers in 164 bytes (1 switches on core 0)
2026-05-05 22:16:55.434 7 INFO neutron.notifiers.nova [-] Nova event matching ['req-ea6afe28-9b60-484e-84e7-31879ec7b0db'] response: {'name': 'network-changed', 'server_uuid': 'ea67ff0e-fe87-41c6-b94d-64bfc37d56a1', 'tag': 'c5ac4450-d080-4fd4-b432-4a4d9547afda', 'status': 'completed', 'code': 200} /var/lib/openstack/lib/python3.12/site-packages/pycadf/identifier.py:70: UserWarning: Invalid uuid: neutron. To ensure interoperability, identifiers should be a valid uuid. warnings.warn(('Invalid uuid: %s. To ensure interoperability, ' [pid: 7|app: 0|req: 1671/3369] 10.0.0.21 () {34 vars in 989 bytes} [Tue May 5 22:16:55 2026] GET /v2.0/ports?device_id=ea67ff0e-fe87-41c6-b94d-64bfc37d56a1 => generated 1200 bytes in 104 msecs (HTTP/1.1 200) 4 headers in 158 bytes (1 switches on core 0) [pid: 8|app: 0|req: 1699/3370] 10.0.0.21 () {34 vars in 1039 bytes} [Tue May 5 22:16:55 2026] GET /v2.0/security-groups?id=c9117eed-f1f8-42a2-864f-fed78a7a2ad6&fields=id&fields=name => generated 111 bytes in 40 msecs (HTTP/1.1 200) 4 headers in 157 bytes (1 switches on core 0) [pid: 7|app: 0|req: 1672/3371] 199.204.45.77 () {34 vars in 1079 bytes} [Tue May 5 22:16:55 2026] GET /v2.0/ports?tenant_id=7e59744267bd4246a803e959ce889e87&device_id=ea67ff0e-fe87-41c6-b94d-64bfc37d56a1 => generated 1438 bytes in 35 msecs (HTTP/1.1 200) 4 headers in 158 bytes (1 switches on core 0) [pid: 8|app: 0|req: 1700/3372] 199.204.45.77 () {34 vars in 985 bytes} [Tue May 5 22:16:55 2026] GET /v2.0/networks?id=8633390a-0aca-49a0-83bd-8ec557bad9c0 => generated 842 bytes in 36 msecs (HTTP/1.1 200) 4 headers in 157 bytes (1 switches on core 0) [pid: 7|app: 0|req: 1673/3373] 199.204.45.77 () {34 vars in 1057 bytes} [Tue May 5 22:16:56 2026] GET /v2.0/floatingips?fixed_ip_address=10.2.1.213&port_id=c5ac4450-d080-4fd4-b432-4a4d9547afda => generated 19 bytes in 22 msecs (HTTP/1.1 200) 4 headers in 156 bytes (1 switches on core 0) [pid: 8|app: 0|req: 1701/3374] 199.204.45.77 () {34 vars in 1103 bytes} [Tue May 5 22:16:56 2026] GET /v2.0/floatingips?fixed_ip_address=fd7b%3Af9f7%3Afff%3A4eca%3A%3A2d9&port_id=c5ac4450-d080-4fd4-b432-4a4d9547afda => generated 19 bytes in 28 msecs (HTTP/1.1 200) 4 headers in 156 bytes (1 switches on core 0) [pid: 7|app: 0|req: 1674/3375] 199.204.45.77 () {34 vars in 1063 bytes} [Tue May 5 22:16:56 2026] GET /v2.0/subnets?id=b0dd532b-f5af-454e-b005-8b7724a3dbc0&id=f2f06801-3179-434a-bb1a-07b9dc26d5c6 => generated 1410 bytes in 34 msecs (HTTP/1.1 200) 4 headers in 158 bytes (1 switches on core 0) [pid: 8|app: 0|req: 1702/3376] 199.204.45.77 () {34 vars in 1051 bytes} [Tue May 5 22:16:56 2026] GET /v2.0/ports?network_id=8633390a-0aca-49a0-83bd-8ec557bad9c0&device_owner=network%3Adhcp => generated 12 bytes in 21 msecs (HTTP/1.1 200) 4 headers in 156 bytes (1 switches on core 0) [pid: 7|app: 0|req: 1675/3377] 199.204.45.77 () {34 vars in 1051 bytes} [Tue May 5 22:16:56 2026] GET /v2.0/ports?network_id=8633390a-0aca-49a0-83bd-8ec557bad9c0&device_owner=network%3Adhcp => generated 12 bytes in 18 msecs (HTTP/1.1 200) 4 headers in 156 bytes (1 switches on core 0) [pid: 8|app: 0|req: 1703/3378] 199.204.45.77 () {34 vars in 1011 bytes} [Tue May 5 22:16:56 2026] GET /v2.0/networks/8633390a-0aca-49a0-83bd-8ec557bad9c0?fields=segments => generated 14 bytes in 46 msecs (HTTP/1.1 200) 4 headers in 156 bytes (1 switches on core 0) [pid: 7|app: 0|req: 1676/3379] 199.204.45.77 () {34 vars in 1111 bytes} [Tue May 5 22:16:56 2026] GET /v2.0/networks/8633390a-0aca-49a0-83bd-8ec557bad9c0?fields=provider%3Aphysical_network&fields=provider%3Anetwork_type => generated 79 bytes in 36 msecs (HTTP/1.1 200) 4 headers in 156 bytes (1 switches on core 0)
2026-05-05 22:16:56.670 8 INFO neutron.plugins.ml2.drivers.ovn.mech_driver.mech_driver [None req-5410e04d-beaa-45ee-b972-65315fd6fbc7 - - - - - -] OVN reports status down for port: c5ac4450-d080-4fd4-b432-4a4d9547afda
2026-05-05 22:16:56.805 8 INFO neutron.notifiers.nova [-] Nova event matching ['req-3a1546d8-8b06-46e2-afb3-b7c2aad91e52'] response: {'server_uuid': 'ea67ff0e-fe87-41c6-b94d-64bfc37d56a1', 'name': 'network-vif-unplugged', 'status': 'completed', 'tag': 'c5ac4450-d080-4fd4-b432-4a4d9547afda', 'code': 200}
2026-05-05 22:16:56.908 8 INFO neutron.db.ovn_revision_numbers_db [None req-5410e04d-beaa-45ee-b972-65315fd6fbc7 - - - - - -] Successfully bumped revision number for resource c5ac4450-d080-4fd4-b432-4a4d9547afda (type: ports) to 6 /var/lib/openstack/lib/python3.12/site-packages/pycadf/identifier.py:70: UserWarning: Invalid uuid: neutron. To ensure interoperability, identifiers should be a valid uuid. warnings.warn(('Invalid uuid: %s. To ensure interoperability, ' [pid: 8|app: 0|req: 1704/3380] 199.204.45.77 () {34 vars in 993 bytes} [Tue May 5 22:16:57 2026] GET /v2.0/ports?device_id=ea67ff0e-fe87-41c6-b94d-64bfc37d56a1 => generated 1198 bytes in 88 msecs (HTTP/1.1 200) 4 headers in 158 bytes (1 switches on core 0)
2026-05-05 22:16:58.043 7 INFO neutron_taas.services.taas.taas_plugin [req-7884eaa4-b24c-4347-bd5e-1b01bf021404 req-02772979-1908-4ab0-ae00-0209a01f2490 4f9c73968a8c4c069a9ec4f46d6c8b02 7e59744267bd4246a803e959ce889e87 - - default default] TaaS: Handle Delete Port: c5ac4450-d080-4fd4-b432-4a4d9547afda
2026-05-05 22:16:58.046 7 INFO neutron_taas.services.taas.tap_mirror_plugin [req-7884eaa4-b24c-4347-bd5e-1b01bf021404 req-02772979-1908-4ab0-ae00-0209a01f2490 4f9c73968a8c4c069a9ec4f46d6c8b02 7e59744267bd4246a803e959ce889e87 - - default default] Tap Mirror: Handle Delete Port: c5ac4450-d080-4fd4-b432-4a4d9547afda [pid: 7|app: 0|req: 1677/3381] 199.204.45.77 () {36 vars in 996 bytes} [Tue May 5 22:16:57 2026] DELETE /v2.0/ports/c5ac4450-d080-4fd4-b432-4a4d9547afda => generated 0 bytes in 283 msecs (HTTP/1.1 204) 3 headers in 131 bytes (1 switches on core 0)
2026-05-05 22:16:58.236 7 INFO neutron.notifiers.nova [-] Nova event matching ['req-8663621b-141d-4141-b8bc-31866614345b'] response: {'server_uuid': 'ea67ff0e-fe87-41c6-b94d-64bfc37d56a1', 'name': 'network-vif-deleted', 'tag': 'c5ac4450-d080-4fd4-b432-4a4d9547afda', 'status': 'completed', 'code': 200}
2026-05-05 22:16:58.842 8 INFO neutron.notifiers.nova [-] Nova event matching ['req-3ccf7737-a085-4b23-bec7-253d2ac69879'] response: {'server_uuid': 'ea67ff0e-fe87-41c6-b94d-64bfc37d56a1', 'name': 'network-vif-unplugged', 'status': 'completed', 'tag': 'c5ac4450-d080-4fd4-b432-4a4d9547afda', 'code': 200} [pid: 8|app: 0|req: 1705/3382] 10.0.0.21 () {34 vars in 989 bytes} [Tue May 5 22:17:00 2026] GET /v2.0/ports?device_id=ea67ff0e-fe87-41c6-b94d-64bfc37d56a1 => generated 12 bytes in 23 msecs (HTTP/1.1 200) 4 headers in 156 bytes (1 switches on core 0) [pid: 7|app: 0|req: 1679/3385] 10.0.0.170 () {32 vars in 750 bytes} [Tue May 5 22:17:05 2026] DELETE /v2.0/security-group-rules/cbdef473-c8bf-4bfe-b04d-93f9becb4fd3 => generated 0 bytes in 185 msecs (HTTP/1.1 204) 2 headers in 112 bytes (1 switches on core 0)
2026-05-05 22:17:06.120 8 INFO neutron.api.v2.resource [None req-61c0d4b5-40cf-4e6a-a629-58964acd3597 4f9c73968a8c4c069a9ec4f46d6c8b02 7e59744267bd4246a803e959ce889e87 - - default default] show failed (client error): The resource could not be found. [pid: 8|app: 0|req: 1707/3386] 10.0.0.170 () {32 vars in 747 bytes} [Tue May 5 22:17:06 2026] GET /v2.0/security-group-rules/cbdef473-c8bf-4bfe-b04d-93f9becb4fd3 => generated 155 bytes in 11 msecs (HTTP/1.1 404) 4 headers in 164 bytes (1 switches on core 0) [pid: 7|app: 0|req: 1680/3387] 10.0.0.170 () {32 vars in 750 bytes} [Tue May 5 22:17:06 2026] DELETE /v2.0/security-group-rules/603978d0-0069-48c5-b87e-fd6b712d3df9 => generated 0 bytes in 153 msecs (HTTP/1.1 204) 2 headers in 112 bytes (1 switches on core 0)
2026-05-05 22:17:06.297 8 INFO neutron.api.v2.resource [None req-c4c6119e-90a6-4b1b-b17d-ee6906e0d59a 4f9c73968a8c4c069a9ec4f46d6c8b02 7e59744267bd4246a803e959ce889e87 - - default default] show failed (client error): The resource could not be found. [pid: 8|app: 0|req: 1708/3388] 10.0.0.170 () {32 vars in 747 bytes} [Tue May 5 22:17:06 2026] GET /v2.0/security-group-rules/603978d0-0069-48c5-b87e-fd6b712d3df9 => generated 155 bytes in 13 msecs (HTTP/1.1 404) 4 headers in 164 bytes (1 switches on core 0) [pid: 7|app: 0|req: 1681/3389] 10.0.0.170 () {32 vars in 750 bytes} [Tue May 5 22:17:06 2026] DELETE /v2.0/security-group-rules/2fc64082-b3c7-4b6e-82d1-78528dfd6c5f => generated 0 bytes in 171 msecs (HTTP/1.1 204) 2 headers in 112 bytes (1 switches on core 0)
2026-05-05 22:17:06.498 8 INFO neutron.api.v2.resource [None req-8a5f4a32-3b1b-40b1-9218-94b951730869 4f9c73968a8c4c069a9ec4f46d6c8b02 7e59744267bd4246a803e959ce889e87 - - default default] show failed (client error): The resource could not be found. [pid: 8|app: 0|req: 1709/3390] 10.0.0.170 () {32 vars in 747 bytes} [Tue May 5 22:17:06 2026] GET /v2.0/security-group-rules/2fc64082-b3c7-4b6e-82d1-78528dfd6c5f => generated 155 bytes in 16 msecs (HTTP/1.1 404) 4 headers in 164 bytes (1 switches on core 0) [pid: 7|app: 0|req: 1682/3391] 10.0.0.170 () {32 vars in 750 bytes} [Tue May 5 22:17:06 2026] DELETE /v2.0/security-group-rules/e235607e-0200-4f86-b434-b82348dd21a3 => generated 0 bytes in 134 msecs (HTTP/1.1 204) 2 headers in 112 bytes (1 switches on core 0)
2026-05-05 22:17:06.654 8 INFO neutron.api.v2.resource [None req-82c55d12-a9d7-4dc8-82c1-3ba7f21664df 4f9c73968a8c4c069a9ec4f46d6c8b02 7e59744267bd4246a803e959ce889e87 - - default default] show failed (client error): The resource could not be found. [pid: 8|app: 0|req: 1710/3392] 10.0.0.170 () {32 vars in 747 bytes} [Tue May 5 22:17:06 2026] GET /v2.0/security-group-rules/e235607e-0200-4f86-b434-b82348dd21a3 => generated 155 bytes in 12 msecs (HTTP/1.1 404) 4 headers in 164 bytes (1 switches on core 0) [pid: 7|app: 0|req: 1683/3393] 10.0.0.170 () {32 vars in 750 bytes} [Tue May 5 22:17:06 2026] DELETE /v2.0/security-group-rules/51d3c293-7b39-4560-812c-d837ca385727 => generated 0 bytes in 105 msecs (HTTP/1.1 204) 2 headers in 112 bytes (1 switches on core 0)
2026-05-05 22:17:06.782 8 INFO neutron.api.v2.resource [None req-fdbee6c6-f556-4fd8-9368-cd632712efd8 4f9c73968a8c4c069a9ec4f46d6c8b02 7e59744267bd4246a803e959ce889e87 - - default default] show failed (client error): The resource could not be found. [pid: 8|app: 0|req: 1711/3394] 10.0.0.170 () {32 vars in 747 bytes} [Tue May 5 22:17:06 2026] GET /v2.0/security-group-rules/51d3c293-7b39-4560-812c-d837ca385727 => generated 155 bytes in 14 msecs (HTTP/1.1 404) 4 headers in 164 bytes (1 switches on core 0) [pid: 7|app: 0|req: 1684/3395] 10.0.0.170 () {32 vars in 750 bytes} [Tue May 5 22:17:06 2026] DELETE /v2.0/security-group-rules/480136c5-b151-4ff0-9d6d-81799d7fc9e6 => generated 0 bytes in 95 msecs (HTTP/1.1 204) 2 headers in 112 bytes (1 switches on core 0)
2026-05-05 22:17:06.902 8 INFO neutron.api.v2.resource [None req-14348fbd-00ca-40cd-9cbf-869e59d569af 4f9c73968a8c4c069a9ec4f46d6c8b02 7e59744267bd4246a803e959ce889e87 - - default default] show failed (client error): The resource could not be found. [pid: 8|app: 0|req: 1712/3396] 10.0.0.170 () {32 vars in 747 bytes} [Tue May 5 22:17:06 2026] GET /v2.0/security-group-rules/480136c5-b151-4ff0-9d6d-81799d7fc9e6 => generated 155 bytes in 16 msecs (HTTP/1.1 404) 4 headers in 164 bytes (1 switches on core 0) [pid: 7|app: 0|req: 1685/3397] 10.0.0.170 () {32 vars in 750 bytes} [Tue May 5 22:17:06 2026] DELETE /v2.0/security-group-rules/8639c75d-c676-4e5a-9ea4-79e1603ede0d => generated 0 bytes in 114 msecs (HTTP/1.1 204) 2 headers in 112 bytes (1 switches on core 0)
2026-05-05 22:17:07.039 8 INFO neutron.api.v2.resource [None req-425201f3-6235-4106-a2d7-e018b5f839f0 4f9c73968a8c4c069a9ec4f46d6c8b02 7e59744267bd4246a803e959ce889e87 - - default default] show failed (client error): The resource could not be found. [pid: 8|app: 0|req: 1713/3398] 10.0.0.170 () {32 vars in 747 bytes} [Tue May 5 22:17:07 2026] GET /v2.0/security-group-rules/8639c75d-c676-4e5a-9ea4-79e1603ede0d => generated 155 bytes in 13 msecs (HTTP/1.1 404) 4 headers in 164 bytes (1 switches on core 0) [pid: 7|app: 0|req: 1686/3399] 10.0.0.170 () {32 vars in 750 bytes} [Tue May 5 22:17:07 2026] DELETE /v2.0/security-group-rules/b7ed1e59-6bf9-4b8f-8460-f58c2c721f77 => generated 0 bytes in 122 msecs (HTTP/1.1 204) 2 headers in 112 bytes (1 switches on core 0)
2026-05-05 22:17:07.181 8 INFO neutron.api.v2.resource [None req-772f98ae-6b4c-4ef1-a575-969efa8d077b 4f9c73968a8c4c069a9ec4f46d6c8b02 7e59744267bd4246a803e959ce889e87 - - default default] show failed (client error): The resource could not be found. [pid: 8|app: 0|req: 1714/3400] 10.0.0.170 () {32 vars in 747 bytes} [Tue May 5 22:17:07 2026] GET /v2.0/security-group-rules/b7ed1e59-6bf9-4b8f-8460-f58c2c721f77 => generated 155 bytes in 12 msecs (HTTP/1.1 404) 4 headers in 164 bytes (1 switches on core 0) [pid: 7|app: 0|req: 1687/3401] 10.0.0.170 () {32 vars in 750 bytes} [Tue May 5 22:17:07 2026] DELETE /v2.0/security-group-rules/d5bf2a84-7b6b-4ff5-b68e-fcca757215dd => generated 0 bytes in 152 msecs (HTTP/1.1 204) 2 headers in 112 bytes (1 switches on core 0)
2026-05-05 22:17:07.354 8 INFO neutron.api.v2.resource [None req-46cf05b9-872d-41a0-a0b1-54d5449c9f8f 4f9c73968a8c4c069a9ec4f46d6c8b02 7e59744267bd4246a803e959ce889e87 - - default default] show failed (client error): The resource could not be found. [pid: 8|app: 0|req: 1715/3402] 10.0.0.170 () {32 vars in 747 bytes} [Tue May 5 22:17:07 2026] GET /v2.0/security-group-rules/d5bf2a84-7b6b-4ff5-b68e-fcca757215dd => generated 155 bytes in 12 msecs (HTTP/1.1 404) 4 headers in 164 bytes (1 switches on core 0) [pid: 7|app: 0|req: 1688/3403] 10.0.0.170 () {32 vars in 750 bytes} [Tue May 5 22:17:07 2026] DELETE /v2.0/security-group-rules/7eeead93-da9a-4778-85ce-c9678aced794 => generated 0 bytes in 118 msecs (HTTP/1.1 204) 2 headers in 112 bytes (1 switches on core 0)
2026-05-05 22:17:07.496 8 INFO neutron.api.v2.resource [None req-0144902e-3e63-4c94-9680-ed8e6d31980c 4f9c73968a8c4c069a9ec4f46d6c8b02 7e59744267bd4246a803e959ce889e87 - - default default] show failed (client error): The resource could not be found. [pid: 8|app: 0|req: 1716/3404] 10.0.0.170 () {32 vars in 747 bytes} [Tue May 5 22:17:07 2026] GET /v2.0/security-group-rules/7eeead93-da9a-4778-85ce-c9678aced794 => generated 155 bytes in 16 msecs (HTTP/1.1 404) 4 headers in 164 bytes (1 switches on core 0) [pid: 7|app: 0|req: 1689/3405] 10.0.0.170 () {32 vars in 750 bytes} [Tue May 5 22:17:07 2026] DELETE /v2.0/security-group-rules/2c2f1ffd-e36e-4ce3-985b-6384cca0eeb0 => generated 0 bytes in 123 msecs (HTTP/1.1 204) 2 headers in 112 bytes (1 switches on core 0)
2026-05-05 22:17:07.646 8 INFO neutron.api.v2.resource [None req-c66f703e-1b02-40b2-9004-0f61c5112497 4f9c73968a8c4c069a9ec4f46d6c8b02 7e59744267bd4246a803e959ce889e87 - - default default] show failed (client error): The resource could not be found. [pid: 8|app: 0|req: 1717/3406] 10.0.0.170 () {32 vars in 747 bytes} [Tue May 5 22:17:07 2026] GET /v2.0/security-group-rules/2c2f1ffd-e36e-4ce3-985b-6384cca0eeb0 => generated 155 bytes in 17 msecs (HTTP/1.1 404) 4 headers in 164 bytes (1 switches on core 0) [pid: 7|app: 0|req: 1690/3407] 10.0.0.170 () {32 vars in 740 bytes} [Tue May 5 22:17:07 2026] DELETE /v2.0/security-groups/c9117eed-f1f8-42a2-864f-fed78a7a2ad6 => generated 0 bytes in 109 msecs (HTTP/1.1 204) 2 headers in 112 bytes (1 switches on core 0)
2026-05-05 22:17:07.778 8 INFO neutron.api.v2.resource [None req-0b780fde-2b30-4f62-9073-1990f26192d5 4f9c73968a8c4c069a9ec4f46d6c8b02 7e59744267bd4246a803e959ce889e87 - - default default] show failed (client error): The resource could not be found. [pid: 8|app: 0|req: 1718/3408] 10.0.0.170 () {32 vars in 737 bytes} [Tue May 5 22:17:07 2026] GET /v2.0/security-groups/c9117eed-f1f8-42a2-864f-fed78a7a2ad6 => generated 146 bytes in 14 msecs (HTTP/1.1 404) 4 headers in 164 bytes (1 switches on core 0)
2026-05-05 22:17:08.098 7 INFO neutron_taas.services.taas.taas_plugin [None req-2d014cec-a78f-4bc7-ae16-998c33b42431 4f9c73968a8c4c069a9ec4f46d6c8b02 7e59744267bd4246a803e959ce889e87 - - default default] TaaS: Handle Delete Port: fa8ec31f-dcf6-4efd-8011-02e241dfc64b
2026-05-05 22:17:08.100 7 INFO neutron_taas.services.taas.tap_mirror_plugin [None req-2d014cec-a78f-4bc7-ae16-998c33b42431 4f9c73968a8c4c069a9ec4f46d6c8b02 7e59744267bd4246a803e959ce889e87 - - default default] Tap Mirror: Handle Delete Port: fa8ec31f-dcf6-4efd-8011-02e241dfc64b [pid: 7|app: 0|req: 1691/3409] 10.0.0.170 () {34 vars in 789 bytes} [Tue May 5 22:17:07 2026] PUT /v2.0/routers/5ddeb21e-3686-416a-bd0d-225dce344cca/remove_router_interface => generated 309 bytes in 838 msecs (HTTP/1.1 200) 4 headers in 157 bytes (1 switches on core 0)
2026-05-05 22:17:08.797 8 INFO neutron.api.v2.resource [None req-6c5d07d2-e508-4c52-9a04-84a94723f74b 4f9c73968a8c4c069a9ec4f46d6c8b02 7e59744267bd4246a803e959ce889e87 - - default default] remove_router_interface failed (client error): The resource could not be found. [pid: 8|app: 0|req: 1719/3410] 10.0.0.170 () {34 vars in 789 bytes} [Tue May 5 22:17:08 2026] PUT /v2.0/routers/5ddeb21e-3686-416a-bd0d-225dce344cca/remove_router_interface => generated 198 bytes in 135 msecs (HTTP/1.1 404) 4 headers in 164 bytes (1 switches on core 0) /var/lib/openstack/lib/python3.12/site-packages/pycadf/identifier.py:70: UserWarning: Invalid uuid: neutron. To ensure interoperability, identifiers should be a valid uuid. warnings.warn(('Invalid uuid: %s. To ensure interoperability, '
2026-05-05 22:17:09.553 7 INFO neutron_taas.services.taas.taas_plugin [None req-fdce6031-5df2-45f1-b54c-c49a4f0cc4c7 4f9c73968a8c4c069a9ec4f46d6c8b02 7e59744267bd4246a803e959ce889e87 - - default default] TaaS: Handle Delete Port: 43eedb25-0a39-4dab-a0a6-994632bc4748
2026-05-05 22:17:09.556 7 INFO neutron_taas.services.taas.tap_mirror_plugin [None req-fdce6031-5df2-45f1-b54c-c49a4f0cc4c7 4f9c73968a8c4c069a9ec4f46d6c8b02 7e59744267bd4246a803e959ce889e87 - - default default] Tap Mirror: Handle Delete Port: 43eedb25-0a39-4dab-a0a6-994632bc4748 [pid: 7|app: 0|req: 1692/3411] 10.0.0.170 () {34 vars in 789 bytes} [Tue May 5 22:17:08 2026] PUT /v2.0/routers/5ddeb21e-3686-416a-bd0d-225dce344cca/remove_router_interface => generated 309 bytes in 1210 msecs (HTTP/1.1 200) 4 headers in 157 bytes (1 switches on core 0)
2026-05-05 22:17:10.119 8 INFO neutron.api.v2.resource [None req-5649858f-9294-446b-8955-da92cf995564 4f9c73968a8c4c069a9ec4f46d6c8b02 7e59744267bd4246a803e959ce889e87 - - default default] remove_router_interface failed (client error): The resource could not be found. [pid: 8|app: 0|req: 1720/3412] 10.0.0.170 () {34 vars in 789 bytes} [Tue May 5 22:17:10 2026] PUT /v2.0/routers/5ddeb21e-3686-416a-bd0d-225dce344cca/remove_router_interface => generated 198 bytes in 102 msecs (HTTP/1.1 404) 4 headers in 164 bytes (1 switches on core 0) /var/lib/openstack/lib/python3.12/site-packages/pycadf/identifier.py:70: UserWarning: Invalid uuid: neutron. To ensure interoperability, identifiers should be a valid uuid. warnings.warn(('Invalid uuid: %s. To ensure interoperability, '
2026-05-05 22:17:10.406 7 INFO neutron_taas.services.taas.taas_plugin [None req-848dfa7a-b465-440e-b210-928dde31eddb 4f9c73968a8c4c069a9ec4f46d6c8b02 7e59744267bd4246a803e959ce889e87 - - default default] TaaS: Handle Delete Port: 55c2cae6-ef6a-464b-ba78-c62a7f9113fe
2026-05-05 22:17:10.410 7 INFO neutron_taas.services.taas.tap_mirror_plugin [None req-848dfa7a-b465-440e-b210-928dde31eddb 4f9c73968a8c4c069a9ec4f46d6c8b02 7e59744267bd4246a803e959ce889e87 - - default default] Tap Mirror: Handle Delete Port: 55c2cae6-ef6a-464b-ba78-c62a7f9113fe [pid: 7|app: 0|req: 1693/3413] 10.0.0.170 () {34 vars in 789 bytes} [Tue May 5 22:17:10 2026] PUT /v2.0/routers/5ddeb21e-3686-416a-bd0d-225dce344cca/remove_router_interface => generated 309 bytes in 774 msecs (HTTP/1.1 200) 4 headers in 157 bytes (1 switches on core 0)
2026-05-05 22:17:11.017 8 INFO neutron.api.v2.resource [None req-dc7f9b65-5843-4aaa-9bf2-98d07a434eb0 4f9c73968a8c4c069a9ec4f46d6c8b02 7e59744267bd4246a803e959ce889e87 - - default default] remove_router_interface failed (client error): The resource could not be found. [pid: 8|app: 0|req: 1721/3414] 10.0.0.170 () {34 vars in 789 bytes} [Tue May 5 22:17:10 2026] PUT /v2.0/routers/5ddeb21e-3686-416a-bd0d-225dce344cca/remove_router_interface => generated 198 bytes in 115 msecs (HTTP/1.1 404) 4 headers in 164 bytes (1 switches on core 0) /var/lib/openstack/lib/python3.12/site-packages/pycadf/identifier.py:70: UserWarning: Invalid uuid: neutron. To ensure interoperability, identifiers should be a valid uuid. warnings.warn(('Invalid uuid: %s. To ensure interoperability, '
2026-05-05 22:17:11.357 7 INFO neutron_taas.services.taas.taas_plugin [None req-f2a93fc2-1c7f-4914-9faf-b4f079f48e4e 4f9c73968a8c4c069a9ec4f46d6c8b02 7e59744267bd4246a803e959ce889e87 - - default default] TaaS: Handle Delete Port: 4893f5a7-6bb0-45a1-82cf-674b31509c00
2026-05-05 22:17:11.361 7 INFO neutron_taas.services.taas.tap_mirror_plugin [None req-f2a93fc2-1c7f-4914-9faf-b4f079f48e4e 4f9c73968a8c4c069a9ec4f46d6c8b02 7e59744267bd4246a803e959ce889e87 - - default default] Tap Mirror: Handle Delete Port: 4893f5a7-6bb0-45a1-82cf-674b31509c00 [pid: 7|app: 0|req: 1694/3415] 10.0.0.170 () {32 vars in 724 bytes} [Tue May 5 22:17:11 2026] DELETE /v2.0/routers/5ddeb21e-3686-416a-bd0d-225dce344cca => generated 0 bytes in 754 msecs (HTTP/1.1 204) 2 headers in 112 bytes (1 switches on core 0)
2026-05-05 22:17:11.799 8 INFO neutron.api.v2.resource [None req-87cb0368-ed43-445a-b0ef-40426c7508ae 4f9c73968a8c4c069a9ec4f46d6c8b02 7e59744267bd4246a803e959ce889e87 - - default default] show failed (client error): The resource could not be found. [pid: 8|app: 0|req: 1722/3416] 10.0.0.170 () {32 vars in 721 bytes} [Tue May 5 22:17:11 2026] GET /v2.0/routers/5ddeb21e-3686-416a-bd0d-225dce344cca => generated 135 bytes in 19 msecs (HTTP/1.1 404) 4 headers in 164 bytes (1 switches on core 0) [pid: 7|app: 0|req: 1695/3417] 10.0.0.170 () {32 vars in 724 bytes} [Tue May 5 22:17:11 2026] DELETE /v2.0/subnets/2f9bafc3-d877-4724-b678-035219bfe8ff => generated 0 bytes in 145 msecs (HTTP/1.1 204) 3 headers in 131 bytes (1 switches on core 0)
2026-05-05 22:17:11.973 8 INFO neutron.pecan_wsgi.hooks.translation [None req-2350e9d9-51ba-4081-a238-d1b0a395e644 4f9c73968a8c4c069a9ec4f46d6c8b02 7e59744267bd4246a803e959ce889e87 - - default default] GET failed (client error): The resource could not be found. [pid: 8|app: 0|req: 1723/3418] 10.0.0.170 () {32 vars in 721 bytes} [Tue May 5 22:17:11 2026] GET /v2.0/subnets/2f9bafc3-d877-4724-b678-035219bfe8ff => generated 136 bytes in 20 msecs (HTTP/1.1 404) 4 headers in 164 bytes (1 switches on core 0) [pid: 7|app: 0|req: 1696/3419] 10.0.0.170 () {32 vars in 724 bytes} [Tue May 5 22:17:11 2026] DELETE /v2.0/subnets/e80f9904-892d-4836-aa0a-84a5eb1e848e => generated 0 bytes in 167 msecs (HTTP/1.1 204) 3 headers in 131 bytes (1 switches on core 0)
2026-05-05 22:17:12.166 8 INFO neutron.pecan_wsgi.hooks.translation [None req-f7f9002c-2933-4a36-af45-4d3856874c0f 4f9c73968a8c4c069a9ec4f46d6c8b02 7e59744267bd4246a803e959ce889e87 - - default default] GET failed (client error): The resource could not be found. [pid: 8|app: 0|req: 1724/3420] 10.0.0.170 () {32 vars in 721 bytes} [Tue May 5 22:17:12 2026] GET /v2.0/subnets/e80f9904-892d-4836-aa0a-84a5eb1e848e => generated 136 bytes in 15 msecs (HTTP/1.1 404) 4 headers in 164 bytes (1 switches on core 0)
2026-05-05 22:17:12.287 7 INFO neutron_taas.services.taas.taas_plugin [None req-eeb7ac16-e79b-4788-8203-4f00e08fd001 4f9c73968a8c4c069a9ec4f46d6c8b02 7e59744267bd4246a803e959ce889e87 - - default default] TaaS: Handle Delete Port: 0632397d-f72a-49b6-b88b-424670b0f9c7
2026-05-05 22:17:12.289 7 INFO neutron_taas.services.taas.tap_mirror_plugin [None req-eeb7ac16-e79b-4788-8203-4f00e08fd001 4f9c73968a8c4c069a9ec4f46d6c8b02 7e59744267bd4246a803e959ce889e87 - - default default] Tap Mirror: Handle Delete Port: 0632397d-f72a-49b6-b88b-424670b0f9c7
2026-05-05 22:17:12.479 7 INFO neutron.services.segments.plugin [-] Segment 7b526607-f604-45fa-a09c-20d3a6722449 resource provider aggregate not found
2026-05-05 22:17:12.485 7 INFO neutron.services.segments.plugin [-] Segment 7b526607-f604-45fa-a09c-20d3a6722449 resource provider aggregate not found
2026-05-05 22:17:12.497 7 INFO neutron.services.segments.plugin [-] Segment 7b526607-f604-45fa-a09c-20d3a6722449 resource provider not found; error: Placement Client Error (4xx): {"errors": [{"status": 404, "title": "Not Found", "detail": "The resource could not be found.\n\n No resource provider with uuid 7b526607-f604-45fa-a09c-20d3a6722449 found for delete ", "request_id": "req-49786444-c613-4b31-b433-e9c3b2d13e79"}]}
2026-05-05 22:17:12.500 7 INFO neutron.services.segments.plugin [-] Segment 7b526607-f604-45fa-a09c-20d3a6722449 resource provider not found; error: Placement Client Error (4xx): {"errors": [{"status": 404, "title": "Not Found", "detail": "The resource could not be found.\n\n No resource provider with uuid 7b526607-f604-45fa-a09c-20d3a6722449 found for delete ", "request_id": "req-33a89566-4ec6-4c77-88bf-27e355e5a591"}]} [pid: 7|app: 0|req: 1697/3421] 10.0.0.170 () {32 vars in 726 bytes} [Tue May 5 22:17:12 2026] DELETE /v2.0/networks/5b511d75-a27d-4e84-9704-ad77bcc84a1f => generated 0 bytes in 372 msecs (HTTP/1.1 204) 3 headers in 131 bytes (1 switches on core 0)
2026-05-05 22:17:12.670 8 INFO neutron.pecan_wsgi.hooks.translation [None req-0356b843-d0fa-40e9-aaa6-5a793c06d84f 4f9c73968a8c4c069a9ec4f46d6c8b02 7e59744267bd4246a803e959ce889e87 - - default default] GET failed (client error): The resource could not be found. [pid: 8|app: 0|req: 1725/3422] 10.0.0.170 () {32 vars in 723 bytes} [Tue May 5 22:17:12 2026] GET /v2.0/networks/5b511d75-a27d-4e84-9704-ad77bcc84a1f => generated 138 bytes in 14 msecs (HTTP/1.1 404) 4 headers in 164 bytes (1 switches on core 0) [pid: 7|app: 0|req: 1698/3423] 10.0.0.170 () {32 vars in 724 bytes} [Tue May 5 22:17:12 2026] DELETE /v2.0/subnets/b0dd532b-f5af-454e-b005-8b7724a3dbc0 => generated 0 bytes in 124 msecs (HTTP/1.1 204) 3 headers in 131 bytes (1 switches on core 0)
2026-05-05 22:17:12.821 8 INFO neutron.pecan_wsgi.hooks.translation [None req-cdead8d5-5a51-492f-980f-fbe83df83015 4f9c73968a8c4c069a9ec4f46d6c8b02 7e59744267bd4246a803e959ce889e87 - - default default] GET failed (client error): The resource could not be found. [pid: 8|app: 0|req: 1726/3424] 10.0.0.170 () {32 vars in 721 bytes} [Tue May 5 22:17:12 2026] GET /v2.0/subnets/b0dd532b-f5af-454e-b005-8b7724a3dbc0 => generated 136 bytes in 17 msecs (HTTP/1.1 404) 4 headers in 164 bytes (1 switches on core 0) [pid: 7|app: 0|req: 1699/3425] 10.0.0.170 () {32 vars in 724 bytes} [Tue May 5 22:17:12 2026] DELETE /v2.0/subnets/f2f06801-3179-434a-bb1a-07b9dc26d5c6 => generated 0 bytes in 169 msecs (HTTP/1.1 204) 3 headers in 131 bytes (1 switches on core 0)
2026-05-05 22:17:13.014 8 INFO neutron.pecan_wsgi.hooks.translation [None req-4b85b8d3-6d00-4980-b6fa-aec76cd1bb46 4f9c73968a8c4c069a9ec4f46d6c8b02 7e59744267bd4246a803e959ce889e87 - - default default] GET failed (client error): The resource could not be found. [pid: 8|app: 0|req: 1727/3426] 10.0.0.170 () {32 vars in 721 bytes} [Tue May 5 22:17:13 2026] GET /v2.0/subnets/f2f06801-3179-434a-bb1a-07b9dc26d5c6 => generated 136 bytes in 15 msecs (HTTP/1.1 404) 4 headers in 164 bytes (1 switches on core 0)
2026-05-05 22:17:13.133 7 INFO neutron_taas.services.taas.taas_plugin [None req-b954f36e-d21b-418a-bee6-53d007bc610b 4f9c73968a8c4c069a9ec4f46d6c8b02 7e59744267bd4246a803e959ce889e87 - - default default] TaaS: Handle Delete Port: 6c59fbea-6aef-4405-8dd8-ff432d4a08d5
2026-05-05 22:17:13.136 7 INFO neutron_taas.services.taas.tap_mirror_plugin [None req-b954f36e-d21b-418a-bee6-53d007bc610b 4f9c73968a8c4c069a9ec4f46d6c8b02 7e59744267bd4246a803e959ce889e87 - - default default] Tap Mirror: Handle Delete Port: 6c59fbea-6aef-4405-8dd8-ff432d4a08d5 [pid: 7|app: 0|req: 1700/3427] 10.0.0.170 () {32 vars in 726 bytes} [Tue May 5 22:17:13 2026] DELETE /v2.0/networks/8633390a-0aca-49a0-83bd-8ec557bad9c0 => generated 0 bytes in 334 msecs (HTTP/1.1 204) 3 headers in 131 bytes (1 switches on core 0)
2026-05-05 22:17:13.374 8 INFO neutron.pecan_wsgi.hooks.translation [None req-687afaf1-344b-4348-ba78-0d2f697e6301 4f9c73968a8c4c069a9ec4f46d6c8b02 7e59744267bd4246a803e959ce889e87 - - default default] GET failed (client error): The resource could not be found. [pid: 8|app: 0|req: 1728/3428] 10.0.0.170 () {32 vars in 723 bytes} [Tue May 5 22:17:13 2026] GET /v2.0/networks/8633390a-0aca-49a0-83bd-8ec557bad9c0 => generated 138 bytes in 16 msecs (HTTP/1.1 404) 4 headers in 164 bytes (1 switches on core 0) [pid: 7|app: 0|req: 1701/3429] 10.0.0.170 () {32 vars in 724 bytes} [Tue May 5 22:17:13 2026] DELETE /v2.0/subnets/4dc9ef08-2d99-4ef4-bfdb-f47804cc02d9 => generated 0 bytes in 117 msecs (HTTP/1.1 204) 3 headers in 131 bytes (1 switches on core 0)
2026-05-05 22:17:13.516 8 INFO neutron.pecan_wsgi.hooks.translation [None req-3b3dcb70-277f-470a-9c83-a5355b66583e 4f9c73968a8c4c069a9ec4f46d6c8b02 7e59744267bd4246a803e959ce889e87 - - default default] GET failed (client error): The resource could not be found. [pid: 8|app: 0|req: 1729/3430] 10.0.0.170 () {32 vars in 721 bytes} [Tue May 5 22:17:13 2026] GET /v2.0/subnets/4dc9ef08-2d99-4ef4-bfdb-f47804cc02d9 => generated 136 bytes in 16 msecs (HTTP/1.1 404) 4 headers in 164 bytes (1 switches on core 0) [pid: 7|app: 0|req: 1702/3431] 10.0.0.170 () {32 vars in 724 bytes} [Tue May 5 22:17:13 2026] DELETE /v2.0/subnets/42e680dd-a630-43a6-89c8-520d8782d035 => generated 0 bytes in 165 msecs (HTTP/1.1 204) 3 headers in 131 bytes (1 switches on core 0)
2026-05-05 22:17:13.707 8 INFO neutron.pecan_wsgi.hooks.translation [None req-1ad19cb4-ede4-4109-b67d-3a1e8dd6db57 4f9c73968a8c4c069a9ec4f46d6c8b02 7e59744267bd4246a803e959ce889e87 - - default default] GET failed (client error): The resource could not be found. [pid: 8|app: 0|req: 1730/3432] 10.0.0.170 () {32 vars in 721 bytes} [Tue May 5 22:17:13 2026] GET /v2.0/subnets/42e680dd-a630-43a6-89c8-520d8782d035 => generated 136 bytes in 16 msecs (HTTP/1.1 404) 4 headers in 164 bytes (1 switches on core 0)
2026-05-05 22:17:13.820 7 INFO neutron_taas.services.taas.taas_plugin [None req-79741703-fbd1-4c1a-8aa7-b97586141024 4f9c73968a8c4c069a9ec4f46d6c8b02 7e59744267bd4246a803e959ce889e87 - - default default] TaaS: Handle Delete Port: cabebfb5-9f9c-447b-932b-061ce63ad36c
2026-05-05 22:17:13.823 7 INFO neutron_taas.services.taas.tap_mirror_plugin [None req-79741703-fbd1-4c1a-8aa7-b97586141024 4f9c73968a8c4c069a9ec4f46d6c8b02 7e59744267bd4246a803e959ce889e87 - - default default] Tap Mirror: Handle Delete Port: cabebfb5-9f9c-447b-932b-061ce63ad36c [pid: 7|app: 0|req: 1703/3433] 10.0.0.170 () {32 vars in 726 bytes} [Tue May 5 22:17:13 2026] DELETE /v2.0/networks/bdd74560-4de9-4e1d-a032-27f58a5446bf => generated 0 bytes in 359 msecs (HTTP/1.1 204) 3 headers in 131 bytes (1 switches on core 0)
2026-05-05 22:17:14.092 8 INFO neutron.pecan_wsgi.hooks.translation [None req-525287b4-f417-4765-92eb-8ca083f59bf0 4f9c73968a8c4c069a9ec4f46d6c8b02 7e59744267bd4246a803e959ce889e87 - - default default] GET failed (client error): The resource could not be found. [pid: 8|app: 0|req: 1731/3434] 10.0.0.170 () {32 vars in 723 bytes} [Tue May 5 22:17:14 2026] GET /v2.0/networks/bdd74560-4de9-4e1d-a032-27f58a5446bf => generated 138 bytes in 18 msecs (HTTP/1.1 404) 4 headers in 164 bytes (1 switches on core 0)
2026-05-05 22:17:14.518 7 INFO neutron.services.segments.plugin [-] Segment 9bb4f824-001a-4203-9e8d-a9548a61e405 resource provider aggregate not found
2026-05-05 22:17:14.520 7 INFO neutron.services.segments.plugin [-] Segment 9bb4f824-001a-4203-9e8d-a9548a61e405 resource provider aggregate not found
2026-05-05 22:17:14.534 7 INFO neutron.services.segments.plugin [-] Segment 9bb4f824-001a-4203-9e8d-a9548a61e405 resource provider not found; error: Placement Client Error (4xx): {"errors": [{"status": 404, "title": "Not Found", "detail": "The resource could not be found.\n\n No resource provider with uuid 9bb4f824-001a-4203-9e8d-a9548a61e405 found for delete ", "request_id": "req-82ddc470-2bb7-4be9-9a2e-467e246217f0"}]}
2026-05-05 22:17:14.539 7 INFO neutron.services.segments.plugin [-] Segment 9bb4f824-001a-4203-9e8d-a9548a61e405 resource provider not found; error: Placement Client Error (4xx): {"errors": [{"status": 404, "title": "Not Found", "detail": "The resource could not be found.\n\n No resource provider with uuid 9bb4f824-001a-4203-9e8d-a9548a61e405 found for delete ", "request_id": "req-ea242639-fc20-4da1-8255-bf4914d14272"}]}
2026-05-05 22:17:14.554 7 INFO neutron.services.segments.plugin [-] Segment 8f98de76-9fc5-4493-81c5-3c3bdf5c7fd0 resource provider aggregate not found
2026-05-05 22:17:14.562 7 INFO neutron.services.segments.plugin [-] Segment 8f98de76-9fc5-4493-81c5-3c3bdf5c7fd0 resource provider aggregate not found
2026-05-05 22:17:14.580 7 INFO neutron.services.segments.plugin [-] Segment 8f98de76-9fc5-4493-81c5-3c3bdf5c7fd0 resource provider not found; error: Placement Client Error (4xx): {"errors": [{"status": 404, "title": "Not Found", "detail": "The resource could not be found.\n\n No resource provider with uuid 8f98de76-9fc5-4493-81c5-3c3bdf5c7fd0 found for delete ", "request_id": "req-6dadda10-bed4-4d3d-b30e-8566c0c2703f"}]}
2026-05-05 22:17:14.581 7 INFO neutron.services.segments.plugin [-] Segment 8f98de76-9fc5-4493-81c5-3c3bdf5c7fd0 resource provider not found; error: Placement Client Error (4xx): {"errors": [{"status": 404, "title": "Not Found", "detail": "The resource could not be found.\n\n No resource provider with uuid 8f98de76-9fc5-4493-81c5-3c3bdf5c7fd0 found for delete ", "request_id": "req-7597c7c4-2ed6-4fe5-8d9c-9c6922298584"}]} [pid: 7|app: 0|req: 1704/3435] 10.0.0.227 () {28 vars in 583 bytes} [Tue May 5 22:17:14 2026] GET /v2.0/subnets => generated 1308 bytes in 195 msecs (HTTP/1.1 200) 4 headers in 158 bytes (1 switches on core 0) [pid: 8|app: 0|req: 1732/3436] 10.0.0.227 () {28 vars in 591 bytes} [Tue May 5 22:17:14 2026] GET /v2.0/subnetpools => generated 19 bytes in 16 msecs (HTTP/1.1 200) 4 headers in 156 bytes (1 switches on core 0) [pid: 7|app: 0|req: 1705/3437] 10.0.0.227 () {28 vars in 583 bytes} [Tue May 5 22:17:14 2026] GET /v2.0/subnets => generated 1308 bytes in 31 msecs (HTTP/1.1 200) 4 headers in 158 bytes (1 switches on core 0) [pid: 8|app: 0|req: 1733/3438] 10.0.0.227 () {28 vars in 585 bytes} [Tue May 5 22:17:14 2026] GET /v2.0/networks => generated 2288 bytes in 52 msecs (HTTP/1.1 200) 4 headers in 158 bytes (1 switches on core 0) [pid: 7|app: 0|req: 1706/3439] 10.0.0.227 () {28 vars in 579 bytes} [Tue May 5 22:17:14 2026] GET /v2.0/ports => generated 5171 bytes in 48 msecs (HTTP/1.1 200) 4 headers in 158 bytes (1 switches on core 0) [pid: 8|app: 0|req: 1734/3440] 10.0.0.227 () {28 vars in 583 bytes} [Tue May 5 22:17:14 2026] GET /v2.0/routers => generated 15 bytes in 24 msecs (HTTP/1.1 200) 4 headers in 156 bytes (1 switches on core 0) [pid: 7|app: 0|req: 1707/3441] 10.0.0.227 () {28 vars in 624 bytes} [Tue May 5 22:17:14 2026] GET /v2.0/agents?binary=ovn-controller => generated 416 bytes in 15 msecs (HTTP/1.1 200) 4 headers in 157 bytes (1 switches on core 0) [pid: 8|app: 0|req: 1735/3442] 10.0.0.227 () {28 vars in 581 bytes} [Tue May 5 22:17:14 2026] GET /v2.0/agents => generated 1214 bytes in 15 msecs (HTTP/1.1 200) 4 headers in 158 bytes (1 switches on core 0) [pid: 7|app: 0|req: 1708/3443] 10.0.0.227 () {28 vars in 619 bytes} [Tue May 5 22:17:14 2026] GET /v2.0/network-ip-availabilities => generated 1104 bytes in 18 msecs (HTTP/1.1 200) 4 headers in 158 bytes (1 switches on core 0) [pid: 8|app: 0|req: 1736/3444] 10.0.0.227 () {28 vars in 591 bytes} [Tue May 5 22:17:15 2026] GET /v2.0/floatingips => generated 19 bytes in 22 msecs (HTTP/1.1 200) 4 headers in 156 bytes (1 switches on core 0) [pid: 7|app: 0|req: 1709/3445] 10.0.0.227 () {28 vars in 599 bytes} [Tue May 5 22:17:15 2026] GET /v2.0/security-groups => generated 20301 bytes in 41 msecs (HTTP/1.1 200) 4 headers in 159 bytes (1 switches on core 0)
2026-05-05 22:17:16.273 8 INFO neutron.db.ovn_revision_numbers_db [None req-d6bf773b-8136-4136-ab25-f9f2b62d9903 ed593dd7ed3e4d7caaa880fd7aff9166 8a4621ab5a76438fbbbe1d840dc83b87 - - default default] Successfully bumped revision number for resource 0b207449-9b55-4d52-9549-956a3a2a0dd9 (type: security_groups) to 1
2026-05-05 22:17:16.284 8 INFO neutron.db.ovn_revision_numbers_db [None req-d6bf773b-8136-4136-ab25-f9f2b62d9903 ed593dd7ed3e4d7caaa880fd7aff9166 8a4621ab5a76438fbbbe1d840dc83b87 - - default default] Successfully bumped revision number for resource 43846a9b-6daf-4c0f-8035-611eab92b513 (type: security_group_rules) to 0
2026-05-05 22:17:16.296 8 INFO neutron.db.ovn_revision_numbers_db [None req-d6bf773b-8136-4136-ab25-f9f2b62d9903 ed593dd7ed3e4d7caaa880fd7aff9166 8a4621ab5a76438fbbbe1d840dc83b87 - - default default] Successfully bumped revision number for resource 5ad0d807-7d21-449d-a122-6dfbad77c33d (type: security_group_rules) to 0
2026-05-05 22:17:16.307 8 INFO neutron.db.ovn_revision_numbers_db [None req-d6bf773b-8136-4136-ab25-f9f2b62d9903 ed593dd7ed3e4d7caaa880fd7aff9166 8a4621ab5a76438fbbbe1d840dc83b87 - - default default] Successfully bumped revision number for resource 89c41f3a-bad8-46b8-b8e6-3a07615c36a8 (type: security_group_rules) to 0
2026-05-05 22:17:16.318 8 INFO neutron.db.ovn_revision_numbers_db [None req-d6bf773b-8136-4136-ab25-f9f2b62d9903 ed593dd7ed3e4d7caaa880fd7aff9166 8a4621ab5a76438fbbbe1d840dc83b87 - - default default] Successfully bumped revision number for resource ac8a6bce-f19f-4344-91a8-2db5c88de718 (type: security_group_rules) to 0 [pid: 8|app: 0|req: 1737/3446] 10.0.0.170 () {32 vars in 774 bytes} [Tue May 5 22:17:15 2026] GET /v2.0/security-groups?tenant_id=b41910c9d8254083909312ddcdb134fb&name=default => generated 2929 bytes in 383 msecs (HTTP/1.1 200) 4 headers in 158 bytes (1 switches on core 0) [pid: 7|app: 0|req: 1710/3447] 10.0.0.170 () {32 vars in 740 bytes} [Tue May 5 22:17:16 2026] DELETE /v2.0/security-groups/0b207449-9b55-4d52-9549-956a3a2a0dd9 => generated 0 bytes in 214 msecs (HTTP/1.1 204) 2 headers in 112 bytes (1 switches on core 0)
2026-05-05 22:17:16.782 8 INFO neutron.db.ovn_revision_numbers_db [None req-cec93590-2802-48ec-995b-167838d6ac94 ed593dd7ed3e4d7caaa880fd7aff9166 8a4621ab5a76438fbbbe1d840dc83b87 - - default default] Successfully bumped revision number for resource c0a695c1-7496-4b40-8876-8e5586c86f88 (type: security_groups) to 1
2026-05-05 22:17:16.793 8 INFO neutron.db.ovn_revision_numbers_db [None req-cec93590-2802-48ec-995b-167838d6ac94 ed593dd7ed3e4d7caaa880fd7aff9166 8a4621ab5a76438fbbbe1d840dc83b87 - - default default] Successfully bumped revision number for resource 549816a0-5191-4f95-b0ae-7ec04fd8e1da (type: security_group_rules) to 0
2026-05-05 22:17:16.805 8 INFO neutron.db.ovn_revision_numbers_db [None req-cec93590-2802-48ec-995b-167838d6ac94 ed593dd7ed3e4d7caaa880fd7aff9166 8a4621ab5a76438fbbbe1d840dc83b87 - - default default] Successfully bumped revision number for resource 64c3d0dd-2880-4334-b766-96c127fa39e6 (type: security_group_rules) to 0
2026-05-05 22:17:16.815 8 INFO neutron.db.ovn_revision_numbers_db [None req-cec93590-2802-48ec-995b-167838d6ac94 ed593dd7ed3e4d7caaa880fd7aff9166 8a4621ab5a76438fbbbe1d840dc83b87 - - default default] Successfully bumped revision number for resource 99a68941-6c24-4634-9580-151138a4ff8b (type: security_group_rules) to 0
