2026-05-05 22:10:58.761 7 WARNING neutron.api.rpc.agentnotifiers.dhcp_rpc_agent_api [None req-94904fa0-8616-4507-a434-72f851dca7ae 039c4531e0f542bc84d11d336f8fef64 bcf27b0d217d4e11807d59489df9ec1d - - default default] Unable to schedule network 003c7184-3655-4c26-a90c-5ca10d79fedd: no agents available; will retry on subsequent port and subnet creation events.
2026-05-05 22:10:58.837 8 INFO neutron.plugins.ml2.drivers.ovn.mech_driver.mech_driver [None req-970b093f-2990-4a10-ac89-c37463174a6c - - - - - -] OVN reports status down for port: 0c478192-e573-4277-9ecf-762982411b98
2026-05-05 22:10:58.851 7 INFO neutron.db.ovn_revision_numbers_db [None req-94904fa0-8616-4507-a434-72f851dca7ae 039c4531e0f542bc84d11d336f8fef64 bcf27b0d217d4e11807d59489df9ec1d - - default default] Successfully bumped revision number for resource 0c478192-e573-4277-9ecf-762982411b98 (type: ports) to 1 [pid: 7|app: 0|req: 758/1424] 10.0.0.170 () {34 vars in 670 bytes} [Tue May 5 22:10:58 2026] POST /v2.0/networks => generated 653 bytes in 581 msecs (HTTP/1.1 201) 4 headers in 162 bytes (1 switches on core 0)
2026-05-05 22:10:58.947 8 INFO neutron.db.ovn_revision_numbers_db [None req-7c57f1b0-c6b5-4e81-948b-b5b1e8ec7fb5 9efddb3d50884303b8aae08fe87e165f 1c40ecc16e34406aac0305a29ba6915f - - default default] Successfully bumped revision number for resource a6116cc9-8602-4c23-9ba9-4221fb43bd6c (type: networks) to 2 [pid: 8|app: 0|req: 667/1425] 10.0.0.170 () {34 vars in 743 bytes} [Tue May 5 22:10:58 2026] PUT /v2.0/networks/a6116cc9-8602-4c23-9ba9-4221fb43bd6c => generated 636 bytes in 202 msecs (HTTP/1.1 200) 4 headers in 157 bytes (1 switches on core 0)
2026-05-05 22:10:59.065 7 WARNING neutron.scheduler.dhcp_agent_scheduler [None req-80568079-7001-49a2-b861-345a15b23e82 d5e3ce4bde9141779dc578f206f5a8d4 9c3f3c5c2f5b4f26a7131353be66bf5b - - default default] No more DHCP agents
2026-05-05 22:10:59.066 7 WARNING neutron.api.rpc.agentnotifiers.dhcp_rpc_agent_api [None req-80568079-7001-49a2-b861-345a15b23e82 d5e3ce4bde9141779dc578f206f5a8d4 9c3f3c5c2f5b4f26a7131353be66bf5b - - default default] Unable to schedule network 52908a3c-d80a-4696-9a04-ffdc5a6ee6fa: no agents available; will retry on subsequent port and subnet creation events.
2026-05-05 22:10:59.147 8 WARNING neutron.scheduler.dhcp_agent_scheduler [None req-e516663c-9943-4584-934e-a5a57e4c4dd3 039c4531e0f542bc84d11d336f8fef64 bcf27b0d217d4e11807d59489df9ec1d - - default default] No more DHCP agents
2026-05-05 22:10:59.150 8 WARNING neutron.api.rpc.agentnotifiers.dhcp_rpc_agent_api [None req-e516663c-9943-4584-934e-a5a57e4c4dd3 039c4531e0f542bc84d11d336f8fef64 bcf27b0d217d4e11807d59489df9ec1d - - default default] Unable to schedule network 003c7184-3655-4c26-a90c-5ca10d79fedd: no agents available; will retry on subsequent port and subnet creation events.
2026-05-05 22:10:59.186 8 INFO neutron.db.ovn_revision_numbers_db [None req-e516663c-9943-4584-934e-a5a57e4c4dd3 039c4531e0f542bc84d11d336f8fef64 bcf27b0d217d4e11807d59489df9ec1d - - default default] Successfully bumped revision number for resource 4ec04244-448c-49ba-a59e-4f28d59a09ff (type: subnets) to 0 [pid: 8|app: 0|req: 668/1426] 10.0.0.170 () {34 vars in 669 bytes} [Tue May 5 22:10:58 2026] POST /v2.0/subnets => generated 646 bytes in 247 msecs (HTTP/1.1 201) 4 headers in 162 bytes (1 switches on core 0)
2026-05-05 22:10:59.375 8 WARNING neutron.scheduler.dhcp_agent_scheduler [None req-d2de91b8-fe30-402d-97a6-939bf354dc1c 9efddb3d50884303b8aae08fe87e165f 1c40ecc16e34406aac0305a29ba6915f - - default default] No more DHCP agents
2026-05-05 22:10:59.376 8 WARNING neutron.api.rpc.agentnotifiers.dhcp_rpc_agent_api [None req-d2de91b8-fe30-402d-97a6-939bf354dc1c 9efddb3d50884303b8aae08fe87e165f 1c40ecc16e34406aac0305a29ba6915f - - default default] Unable to schedule network a6116cc9-8602-4c23-9ba9-4221fb43bd6c: no agents available; will retry on subsequent port and subnet creation events.
2026-05-05 22:10:59.506 7 INFO neutron.db.ovn_revision_numbers_db [None req-993f2785-106c-418f-a591-68153f2f348a - - - - - -] Successfully bumped revision number for resource a5b487d7-7dbf-43d0-89fa-d2df347ed85b (type: ports) to 2
2026-05-05 22:10:59.537 7 INFO neutron.db.ovn_revision_numbers_db [None req-993f2785-106c-418f-a591-68153f2f348a - - - - - -] Successfully bumped revision number for resource 821ad2af-8fd7-41be-9eb8-2fbe859ae6c2 (type: subnets) to 0 [pid: 7|app: 0|req: 759/1427] 10.0.0.170 () {34 vars in 669 bytes} [Tue May 5 22:10:58 2026] POST /v2.0/subnets => generated 626 bytes in 681 msecs (HTTP/1.1 201) 4 headers in 162 bytes (1 switches on core 0)
2026-05-05 22:10:59.774 8 INFO neutron.db.ovn_revision_numbers_db [None req-262fa0ab-3b9b-4e71-be7e-5a2ca39efbf2 - - - - - -] Successfully bumped revision number for resource e8a4c0c3-e52b-454a-878a-f29e3588e97c (type: ports) to 2
2026-05-05 22:10:59.808 8 INFO neutron.db.ovn_revision_numbers_db [None req-262fa0ab-3b9b-4e71-be7e-5a2ca39efbf2 - - - - - -] Successfully bumped revision number for resource 3f6ed096-6f5c-4427-b9db-80eee68242e9 (type: subnets) to 0 [pid: 8|app: 0|req: 669/1428] 10.0.0.170 () {34 vars in 669 bytes} [Tue May 5 22:10:59 2026] POST /v2.0/subnets => generated 626 bytes in 623 msecs (HTTP/1.1 201) 4 headers in 162 bytes (1 switches on core 0)
2026-05-05 22:10:59.859 7 WARNING neutron.scheduler.dhcp_agent_scheduler [None req-44da3615-8ebd-4b38-98f7-fce24c43c5b1 039c4531e0f542bc84d11d336f8fef64 bcf27b0d217d4e11807d59489df9ec1d - - default default] No more DHCP agents
2026-05-05 22:10:59.860 7 WARNING neutron.api.rpc.agentnotifiers.dhcp_rpc_agent_api [None req-44da3615-8ebd-4b38-98f7-fce24c43c5b1 039c4531e0f542bc84d11d336f8fef64 bcf27b0d217d4e11807d59489df9ec1d - - default default] Unable to schedule network 003c7184-3655-4c26-a90c-5ca10d79fedd: no agents available; will retry on subsequent port and subnet creation events.
2026-05-05 22:10:59.953 7 INFO neutron.plugins.ml2.drivers.ovn.mech_driver.mech_driver [None req-d78297e9-a6f1-424c-bf91-67a43ab5c19b - - - - - -] OVN reports status down for port: a4f8a6e1-142c-4408-a021-4b30262e04ec
2026-05-05 22:11:00.011 7 INFO neutron.db.ovn_revision_numbers_db [None req-44da3615-8ebd-4b38-98f7-fce24c43c5b1 039c4531e0f542bc84d11d336f8fef64 bcf27b0d217d4e11807d59489df9ec1d - - default default] Successfully bumped revision number for resource a4f8a6e1-142c-4408-a021-4b30262e04ec (type: ports) to 1
2026-05-05 22:11:00.019 8 WARNING neutron.scheduler.dhcp_agent_scheduler [None req-91fe6e8c-bf9d-4dd7-a6c2-8302966a5893 d5e3ce4bde9141779dc578f206f5a8d4 9c3f3c5c2f5b4f26a7131353be66bf5b - - default default] No more DHCP agents
2026-05-05 22:11:00.021 8 WARNING neutron.api.rpc.agentnotifiers.dhcp_rpc_agent_api [None req-91fe6e8c-bf9d-4dd7-a6c2-8302966a5893 d5e3ce4bde9141779dc578f206f5a8d4 9c3f3c5c2f5b4f26a7131353be66bf5b - - default default] Unable to schedule network ce672517-9dbf-4756-b1b7-1f11735c415e: no agents available; will retry on subsequent port and subnet creation events. [pid: 7|app: 0|req: 760/1429] 10.0.0.170 () {34 vars in 665 bytes} [Tue May 5 22:10:59 2026] POST /v2.0/ports => generated 966 bytes in 539 msecs (HTTP/1.1 201) 4 headers in 162 bytes (1 switches on core 0) /var/lib/openstack/lib/python3.12/site-packages/pycadf/identifier.py:70: UserWarning: Invalid uuid: neutron. To ensure interoperability, identifiers should be a valid uuid. warnings.warn(('Invalid uuid: %s. To ensure interoperability, '
2026-05-05 22:11:00.316 7 INFO neutron.db.ovn_revision_numbers_db [None req-97e2ce38-1bb1-45fe-b89b-31ca77db03fb 9efddb3d50884303b8aae08fe87e165f 1c40ecc16e34406aac0305a29ba6915f - - default default] Successfully bumped revision number for resource 3f6ed096-6f5c-4427-b9db-80eee68242e9 (type: subnets) to 1 [pid: 7|app: 0|req: 761/1430] 10.0.0.170 () {34 vars in 741 bytes} [Tue May 5 22:11:00 2026] PUT /v2.0/subnets/3f6ed096-6f5c-4427-b9db-80eee68242e9 => generated 636 bytes in 227 msecs (HTTP/1.1 200) 4 headers in 157 bytes (1 switches on core 0) [pid: 7|app: 0|req: 762/1431] 10.0.0.21 () {34 vars in 989 bytes} [Tue May 5 22:11:00 2026] GET /v2.0/ports?device_id=e96353ee-a1f2-43ce-8fc3-bc53e5583eb4 => generated 971 bytes in 94 msecs (HTTP/1.1 200) 4 headers in 157 bytes (1 switches on core 0)
2026-05-05 22:11:00.422 8 INFO neutron.db.ovn_revision_numbers_db [None req-7b1fc766-f903-4ccb-8d48-d2eaf28bb48c - - - - - -] Successfully bumped revision number for resource dce1cd06-a1f5-4f91-90d8-cdd9fb802394 (type: ports) to 2
2026-05-05 22:11:00.460 8 INFO neutron.db.ovn_revision_numbers_db [None req-7b1fc766-f903-4ccb-8d48-d2eaf28bb48c - - - - - -] Successfully bumped revision number for resource 3042f868-3bcd-43de-b38f-cbc45e5b2891 (type: subnets) to 0 [pid: 8|app: 0|req: 670/1432] 10.0.0.170 () {34 vars in 669 bytes} [Tue May 5 22:10:59 2026] POST /v2.0/subnets => generated 626 bytes in 653 msecs (HTTP/1.1 201) 4 headers in 162 bytes (1 switches on core 0)
2026-05-05 22:11:00.541 7 INFO neutron_taas.services.taas.taas_plugin [None req-a34d20ea-4d22-490f-9346-7104ae370d15 039c4531e0f542bc84d11d336f8fef64 bcf27b0d217d4e11807d59489df9ec1d - - default default] TaaS: Handle Delete Port: a4f8a6e1-142c-4408-a021-4b30262e04ec
2026-05-05 22:11:00.544 7 INFO neutron_taas.services.taas.tap_mirror_plugin [None req-a34d20ea-4d22-490f-9346-7104ae370d15 039c4531e0f542bc84d11d336f8fef64 bcf27b0d217d4e11807d59489df9ec1d - - default default] Tap Mirror: Handle Delete Port: a4f8a6e1-142c-4408-a021-4b30262e04ec
2026-05-05 22:11:00.606 8 INFO neutron_taas.services.taas.taas_plugin [None req-a2cdd22a-d1f8-4149-9544-99a1c074dbf4 9efddb3d50884303b8aae08fe87e165f 1c40ecc16e34406aac0305a29ba6915f - - default default] TaaS: Handle Delete Port: e8a4c0c3-e52b-454a-878a-f29e3588e97c
2026-05-05 22:11:00.609 8 INFO neutron_taas.services.taas.tap_mirror_plugin [None req-a2cdd22a-d1f8-4149-9544-99a1c074dbf4 9efddb3d50884303b8aae08fe87e165f 1c40ecc16e34406aac0305a29ba6915f - - default default] Tap Mirror: Handle Delete Port: e8a4c0c3-e52b-454a-878a-f29e3588e97c [pid: 7|app: 0|req: 763/1433] 10.0.0.170 () {32 vars in 720 bytes} [Tue May 5 22:11:00 2026] DELETE /v2.0/ports/a4f8a6e1-142c-4408-a021-4b30262e04ec => generated 0 bytes in 266 msecs (HTTP/1.1 204) 3 headers in 131 bytes (1 switches on core 0) [pid: 7|app: 0|req: 764/1434] 10.0.0.21 () {34 vars in 1039 bytes} [Tue May 5 22:11:00 2026] GET /v2.0/security-groups?id=038161e7-7b99-4123-a81d-1622290e8fbf&fields=id&fields=name => generated 113 bytes in 27 msecs (HTTP/1.1 200) 4 headers in 157 bytes (1 switches on core 0)
2026-05-05 22:11:00.824 7 INFO neutron.db.ovn_revision_numbers_db [None req-e4b4eea5-5358-4378-9b5b-465dfab53e9c d5e3ce4bde9141779dc578f206f5a8d4 9c3f3c5c2f5b4f26a7131353be66bf5b - - default default] Successfully bumped revision number for resource d7b3c8e8-cebf-437b-a2ac-84a324e82656 (type: routers) to 1 [pid: 7|app: 0|req: 765/1435] 10.0.0.170 () {34 vars in 669 bytes} [Tue May 5 22:11:00 2026] POST /v2.0/routers => generated 603 bytes in 132 msecs (HTTP/1.1 201) 4 headers in 162 bytes (1 switches on core 0)
2026-05-05 22:11:00.857 7 INFO neutron.pecan_wsgi.hooks.translation [None req-247ef48c-3c42-4ebe-aa2b-46a63d3df15c 039c4531e0f542bc84d11d336f8fef64 bcf27b0d217d4e11807d59489df9ec1d - - default default] DELETE failed (client error): The resource could not be found. [pid: 7|app: 0|req: 766/1436] 10.0.0.170 () {32 vars in 720 bytes} [Tue May 5 22:11:00 2026] DELETE /v2.0/ports/a4f8a6e1-142c-4408-a021-4b30262e04ec => generated 132 bytes in 16 msecs (HTTP/1.1 404) 4 headers in 164 bytes (1 switches on core 0)
2026-05-05 22:11:00.919 8 INFO neutron.services.segments.plugin [-] Segment 5f2c747c-add9-4cee-a8a8-29f2755729bd resource provider aggregate not found
2026-05-05 22:11:00.921 8 INFO neutron.services.segments.plugin [-] Segment 5f2c747c-add9-4cee-a8a8-29f2755729bd resource provider aggregate not found
2026-05-05 22:11:00.945 8 INFO neutron.services.segments.plugin [-] Segment 5f2c747c-add9-4cee-a8a8-29f2755729bd resource provider not found; error: Placement Client Error (4xx): {"errors": [{"status": 404, "title": "Not Found", "detail": "The resource could not be found.\n\n No resource provider with uuid 5f2c747c-add9-4cee-a8a8-29f2755729bd found for delete ", "request_id": "req-8f5a3d1c-dae5-4e51-80f2-f5689e6bffe9"}]}
2026-05-05 22:11:00.947 8 INFO neutron.services.segments.plugin [-] Segment 5f2c747c-add9-4cee-a8a8-29f2755729bd resource provider not found; error: Placement Client Error (4xx): {"errors": [{"status": 404, "title": "Not Found", "detail": "The resource could not be found.\n\n No resource provider with uuid 5f2c747c-add9-4cee-a8a8-29f2755729bd found for delete ", "request_id": "req-bad6c743-fb43-4f6b-9308-fcc93859c35e"}]} [pid: 8|app: 0|req: 671/1437] 10.0.0.170 () {32 vars in 726 bytes} [Tue May 5 22:11:00 2026] DELETE /v2.0/networks/a6116cc9-8602-4c23-9ba9-4221fb43bd6c => generated 0 bytes in 494 msecs (HTTP/1.1 204) 3 headers in 131 bytes (1 switches on core 0)
2026-05-05 22:11:00.990 8 INFO neutron.pecan_wsgi.hooks.translation [None req-d5c33803-f3ee-477b-a576-28e3b801ba4e 039c4531e0f542bc84d11d336f8fef64 bcf27b0d217d4e11807d59489df9ec1d - - default default] GET failed (client error): The resource could not be found. [pid: 8|app: 0|req: 672/1438] 10.0.0.170 () {32 vars in 717 bytes} [Tue May 5 22:11:00 2026] GET /v2.0/ports/a4f8a6e1-142c-4408-a021-4b30262e04ec => generated 132 bytes in 17 msecs (HTTP/1.1 404) 4 headers in 164 bytes (1 switches on core 0) [pid: 8|app: 0|req: 673/1439] 10.0.0.21 () {34 vars in 989 bytes} [Tue May 5 22:11:00 2026] GET /v2.0/ports?device_id=e96353ee-a1f2-43ce-8fc3-bc53e5583eb4 => generated 971 bytes in 77 msecs (HTTP/1.1 200) 4 headers in 157 bytes (1 switches on core 0)
2026-05-05 22:11:01.079 8 INFO neutron.pecan_wsgi.hooks.translation [None req-f632d1f9-6f33-4363-ac38-6270c622c432 9efddb3d50884303b8aae08fe87e165f 1c40ecc16e34406aac0305a29ba6915f - - default default] DELETE failed (client error): The resource could not be found. [pid: 8|app: 0|req: 674/1440] 10.0.0.170 () {32 vars in 726 bytes} [Tue May 5 22:11:01 2026] DELETE /v2.0/networks/a6116cc9-8602-4c23-9ba9-4221fb43bd6c => generated 138 bytes in 13 msecs (HTTP/1.1 404) 4 headers in 164 bytes (1 switches on core 0)
2026-05-05 22:11:01.196 7 WARNING neutron.scheduler.dhcp_agent_scheduler [None req-eeb52dc1-f504-4c64-9d60-616b05dd7c0b d5e3ce4bde9141779dc578f206f5a8d4 9c3f3c5c2f5b4f26a7131353be66bf5b - - default default] No more DHCP agents
2026-05-05 22:11:01.198 7 WARNING neutron.api.rpc.agentnotifiers.dhcp_rpc_agent_api [None req-eeb52dc1-f504-4c64-9d60-616b05dd7c0b d5e3ce4bde9141779dc578f206f5a8d4 9c3f3c5c2f5b4f26a7131353be66bf5b - - default default] Unable to schedule network 52908a3c-d80a-4696-9a04-ffdc5a6ee6fa: no agents available; will retry on subsequent port and subnet creation events. [pid: 8|app: 0|req: 675/1441] 10.0.0.170 () {32 vars in 724 bytes} [Tue May 5 22:11:01 2026] DELETE /v2.0/subnets/4ec04244-448c-49ba-a59e-4f28d59a09ff => generated 0 bytes in 124 msecs (HTTP/1.1 204) 3 headers in 131 bytes (1 switches on core 0) [pid: 8|app: 0|req: 676/1442] 10.0.0.21 () {34 vars in 1039 bytes} [Tue May 5 22:11:01 2026] GET /v2.0/security-groups?id=038161e7-7b99-4123-a81d-1622290e8fbf&fields=id&fields=name => generated 113 bytes in 26 msecs (HTTP/1.1 200) 4 headers in 157 bytes (1 switches on core 0) [pid: 8|app: 0|req: 677/1443] 10.0.0.170 () {32 vars in 694 bytes} [Tue May 5 22:11:01 2026] GET /v2.0/networks?router%3Aexternal=True => generated 689 bytes in 46 msecs (HTTP/1.1 200) 4 headers in 157 bytes (1 switches on core 0)
2026-05-05 22:11:01.309 7 INFO neutron.plugins.ml2.drivers.ovn.mech_driver.mech_driver [None req-d78297e9-a6f1-424c-bf91-67a43ab5c19b - - - - - -] OVN reports status down for port: 7f38ae57-55bc-418c-8d16-19f397dde3fb
2026-05-05 22:11:01.379 7 INFO neutron.db.ovn_revision_numbers_db [None req-eeb52dc1-f504-4c64-9d60-616b05dd7c0b d5e3ce4bde9141779dc578f206f5a8d4 9c3f3c5c2f5b4f26a7131353be66bf5b - - default default] Successfully bumped revision number for resource 7f38ae57-55bc-418c-8d16-19f397dde3fb (type: ports) to 1
2026-05-05 22:11:01.415 8 INFO neutron_taas.services.taas.taas_plugin [None req-43a077b2-b6c8-41c8-b958-ac17089703be 039c4531e0f542bc84d11d336f8fef64 bcf27b0d217d4e11807d59489df9ec1d - - default default] TaaS: Handle Delete Port: 0c478192-e573-4277-9ecf-762982411b98
2026-05-05 22:11:01.418 8 INFO neutron_taas.services.taas.tap_mirror_plugin [None req-43a077b2-b6c8-41c8-b958-ac17089703be 039c4531e0f542bc84d11d336f8fef64 bcf27b0d217d4e11807d59489df9ec1d - - default default] Tap Mirror: Handle Delete Port: 0c478192-e573-4277-9ecf-762982411b98 [pid: 8|app: 0|req: 678/1444] 10.0.0.170 () {32 vars in 726 bytes} [Tue May 5 22:11:01 2026] DELETE /v2.0/networks/003c7184-3655-4c26-a90c-5ca10d79fedd => generated 0 bytes in 344 msecs (HTTP/1.1 204) 3 headers in 131 bytes (1 switches on core 0) [pid: 8|app: 0|req: 679/1445] 10.0.0.170 () {32 vars in 742 bytes} [Tue May 5 22:11:01 2026] GET /v2.0/subnets?network_id=a33e9b9e-7b94-4e9f-b202-e206b9dc2926 => generated 649 bytes in 30 msecs (HTTP/1.1 200) 4 headers in 157 bytes (1 switches on core 0)
2026-05-05 22:11:01.735 8 INFO neutron.db.segments_db [None req-2e02586b-d590-4c78-a70b-e74ffa3d03d7 039c4531e0f542bc84d11d336f8fef64 bcf27b0d217d4e11807d59489df9ec1d - - default default] Added segment 000d4c2f-59a3-4d4d-b08d-09588e398f45 of type geneve for network f42a830e-242e-427e-b35c-fdba11ffb643
2026-05-05 22:11:01.852 8 INFO neutron.db.ovn_revision_numbers_db [None req-2e02586b-d590-4c78-a70b-e74ffa3d03d7 039c4531e0f542bc84d11d336f8fef64 bcf27b0d217d4e11807d59489df9ec1d - - default default] Successfully bumped revision number for resource f42a830e-242e-427e-b35c-fdba11ffb643 (type: networks) to 1
2026-05-05 22:11:01.950 8 INFO neutron.plugins.ml2.drivers.ovn.mech_driver.mech_driver [None req-970b093f-2990-4a10-ac89-c37463174a6c - - - - - -] OVN reports status down for port: a7c2d9e6-2a93-483a-a533-0f894c1c01fa
2026-05-05 22:11:01.974 7 INFO neutron.plugins.ml2.drivers.ovn.mech_driver.mech_driver [None req-d78297e9-a6f1-424c-bf91-67a43ab5c19b - - - - - -] OVN reports status up for port: 7f38ae57-55bc-418c-8d16-19f397dde3fb
2026-05-05 22:11:02.002 7 INFO neutron.plugins.ml2.plugin [None req-d78297e9-a6f1-424c-bf91-67a43ab5c19b - - - - - -] Attempt 1 to provision port 7f38ae57-55bc-418c-8d16-19f397dde3fb
2026-05-05 22:11:02.109 7 WARNING neutron.scheduler.dhcp_agent_scheduler [None req-eeb52dc1-f504-4c64-9d60-616b05dd7c0b d5e3ce4bde9141779dc578f206f5a8d4 9c3f3c5c2f5b4f26a7131353be66bf5b - - default default] No more DHCP agents
2026-05-05 22:11:02.111 7 WARNING neutron.api.rpc.agentnotifiers.dhcp_rpc_agent_api [None req-eeb52dc1-f504-4c64-9d60-616b05dd7c0b d5e3ce4bde9141779dc578f206f5a8d4 9c3f3c5c2f5b4f26a7131353be66bf5b - - default default] Unable to schedule network 52908a3c-d80a-4696-9a04-ffdc5a6ee6fa: no agents available; will retry on subsequent port and subnet creation events.
2026-05-05 22:11:02.132 8 WARNING neutron.scheduler.dhcp_agent_scheduler [None req-2e02586b-d590-4c78-a70b-e74ffa3d03d7 039c4531e0f542bc84d11d336f8fef64 bcf27b0d217d4e11807d59489df9ec1d - - default default] No more DHCP agents
2026-05-05 22:11:02.137 8 WARNING neutron.api.rpc.agentnotifiers.dhcp_rpc_agent_api [None req-2e02586b-d590-4c78-a70b-e74ffa3d03d7 039c4531e0f542bc84d11d336f8fef64 bcf27b0d217d4e11807d59489df9ec1d - - default default] Unable to schedule network f42a830e-242e-427e-b35c-fdba11ffb643: no agents available; will retry on subsequent port and subnet creation events.
2026-05-05 22:11:02.153 8 INFO neutron.notifiers.nova [-] Nova event matching ['req-6e7bde91-b7b7-40d5-870f-b9e4e6380d27'] response: {'server_uuid': 'e96353ee-a1f2-43ce-8fc3-bc53e5583eb4', 'name': 'network-vif-unplugged', 'status': 'completed', 'tag': 'a7c2d9e6-2a93-483a-a533-0f894c1c01fa', 'code': 200}
2026-05-05 22:11:02.259 8 INFO neutron.db.ovn_revision_numbers_db [None req-2e02586b-d590-4c78-a70b-e74ffa3d03d7 039c4531e0f542bc84d11d336f8fef64 bcf27b0d217d4e11807d59489df9ec1d - - default default] Successfully bumped revision number for resource ef92d0fc-6777-4a0f-b693-e71b8fdffa77 (type: ports) to 1 [pid: 8|app: 0|req: 680/1446] 10.0.0.170 () {34 vars in 670 bytes} [Tue May 5 22:11:01 2026] POST /v2.0/networks => generated 655 bytes in 652 msecs (HTTP/1.1 201) 4 headers in 162 bytes (1 switches on core 0) [pid: 8|app: 0|req: 681/1447] 10.0.0.170 () {32 vars in 653 bytes} [Tue May 5 22:11:02 2026] GET /v2.0/extensions => generated 20541 bytes in 14 msecs (HTTP/1.1 200) 4 headers in 159 bytes (1 switches on core 0)
2026-05-05 22:11:02.361 8 INFO neutron.db.ovn_revision_numbers_db [None req-970b093f-2990-4a10-ac89-c37463174a6c - - - - - -] Successfully bumped revision number for resource a7c2d9e6-2a93-483a-a533-0f894c1c01fa (type: ports) to 8 [pid: 8|app: 0|req: 682/1448] 10.0.0.21 () {34 vars in 989 bytes} [Tue May 5 22:11:02 2026] GET /v2.0/ports?device_id=e96353ee-a1f2-43ce-8fc3-bc53e5583eb4 => generated 969 bytes in 60 msecs (HTTP/1.1 200) 4 headers in 157 bytes (1 switches on core 0)
2026-05-05 22:11:02.538 7 INFO neutron.db.ovn_revision_numbers_db [None req-eeb52dc1-f504-4c64-9d60-616b05dd7c0b d5e3ce4bde9141779dc578f206f5a8d4 9c3f3c5c2f5b4f26a7131353be66bf5b - - default default] Successfully bumped revision number for resource 7f38ae57-55bc-418c-8d16-19f397dde3fb (type: router_ports) to 1 [pid: 7|app: 0|req: 767/1449] 10.0.0.170 () {34 vars in 783 bytes} [Tue May 5 22:11:00 2026] PUT /v2.0/routers/d7b3c8e8-cebf-437b-a2ac-84a324e82656/add_router_interface => generated 309 bytes in 1690 msecs (HTTP/1.1 200) 4 headers in 157 bytes (1 switches on core 0)
2026-05-05 22:11:02.643 8 WARNING neutron.scheduler.dhcp_agent_scheduler [None req-1ce27ebd-60f5-4f18-9fd1-df9a2184759b 039c4531e0f542bc84d11d336f8fef64 bcf27b0d217d4e11807d59489df9ec1d - - default default] No more DHCP agents
2026-05-05 22:11:02.649 8 WARNING neutron.api.rpc.agentnotifiers.dhcp_rpc_agent_api [None req-1ce27ebd-60f5-4f18-9fd1-df9a2184759b 039c4531e0f542bc84d11d336f8fef64 bcf27b0d217d4e11807d59489df9ec1d - - default default] Unable to schedule network f42a830e-242e-427e-b35c-fdba11ffb643: no agents available; will retry on subsequent port and subnet creation events. [pid: 7|app: 0|req: 768/1450] 10.0.0.170 () {32 vars in 649 bytes} [Tue May 5 22:11:02 2026] GET /v2.0/networks => generated 1384 bytes in 116 msecs (HTTP/1.1 200) 4 headers in 158 bytes (1 switches on core 0)
2026-05-05 22:11:02.680 8 INFO neutron.db.ovn_revision_numbers_db [None req-1ce27ebd-60f5-4f18-9fd1-df9a2184759b 039c4531e0f542bc84d11d336f8fef64 bcf27b0d217d4e11807d59489df9ec1d - - default default] Successfully bumped revision number for resource e1876aaa-e136-4447-847f-123300657998 (type: subnets) to 0 [pid: 8|app: 0|req: 683/1451] 10.0.0.170 () {34 vars in 669 bytes} [Tue May 5 22:11:02 2026] POST /v2.0/subnets => generated 646 bytes in 316 msecs (HTTP/1.1 201) 4 headers in 162 bytes (1 switches on core 0) /var/lib/openstack/lib/python3.12/site-packages/pycadf/identifier.py:70: UserWarning: Invalid uuid: neutron. To ensure interoperability, identifiers should be a valid uuid. warnings.warn(('Invalid uuid: %s. To ensure interoperability, ' [pid: 7|app: 0|req: 769/1452] 10.0.0.21 () {34 vars in 1039 bytes} [Tue May 5 22:11:02 2026] GET /v2.0/security-groups?id=038161e7-7b99-4123-a81d-1622290e8fbf&fields=id&fields=name => generated 113 bytes in 68 msecs (HTTP/1.1 200) 4 headers in 157 bytes (1 switches on core 0) [pid: 8|app: 0|req: 684/1453] 10.0.0.170 () {32 vars in 717 bytes} [Tue May 5 22:11:02 2026] GET /v2.0/ports/7f38ae57-55bc-418c-8d16-19f397dde3fb => generated 943 bytes in 82 msecs (HTTP/1.1 200) 4 headers in 157 bytes (1 switches on core 0)
2026-05-05 22:11:02.800 7 INFO neutron.db.ovn_revision_numbers_db [None req-d78297e9-a6f1-424c-bf91-67a43ab5c19b - - - - - -] Successfully bumped revision number for resource 7f38ae57-55bc-418c-8d16-19f397dde3fb (type: ports) to 2 [pid: 7|app: 0|req: 770/1454] 10.0.0.170 () {32 vars in 647 bytes} [Tue May 5 22:11:02 2026] GET /v2.0/subnets => generated 1280 bytes in 70 msecs (HTTP/1.1 200) 4 headers in 158 bytes (1 switches on core 0)
2026-05-05 22:11:02.977 8 INFO neutron.services.segments.plugin [-] Segment 4134c136-2f1b-4ee4-adc2-72ade4aa7eb4 resource provider aggregate not found
2026-05-05 22:11:02.983 8 INFO neutron.services.segments.plugin [-] Segment 4134c136-2f1b-4ee4-adc2-72ade4aa7eb4 resource provider aggregate not found
2026-05-05 22:11:02.999 8 INFO neutron.services.segments.plugin [-] Segment 4134c136-2f1b-4ee4-adc2-72ade4aa7eb4 resource provider not found; error: Placement Client Error (4xx): {"errors": [{"status": 404, "title": "Not Found", "detail": "The resource could not be found.\n\n No resource provider with uuid 4134c136-2f1b-4ee4-adc2-72ade4aa7eb4 found for delete ", "request_id": "req-fdba8701-14c0-4bf3-aac3-6d643e83a3a6"}]}
2026-05-05 22:11:03.007 8 INFO neutron.services.segments.plugin [-] Segment 4134c136-2f1b-4ee4-adc2-72ade4aa7eb4 resource provider not found; error: Placement Client Error (4xx): {"errors": [{"status": 404, "title": "Not Found", "detail": "The resource could not be found.\n\n No resource provider with uuid 4134c136-2f1b-4ee4-adc2-72ade4aa7eb4 found for delete ", "request_id": "req-2e261b72-06ad-49b1-b9b8-7e6c33edccdc"}]}
2026-05-05 22:11:03.030 8 WARNING neutron.scheduler.dhcp_agent_scheduler [None req-1a756498-9e89-4ab9-8f75-6d49583cbf21 039c4531e0f542bc84d11d336f8fef64 bcf27b0d217d4e11807d59489df9ec1d - - default default] No more DHCP agents
2026-05-05 22:11:03.031 8 WARNING neutron.api.rpc.agentnotifiers.dhcp_rpc_agent_api [None req-1a756498-9e89-4ab9-8f75-6d49583cbf21 039c4531e0f542bc84d11d336f8fef64 bcf27b0d217d4e11807d59489df9ec1d - - default default] Unable to schedule network f42a830e-242e-427e-b35c-fdba11ffb643: no agents available; will retry on subsequent port and subnet creation events.
2026-05-05 22:11:03.113 8 INFO neutron.plugins.ml2.drivers.ovn.mech_driver.mech_driver [None req-6609e84e-ae4e-4239-8089-3c3eed358f37 - - - - - -] OVN reports status down for port: cb58e045-ffc1-46f5-b5b9-1020eb88806a
2026-05-05 22:11:03.170 8 INFO neutron.db.ovn_revision_numbers_db [None req-1a756498-9e89-4ab9-8f75-6d49583cbf21 039c4531e0f542bc84d11d336f8fef64 bcf27b0d217d4e11807d59489df9ec1d - - default default] Successfully bumped revision number for resource cb58e045-ffc1-46f5-b5b9-1020eb88806a (type: ports) to 1 [pid: 8|app: 0|req: 685/1455] 10.0.0.170 () {34 vars in 665 bytes} [Tue May 5 22:11:02 2026] POST /v2.0/ports => generated 928 bytes in 441 msecs (HTTP/1.1 201) 4 headers in 162 bytes (1 switches on core 0) [pid: 8|app: 0|req: 686/1456] 10.0.0.170 () {32 vars in 723 bytes} [Tue May 5 22:11:03 2026] GET /v2.0/networks/456c731b-8df3-4b7d-b51f-b7b848109316 => generated 706 bytes in 41 msecs (HTTP/1.1 200) 4 headers in 157 bytes (1 switches on core 0)
2026-05-05 22:11:03.279 7 WARNING neutron.scheduler.dhcp_agent_scheduler [None req-9a537dd1-6db7-4890-af28-eb3403aee78f d5e3ce4bde9141779dc578f206f5a8d4 9c3f3c5c2f5b4f26a7131353be66bf5b - - default default] No more DHCP agents
2026-05-05 22:11:03.282 7 WARNING neutron.api.rpc.agentnotifiers.dhcp_rpc_agent_api [None req-9a537dd1-6db7-4890-af28-eb3403aee78f d5e3ce4bde9141779dc578f206f5a8d4 9c3f3c5c2f5b4f26a7131353be66bf5b - - default default] Unable to schedule network ce672517-9dbf-4756-b1b7-1f11735c415e: no agents available; will retry on subsequent port and subnet creation events. [pid: 8|app: 0|req: 689/1459] 199.204.45.77 () {34 vars in 993 bytes} [Tue May 5 22:11:03 2026] GET /v2.0/ports?device_id=e96353ee-a1f2-43ce-8fc3-bc53e5583eb4 => generated 969 bytes in 29 msecs (HTTP/1.1 200) 4 headers in 157 bytes (1 switches on core 0)
2026-05-05 22:11:03.418 7 INFO neutron.db.ovn_revision_numbers_db [None req-9a537dd1-6db7-4890-af28-eb3403aee78f d5e3ce4bde9141779dc578f206f5a8d4 9c3f3c5c2f5b4f26a7131353be66bf5b - - default default] Successfully bumped revision number for resource a366f60a-5118-449d-9944-1fad83ea04ef (type: ports) to 1
2026-05-05 22:11:03.424 8 INFO neutron_taas.services.taas.taas_plugin [None req-06079bb1-ba39-4cca-a7ca-b5dd2fe38e71 039c4531e0f542bc84d11d336f8fef64 bcf27b0d217d4e11807d59489df9ec1d - - default default] TaaS: Handle Delete Port: cb58e045-ffc1-46f5-b5b9-1020eb88806a
2026-05-05 22:11:03.427 8 INFO neutron_taas.services.taas.tap_mirror_plugin [None req-06079bb1-ba39-4cca-a7ca-b5dd2fe38e71 039c4531e0f542bc84d11d336f8fef64 bcf27b0d217d4e11807d59489df9ec1d - - default default] Tap Mirror: Handle Delete Port: cb58e045-ffc1-46f5-b5b9-1020eb88806a [pid: 8|app: 0|req: 690/1460] 10.0.0.170 () {32 vars in 720 bytes} [Tue May 5 22:11:03 2026] DELETE /v2.0/ports/cb58e045-ffc1-46f5-b5b9-1020eb88806a => generated 0 bytes in 258 msecs (HTTP/1.1 204) 3 headers in 131 bytes (1 switches on core 0) [pid: 8|app: 0|req: 691/1461] 10.0.0.170 () {32 vars in 721 bytes} [Tue May 5 22:11:03 2026] GET /v2.0/subnets/d3d2f8fd-3a9d-4dbf-b9e9-64efd7942c5b => generated 641 bytes in 31 msecs (HTTP/1.1 200) 4 headers in 157 bytes (1 switches on core 0)
2026-05-05 22:11:03.708 8 INFO neutron_taas.services.taas.taas_plugin [req-c023cf90-3265-4d58-9d3b-391327195f38 req-ab335df0-7080-4693-9a01-86015c1f378a 460f1bd8e1204a8382b9078be6da6ff0 5add2a6ea31a4045847049ff0dfd9b85 - - default default] TaaS: Handle Delete Port: a7c2d9e6-2a93-483a-a533-0f894c1c01fa
2026-05-05 22:11:03.710 8 INFO neutron_taas.services.taas.tap_mirror_plugin [req-c023cf90-3265-4d58-9d3b-391327195f38 req-ab335df0-7080-4693-9a01-86015c1f378a 460f1bd8e1204a8382b9078be6da6ff0 5add2a6ea31a4045847049ff0dfd9b85 - - default default] Tap Mirror: Handle Delete Port: a7c2d9e6-2a93-483a-a533-0f894c1c01fa
2026-05-05 22:11:03.882 8 INFO neutron.db.l3_db [req-c023cf90-3265-4d58-9d3b-391327195f38 req-ab335df0-7080-4693-9a01-86015c1f378a 460f1bd8e1204a8382b9078be6da6ff0 5add2a6ea31a4045847049ff0dfd9b85 - - default default] Floating IP 5d5b9237-929f-46fa-8c6f-d428cfdb9b41 disassociated. External IP: 10.96.250.206, port: a7c2d9e6-2a93-483a-a533-0f894c1c01fa. [pid: 8|app: 0|req: 692/1462] 199.204.45.77 () {36 vars in 996 bytes} [Tue May 5 22:11:03 2026] DELETE /v2.0/ports/a7c2d9e6-2a93-483a-a533-0f894c1c01fa => generated 0 bytes in 427 msecs (HTTP/1.1 204) 3 headers in 131 bytes (1 switches on core 0)
2026-05-05 22:11:04.029 8 INFO neutron.pecan_wsgi.hooks.translation [None req-9086a241-3898-45fa-88dd-294ed6f14e5a 039c4531e0f542bc84d11d336f8fef64 bcf27b0d217d4e11807d59489df9ec1d - - default default] GET failed (client error): The resource could not be found. [pid: 8|app: 0|req: 693/1463] 10.0.0.170 () {32 vars in 717 bytes} [Tue May 5 22:11:04 2026] GET /v2.0/ports/cb58e045-ffc1-46f5-b5b9-1020eb88806a => generated 132 bytes in 15 msecs (HTTP/1.1 404) 4 headers in 164 bytes (1 switches on core 0)
2026-05-05 22:11:04.057 8 INFO neutron.pecan_wsgi.hooks.translation [None req-3b1dba5c-2eaa-467e-938b-da63d5e1bc0b 9efddb3d50884303b8aae08fe87e165f 1c40ecc16e34406aac0305a29ba6915f - - default default] DELETE failed (client error): The resource could not be found. [pid: 8|app: 0|req: 694/1464] 10.0.0.170 () {32 vars in 724 bytes} [Tue May 5 22:11:04 2026] DELETE /v2.0/subnets/3f6ed096-6f5c-4427-b9db-80eee68242e9 => generated 136 bytes in 29 msecs (HTTP/1.1 404) 4 headers in 164 bytes (1 switches on core 0) [pid: 8|app: 0|req: 695/1465] 10.0.0.21 () {34 vars in 989 bytes} [Tue May 5 22:11:04 2026] GET /v2.0/ports?device_id=e96353ee-a1f2-43ce-8fc3-bc53e5583eb4 => generated 12 bytes in 15 msecs (HTTP/1.1 200) 4 headers in 156 bytes (1 switches on core 0)
2026-05-05 22:11:04.204 7 WARNING neutron.scheduler.dhcp_agent_scheduler [None req-9a537dd1-6db7-4890-af28-eb3403aee78f d5e3ce4bde9141779dc578f206f5a8d4 9c3f3c5c2f5b4f26a7131353be66bf5b - - default default] No more DHCP agents
2026-05-05 22:11:04.205 7 WARNING neutron.api.rpc.agentnotifiers.dhcp_rpc_agent_api [None req-9a537dd1-6db7-4890-af28-eb3403aee78f d5e3ce4bde9141779dc578f206f5a8d4 9c3f3c5c2f5b4f26a7131353be66bf5b - - default default] Unable to schedule network ce672517-9dbf-4756-b1b7-1f11735c415e: no agents available; will retry on subsequent port and subnet creation events.
2026-05-05 22:11:04.220 8 INFO neutron.notifiers.nova [-] Nova event matching ['req-5fb82df0-f6d8-4f1a-9a81-19550857be7b'] response: {'server_uuid': 'e96353ee-a1f2-43ce-8fc3-bc53e5583eb4', 'name': 'network-vif-unplugged', 'status': 'completed', 'tag': 'a7c2d9e6-2a93-483a-a533-0f894c1c01fa', 'code': 200}
2026-05-05 22:11:04.221 8 INFO neutron.notifiers.nova [-] Nova event matching ['req-5fb82df0-f6d8-4f1a-9a81-19550857be7b'] response: {'server_uuid': 'e96353ee-a1f2-43ce-8fc3-bc53e5583eb4', 'name': 'network-vif-deleted', 'tag': 'a7c2d9e6-2a93-483a-a533-0f894c1c01fa', 'status': 'completed', 'code': 200} [pid: 8|app: 0|req: 696/1466] 10.0.0.170 () {32 vars in 724 bytes} [Tue May 5 22:11:04 2026] DELETE /v2.0/subnets/e1876aaa-e136-4447-847f-123300657998 => generated 0 bytes in 169 msecs (HTTP/1.1 204) 3 headers in 131 bytes (1 switches on core 0)
2026-05-05 22:11:04.252 8 INFO neutron.pecan_wsgi.hooks.translation [None req-b05eefe0-a677-4d77-8a8c-f5e15db52fac 9efddb3d50884303b8aae08fe87e165f 1c40ecc16e34406aac0305a29ba6915f - - default default] DELETE failed (client error): The resource could not be found. [pid: 8|app: 0|req: 697/1467] 10.0.0.170 () {32 vars in 726 bytes} [Tue May 5 22:11:04 2026] DELETE /v2.0/networks/a6116cc9-8602-4c23-9ba9-4221fb43bd6c => generated 138 bytes in 10 msecs (HTTP/1.1 404) 4 headers in 164 bytes (1 switches on core 0)
2026-05-05 22:11:04.461 8 INFO neutron_taas.services.taas.taas_plugin [None req-64025a89-6bde-47c5-995a-7bee0fa66d06 039c4531e0f542bc84d11d336f8fef64 bcf27b0d217d4e11807d59489df9ec1d - - default default] TaaS: Handle Delete Port: ef92d0fc-6777-4a0f-b693-e71b8fdffa77
2026-05-05 22:11:04.464 8 INFO neutron_taas.services.taas.tap_mirror_plugin [None req-64025a89-6bde-47c5-995a-7bee0fa66d06 039c4531e0f542bc84d11d336f8fef64 bcf27b0d217d4e11807d59489df9ec1d - - default default] Tap Mirror: Handle Delete Port: ef92d0fc-6777-4a0f-b693-e71b8fdffa77
2026-05-05 22:11:04.560 7 INFO neutron.db.ovn_revision_numbers_db [None req-9a537dd1-6db7-4890-af28-eb3403aee78f d5e3ce4bde9141779dc578f206f5a8d4 9c3f3c5c2f5b4f26a7131353be66bf5b - - default default] Successfully bumped revision number for resource a366f60a-5118-449d-9944-1fad83ea04ef (type: router_ports) to 1 [pid: 7|app: 0|req: 771/1468] 10.0.0.170 () {34 vars in 783 bytes} [Tue May 5 22:11:02 2026] PUT /v2.0/routers/d7b3c8e8-cebf-437b-a2ac-84a324e82656/add_router_interface => generated 309 bytes in 1762 msecs (HTTP/1.1 200) 4 headers in 157 bytes (1 switches on core 0) [pid: 8|app: 0|req: 698/1469] 10.0.0.170 () {32 vars in 726 bytes} [Tue May 5 22:11:04 2026] DELETE /v2.0/networks/f42a830e-242e-427e-b35c-fdba11ffb643 => generated 0 bytes in 461 msecs (HTTP/1.1 204) 3 headers in 131 bytes (1 switches on core 0) [pid: 8|app: 0|req: 699/1470] 10.0.0.170 () {32 vars in 717 bytes} [Tue May 5 22:11:04 2026] GET /v2.0/ports/a366f60a-5118-449d-9944-1fad83ea04ef => generated 941 bytes in 32 msecs (HTTP/1.1 200) 4 headers in 157 bytes (1 switches on core 0) [pid: 7|app: 0|req: 772/1471] 10.0.0.170 () {32 vars in 724 bytes} [Tue May 5 22:11:04 2026] DELETE /v2.0/subnets/d3d2f8fd-3a9d-4dbf-b9e9-64efd7942c5b => generated 0 bytes in 202 msecs (HTTP/1.1 204) 3 headers in 131 bytes (1 switches on core 0) [pid: 7|app: 0|req: 773/1472] 10.0.0.170 () {32 vars in 717 bytes} [Tue May 5 22:11:04 2026] GET /v2.0/ports/a366f60a-5118-449d-9944-1fad83ea04ef => generated 941 bytes in 63 msecs (HTTP/1.1 200) 4 headers in 157 bytes (1 switches on core 0)
2026-05-05 22:11:04.944 7 INFO neutron_taas.services.taas.taas_plugin [None req-a51ea263-b7d4-47b8-8cc4-b2654c7ee022 9efddb3d50884303b8aae08fe87e165f 1c40ecc16e34406aac0305a29ba6915f - - default default] TaaS: Handle Delete Port: 9296d120-13a3-4fbd-8292-a7f431aea8c5
2026-05-05 22:11:04.947 7 INFO neutron_taas.services.taas.tap_mirror_plugin [None req-a51ea263-b7d4-47b8-8cc4-b2654c7ee022 9efddb3d50884303b8aae08fe87e165f 1c40ecc16e34406aac0305a29ba6915f - - default default] Tap Mirror: Handle Delete Port: 9296d120-13a3-4fbd-8292-a7f431aea8c5
2026-05-05 22:11:04.968 8 WARNING neutron.scheduler.dhcp_agent_scheduler [None req-0c8e4238-96a3-4472-ad75-19f02e39d4ae 039c4531e0f542bc84d11d336f8fef64 bcf27b0d217d4e11807d59489df9ec1d - - default default] No more DHCP agents
2026-05-05 22:11:04.970 8 WARNING neutron.api.rpc.agentnotifiers.dhcp_rpc_agent_api [None req-0c8e4238-96a3-4472-ad75-19f02e39d4ae 039c4531e0f542bc84d11d336f8fef64 bcf27b0d217d4e11807d59489df9ec1d - - default default] Unable to schedule network 98b42d0e-3f4b-4ce7-a89f-2ab7370127de: no agents available; will retry on subsequent port and subnet creation events.
2026-05-05 22:11:05.035 8 INFO neutron.services.segments.plugin [-] Segment 000d4c2f-59a3-4d4d-b08d-09588e398f45 resource provider aggregate not found
2026-05-05 22:11:05.040 8 INFO neutron.services.segments.plugin [-] Segment 000d4c2f-59a3-4d4d-b08d-09588e398f45 resource provider aggregate not found
2026-05-05 22:11:05.057 8 INFO neutron.services.segments.plugin [-] Segment 000d4c2f-59a3-4d4d-b08d-09588e398f45 resource provider not found; error: Placement Client Error (4xx): {"errors": [{"status": 404, "title": "Not Found", "detail": "The resource could not be found.\n\n No resource provider with uuid 000d4c2f-59a3-4d4d-b08d-09588e398f45 found for delete ", "request_id": "req-5ef2bb96-28ca-4c03-9db8-545422d0e689"}]}
2026-05-05 22:11:05.065 8 INFO neutron.services.segments.plugin [-] Segment 000d4c2f-59a3-4d4d-b08d-09588e398f45 resource provider not found; error: Placement Client Error (4xx): {"errors": [{"status": 404, "title": "Not Found", "detail": "The resource could not be found.\n\n No resource provider with uuid 000d4c2f-59a3-4d4d-b08d-09588e398f45 found for delete ", "request_id": "req-55e92282-7293-4dd7-9afb-55ebfe311352"}]}
2026-05-05 22:11:05.075 8 INFO neutron.db.ovn_revision_numbers_db [None req-0c8e4238-96a3-4472-ad75-19f02e39d4ae 039c4531e0f542bc84d11d336f8fef64 bcf27b0d217d4e11807d59489df9ec1d - - default default] Successfully bumped revision number for resource 02a83002-2c9a-4111-a48b-ac45a43ff550 (type: ports) to 1 [pid: 8|app: 0|req: 700/1473] 10.0.0.170 () {34 vars in 665 bytes} [Tue May 5 22:11:04 2026] POST /v2.0/ports => generated 779 bytes in 377 msecs (HTTP/1.1 201) 4 headers in 162 bytes (1 switches on core 0) /var/lib/openstack/lib/python3.12/site-packages/pycadf/identifier.py:70: UserWarning: Invalid uuid: neutron. To ensure interoperability, identifiers should be a valid uuid. warnings.warn(('Invalid uuid: %s. To ensure interoperability, '
2026-05-05 22:11:05.160 7 INFO neutron.services.segments.plugin [-] Segment 7fe9325a-5bce-4d71-9760-708589bf9a56 resource provider aggregate not found
2026-05-05 22:11:05.169 7 INFO neutron.services.segments.plugin [-] Segment 7fe9325a-5bce-4d71-9760-708589bf9a56 resource provider aggregate not found
2026-05-05 22:11:05.184 7 INFO neutron.services.segments.plugin [-] Segment 7fe9325a-5bce-4d71-9760-708589bf9a56 resource provider not found; error: Placement Client Error (4xx): {"errors": [{"status": 404, "title": "Not Found", "detail": "The resource could not be found.\n\n No resource provider with uuid 7fe9325a-5bce-4d71-9760-708589bf9a56 found for delete ", "request_id": "req-995efb7f-1175-4874-8d96-05111233e0fa"}]}
2026-05-05 22:11:05.190 7 INFO neutron.services.segments.plugin [-] Segment 7fe9325a-5bce-4d71-9760-708589bf9a56 resource provider not found; error: Placement Client Error (4xx): {"errors": [{"status": 404, "title": "Not Found", "detail": "The resource could not be found.\n\n No resource provider with uuid 7fe9325a-5bce-4d71-9760-708589bf9a56 found for delete ", "request_id": "req-8ad82ea1-dc6e-4958-9584-b440a5eb2cad"}]} [pid: 7|app: 0|req: 774/1474] 10.0.0.170 () {32 vars in 726 bytes} [Tue May 5 22:11:04 2026] DELETE /v2.0/networks/456c731b-8df3-4b7d-b51f-b7b848109316 => generated 0 bytes in 386 msecs (HTTP/1.1 204) 3 headers in 131 bytes (1 switches on core 0) [pid: 7|app: 0|req: 775/1475] 10.0.0.21 () {34 vars in 989 bytes} [Tue May 5 22:11:05 2026] GET /v2.0/ports?device_id=e96353ee-a1f2-43ce-8fc3-bc53e5583eb4 => generated 12 bytes in 16 msecs (HTTP/1.1 200) 4 headers in 156 bytes (1 switches on core 0)
2026-05-05 22:11:05.358 8 INFO neutron.db.ovn_revision_numbers_db [None req-31b1802c-43df-49b8-806d-64f84ff24d8f 039c4531e0f542bc84d11d336f8fef64 bcf27b0d217d4e11807d59489df9ec1d - - default default] Successfully bumped revision number for resource 02a83002-2c9a-4111-a48b-ac45a43ff550 (type: ports) to 2 [pid: 8|app: 0|req: 701/1476] 10.0.0.170 () {34 vars in 737 bytes} [Tue May 5 22:11:05 2026] PUT /v2.0/ports/02a83002-2c9a-4111-a48b-ac45a43ff550 => generated 752 bytes in 239 msecs (HTTP/1.1 200) 4 headers in 157 bytes (1 switches on core 0)
2026-05-05 22:11:05.530 7 INFO neutron_taas.services.taas.taas_plugin [None req-5abb4ecd-8f4f-44e8-94d4-8de8cabfebd9 039c4531e0f542bc84d11d336f8fef64 bcf27b0d217d4e11807d59489df9ec1d - - default default] TaaS: Handle Delete Port: 02a83002-2c9a-4111-a48b-ac45a43ff550
2026-05-05 22:11:05.534 7 INFO neutron_taas.services.taas.tap_mirror_plugin [None req-5abb4ecd-8f4f-44e8-94d4-8de8cabfebd9 039c4531e0f542bc84d11d336f8fef64 bcf27b0d217d4e11807d59489df9ec1d - - default default] Tap Mirror: Handle Delete Port: 02a83002-2c9a-4111-a48b-ac45a43ff550 [pid: 7|app: 0|req: 776/1477] 10.0.0.170 () {32 vars in 720 bytes} [Tue May 5 22:11:05 2026] DELETE /v2.0/ports/02a83002-2c9a-4111-a48b-ac45a43ff550 => generated 0 bytes in 294 msecs (HTTP/1.1 204) 3 headers in 131 bytes (1 switches on core 0) /var/lib/openstack/lib/python3.12/site-packages/pycadf/identifier.py:70: UserWarning: Invalid uuid: neutron. To ensure interoperability, identifiers should be a valid uuid. warnings.warn(('Invalid uuid: %s. To ensure interoperability, ' [pid: 8|app: 0|req: 702/1478] 10.0.0.170 () {32 vars in 643 bytes} [Tue May 5 22:11:05 2026] GET /v2.0/ports => generated 1537 bytes in 45 msecs (HTTP/1.1 200) 4 headers in 158 bytes (1 switches on core 0)
2026-05-05 22:11:05.740 8 INFO neutron.pecan_wsgi.hooks.translation [None req-f1999f39-bc36-4101-89e5-05b5e6ade763 039c4531e0f542bc84d11d336f8fef64 bcf27b0d217d4e11807d59489df9ec1d - - default default] GET failed (client error): The resource could not be found. [pid: 8|app: 0|req: 703/1479] 10.0.0.170 () {32 vars in 717 bytes} [Tue May 5 22:11:05 2026] GET /v2.0/ports/02a83002-2c9a-4111-a48b-ac45a43ff550 => generated 132 bytes in 18 msecs (HTTP/1.1 404) 4 headers in 164 bytes (1 switches on core 0) [pid: 8|app: 0|req: 704/1480] 10.0.0.170 () {32 vars in 643 bytes} [Tue May 5 22:11:05 2026] GET /v2.0/ports => generated 1537 bytes in 43 msecs (HTTP/1.1 200) 4 headers in 158 bytes (1 switches on core 0) [pid: 8|app: 0|req: 705/1481] 10.0.0.170 () {32 vars in 717 bytes} [Tue May 5 22:11:05 2026] GET /v2.0/ports/3d13bf4f-d34e-4d7a-9e69-79170eac765d => generated 778 bytes in 35 msecs (HTTP/1.1 200) 4 headers in 157 bytes (1 switches on core 0) [pid: 7|app: 0|req: 777/1482] 10.0.0.170 () {32 vars in 774 bytes} [Tue May 5 22:11:05 2026] GET /v2.0/security-groups?tenant_id=1c40ecc16e34406aac0305a29ba6915f&name=default => generated 2925 bytes in 128 msecs (HTTP/1.1 200) 4 headers in 158 bytes (1 switches on core 0)
2026-05-05 22:11:05.866 7 INFO neutron.pecan_wsgi.hooks.translation [None req-42def9de-8472-4178-b559-174f7c3f8fc0 039c4531e0f542bc84d11d336f8fef64 bcf27b0d217d4e11807d59489df9ec1d - - default default] DELETE failed (client error): The resource could not be found. [pid: 7|app: 0|req: 778/1483] 10.0.0.170 () {32 vars in 720 bytes} [Tue May 5 22:11:05 2026] DELETE /v2.0/ports/cb58e045-ffc1-46f5-b5b9-1020eb88806a => generated 132 bytes in 17 msecs (HTTP/1.1 404) 4 headers in 164 bytes (1 switches on core 0) [pid: 8|app: 0|req: 706/1484] 10.0.0.170 () {32 vars in 717 bytes} [Tue May 5 22:11:05 2026] GET /v2.0/ports/a366f60a-5118-449d-9944-1fad83ea04ef => generated 941 bytes in 75 msecs (HTTP/1.1 200) 4 headers in 157 bytes (1 switches on core 0)
2026-05-05 22:11:05.928 8 INFO neutron.pecan_wsgi.hooks.translation [None req-b4869f00-6872-4549-a014-1ef27faeadbf 039c4531e0f542bc84d11d336f8fef64 bcf27b0d217d4e11807d59489df9ec1d - - default default] DELETE failed (client error): The resource could not be found. [pid: 8|app: 0|req: 707/1485] 10.0.0.170 () {32 vars in 724 bytes} [Tue May 5 22:11:05 2026] DELETE /v2.0/subnets/e1876aaa-e136-4447-847f-123300657998 => generated 136 bytes in 11 msecs (HTTP/1.1 404) 4 headers in 164 bytes (1 switches on core 0)
2026-05-05 22:11:05.950 8 INFO neutron.pecan_wsgi.hooks.translation [None req-8b82cf27-6959-45b1-924a-7ea79e42d02a 039c4531e0f542bc84d11d336f8fef64 bcf27b0d217d4e11807d59489df9ec1d - - default default] DELETE failed (client error): The resource could not be found. [pid: 8|app: 0|req: 708/1486] 10.0.0.170 () {32 vars in 724 bytes} [Tue May 5 22:11:05 2026] DELETE /v2.0/subnets/4ec04244-448c-49ba-a59e-4f28d59a09ff => generated 136 bytes in 19 msecs (HTTP/1.1 404) 4 headers in 164 bytes (1 switches on core 0) [pid: 7|app: 0|req: 779/1487] 10.0.0.170 () {32 vars in 740 bytes} [Tue May 5 22:11:05 2026] DELETE /v2.0/security-groups/b9a4709c-cb89-493e-aaef-2113f0581082 => generated 0 bytes in 196 msecs (HTTP/1.1 204) 2 headers in 112 bytes (1 switches on core 0)
2026-05-05 22:11:06.096 8 INFO neutron_taas.services.taas.taas_plugin [None req-cf238164-bf41-4b2d-bf84-66f1b4b25133 039c4531e0f542bc84d11d336f8fef64 bcf27b0d217d4e11807d59489df9ec1d - - default default] TaaS: Handle Delete Port: 3d13bf4f-d34e-4d7a-9e69-79170eac765d
2026-05-05 22:11:06.099 8 INFO neutron_taas.services.taas.tap_mirror_plugin [None req-cf238164-bf41-4b2d-bf84-66f1b4b25133 039c4531e0f542bc84d11d336f8fef64 bcf27b0d217d4e11807d59489df9ec1d - - default default] Tap Mirror: Handle Delete Port: 3d13bf4f-d34e-4d7a-9e69-79170eac765d [pid: 8|app: 0|req: 709/1488] 10.0.0.170 () {32 vars in 720 bytes} [Tue May 5 22:11:05 2026] DELETE /v2.0/ports/3d13bf4f-d34e-4d7a-9e69-79170eac765d => generated 0 bytes in 257 msecs (HTTP/1.1 204) 3 headers in 131 bytes (1 switches on core 0) [pid: 8|app: 0|req: 710/1489] 10.0.0.21 () {34 vars in 989 bytes} [Tue May 5 22:11:06 2026] GET /v2.0/ports?device_id=e96353ee-a1f2-43ce-8fc3-bc53e5583eb4 => generated 12 bytes in 26 msecs (HTTP/1.1 200) 4 headers in 156 bytes (1 switches on core 0)
2026-05-05 22:11:06.360 7 INFO neutron_taas.services.taas.taas_plugin [None req-4b940f84-cb13-4f8d-93c3-09232c1bfb69 039c4531e0f542bc84d11d336f8fef64 bcf27b0d217d4e11807d59489df9ec1d - - default default] TaaS: Handle Delete Port: df854044-acb0-41ff-8cfb-07d0c85210ea
2026-05-05 22:11:06.363 7 INFO neutron_taas.services.taas.tap_mirror_plugin [None req-4b940f84-cb13-4f8d-93c3-09232c1bfb69 039c4531e0f542bc84d11d336f8fef64 bcf27b0d217d4e11807d59489df9ec1d - - default default] Tap Mirror: Handle Delete Port: df854044-acb0-41ff-8cfb-07d0c85210ea [pid: 7|app: 0|req: 780/1490] 10.0.0.170 () {32 vars in 726 bytes} [Tue May 5 22:11:06 2026] DELETE /v2.0/networks/98b42d0e-3f4b-4ce7-a89f-2ab7370127de => generated 0 bytes in 422 msecs (HTTP/1.1 204) 3 headers in 131 bytes (1 switches on core 0) [pid: 8|app: 0|req: 711/1491] 10.0.0.170 () {32 vars in 717 bytes} [Tue May 5 22:11:06 2026] GET /v2.0/ports/a366f60a-5118-449d-9944-1fad83ea04ef => generated 941 bytes in 45 msecs (HTTP/1.1 200) 4 headers in 157 bytes (1 switches on core 0)
2026-05-05 22:11:07.210 7 INFO neutron.services.segments.plugin [-] Segment 85e64fec-a2c3-4f44-b4e8-040763353f05 resource provider aggregate not found
2026-05-05 22:11:07.213 7 INFO neutron.services.segments.plugin [-] Segment 85e64fec-a2c3-4f44-b4e8-040763353f05 resource provider aggregate not found
2026-05-05 22:11:07.225 7 INFO neutron.services.segments.plugin [-] Segment 85e64fec-a2c3-4f44-b4e8-040763353f05 resource provider not found; error: Placement Client Error (4xx): {"errors": [{"status": 404, "title": "Not Found", "detail": "The resource could not be found.\n\n No resource provider with uuid 85e64fec-a2c3-4f44-b4e8-040763353f05 found for delete ", "request_id": "req-5c358973-d135-4dd5-84d3-5453fb3ce2aa"}]}
2026-05-05 22:11:07.233 7 INFO neutron.services.segments.plugin [-] Segment 85e64fec-a2c3-4f44-b4e8-040763353f05 resource provider not found; error: Placement Client Error (4xx): {"errors": [{"status": 404, "title": "Not Found", "detail": "The resource could not be found.\n\n No resource provider with uuid 85e64fec-a2c3-4f44-b4e8-040763353f05 found for delete ", "request_id": "req-9b6ca2f7-f84e-479f-856f-1d997f53aaba"}]} [pid: 7|app: 0|req: 781/1492] 10.0.0.170 () {32 vars in 774 bytes} [Tue May 5 22:11:07 2026] GET /v2.0/security-groups?tenant_id=bcf27b0d217d4e11807d59489df9ec1d&name=default => generated 2925 bytes in 189 msecs (HTTP/1.1 200) 4 headers in 158 bytes (1 switches on core 0) [pid: 8|app: 0|req: 712/1493] 10.0.0.170 () {32 vars in 740 bytes} [Tue May 5 22:11:07 2026] DELETE /v2.0/security-groups/d460f183-ef14-4248-a93a-f90ebd953ec3 => generated 0 bytes in 233 msecs (HTTP/1.1 204) 2 headers in 112 bytes (1 switches on core 0) [pid: 7|app: 0|req: 782/1494] 10.0.0.170 () {32 vars in 740 bytes} [Tue May 5 22:11:07 2026] DELETE /v2.0/security-groups/038161e7-7b99-4123-a81d-1622290e8fbf => generated 0 bytes in 166 msecs (HTTP/1.1 204) 2 headers in 112 bytes (1 switches on core 0)
2026-05-05 22:11:07.621 8 INFO neutron.api.v2.resource [None req-2653ed5d-ada1-4afb-b083-bae8ce8a1e0b 460f1bd8e1204a8382b9078be6da6ff0 5add2a6ea31a4045847049ff0dfd9b85 - - default default] show failed (client error): The resource could not be found. [pid: 8|app: 0|req: 713/1495] 10.0.0.170 () {32 vars in 737 bytes} [Tue May 5 22:11:07 2026] GET /v2.0/security-groups/038161e7-7b99-4123-a81d-1622290e8fbf => generated 146 bytes in 13 msecs (HTTP/1.1 404) 4 headers in 164 bytes (1 switches on core 0)
