2026-05-05 22:11:07.762 7 INFO neutron_taas.services.taas.taas_plugin [None req-69e19f84-9a1c-4777-9818-b32f1b5e8d04 460f1bd8e1204a8382b9078be6da6ff0 5add2a6ea31a4045847049ff0dfd9b85 - - default default] TaaS: Handle Delete Port: fec44789-235c-458a-b856-f125f835ae95
2026-05-05 22:11:07.765 7 INFO neutron_taas.services.taas.tap_mirror_plugin [None req-69e19f84-9a1c-4777-9818-b32f1b5e8d04 460f1bd8e1204a8382b9078be6da6ff0 5add2a6ea31a4045847049ff0dfd9b85 - - default default] Tap Mirror: Handle Delete Port: fec44789-235c-458a-b856-f125f835ae95
2026-05-05 22:11:07.830 7 WARNING neutron.plugins.ml2.drivers.ovn.mech_driver.ovsdb.ovn_client [None req-fcf00564-1c89-474e-8721-a759acf29340 - - - - - -] No hosting information found for port 7f38ae57-55bc-418c-8d16-19f397dde3fb: RuntimeError: No hosting information found for port 7f38ae57-55bc-418c-8d16-19f397dde3fb
2026-05-05 22:11:07.831 7 INFO neutron.plugins.ml2.drivers.ovn.mech_driver.mech_driver [None req-fcf00564-1c89-474e-8721-a759acf29340 - - - - - -] OVN reports status down for port: ef92d0fc-6777-4a0f-b693-e71b8fdffa77
2026-05-05 22:11:07.992 7 INFO neutron.db.ovn_revision_numbers_db [None req-fcf00564-1c89-474e-8721-a759acf29340 - - - - - -] Successfully bumped revision number for resource 7f38ae57-55bc-418c-8d16-19f397dde3fb (type: router_ports) to 2 [pid: 7|app: 0|req: 783/1496] 10.0.0.170 () {32 vars in 732 bytes} [Tue May 5 22:11:07 2026] DELETE /v2.0/floatingips/5d5b9237-929f-46fa-8c6f-d428cfdb9b41 => generated 0 bytes in 420 msecs (HTTP/1.1 204) 2 headers in 112 bytes (1 switches on core 0)
2026-05-05 22:11:08.058 7 INFO neutron.plugins.ml2.drivers.ovn.mech_driver.mech_driver [None req-fcf00564-1c89-474e-8721-a759acf29340 - - - - - -] OVN reports status down for port: a366f60a-5118-449d-9944-1fad83ea04ef [pid: 7|app: 0|req: 784/1497] 10.0.0.170 () {32 vars in 717 bytes} [Tue May 5 22:11:08 2026] GET /v2.0/ports/a366f60a-5118-449d-9944-1fad83ea04ef => generated 941 bytes in 55 msecs (HTTP/1.1 200) 4 headers in 157 bytes (1 switches on core 0)
2026-05-05 22:11:08.156 8 INFO neutron.db.ovn_revision_numbers_db [None req-d800173c-a2a5-4bcf-84cf-3aa3ec765120 e5e2684f6bdb416ebee7b981e7523f09 6975500dc6594392843034b7cfd7d6b5 - - default default] Successfully bumped revision number for resource c8f32ab4-60ac-443c-b343-34437ac1a27b (type: security_groups) to 1
2026-05-05 22:11:08.170 8 INFO neutron.db.ovn_revision_numbers_db [None req-d800173c-a2a5-4bcf-84cf-3aa3ec765120 e5e2684f6bdb416ebee7b981e7523f09 6975500dc6594392843034b7cfd7d6b5 - - default default] Successfully bumped revision number for resource 109a9060-fec1-4bb6-aef0-2ea1b1521227 (type: security_group_rules) to 0
2026-05-05 22:11:08.181 8 INFO neutron.db.ovn_revision_numbers_db [None req-d800173c-a2a5-4bcf-84cf-3aa3ec765120 e5e2684f6bdb416ebee7b981e7523f09 6975500dc6594392843034b7cfd7d6b5 - - default default] Successfully bumped revision number for resource 7a5cc8c4-3cbe-42b1-9dbd-b7c5eeb82908 (type: security_group_rules) to 0
2026-05-05 22:11:08.191 7 WARNING neutron.plugins.ml2.drivers.ovn.mech_driver.ovsdb.ovn_client [None req-fcf00564-1c89-474e-8721-a759acf29340 - - - - - -] Logical_Switch_Port %s host information not removed, the port state is up
2026-05-05 22:11:08.202 8 INFO neutron.db.ovn_revision_numbers_db [None req-d800173c-a2a5-4bcf-84cf-3aa3ec765120 e5e2684f6bdb416ebee7b981e7523f09 6975500dc6594392843034b7cfd7d6b5 - - default default] Successfully bumped revision number for resource b7651729-8af1-49be-a5d5-e1aa977b3f34 (type: security_group_rules) to 0
2026-05-05 22:11:08.216 8 INFO neutron.db.ovn_revision_numbers_db [None req-d800173c-a2a5-4bcf-84cf-3aa3ec765120 e5e2684f6bdb416ebee7b981e7523f09 6975500dc6594392843034b7cfd7d6b5 - - default default] Successfully bumped revision number for resource fc5b665b-8e80-425b-a7de-a6ac23650f74 (type: security_group_rules) to 0
2026-05-05 22:11:08.221 7 INFO neutron.plugins.ml2.drivers.ovn.mech_driver.mech_driver [None req-fcf00564-1c89-474e-8721-a759acf29340 - - - - - -] OVN reports status up for port: a366f60a-5118-449d-9944-1fad83ea04ef
2026-05-05 22:11:08.257 7 INFO neutron.plugins.ml2.plugin [None req-fcf00564-1c89-474e-8721-a759acf29340 - - - - - -] Attempt 1 to provision port a366f60a-5118-449d-9944-1fad83ea04ef
2026-05-05 22:11:08.285 8 INFO neutron.db.segments_db [None req-d800173c-a2a5-4bcf-84cf-3aa3ec765120 e5e2684f6bdb416ebee7b981e7523f09 6975500dc6594392843034b7cfd7d6b5 - - default default] Added segment 4803c2fa-79eb-4ec6-a1f9-9578a6c18435 of type geneve for network 0342c559-3b1b-4e29-b61e-f3fc94d5de55
2026-05-05 22:11:08.404 8 INFO neutron.db.ovn_revision_numbers_db [None req-d800173c-a2a5-4bcf-84cf-3aa3ec765120 e5e2684f6bdb416ebee7b981e7523f09 6975500dc6594392843034b7cfd7d6b5 - - default default] Successfully bumped revision number for resource 0342c559-3b1b-4e29-b61e-f3fc94d5de55 (type: networks) to 1
2026-05-05 22:11:08.608 8 WARNING neutron.scheduler.dhcp_agent_scheduler [None req-d800173c-a2a5-4bcf-84cf-3aa3ec765120 e5e2684f6bdb416ebee7b981e7523f09 6975500dc6594392843034b7cfd7d6b5 - - default default] No more DHCP agents
2026-05-05 22:11:08.612 8 WARNING neutron.api.rpc.agentnotifiers.dhcp_rpc_agent_api [None req-d800173c-a2a5-4bcf-84cf-3aa3ec765120 e5e2684f6bdb416ebee7b981e7523f09 6975500dc6594392843034b7cfd7d6b5 - - default default] Unable to schedule network 0342c559-3b1b-4e29-b61e-f3fc94d5de55: no agents available; will retry on subsequent port and subnet creation events.
2026-05-05 22:11:08.698 8 INFO neutron.db.ovn_revision_numbers_db [None req-d800173c-a2a5-4bcf-84cf-3aa3ec765120 e5e2684f6bdb416ebee7b981e7523f09 6975500dc6594392843034b7cfd7d6b5 - - default default] Successfully bumped revision number for resource b4b80ce7-00bd-4572-8a9f-0b77848d038e (type: ports) to 1
2026-05-05 22:11:08.718 7 INFO neutron_taas.services.taas.taas_plugin [None req-9eca50f5-bcbe-4806-89e4-e3d1c2e1bc64 ed593dd7ed3e4d7caaa880fd7aff9166 8a4621ab5a76438fbbbe1d840dc83b87 - - default default] TaaS: Handle Delete Port: d645695b-f498-407d-b6d9-81ae3fdb3c8b
2026-05-05 22:11:08.723 7 INFO neutron_taas.services.taas.tap_mirror_plugin [None req-9eca50f5-bcbe-4806-89e4-e3d1c2e1bc64 ed593dd7ed3e4d7caaa880fd7aff9166 8a4621ab5a76438fbbbe1d840dc83b87 - - default default] Tap Mirror: Handle Delete Port: d645695b-f498-407d-b6d9-81ae3fdb3c8b [pid: 8|app: 0|req: 714/1498] 10.0.0.170 () {34 vars in 670 bytes} [Tue May 5 22:11:07 2026] POST /v2.0/networks => generated 664 bytes in 847 msecs (HTTP/1.1 201) 4 headers in 162 bytes (1 switches on core 0)
2026-05-05 22:11:08.930 7 INFO neutron.db.ovn_revision_numbers_db [None req-fcf00564-1c89-474e-8721-a759acf29340 - - - - - -] Successfully bumped revision number for resource a366f60a-5118-449d-9944-1fad83ea04ef (type: ports) to 2
2026-05-05 22:11:08.954 8 WARNING neutron.scheduler.dhcp_agent_scheduler [None req-80b05357-84dd-49d7-8f39-734914cecaf4 e5e2684f6bdb416ebee7b981e7523f09 6975500dc6594392843034b7cfd7d6b5 - - default default] No more DHCP agents
2026-05-05 22:11:08.956 8 WARNING neutron.api.rpc.agentnotifiers.dhcp_rpc_agent_api [None req-80b05357-84dd-49d7-8f39-734914cecaf4 e5e2684f6bdb416ebee7b981e7523f09 6975500dc6594392843034b7cfd7d6b5 - - default default] Unable to schedule network 0342c559-3b1b-4e29-b61e-f3fc94d5de55: no agents available; will retry on subsequent port and subnet creation events.
2026-05-05 22:11:09.016 8 INFO neutron.plugins.ml2.drivers.ovn.mech_driver.mech_driver [None req-6609e84e-ae4e-4239-8089-3c3eed358f37 - - - - - -] OVN reports status down for port: 90ef9d5b-8a2a-437a-9f9c-a9f6a398e622
2026-05-05 22:11:09.072 8 INFO neutron.db.ovn_revision_numbers_db [None req-80b05357-84dd-49d7-8f39-734914cecaf4 e5e2684f6bdb416ebee7b981e7523f09 6975500dc6594392843034b7cfd7d6b5 - - default default] Successfully bumped revision number for resource 90ef9d5b-8a2a-437a-9f9c-a9f6a398e622 (type: ports) to 1 [pid: 8|app: 0|req: 715/1499] 10.0.0.170 () {34 vars in 665 bytes} [Tue May 5 22:11:08 2026] POST /v2.0/ports => generated 775 bytes in 431 msecs (HTTP/1.1 201) 4 headers in 162 bytes (1 switches on core 0) /var/lib/openstack/lib/python3.12/site-packages/pycadf/identifier.py:70: UserWarning: Invalid uuid: neutron. To ensure interoperability, identifiers should be a valid uuid. warnings.warn(('Invalid uuid: %s. To ensure interoperability, ' [pid: 8|app: 0|req: 716/1500] 10.0.0.170 () {32 vars in 717 bytes} [Tue May 5 22:11:09 2026] GET /v2.0/ports/a366f60a-5118-449d-9944-1fad83ea04ef => generated 943 bytes in 30 msecs (HTTP/1.1 200) 4 headers in 157 bytes (1 switches on core 0)
2026-05-05 22:11:09.267 8 INFO neutron.db.segments_db [None req-db91df78-4914-470f-abfa-b5c11dd3812e e5e2684f6bdb416ebee7b981e7523f09 6975500dc6594392843034b7cfd7d6b5 - - default default] Added segment 5ccb10a6-a461-4fc2-9d91-5bed2dfe1d77 of type geneve for network f988be43-c356-49d7-b1ec-195ca2666681
2026-05-05 22:11:09.378 8 INFO neutron.db.ovn_revision_numbers_db [None req-db91df78-4914-470f-abfa-b5c11dd3812e e5e2684f6bdb416ebee7b981e7523f09 6975500dc6594392843034b7cfd7d6b5 - - default default] Successfully bumped revision number for resource f988be43-c356-49d7-b1ec-195ca2666681 (type: networks) to 1
2026-05-05 22:11:09.539 8 WARNING neutron.scheduler.dhcp_agent_scheduler [None req-db91df78-4914-470f-abfa-b5c11dd3812e e5e2684f6bdb416ebee7b981e7523f09 6975500dc6594392843034b7cfd7d6b5 - - default default] No more DHCP agents
2026-05-05 22:11:09.544 8 WARNING neutron.api.rpc.agentnotifiers.dhcp_rpc_agent_api [None req-db91df78-4914-470f-abfa-b5c11dd3812e e5e2684f6bdb416ebee7b981e7523f09 6975500dc6594392843034b7cfd7d6b5 - - default default] Unable to schedule network f988be43-c356-49d7-b1ec-195ca2666681: no agents available; will retry on subsequent port and subnet creation events. [pid: 7|app: 0|req: 785/1501] 10.0.0.170 () {34 vars in 789 bytes} [Tue May 5 22:11:08 2026] PUT /v2.0/routers/f1d43c5f-1281-45da-a222-b092c8f305bc/remove_router_interface => generated 309 bytes in 1448 msecs (HTTP/1.1 200) 4 headers in 157 bytes (1 switches on core 0) /var/lib/openstack/lib/python3.12/site-packages/pycadf/identifier.py:70: UserWarning: Invalid uuid: neutron. To ensure interoperability, identifiers should be a valid uuid. warnings.warn(('Invalid uuid: %s. To ensure interoperability, '
2026-05-05 22:11:09.614 8 INFO neutron.plugins.ml2.drivers.ovn.mech_driver.mech_driver [None req-6609e84e-ae4e-4239-8089-3c3eed358f37 - - - - - -] OVN reports status down for port: 9978849b-0977-4b56-9628-3964a76a8fd5
2026-05-05 22:11:09.669 8 INFO neutron.db.ovn_revision_numbers_db [None req-db91df78-4914-470f-abfa-b5c11dd3812e e5e2684f6bdb416ebee7b981e7523f09 6975500dc6594392843034b7cfd7d6b5 - - default default] Successfully bumped revision number for resource 9978849b-0977-4b56-9628-3964a76a8fd5 (type: ports) to 1 [pid: 8|app: 0|req: 717/1502] 10.0.0.170 () {34 vars in 670 bytes} [Tue May 5 22:11:09 2026] POST /v2.0/networks => generated 651 bytes in 518 msecs (HTTP/1.1 201) 4 headers in 162 bytes (1 switches on core 0) [pid: 8|app: 0|req: 718/1503] 10.0.0.170 () {32 vars in 623 bytes} [Tue May 5 22:11:09 2026] GET / => generated 151 bytes in 1 msecs (HTTP/1.1 200) 3 headers in 91 bytes (1 switches on core 0)
2026-05-05 22:11:09.832 7 INFO neutron_taas.services.taas.taas_plugin [None req-55df54be-38ae-4099-ae39-d5f33c7a225a d5e3ce4bde9141779dc578f206f5a8d4 9c3f3c5c2f5b4f26a7131353be66bf5b - - default default] TaaS: Handle Delete Port: a366f60a-5118-449d-9944-1fad83ea04ef
2026-05-05 22:11:09.836 7 INFO neutron_taas.services.taas.tap_mirror_plugin [None req-55df54be-38ae-4099-ae39-d5f33c7a225a d5e3ce4bde9141779dc578f206f5a8d4 9c3f3c5c2f5b4f26a7131353be66bf5b - - default default] Tap Mirror: Handle Delete Port: a366f60a-5118-449d-9944-1fad83ea04ef
2026-05-05 22:11:09.997 8 INFO neutron_taas.services.taas.taas_plugin [None req-09a7f620-ac5b-40d6-8042-5f081d5ce629 ed593dd7ed3e4d7caaa880fd7aff9166 8a4621ab5a76438fbbbe1d840dc83b87 - - default default] TaaS: Handle Delete Port: 2ff8fddb-6f53-44e5-80b0-6ca0c9d9003e
2026-05-05 22:11:10.000 8 INFO neutron_taas.services.taas.tap_mirror_plugin [None req-09a7f620-ac5b-40d6-8042-5f081d5ce629 ed593dd7ed3e4d7caaa880fd7aff9166 8a4621ab5a76438fbbbe1d840dc83b87 - - default default] Tap Mirror: Handle Delete Port: 2ff8fddb-6f53-44e5-80b0-6ca0c9d9003e [pid: 7|app: 0|req: 786/1504] 10.0.0.170 () {34 vars in 789 bytes} [Tue May 5 22:11:09 2026] PUT /v2.0/routers/d7b3c8e8-cebf-437b-a2ac-84a324e82656/remove_router_interface => generated 309 bytes in 624 msecs (HTTP/1.1 200) 4 headers in 157 bytes (1 switches on core 0) /var/lib/openstack/lib/python3.12/site-packages/pycadf/identifier.py:70: UserWarning: Invalid uuid: neutron. To ensure interoperability, identifiers should be a valid uuid. warnings.warn(('Invalid uuid: %s. To ensure interoperability, '
2026-05-05 22:11:10.402 7 WARNING neutron.scheduler.dhcp_agent_scheduler [None req-66d5e432-21b7-4bcf-9102-599212c6ca5b e5e2684f6bdb416ebee7b981e7523f09 6975500dc6594392843034b7cfd7d6b5 - - default default] No more DHCP agents
2026-05-05 22:11:10.403 7 WARNING neutron.api.rpc.agentnotifiers.dhcp_rpc_agent_api [None req-66d5e432-21b7-4bcf-9102-599212c6ca5b e5e2684f6bdb416ebee7b981e7523f09 6975500dc6594392843034b7cfd7d6b5 - - default default] Unable to schedule network f988be43-c356-49d7-b1ec-195ca2666681: no agents available; will retry on subsequent port and subnet creation events. [pid: 8|app: 0|req: 719/1505] 10.0.0.170 () {32 vars in 724 bytes} [Tue May 5 22:11:09 2026] DELETE /v2.0/routers/f1d43c5f-1281-45da-a222-b092c8f305bc => generated 0 bytes in 698 msecs (HTTP/1.1 204) 2 headers in 112 bytes (1 switches on core 0) [pid: 8|app: 0|req: 720/1506] 10.0.0.170 () {32 vars in 633 bytes} [Tue May 5 22:11:10 2026] GET /v2.0/ => generated 632 bytes in 151 msecs (HTTP/1.1 200) 4 headers in 157 bytes (1 switches on core 0) [pid: 8|app: 0|req: 721/1507] 10.0.0.170 () {32 vars in 717 bytes} [Tue May 5 22:11:10 2026] GET /v2.0/ports/7f38ae57-55bc-418c-8d16-19f397dde3fb => generated 943 bytes in 69 msecs (HTTP/1.1 200) 4 headers in 157 bytes (1 switches on core 0) [pid: 8|app: 0|req: 722/1508] 10.0.0.170 () {32 vars in 724 bytes} [Tue May 5 22:11:10 2026] DELETE /v2.0/subnets/c1d9ed94-cde8-4a3f-95cb-7c43fdb7908e => generated 0 bytes in 163 msecs (HTTP/1.1 204) 3 headers in 131 bytes (1 switches on core 0)
2026-05-05 22:11:10.888 7 INFO neutron.db.ovn_revision_numbers_db [None req-ee7ad3ed-4500-4a36-9565-4b5664ea9167 - - - - - -] Successfully bumped revision number for resource 9978849b-0977-4b56-9628-3964a76a8fd5 (type: ports) to 2
2026-05-05 22:11:10.922 7 INFO neutron.db.ovn_revision_numbers_db [None req-ee7ad3ed-4500-4a36-9565-4b5664ea9167 - - - - - -] Successfully bumped revision number for resource 1c26edb6-4759-49bf-a3b9-fb502520c9b0 (type: subnets) to 0 [pid: 7|app: 0|req: 787/1509] 10.0.0.170 () {34 vars in 669 bytes} [Tue May 5 22:11:10 2026] POST /v2.0/subnets => generated 626 bytes in 758 msecs (HTTP/1.1 201) 4 headers in 162 bytes (1 switches on core 0)
2026-05-05 22:11:11.060 7 INFO neutron_taas.services.taas.taas_plugin [None req-b9966234-2a02-4d27-8a1b-5e650eb5940b ed593dd7ed3e4d7caaa880fd7aff9166 8a4621ab5a76438fbbbe1d840dc83b87 - - default default] TaaS: Handle Delete Port: 29b3bd43-11a6-45b4-9065-d83c5bd440e2
2026-05-05 22:11:11.063 7 INFO neutron_taas.services.taas.tap_mirror_plugin [None req-b9966234-2a02-4d27-8a1b-5e650eb5940b ed593dd7ed3e4d7caaa880fd7aff9166 8a4621ab5a76438fbbbe1d840dc83b87 - - default default] Tap Mirror: Handle Delete Port: 29b3bd43-11a6-45b4-9065-d83c5bd440e2
2026-05-05 22:11:11.098 8 INFO neutron_taas.services.taas.taas_plugin [None req-9b4574b8-a690-45db-9516-abc474c06312 d5e3ce4bde9141779dc578f206f5a8d4 9c3f3c5c2f5b4f26a7131353be66bf5b - - default default] TaaS: Handle Delete Port: 7f38ae57-55bc-418c-8d16-19f397dde3fb
2026-05-05 22:11:11.101 8 INFO neutron_taas.services.taas.tap_mirror_plugin [None req-9b4574b8-a690-45db-9516-abc474c06312 d5e3ce4bde9141779dc578f206f5a8d4 9c3f3c5c2f5b4f26a7131353be66bf5b - - default default] Tap Mirror: Handle Delete Port: 7f38ae57-55bc-418c-8d16-19f397dde3fb
2026-05-05 22:11:11.252 7 INFO neutron.services.segments.plugin [-] Segment 9e79a931-3a7f-4051-9e3f-dece4c63f541 resource provider aggregate not found
2026-05-05 22:11:11.259 7 INFO neutron.services.segments.plugin [-] Segment 9e79a931-3a7f-4051-9e3f-dece4c63f541 resource provider aggregate not found
2026-05-05 22:11:11.283 7 INFO neutron.services.segments.plugin [-] Segment 9e79a931-3a7f-4051-9e3f-dece4c63f541 resource provider not found; error: Placement Client Error (4xx): {"errors": [{"status": 404, "title": "Not Found", "detail": "The resource could not be found.\n\n No resource provider with uuid 9e79a931-3a7f-4051-9e3f-dece4c63f541 found for delete ", "request_id": "req-ca444031-ff92-4675-afb2-5de0f780028c"}]}
2026-05-05 22:11:11.284 7 INFO neutron.services.segments.plugin [-] Segment 9e79a931-3a7f-4051-9e3f-dece4c63f541 resource provider not found; error: Placement Client Error (4xx): {"errors": [{"status": 404, "title": "Not Found", "detail": "The resource could not be found.\n\n No resource provider with uuid 9e79a931-3a7f-4051-9e3f-dece4c63f541 found for delete ", "request_id": "req-b251e270-0310-4174-9747-1713b02fbcb8"}]} [pid: 7|app: 0|req: 788/1510] 10.0.0.170 () {32 vars in 726 bytes} [Tue May 5 22:11:10 2026] DELETE /v2.0/networks/c7e41284-dafa-4d38-acca-f5bb91a00912 => generated 0 bytes in 377 msecs (HTTP/1.1 204) 3 headers in 131 bytes (1 switches on core 0) [pid: 8|app: 0|req: 723/1511] 10.0.0.170 () {34 vars in 789 bytes} [Tue May 5 22:11:10 2026] PUT /v2.0/routers/d7b3c8e8-cebf-437b-a2ac-84a324e82656/remove_router_interface => generated 309 bytes in 635 msecs (HTTP/1.1 200) 4 headers in 157 bytes (1 switches on core 0) /var/lib/openstack/lib/python3.12/site-packages/pycadf/identifier.py:70: UserWarning: Invalid uuid: neutron. To ensure interoperability, identifiers should be a valid uuid. warnings.warn(('Invalid uuid: %s. To ensure interoperability, '
2026-05-05 22:11:11.600 7 WARNING neutron.scheduler.dhcp_agent_scheduler [None req-0b139af2-ec98-486d-b80f-335f6457ef96 e5e2684f6bdb416ebee7b981e7523f09 6975500dc6594392843034b7cfd7d6b5 - - default default] No more DHCP agents
2026-05-05 22:11:11.601 7 WARNING neutron.api.rpc.agentnotifiers.dhcp_rpc_agent_api [None req-0b139af2-ec98-486d-b80f-335f6457ef96 e5e2684f6bdb416ebee7b981e7523f09 6975500dc6594392843034b7cfd7d6b5 - - default default] Unable to schedule network f988be43-c356-49d7-b1ec-195ca2666681: no agents available; will retry on subsequent port and subnet creation events.
2026-05-05 22:11:11.688 8 INFO neutron.db.ovn_revision_numbers_db [None req-10a1e86d-bb6c-4166-b2db-d7bb8174a9b2 ed593dd7ed3e4d7caaa880fd7aff9166 8a4621ab5a76438fbbbe1d840dc83b87 - - default default] Successfully bumped revision number for resource 5b4f71e1-f28d-49e2-9d46-cf0205278f73 (type: security_groups) to 1
2026-05-05 22:11:11.700 8 INFO neutron.db.ovn_revision_numbers_db [None req-10a1e86d-bb6c-4166-b2db-d7bb8174a9b2 ed593dd7ed3e4d7caaa880fd7aff9166 8a4621ab5a76438fbbbe1d840dc83b87 - - default default] Successfully bumped revision number for resource 2a208baf-e36e-43bf-8c0f-b65e6cfcba4b (type: security_group_rules) to 0
2026-05-05 22:11:11.727 8 INFO neutron.db.ovn_revision_numbers_db [None req-10a1e86d-bb6c-4166-b2db-d7bb8174a9b2 ed593dd7ed3e4d7caaa880fd7aff9166 8a4621ab5a76438fbbbe1d840dc83b87 - - default default] Successfully bumped revision number for resource 36e1ab0d-cf26-4bf1-9da2-44d24731b04f (type: security_group_rules) to 0
2026-05-05 22:11:11.745 8 INFO neutron.plugins.ml2.drivers.ovn.mech_driver.mech_driver [None req-6609e84e-ae4e-4239-8089-3c3eed358f37 - - - - - -] OVN reports status down for port: ff5fd4f2-4374-4329-a5b6-9ed639b6c961
2026-05-05 22:11:11.747 8 INFO neutron.db.ovn_revision_numbers_db [None req-10a1e86d-bb6c-4166-b2db-d7bb8174a9b2 ed593dd7ed3e4d7caaa880fd7aff9166 8a4621ab5a76438fbbbe1d840dc83b87 - - default default] Successfully bumped revision number for resource 528283b3-1207-476d-a51a-25ee708782b2 (type: security_group_rules) to 0
2026-05-05 22:11:11.752 7 INFO neutron.db.ovn_revision_numbers_db [None req-0b139af2-ec98-486d-b80f-335f6457ef96 e5e2684f6bdb416ebee7b981e7523f09 6975500dc6594392843034b7cfd7d6b5 - - default default] Successfully bumped revision number for resource ff5fd4f2-4374-4329-a5b6-9ed639b6c961 (type: ports) to 1
2026-05-05 22:11:11.762 8 INFO neutron.db.ovn_revision_numbers_db [None req-10a1e86d-bb6c-4166-b2db-d7bb8174a9b2 ed593dd7ed3e4d7caaa880fd7aff9166 8a4621ab5a76438fbbbe1d840dc83b87 - - default default] Successfully bumped revision number for resource 777de420-797f-4534-84f6-65f51d6ad4df (type: security_group_rules) to 0 [pid: 7|app: 0|req: 789/1512] 10.0.0.170 () {34 vars in 665 bytes} [Tue May 5 22:11:11 2026] POST /v2.0/ports => generated 950 bytes in 456 msecs (HTTP/1.1 201) 4 headers in 162 bytes (1 switches on core 0) /var/lib/openstack/lib/python3.12/site-packages/pycadf/identifier.py:70: UserWarning: Invalid uuid: neutron. To ensure interoperability, identifiers should be a valid uuid. warnings.warn(('Invalid uuid: %s. To ensure interoperability, ' [pid: 7|app: 0|req: 790/1513] 10.0.0.170 () {32 vars in 774 bytes} [Tue May 5 22:11:11 2026] GET /v2.0/security-groups?tenant_id=5add2a6ea31a4045847049ff0dfd9b85&name=default => generated 2925 bytes in 24 msecs (HTTP/1.1 200) 4 headers in 158 bytes (1 switches on core 0) [pid: 7|app: 0|req: 791/1514] 10.0.0.170 () {32 vars in 736 bytes} [Tue May 5 22:11:11 2026] GET /v2.0/ports?device_id=d7b3c8e8-cebf-437b-a2ac-84a324e82656 => generated 12 bytes in 18 msecs (HTTP/1.1 200) 4 headers in 156 bytes (1 switches on core 0) [pid: 8|app: 0|req: 724/1515] 10.0.0.170 () {32 vars in 774 bytes} [Tue May 5 22:11:11 2026] GET /v2.0/security-groups?tenant_id=dbca7f8f9fc34135b6266a7465659640&name=default => generated 2925 bytes in 397 msecs (HTTP/1.1 200) 4 headers in 158 bytes (1 switches on core 0)
2026-05-05 22:11:11.944 7 INFO neutron_taas.services.taas.taas_plugin [None req-0c042fdd-9572-4e0b-bf0e-7f1f2b8c18c3 e5e2684f6bdb416ebee7b981e7523f09 6975500dc6594392843034b7cfd7d6b5 - - default default] TaaS: Handle Delete Port: ff5fd4f2-4374-4329-a5b6-9ed639b6c961
2026-05-05 22:11:11.947 7 INFO neutron_taas.services.taas.tap_mirror_plugin [None req-0c042fdd-9572-4e0b-bf0e-7f1f2b8c18c3 e5e2684f6bdb416ebee7b981e7523f09 6975500dc6594392843034b7cfd7d6b5 - - default default] Tap Mirror: Handle Delete Port: ff5fd4f2-4374-4329-a5b6-9ed639b6c961 [pid: 7|app: 0|req: 792/1516] 10.0.0.170 () {32 vars in 720 bytes} [Tue May 5 22:11:11 2026] DELETE /v2.0/ports/ff5fd4f2-4374-4329-a5b6-9ed639b6c961 => generated 0 bytes in 276 msecs (HTTP/1.1 204) 3 headers in 131 bytes (1 switches on core 0) [pid: 8|app: 0|req: 725/1517] 10.0.0.170 () {32 vars in 740 bytes} [Tue May 5 22:11:11 2026] DELETE /v2.0/security-groups/9e4caa1b-d86b-4719-aa8e-81a33dc11b84 => generated 0 bytes in 284 msecs (HTTP/1.1 204) 2 headers in 112 bytes (1 switches on core 0) [pid: 7|app: 0|req: 793/1518] 10.0.0.170 () {32 vars in 724 bytes} [Tue May 5 22:11:12 2026] DELETE /v2.0/routers/d7b3c8e8-cebf-437b-a2ac-84a324e82656 => generated 0 bytes in 190 msecs (HTTP/1.1 204) 2 headers in 112 bytes (1 switches on core 0)
2026-05-05 22:11:12.298 7 INFO neutron.pecan_wsgi.hooks.translation [None req-3beade77-76b7-4c14-9914-d5248de34297 e5e2684f6bdb416ebee7b981e7523f09 6975500dc6594392843034b7cfd7d6b5 - - default default] DELETE failed (client error): The resource could not be found. [pid: 7|app: 0|req: 794/1519] 10.0.0.170 () {32 vars in 720 bytes} [Tue May 5 22:11:12 2026] DELETE /v2.0/ports/ff5fd4f2-4374-4329-a5b6-9ed639b6c961 => generated 132 bytes in 17 msecs (HTTP/1.1 404) 4 headers in 164 bytes (1 switches on core 0) [pid: 8|app: 0|req: 726/1520] 10.0.0.170 () {32 vars in 740 bytes} [Tue May 5 22:11:12 2026] DELETE /v2.0/security-groups/5b4f71e1-f28d-49e2-9d46-cf0205278f73 => generated 0 bytes in 218 msecs (HTTP/1.1 204) 2 headers in 112 bytes (1 switches on core 0)
2026-05-05 22:11:12.347 8 INFO neutron.pecan_wsgi.hooks.translation [None req-6b26f360-a07a-49ab-a2e6-a60b51dc7051 e5e2684f6bdb416ebee7b981e7523f09 6975500dc6594392843034b7cfd7d6b5 - - default default] GET failed (client error): The resource could not be found. [pid: 8|app: 0|req: 727/1521] 10.0.0.170 () {32 vars in 717 bytes} [Tue May 5 22:11:12 2026] GET /v2.0/ports/ff5fd4f2-4374-4329-a5b6-9ed639b6c961 => generated 132 bytes in 15 msecs (HTTP/1.1 404) 4 headers in 164 bytes (1 switches on core 0) [pid: 7|app: 0|req: 795/1522] 10.0.0.170 () {32 vars in 724 bytes} [Tue May 5 22:11:12 2026] DELETE /v2.0/subnets/3042f868-3bcd-43de-b38f-cbc45e5b2891 => generated 0 bytes in 140 msecs (HTTP/1.1 204) 3 headers in 131 bytes (1 switches on core 0) [pid: 8|app: 0|req: 728/1523] 10.0.0.170 () {32 vars in 724 bytes} [Tue May 5 22:11:12 2026] DELETE /v2.0/subnets/1c26edb6-4759-49bf-a3b9-fb502520c9b0 => generated 0 bytes in 174 msecs (HTTP/1.1 204) 3 headers in 131 bytes (1 switches on core 0) [pid: 7|app: 0|req: 796/1524] 10.0.0.170 () {32 vars in 724 bytes} [Tue May 5 22:11:12 2026] DELETE /v2.0/subnets/821ad2af-8fd7-41be-9eb8-2fbe859ae6c2 => generated 0 bytes in 159 msecs (HTTP/1.1 204) 3 headers in 131 bytes (1 switches on core 0)
2026-05-05 22:11:12.644 8 INFO neutron_taas.services.taas.taas_plugin [None req-79683794-eead-46ed-8e53-8c4f6a3a3b62 e5e2684f6bdb416ebee7b981e7523f09 6975500dc6594392843034b7cfd7d6b5 - - default default] TaaS: Handle Delete Port: 9978849b-0977-4b56-9628-3964a76a8fd5
2026-05-05 22:11:12.646 8 INFO neutron_taas.services.taas.tap_mirror_plugin [None req-79683794-eead-46ed-8e53-8c4f6a3a3b62 e5e2684f6bdb416ebee7b981e7523f09 6975500dc6594392843034b7cfd7d6b5 - - default default] Tap Mirror: Handle Delete Port: 9978849b-0977-4b56-9628-3964a76a8fd5
2026-05-05 22:11:12.725 7 INFO neutron_taas.services.taas.taas_plugin [None req-be7d2860-bc26-40e8-94c5-c34b1671e8d5 d5e3ce4bde9141779dc578f206f5a8d4 9c3f3c5c2f5b4f26a7131353be66bf5b - - default default] TaaS: Handle Delete Port: dce1cd06-a1f5-4f91-90d8-cdd9fb802394
2026-05-05 22:11:12.736 7 INFO neutron_taas.services.taas.tap_mirror_plugin [None req-be7d2860-bc26-40e8-94c5-c34b1671e8d5 d5e3ce4bde9141779dc578f206f5a8d4 9c3f3c5c2f5b4f26a7131353be66bf5b - - default default] Tap Mirror: Handle Delete Port: dce1cd06-a1f5-4f91-90d8-cdd9fb802394
2026-05-05 22:11:12.820 8 INFO neutron.services.segments.plugin [-] Segment 5ccb10a6-a461-4fc2-9d91-5bed2dfe1d77 resource provider aggregate not found
2026-05-05 22:11:12.846 8 INFO neutron.services.segments.plugin [-] Segment 5ccb10a6-a461-4fc2-9d91-5bed2dfe1d77 resource provider aggregate not found
2026-05-05 22:11:12.847 8 INFO neutron.services.segments.plugin [-] Segment 5ccb10a6-a461-4fc2-9d91-5bed2dfe1d77 resource provider not found; error: Placement Client Error (4xx): {"errors": [{"status": 404, "title": "Not Found", "detail": "The resource could not be found.\n\n No resource provider with uuid 5ccb10a6-a461-4fc2-9d91-5bed2dfe1d77 found for delete ", "request_id": "req-78f56c57-4410-4fa9-8170-b1dd5b39e4cc"}]}
2026-05-05 22:11:12.863 8 INFO neutron.services.segments.plugin [-] Segment 5ccb10a6-a461-4fc2-9d91-5bed2dfe1d77 resource provider not found; error: Placement Client Error (4xx): {"errors": [{"status": 404, "title": "Not Found", "detail": "The resource could not be found.\n\n No resource provider with uuid 5ccb10a6-a461-4fc2-9d91-5bed2dfe1d77 found for delete ", "request_id": "req-a166ebe7-404c-43b7-8eeb-a6b64c827608"}]} [pid: 8|app: 0|req: 729/1525] 10.0.0.170 () {32 vars in 726 bytes} [Tue May 5 22:11:12 2026] DELETE /v2.0/networks/f988be43-c356-49d7-b1ec-195ca2666681 => generated 0 bytes in 347 msecs (HTTP/1.1 204) 3 headers in 131 bytes (1 switches on core 0) [pid: 7|app: 0|req: 797/1526] 10.0.0.170 () {32 vars in 726 bytes} [Tue May 5 22:11:12 2026] DELETE /v2.0/networks/ce672517-9dbf-4756-b1b7-1f11735c415e => generated 0 bytes in 329 msecs (HTTP/1.1 204) 3 headers in 131 bytes (1 switches on core 0)
2026-05-05 22:11:12.970 8 INFO neutron.db.segments_db [None req-b3483e1c-76db-4d54-8cc4-a8ec8a571123 e5e2684f6bdb416ebee7b981e7523f09 6975500dc6594392843034b7cfd7d6b5 - - default default] Added segment d3817369-2088-4948-8aa4-a7633663adce of type geneve for network 43d597ea-95cc-4254-ac49-28a8c5ac4333
2026-05-05 22:11:13.073 8 INFO neutron.db.ovn_revision_numbers_db [None req-b3483e1c-76db-4d54-8cc4-a8ec8a571123 e5e2684f6bdb416ebee7b981e7523f09 6975500dc6594392843034b7cfd7d6b5 - - default default] Successfully bumped revision number for resource 43d597ea-95cc-4254-ac49-28a8c5ac4333 (type: networks) to 1
2026-05-05 22:11:13.088 7 INFO neutron_taas.services.taas.taas_plugin [None req-494b93d2-7317-4f3f-88a7-3eec72bbf5a6 d5e3ce4bde9141779dc578f206f5a8d4 9c3f3c5c2f5b4f26a7131353be66bf5b - - default default] TaaS: Handle Delete Port: a5b487d7-7dbf-43d0-89fa-d2df347ed85b
2026-05-05 22:11:13.090 7 INFO neutron_taas.services.taas.tap_mirror_plugin [None req-494b93d2-7317-4f3f-88a7-3eec72bbf5a6 d5e3ce4bde9141779dc578f206f5a8d4 9c3f3c5c2f5b4f26a7131353be66bf5b - - default default] Tap Mirror: Handle Delete Port: a5b487d7-7dbf-43d0-89fa-d2df347ed85b
2026-05-05 22:11:13.218 8 WARNING neutron.scheduler.dhcp_agent_scheduler [None req-b3483e1c-76db-4d54-8cc4-a8ec8a571123 e5e2684f6bdb416ebee7b981e7523f09 6975500dc6594392843034b7cfd7d6b5 - - default default] No more DHCP agents
2026-05-05 22:11:13.219 8 WARNING neutron.api.rpc.agentnotifiers.dhcp_rpc_agent_api [None req-b3483e1c-76db-4d54-8cc4-a8ec8a571123 e5e2684f6bdb416ebee7b981e7523f09 6975500dc6594392843034b7cfd7d6b5 - - default default] Unable to schedule network 43d597ea-95cc-4254-ac49-28a8c5ac4333: no agents available; will retry on subsequent port and subnet creation events.
2026-05-05 22:11:13.290 8 INFO neutron.db.ovn_revision_numbers_db [None req-b3483e1c-76db-4d54-8cc4-a8ec8a571123 e5e2684f6bdb416ebee7b981e7523f09 6975500dc6594392843034b7cfd7d6b5 - - default default] Successfully bumped revision number for resource 46031bde-4cc7-4b28-800f-1905d80b4332 (type: ports) to 1
2026-05-05 22:11:13.304 7 INFO neutron.services.segments.plugin [-] Segment a6468b41-6691-482c-b49c-145bf16add4d resource provider aggregate not found
2026-05-05 22:11:13.310 7 INFO neutron.services.segments.plugin [-] Segment a6468b41-6691-482c-b49c-145bf16add4d resource provider aggregate not found [pid: 8|app: 0|req: 730/1527] 10.0.0.170 () {34 vars in 670 bytes} [Tue May 5 22:11:12 2026] POST /v2.0/networks => generated 650 bytes in 431 msecs (HTTP/1.1 201) 4 headers in 162 bytes (1 switches on core 0) [pid: 7|app: 0|req: 798/1528] 10.0.0.170 () {32 vars in 726 bytes} [Tue May 5 22:11:12 2026] DELETE /v2.0/networks/52908a3c-d80a-4696-9a04-ffdc5a6ee6fa => generated 0 bytes in 370 msecs (HTTP/1.1 204) 3 headers in 131 bytes (1 switches on core 0)
2026-05-05 22:11:13.329 7 INFO neutron.services.segments.plugin [-] Segment a6468b41-6691-482c-b49c-145bf16add4d resource provider not found; error: Placement Client Error (4xx): {"errors": [{"status": 404, "title": "Not Found", "detail": "The resource could not be found.\n\n No resource provider with uuid a6468b41-6691-482c-b49c-145bf16add4d found for delete ", "request_id": "req-5aed4285-c8cf-4ca0-afcf-8beb68210cc7"}]}
2026-05-05 22:11:13.334 7 INFO neutron.services.segments.plugin [-] Segment a6468b41-6691-482c-b49c-145bf16add4d resource provider not found; error: Placement Client Error (4xx): {"errors": [{"status": 404, "title": "Not Found", "detail": "The resource could not be found.\n\n No resource provider with uuid a6468b41-6691-482c-b49c-145bf16add4d found for delete ", "request_id": "req-e62d3b02-39ad-4267-a7a9-e9e88fe1a8b7"}]}
2026-05-05 22:11:13.357 7 INFO neutron.services.segments.plugin [-] Segment f78ba6dd-b668-4119-9525-da6723220949 resource provider aggregate not found
2026-05-05 22:11:13.359 7 INFO neutron.services.segments.plugin [-] Segment f78ba6dd-b668-4119-9525-da6723220949 resource provider aggregate not found
2026-05-05 22:11:13.386 7 INFO neutron.services.segments.plugin [-] Segment f78ba6dd-b668-4119-9525-da6723220949 resource provider not found; error: Placement Client Error (4xx): {"errors": [{"status": 404, "title": "Not Found", "detail": "The resource could not be found.\n\n No resource provider with uuid f78ba6dd-b668-4119-9525-da6723220949 found for delete ", "request_id": "req-f36e440d-8db5-4ab0-bf84-92b8a587552f"}]}
2026-05-05 22:11:13.389 7 INFO neutron.services.segments.plugin [-] Segment f78ba6dd-b668-4119-9525-da6723220949 resource provider not found; error: Placement Client Error (4xx): {"errors": [{"status": 404, "title": "Not Found", "detail": "The resource could not be found.\n\n No resource provider with uuid f78ba6dd-b668-4119-9525-da6723220949 found for delete ", "request_id": "req-0a5c72ea-0867-4c3f-91ac-e00d2fabb1f1"}]}
2026-05-05 22:11:13.437 7 INFO neutron.db.segments_db [None req-32b6644c-46ee-49d2-bd35-fb0f9dd1e49d d5e3ce4bde9141779dc578f206f5a8d4 9c3f3c5c2f5b4f26a7131353be66bf5b - - default default] Added segment 66f2e58c-45bb-48d1-8e08-4df5c69fbc1b of type geneve for network 74b6a436-24da-430b-a657-8f91dd76cb7c
2026-05-05 22:11:13.526 8 WARNING neutron.scheduler.dhcp_agent_scheduler [None req-2076fa40-656e-46a8-8d0e-34dcda1a8221 e5e2684f6bdb416ebee7b981e7523f09 6975500dc6594392843034b7cfd7d6b5 - - default default] No more DHCP agents
2026-05-05 22:11:13.527 8 WARNING neutron.api.rpc.agentnotifiers.dhcp_rpc_agent_api [None req-2076fa40-656e-46a8-8d0e-34dcda1a8221 e5e2684f6bdb416ebee7b981e7523f09 6975500dc6594392843034b7cfd7d6b5 - - default default] Unable to schedule network 43d597ea-95cc-4254-ac49-28a8c5ac4333: no agents available; will retry on subsequent port and subnet creation events.
2026-05-05 22:11:13.554 7 INFO neutron.db.ovn_revision_numbers_db [None req-32b6644c-46ee-49d2-bd35-fb0f9dd1e49d d5e3ce4bde9141779dc578f206f5a8d4 9c3f3c5c2f5b4f26a7131353be66bf5b - - default default] Successfully bumped revision number for resource 74b6a436-24da-430b-a657-8f91dd76cb7c (type: networks) to 1
2026-05-05 22:11:13.581 7 WARNING neutron.plugins.ml2.drivers.ovn.mech_driver.ovsdb.ovn_client [None req-f22e435c-0de6-44be-9551-a563bdff274a - - - - - -] No port found with ID a366f60a-5118-449d-9944-1fad83ea04ef: RuntimeError: No port found with ID a366f60a-5118-449d-9944-1fad83ea04ef
2026-05-05 22:11:13.593 7 INFO neutron.plugins.ml2.drivers.ovn.mech_driver.mech_driver [None req-f22e435c-0de6-44be-9551-a563bdff274a - - - - - -] OVN reports status down for port: 02a83002-2c9a-4111-a48b-ac45a43ff550
2026-05-05 22:11:13.627 7 INFO neutron.plugins.ml2.drivers.ovn.mech_driver.mech_driver [None req-f22e435c-0de6-44be-9551-a563bdff274a - - - - - -] OVN reports status down for port: 02a83002-2c9a-4111-a48b-ac45a43ff550
2026-05-05 22:11:13.644 7 INFO neutron.plugins.ml2.drivers.ovn.mech_driver.mech_driver [None req-f22e435c-0de6-44be-9551-a563bdff274a - - - - - -] OVN reports status down for port: b4b80ce7-00bd-4572-8a9f-0b77848d038e
2026-05-05 22:11:13.790 7 INFO neutron.plugins.ml2.drivers.ovn.mech_driver.mech_driver [None req-f22e435c-0de6-44be-9551-a563bdff274a - - - - - -] OVN reports status down for port: 46031bde-4cc7-4b28-800f-1905d80b4332
2026-05-05 22:11:13.876 7 WARNING neutron.scheduler.dhcp_agent_scheduler [None req-32b6644c-46ee-49d2-bd35-fb0f9dd1e49d d5e3ce4bde9141779dc578f206f5a8d4 9c3f3c5c2f5b4f26a7131353be66bf5b - - default default] No more DHCP agents
2026-05-05 22:11:13.879 7 WARNING neutron.api.rpc.agentnotifiers.dhcp_rpc_agent_api [None req-32b6644c-46ee-49d2-bd35-fb0f9dd1e49d d5e3ce4bde9141779dc578f206f5a8d4 9c3f3c5c2f5b4f26a7131353be66bf5b - - default default] Unable to schedule network 74b6a436-24da-430b-a657-8f91dd76cb7c: no agents available; will retry on subsequent port and subnet creation events.
2026-05-05 22:11:13.946 7 INFO neutron.plugins.ml2.drivers.ovn.mech_driver.mech_driver [None req-f22e435c-0de6-44be-9551-a563bdff274a - - - - - -] OVN reports status down for port: 1dc0d37c-aa8f-4705-90cc-1667194bae18
2026-05-05 22:11:14.019 8 INFO neutron.db.ovn_revision_numbers_db [None req-5dac0fef-2c23-4fc3-ac14-da94e101b642 - - - - - -] Successfully bumped revision number for resource 46031bde-4cc7-4b28-800f-1905d80b4332 (type: ports) to 2
2026-05-05 22:11:14.029 7 INFO neutron.db.ovn_revision_numbers_db [None req-32b6644c-46ee-49d2-bd35-fb0f9dd1e49d d5e3ce4bde9141779dc578f206f5a8d4 9c3f3c5c2f5b4f26a7131353be66bf5b - - default default] Successfully bumped revision number for resource 1dc0d37c-aa8f-4705-90cc-1667194bae18 (type: ports) to 1
2026-05-05 22:11:14.063 8 INFO neutron.db.ovn_revision_numbers_db [None req-5dac0fef-2c23-4fc3-ac14-da94e101b642 - - - - - -] Successfully bumped revision number for resource 6e8daa30-14d8-4961-bfd1-a0c406da535a (type: subnets) to 0 [pid: 7|app: 0|req: 799/1529] 10.0.0.170 () {34 vars in 670 bytes} [Tue May 5 22:11:13 2026] POST /v2.0/networks => generated 649 bytes in 749 msecs (HTTP/1.1 201) 4 headers in 162 bytes (1 switches on core 0) [pid: 8|app: 0|req: 731/1530] 10.0.0.170 () {34 vars in 669 bytes} [Tue May 5 22:11:13 2026] POST /v2.0/subnets => generated 626 bytes in 756 msecs (HTTP/1.1 201) 4 headers in 162 bytes (1 switches on core 0)
2026-05-05 22:11:14.243 7 WARNING neutron.scheduler.dhcp_agent_scheduler [None req-1c8adae2-b4fd-4c48-a71a-9859dec6089e d5e3ce4bde9141779dc578f206f5a8d4 9c3f3c5c2f5b4f26a7131353be66bf5b - - default default] No more DHCP agents
2026-05-05 22:11:14.244 7 WARNING neutron.api.rpc.agentnotifiers.dhcp_rpc_agent_api [None req-1c8adae2-b4fd-4c48-a71a-9859dec6089e d5e3ce4bde9141779dc578f206f5a8d4 9c3f3c5c2f5b4f26a7131353be66bf5b - - default default] Unable to schedule network 74b6a436-24da-430b-a657-8f91dd76cb7c: no agents available; will retry on subsequent port and subnet creation events.
2026-05-05 22:11:14.348 8 WARNING neutron.scheduler.dhcp_agent_scheduler [None req-530d86e3-5467-4869-b2f3-a152dd9d7389 e5e2684f6bdb416ebee7b981e7523f09 6975500dc6594392843034b7cfd7d6b5 - - default default] No more DHCP agents
2026-05-05 22:11:14.349 8 WARNING neutron.api.rpc.agentnotifiers.dhcp_rpc_agent_api [None req-530d86e3-5467-4869-b2f3-a152dd9d7389 e5e2684f6bdb416ebee7b981e7523f09 6975500dc6594392843034b7cfd7d6b5 - - default default] Unable to schedule network 43d597ea-95cc-4254-ac49-28a8c5ac4333: no agents available; will retry on subsequent port and subnet creation events.
2026-05-05 22:11:14.510 8 INFO neutron.plugins.ml2.drivers.ovn.mech_driver.mech_driver [None req-6609e84e-ae4e-4239-8089-3c3eed358f37 - - - - - -] OVN reports status down for port: 7ed44e18-1c3a-4e8f-be2e-df6a77e59524
2026-05-05 22:11:14.576 8 INFO neutron.db.ovn_revision_numbers_db [None req-530d86e3-5467-4869-b2f3-a152dd9d7389 e5e2684f6bdb416ebee7b981e7523f09 6975500dc6594392843034b7cfd7d6b5 - - default default] Successfully bumped revision number for resource 7ed44e18-1c3a-4e8f-be2e-df6a77e59524 (type: ports) to 1 [pid: 8|app: 0|req: 732/1531] 10.0.0.170 () {34 vars in 665 bytes} [Tue May 5 22:11:14 2026] POST /v2.0/ports => generated 912 bytes in 531 msecs (HTTP/1.1 201) 4 headers in 162 bytes (1 switches on core 0)
2026-05-05 22:11:14.734 7 INFO neutron.db.ovn_revision_numbers_db [None req-109549b6-338f-4143-b667-821a2e0cd699 - - - - - -] Successfully bumped revision number for resource 1dc0d37c-aa8f-4705-90cc-1667194bae18 (type: ports) to 2
2026-05-05 22:11:14.770 7 INFO neutron.db.ovn_revision_numbers_db [None req-109549b6-338f-4143-b667-821a2e0cd699 - - - - - -] Successfully bumped revision number for resource e8c74a3a-a9dd-4512-8d7f-f73675622bcd (type: subnets) to 0 [pid: 7|app: 0|req: 800/1532] 10.0.0.170 () {34 vars in 669 bytes} [Tue May 5 22:11:14 2026] POST /v2.0/subnets => generated 626 bytes in 710 msecs (HTTP/1.1 201) 4 headers in 162 bytes (1 switches on core 0) [pid: 8|app: 0|req: 733/1533] 10.0.0.227 () {28 vars in 579 bytes} [Tue May 5 22:11:14 2026] GET /v2.0/ports => generated 10060 bytes in 221 msecs (HTTP/1.1 200) 4 headers in 159 bytes (1 switches on core 0)
2026-05-05 22:11:14.949 7 INFO neutron_taas.services.taas.taas_plugin [None req-f9d2eb15-68ae-4fd1-b296-a977b73c6f3a e5e2684f6bdb416ebee7b981e7523f09 6975500dc6594392843034b7cfd7d6b5 - - default default] TaaS: Handle Delete Port: 7ed44e18-1c3a-4e8f-be2e-df6a77e59524
2026-05-05 22:11:14.951 7 INFO neutron_taas.services.taas.tap_mirror_plugin [None req-f9d2eb15-68ae-4fd1-b296-a977b73c6f3a e5e2684f6bdb416ebee7b981e7523f09 6975500dc6594392843034b7cfd7d6b5 - - default default] Tap Mirror: Handle Delete Port: 7ed44e18-1c3a-4e8f-be2e-df6a77e59524 [pid: 7|app: 0|req: 801/1534] 10.0.0.170 () {32 vars in 720 bytes} [Tue May 5 22:11:14 2026] DELETE /v2.0/ports/7ed44e18-1c3a-4e8f-be2e-df6a77e59524 => generated 0 bytes in 3138 msecs (HTTP/1.1 204) 3 headers in 131 bytes (1 switches on core 0)
2026-05-05 22:11:17.965 8 INFO neutron.db.ovn_revision_numbers_db [None req-03313d5e-17fc-486d-8491-f2e50f5c1d30 d5e3ce4bde9141779dc578f206f5a8d4 9c3f3c5c2f5b4f26a7131353be66bf5b - - default default] Successfully bumped revision number for resource 5e25002d-5eb8-4c00-9288-d57355a3b01e (type: routers) to 1 [pid: 7|app: 0|req: 802/1535] 10.0.0.227 () {28 vars in 583 bytes} [Tue May 5 22:11:17 2026] GET /v2.0/routers => generated 624 bytes in 39 msecs (HTTP/1.1 200) 4 headers in 157 bytes (1 switches on core 0) [pid: 8|app: 0|req: 734/1536] 10.0.0.170 () {34 vars in 669 bytes} [Tue May 5 22:11:14 2026] POST /v2.0/routers => generated 603 bytes in 3146 msecs (HTTP/1.1 201) 4 headers in 162 bytes (1 switches on core 0)
2026-05-05 22:11:18.004 8 INFO neutron.pecan_wsgi.hooks.translation [None req-b4801ee5-e1cb-45f6-9d22-b4eaf0e2cf45 e5e2684f6bdb416ebee7b981e7523f09 6975500dc6594392843034b7cfd7d6b5 - - default default] GET failed (client error): The resource could not be found. [pid: 8|app: 0|req: 737/1539] 10.0.0.170 () {32 vars in 717 bytes} [Tue May 5 22:11:17 2026] GET /v2.0/ports/7ed44e18-1c3a-4e8f-be2e-df6a77e59524 => generated 132 bytes in 16 msecs (HTTP/1.1 404) 4 headers in 164 bytes (1 switches on core 0)
2026-05-05 22:11:18.226 7 INFO neutron.db.ovn_revision_numbers_db [None req-9c06e5df-0832-4dac-aacd-775b9e967614 ed593dd7ed3e4d7caaa880fd7aff9166 8a4621ab5a76438fbbbe1d840dc83b87 - - default default] Successfully bumped revision number for resource 02914ac1-a6e4-489b-afef-f01e07e2c979 (type: security_groups) to 1
2026-05-05 22:11:18.240 7 INFO neutron.db.ovn_revision_numbers_db [None req-9c06e5df-0832-4dac-aacd-775b9e967614 ed593dd7ed3e4d7caaa880fd7aff9166 8a4621ab5a76438fbbbe1d840dc83b87 - - default default] Successfully bumped revision number for resource 4ef8260c-1f6f-40cc-a8f4-54bb8e53a644 (type: security_group_rules) to 0
2026-05-05 22:11:18.260 7 INFO neutron.db.ovn_revision_numbers_db [None req-9c06e5df-0832-4dac-aacd-775b9e967614 ed593dd7ed3e4d7caaa880fd7aff9166 8a4621ab5a76438fbbbe1d840dc83b87 - - default default] Successfully bumped revision number for resource a6794548-fad0-4a06-8627-d7611776fd53 (type: security_group_rules) to 0
2026-05-05 22:11:18.288 7 INFO neutron.db.ovn_revision_numbers_db [None req-9c06e5df-0832-4dac-aacd-775b9e967614 ed593dd7ed3e4d7caaa880fd7aff9166 8a4621ab5a76438fbbbe1d840dc83b87 - - default default] Successfully bumped revision number for resource d659c305-9d61-4e6b-8c90-6b40599c2a91 (type: security_group_rules) to 0
2026-05-05 22:11:18.289 8 INFO neutron.db.ovn_revision_numbers_db [None req-e58f5743-f52e-442a-95d6-614334d7f94b 754cf96dfa3e410f94dc6137fcc9f9b4 48840827c8c94a3984cdffc2945a49de - - default default] Successfully bumped revision number for resource e8080371-b98b-4dde-85e0-dbc2ecdf8201 (type: security_groups) to 1
2026-05-05 22:11:18.299 8 INFO neutron.db.ovn_revision_numbers_db [None req-e58f5743-f52e-442a-95d6-614334d7f94b 754cf96dfa3e410f94dc6137fcc9f9b4 48840827c8c94a3984cdffc2945a49de - - default default] Successfully bumped revision number for resource 368f6cd5-9f15-4914-9b13-2c8e9b3a1e08 (type: security_group_rules) to 0
2026-05-05 22:11:18.303 7 INFO neutron.db.ovn_revision_numbers_db [None req-9c06e5df-0832-4dac-aacd-775b9e967614 ed593dd7ed3e4d7caaa880fd7aff9166 8a4621ab5a76438fbbbe1d840dc83b87 - - default default] Successfully bumped revision number for resource dfc99cce-383b-46f6-a548-ebb4bff17493 (type: security_group_rules) to 0
2026-05-05 22:11:18.310 8 INFO neutron.db.ovn_revision_numbers_db [None req-e58f5743-f52e-442a-95d6-614334d7f94b 754cf96dfa3e410f94dc6137fcc9f9b4 48840827c8c94a3984cdffc2945a49de - - default default] Successfully bumped revision number for resource 7e7d196f-8007-4138-99cc-bc31dc774a7b (type: security_group_rules) to 0
2026-05-05 22:11:18.324 8 INFO neutron.db.ovn_revision_numbers_db [None req-e58f5743-f52e-442a-95d6-614334d7f94b 754cf96dfa3e410f94dc6137fcc9f9b4 48840827c8c94a3984cdffc2945a49de - - default default] Successfully bumped revision number for resource c23b4ffd-307b-4b63-820c-4c48476c05ed (type: security_group_rules) to 0
2026-05-05 22:11:18.334 8 INFO neutron.db.ovn_revision_numbers_db [None req-e58f5743-f52e-442a-95d6-614334d7f94b 754cf96dfa3e410f94dc6137fcc9f9b4 48840827c8c94a3984cdffc2945a49de - - default default] Successfully bumped revision number for resource e0e19647-abac-41ab-b214-e8b724e177cd (type: security_group_rules) to 0 [pid: 7|app: 0|req: 803/1540] 10.0.0.170 () {32 vars in 774 bytes} [Tue May 5 22:11:17 2026] GET /v2.0/security-groups?tenant_id=f5b1532bde044d8d8205599cbd15d08c&name=default => generated 2925 bytes in 374 msecs (HTTP/1.1 200) 4 headers in 158 bytes (1 switches on core 0) [pid: 7|app: 0|req: 804/1541] 10.0.0.227 () {28 vars in 624 bytes} [Tue May 5 22:11:18 2026] GET /v2.0/agents?binary=ovn-controller => generated 416 bytes in 9 msecs (HTTP/1.1 200) 4 headers in 157 bytes (1 switches on core 0)
2026-05-05 22:11:18.407 8 INFO neutron.db.segments_db [None req-e58f5743-f52e-442a-95d6-614334d7f94b 754cf96dfa3e410f94dc6137fcc9f9b4 48840827c8c94a3984cdffc2945a49de - - default default] Added segment ef35ceb5-5e80-41cc-aaf5-55fe1acc486a of type geneve for network e1f14663-d32c-44ab-881c-c7904c660de0
2026-05-05 22:11:18.510 8 INFO neutron.db.ovn_revision_numbers_db [None req-e58f5743-f52e-442a-95d6-614334d7f94b 754cf96dfa3e410f94dc6137fcc9f9b4 48840827c8c94a3984cdffc2945a49de - - default default] Successfully bumped revision number for resource e1f14663-d32c-44ab-881c-c7904c660de0 (type: networks) to 1
2026-05-05 22:11:18.604 7 WARNING neutron.scheduler.dhcp_agent_scheduler [None req-6f9a4271-3138-4ede-adfd-9b22bb49404b d5e3ce4bde9141779dc578f206f5a8d4 9c3f3c5c2f5b4f26a7131353be66bf5b - - default default] No more DHCP agents
2026-05-05 22:11:18.606 7 WARNING neutron.api.rpc.agentnotifiers.dhcp_rpc_agent_api [None req-6f9a4271-3138-4ede-adfd-9b22bb49404b d5e3ce4bde9141779dc578f206f5a8d4 9c3f3c5c2f5b4f26a7131353be66bf5b - - default default] Unable to schedule network 74b6a436-24da-430b-a657-8f91dd76cb7c: no agents available; will retry on subsequent port and subnet creation events.
2026-05-05 22:11:18.700 7 INFO neutron.plugins.ml2.drivers.ovn.mech_driver.mech_driver [None req-f22e435c-0de6-44be-9551-a563bdff274a - - - - - -] OVN reports status down for port: ffb36e55-87c8-4f53-8580-5d545b1e63bb
2026-05-05 22:11:18.715 8 WARNING neutron.scheduler.dhcp_agent_scheduler [None req-e58f5743-f52e-442a-95d6-614334d7f94b 754cf96dfa3e410f94dc6137fcc9f9b4 48840827c8c94a3984cdffc2945a49de - - default default] No more DHCP agents
2026-05-05 22:11:18.717 8 WARNING neutron.api.rpc.agentnotifiers.dhcp_rpc_agent_api [None req-e58f5743-f52e-442a-95d6-614334d7f94b 754cf96dfa3e410f94dc6137fcc9f9b4 48840827c8c94a3984cdffc2945a49de - - default default] Unable to schedule network e1f14663-d32c-44ab-881c-c7904c660de0: no agents available; will retry on subsequent port and subnet creation events.
2026-05-05 22:11:18.763 7 INFO neutron.db.ovn_revision_numbers_db [None req-6f9a4271-3138-4ede-adfd-9b22bb49404b d5e3ce4bde9141779dc578f206f5a8d4 9c3f3c5c2f5b4f26a7131353be66bf5b - - default default] Successfully bumped revision number for resource ffb36e55-87c8-4f53-8580-5d545b1e63bb (type: ports) to 1
2026-05-05 22:11:18.785 8 INFO neutron.db.ovn_revision_numbers_db [None req-e58f5743-f52e-442a-95d6-614334d7f94b 754cf96dfa3e410f94dc6137fcc9f9b4 48840827c8c94a3984cdffc2945a49de - - default default] Successfully bumped revision number for resource ac16f02b-b46c-4d74-9090-2b5a67e27de9 (type: ports) to 1 [pid: 8|app: 0|req: 738/1542] 10.0.0.170 () {34 vars in 671 bytes} [Tue May 5 22:11:18 2026] POST /v2.0/networks => generated 651 bytes in 798 msecs (HTTP/1.1 201) 4 headers in 162 bytes (1 switches on core 0) [pid: 7|app: 0|req: 805/1543] 10.0.0.170 () {34 vars in 665 bytes} [Tue May 5 22:11:18 2026] POST /v2.0/ports => generated 951 bytes in 457 msecs (HTTP/1.1 201) 4 headers in 162 bytes (1 switches on core 0) /var/lib/openstack/lib/python3.12/site-packages/pycadf/identifier.py:70: UserWarning: Invalid uuid: neutron. To ensure interoperability, identifiers should be a valid uuid. warnings.warn(('Invalid uuid: %s. To ensure interoperability, '
2026-05-05 22:11:18.824 7 INFO neutron.plugins.ml2.drivers.ovn.mech_driver.mech_driver [None req-f22e435c-0de6-44be-9551-a563bdff274a - - - - - -] OVN reports status down for port: ac16f02b-b46c-4d74-9090-2b5a67e27de9 [pid: 8|app: 0|req: 739/1544] 10.0.0.170 () {32 vars in 724 bytes} [Tue May 5 22:11:18 2026] DELETE /v2.0/subnets/6e8daa30-14d8-4961-bfd1-a0c406da535a => generated 0 bytes in 125 msecs (HTTP/1.1 204) 3 headers in 131 bytes (1 switches on core 0) [pid: 8|app: 0|req: 740/1545] 10.0.0.227 () {28 vars in 591 bytes} [Tue May 5 22:11:18 2026] GET /v2.0/floatingips => generated 19 bytes in 14 msecs (HTTP/1.1 200) 4 headers in 156 bytes (1 switches on core 0) [pid: 7|app: 0|req: 806/1546] 10.0.0.170 () {32 vars in 740 bytes} [Tue May 5 22:11:18 2026] DELETE /v2.0/security-groups/02914ac1-a6e4-489b-afef-f01e07e2c979 => generated 0 bytes in 280 msecs (HTTP/1.1 204) 2 headers in 112 bytes (1 switches on core 0)
