Apr 02 06:01:18.991783 np0000162728 nova-scheduler[107782]: DEBUG cotyledon.oslo_config_glue [-] vnc.server_proxyclient_address = 127.0.0.1 {{(pid=107782) log_opt_values /opt/stack/data/venv/lib/python3.12/site-packages/oslo_config/cfg.py:3006}}
Apr 02 06:01:18.991815 np0000162728 nova-scheduler[107782]: DEBUG cotyledon.oslo_config_glue [-] vnc.vencrypt_ca_certs = None {{(pid=107782) log_opt_values /opt/stack/data/venv/lib/python3.12/site-packages/oslo_config/cfg.py:3006}}
Apr 02 06:01:18.991852 np0000162728 nova-scheduler[107782]: DEBUG cotyledon.oslo_config_glue [-] vnc.vencrypt_client_cert = None {{(pid=107782) log_opt_values /opt/stack/data/venv/lib/python3.12/site-packages/oslo_config/cfg.py:3006}}
Apr 02 06:01:18.991885 np0000162728 nova-scheduler[107782]: DEBUG cotyledon.oslo_config_glue [-] vnc.vencrypt_client_key = None {{(pid=107782) log_opt_values /opt/stack/data/venv/lib/python3.12/site-packages/oslo_config/cfg.py:3006}}
Apr 02 06:01:18.991912 np0000162728 nova-scheduler[107782]: DEBUG cotyledon.oslo_config_glue [-] workarounds.disable_compute_service_check_for_ffu = False {{(pid=107782) log_opt_values /opt/stack/data/venv/lib/python3.12/site-packages/oslo_config/cfg.py:3006}}
Apr 02 06:01:18.991980 np0000162728 nova-scheduler[107782]: DEBUG cotyledon.oslo_config_glue [-] workarounds.disable_deep_image_inspection = False {{(pid=107782) log_opt_values /opt/stack/data/venv/lib/python3.12/site-packages/oslo_config/cfg.py:3006}}
Apr 02 06:01:18.992016 np0000162728 nova-scheduler[107782]: DEBUG cotyledon.oslo_config_glue [-] workarounds.disable_fallback_pcpu_query = False {{(pid=107782) log_opt_values /opt/stack/data/venv/lib/python3.12/site-packages/oslo_config/cfg.py:3006}}
Apr 02 06:01:18.992217 np0000162728 nova-scheduler[107782]: DEBUG cotyledon.oslo_config_glue [-] workarounds.disable_group_policy_check_upcall = False {{(pid=107782) log_opt_values /opt/stack/data/venv/lib/python3.12/site-packages/oslo_config/cfg.py:3006}}
Apr 02 06:01:18.992217 np0000162728 nova-scheduler[107782]: DEBUG cotyledon.oslo_config_glue [-] workarounds.disable_libvirt_livesnapshot = False {{(pid=107782) log_opt_values /opt/stack/data/venv/lib/python3.12/site-packages/oslo_config/cfg.py:3006}}
Apr 02 06:01:18.992217 np0000162728 nova-scheduler[107782]: DEBUG cotyledon.oslo_config_glue [-] workarounds.disable_rootwrap = False {{(pid=107782) log_opt_values /opt/stack/data/venv/lib/python3.12/site-packages/oslo_config/cfg.py:3006}}
Apr 02 06:01:18.992303 np0000162728 nova-scheduler[107782]: DEBUG cotyledon.oslo_config_glue [-] workarounds.enable_numa_live_migration = False {{(pid=107782) log_opt_values /opt/stack/data/venv/lib/python3.12/site-packages/oslo_config/cfg.py:3006}}
Apr 02 06:01:18.992303 np0000162728 nova-scheduler[107782]: DEBUG cotyledon.oslo_config_glue [-] workarounds.enable_qemu_monitor_announce_self = False {{(pid=107782) log_opt_values /opt/stack/data/venv/lib/python3.12/site-packages/oslo_config/cfg.py:3006}}
Apr 02 06:01:18.992303 np0000162728 nova-scheduler[107782]: DEBUG cotyledon.oslo_config_glue [-] workarounds.ensure_libvirt_rbd_instance_dir_cleanup = False {{(pid=107782) log_opt_values /opt/stack/data/venv/lib/python3.12/site-packages/oslo_config/cfg.py:3006}}
Apr 02 06:01:18.992385 np0000162728 nova-scheduler[107782]: DEBUG cotyledon.oslo_config_glue [-] workarounds.handle_virt_lifecycle_events = True {{(pid=107782) log_opt_values /opt/stack/data/venv/lib/python3.12/site-packages/oslo_config/cfg.py:3006}}
Apr 02 06:01:18.992385 np0000162728 nova-scheduler[107782]: DEBUG cotyledon.oslo_config_glue [-] workarounds.libvirt_disable_apic = False {{(pid=107782) log_opt_values /opt/stack/data/venv/lib/python3.12/site-packages/oslo_config/cfg.py:3006}}
Apr 02 06:01:18.992438 np0000162728 nova-scheduler[107782]: DEBUG cotyledon.oslo_config_glue [-] workarounds.never_download_image_if_on_rbd = False {{(pid=107782) log_opt_values /opt/stack/data/venv/lib/python3.12/site-packages/oslo_config/cfg.py:3006}}
Apr 02 06:01:18.992466 np0000162728 nova-scheduler[107782]: DEBUG cotyledon.oslo_config_glue [-] workarounds.qemu_monitor_announce_self_count = 3 {{(pid=107782) log_opt_values /opt/stack/data/venv/lib/python3.12/site-packages/oslo_config/cfg.py:3006}}
Apr 02 06:01:18.992493 np0000162728 nova-scheduler[107782]: DEBUG cotyledon.oslo_config_glue [-] workarounds.qemu_monitor_announce_self_interval = 1 {{(pid=107782) log_opt_values /opt/stack/data/venv/lib/python3.12/site-packages/oslo_config/cfg.py:3006}}
Apr 02 06:01:18.992524 np0000162728 nova-scheduler[107782]: DEBUG cotyledon.oslo_config_glue [-] workarounds.reserve_disk_resource_for_image_cache = False {{(pid=107782) log_opt_values /opt/stack/data/venv/lib/python3.12/site-packages/oslo_config/cfg.py:3006}}
Apr 02 06:01:18.992555 np0000162728 nova-scheduler[107782]: DEBUG cotyledon.oslo_config_glue [-] workarounds.skip_cpu_compare_at_startup = False {{(pid=107782) log_opt_values /opt/stack/data/venv/lib/python3.12/site-packages/oslo_config/cfg.py:3006}}
Apr 02 06:01:18.992601 np0000162728 nova-scheduler[107782]: DEBUG cotyledon.oslo_config_glue [-] workarounds.skip_cpu_compare_on_dest = False {{(pid=107782) log_opt_values /opt/stack/data/venv/lib/python3.12/site-packages/oslo_config/cfg.py:3006}}
Apr 02 06:01:18.992636 np0000162728 nova-scheduler[107782]: DEBUG cotyledon.oslo_config_glue [-] workarounds.skip_hypervisor_version_check_on_lm = False {{(pid=107782) log_opt_values /opt/stack/data/venv/lib/python3.12/site-packages/oslo_config/cfg.py:3006}}
Apr 02 06:01:18.992695 np0000162728 nova-scheduler[107782]: DEBUG cotyledon.oslo_config_glue [-] workarounds.skip_reserve_in_use_ironic_nodes = False {{(pid=107782) log_opt_values /opt/stack/data/venv/lib/python3.12/site-packages/oslo_config/cfg.py:3006}}
Apr 02 06:01:18.992776 np0000162728 nova-scheduler[107782]: DEBUG cotyledon.oslo_config_glue [-] workarounds.unified_limits_count_pcpu_as_vcpu = False {{(pid=107782) log_opt_values /opt/stack/data/venv/lib/python3.12/site-packages/oslo_config/cfg.py:3006}}
Apr 02 06:01:18.992852 np0000162728 nova-scheduler[107782]: DEBUG cotyledon.oslo_config_glue [-] workarounds.wait_for_vif_plugged_event_during_hard_reboot = [] {{(pid=107782) log_opt_values /opt/stack/data/venv/lib/python3.12/site-packages/oslo_config/cfg.py:3006}}
Apr 02 06:01:18.992890 np0000162728 nova-scheduler[107782]: DEBUG cotyledon.oslo_config_glue [-] wsgi.api_paste_config = /etc/nova/api-paste.ini {{(pid=107782) log_opt_values /opt/stack/data/venv/lib/python3.12/site-packages/oslo_config/cfg.py:3006}}
Apr 02 06:01:18.992937 np0000162728 nova-scheduler[107782]: DEBUG cotyledon.oslo_config_glue [-] wsgi.secure_proxy_ssl_header = None {{(pid=107782) log_opt_values /opt/stack/data/venv/lib/python3.12/site-packages/oslo_config/cfg.py:3006}}
Apr 02 06:01:18.992998 np0000162728 nova-scheduler[107782]: DEBUG cotyledon.oslo_config_glue [-] zvm.ca_file = None {{(pid=107782) log_opt_values /opt/stack/data/venv/lib/python3.12/site-packages/oslo_config/cfg.py:3006}}
Apr 02 06:01:18.993034 np0000162728 nova-scheduler[107782]: DEBUG cotyledon.oslo_config_glue [-] zvm.cloud_connector_url = None {{(pid=107782) log_opt_values /opt/stack/data/venv/lib/python3.12/site-packages/oslo_config/cfg.py:3006}}
Apr 02 06:01:18.993094 np0000162728 nova-scheduler[107782]: DEBUG cotyledon.oslo_config_glue [-] zvm.image_tmp_path = /opt/stack/data/nova/images {{(pid=107782) log_opt_values /opt/stack/data/venv/lib/python3.12/site-packages/oslo_config/cfg.py:3006}}
Apr 02 06:01:18.993094 np0000162728 nova-scheduler[107782]: DEBUG cotyledon.oslo_config_glue [-] zvm.reachable_timeout = 300 {{(pid=107782) log_opt_values /opt/stack/data/venv/lib/python3.12/site-packages/oslo_config/cfg.py:3006}}
Apr 02 06:01:18.993207 np0000162728 nova-scheduler[107782]: DEBUG cotyledon.oslo_config_glue [-] oslo_versionedobjects.fatal_exception_format_errors = False {{(pid=107782) log_opt_values /opt/stack/data/venv/lib/python3.12/site-packages/oslo_config/cfg.py:3006}}
Apr 02 06:01:18.993265 np0000162728 nova-scheduler[107782]: DEBUG cotyledon.oslo_config_glue [-] oslo_middleware.http_basic_auth_user_file = /etc/htpasswd {{(pid=107782) log_opt_values /opt/stack/data/venv/lib/python3.12/site-packages/oslo_config/cfg.py:3006}}
Apr 02 06:01:18.993326 np0000162728 nova-scheduler[107782]: DEBUG cotyledon.oslo_config_glue [-] oslo_messaging_metrics.metrics_buffer_size = 1000 {{(pid=107782) log_opt_values /opt/stack/data/venv/lib/python3.12/site-packages/oslo_config/cfg.py:3006}}
Apr 02 06:01:18.993404 np0000162728 nova-scheduler[107782]: DEBUG cotyledon.oslo_config_glue [-] oslo_messaging_metrics.metrics_enabled = False {{(pid=107782) log_opt_values /opt/stack/data/venv/lib/python3.12/site-packages/oslo_config/cfg.py:3006}}
Apr 02 06:01:18.993404 np0000162728 nova-scheduler[107782]: DEBUG cotyledon.oslo_config_glue [-] oslo_messaging_metrics.metrics_process_name = {{(pid=107782) log_opt_values /opt/stack/data/venv/lib/python3.12/site-packages/oslo_config/cfg.py:3006}}
Apr 02 06:01:18.993456 np0000162728 nova-scheduler[107782]: DEBUG cotyledon.oslo_config_glue [-] oslo_messaging_metrics.metrics_socket_file = /var/tmp/metrics_collector.sock {{(pid=107782) log_opt_values /opt/stack/data/venv/lib/python3.12/site-packages/oslo_config/cfg.py:3006}}
Apr 02 06:01:18.993491 np0000162728 nova-scheduler[107782]: DEBUG cotyledon.oslo_config_glue [-] oslo_messaging_metrics.metrics_thread_stop_timeout = 10 {{(pid=107782) log_opt_values /opt/stack/data/venv/lib/python3.12/site-packages/oslo_config/cfg.py:3006}}
Apr 02 06:01:18.993545 np0000162728 nova-scheduler[107782]: DEBUG cotyledon.oslo_config_glue [-] profiler.connection_string = messaging:// {{(pid=107782) log_opt_values /opt/stack/data/venv/lib/python3.12/site-packages/oslo_config/cfg.py:3006}}
Apr 02 06:01:18.993574 np0000162728 nova-scheduler[107782]: DEBUG cotyledon.oslo_config_glue [-] profiler.enabled = False {{(pid=107782) log_opt_values /opt/stack/data/venv/lib/python3.12/site-packages/oslo_config/cfg.py:3006}}
Apr 02 06:01:18.993680 np0000162728 nova-scheduler[107782]: DEBUG cotyledon.oslo_config_glue [-] profiler.es_doc_type = notification {{(pid=107782) log_opt_values /opt/stack/data/venv/lib/python3.12/site-packages/oslo_config/cfg.py:3006}}
Apr 02 06:01:18.993731 np0000162728 nova-scheduler[107782]: DEBUG cotyledon.oslo_config_glue [-] profiler.es_scroll_size = 10000 {{(pid=107782) log_opt_values /opt/stack/data/venv/lib/python3.12/site-packages/oslo_config/cfg.py:3006}}
Apr 02 06:01:18.993777 np0000162728 nova-scheduler[107782]: DEBUG cotyledon.oslo_config_glue [-] profiler.es_scroll_time = 2m {{(pid=107782) log_opt_values /opt/stack/data/venv/lib/python3.12/site-packages/oslo_config/cfg.py:3006}}
Apr 02 06:01:18.993825 np0000162728 nova-scheduler[107782]: DEBUG cotyledon.oslo_config_glue [-] profiler.filter_error_trace = False {{(pid=107782) log_opt_values /opt/stack/data/venv/lib/python3.12/site-packages/oslo_config/cfg.py:3006}}
Apr 02 06:01:18.993856 np0000162728 nova-scheduler[107782]: DEBUG cotyledon.oslo_config_glue [-] profiler.hmac_keys = **** {{(pid=107782) log_opt_values /opt/stack/data/venv/lib/python3.12/site-packages/oslo_config/cfg.py:3006}}
Apr 02 06:01:18.993913 np0000162728 nova-scheduler[107782]: DEBUG cotyledon.oslo_config_glue [-] profiler.sentinel_service_name = mymaster {{(pid=107782) log_opt_values /opt/stack/data/venv/lib/python3.12/site-packages/oslo_config/cfg.py:3006}}
Apr 02 06:01:18.993968 np0000162728 nova-scheduler[107782]: DEBUG cotyledon.oslo_config_glue [-] profiler.socket_timeout = 0.1 {{(pid=107782) log_opt_values /opt/stack/data/venv/lib/python3.12/site-packages/oslo_config/cfg.py:3006}}
Apr 02 06:01:18.994002 np0000162728 nova-scheduler[107782]: DEBUG cotyledon.oslo_config_glue [-] profiler.trace_requests = False {{(pid=107782) log_opt_values /opt/stack/data/venv/lib/python3.12/site-packages/oslo_config/cfg.py:3006}}
Apr 02 06:01:18.994055 np0000162728 nova-scheduler[107782]: DEBUG cotyledon.oslo_config_glue [-] profiler.trace_sqlalchemy = False {{(pid=107782) log_opt_values /opt/stack/data/venv/lib/python3.12/site-packages/oslo_config/cfg.py:3006}}
Apr 02 06:01:18.994096 np0000162728 nova-scheduler[107782]: DEBUG cotyledon.oslo_config_glue [-] profiler_jaeger.process_tags = {} {{(pid=107782) log_opt_values /opt/stack/data/venv/lib/python3.12/site-packages/oslo_config/cfg.py:3006}}
Apr 02 06:01:18.994127 np0000162728 nova-scheduler[107782]: DEBUG cotyledon.oslo_config_glue [-] profiler_jaeger.service_name_prefix = None {{(pid=107782) log_opt_values /opt/stack/data/venv/lib/python3.12/site-packages/oslo_config/cfg.py:3006}}
Apr 02 06:01:18.994176 np0000162728 nova-scheduler[107782]: DEBUG cotyledon.oslo_config_glue [-] profiler_otlp.service_name_prefix = None {{(pid=107782) log_opt_values /opt/stack/data/venv/lib/python3.12/site-packages/oslo_config/cfg.py:3006}}
Apr 02 06:01:18.994246 np0000162728 nova-scheduler[107782]: DEBUG cotyledon.oslo_config_glue [-] oslo_messaging_rabbit.amqp_auto_delete = False {{(pid=107782) log_opt_values /opt/stack/data/venv/lib/python3.12/site-packages/oslo_config/cfg.py:3006}}
Apr 02 06:01:18.994287 np0000162728 nova-scheduler[107782]: DEBUG cotyledon.oslo_config_glue [-] oslo_messaging_rabbit.amqp_durable_queues = False {{(pid=107782) log_opt_values /opt/stack/data/venv/lib/python3.12/site-packages/oslo_config/cfg.py:3006}}
Apr 02 06:01:18.994355 np0000162728 nova-scheduler[107782]: DEBUG cotyledon.oslo_config_glue [-] oslo_messaging_rabbit.conn_pool_min_size = 2 {{(pid=107782) log_opt_values /opt/stack/data/venv/lib/python3.12/site-packages/oslo_config/cfg.py:3006}}
Apr 02 06:01:18.994465 np0000162728 nova-scheduler[107782]: DEBUG cotyledon.oslo_config_glue [-] oslo_messaging_rabbit.conn_pool_ttl = 1200 {{(pid=107782) log_opt_values /opt/stack/data/venv/lib/python3.12/site-packages/oslo_config/cfg.py:3006}}
Apr 02 06:01:18.994465 np0000162728 nova-scheduler[107782]: DEBUG cotyledon.oslo_config_glue [-] oslo_messaging_rabbit.direct_mandatory_flag = True {{(pid=107782) log_opt_values /opt/stack/data/venv/lib/python3.12/site-packages/oslo_config/cfg.py:3006}}
Apr 02 06:01:18.994554 np0000162728 nova-scheduler[107782]: DEBUG cotyledon.oslo_config_glue [-] oslo_messaging_rabbit.enable_cancel_on_failover = False {{(pid=107782) log_opt_values /opt/stack/data/venv/lib/python3.12/site-packages/oslo_config/cfg.py:3006}}
Apr 02 06:01:18.994627 np0000162728 nova-scheduler[107782]: DEBUG cotyledon.oslo_config_glue [-] oslo_messaging_rabbit.heartbeat_in_pthread = False {{(pid=107782) log_opt_values /opt/stack/data/venv/lib/python3.12/site-packages/oslo_config/cfg.py:3006}}
Apr 02 06:01:18.994658 np0000162728 nova-scheduler[107782]: DEBUG cotyledon.oslo_config_glue [-] oslo_messaging_rabbit.heartbeat_rate = 3 {{(pid=107782) log_opt_values /opt/stack/data/venv/lib/python3.12/site-packages/oslo_config/cfg.py:3006}}
Apr 02 06:01:18.994683 np0000162728 nova-scheduler[107782]: DEBUG cotyledon.oslo_config_glue [-] oslo_messaging_rabbit.heartbeat_timeout_threshold = 60 {{(pid=107782) log_opt_values /opt/stack/data/venv/lib/python3.12/site-packages/oslo_config/cfg.py:3006}}
Apr 02 06:01:18.994726 np0000162728 nova-scheduler[107782]: DEBUG cotyledon.oslo_config_glue [-] oslo_messaging_rabbit.hostname = np0000162728 {{(pid=107782) log_opt_values /opt/stack/data/venv/lib/python3.12/site-packages/oslo_config/cfg.py:3006}}
Apr 02 06:01:18.994809 np0000162728 nova-scheduler[107782]: DEBUG cotyledon.oslo_config_glue [-] oslo_messaging_rabbit.kombu_compression = None {{(pid=107782) log_opt_values /opt/stack/data/venv/lib/python3.12/site-packages/oslo_config/cfg.py:3006}}
Apr 02 06:01:18.994902 np0000162728 nova-scheduler[107782]: DEBUG cotyledon.oslo_config_glue [-] oslo_messaging_rabbit.kombu_failover_strategy = round-robin {{(pid=107782) log_opt_values /opt/stack/data/venv/lib/python3.12/site-packages/oslo_config/cfg.py:3006}}
Apr 02 06:01:18.994962 np0000162728 nova-scheduler[107782]: DEBUG cotyledon.oslo_config_glue [-] oslo_messaging_rabbit.kombu_missing_consumer_retry_timeout = 60 {{(pid=107782) log_opt_values /opt/stack/data/venv/lib/python3.12/site-packages/oslo_config/cfg.py:3006}}
Apr 02 06:01:18.994996 np0000162728 nova-scheduler[107782]: DEBUG cotyledon.oslo_config_glue [-] oslo_messaging_rabbit.kombu_reconnect_delay = 1.0 {{(pid=107782) log_opt_values /opt/stack/data/venv/lib/python3.12/site-packages/oslo_config/cfg.py:3006}}
Apr 02 06:01:18.995064 np0000162728 nova-scheduler[107782]: DEBUG cotyledon.oslo_config_glue [-] oslo_messaging_rabbit.kombu_reconnect_splay = 0.0 {{(pid=107782) log_opt_values /opt/stack/data/venv/lib/python3.12/site-packages/oslo_config/cfg.py:3006}}
Apr 02 06:01:18.995095 np0000162728 nova-scheduler[107782]: DEBUG cotyledon.oslo_config_glue [-] oslo_messaging_rabbit.processname = nova-scheduler {{(pid=107782) log_opt_values /opt/stack/data/venv/lib/python3.12/site-packages/oslo_config/cfg.py:3006}}
Apr 02 06:01:18.995121 np0000162728 nova-scheduler[107782]: DEBUG cotyledon.oslo_config_glue [-] oslo_messaging_rabbit.rabbit_ha_queues = False {{(pid=107782) log_opt_values /opt/stack/data/venv/lib/python3.12/site-packages/oslo_config/cfg.py:3006}}
Apr 02 06:01:18.995151 np0000162728 nova-scheduler[107782]: DEBUG cotyledon.oslo_config_glue [-] oslo_messaging_rabbit.rabbit_interval_max = 30 {{(pid=107782) log_opt_values /opt/stack/data/venv/lib/python3.12/site-packages/oslo_config/cfg.py:3006}}
Apr 02 06:01:18.995205 np0000162728 nova-scheduler[107782]: DEBUG cotyledon.oslo_config_glue [-] oslo_messaging_rabbit.rabbit_login_method = AMQPLAIN {{(pid=107782) log_opt_values /opt/stack/data/venv/lib/python3.12/site-packages/oslo_config/cfg.py:3006}}
Apr 02 06:01:18.995268 np0000162728 nova-scheduler[107782]: DEBUG cotyledon.oslo_config_glue [-] oslo_messaging_rabbit.rabbit_qos_prefetch_count = 0 {{(pid=107782) log_opt_values /opt/stack/data/venv/lib/python3.12/site-packages/oslo_config/cfg.py:3006}}
Apr 02 06:01:18.995299 np0000162728 nova-scheduler[107782]: DEBUG cotyledon.oslo_config_glue [-] oslo_messaging_rabbit.rabbit_quorum_delivery_limit = 0 {{(pid=107782) log_opt_values /opt/stack/data/venv/lib/python3.12/site-packages/oslo_config/cfg.py:3006}}
Apr 02 06:01:18.995352 np0000162728 nova-scheduler[107782]: DEBUG cotyledon.oslo_config_glue [-] oslo_messaging_rabbit.rabbit_quorum_max_memory_bytes = 0 {{(pid=107782) log_opt_values /opt/stack/data/venv/lib/python3.12/site-packages/oslo_config/cfg.py:3006}}
Apr 02 06:01:18.995382 np0000162728 nova-scheduler[107782]: DEBUG cotyledon.oslo_config_glue [-] oslo_messaging_rabbit.rabbit_quorum_max_memory_length = 0 {{(pid=107782) log_opt_values /opt/stack/data/venv/lib/python3.12/site-packages/oslo_config/cfg.py:3006}}
Apr 02 06:01:18.995422 np0000162728 nova-scheduler[107782]: DEBUG cotyledon.oslo_config_glue [-] oslo_messaging_rabbit.rabbit_quorum_queue = False {{(pid=107782) log_opt_values /opt/stack/data/venv/lib/python3.12/site-packages/oslo_config/cfg.py:3006}}
Apr 02 06:01:18.995459 np0000162728 nova-scheduler[107782]: DEBUG cotyledon.oslo_config_glue [-] oslo_messaging_rabbit.rabbit_retry_backoff = 2 {{(pid=107782) log_opt_values /opt/stack/data/venv/lib/python3.12/site-packages/oslo_config/cfg.py:3006}}
Apr 02 06:01:18.995554 np0000162728 nova-scheduler[107782]: DEBUG cotyledon.oslo_config_glue [-] oslo_messaging_rabbit.rabbit_retry_interval = 1 {{(pid=107782) log_opt_values /opt/stack/data/venv/lib/python3.12/site-packages/oslo_config/cfg.py:3006}}
Apr 02 06:01:18.995554 np0000162728 nova-scheduler[107782]: DEBUG cotyledon.oslo_config_glue [-] oslo_messaging_rabbit.rabbit_stream_fanout = False {{(pid=107782) log_opt_values /opt/stack/data/venv/lib/python3.12/site-packages/oslo_config/cfg.py:3006}}
Apr 02 06:01:18.995616 np0000162728 nova-scheduler[107782]: DEBUG cotyledon.oslo_config_glue [-] oslo_messaging_rabbit.rabbit_transient_queues_ttl = 1800 {{(pid=107782) log_opt_values /opt/stack/data/venv/lib/python3.12/site-packages/oslo_config/cfg.py:3006}}
Apr 02 06:01:18.995616 np0000162728 nova-scheduler[107782]: DEBUG cotyledon.oslo_config_glue [-] oslo_messaging_rabbit.rabbit_transient_quorum_queue = False {{(pid=107782) log_opt_values /opt/stack/data/venv/lib/python3.12/site-packages/oslo_config/cfg.py:3006}}
Apr 02 06:01:18.995669 np0000162728 nova-scheduler[107782]: DEBUG cotyledon.oslo_config_glue [-] oslo_messaging_rabbit.rpc_conn_pool_size = 30 {{(pid=107782) log_opt_values /opt/stack/data/venv/lib/python3.12/site-packages/oslo_config/cfg.py:3006}}
Apr 02 06:01:18.995706 np0000162728 nova-scheduler[107782]: DEBUG cotyledon.oslo_config_glue [-] oslo_messaging_rabbit.ssl = False {{(pid=107782) log_opt_values /opt/stack/data/venv/lib/python3.12/site-packages/oslo_config/cfg.py:3006}}
Apr 02 06:01:18.995735 np0000162728 nova-scheduler[107782]: DEBUG cotyledon.oslo_config_glue [-] oslo_messaging_rabbit.ssl_ca_file = {{(pid=107782) log_opt_values /opt/stack/data/venv/lib/python3.12/site-packages/oslo_config/cfg.py:3006}}
Apr 02 06:01:18.995830 np0000162728 nova-scheduler[107782]: DEBUG cotyledon.oslo_config_glue [-] oslo_messaging_rabbit.ssl_cert_file = {{(pid=107782) log_opt_values /opt/stack/data/venv/lib/python3.12/site-packages/oslo_config/cfg.py:3006}}
Apr 02 06:01:18.995830 np0000162728 nova-scheduler[107782]: DEBUG cotyledon.oslo_config_glue [-] oslo_messaging_rabbit.ssl_enforce_fips_mode = False {{(pid=107782) log_opt_values /opt/stack/data/venv/lib/python3.12/site-packages/oslo_config/cfg.py:3006}}
Apr 02 06:01:18.995890 np0000162728 nova-scheduler[107782]: DEBUG cotyledon.oslo_config_glue [-] oslo_messaging_rabbit.ssl_key_file = {{(pid=107782) log_opt_values /opt/stack/data/venv/lib/python3.12/site-packages/oslo_config/cfg.py:3006}}
Apr 02 06:01:18.995936 np0000162728 nova-scheduler[107782]: DEBUG cotyledon.oslo_config_glue [-] oslo_messaging_rabbit.ssl_version = {{(pid=107782) log_opt_values /opt/stack/data/venv/lib/python3.12/site-packages/oslo_config/cfg.py:3006}}
Apr 02 06:01:18.996017 np0000162728 nova-scheduler[107782]: DEBUG cotyledon.oslo_config_glue [-] oslo_messaging_rabbit.use_queue_manager = False {{(pid=107782) log_opt_values /opt/stack/data/venv/lib/python3.12/site-packages/oslo_config/cfg.py:3006}}
Apr 02 06:01:18.996103 np0000162728 nova-scheduler[107782]: DEBUG cotyledon.oslo_config_glue [-] oslo_messaging_notifications.driver = ['messagingv2'] {{(pid=107782) log_opt_values /opt/stack/data/venv/lib/python3.12/site-packages/oslo_config/cfg.py:3006}}
Apr 02 06:01:18.996135 np0000162728 nova-scheduler[107782]: DEBUG cotyledon.oslo_config_glue [-] oslo_messaging_notifications.retry = -1 {{(pid=107782) log_opt_values /opt/stack/data/venv/lib/python3.12/site-packages/oslo_config/cfg.py:3006}}
Apr 02 06:01:18.996174 np0000162728 nova-scheduler[107782]: DEBUG cotyledon.oslo_config_glue [-] oslo_messaging_notifications.topics = ['notifications'] {{(pid=107782) log_opt_values /opt/stack/data/venv/lib/python3.12/site-packages/oslo_config/cfg.py:3006}}
Apr 02 06:01:18.996224 np0000162728 nova-scheduler[107782]: DEBUG cotyledon.oslo_config_glue [-] oslo_messaging_notifications.transport_url = **** {{(pid=107782) log_opt_values /opt/stack/data/venv/lib/python3.12/site-packages/oslo_config/cfg.py:3006}}
Apr 02 06:01:18.996334 np0000162728 nova-scheduler[107782]: DEBUG cotyledon.oslo_config_glue [-] oslo_limit.auth_section = None {{(pid=107782) log_opt_values /opt/stack/data/venv/lib/python3.12/site-packages/oslo_config/cfg.py:3006}}
Apr 02 06:01:18.996371 np0000162728 nova-scheduler[107782]: DEBUG cotyledon.oslo_config_glue [-] oslo_limit.auth_type = None {{(pid=107782) log_opt_values /opt/stack/data/venv/lib/python3.12/site-packages/oslo_config/cfg.py:3006}}
Apr 02 06:01:18.996400 np0000162728 nova-scheduler[107782]: DEBUG cotyledon.oslo_config_glue [-] oslo_limit.cafile = None {{(pid=107782) log_opt_values /opt/stack/data/venv/lib/python3.12/site-packages/oslo_config/cfg.py:3006}}
Apr 02 06:01:18.996444 np0000162728 nova-scheduler[107782]: DEBUG cotyledon.oslo_config_glue [-] oslo_limit.certfile = None {{(pid=107782) log_opt_values /opt/stack/data/venv/lib/python3.12/site-packages/oslo_config/cfg.py:3006}}
Apr 02 06:01:18.996474 np0000162728 nova-scheduler[107782]: DEBUG cotyledon.oslo_config_glue [-] oslo_limit.collect_timing = False {{(pid=107782) log_opt_values /opt/stack/data/venv/lib/python3.12/site-packages/oslo_config/cfg.py:3006}}
Apr 02 06:01:18.996521 np0000162728 nova-scheduler[107782]: DEBUG cotyledon.oslo_config_glue [-] oslo_limit.connect_retries = None {{(pid=107782) log_opt_values /opt/stack/data/venv/lib/python3.12/site-packages/oslo_config/cfg.py:3006}}
Apr 02 06:01:18.996555 np0000162728 nova-scheduler[107782]: DEBUG cotyledon.oslo_config_glue [-] oslo_limit.connect_retry_delay = None {{(pid=107782) log_opt_values /opt/stack/data/venv/lib/python3.12/site-packages/oslo_config/cfg.py:3006}}
Apr 02 06:01:18.996601 np0000162728 nova-scheduler[107782]: DEBUG cotyledon.oslo_config_glue [-] oslo_limit.endpoint_id = None {{(pid=107782) log_opt_values /opt/stack/data/venv/lib/python3.12/site-packages/oslo_config/cfg.py:3006}}
Apr 02 06:01:18.996634 np0000162728 nova-scheduler[107782]: DEBUG cotyledon.oslo_config_glue [-] oslo_limit.endpoint_interface = public {{(pid=107782) log_opt_values /opt/stack/data/venv/lib/python3.12/site-packages/oslo_config/cfg.py:3006}}
Apr 02 06:01:18.996685 np0000162728 nova-scheduler[107782]: DEBUG cotyledon.oslo_config_glue [-] oslo_limit.endpoint_override = None {{(pid=107782) log_opt_values /opt/stack/data/venv/lib/python3.12/site-packages/oslo_config/cfg.py:3006}}
Apr 02 06:01:18.996781 np0000162728 nova-scheduler[107782]: DEBUG cotyledon.oslo_config_glue [-] oslo_limit.endpoint_region_name = None {{(pid=107782) log_opt_values /opt/stack/data/venv/lib/python3.12/site-packages/oslo_config/cfg.py:3006}}
Apr 02 06:01:18.996834 np0000162728 nova-scheduler[107782]: DEBUG cotyledon.oslo_config_glue [-] oslo_limit.endpoint_service_name = None {{(pid=107782) log_opt_values /opt/stack/data/venv/lib/python3.12/site-packages/oslo_config/cfg.py:3006}}
Apr 02 06:01:18.996881 np0000162728 nova-scheduler[107782]: DEBUG cotyledon.oslo_config_glue [-] oslo_limit.endpoint_service_type = None {{(pid=107782) log_opt_values /opt/stack/data/venv/lib/python3.12/site-packages/oslo_config/cfg.py:3006}}
Apr 02 06:01:18.997262 np0000162728 nova-scheduler[107782]: DEBUG cotyledon.oslo_config_glue [-] oslo_limit.insecure = False {{(pid=107782) log_opt_values /opt/stack/data/venv/lib/python3.12/site-packages/oslo_config/cfg.py:3006}}
Apr 02 06:01:18.997262 np0000162728 nova-scheduler[107782]: DEBUG cotyledon.oslo_config_glue [-] oslo_limit.keyfile = None {{(pid=107782) log_opt_values /opt/stack/data/venv/lib/python3.12/site-packages/oslo_config/cfg.py:3006}}
Apr 02 06:01:18.997262 np0000162728 nova-scheduler[107782]: DEBUG cotyledon.oslo_config_glue [-] oslo_limit.max_version = None {{(pid=107782) log_opt_values /opt/stack/data/venv/lib/python3.12/site-packages/oslo_config/cfg.py:3006}}
Apr 02 06:01:18.997262 np0000162728 nova-scheduler[107782]: DEBUG cotyledon.oslo_config_glue [-] oslo_limit.min_version = None {{(pid=107782) log_opt_values /opt/stack/data/venv/lib/python3.12/site-packages/oslo_config/cfg.py:3006}}
Apr 02 06:01:18.997262 np0000162728 nova-scheduler[107782]: DEBUG cotyledon.oslo_config_glue [-] oslo_limit.region_name = None {{(pid=107782) log_opt_values /opt/stack/data/venv/lib/python3.12/site-packages/oslo_config/cfg.py:3006}}
Apr 02 06:01:18.997262 np0000162728 nova-scheduler[107782]: DEBUG cotyledon.oslo_config_glue [-] oslo_limit.retriable_status_codes = None {{(pid=107782) log_opt_values /opt/stack/data/venv/lib/python3.12/site-packages/oslo_config/cfg.py:3006}}
Apr 02 06:01:18.997262 np0000162728 nova-scheduler[107782]: DEBUG cotyledon.oslo_config_glue [-] oslo_limit.service_name = None {{(pid=107782) log_opt_values /opt/stack/data/venv/lib/python3.12/site-packages/oslo_config/cfg.py:3006}}
Apr 02 06:01:18.997262 np0000162728 nova-scheduler[107782]: DEBUG cotyledon.oslo_config_glue [-] oslo_limit.service_type = None {{(pid=107782) log_opt_values /opt/stack/data/venv/lib/python3.12/site-packages/oslo_config/cfg.py:3006}}
Apr 02 06:01:18.997262 np0000162728 nova-scheduler[107782]: DEBUG cotyledon.oslo_config_glue [-] oslo_limit.split_loggers = False {{(pid=107782) log_opt_values /opt/stack/data/venv/lib/python3.12/site-packages/oslo_config/cfg.py:3006}}
Apr 02 06:01:18.997481 np0000162728 nova-scheduler[107782]: DEBUG cotyledon.oslo_config_glue [-] oslo_limit.status_code_retries = None {{(pid=107782) log_opt_values /opt/stack/data/venv/lib/python3.12/site-packages/oslo_config/cfg.py:3006}}
Apr 02 06:01:18.997481 np0000162728 nova-scheduler[107782]: DEBUG cotyledon.oslo_config_glue [-] oslo_limit.status_code_retry_delay = None {{(pid=107782) log_opt_values /opt/stack/data/venv/lib/python3.12/site-packages/oslo_config/cfg.py:3006}}
Apr 02 06:01:18.997481 np0000162728 nova-scheduler[107782]: DEBUG cotyledon.oslo_config_glue [-] oslo_limit.timeout = None {{(pid=107782) log_opt_values /opt/stack/data/venv/lib/python3.12/site-packages/oslo_config/cfg.py:3006}}
Apr 02 06:01:18.997481 np0000162728 nova-scheduler[107782]: DEBUG cotyledon.oslo_config_glue [-] oslo_limit.valid_interfaces = None {{(pid=107782) log_opt_values /opt/stack/data/venv/lib/python3.12/site-packages/oslo_config/cfg.py:3006}}
Apr 02 06:01:18.997481 np0000162728 nova-scheduler[107782]: DEBUG cotyledon.oslo_config_glue [-] oslo_limit.version = None {{(pid=107782) log_opt_values /opt/stack/data/venv/lib/python3.12/site-packages/oslo_config/cfg.py:3006}}
Apr 02 06:01:18.997622 np0000162728 nova-scheduler[107782]: DEBUG cotyledon.oslo_config_glue [-] oslo_reports.file_event_handler = None {{(pid=107782) log_opt_values /opt/stack/data/venv/lib/python3.12/site-packages/oslo_config/cfg.py:3006}}
Apr 02 06:01:18.997622 np0000162728 nova-scheduler[107782]: DEBUG cotyledon.oslo_config_glue [-] oslo_reports.file_event_handler_interval = 1 {{(pid=107782) log_opt_values /opt/stack/data/venv/lib/python3.12/site-packages/oslo_config/cfg.py:3006}}
Apr 02 06:01:18.997622 np0000162728 nova-scheduler[107782]: DEBUG cotyledon.oslo_config_glue [-] oslo_reports.log_dir = None {{(pid=107782) log_opt_values /opt/stack/data/venv/lib/python3.12/site-packages/oslo_config/cfg.py:3006}}
Apr 02 06:01:18.997694 np0000162728 nova-scheduler[107782]: DEBUG cotyledon.oslo_config_glue [-] ******************************************************************************** {{(pid=107782) log_opt_values /opt/stack/data/venv/lib/python3.12/site-packages/oslo_config/cfg.py:3013}}
Apr 02 06:01:18.997790 np0000162728 nova-scheduler[107782]: DEBUG cotyledon._service_worker [-] Run service ServiceWrapper(3) [107782] {{(pid=107782) wait_forever /opt/stack/data/venv/lib/python3.12/site-packages/cotyledon/_service_worker.py:218}}
Apr 02 06:01:18.998094 np0000162728 nova-scheduler[107760]: DEBUG nova.service [None req-cd6da4e7-31e1-4a35-a6fe-f19a75333cf1 None None] Creating RPC server for service: nova-scheduler on topic: scheduler {{(pid=107760) start /opt/stack/nova/nova/service.py:195}}
Apr 02 06:01:18.998672 np0000162728 nova-scheduler[107782]: INFO nova.service [-] Starting scheduler node (version 33.1.0)
Apr 02 06:01:19.003588 np0000162728 nova-scheduler[107782]: INFO dbcounter [None req-1c34058d-dc74-4dc5-9c67-0193fe8f7193 None None] Registered counter for database nova_cell0
Apr 02 06:01:19.004307 np0000162728 nova-scheduler[107775]: DEBUG dbcounter [-] [107775] Writer thread running {{(pid=107775) stat_writer /opt/stack/data/venv/lib/python3.12/site-packages/dbcounter.py:102}}
Apr 02 06:01:19.005689 np0000162728 nova-scheduler[107766]: DEBUG nova.service [None req-49366e30-74ec-464a-9c12-adf81eeb2eda None None] Creating RPC server for service: nova-scheduler on topic: scheduler {{(pid=107766) start /opt/stack/nova/nova/service.py:195}}
Apr 02 06:01:19.008411 np0000162728 nova-scheduler[107775]: DEBUG nova.service [None req-68303595-4054-4e5e-b946-2cd7f8597b8a None None] Creating RPC server for service: nova-scheduler on topic: scheduler {{(pid=107775) start /opt/stack/nova/nova/service.py:195}}
Apr 02 06:01:19.019806 np0000162728 nova-scheduler[107782]: DEBUG oslo_db.sqlalchemy.engines [None req-1c34058d-dc74-4dc5-9c67-0193fe8f7193 None None] MySQL server mode set to STRICT_TRANS_TABLES,STRICT_ALL_TABLES,NO_ZERO_IN_DATE,NO_ZERO_DATE,ERROR_FOR_DIVISION_BY_ZERO,TRADITIONAL,NO_ENGINE_SUBSTITUTION {{(pid=107782) _check_effective_sql_mode /opt/stack/data/venv/lib/python3.12/site-packages/oslo_db/sqlalchemy/engines.py:325}}
Apr 02 06:01:19.031903 np0000162728 nova-scheduler[107782]: DEBUG dbcounter [-] [107782] Writer thread running {{(pid=107782) stat_writer /opt/stack/data/venv/lib/python3.12/site-packages/dbcounter.py:102}}
Apr 02 06:01:19.035838 np0000162728 nova-scheduler[107782]: DEBUG nova.service [None req-1c34058d-dc74-4dc5-9c67-0193fe8f7193 None None] Creating RPC server for service: nova-scheduler on topic: scheduler {{(pid=107782) start /opt/stack/nova/nova/service.py:195}}
Apr 02 06:01:19.039958 np0000162728 nova-scheduler[107766]: DEBUG nova.service [None req-49366e30-74ec-464a-9c12-adf81eeb2eda None None] Join ServiceGroup membership for this service scheduler {{(pid=107766) start /opt/stack/nova/nova/service.py:221}}
Apr 02 06:01:19.040100 np0000162728 nova-scheduler[107760]: DEBUG nova.service [None req-cd6da4e7-31e1-4a35-a6fe-f19a75333cf1 None None] Join ServiceGroup membership for this service scheduler {{(pid=107760) start /opt/stack/nova/nova/service.py:221}}
Apr 02 06:01:19.040168 np0000162728 nova-scheduler[107775]: DEBUG nova.service [None req-68303595-4054-4e5e-b946-2cd7f8597b8a None None] Join ServiceGroup membership for this service scheduler {{(pid=107775) start /opt/stack/nova/nova/service.py:221}}
Apr 02 06:01:19.040244 np0000162728 nova-scheduler[107775]: DEBUG nova.servicegroup.drivers.db [None req-68303595-4054-4e5e-b946-2cd7f8597b8a None None] DB_Driver: join new ServiceGroup member np0000162728 to the scheduler group, service = {{(pid=107775) join /opt/stack/nova/nova/servicegroup/drivers/db.py:44}}
Apr 02 06:01:19.040478 np0000162728 nova-scheduler[107766]: DEBUG nova.servicegroup.drivers.db [None req-49366e30-74ec-464a-9c12-adf81eeb2eda None None] DB_Driver: join new ServiceGroup member np0000162728 to the scheduler group, service = {{(pid=107766) join /opt/stack/nova/nova/servicegroup/drivers/db.py:44}}
Apr 02 06:01:19.040596 np0000162728 nova-scheduler[107760]: DEBUG nova.servicegroup.drivers.db [None req-cd6da4e7-31e1-4a35-a6fe-f19a75333cf1 None None] DB_Driver: join new ServiceGroup member np0000162728 to the scheduler group, service = {{(pid=107760) join /opt/stack/nova/nova/servicegroup/drivers/db.py:44}}
Apr 02 06:01:19.059475 np0000162728 nova-scheduler[107782]: DEBUG nova.service [None req-1c34058d-dc74-4dc5-9c67-0193fe8f7193 None None] Join ServiceGroup membership for this service scheduler {{(pid=107782) start /opt/stack/nova/nova/service.py:221}}
Apr 02 06:01:19.059706 np0000162728 nova-scheduler[107782]: DEBUG nova.servicegroup.drivers.db [None req-1c34058d-dc74-4dc5-9c67-0193fe8f7193 None None] DB_Driver: join new ServiceGroup member np0000162728 to the scheduler group, service = {{(pid=107782) join /opt/stack/nova/nova/servicegroup/drivers/db.py:44}}
Apr 02 06:01:24.066294 np0000162728 nova-scheduler[107760]: DEBUG oslo.service.backend._threading.loopingcall [-] Fixed interval looping call 'nova.servicegroup.drivers.db.DbDriver._report_state' sleeping for 119.98 seconds {{(pid=107760) _run_loop /opt/stack/data/venv/lib/python3.12/site-packages/oslo_service/backend/_threading/loopingcall.py:125}}
Apr 02 06:01:24.067997 np0000162728 nova-scheduler[107766]: DEBUG oslo.service.backend._threading.loopingcall [-] Fixed interval looping call 'nova.servicegroup.drivers.db.DbDriver._report_state' sleeping for 119.97 seconds {{(pid=107766) _run_loop /opt/stack/data/venv/lib/python3.12/site-packages/oslo_service/backend/_threading/loopingcall.py:125}}
Apr 02 06:01:24.068213 np0000162728 nova-scheduler[107775]: DEBUG oslo.service.backend._threading.loopingcall [-] Fixed interval looping call 'nova.servicegroup.drivers.db.DbDriver._report_state' sleeping for 119.97 seconds {{(pid=107775) _run_loop /opt/stack/data/venv/lib/python3.12/site-packages/oslo_service/backend/_threading/loopingcall.py:125}}
Apr 02 06:01:24.076154 np0000162728 nova-scheduler[107782]: DEBUG oslo.service.backend._threading.loopingcall [-] Fixed interval looping call 'nova.servicegroup.drivers.db.DbDriver._report_state' sleeping for 119.99 seconds {{(pid=107782) _run_loop /opt/stack/data/venv/lib/python3.12/site-packages/oslo_service/backend/_threading/loopingcall.py:125}}
Apr 02 06:01:27.624598 np0000162728 nova-scheduler[107012]: DEBUG dbcounter [-] [107012] Writing DB stats nova_api:SELECT=3 {{(pid=107012) stat_writer /opt/stack/data/venv/lib/python3.12/site-packages/dbcounter.py:115}}
Apr 02 06:01:27.736103 np0000162728 nova-scheduler[107012]: DEBUG dbcounter [-] [107012] Writing DB stats nova_cell0:SELECT=1 {{(pid=107012) stat_writer /opt/stack/data/venv/lib/python3.12/site-packages/dbcounter.py:115}}
Apr 02 06:01:27.739740 np0000162728 nova-scheduler[107012]: DEBUG dbcounter [-] [107012] Writing DB stats nova_cell1:SELECT=1 {{(pid=107012) stat_writer /opt/stack/data/venv/lib/python3.12/site-packages/dbcounter.py:115}}
Apr 02 06:01:28.043220 np0000162728 nova-scheduler[107766]: DEBUG oslo.service.backend._threading.loopingcall [None req-cd5d53ac-85bd-4c41-9f2a-d4992fb645c7 None None] Dynamic interval looping call 'nova.service.Service.periodic_tasks' sleeping for 60.00 seconds {{(pid=107766) _run_loop /opt/stack/data/venv/lib/python3.12/site-packages/oslo_service/backend/_threading/loopingcall.py:125}}
Apr 02 06:01:34.052713 np0000162728 nova-scheduler[107766]: DEBUG dbcounter [-] [107766] Writing DB stats nova_cell0:SELECT=5,nova_cell0:INSERT=1,nova_cell0:UPDATE=1 {{(pid=107766) stat_writer /opt/stack/data/venv/lib/python3.12/site-packages/dbcounter.py:115}}
Apr 02 06:01:34.059479 np0000162728 nova-scheduler[107760]: DEBUG dbcounter [-] [107760] Writing DB stats nova_cell0:SELECT=4,nova_cell0:INSERT=1,nova_cell0:UPDATE=1 {{(pid=107760) stat_writer /opt/stack/data/venv/lib/python3.12/site-packages/dbcounter.py:115}}
Apr 02 06:01:34.062964 np0000162728 nova-scheduler[107775]: DEBUG dbcounter [-] [107775] Writing DB stats nova_cell0:SELECT=3,nova_cell0:UPDATE=1 {{(pid=107775) stat_writer /opt/stack/data/venv/lib/python3.12/site-packages/dbcounter.py:115}}
Apr 02 06:01:34.073752 np0000162728 nova-scheduler[107782]: DEBUG dbcounter [-] [107782] Writing DB stats nova_cell0:SELECT=3 {{(pid=107782) stat_writer /opt/stack/data/venv/lib/python3.12/site-packages/dbcounter.py:115}}
Apr 02 06:01:42.044547 np0000162728 nova-scheduler[107760]: DEBUG oslo.service.backend._threading.loopingcall [None req-e93cd5ae-e417-4f4f-9c1e-02b865cb71cb None None] Dynamic interval looping call 'nova.service.Service.periodic_tasks' sleeping for 60.00 seconds {{(pid=107760) _run_loop /opt/stack/data/venv/lib/python3.12/site-packages/oslo_service/backend/_threading/loopingcall.py:125}}
Apr 02 06:01:46.062406 np0000162728 nova-scheduler[107782]: DEBUG oslo.service.backend._threading.loopingcall [None req-7ce62159-23a0-49d1-847a-3be1c2289afe None None] Dynamic interval looping call 'nova.service.Service.periodic_tasks' sleeping for 60.00 seconds {{(pid=107782) _run_loop /opt/stack/data/venv/lib/python3.12/site-packages/oslo_service/backend/_threading/loopingcall.py:125}}
Apr 02 06:02:19.043594 np0000162728 nova-scheduler[107775]: DEBUG oslo.service.backend._threading.loopingcall [None req-65ef14c9-1687-461e-8fad-ca2dd756f125 None None] Dynamic interval looping call 'nova.service.Service.periodic_tasks' sleeping for 60.00 seconds {{(pid=107775) _run_loop /opt/stack/data/venv/lib/python3.12/site-packages/oslo_service/backend/_threading/loopingcall.py:125}}
Apr 02 06:02:28.044137 np0000162728 nova-scheduler[107766]: DEBUG oslo.service.backend._threading.loopingcall [None req-cd5d53ac-85bd-4c41-9f2a-d4992fb645c7 None None] Dynamic interval looping call 'nova.service.Service.periodic_tasks' sleeping for 60.00 seconds {{(pid=107766) _run_loop /opt/stack/data/venv/lib/python3.12/site-packages/oslo_service/backend/_threading/loopingcall.py:125}}
Apr 02 06:02:42.045424 np0000162728 nova-scheduler[107760]: DEBUG oslo.service.backend._threading.loopingcall [None req-e93cd5ae-e417-4f4f-9c1e-02b865cb71cb None None] Dynamic interval looping call 'nova.service.Service.periodic_tasks' sleeping for 60.00 seconds {{(pid=107760) _run_loop /opt/stack/data/venv/lib/python3.12/site-packages/oslo_service/backend/_threading/loopingcall.py:125}}
Apr 02 06:02:46.063237 np0000162728 nova-scheduler[107782]: DEBUG oslo.service.backend._threading.loopingcall [None req-7ce62159-23a0-49d1-847a-3be1c2289afe None None] Dynamic interval looping call 'nova.service.Service.periodic_tasks' sleeping for 60.00 seconds {{(pid=107782) _run_loop /opt/stack/data/venv/lib/python3.12/site-packages/oslo_service/backend/_threading/loopingcall.py:125}}
Apr 02 06:03:19.045138 np0000162728 nova-scheduler[107775]: DEBUG oslo.service.backend._threading.loopingcall [None req-65ef14c9-1687-461e-8fad-ca2dd756f125 None None] Dynamic interval looping call 'nova.service.Service.periodic_tasks' sleeping for 60.00 seconds {{(pid=107775) _run_loop /opt/stack/data/venv/lib/python3.12/site-packages/oslo_service/backend/_threading/loopingcall.py:125}}
Apr 02 06:03:24.050202 np0000162728 nova-scheduler[107766]: DEBUG oslo.service.backend._threading.loopingcall [-] Fixed interval looping call 'nova.servicegroup.drivers.db.DbDriver._report_state' sleeping for 119.99 seconds {{(pid=107766) _run_loop /opt/stack/data/venv/lib/python3.12/site-packages/oslo_service/backend/_threading/loopingcall.py:125}}
Apr 02 06:03:24.051510 np0000162728 nova-scheduler[107775]: DEBUG oslo.service.backend._threading.loopingcall [-] Fixed interval looping call 'nova.servicegroup.drivers.db.DbDriver._report_state' sleeping for 119.99 seconds {{(pid=107775) _run_loop /opt/stack/data/venv/lib/python3.12/site-packages/oslo_service/backend/_threading/loopingcall.py:125}}
Apr 02 06:03:24.052260 np0000162728 nova-scheduler[107760]: DEBUG oslo.service.backend._threading.loopingcall [-] Fixed interval looping call 'nova.servicegroup.drivers.db.DbDriver._report_state' sleeping for 119.99 seconds {{(pid=107760) _run_loop /opt/stack/data/venv/lib/python3.12/site-packages/oslo_service/backend/_threading/loopingcall.py:125}}
Apr 02 06:03:24.072111 np0000162728 nova-scheduler[107782]: DEBUG oslo.service.backend._threading.loopingcall [-] Fixed interval looping call 'nova.servicegroup.drivers.db.DbDriver._report_state' sleeping for 119.99 seconds {{(pid=107782) _run_loop /opt/stack/data/venv/lib/python3.12/site-packages/oslo_service/backend/_threading/loopingcall.py:125}}
Apr 02 06:03:28.045097 np0000162728 nova-scheduler[107766]: DEBUG oslo.service.backend._threading.loopingcall [None req-cd5d53ac-85bd-4c41-9f2a-d4992fb645c7 None None] Dynamic interval looping call 'nova.service.Service.periodic_tasks' sleeping for 60.00 seconds {{(pid=107766) _run_loop /opt/stack/data/venv/lib/python3.12/site-packages/oslo_service/backend/_threading/loopingcall.py:125}}
Apr 02 06:03:34.043705 np0000162728 nova-scheduler[107766]: DEBUG dbcounter [-] [107766] Writing DB stats nova_cell0:SELECT=1,nova_cell0:UPDATE=1 {{(pid=107766) stat_writer /opt/stack/data/venv/lib/python3.12/site-packages/dbcounter.py:115}}
Apr 02 06:03:34.044728 np0000162728 nova-scheduler[107775]: DEBUG dbcounter [-] [107775] Writing DB stats nova_cell0:SELECT=1,nova_cell0:UPDATE=1 {{(pid=107775) stat_writer /opt/stack/data/venv/lib/python3.12/site-packages/dbcounter.py:115}}
Apr 02 06:03:34.050126 np0000162728 nova-scheduler[107760]: DEBUG dbcounter [-] [107760] Writing DB stats nova_cell0:SELECT=1,nova_cell0:UPDATE=1 {{(pid=107760) stat_writer /opt/stack/data/venv/lib/python3.12/site-packages/dbcounter.py:115}}
Apr 02 06:03:34.069693 np0000162728 nova-scheduler[107782]: DEBUG dbcounter [-] [107782] Writing DB stats nova_cell0:SELECT=1 {{(pid=107782) stat_writer /opt/stack/data/venv/lib/python3.12/site-packages/dbcounter.py:115}}
Apr 02 06:03:42.046275 np0000162728 nova-scheduler[107760]: DEBUG oslo.service.backend._threading.loopingcall [None req-e93cd5ae-e417-4f4f-9c1e-02b865cb71cb None None] Dynamic interval looping call 'nova.service.Service.periodic_tasks' sleeping for 60.00 seconds {{(pid=107760) _run_loop /opt/stack/data/venv/lib/python3.12/site-packages/oslo_service/backend/_threading/loopingcall.py:125}}
Apr 02 06:03:46.065306 np0000162728 nova-scheduler[107782]: DEBUG oslo.service.backend._threading.loopingcall [None req-7ce62159-23a0-49d1-847a-3be1c2289afe None None] Dynamic interval looping call 'nova.service.Service.periodic_tasks' sleeping for 60.00 seconds {{(pid=107782) _run_loop /opt/stack/data/venv/lib/python3.12/site-packages/oslo_service/backend/_threading/loopingcall.py:125}}
Apr 02 06:04:19.046087 np0000162728 nova-scheduler[107775]: DEBUG oslo.service.backend._threading.loopingcall [None req-65ef14c9-1687-461e-8fad-ca2dd756f125 None None] Dynamic interval looping call 'nova.service.Service.periodic_tasks' sleeping for 60.00 seconds {{(pid=107775) _run_loop /opt/stack/data/venv/lib/python3.12/site-packages/oslo_service/backend/_threading/loopingcall.py:125}}
Apr 02 06:04:28.045961 np0000162728 nova-scheduler[107766]: DEBUG oslo.service.backend._threading.loopingcall [None req-cd5d53ac-85bd-4c41-9f2a-d4992fb645c7 None None] Dynamic interval looping call 'nova.service.Service.periodic_tasks' sleeping for 60.00 seconds {{(pid=107766) _run_loop /opt/stack/data/venv/lib/python3.12/site-packages/oslo_service/backend/_threading/loopingcall.py:125}}
Apr 02 06:04:42.046979 np0000162728 nova-scheduler[107760]: DEBUG oslo.service.backend._threading.loopingcall [None req-e93cd5ae-e417-4f4f-9c1e-02b865cb71cb None None] Dynamic interval looping call 'nova.service.Service.periodic_tasks' sleeping for 60.00 seconds {{(pid=107760) _run_loop /opt/stack/data/venv/lib/python3.12/site-packages/oslo_service/backend/_threading/loopingcall.py:125}}
Apr 02 06:04:46.066021 np0000162728 nova-scheduler[107782]: DEBUG oslo.service.backend._threading.loopingcall [None req-7ce62159-23a0-49d1-847a-3be1c2289afe None None] Dynamic interval looping call 'nova.service.Service.periodic_tasks' sleeping for 60.00 seconds {{(pid=107782) _run_loop /opt/stack/data/venv/lib/python3.12/site-packages/oslo_service/backend/_threading/loopingcall.py:125}}
Apr 02 06:05:19.046856 np0000162728 nova-scheduler[107775]: DEBUG oslo.service.backend._threading.loopingcall [None req-65ef14c9-1687-461e-8fad-ca2dd756f125 None None] Dynamic interval looping call 'nova.service.Service.periodic_tasks' sleeping for 60.00 seconds {{(pid=107775) _run_loop /opt/stack/data/venv/lib/python3.12/site-packages/oslo_service/backend/_threading/loopingcall.py:125}}
Apr 02 06:05:24.050258 np0000162728 nova-scheduler[107775]: DEBUG oslo.service.backend._threading.loopingcall [-] Fixed interval looping call 'nova.servicegroup.drivers.db.DbDriver._report_state' sleeping for 119.99 seconds {{(pid=107775) _run_loop /opt/stack/data/venv/lib/python3.12/site-packages/oslo_service/backend/_threading/loopingcall.py:125}}
Apr 02 06:05:24.050996 np0000162728 nova-scheduler[107766]: DEBUG oslo.service.backend._threading.loopingcall [-] Fixed interval looping call 'nova.servicegroup.drivers.db.DbDriver._report_state' sleeping for 119.99 seconds {{(pid=107766) _run_loop /opt/stack/data/venv/lib/python3.12/site-packages/oslo_service/backend/_threading/loopingcall.py:125}}
Apr 02 06:05:24.052221 np0000162728 nova-scheduler[107760]: DEBUG oslo.service.backend._threading.loopingcall [-] Fixed interval looping call 'nova.servicegroup.drivers.db.DbDriver._report_state' sleeping for 119.99 seconds {{(pid=107760) _run_loop /opt/stack/data/venv/lib/python3.12/site-packages/oslo_service/backend/_threading/loopingcall.py:125}}
Apr 02 06:05:24.070360 np0000162728 nova-scheduler[107782]: DEBUG oslo.service.backend._threading.loopingcall [-] Fixed interval looping call 'nova.servicegroup.drivers.db.DbDriver._report_state' sleeping for 119.99 seconds {{(pid=107782) _run_loop /opt/stack/data/venv/lib/python3.12/site-packages/oslo_service/backend/_threading/loopingcall.py:125}}
Apr 02 06:05:28.046782 np0000162728 nova-scheduler[107766]: DEBUG oslo.service.backend._threading.loopingcall [None req-cd5d53ac-85bd-4c41-9f2a-d4992fb645c7 None None] Dynamic interval looping call 'nova.service.Service.periodic_tasks' sleeping for 60.00 seconds {{(pid=107766) _run_loop /opt/stack/data/venv/lib/python3.12/site-packages/oslo_service/backend/_threading/loopingcall.py:125}}
Apr 02 06:05:34.044427 np0000162728 nova-scheduler[107775]: DEBUG dbcounter [-] [107775] Writing DB stats nova_cell0:SELECT=1,nova_cell0:UPDATE=1 {{(pid=107775) stat_writer /opt/stack/data/venv/lib/python3.12/site-packages/dbcounter.py:115}}
Apr 02 06:05:34.045476 np0000162728 nova-scheduler[107766]: DEBUG dbcounter [-] [107766] Writing DB stats nova_cell0:SELECT=1,nova_cell0:UPDATE=1 {{(pid=107766) stat_writer /opt/stack/data/venv/lib/python3.12/site-packages/dbcounter.py:115}}
Apr 02 06:05:34.046834 np0000162728 nova-scheduler[107760]: DEBUG dbcounter [-] [107760] Writing DB stats nova_cell0:SELECT=1,nova_cell0:UPDATE=1 {{(pid=107760) stat_writer /opt/stack/data/venv/lib/python3.12/site-packages/dbcounter.py:115}}
Apr 02 06:05:34.066170 np0000162728 nova-scheduler[107782]: DEBUG dbcounter [-] [107782] Writing DB stats nova_cell0:SELECT=1 {{(pid=107782) stat_writer /opt/stack/data/venv/lib/python3.12/site-packages/dbcounter.py:115}}
