2026-03-04 02:38:30.751 7 INFO placement.requestlog [req-9ad8331e-2477-4337-84c9-c3bd5fcdf9c6 req-0cc7b080-aa2e-4df4-a5c4-344560975cbf 7511a8045c364cef8d3670a25459c9f8 dd686b50121a4c0a817926c2ff70327f - - dea0e16e88e94558a77c09a08434e0d0 dea0e16e88e94558a77c09a08434e0d0] 199.204.45.156 "GET /resource_providers/57d813e0-b14b-4035-a2b8-d4974984605f/allocations" status: 200 len: 340 microversion: 1.0 [pid: 7|app: 0|req: 652/1304] 199.204.45.156 () {32 vars in 857 bytes} [Wed Mar 4 02:38:30 2026] GET /resource_providers/57d813e0-b14b-4035-a2b8-d4974984605f/allocations => generated 340 bytes in 29 msecs (HTTP/1.1 200) 6 headers in 224 bytes (1 switches on core 0)
2026-03-04 02:38:30.781 8 INFO placement.requestlog [req-9ad8331e-2477-4337-84c9-c3bd5fcdf9c6 req-844ae919-94cc-4ce9-9f4d-30500d764f41 7511a8045c364cef8d3670a25459c9f8 dd686b50121a4c0a817926c2ff70327f - - dea0e16e88e94558a77c09a08434e0d0 dea0e16e88e94558a77c09a08434e0d0] 199.204.45.156 "GET /allocations/71652686-08c2-418f-bde4-bea8a1b9e4f3" status: 200 len: 258 microversion: 1.28 [pid: 8|app: 0|req: 653/1305] 199.204.45.156 () {34 vars in 863 bytes} [Wed Mar 4 02:38:30 2026] GET /allocations/71652686-08c2-418f-bde4-bea8a1b9e4f3 => generated 258 bytes in 20 msecs (HTTP/1.1 200) 8 headers in 296 bytes (1 switches on core 0)
2026-03-04 02:38:30.813 7 INFO placement.requestlog [req-9ad8331e-2477-4337-84c9-c3bd5fcdf9c6 req-d9155622-b65f-4b52-98fc-5e5aaede9cad 7511a8045c364cef8d3670a25459c9f8 dd686b50121a4c0a817926c2ff70327f - - dea0e16e88e94558a77c09a08434e0d0 dea0e16e88e94558a77c09a08434e0d0] 199.204.45.156 "GET /allocations/2e805e5a-4ec8-4b2f-bb2a-f365b58fd028" status: 200 len: 245 microversion: 1.28 [pid: 7|app: 0|req: 653/1306] 199.204.45.156 () {34 vars in 863 bytes} [Wed Mar 4 02:38:30 2026] GET /allocations/2e805e5a-4ec8-4b2f-bb2a-f365b58fd028 => generated 245 bytes in 22 msecs (HTTP/1.1 200) 8 headers in 296 bytes (1 switches on core 0)
2026-03-04 02:38:30.837 8 INFO placement.requestlog [req-9ad8331e-2477-4337-84c9-c3bd5fcdf9c6 req-1e29a100-40b3-4382-9566-d714a0ed7b0f 7511a8045c364cef8d3670a25459c9f8 dd686b50121a4c0a817926c2ff70327f - - dea0e16e88e94558a77c09a08434e0d0 dea0e16e88e94558a77c09a08434e0d0] 199.204.45.156 "GET /allocations/91838be1-9e9f-4882-95d9-2e52e5f07736" status: 200 len: 258 microversion: 1.28 [pid: 8|app: 0|req: 654/1307] 199.204.45.156 () {34 vars in 863 bytes} [Wed Mar 4 02:38:30 2026] GET /allocations/91838be1-9e9f-4882-95d9-2e52e5f07736 => generated 258 bytes in 15 msecs (HTTP/1.1 200) 8 headers in 296 bytes (1 switches on core 0)
2026-03-04 02:38:30.924 7 INFO placement.requestlog [req-9ad8331e-2477-4337-84c9-c3bd5fcdf9c6 req-7f890fd9-ed53-4f40-b5c5-dc1d2509eda3 7511a8045c364cef8d3670a25459c9f8 dd686b50121a4c0a817926c2ff70327f - - dea0e16e88e94558a77c09a08434e0d0 dea0e16e88e94558a77c09a08434e0d0] 199.204.45.156 "DELETE /allocations/2e805e5a-4ec8-4b2f-bb2a-f365b58fd028" status: 204 len: 0 microversion: 1.0 [pid: 7|app: 0|req: 654/1308] 199.204.45.156 () {34 vars in 841 bytes} [Wed Mar 4 02:38:30 2026] DELETE /allocations/2e805e5a-4ec8-4b2f-bb2a-f365b58fd028 => generated 0 bytes in 32 msecs (HTTP/1.1 204) 5 headers in 198 bytes (1 switches on core 0)
2026-03-04 02:38:32.306 8 INFO placement.requestlog [req-5b676c9b-eadd-4c52-892b-308f52b779e9 req-535634c9-c843-41e2-9b54-b284e564d679 7511a8045c364cef8d3670a25459c9f8 dd686b50121a4c0a817926c2ff70327f - - dea0e16e88e94558a77c09a08434e0d0 dea0e16e88e94558a77c09a08434e0d0] 199.204.45.156 "GET /resource_providers/57d813e0-b14b-4035-a2b8-d4974984605f/allocations" status: 200 len: 253 microversion: 1.0 [pid: 8|app: 0|req: 655/1309] 199.204.45.156 () {32 vars in 857 bytes} [Wed Mar 4 02:38:32 2026] GET /resource_providers/57d813e0-b14b-4035-a2b8-d4974984605f/allocations => generated 253 bytes in 18 msecs (HTTP/1.1 200) 6 headers in 224 bytes (1 switches on core 0)
2026-03-04 02:38:32.330 7 INFO placement.requestlog [req-5b676c9b-eadd-4c52-892b-308f52b779e9 req-6726f7d1-d317-43cb-96d8-10c31f5673f6 7511a8045c364cef8d3670a25459c9f8 dd686b50121a4c0a817926c2ff70327f - - dea0e16e88e94558a77c09a08434e0d0 dea0e16e88e94558a77c09a08434e0d0] 199.204.45.156 "GET /allocations/71652686-08c2-418f-bde4-bea8a1b9e4f3" status: 200 len: 258 microversion: 1.28 [pid: 7|app: 0|req: 655/1310] 199.204.45.156 () {34 vars in 863 bytes} [Wed Mar 4 02:38:32 2026] GET /allocations/71652686-08c2-418f-bde4-bea8a1b9e4f3 => generated 258 bytes in 15 msecs (HTTP/1.1 200) 8 headers in 296 bytes (1 switches on core 0)
2026-03-04 02:38:32.353 8 INFO placement.requestlog [req-5b676c9b-eadd-4c52-892b-308f52b779e9 req-43e64bb7-9a71-4845-b9b9-6c935b325e55 7511a8045c364cef8d3670a25459c9f8 dd686b50121a4c0a817926c2ff70327f - - dea0e16e88e94558a77c09a08434e0d0 dea0e16e88e94558a77c09a08434e0d0] 199.204.45.156 "GET /allocations/91838be1-9e9f-4882-95d9-2e52e5f07736" status: 200 len: 258 microversion: 1.28 [pid: 8|app: 0|req: 656/1311] 199.204.45.156 () {34 vars in 863 bytes} [Wed Mar 4 02:38:32 2026] GET /allocations/91838be1-9e9f-4882-95d9-2e52e5f07736 => generated 258 bytes in 15 msecs (HTTP/1.1 200) 8 headers in 296 bytes (1 switches on core 0)
2026-03-04 02:38:32.433 7 INFO placement.requestlog [req-5b676c9b-eadd-4c52-892b-308f52b779e9 req-4abdf299-f198-480d-8f48-d975c1c96e09 7511a8045c364cef8d3670a25459c9f8 dd686b50121a4c0a817926c2ff70327f - - dea0e16e88e94558a77c09a08434e0d0 dea0e16e88e94558a77c09a08434e0d0] 199.204.45.156 "DELETE /allocations/71652686-08c2-418f-bde4-bea8a1b9e4f3" status: 204 len: 0 microversion: 1.0 [pid: 7|app: 0|req: 656/1312] 199.204.45.156 () {34 vars in 841 bytes} [Wed Mar 4 02:38:32 2026] DELETE /allocations/71652686-08c2-418f-bde4-bea8a1b9e4f3 => generated 0 bytes in 24 msecs (HTTP/1.1 204) 5 headers in 198 bytes (1 switches on core 0)
2026-03-04 02:38:36.793 7 INFO placement.requestlog [None req-dd1771a9-7fa1-468f-8970-1fb61fff0f55 - - - - - -] 10.0.0.16 "GET /" status: 200 len: 136 microversion: 1.0
2026-03-04 02:38:36.794 8 INFO placement.requestlog [None req-70f23d20-ff43-47d8-9d55-ce831cf36f9e - - - - - -] 10.0.0.16 "GET /" status: 200 len: 136 microversion: 1.0
2026-03-04 02:38:38.568 7 INFO placement.requestlog [req-b4c666bb-a63a-4acb-96e2-1295ae057478 req-ed342f1d-82b1-4ac0-8dae-8e0f6d64c9d1 7511a8045c364cef8d3670a25459c9f8 dd686b50121a4c0a817926c2ff70327f - - dea0e16e88e94558a77c09a08434e0d0 dea0e16e88e94558a77c09a08434e0d0] 199.204.45.156 "GET /resource_providers/57d813e0-b14b-4035-a2b8-d4974984605f/allocations" status: 200 len: 153 microversion: 1.0 [pid: 7|app: 0|req: 658/1315] 199.204.45.156 () {32 vars in 857 bytes} [Wed Mar 4 02:38:38 2026] GET /resource_providers/57d813e0-b14b-4035-a2b8-d4974984605f/allocations => generated 153 bytes in 16 msecs (HTTP/1.1 200) 6 headers in 224 bytes (1 switches on core 0)
2026-03-04 02:38:38.593 8 INFO placement.requestlog [req-b4c666bb-a63a-4acb-96e2-1295ae057478 req-f1fc4261-3a0f-411f-ad70-ea470abb17f4 7511a8045c364cef8d3670a25459c9f8 dd686b50121a4c0a817926c2ff70327f - - dea0e16e88e94558a77c09a08434e0d0 dea0e16e88e94558a77c09a08434e0d0] 199.204.45.156 "GET /allocations/91838be1-9e9f-4882-95d9-2e52e5f07736" status: 200 len: 258 microversion: 1.28 [pid: 8|app: 0|req: 658/1316] 199.204.45.156 () {34 vars in 863 bytes} [Wed Mar 4 02:38:38 2026] GET /allocations/91838be1-9e9f-4882-95d9-2e52e5f07736 => generated 258 bytes in 18 msecs (HTTP/1.1 200) 8 headers in 296 bytes (1 switches on core 0)
2026-03-04 02:38:38.670 7 INFO placement.requestlog [req-b4c666bb-a63a-4acb-96e2-1295ae057478 req-d3c6fd0a-e2bf-49d6-999c-bccf5d55d493 7511a8045c364cef8d3670a25459c9f8 dd686b50121a4c0a817926c2ff70327f - - dea0e16e88e94558a77c09a08434e0d0 dea0e16e88e94558a77c09a08434e0d0] 199.204.45.156 "DELETE /allocations/91838be1-9e9f-4882-95d9-2e52e5f07736" status: 204 len: 0 microversion: 1.0 [pid: 7|app: 0|req: 659/1317] 199.204.45.156 () {34 vars in 841 bytes} [Wed Mar 4 02:38:38 2026] DELETE /allocations/91838be1-9e9f-4882-95d9-2e52e5f07736 => generated 0 bytes in 27 msecs (HTTP/1.1 204) 5 headers in 198 bytes (1 switches on core 0)
2026-03-04 02:38:46.793 7 INFO placement.requestlog [None req-4f7c0597-3fea-483e-9734-d4dbd4592585 - - - - - -] 10.0.0.16 "GET /" status: 200 len: 136 microversion: 1.0
2026-03-04 02:38:46.794 8 INFO placement.requestlog [None req-f291af60-c543-4f9b-adc8-c61582c1195f - - - - - -] 10.0.0.16 "GET /" status: 200 len: 136 microversion: 1.0
2026-03-04 02:38:50.319 7 INFO placement.requestlog [None req-e62d191f-22a0-4fe7-a51b-edf84f7f70de c8e00f140ab44230b0d9846e7a578130 dd686b50121a4c0a817926c2ff70327f - - dea0e16e88e94558a77c09a08434e0d0 dea0e16e88e94558a77c09a08434e0d0] 10.0.0.148 "GET /resource_providers/728f6cdb-7705-4073-ba7a-655d6701f7a1/aggregates" status: 404 len: 235 microversion: 1.1 [pid: 7|app: 0|req: 661/1320] 10.0.0.148 () {32 vars in 816 bytes} [Wed Mar 4 02:38:50 2026] GET /resource_providers/728f6cdb-7705-4073-ba7a-655d6701f7a1/aggregates => generated 235 bytes in 46 msecs (HTTP/1.1 404) 5 headers in 202 bytes (1 switches on core 0)
2026-03-04 02:38:50.327 8 INFO placement.requestlog [None req-e4bddedd-60fb-4f58-b8a1-8a18a68b6904 c8e00f140ab44230b0d9846e7a578130 dd686b50121a4c0a817926c2ff70327f - - dea0e16e88e94558a77c09a08434e0d0 dea0e16e88e94558a77c09a08434e0d0] 10.0.0.148 "GET /resource_providers/728f6cdb-7705-4073-ba7a-655d6701f7a1/aggregates" status: 404 len: 235 microversion: 1.1 [pid: 8|app: 0|req: 660/1321] 10.0.0.148 () {32 vars in 816 bytes} [Wed Mar 4 02:38:50 2026] GET /resource_providers/728f6cdb-7705-4073-ba7a-655d6701f7a1/aggregates => generated 235 bytes in 54 msecs (HTTP/1.1 404) 5 headers in 202 bytes (1 switches on core 0)
2026-03-04 02:38:50.388 8 INFO placement.requestlog [None req-56184fec-35dc-44e2-ab02-309d7f5631e7 c8e00f140ab44230b0d9846e7a578130 dd686b50121a4c0a817926c2ff70327f - - dea0e16e88e94558a77c09a08434e0d0 dea0e16e88e94558a77c09a08434e0d0] 10.0.0.148 "DELETE /resource_providers/728f6cdb-7705-4073-ba7a-655d6701f7a1" status: 404 len: 246 microversion: 1.1 [pid: 8|app: 0|req: 661/1322] 10.0.0.148 () {34 vars in 816 bytes} [Wed Mar 4 02:38:50 2026] DELETE /resource_providers/728f6cdb-7705-4073-ba7a-655d6701f7a1 => generated 246 bytes in 11 msecs (HTTP/1.1 404) 6 headers in 231 bytes (1 switches on core 0)
2026-03-04 02:38:50.389 7 INFO placement.requestlog [None req-9225eda1-a656-4724-a256-b07bd243df07 c8e00f140ab44230b0d9846e7a578130 dd686b50121a4c0a817926c2ff70327f - - dea0e16e88e94558a77c09a08434e0d0 dea0e16e88e94558a77c09a08434e0d0] 10.0.0.148 "DELETE /resource_providers/728f6cdb-7705-4073-ba7a-655d6701f7a1" status: 404 len: 246 microversion: 1.1 [pid: 7|app: 0|req: 662/1323] 10.0.0.148 () {34 vars in 816 bytes} [Wed Mar 4 02:38:50 2026] DELETE /resource_providers/728f6cdb-7705-4073-ba7a-655d6701f7a1 => generated 246 bytes in 11 msecs (HTTP/1.1 404) 6 headers in 231 bytes (1 switches on core 0)
2026-03-04 02:38:52.421 8 INFO placement.requestlog [None req-8bca1078-506b-44b6-a62b-1563cc2fc192 c8e00f140ab44230b0d9846e7a578130 dd686b50121a4c0a817926c2ff70327f - - dea0e16e88e94558a77c09a08434e0d0 dea0e16e88e94558a77c09a08434e0d0] 10.0.0.148 "GET /resource_providers/aedf09c2-6b8c-4bb5-963a-65f708c33675/aggregates" status: 404 len: 235 microversion: 1.1 [pid: 8|app: 0|req: 662/1324] 10.0.0.148 () {32 vars in 816 bytes} [Wed Mar 4 02:38:52 2026] GET /resource_providers/aedf09c2-6b8c-4bb5-963a-65f708c33675/aggregates => generated 235 bytes in 17 msecs (HTTP/1.1 404) 5 headers in 202 bytes (1 switches on core 0)
2026-03-04 02:38:52.440 7 INFO placement.requestlog [None req-d0dcb3b1-f22f-4220-a991-99ed064608b7 c8e00f140ab44230b0d9846e7a578130 dd686b50121a4c0a817926c2ff70327f - - dea0e16e88e94558a77c09a08434e0d0 dea0e16e88e94558a77c09a08434e0d0] 10.0.0.148 "GET /resource_providers/aedf09c2-6b8c-4bb5-963a-65f708c33675/aggregates" status: 404 len: 235 microversion: 1.1 [pid: 7|app: 0|req: 663/1325] 10.0.0.148 () {32 vars in 816 bytes} [Wed Mar 4 02:38:52 2026] GET /resource_providers/aedf09c2-6b8c-4bb5-963a-65f708c33675/aggregates => generated 235 bytes in 35 msecs (HTTP/1.1 404) 5 headers in 202 bytes (1 switches on core 0)
2026-03-04 02:38:52.441 8 INFO placement.requestlog [None req-a54d4eb1-9103-4043-8ba3-f8f8c4eb6cb1 c8e00f140ab44230b0d9846e7a578130 dd686b50121a4c0a817926c2ff70327f - - dea0e16e88e94558a77c09a08434e0d0 dea0e16e88e94558a77c09a08434e0d0] 10.0.0.148 "DELETE /resource_providers/aedf09c2-6b8c-4bb5-963a-65f708c33675" status: 404 len: 246 microversion: 1.1 [pid: 8|app: 0|req: 663/1326] 10.0.0.148 () {34 vars in 816 bytes} [Wed Mar 4 02:38:52 2026] DELETE /resource_providers/aedf09c2-6b8c-4bb5-963a-65f708c33675 => generated 246 bytes in 12 msecs (HTTP/1.1 404) 6 headers in 231 bytes (1 switches on core 0)
2026-03-04 02:38:52.462 7 INFO placement.requestlog [None req-3018a53a-2dc2-4928-9a6f-3564e1ac0cce c8e00f140ab44230b0d9846e7a578130 dd686b50121a4c0a817926c2ff70327f - - dea0e16e88e94558a77c09a08434e0d0 dea0e16e88e94558a77c09a08434e0d0] 10.0.0.148 "DELETE /resource_providers/aedf09c2-6b8c-4bb5-963a-65f708c33675" status: 404 len: 246 microversion: 1.1 [pid: 7|app: 0|req: 664/1327] 10.0.0.148 () {34 vars in 816 bytes} [Wed Mar 4 02:38:52 2026] DELETE /resource_providers/aedf09c2-6b8c-4bb5-963a-65f708c33675 => generated 246 bytes in 12 msecs (HTTP/1.1 404) 6 headers in 231 bytes (1 switches on core 0)
2026-03-04 02:38:52.472 8 INFO placement.requestlog [None req-db60e527-6f20-4a2a-ba87-be336d6fa604 c8e00f140ab44230b0d9846e7a578130 dd686b50121a4c0a817926c2ff70327f - - dea0e16e88e94558a77c09a08434e0d0 dea0e16e88e94558a77c09a08434e0d0] 10.0.0.148 "GET /resource_providers/ccb894c9-6444-43e1-bbd5-326bcc33503a/aggregates" status: 404 len: 235 microversion: 1.1 [pid: 8|app: 0|req: 664/1328] 10.0.0.148 () {32 vars in 816 bytes} [Wed Mar 4 02:38:52 2026] GET /resource_providers/ccb894c9-6444-43e1-bbd5-326bcc33503a/aggregates => generated 235 bytes in 19 msecs (HTTP/1.1 404) 5 headers in 202 bytes (1 switches on core 0)
2026-03-04 02:38:52.492 8 INFO placement.requestlog [None req-58937b6d-0ca2-4742-8f1f-ab0550cb0fb4 c8e00f140ab44230b0d9846e7a578130 dd686b50121a4c0a817926c2ff70327f - - dea0e16e88e94558a77c09a08434e0d0 dea0e16e88e94558a77c09a08434e0d0] 10.0.0.148 "DELETE /resource_providers/ccb894c9-6444-43e1-bbd5-326bcc33503a" status: 404 len: 246 microversion: 1.1
2026-03-04 02:38:52.493 7 INFO placement.requestlog [None req-eede0624-0e22-4cd1-ae37-be23133a5b44 c8e00f140ab44230b0d9846e7a578130 dd686b50121a4c0a817926c2ff70327f - - dea0e16e88e94558a77c09a08434e0d0 dea0e16e88e94558a77c09a08434e0d0] 10.0.0.148 "GET /resource_providers/ccb894c9-6444-43e1-bbd5-326bcc33503a/aggregates" status: 404 len: 235 microversion: 1.1 [pid: 7|app: 0|req: 665/1329] 10.0.0.148 () {32 vars in 816 bytes} [Wed Mar 4 02:38:52 2026] GET /resource_providers/ccb894c9-6444-43e1-bbd5-326bcc33503a/aggregates => generated 235 bytes in 21 msecs (HTTP/1.1 404) 5 headers in 202 bytes (1 switches on core 0) [pid: 8|app: 0|req: 665/1330] 10.0.0.148 () {34 vars in 816 bytes} [Wed Mar 4 02:38:52 2026] DELETE /resource_providers/ccb894c9-6444-43e1-bbd5-326bcc33503a => generated 246 bytes in 16 msecs (HTTP/1.1 404) 6 headers in 231 bytes (1 switches on core 0)
2026-03-04 02:38:52.510 7 INFO placement.requestlog [None req-c5bbe5fd-55a2-4924-bfb4-fc89dbf979de c8e00f140ab44230b0d9846e7a578130 dd686b50121a4c0a817926c2ff70327f - - dea0e16e88e94558a77c09a08434e0d0 dea0e16e88e94558a77c09a08434e0d0] 10.0.0.148 "DELETE /resource_providers/ccb894c9-6444-43e1-bbd5-326bcc33503a" status: 404 len: 246 microversion: 1.1 [pid: 7|app: 0|req: 666/1331] 10.0.0.148 () {34 vars in 816 bytes} [Wed Mar 4 02:38:52 2026] DELETE /resource_providers/ccb894c9-6444-43e1-bbd5-326bcc33503a => generated 246 bytes in 8 msecs (HTTP/1.1 404) 6 headers in 231 bytes (1 switches on core 0)
2026-03-04 02:38:55.339 8 INFO placement.requestlog [None req-ffac446f-dfc0-4a1c-858d-6f9926c74a13 c8e00f140ab44230b0d9846e7a578130 dd686b50121a4c0a817926c2ff70327f - - dea0e16e88e94558a77c09a08434e0d0 dea0e16e88e94558a77c09a08434e0d0] 10.0.0.148 "GET /resource_providers/0794f071-fef6-460a-8f65-2f2d17ad615e/aggregates" status: 404 len: 235 microversion: 1.1 [pid: 8|app: 0|req: 666/1332] 10.0.0.148 () {32 vars in 816 bytes} [Wed Mar 4 02:38:55 2026] GET /resource_providers/0794f071-fef6-460a-8f65-2f2d17ad615e/aggregates => generated 235 bytes in 13 msecs (HTTP/1.1 404) 5 headers in 202 bytes (1 switches on core 0)
2026-03-04 02:38:55.340 7 INFO placement.requestlog [None req-9765fe22-b623-4639-bfe9-6530d905c271 c8e00f140ab44230b0d9846e7a578130 dd686b50121a4c0a817926c2ff70327f - - dea0e16e88e94558a77c09a08434e0d0 dea0e16e88e94558a77c09a08434e0d0] 10.0.0.148 "GET /resource_providers/0794f071-fef6-460a-8f65-2f2d17ad615e/aggregates" status: 404 len: 235 microversion: 1.1 [pid: 7|app: 0|req: 667/1333] 10.0.0.148 () {32 vars in 816 bytes} [Wed Mar 4 02:38:55 2026] GET /resource_providers/0794f071-fef6-460a-8f65-2f2d17ad615e/aggregates => generated 235 bytes in 13 msecs (HTTP/1.1 404) 5 headers in 202 bytes (1 switches on core 0)
2026-03-04 02:38:55.351 8 INFO placement.requestlog [None req-48086fbe-2a09-40cf-8a5b-361a3dd46888 c8e00f140ab44230b0d9846e7a578130 dd686b50121a4c0a817926c2ff70327f - - dea0e16e88e94558a77c09a08434e0d0 dea0e16e88e94558a77c09a08434e0d0] 10.0.0.148 "DELETE /resource_providers/0794f071-fef6-460a-8f65-2f2d17ad615e" status: 404 len: 246 microversion: 1.1 [pid: 8|app: 0|req: 667/1334] 10.0.0.148 () {34 vars in 816 bytes} [Wed Mar 4 02:38:55 2026] DELETE /resource_providers/0794f071-fef6-460a-8f65-2f2d17ad615e => generated 246 bytes in 7 msecs (HTTP/1.1 404) 6 headers in 231 bytes (1 switches on core 0)
2026-03-04 02:38:55.368 7 INFO placement.requestlog [None req-01531544-7c4a-4fb0-a538-62bda115f106 c8e00f140ab44230b0d9846e7a578130 dd686b50121a4c0a817926c2ff70327f - - dea0e16e88e94558a77c09a08434e0d0 dea0e16e88e94558a77c09a08434e0d0] 10.0.0.148 "DELETE /resource_providers/0794f071-fef6-460a-8f65-2f2d17ad615e" status: 404 len: 246 microversion: 1.1 [pid: 7|app: 0|req: 668/1335] 10.0.0.148 () {34 vars in 816 bytes} [Wed Mar 4 02:38:55 2026] DELETE /resource_providers/0794f071-fef6-460a-8f65-2f2d17ad615e => generated 246 bytes in 19 msecs (HTTP/1.1 404) 6 headers in 231 bytes (1 switches on core 0)
2026-03-04 02:38:56.794 8 INFO placement.requestlog [None req-7900a965-6ad4-4690-b045-a599adc57362 - - - - - -] 10.0.0.16 "GET /" status: 200 len: 136 microversion: 1.0
2026-03-04 02:38:56.794 7 INFO placement.requestlog [None req-c510234d-9e1a-477f-9c72-e652998e4d5a - - - - - -] 10.0.0.16 "GET /" status: 200 len: 136 microversion: 1.0
2026-03-04 02:39:02.607 8 INFO placement.requestlog [req-aa6f9001-fe36-475d-af01-d191eb4bf21c req-17de02e1-e010-4169-ae75-f340752acbc2 7511a8045c364cef8d3670a25459c9f8 dd686b50121a4c0a817926c2ff70327f - - dea0e16e88e94558a77c09a08434e0d0 dea0e16e88e94558a77c09a08434e0d0] 199.204.45.156 "GET /resource_providers/57d813e0-b14b-4035-a2b8-d4974984605f/allocations" status: 200 len: 55 microversion: 1.0 [pid: 8|app: 0|req: 669/1338] 199.204.45.156 () {32 vars in 857 bytes} [Wed Mar 4 02:39:02 2026] GET /resource_providers/57d813e0-b14b-4035-a2b8-d4974984605f/allocations => generated 55 bytes in 15 msecs (HTTP/1.1 200) 6 headers in 223 bytes (1 switches on core 0)
2026-03-04 02:39:02.628 7 INFO placement.requestlog [req-aa6f9001-fe36-475d-af01-d191eb4bf21c req-85975e56-3908-4daa-b054-b45ded45915b 7511a8045c364cef8d3670a25459c9f8 dd686b50121a4c0a817926c2ff70327f - - dea0e16e88e94558a77c09a08434e0d0 dea0e16e88e94558a77c09a08434e0d0] 199.204.45.156 "GET /resource_providers/57d813e0-b14b-4035-a2b8-d4974984605f/allocations" status: 200 len: 55 microversion: 1.0 [pid: 7|app: 0|req: 670/1339] 199.204.45.156 () {32 vars in 857 bytes} [Wed Mar 4 02:39:02 2026] GET /resource_providers/57d813e0-b14b-4035-a2b8-d4974984605f/allocations => generated 55 bytes in 13 msecs (HTTP/1.1 200) 6 headers in 223 bytes (1 switches on core 0)
2026-03-04 02:39:06.793 8 INFO placement.requestlog [None req-998cdded-cbe5-4d54-9196-c64e63c3e9ee - - - - - -] 10.0.0.16 "GET /" status: 200 len: 136 microversion: 1.0
2026-03-04 02:39:06.794 7 INFO placement.requestlog [None req-d0486b00-f80f-4e3c-a060-2e2217881a89 - - - - - -] 10.0.0.16 "GET /" status: 200 len: 136 microversion: 1.0
2026-03-04 02:39:16.794 8 INFO placement.requestlog [None req-44edd1c7-4f4e-43f0-a87c-c2eebf37d3b5 - - - - - -] 10.0.0.16 "GET /" status: 200 len: 136 microversion: 1.0
2026-03-04 02:39:16.794 7 INFO placement.requestlog [None req-68dc6f11-0760-420b-a0ac-d8416d2e88fa - - - - - -] 10.0.0.16 "GET /" status: 200 len: 136 microversion: 1.0
2026-03-04 02:39:17.577 8 INFO placement.requestlog [None req-a808012e-014d-4b4b-a642-1bfe26f6d77f c8e00f140ab44230b0d9846e7a578130 dd686b50121a4c0a817926c2ff70327f - - dea0e16e88e94558a77c09a08434e0d0 dea0e16e88e94558a77c09a08434e0d0] 10.0.0.148 "GET /resource_providers/cc1e1615-bc35-4e26-bfcf-044662866223/aggregates" status: 404 len: 235 microversion: 1.1 [pid: 8|app: 0|req: 672/1344] 10.0.0.148 () {32 vars in 816 bytes} [Wed Mar 4 02:39:17 2026] GET /resource_providers/cc1e1615-bc35-4e26-bfcf-044662866223/aggregates => generated 235 bytes in 12 msecs (HTTP/1.1 404) 5 headers in 202 bytes (1 switches on core 0)
2026-03-04 02:39:17.585 7 INFO placement.requestlog [None req-9aa8cedc-0925-4811-89b2-bcaf4cf58387 c8e00f140ab44230b0d9846e7a578130 dd686b50121a4c0a817926c2ff70327f - - dea0e16e88e94558a77c09a08434e0d0 dea0e16e88e94558a77c09a08434e0d0] 10.0.0.148 "GET /resource_providers/cc1e1615-bc35-4e26-bfcf-044662866223/aggregates" status: 404 len: 235 microversion: 1.1 [pid: 7|app: 0|req: 673/1345] 10.0.0.148 () {32 vars in 816 bytes} [Wed Mar 4 02:39:17 2026] GET /resource_providers/cc1e1615-bc35-4e26-bfcf-044662866223/aggregates => generated 235 bytes in 18 msecs (HTTP/1.1 404) 5 headers in 202 bytes (1 switches on core 0)
2026-03-04 02:39:17.595 8 INFO placement.requestlog [None req-fb920245-293d-49fa-a312-b1a868a79040 c8e00f140ab44230b0d9846e7a578130 dd686b50121a4c0a817926c2ff70327f - - dea0e16e88e94558a77c09a08434e0d0 dea0e16e88e94558a77c09a08434e0d0] 10.0.0.148 "DELETE /resource_providers/cc1e1615-bc35-4e26-bfcf-044662866223" status: 404 len: 246 microversion: 1.1 [pid: 8|app: 0|req: 673/1346] 10.0.0.148 () {34 vars in 816 bytes} [Wed Mar 4 02:39:17 2026] DELETE /resource_providers/cc1e1615-bc35-4e26-bfcf-044662866223 => generated 246 bytes in 10 msecs (HTTP/1.1 404) 6 headers in 231 bytes (1 switches on core 0)
2026-03-04 02:39:17.599 7 INFO placement.requestlog [None req-28f3d18d-ff43-4ea6-bab0-b4800c9774f3 c8e00f140ab44230b0d9846e7a578130 dd686b50121a4c0a817926c2ff70327f - - dea0e16e88e94558a77c09a08434e0d0 dea0e16e88e94558a77c09a08434e0d0] 10.0.0.148 "DELETE /resource_providers/cc1e1615-bc35-4e26-bfcf-044662866223" status: 404 len: 246 microversion: 1.1 [pid: 7|app: 0|req: 674/1347] 10.0.0.148 () {34 vars in 816 bytes} [Wed Mar 4 02:39:17 2026] DELETE /resource_providers/cc1e1615-bc35-4e26-bfcf-044662866223 => generated 246 bytes in 9 msecs (HTTP/1.1 404) 6 headers in 231 bytes (1 switches on core 0)
2026-03-04 02:39:21.470 8 INFO placement.requestlog [None req-340885c9-67e0-4161-b108-c9f6c9a2f9c0 786a3fb7579e44b898d241bad8603ecc bae048e36bbd43aa9fc448e37232b1ef - - default default] 10.0.0.236 "GET /resource_providers" status: 200 len: 406 microversion: 1.0 [pid: 8|app: 0|req: 674/1348] 10.0.0.236 () {28 vars in 593 bytes} [Wed Mar 4 02:39:21 2026] GET /resource_providers => generated 406 bytes in 145 msecs (HTTP/1.1 200) 6 headers in 224 bytes (1 switches on core 0)
2026-03-04 02:39:21.493 7 INFO placement.requestlog [None req-fed9cf40-e7a7-4808-95d2-ac13e38982a6 786a3fb7579e44b898d241bad8603ecc bae048e36bbd43aa9fc448e37232b1ef - - default default] 10.0.0.236 "GET /resource_providers/57d813e0-b14b-4035-a2b8-d4974984605f/inventories" status: 200 len: 401 microversion: 1.0 [pid: 7|app: 0|req: 675/1349] 10.0.0.236 () {28 vars in 691 bytes} [Wed Mar 4 02:39:21 2026] GET /resource_providers/57d813e0-b14b-4035-a2b8-d4974984605f/inventories => generated 401 bytes in 19 msecs (HTTP/1.1 200) 6 headers in 224 bytes (1 switches on core 0)
2026-03-04 02:39:21.511 8 INFO placement.requestlog [None req-a75f2b39-e756-474f-940b-321c9d3e9ccf 786a3fb7579e44b898d241bad8603ecc bae048e36bbd43aa9fc448e37232b1ef - - default default] 10.0.0.236 "GET /resource_providers/57d813e0-b14b-4035-a2b8-d4974984605f/usages" status: 200 len: 89 microversion: 1.0 [pid: 8|app: 0|req: 675/1350] 10.0.0.236 () {28 vars in 681 bytes} [Wed Mar 4 02:39:21 2026] GET /resource_providers/57d813e0-b14b-4035-a2b8-d4974984605f/usages => generated 89 bytes in 14 msecs (HTTP/1.1 200) 6 headers in 223 bytes (1 switches on core 0)
2026-03-04 02:39:26.793 7 INFO placement.requestlog [None req-397961a0-fcb9-4268-8156-19ee46b13518 - - - - - -] 10.0.0.16 "GET /" status: 200 len: 136 microversion: 1.0
2026-03-04 02:39:26.794 8 INFO placement.requestlog [None req-bbed15a6-8300-4458-bc4f-eda4e166585d - - - - - -] 10.0.0.16 "GET /" status: 200 len: 136 microversion: 1.0
2026-03-04 02:39:31.057 8 INFO placement.requestlog [None req-ba230f40-8ada-4ccf-99bd-c70ce10ea32a c8e00f140ab44230b0d9846e7a578130 dd686b50121a4c0a817926c2ff70327f - - dea0e16e88e94558a77c09a08434e0d0 dea0e16e88e94558a77c09a08434e0d0] 10.0.0.148 "GET /resource_providers/47c7ae73-ac2c-4416-9f15-980af9ffd00b/aggregates" status: 404 len: 235 microversion: 1.1 [pid: 8|app: 0|req: 677/1353] 10.0.0.148 () {32 vars in 816 bytes} [Wed Mar 4 02:39:30 2026] GET /resource_providers/47c7ae73-ac2c-4416-9f15-980af9ffd00b/aggregates => generated 235 bytes in 108 msecs (HTTP/1.1 404) 5 headers in 202 bytes (1 switches on core 0)
2026-03-04 02:39:31.060 7 INFO placement.requestlog [None req-08d7f6d2-411a-4991-9d95-0f36c01b2227 c8e00f140ab44230b0d9846e7a578130 dd686b50121a4c0a817926c2ff70327f - - dea0e16e88e94558a77c09a08434e0d0 dea0e16e88e94558a77c09a08434e0d0] 10.0.0.148 "GET /resource_providers/47c7ae73-ac2c-4416-9f15-980af9ffd00b/aggregates" status: 404 len: 235 microversion: 1.1 [pid: 7|app: 0|req: 677/1354] 10.0.0.148 () {32 vars in 816 bytes} [Wed Mar 4 02:39:30 2026] GET /resource_providers/47c7ae73-ac2c-4416-9f15-980af9ffd00b/aggregates => generated 235 bytes in 111 msecs (HTTP/1.1 404) 5 headers in 202 bytes (1 switches on core 0)
2026-03-04 02:39:31.877 8 INFO placement.requestlog [None req-a1621d93-01e7-4b8a-8a54-3168992dea18 c8e00f140ab44230b0d9846e7a578130 dd686b50121a4c0a817926c2ff70327f - - dea0e16e88e94558a77c09a08434e0d0 dea0e16e88e94558a77c09a08434e0d0] 10.0.0.148 "DELETE /resource_providers/47c7ae73-ac2c-4416-9f15-980af9ffd00b" status: 404 len: 246 microversion: 1.1 [pid: 8|app: 0|req: 678/1355] 10.0.0.148 () {34 vars in 816 bytes} [Wed Mar 4 02:39:31 2026] DELETE /resource_providers/47c7ae73-ac2c-4416-9f15-980af9ffd00b => generated 246 bytes in 9 msecs (HTTP/1.1 404) 6 headers in 231 bytes (1 switches on core 0)
2026-03-04 02:39:31.878 7 INFO placement.requestlog [None req-7d51982a-7552-4305-baac-8e1727e19ecc c8e00f140ab44230b0d9846e7a578130 dd686b50121a4c0a817926c2ff70327f - - dea0e16e88e94558a77c09a08434e0d0 dea0e16e88e94558a77c09a08434e0d0] 10.0.0.148 "DELETE /resource_providers/47c7ae73-ac2c-4416-9f15-980af9ffd00b" status: 404 len: 246 microversion: 1.1 [pid: 7|app: 0|req: 678/1356] 10.0.0.148 () {34 vars in 816 bytes} [Wed Mar 4 02:39:31 2026] DELETE /resource_providers/47c7ae73-ac2c-4416-9f15-980af9ffd00b => generated 246 bytes in 9 msecs (HTTP/1.1 404) 6 headers in 231 bytes (1 switches on core 0)
2026-03-04 02:39:36.794 8 INFO placement.requestlog [None req-aa397b7e-2dfb-4ac7-823e-23cc781ada16 - - - - - -] 10.0.0.16 "GET /" status: 200 len: 136 microversion: 1.0
2026-03-04 02:39:36.794 7 INFO placement.requestlog [None req-8e86d033-63c3-4fe2-988c-fef5b090bd99 - - - - - -] 10.0.0.16 "GET /" status: 200 len: 136 microversion: 1.0
2026-03-04 02:39:42.700 8 INFO placement.requestlog [None req-1ddcea44-1087-4655-8434-68ce4ad61c57 c8e00f140ab44230b0d9846e7a578130 dd686b50121a4c0a817926c2ff70327f - - dea0e16e88e94558a77c09a08434e0d0 dea0e16e88e94558a77c09a08434e0d0] 10.0.0.148 "GET /resource_providers/08d8cedf-f774-4c62-b634-c9a652068e57/aggregates" status: 404 len: 235 microversion: 1.1 [pid: 8|app: 0|req: 680/1359] 10.0.0.148 () {32 vars in 816 bytes} [Wed Mar 4 02:39:42 2026] GET /resource_providers/08d8cedf-f774-4c62-b634-c9a652068e57/aggregates => generated 235 bytes in 11 msecs (HTTP/1.1 404) 5 headers in 202 bytes (1 switches on core 0)
2026-03-04 02:39:42.710 7 INFO placement.requestlog [None req-2951fb34-9bbe-4b67-8425-6ae66a774f9d c8e00f140ab44230b0d9846e7a578130 dd686b50121a4c0a817926c2ff70327f - - dea0e16e88e94558a77c09a08434e0d0 dea0e16e88e94558a77c09a08434e0d0] 10.0.0.148 "GET /resource_providers/08d8cedf-f774-4c62-b634-c9a652068e57/aggregates" status: 404 len: 235 microversion: 1.1 [pid: 7|app: 0|req: 680/1360] 10.0.0.148 () {32 vars in 816 bytes} [Wed Mar 4 02:39:42 2026] GET /resource_providers/08d8cedf-f774-4c62-b634-c9a652068e57/aggregates => generated 235 bytes in 13 msecs (HTTP/1.1 404) 5 headers in 202 bytes (1 switches on core 0)
2026-03-04 02:39:42.717 8 INFO placement.requestlog [None req-f063ba8c-8f50-4a9f-a5ab-eef342f517cf c8e00f140ab44230b0d9846e7a578130 dd686b50121a4c0a817926c2ff70327f - - dea0e16e88e94558a77c09a08434e0d0 dea0e16e88e94558a77c09a08434e0d0] 10.0.0.148 "DELETE /resource_providers/08d8cedf-f774-4c62-b634-c9a652068e57" status: 404 len: 246 microversion: 1.1 [pid: 8|app: 0|req: 681/1361] 10.0.0.148 () {34 vars in 816 bytes} [Wed Mar 4 02:39:42 2026] DELETE /resource_providers/08d8cedf-f774-4c62-b634-c9a652068e57 => generated 246 bytes in 12 msecs (HTTP/1.1 404) 6 headers in 231 bytes (1 switches on core 0)
2026-03-04 02:39:42.724 7 INFO placement.requestlog [None req-3fe23855-f0e0-4647-bf87-99a2dfe84052 c8e00f140ab44230b0d9846e7a578130 dd686b50121a4c0a817926c2ff70327f - - dea0e16e88e94558a77c09a08434e0d0 dea0e16e88e94558a77c09a08434e0d0] 10.0.0.148 "DELETE /resource_providers/08d8cedf-f774-4c62-b634-c9a652068e57" status: 404 len: 246 microversion: 1.1 [pid: 7|app: 0|req: 681/1362] 10.0.0.148 () {34 vars in 816 bytes} [Wed Mar 4 02:39:42 2026] DELETE /resource_providers/08d8cedf-f774-4c62-b634-c9a652068e57 => generated 246 bytes in 9 msecs (HTTP/1.1 404) 6 headers in 231 bytes (1 switches on core 0)
2026-03-04 02:39:46.794 8 INFO placement.requestlog [None req-64e8de45-cef5-4f8d-acf0-52d0200277a1 - - - - - -] 10.0.0.16 "GET /" status: 200 len: 136 microversion: 1.0
2026-03-04 02:39:46.796 7 INFO placement.requestlog [None req-7ecb350c-9892-4f7d-9f5a-4bfe2d1ed0b6 - - - - - -] 10.0.0.16 "GET /" status: 200 len: 136 microversion: 1.0
2026-03-04 02:39:56.794 8 INFO placement.requestlog [None req-9752b06a-98be-4166-bb19-227b711f0331 - - - - - -] 10.0.0.16 "GET /" status: 200 len: 136 microversion: 1.0
2026-03-04 02:39:56.795 7 INFO placement.requestlog [None req-71773570-780c-45c7-88b1-a1e8eeeb9edc - - - - - -] 10.0.0.16 "GET /" status: 200 len: 136 microversion: 1.0
2026-03-04 02:40:04.885 8 INFO placement.requestlog [req-54c4f119-7ca0-4ffc-b2db-ef750dd8fe8d req-be25781f-d339-4cec-8e42-5d97b4d10dad 7511a8045c364cef8d3670a25459c9f8 dd686b50121a4c0a817926c2ff70327f - - dea0e16e88e94558a77c09a08434e0d0 dea0e16e88e94558a77c09a08434e0d0] 199.204.45.156 "GET /resource_providers/57d813e0-b14b-4035-a2b8-d4974984605f/allocations" status: 200 len: 55 microversion: 1.0 [pid: 8|app: 0|req: 684/1367] 199.204.45.156 () {32 vars in 857 bytes} [Wed Mar 4 02:40:04 2026] GET /resource_providers/57d813e0-b14b-4035-a2b8-d4974984605f/allocations => generated 55 bytes in 168 msecs (HTTP/1.1 200) 6 headers in 223 bytes (1 switches on core 0)
2026-03-04 02:40:04.907 7 INFO placement.requestlog [req-54c4f119-7ca0-4ffc-b2db-ef750dd8fe8d req-eb13e85b-c733-4e13-acfd-6547b97c94c3 7511a8045c364cef8d3670a25459c9f8 dd686b50121a4c0a817926c2ff70327f - - dea0e16e88e94558a77c09a08434e0d0 dea0e16e88e94558a77c09a08434e0d0] 199.204.45.156 "GET /resource_providers?in_tree=57d813e0-b14b-4035-a2b8-d4974984605f" status: 200 len: 798 microversion: 1.14 [pid: 7|app: 0|req: 684/1368] 199.204.45.156 () {34 vars in 892 bytes} [Wed Mar 4 02:40:04 2026] GET /resource_providers?in_tree=57d813e0-b14b-4035-a2b8-d4974984605f => generated 798 bytes in 15 msecs (HTTP/1.1 200) 6 headers in 225 bytes (1 switches on core 0)
2026-03-04 02:40:04.932 8 INFO placement.requestlog [req-54c4f119-7ca0-4ffc-b2db-ef750dd8fe8d req-6b03a036-a2a8-4f7b-bcec-c6bc0a59e476 7511a8045c364cef8d3670a25459c9f8 dd686b50121a4c0a817926c2ff70327f - - dea0e16e88e94558a77c09a08434e0d0 dea0e16e88e94558a77c09a08434e0d0] 199.204.45.156 "GET /resource_providers/57d813e0-b14b-4035-a2b8-d4974984605f/inventories" status: 200 len: 401 microversion: 1.0 [pid: 8|app: 0|req: 685/1369] 199.204.45.156 () {32 vars in 857 bytes} [Wed Mar 4 02:40:04 2026] GET /resource_providers/57d813e0-b14b-4035-a2b8-d4974984605f/inventories => generated 401 bytes in 20 msecs (HTTP/1.1 200) 6 headers in 224 bytes (1 switches on core 0)
2026-03-04 02:40:04.961 7 INFO placement.requestlog [req-54c4f119-7ca0-4ffc-b2db-ef750dd8fe8d req-69132d58-fe7d-43a2-9695-2dcf9c3d0e09 7511a8045c364cef8d3670a25459c9f8 dd686b50121a4c0a817926c2ff70327f - - dea0e16e88e94558a77c09a08434e0d0 dea0e16e88e94558a77c09a08434e0d0] 199.204.45.156 "GET /resource_providers/57d813e0-b14b-4035-a2b8-d4974984605f/aggregates" status: 200 len: 54 microversion: 1.19 [pid: 7|app: 0|req: 685/1370] 199.204.45.156 () {34 vars in 899 bytes} [Wed Mar 4 02:40:04 2026] GET /resource_providers/57d813e0-b14b-4035-a2b8-d4974984605f/aggregates => generated 54 bytes in 13 msecs (HTTP/1.1 200) 8 headers in 295 bytes (1 switches on core 0)
2026-03-04 02:40:04.990 8 INFO placement.requestlog [req-54c4f119-7ca0-4ffc-b2db-ef750dd8fe8d req-9bc9d2f5-aacc-42af-9e98-92869af4684d 7511a8045c364cef8d3670a25459c9f8 dd686b50121a4c0a817926c2ff70327f - - dea0e16e88e94558a77c09a08434e0d0 dea0e16e88e94558a77c09a08434e0d0] 199.204.45.156 "GET /resource_providers/57d813e0-b14b-4035-a2b8-d4974984605f/traits" status: 200 len: 1753 microversion: 1.6 [pid: 8|app: 0|req: 686/1371] 199.204.45.156 () {34 vars in 890 bytes} [Wed Mar 4 02:40:04 2026] GET /resource_providers/57d813e0-b14b-4035-a2b8-d4974984605f/traits => generated 1753 bytes in 21 msecs (HTTP/1.1 200) 6 headers in 225 bytes (1 switches on core 0)
2026-03-04 02:40:05.017 7 INFO placement.requestlog [req-54c4f119-7ca0-4ffc-b2db-ef750dd8fe8d req-6d68406f-a26e-4ca6-9f91-ed3464c6a875 7511a8045c364cef8d3670a25459c9f8 dd686b50121a4c0a817926c2ff70327f - - dea0e16e88e94558a77c09a08434e0d0 dea0e16e88e94558a77c09a08434e0d0] 199.204.45.156 "GET /resource_providers/57d813e0-b14b-4035-a2b8-d4974984605f/allocations" status: 200 len: 55 microversion: 1.0 [pid: 7|app: 0|req: 686/1372] 199.204.45.156 () {32 vars in 857 bytes} [Wed Mar 4 02:40:04 2026] GET /resource_providers/57d813e0-b14b-4035-a2b8-d4974984605f/allocations => generated 55 bytes in 19 msecs (HTTP/1.1 200) 6 headers in 223 bytes (1 switches on core 0)
2026-03-04 02:40:06.794 7 INFO placement.requestlog [None req-6e1857f4-4362-46cc-9751-a6b272365d68 - - - - - -] 10.0.0.16 "GET /" status: 200 len: 136 microversion: 1.0
2026-03-04 02:40:06.794 8 INFO placement.requestlog [None req-78b12a44-4fc2-4a57-8d28-c57a77abce97 - - - - - -] 10.0.0.16 "GET /" status: 200 len: 136 microversion: 1.0
2026-03-04 02:40:16.793 8 INFO placement.requestlog [None req-8e045aef-ad34-4c83-8c11-1c3b69068061 - - - - - -] 10.0.0.16 "GET /" status: 200 len: 136 microversion: 1.0
2026-03-04 02:40:16.793 7 INFO placement.requestlog [None req-6aa4bb8a-9cad-40af-96a2-332f74014767 - - - - - -] 10.0.0.16 "GET /" status: 200 len: 136 microversion: 1.0
2026-03-04 02:40:21.151 8 INFO placement.requestlog [None req-bf1794ae-8556-45ae-8548-9ea552e3b06e 786a3fb7579e44b898d241bad8603ecc bae048e36bbd43aa9fc448e37232b1ef - - default default] 10.0.0.236 "GET /resource_providers" status: 200 len: 406 microversion: 1.0 [pid: 8|app: 0|req: 689/1377] 10.0.0.236 () {28 vars in 593 bytes} [Wed Mar 4 02:40:20 2026] GET /resource_providers => generated 406 bytes in 187 msecs (HTTP/1.1 200) 6 headers in 224 bytes (1 switches on core 0)
2026-03-04 02:40:21.190 7 INFO placement.requestlog [None req-58ec81b9-7b64-4a03-86d2-2654d831aca2 786a3fb7579e44b898d241bad8603ecc bae048e36bbd43aa9fc448e37232b1ef - - default default] 10.0.0.236 "GET /resource_providers/57d813e0-b14b-4035-a2b8-d4974984605f/inventories" status: 200 len: 401 microversion: 1.0 [pid: 7|app: 0|req: 689/1378] 10.0.0.236 () {28 vars in 691 bytes} [Wed Mar 4 02:40:21 2026] GET /resource_providers/57d813e0-b14b-4035-a2b8-d4974984605f/inventories => generated 401 bytes in 35 msecs (HTTP/1.1 200) 6 headers in 224 bytes (1 switches on core 0)
2026-03-04 02:40:21.211 8 INFO placement.requestlog [None req-87c66008-3adf-4988-8ee4-8d374fc14673 786a3fb7579e44b898d241bad8603ecc bae048e36bbd43aa9fc448e37232b1ef - - default default] 10.0.0.236 "GET /resource_providers/57d813e0-b14b-4035-a2b8-d4974984605f/usages" status: 200 len: 89 microversion: 1.0 [pid: 8|app: 0|req: 690/1379] 10.0.0.236 () {28 vars in 681 bytes} [Wed Mar 4 02:40:21 2026] GET /resource_providers/57d813e0-b14b-4035-a2b8-d4974984605f/usages => generated 89 bytes in 17 msecs (HTTP/1.1 200) 6 headers in 223 bytes (1 switches on core 0)
2026-03-04 02:40:26.794 7 INFO placement.requestlog [None req-00847940-c42d-4ff4-9d8f-fdba1e8fe05c - - - - - -] 10.0.0.16 "GET /" status: 200 len: 136 microversion: 1.0
2026-03-04 02:40:26.797 8 INFO placement.requestlog [None req-6a3b50d4-e541-4323-838d-57aef3a3c1ff - - - - - -] 10.0.0.16 "GET /" status: 200 len: 136 microversion: 1.0
2026-03-04 02:40:36.798 7 INFO placement.requestlog [None req-6301e6b0-240d-4cb0-8232-4ea10a90f9ee - - - - - -] 10.0.0.16 "GET /" status: 200 len: 136 microversion: 1.0
2026-03-04 02:40:36.799 8 INFO placement.requestlog [None req-d5e35a86-bf3b-44ed-95da-41b72082cb22 - - - - - -] 10.0.0.16 "GET /" status: 200 len: 136 microversion: 1.0
2026-03-04 02:40:46.793 7 INFO placement.requestlog [None req-b938aebf-fcf4-456a-a500-f0ee32efa2a9 - - - - - -] 10.0.0.16 "GET /" status: 200 len: 136 microversion: 1.0
2026-03-04 02:40:46.794 8 INFO placement.requestlog [None req-f5c28c90-bd3a-47d6-bc16-81d1b798f670 - - - - - -] 10.0.0.16 "GET /" status: 200 len: 136 microversion: 1.0
2026-03-04 02:40:56.793 7 INFO placement.requestlog [None req-dde74ca0-b5ec-4f87-b440-559d026ec595 - - - - - -] 10.0.0.16 "GET /" status: 200 len: 136 microversion: 1.0
2026-03-04 02:40:56.794 8 INFO placement.requestlog [None req-9e36ca3d-abf3-4b38-a5d2-5d1c29644101 - - - - - -] 10.0.0.16 "GET /" status: 200 len: 136 microversion: 1.0
2026-03-04 02:41:05.944 7 INFO placement.requestlog [req-1c63cdf7-6391-4038-b25c-961245b26adb req-698959a1-2ea9-44f1-b699-8deabea14ed0 7511a8045c364cef8d3670a25459c9f8 dd686b50121a4c0a817926c2ff70327f - - dea0e16e88e94558a77c09a08434e0d0 dea0e16e88e94558a77c09a08434e0d0] 199.204.45.156 "GET /resource_providers/57d813e0-b14b-4035-a2b8-d4974984605f/allocations" status: 200 len: 55 microversion: 1.0 [pid: 7|app: 0|req: 694/1388] 199.204.45.156 () {32 vars in 857 bytes} [Wed Mar 4 02:41:05 2026] GET /resource_providers/57d813e0-b14b-4035-a2b8-d4974984605f/allocations => generated 55 bytes in 16 msecs (HTTP/1.1 200) 6 headers in 223 bytes (1 switches on core 0)
2026-03-04 02:41:05.970 8 INFO placement.requestlog [req-1c63cdf7-6391-4038-b25c-961245b26adb req-7f78c108-f4da-4de5-95dc-8bce2c9e0393 7511a8045c364cef8d3670a25459c9f8 dd686b50121a4c0a817926c2ff70327f - - dea0e16e88e94558a77c09a08434e0d0 dea0e16e88e94558a77c09a08434e0d0] 199.204.45.156 "GET /resource_providers/57d813e0-b14b-4035-a2b8-d4974984605f/allocations" status: 200 len: 55 microversion: 1.0 [pid: 8|app: 0|req: 695/1389] 199.204.45.156 () {32 vars in 857 bytes} [Wed Mar 4 02:41:05 2026] GET /resource_providers/57d813e0-b14b-4035-a2b8-d4974984605f/allocations => generated 55 bytes in 21 msecs (HTTP/1.1 200) 6 headers in 223 bytes (1 switches on core 0)
2026-03-04 02:41:06.794 7 INFO placement.requestlog [None req-9cd3a024-5dd9-4810-8b7a-718e7c7bb9a1 - - - - - -] 10.0.0.16 "GET /" status: 200 len: 136 microversion: 1.0
2026-03-04 02:41:06.794 8 INFO placement.requestlog [None req-3fea55ee-de10-468a-a844-b9f08cb5b1e0 - - - - - -] 10.0.0.16 "GET /" status: 200 len: 136 microversion: 1.0
2026-03-04 02:41:16.795 7 INFO placement.requestlog [None req-377401bc-c2e5-4bd3-8588-b1a96b5893c4 - - - - - -] 10.0.0.16 "GET /" status: 200 len: 136 microversion: 1.0
2026-03-04 02:41:16.795 8 INFO placement.requestlog [None req-4af23e59-0b91-4a5e-a00b-8544b4cd0533 - - - - - -] 10.0.0.16 "GET /" status: 200 len: 136 microversion: 1.0
2026-03-04 02:41:21.151 7 INFO placement.requestlog [None req-b3ab8f4c-d4b2-4c39-b860-3ff4f00fc13a 786a3fb7579e44b898d241bad8603ecc bae048e36bbd43aa9fc448e37232b1ef - - default default] 10.0.0.236 "GET /resource_providers" status: 200 len: 406 microversion: 1.0 [pid: 7|app: 0|req: 697/1394] 10.0.0.236 () {28 vars in 593 bytes} [Wed Mar 4 02:41:21 2026] GET /resource_providers => generated 406 bytes in 119 msecs (HTTP/1.1 200) 6 headers in 224 bytes (1 switches on core 0)
2026-03-04 02:41:21.184 8 INFO placement.requestlog [None req-271b23d8-f44b-44f7-bb09-231216589e88 786a3fb7579e44b898d241bad8603ecc bae048e36bbd43aa9fc448e37232b1ef - - default default] 10.0.0.236 "GET /resource_providers/57d813e0-b14b-4035-a2b8-d4974984605f/inventories" status: 200 len: 401 microversion: 1.0 [pid: 8|app: 0|req: 698/1395] 10.0.0.236 () {28 vars in 691 bytes} [Wed Mar 4 02:41:21 2026] GET /resource_providers/57d813e0-b14b-4035-a2b8-d4974984605f/inventories => generated 401 bytes in 28 msecs (HTTP/1.1 200) 6 headers in 224 bytes (1 switches on core 0)
2026-03-04 02:41:21.219 7 INFO placement.requestlog [None req-d716016e-4d29-4c96-bbb1-064a0d5635df 786a3fb7579e44b898d241bad8603ecc bae048e36bbd43aa9fc448e37232b1ef - - default default] 10.0.0.236 "GET /resource_providers/57d813e0-b14b-4035-a2b8-d4974984605f/usages" status: 200 len: 89 microversion: 1.0 [pid: 7|app: 0|req: 698/1396] 10.0.0.236 () {28 vars in 681 bytes} [Wed Mar 4 02:41:21 2026] GET /resource_providers/57d813e0-b14b-4035-a2b8-d4974984605f/usages => generated 89 bytes in 31 msecs (HTTP/1.1 200) 6 headers in 223 bytes (1 switches on core 0)
2026-03-04 02:41:26.793 7 INFO placement.requestlog [None req-7a5f8a3d-80d8-40f0-91b6-1419499aff5c - - - - - -] 10.0.0.16 "GET /" status: 200 len: 136 microversion: 1.0
2026-03-04 02:41:26.793 8 INFO placement.requestlog [None req-276d918b-c5ac-453f-a0d5-9134c6e29309 - - - - - -] 10.0.0.16 "GET /" status: 200 len: 136 microversion: 1.0
2026-03-04 02:41:36.794 8 INFO placement.requestlog [None req-b9236595-4359-42f9-a6a8-bad3c8f1610a - - - - - -] 10.0.0.16 "GET /" status: 200 len: 136 microversion: 1.0
2026-03-04 02:41:36.794 7 INFO placement.requestlog [None req-1cec259e-327c-46bd-bbe3-c0c936ea740b - - - - - -] 10.0.0.16 "GET /" status: 200 len: 136 microversion: 1.0
2026-03-04 02:41:46.794 7 INFO placement.requestlog [None req-8edc8e04-b95d-41b0-9905-49e1f5f4cb9e - - - - - -] 10.0.0.16 "GET /" status: 200 len: 136 microversion: 1.0
2026-03-04 02:41:46.794 8 INFO placement.requestlog [None req-fc197725-d0d3-4426-bc0b-f813e209a204 - - - - - -] 10.0.0.16 "GET /" status: 200 len: 136 microversion: 1.0
2026-03-04 02:41:56.794 7 INFO placement.requestlog [None req-32a8b2ed-a238-43b1-9ce8-4ea5460f9936 - - - - - -] 10.0.0.16 "GET /" status: 200 len: 136 microversion: 1.0
2026-03-04 02:41:56.794 8 INFO placement.requestlog [None req-6976ea06-2fcb-42af-bfac-f7d04ab3eada - - - - - -] 10.0.0.16 "GET /" status: 200 len: 136 microversion: 1.0
2026-03-04 02:42:06.760 7 INFO placement.requestlog [req-450a1df0-bd94-42a8-a000-014e74e0d2e1 req-15a88792-7870-4574-a5c8-d0418a157851 7511a8045c364cef8d3670a25459c9f8 dd686b50121a4c0a817926c2ff70327f - - dea0e16e88e94558a77c09a08434e0d0 dea0e16e88e94558a77c09a08434e0d0] 199.204.45.156 "GET /resource_providers/57d813e0-b14b-4035-a2b8-d4974984605f/allocations" status: 200 len: 55 microversion: 1.0 [pid: 7|app: 0|req: 703/1405] 199.204.45.156 () {32 vars in 857 bytes} [Wed Mar 4 02:42:06 2026] GET /resource_providers/57d813e0-b14b-4035-a2b8-d4974984605f/allocations => generated 55 bytes in 12 msecs (HTTP/1.1 200) 6 headers in 223 bytes (1 switches on core 0)
2026-03-04 02:42:06.786 8 INFO placement.requestlog [req-450a1df0-bd94-42a8-a000-014e74e0d2e1 req-b5bc85ba-59c6-48ac-a458-dcd02f9deeea 7511a8045c364cef8d3670a25459c9f8 dd686b50121a4c0a817926c2ff70327f - - dea0e16e88e94558a77c09a08434e0d0 dea0e16e88e94558a77c09a08434e0d0] 199.204.45.156 "GET /resource_providers/57d813e0-b14b-4035-a2b8-d4974984605f/allocations" status: 200 len: 55 microversion: 1.0 [pid: 8|app: 0|req: 703/1406] 199.204.45.156 () {32 vars in 857 bytes} [Wed Mar 4 02:42:06 2026] GET /resource_providers/57d813e0-b14b-4035-a2b8-d4974984605f/allocations => generated 55 bytes in 18 msecs (HTTP/1.1 200) 6 headers in 223 bytes (1 switches on core 0)
2026-03-04 02:42:06.793 7 INFO placement.requestlog [None req-3f7f1842-a7bf-49d0-a8fb-1dd715efd992 - - - - - -] 10.0.0.16 "GET /" status: 200 len: 136 microversion: 1.0
2026-03-04 02:42:06.793 8 INFO placement.requestlog [None req-9d90e2c1-52bd-467f-8527-0f4802141487 - - - - - -] 10.0.0.16 "GET /" status: 200 len: 136 microversion: 1.0
2026-03-04 02:42:16.794 8 INFO placement.requestlog [None req-e7f5c528-a28c-49ed-9151-809dfd78f528 - - - - - -] 10.0.0.16 "GET /" status: 200 len: 136 microversion: 1.0
2026-03-04 02:42:16.794 7 INFO placement.requestlog [None req-6a97d12c-bdaa-416f-ad7c-bcdb15cd644c - - - - - -] 10.0.0.16 "GET /" status: 200 len: 136 microversion: 1.0
2026-03-04 02:42:21.106 8 INFO placement.requestlog [None req-1e4775b7-338c-42c7-a3d5-50a87ce7748d 786a3fb7579e44b898d241bad8603ecc bae048e36bbd43aa9fc448e37232b1ef - - default default] 10.0.0.236 "GET /resource_providers" status: 200 len: 406 microversion: 1.0 [pid: 8|app: 0|req: 706/1411] 10.0.0.236 () {28 vars in 593 bytes} [Wed Mar 4 02:42:21 2026] GET /resource_providers => generated 406 bytes in 84 msecs (HTTP/1.1 200) 6 headers in 224 bytes (1 switches on core 0)
2026-03-04 02:42:21.136 7 INFO placement.requestlog [None req-ca20b41b-2723-43c2-8cf4-b46303bb0665 786a3fb7579e44b898d241bad8603ecc bae048e36bbd43aa9fc448e37232b1ef - - default default] 10.0.0.236 "GET /resource_providers/57d813e0-b14b-4035-a2b8-d4974984605f/inventories" status: 200 len: 401 microversion: 1.0 [pid: 7|app: 0|req: 706/1412] 10.0.0.236 () {28 vars in 691 bytes} [Wed Mar 4 02:42:21 2026] GET /resource_providers/57d813e0-b14b-4035-a2b8-d4974984605f/inventories => generated 401 bytes in 24 msecs (HTTP/1.1 200) 6 headers in 224 bytes (1 switches on core 0)
2026-03-04 02:42:21.160 8 INFO placement.requestlog [None req-49f4094b-2c68-49f4-a27b-9689f2c8be4f 786a3fb7579e44b898d241bad8603ecc bae048e36bbd43aa9fc448e37232b1ef - - default default] 10.0.0.236 "GET /resource_providers/57d813e0-b14b-4035-a2b8-d4974984605f/usages" status: 200 len: 89 microversion: 1.0 [pid: 8|app: 0|req: 707/1413] 10.0.0.236 () {28 vars in 681 bytes} [Wed Mar 4 02:42:21 2026] GET /resource_providers/57d813e0-b14b-4035-a2b8-d4974984605f/usages => generated 89 bytes in 21 msecs (HTTP/1.1 200) 6 headers in 223 bytes (1 switches on core 0)
2026-03-04 02:42:26.794 7 INFO placement.requestlog [None req-d540bd88-cef4-4846-aabb-c33a38cf54fd - - - - - -] 10.0.0.16 "GET /" status: 200 len: 136 microversion: 1.0
2026-03-04 02:42:26.796 8 INFO placement.requestlog [None req-cac7c665-ddc0-459c-8ba0-f51e2cd6d6c1 - - - - - -] 10.0.0.16 "GET /" status: 200 len: 136 microversion: 1.0
2026-03-04 02:42:36.793 7 INFO placement.requestlog [None req-e8a45706-f3eb-4d77-91e6-ea3eae0aa645 - - - - - -] 10.0.0.16 "GET /" status: 200 len: 136 microversion: 1.0
2026-03-04 02:42:36.793 8 INFO placement.requestlog [None req-e6ec57fb-8680-4833-9525-2382d0cdaf9a - - - - - -] 10.0.0.16 "GET /" status: 200 len: 136 microversion: 1.0
2026-03-04 02:42:46.794 7 INFO placement.requestlog [None req-ca148d9e-38a8-4af8-86ab-4e69917bf9c8 - - - - - -] 10.0.0.16 "GET /" status: 200 len: 136 microversion: 1.0
2026-03-04 02:42:46.794 8 INFO placement.requestlog [None req-38dfd140-273d-4e42-852c-eca181e23ee4 - - - - - -] 10.0.0.16 "GET /" status: 200 len: 136 microversion: 1.0
2026-03-04 02:42:56.794 7 INFO placement.requestlog [None req-09b55baf-34a4-4697-8652-ae387678ff79 - - - - - -] 10.0.0.16 "GET /" status: 200 len: 136 microversion: 1.0
2026-03-04 02:42:56.798 8 INFO placement.requestlog [None req-10b6931d-f41e-4f0f-9c3b-d030e2b17b2b - - - - - -] 10.0.0.16 "GET /" status: 200 len: 136 microversion: 1.0
2026-03-04 02:43:06.793 8 INFO placement.requestlog [None req-fcb4c8fb-f053-4c92-b2bc-4d46e479488c - - - - - -] 10.0.0.16 "GET /" status: 200 len: 136 microversion: 1.0
2026-03-04 02:43:06.793 7 INFO placement.requestlog [None req-fc03c556-fe18-41fa-997f-c5b7c2dc9432 - - - - - -] 10.0.0.16 "GET /" status: 200 len: 136 microversion: 1.0
2026-03-04 02:43:08.819 8 INFO placement.requestlog [req-1fd441ca-f478-4e6c-982e-beb76a60b45c req-a70a3e7a-8d24-4b8d-b796-de4c5898b83c 7511a8045c364cef8d3670a25459c9f8 dd686b50121a4c0a817926c2ff70327f - - dea0e16e88e94558a77c09a08434e0d0 dea0e16e88e94558a77c09a08434e0d0] 199.204.45.156 "GET /resource_providers/57d813e0-b14b-4035-a2b8-d4974984605f/allocations" status: 200 len: 55 microversion: 1.0 [pid: 8|app: 0|req: 713/1424] 199.204.45.156 () {32 vars in 857 bytes} [Wed Mar 4 02:43:08 2026] GET /resource_providers/57d813e0-b14b-4035-a2b8-d4974984605f/allocations => generated 55 bytes in 17 msecs (HTTP/1.1 200) 6 headers in 223 bytes (1 switches on core 0)
