2026-03-04 02:32:22.795 10 INFO neutron.plugins.ml2.plugin [None req-3af37b76-02e3-404f-a6f3-db670e395ac2 - - - - - -] Attempt 1 to provision port 962970ed-88aa-44c8-83e4-350b1f5e146c
2026-03-04 02:32:23.450 9 INFO neutron.plugins.ml2.plugin [None req-828c53ec-bd16-45ce-ae5d-06deda998aca - - - - - -] Attempt 1 to provision port 9e93e0cc-7cf3-4b56-a93d-c6cc45970087
2026-03-04 02:32:23.791 9 INFO neutron.plugins.ml2.plugin [None req-91dd01f9-21cf-4758-b132-ed84b1096362 - - - - - -] Attempt 1 to provision port a17a5ebc-af4a-402a-8210-9e3ecf788e59
2026-03-04 02:32:24.950 10 INFO neutron.plugins.ml2.plugin [None req-09f7db5a-79dc-4705-af8f-f6ceae8d539e - - - - - -] Attempt 1 to provision port a17a5ebc-af4a-402a-8210-9e3ecf788e59
2026-03-04 02:32:25.923 9 INFO neutron.plugins.ml2.plugin [None req-c4970bcf-889c-46f3-965f-fc19db6e6261 - - - - - -] Attempt 1 to provision port 5b7f558f-6060-48d5-a8f7-244dcb75d7a3
2026-03-04 02:32:26.562 10 INFO neutron.plugins.ml2.plugin [None req-dd00f358-12de-4c0b-bd30-d47055e2b5c8 - - - - - -] Attempt 1 to provision port 05cc9fa7-72bc-4667-bb8c-fe561ae1539e
2026-03-04 02:32:26.826 9 INFO neutron.plugins.ml2.plugin [None req-3af37b76-02e3-404f-a6f3-db670e395ac2 - - - - - -] Attempt 1 to provision port 05cc9fa7-72bc-4667-bb8c-fe561ae1539e
2026-03-04 02:32:28.783 10 INFO neutron.plugins.ml2.plugin [None req-3af37b76-02e3-404f-a6f3-db670e395ac2 - - - - - -] Attempt 1 to provision port 05cc9fa7-72bc-4667-bb8c-fe561ae1539e
2026-03-04 02:32:29.021 9 INFO neutron.plugins.ml2.plugin [None req-7407a928-b3db-4a57-9990-01163387e847 - - - - - -] Attempt 1 to provision port cd5853f3-ff2b-4729-b373-61a81bf2a8a3
2026-03-04 02:32:29.369 10 INFO neutron.plugins.ml2.plugin [None req-a4c685e4-8d1f-4627-8036-02910c792939 - - - - - -] Attempt 1 to provision port b235e793-96c4-4e28-8ecc-106decf44512
2026-03-04 02:32:29.528 9 INFO neutron.plugins.ml2.plugin [None req-f39bd3ac-46be-404a-af67-c265b9e67be0 - - - - - -] Attempt 1 to provision port cd5853f3-ff2b-4729-b373-61a81bf2a8a3
2026-03-04 02:32:30.799 9 INFO neutron.plugins.ml2.plugin [None req-3af37b76-02e3-404f-a6f3-db670e395ac2 - - - - - -] Attempt 1 to provision port d29d2634-fdaf-493d-9994-bd0eec02f3a7
2026-03-04 02:32:31.369 9 INFO neutron.plugins.ml2.plugin [None req-3af37b76-02e3-404f-a6f3-db670e395ac2 - - - - - -] Attempt 1 to provision port 9e93e0cc-7cf3-4b56-a93d-c6cc45970087
2026-03-04 02:32:31.631 9 INFO neutron.notifiers.nova [-] Nova event matching ['req-f366c0fe-3143-4d85-a7fd-a1e3db9e579c'] response: {'server_uuid': '7859c0bb-54c1-4c8f-aa97-9f0798cc7264', 'name': 'network-vif-plugged', 'status': 'completed', 'tag': '9e93e0cc-7cf3-4b56-a93d-c6cc45970087', 'code': 200}
2026-03-04 02:32:32.859 10 INFO neutron.plugins.ml2.plugin [None req-3af37b76-02e3-404f-a6f3-db670e395ac2 - - - - - -] Attempt 1 to provision port d29d2634-fdaf-493d-9994-bd0eec02f3a7
2026-03-04 02:32:33.206 10 INFO neutron.plugins.ml2.plugin [None req-3af37b76-02e3-404f-a6f3-db670e395ac2 - - - - - -] Attempt 1 to provision port 9e93e0cc-7cf3-4b56-a93d-c6cc45970087
2026-03-04 02:32:34.849 9 INFO neutron.plugins.ml2.plugin [None req-3af37b76-02e3-404f-a6f3-db670e395ac2 - - - - - -] Attempt 1 to provision port da7c00e1-eb91-446e-b66b-1cec6e47ad8e
2026-03-04 02:32:35.385 9 INFO neutron.plugins.ml2.plugin [None req-3af37b76-02e3-404f-a6f3-db670e395ac2 - - - - - -] Attempt 1 to provision port 59f030b4-5507-4a1d-8842-b263f033ff06
2026-03-04 02:32:36.321 10 INFO neutron.plugins.ml2.plugin [None req-2b674d42-10c3-4fc3-80de-34b61b09c523 - - - - - -] Attempt 1 to provision port fbebfb1c-6d6e-4dfe-a3f1-8023aa34d791
2026-03-04 02:32:36.839 9 INFO neutron.plugins.ml2.plugin [None req-3af37b76-02e3-404f-a6f3-db670e395ac2 - - - - - -] Attempt 1 to provision port da7c00e1-eb91-446e-b66b-1cec6e47ad8e
2026-03-04 02:32:37.118 9 INFO neutron.plugins.ml2.plugin [None req-3af37b76-02e3-404f-a6f3-db670e395ac2 - - - - - -] Attempt 1 to provision port fbebfb1c-6d6e-4dfe-a3f1-8023aa34d791
2026-03-04 02:32:37.366 9 INFO neutron.plugins.ml2.plugin [None req-3af37b76-02e3-404f-a6f3-db670e395ac2 - - - - - -] Attempt 1 to provision port 59f030b4-5507-4a1d-8842-b263f033ff06
2026-03-04 02:32:37.419 9 INFO neutron.plugins.ml2.plugin [None req-a770b22d-3dcb-487e-b9d3-fa2f73dbbab4 - - - - - -] Attempt 1 to provision port 00882eba-bfd1-418b-b1bf-b51df3939874
2026-03-04 02:32:38.808 10 INFO neutron.plugins.ml2.plugin [None req-3af37b76-02e3-404f-a6f3-db670e395ac2 - - - - - -] Attempt 1 to provision port fbebfb1c-6d6e-4dfe-a3f1-8023aa34d791
2026-03-04 02:32:39.203 10 INFO neutron.plugins.ml2.plugin [None req-9358ba67-83b3-4c17-965e-7471207da1e9 - - - - - -] Attempt 1 to provision port 00882eba-bfd1-418b-b1bf-b51df3939874
2026-03-04 02:32:40.004 9 INFO neutron.notifiers.nova [-] Nova event matching ['req-434d1ffb-7be4-4465-8f2d-145922db3a0b'] response: {'server_uuid': '7859c0bb-54c1-4c8f-aa97-9f0798cc7264', 'name': 'network-vif-unplugged', 'status': 'completed', 'tag': '9e93e0cc-7cf3-4b56-a93d-c6cc45970087', 'code': 200}
2026-03-04 02:32:40.871 10 INFO neutron.plugins.ml2.plugin [None req-47ab665a-fdde-41a1-bb0c-f383ba89a7e8 - - - - - -] Attempt 1 to provision port e8126075-f826-4108-90e2-f8a08adad42f
2026-03-04 02:32:45.190 10 INFO neutron.plugins.ml2.plugin [None req-3af37b76-02e3-404f-a6f3-db670e395ac2 - - - - - -] Attempt 1 to provision port 5b7f558f-6060-48d5-a8f7-244dcb75d7a3
2026-03-04 02:32:45.573 10 INFO neutron.plugins.ml2.plugin [None req-3af37b76-02e3-404f-a6f3-db670e395ac2 - - - - - -] Attempt 1 to provision port cd5853f3-ff2b-4729-b373-61a81bf2a8a3
2026-03-04 02:32:45.893 10 INFO neutron.plugins.ml2.plugin [None req-3af37b76-02e3-404f-a6f3-db670e395ac2 - - - - - -] Attempt 1 to provision port e8126075-f826-4108-90e2-f8a08adad42f
2026-03-04 02:32:46.028 10 INFO neutron.notifiers.nova [-] Nova event matching ['req-4e63c6cb-410d-4a0a-9f75-4d04e178cdbb'] response: {'server_uuid': '82201375-8533-4ebf-b124-38cc38aa8b28', 'name': 'network-vif-plugged', 'status': 'completed', 'tag': 'e8126075-f826-4108-90e2-f8a08adad42f', 'code': 200} /var/lib/openstack/lib/python3.10/site-packages/oslo_db/sqlalchemy/enginefacade.py:664: SAWarning: DELETE statement on table 'portsecuritybindings' expected to delete 1 row(s); 0 were matched. Please set confirm_deleted_rows=False within the mapper configuration to prevent this warning. self.session.flush() /var/lib/openstack/lib/python3.10/site-packages/oslo_db/sqlalchemy/enginefacade.py:664: SAWarning: DELETE statement on table 'ml2_port_bindings' expected to delete 1 row(s); 0 were matched. Please set confirm_deleted_rows=False within the mapper configuration to prevent this warning. self.session.flush() /var/lib/openstack/lib/python3.10/site-packages/oslo_db/sqlalchemy/enginefacade.py:664: SAWarning: DELETE statement on table 'ml2_port_binding_levels' expected to delete 1 row(s); 0 were matched. Please set confirm_deleted_rows=False within the mapper configuration to prevent this warning. self.session.flush() /var/lib/openstack/lib/python3.10/site-packages/oslo_db/sqlalchemy/enginefacade.py:664: SAWarning: DELETE statement on table 'ports' expected to delete 1 row(s); 0 were matched. Please set confirm_deleted_rows=False within the mapper configuration to prevent this warning. self.session.flush()
2026-03-04 02:32:46.878 9 INFO neutron.plugins.ml2.plugin [None req-3af37b76-02e3-404f-a6f3-db670e395ac2 - - - - - -] Attempt 1 to provision port 5b7f558f-6060-48d5-a8f7-244dcb75d7a3
2026-03-04 02:32:47.110 9 INFO neutron.plugins.ml2.plugin [None req-3af37b76-02e3-404f-a6f3-db670e395ac2 - - - - - -] Attempt 1 to provision port cd5853f3-ff2b-4729-b373-61a81bf2a8a3
2026-03-04 02:32:47.405 9 INFO neutron.plugins.ml2.plugin [None req-3af37b76-02e3-404f-a6f3-db670e395ac2 - - - - - -] Attempt 1 to provision port e8126075-f826-4108-90e2-f8a08adad42f
2026-03-04 02:32:48.282 10 INFO neutron.plugins.ml2.plugin [None req-f90f704f-491e-4c50-8134-118d070d81f7 - - - - - -] Attempt 1 to provision port cf8b6dde-cfc8-448d-a0b0-59edccd75ab6
2026-03-04 02:32:48.811 10 INFO neutron.plugins.ml2.plugin [None req-3af37b76-02e3-404f-a6f3-db670e395ac2 - - - - - -] Attempt 1 to provision port cf8b6dde-cfc8-448d-a0b0-59edccd75ab6
2026-03-04 02:32:49.064 10 INFO neutron.plugins.ml2.plugin [None req-0b278bce-8f63-4bc1-9003-492d518ec773 - - - - - -] Attempt 1 to provision port b76e1413-c6c4-4b10-ae97-01419156a78a
2026-03-04 02:32:49.730 10 INFO neutron.plugins.ml2.plugin [None req-0587ac41-938f-43dd-b1cd-29e58ac50b53 - - - - - -] Attempt 1 to provision port b76e1413-c6c4-4b10-ae97-01419156a78a /var/lib/openstack/lib/python3.10/site-packages/oslo_db/sqlalchemy/enginefacade.py:664: SAWarning: DELETE statement on table 'portsecuritybindings' expected to delete 1 row(s); 0 were matched. Please set confirm_deleted_rows=False within the mapper configuration to prevent this warning. self.session.flush() /var/lib/openstack/lib/python3.10/site-packages/oslo_db/sqlalchemy/enginefacade.py:664: SAWarning: DELETE statement on table 'ml2_port_bindings' expected to delete 1 row(s); 0 were matched. Please set confirm_deleted_rows=False within the mapper configuration to prevent this warning. self.session.flush() /var/lib/openstack/lib/python3.10/site-packages/oslo_db/sqlalchemy/enginefacade.py:664: SAWarning: DELETE statement on table 'ml2_port_binding_levels' expected to delete 1 row(s); 0 were matched. Please set confirm_deleted_rows=False within the mapper configuration to prevent this warning. self.session.flush() /var/lib/openstack/lib/python3.10/site-packages/oslo_db/sqlalchemy/enginefacade.py:664: SAWarning: DELETE statement on table 'ports' expected to delete 1 row(s); 0 were matched. Please set confirm_deleted_rows=False within the mapper configuration to prevent this warning. self.session.flush()
2026-03-04 02:32:54.216 9 INFO neutron.plugins.ml2.plugin [None req-505c572a-dc6f-4c9d-9f74-1ee0bb941f11 - - - - - -] Attempt 1 to provision port fa99eb13-4f6f-4eae-abeb-3b7100d181b8
2026-03-04 02:33:04.802 9 INFO neutron.notifiers.nova [-] Nova event matching ['req-7f8f7dda-977d-467a-9158-5ae0d4a383af'] response: {'server_uuid': '82201375-8533-4ebf-b124-38cc38aa8b28', 'name': 'network-vif-unplugged', 'status': 'completed', 'tag': 'e8126075-f826-4108-90e2-f8a08adad42f', 'code': 200}
2026-03-04 02:33:05.407 9 INFO neutron.plugins.ml2.plugin [None req-3af37b76-02e3-404f-a6f3-db670e395ac2 - - - - - -] Attempt 1 to provision port e8126075-f826-4108-90e2-f8a08adad42f
2026-03-04 02:33:06.766 10 INFO neutron.plugins.ml2.plugin [None req-3af37b76-02e3-404f-a6f3-db670e395ac2 - - - - - -] Attempt 1 to provision port e8126075-f826-4108-90e2-f8a08adad42f
2026-03-04 02:33:06.844 9 INFO neutron.notifiers.nova [-] Nova event matching ['req-794387ac-6bd2-47f8-87c3-d6b61f1549e6'] response: {'server_uuid': '82201375-8533-4ebf-b124-38cc38aa8b28', 'name': 'network-vif-plugged', 'status': 'completed', 'tag': 'e8126075-f826-4108-90e2-f8a08adad42f', 'code': 200}
2026-03-04 02:33:12.855 9 INFO neutron.plugins.ml2.plugin [None req-3af37b76-02e3-404f-a6f3-db670e395ac2 - - - - - -] Attempt 1 to provision port 61c85995-cee1-4062-912f-fc38a1ccaf23
2026-03-04 02:33:18.799 10 INFO neutron.plugins.ml2.plugin [None req-3af37b76-02e3-404f-a6f3-db670e395ac2 - - - - - -] Attempt 1 to provision port 34f0e0ae-de29-4c82-a820-f3446fec6b1b
2026-03-04 02:33:19.153 10 INFO neutron.plugins.ml2.plugin [None req-c62aa8ec-7ed6-4015-8f96-72c58ced675f - - - - - -] Attempt 1 to provision port 34f0e0ae-de29-4c82-a820-f3446fec6b1b
2026-03-04 02:33:26.864 10 INFO neutron.plugins.ml2.plugin [None req-3af37b76-02e3-404f-a6f3-db670e395ac2 - - - - - -] Attempt 1 to provision port 8f777c82-f952-4c89-b258-d3789e9adef8
2026-03-04 02:33:27.131 9 INFO neutron.plugins.ml2.plugin [None req-b914547d-ff1a-4dc3-9a02-df56ee19df7c - - - - - -] Attempt 1 to provision port 3f5def78-74dd-4c0f-8161-396533a7f940
2026-03-04 02:33:27.503 10 INFO neutron.plugins.ml2.plugin [None req-3af37b76-02e3-404f-a6f3-db670e395ac2 - - - - - -] Attempt 1 to provision port 3f5def78-74dd-4c0f-8161-396533a7f940
2026-03-04 02:33:27.572 9 INFO neutron.plugins.ml2.plugin [None req-2a478a3a-4a17-4f59-b920-2591290a8cc7 - - - - - -] Attempt 1 to provision port 8f777c82-f952-4c89-b258-d3789e9adef8
2026-03-04 02:33:28.357 9 INFO neutron.plugins.ml2.plugin [None req-27f87f03-8ad7-4cae-8b36-7e19672a5278 - - - - - -] Attempt 1 to provision port f3fe5445-8ffe-4528-903e-dfa4e6135082
2026-03-04 02:33:28.813 10 INFO neutron.plugins.ml2.plugin [None req-3af37b76-02e3-404f-a6f3-db670e395ac2 - - - - - -] Attempt 1 to provision port 8f777c82-f952-4c89-b258-d3789e9adef8
2026-03-04 02:33:29.023 9 INFO neutron.plugins.ml2.plugin [None req-9dcab75b-7df9-4018-bbda-2ddf270ab734 - - - - - -] Attempt 1 to provision port f3fe5445-8ffe-4528-903e-dfa4e6135082
2026-03-04 02:33:29.121 10 INFO neutron.plugins.ml2.plugin [None req-3af37b76-02e3-404f-a6f3-db670e395ac2 - - - - - -] Attempt 1 to provision port 3f5def78-74dd-4c0f-8161-396533a7f940
2026-03-04 02:33:29.980 10 INFO neutron.plugins.ml2.plugin [None req-81f4f37c-8209-4e2b-b086-cc5b98beb16d - - - - - -] Attempt 1 to provision port 931cc6ee-6c4b-4c39-b964-80403255def7
2026-03-04 02:33:30.532 10 INFO neutron.plugins.ml2.plugin [None req-1d95763b-3566-420e-a1eb-29c59ee6729b - - - - - -] Attempt 1 to provision port 931cc6ee-6c4b-4c39-b964-80403255def7
2026-03-04 02:33:32.188 9 INFO neutron.plugins.ml2.plugin [None req-22ba7e1a-4e7b-4e27-8084-f2209f96d4c2 - - - - - -] Attempt 1 to provision port 2e62122a-1c84-4b61-887f-65f18ed1bcfe
2026-03-04 02:33:32.736 9 INFO neutron.plugins.ml2.plugin [None req-dce7f8d0-270c-4ea7-9c19-c0a70f2fcdf8 - - - - - -] Attempt 1 to provision port 5c2585f8-1ea3-418f-b8c3-33e0e248f876
2026-03-04 02:33:32.815 10 INFO neutron.plugins.ml2.plugin [None req-3af37b76-02e3-404f-a6f3-db670e395ac2 - - - - - -] Attempt 1 to provision port 5c2585f8-1ea3-418f-b8c3-33e0e248f876
2026-03-04 02:33:34.842 10 INFO neutron.plugins.ml2.plugin [None req-3af37b76-02e3-404f-a6f3-db670e395ac2 - - - - - -] Attempt 1 to provision port 5c2585f8-1ea3-418f-b8c3-33e0e248f876
2026-03-04 02:33:35.022 10 INFO neutron.plugins.ml2.plugin [None req-02449663-a980-47c4-86f5-7810e964eacf - - - - - -] Attempt 1 to provision port 829b89e7-96eb-4a0b-b9e4-b67f3e59100a
2026-03-04 02:33:35.696 9 INFO neutron.plugins.ml2.plugin [None req-e43cf7dc-188d-40f9-96c3-bb1ed2cfba90 - - - - - -] Attempt 1 to provision port 829b89e7-96eb-4a0b-b9e4-b67f3e59100a
2026-03-04 02:33:36.909 9 INFO neutron.plugins.ml2.plugin [None req-3af37b76-02e3-404f-a6f3-db670e395ac2 - - - - - -] Attempt 1 to provision port f78d17d2-7386-49c7-81c4-8c994e3b8305
2026-03-04 02:33:38.486 9 INFO neutron.plugins.ml2.plugin [None req-73df814d-6cf5-4746-b89b-e2bc670f59b7 - - - - - -] Attempt 1 to provision port e56e46cf-9828-449d-a50f-4b0ac03e6d85
2026-03-04 02:33:38.953 9 INFO neutron.plugins.ml2.plugin [None req-3af37b76-02e3-404f-a6f3-db670e395ac2 - - - - - -] Attempt 1 to provision port f78d17d2-7386-49c7-81c4-8c994e3b8305
2026-03-04 02:33:39.145 10 INFO neutron.plugins.ml2.plugin [None req-2a0882a2-18b4-43ca-9cc2-71340eba6dbb - - - - - -] Attempt 1 to provision port 5aaa0ba2-f6ed-4ff1-b97e-3a409d05f507
2026-03-04 02:33:39.235 9 INFO neutron.plugins.ml2.plugin [None req-3af37b76-02e3-404f-a6f3-db670e395ac2 - - - - - -] Attempt 1 to provision port e56e46cf-9828-449d-a50f-4b0ac03e6d85
2026-03-04 02:33:39.898 9 INFO neutron.plugins.ml2.plugin [None req-8961b3a2-9185-44d9-b470-c20e9fc8c4c1 - - - - - -] Attempt 1 to provision port b04feb1e-8a3a-4195-883e-44d20bd54918
2026-03-04 02:33:40.896 10 INFO neutron.plugins.ml2.plugin [None req-3af37b76-02e3-404f-a6f3-db670e395ac2 - - - - - -] Attempt 1 to provision port e56e46cf-9828-449d-a50f-4b0ac03e6d85
2026-03-04 02:33:41.055 9 INFO neutron.plugins.ml2.plugin [None req-bbe4f4ca-0ba3-41e1-b589-c25923b71aa6 - - - - - -] Attempt 1 to provision port b04feb1e-8a3a-4195-883e-44d20bd54918
2026-03-04 02:33:42.922 10 INFO neutron.plugins.ml2.plugin [None req-3af37b76-02e3-404f-a6f3-db670e395ac2 - - - - - -] Attempt 1 to provision port cf2b2fef-2644-4981-a0f6-b1ad2d965ab4
2026-03-04 02:33:43.528 10 INFO neutron.plugins.ml2.plugin [None req-332ee950-4b27-4f8c-8c58-d289f578961d - - - - - -] Attempt 1 to provision port 9e2b068a-6a2c-44b1-80d2-1d44640cbaf9
2026-03-04 02:33:44.098 10 INFO neutron.plugins.ml2.plugin [None req-333719b6-3a0e-4f5c-adb4-89f723b3c17c - - - - - -] Attempt 1 to provision port 70a07a8d-b642-41b4-a53d-734ca3ec9f02
2026-03-04 02:33:44.394 10 INFO neutron.plugins.ml2.plugin [None req-333719b6-3a0e-4f5c-adb4-89f723b3c17c - - - - - -] Attempt 1 to provision port 1e85ae9e-4c09-4869-a811-5e54545a2789
2026-03-04 02:33:44.544 9 INFO neutron.plugins.ml2.plugin [None req-6649d0bb-caa0-4401-9979-6c9fd9e34f5d - - - - - -] Attempt 1 to provision port 1e85ae9e-4c09-4869-a811-5e54545a2789
2026-03-04 02:33:44.687 10 INFO neutron.plugins.ml2.plugin [None req-97f0af2a-64db-4826-ad7f-02d2bf81a947 - - - - - -] Attempt 1 to provision port 1e85ae9e-4c09-4869-a811-5e54545a2789
2026-03-04 02:33:44.857 9 INFO neutron.plugins.ml2.plugin [None req-3af37b76-02e3-404f-a6f3-db670e395ac2 - - - - - -] Attempt 1 to provision port cf2b2fef-2644-4981-a0f6-b1ad2d965ab4
2026-03-04 02:33:45.230 9 INFO neutron.plugins.ml2.plugin [None req-3af37b76-02e3-404f-a6f3-db670e395ac2 - - - - - -] Attempt 1 to provision port 70a07a8d-b642-41b4-a53d-734ca3ec9f02 /var/lib/openstack/lib/python3.10/site-packages/oslo_db/sqlalchemy/enginefacade.py:664: SAWarning: DELETE statement on table 'portsecuritybindings' expected to delete 1 row(s); 0 were matched. Please set confirm_deleted_rows=False within the mapper configuration to prevent this warning. self.session.flush() /var/lib/openstack/lib/python3.10/site-packages/oslo_db/sqlalchemy/enginefacade.py:664: SAWarning: DELETE statement on table 'ml2_port_bindings' expected to delete 1 row(s); 0 were matched. Please set confirm_deleted_rows=False within the mapper configuration to prevent this warning. self.session.flush() /var/lib/openstack/lib/python3.10/site-packages/oslo_db/sqlalchemy/enginefacade.py:664: SAWarning: DELETE statement on table 'ml2_port_binding_levels' expected to delete 1 row(s); 0 were matched. Please set confirm_deleted_rows=False within the mapper configuration to prevent this warning. self.session.flush() /var/lib/openstack/lib/python3.10/site-packages/oslo_db/sqlalchemy/enginefacade.py:664: SAWarning: DELETE statement on table 'ports' expected to delete 1 row(s); 0 were matched. Please set confirm_deleted_rows=False within the mapper configuration to prevent this warning. self.session.flush()
2026-03-04 02:33:47.166 10 INFO neutron.plugins.ml2.plugin [None req-3af37b76-02e3-404f-a6f3-db670e395ac2 - - - - - -] Attempt 1 to provision port 9e2b068a-6a2c-44b1-80d2-1d44640cbaf9
2026-03-04 02:33:47.393 10 INFO neutron.notifiers.nova [-] Nova event matching ['req-175a92b2-4fdf-40cd-b3ee-b17a195beff3'] response: {'server_uuid': '43d652c0-87a7-4bc8-87f9-d9383825e188', 'name': 'network-vif-plugged', 'status': 'completed', 'tag': '9e2b068a-6a2c-44b1-80d2-1d44640cbaf9', 'code': 200}
2026-03-04 02:33:48.476 9 INFO neutron.plugins.ml2.plugin [None req-ddb0b1e1-83e6-4b3d-8bdb-7e53b68ae97b - - - - - -] Attempt 1 to provision port 08af8794-aec0-4c71-bce6-0d6bf517e1a8
2026-03-04 02:33:48.881 10 INFO neutron.plugins.ml2.plugin [None req-3af37b76-02e3-404f-a6f3-db670e395ac2 - - - - - -] Attempt 1 to provision port 08af8794-aec0-4c71-bce6-0d6bf517e1a8
2026-03-04 02:33:49.144 10 INFO neutron.plugins.ml2.plugin [None req-3af37b76-02e3-404f-a6f3-db670e395ac2 - - - - - -] Attempt 1 to provision port 9e2b068a-6a2c-44b1-80d2-1d44640cbaf9
2026-03-04 02:33:50.301 10 INFO neutron.plugins.ml2.plugin [None req-4da99b5c-6c05-41fb-8aad-5e82c0b49c99 - - - - - -] Attempt 1 to provision port 0faa865e-09b3-4165-a70e-ad413858e313
2026-03-04 02:33:50.339 10 INFO neutron.plugins.ml2.plugin [None req-4da99b5c-6c05-41fb-8aad-5e82c0b49c99 - - - - - -] Attempt 1 to provision port da1352db-6c1d-48cb-a8c2-b7fa81a5c1cd
2026-03-04 02:33:50.586 9 INFO neutron.plugins.ml2.plugin [None req-9afc5aa6-9fe6-41b0-a0bb-7d0cbeed1ea5 - - - - - -] Attempt 1 to provision port 0faa865e-09b3-4165-a70e-ad413858e313
2026-03-04 02:33:50.808 10 INFO neutron.plugins.ml2.plugin [None req-3af37b76-02e3-404f-a6f3-db670e395ac2 - - - - - -] Attempt 1 to provision port 08af8794-aec0-4c71-bce6-0d6bf517e1a8
2026-03-04 02:33:51.202 10 INFO neutron.plugins.ml2.plugin [None req-3af37b76-02e3-404f-a6f3-db670e395ac2 - - - - - -] Attempt 1 to provision port 2e62122a-1c84-4b61-887f-65f18ed1bcfe
2026-03-04 02:33:53.005 9 INFO neutron.plugins.ml2.plugin [None req-3af37b76-02e3-404f-a6f3-db670e395ac2 - - - - - -] Attempt 1 to provision port 829b89e7-96eb-4a0b-b9e4-b67f3e59100a
2026-03-04 02:33:53.434 9 INFO neutron.plugins.ml2.plugin [None req-3af37b76-02e3-404f-a6f3-db670e395ac2 - - - - - -] Attempt 1 to provision port da1352db-6c1d-48cb-a8c2-b7fa81a5c1cd
2026-03-04 02:33:53.634 9 INFO neutron.notifiers.nova [-] Nova event matching ['req-e6528f3b-4223-4b44-aa3f-218fc17b0ea1'] response: {'server_uuid': 'ecc074d4-4c8d-4ed2-b218-7b44f6df7354', 'name': 'network-vif-plugged', 'status': 'completed', 'tag': 'da1352db-6c1d-48cb-a8c2-b7fa81a5c1cd', 'code': 200}
2026-03-04 02:33:53.992 9 INFO neutron.plugins.ml2.plugin [None req-3af37b76-02e3-404f-a6f3-db670e395ac2 - - - - - -] Attempt 1 to provision port 2e62122a-1c84-4b61-887f-65f18ed1bcfe
2026-03-04 02:33:55.029 10 INFO neutron.plugins.ml2.plugin [None req-3af37b76-02e3-404f-a6f3-db670e395ac2 - - - - - -] Attempt 1 to provision port da1352db-6c1d-48cb-a8c2-b7fa81a5c1cd
2026-03-04 02:33:55.268 10 INFO neutron.plugins.ml2.plugin [None req-9491d84a-9ece-4c30-b351-5e633841b501 - - - - - -] Attempt 1 to provision port 3bdf3927-5b28-4a42-807b-127f17c5d7af
2026-03-04 02:33:58.870 9 INFO neutron.plugins.ml2.plugin [None req-3af37b76-02e3-404f-a6f3-db670e395ac2 - - - - - -] Attempt 1 to provision port 1e85ae9e-4c09-4869-a811-5e54545a2789
2026-03-04 02:34:00.810 10 INFO neutron.plugins.ml2.plugin [None req-3af37b76-02e3-404f-a6f3-db670e395ac2 - - - - - -] Attempt 1 to provision port 1e85ae9e-4c09-4869-a811-5e54545a2789
2026-03-04 02:34:01.083 10 INFO neutron.plugins.ml2.plugin [None req-3af37b76-02e3-404f-a6f3-db670e395ac2 - - - - - -] Attempt 1 to provision port 5aaa0ba2-f6ed-4ff1-b97e-3a409d05f507
2026-03-04 02:34:02.789 9 INFO neutron.plugins.ml2.plugin [None req-3af37b76-02e3-404f-a6f3-db670e395ac2 - - - - - -] Attempt 1 to provision port 5aaa0ba2-f6ed-4ff1-b97e-3a409d05f507
2026-03-04 02:34:15.554 10 INFO neutron.plugins.ml2.plugin [None req-100650a7-b4ae-43b5-8318-f1585903aca7 - - - - - -] Attempt 1 to provision port fc60fc48-cbf5-4d8e-92ca-11887fa36238
2026-03-04 02:34:16.845 9 INFO neutron.plugins.ml2.plugin [None req-3af37b76-02e3-404f-a6f3-db670e395ac2 - - - - - -] Attempt 1 to provision port 5426c01b-c395-4711-8ae4-0dc84ab29bb4
2026-03-04 02:34:18.337 10 INFO neutron.plugins.ml2.plugin [None req-72114c18-427c-49dd-b084-458fa4a02c62 - - - - - -] Attempt 1 to provision port 5426c01b-c395-4711-8ae4-0dc84ab29bb4
2026-03-04 02:34:19.074 10 INFO neutron.plugins.ml2.plugin [None req-3af37b76-02e3-404f-a6f3-db670e395ac2 - - - - - -] Attempt 1 to provision port fc60fc48-cbf5-4d8e-92ca-11887fa36238
2026-03-04 02:34:19.212 10 INFO neutron.notifiers.nova [-] Nova event matching ['req-cf2752d6-0f45-4b78-ad86-01d0269f827f'] response: {'server_uuid': '4c393680-259d-4cdb-acb7-2e34d9bb0ef0', 'name': 'network-vif-plugged', 'status': 'completed', 'tag': 'fc60fc48-cbf5-4d8e-92ca-11887fa36238', 'code': 200}
2026-03-04 02:34:19.609 10 INFO neutron.plugins.ml2.plugin [None req-3af37b76-02e3-404f-a6f3-db670e395ac2 - - - - - -] Attempt 1 to provision port 5426c01b-c395-4711-8ae4-0dc84ab29bb4
2026-03-04 02:34:19.779 9 INFO neutron.plugins.ml2.plugin [None req-7d21eb3a-3c9e-4fdd-a967-009ed1011be0 - - - - - -] Attempt 1 to provision port aeb8dbe7-93d2-496f-bff2-c7278e11dc02
2026-03-04 02:34:19.938 10 INFO neutron.plugins.ml2.plugin [None req-b771c671-81a8-462c-a973-bd72ab918ee8 - - - - - -] Attempt 1 to provision port b5bd77d1-1598-4698-a2e6-564f7c7c8117
2026-03-04 02:34:20.159 10 INFO neutron.plugins.ml2.plugin [None req-3af37b76-02e3-404f-a6f3-db670e395ac2 - - - - - -] Attempt 1 to provision port c24288e9-89d5-485d-8787-723a2ba73c30
2026-03-04 02:34:20.403 10 INFO neutron.plugins.ml2.plugin [None req-4fe8de54-bc7d-4312-87a3-71ef38afee6c - - - - - -] Attempt 1 to provision port 5426c01b-c395-4711-8ae4-0dc84ab29bb4
2026-03-04 02:34:20.699 10 INFO neutron.plugins.ml2.plugin [None req-3af37b76-02e3-404f-a6f3-db670e395ac2 - - - - - -] Attempt 1 to provision port b5bd77d1-1598-4698-a2e6-564f7c7c8117
2026-03-04 02:34:20.824 10 INFO neutron.plugins.ml2.plugin [None req-1c2fa0e2-1682-4640-80f3-de932ed92b9d - - - - - -] Attempt 1 to provision port c24288e9-89d5-485d-8787-723a2ba73c30
2026-03-04 02:34:21.143 9 INFO neutron.plugins.ml2.plugin [None req-3af37b76-02e3-404f-a6f3-db670e395ac2 - - - - - -] Attempt 1 to provision port fc60fc48-cbf5-4d8e-92ca-11887fa36238
2026-03-04 02:34:21.345 10 INFO neutron.plugins.ml2.plugin [None req-78b53f7d-bfab-4acd-a6e3-dd1b318adea2 - - - - - -] Attempt 1 to provision port b5bd77d1-1598-4698-a2e6-564f7c7c8117
2026-03-04 02:34:21.509 9 INFO neutron.plugins.ml2.plugin [None req-3af37b76-02e3-404f-a6f3-db670e395ac2 - - - - - -] Attempt 1 to provision port c24288e9-89d5-485d-8787-723a2ba73c30
2026-03-04 02:34:21.854 9 INFO neutron.plugins.ml2.plugin [None req-3af37b76-02e3-404f-a6f3-db670e395ac2 - - - - - -] Attempt 1 to provision port b5bd77d1-1598-4698-a2e6-564f7c7c8117
2026-03-04 02:34:22.901 10 INFO neutron.plugins.ml2.plugin [None req-f2748083-ddfb-4055-9a0a-f4caf12136a5 - - - - - -] Attempt 1 to provision port c24288e9-89d5-485d-8787-723a2ba73c30
2026-03-04 02:34:23.399 10 INFO neutron.plugins.ml2.plugin [None req-dae9ab58-d419-4610-946a-0745f53a7bf0 - - - - - -] Attempt 1 to provision port ef15d30a-c011-4041-a742-0df94fac028d
2026-03-04 02:34:24.250 9 INFO neutron.plugins.ml2.plugin [None req-a0e31382-5398-4e99-9e01-8156a5643f87 - - - - - -] Attempt 1 to provision port ef15d30a-c011-4041-a742-0df94fac028d
2026-03-04 02:34:25.125 10 INFO neutron.plugins.ml2.plugin [None req-3af37b76-02e3-404f-a6f3-db670e395ac2 - - - - - -] Attempt 1 to provision port b9e456f5-ee98-4b6a-8a2c-27b19b906961
2026-03-04 02:34:25.505 10 INFO neutron.plugins.ml2.plugin [None req-c4ab5e00-d00a-47d8-b605-f697c003a80d - - - - - -] Attempt 1 to provision port 478f914f-c04e-47fb-9b29-5a19843bd25f
2026-03-04 02:34:26.253 10 INFO neutron.plugins.ml2.plugin [None req-7743e7f5-26ea-4b2d-aa0c-e4ebdde415d5 - - - - - -] Attempt 1 to provision port 478f914f-c04e-47fb-9b29-5a19843bd25f
2026-03-04 02:34:27.210 10 INFO neutron.plugins.ml2.plugin [None req-96750e83-9e37-49cf-8361-2b5e326558d3 - - - - - -] Attempt 1 to provision port 965caae7-62b6-4271-80b8-f35837899547
2026-03-04 02:34:27.303 9 INFO neutron.plugins.ml2.plugin [None req-3af37b76-02e3-404f-a6f3-db670e395ac2 - - - - - -] Attempt 1 to provision port b9e456f5-ee98-4b6a-8a2c-27b19b906961
2026-03-04 02:34:28.067 9 INFO neutron.plugins.ml2.plugin [None req-73fd5910-9db5-4ba3-aac6-b89d2d6fc87b - - - - - -] Attempt 1 to provision port 965caae7-62b6-4271-80b8-f35837899547
2026-03-04 02:34:30.176 9 ERROR neutron.plugins.ml2.managers [None req-aeac2c21-78bd-4ff8-a410-6a2752863fd9 - - - - - -] Mechanism driver openvswitch failed in bind_port: neutron_lib.exceptions.SubnetNotFound: Subnet 9add9f38-ce37-483b-9977-cee27fd880c7 could not be found.
2026-03-04 02:34:30.176 9 ERROR neutron.plugins.ml2.managers
Traceback (most recent call last):
2026-03-04 02:34:30.176 9 ERROR neutron.plugins.ml2.managers
File "/var/lib/openstack/lib/python3.10/site-packages/neutron/plugins/ml2/managers.py", line 850, in _bind_port_level
2026-03-04 02:34:30.176 9 ERROR neutron.plugins.ml2.managers driver.obj.bind_port(context)
2026-03-04 02:34:30.176 9 ERROR neutron.plugins.ml2.managers
File "/var/lib/openstack/lib/python3.10/site-packages/neutron/plugins/ml2/drivers/openvswitch/mech_driver/mech_openvswitch.py", line 133, in bind_port
2026-03-04 02:34:30.176 9 ERROR neutron.plugins.ml2.managers super(OpenvswitchMechanismDriver, self).bind_port(context)
2026-03-04 02:34:30.176 9 ERROR neutron.plugins.ml2.managers
File "/var/lib/openstack/lib/python3.10/site-packages/neutron/plugins/ml2/drivers/mech_agent.py", line 104, in bind_port
2026-03-04 02:34:30.176 9 ERROR neutron.plugins.ml2.managers subnets = self.get_subnets_from_fixed_ips(context)
2026-03-04 02:34:30.176 9 ERROR neutron.plugins.ml2.managers
File "/var/lib/openstack/lib/python3.10/site-packages/neutron/plugins/ml2/drivers/mech_agent.py", line 149, in get_subnets_from_fixed_ips
2026-03-04 02:34:30.176 9 ERROR neutron.plugins.ml2.managers subnets.append(context._plugin.get_subnet(
2026-03-04 02:34:30.176 9 ERROR neutron.plugins.ml2.managers
File "/var/lib/openstack/lib/python3.10/site-packages/neutron_lib/db/api.py", line 223, in wrapped
2026-03-04 02:34:30.176 9 ERROR neutron.plugins.ml2.managers return f_with_retry(*args, **kwargs,
2026-03-04 02:34:30.176 9 ERROR neutron.plugins.ml2.managers
File "/var/lib/openstack/lib/python3.10/site-packages/neutron_lib/db/api.py", line 137, in wrapped
2026-03-04 02:34:30.176 9 ERROR neutron.plugins.ml2.managers with excutils.save_and_reraise_exception():
2026-03-04 02:34:30.176 9 ERROR neutron.plugins.ml2.managers
File "/var/lib/openstack/lib/python3.10/site-packages/oslo_utils/excutils.py", line 227, in __exit__
2026-03-04 02:34:30.176 9 ERROR neutron.plugins.ml2.managers self.force_reraise()
2026-03-04 02:34:30.176 9 ERROR neutron.plugins.ml2.managers
File "/var/lib/openstack/lib/python3.10/site-packages/oslo_utils/excutils.py", line 200, in force_reraise
2026-03-04 02:34:30.176 9 ERROR neutron.plugins.ml2.managers raise self.value
2026-03-04 02:34:30.176 9 ERROR neutron.plugins.ml2.managers
File "/var/lib/openstack/lib/python3.10/site-packages/neutron_lib/db/api.py", line 135, in wrapped
2026-03-04 02:34:30.176 9 ERROR neutron.plugins.ml2.managers return f(*args, **kwargs)
2026-03-04 02:34:30.176 9 ERROR neutron.plugins.ml2.managers
File "/var/lib/openstack/lib/python3.10/site-packages/oslo_db/api.py", line 144, in wrapper
2026-03-04 02:34:30.176 9 ERROR neutron.plugins.ml2.managers with excutils.save_and_reraise_exception() as ectxt:
2026-03-04 02:34:30.176 9 ERROR neutron.plugins.ml2.managers
File "/var/lib/openstack/lib/python3.10/site-packages/oslo_utils/excutils.py", line 227, in __exit__
2026-03-04 02:34:30.176 9 ERROR neutron.plugins.ml2.managers self.force_reraise()
2026-03-04 02:34:30.176 9 ERROR neutron.plugins.ml2.managers
File "/var/lib/openstack/lib/python3.10/site-packages/oslo_utils/excutils.py", line 200, in force_reraise
2026-03-04 02:34:30.176 9 ERROR neutron.plugins.ml2.managers raise self.value
2026-03-04 02:34:30.176 9 ERROR neutron.plugins.ml2.managers
File "/var/lib/openstack/lib/python3.10/site-packages/oslo_db/api.py", line 142, in wrapper
2026-03-04 02:34:30.176 9 ERROR neutron.plugins.ml2.managers return f(*args, **kwargs)
2026-03-04 02:34:30.176 9 ERROR neutron.plugins.ml2.managers
File "/var/lib/openstack/lib/python3.10/site-packages/neutron_lib/db/api.py", line 183, in wrapped
2026-03-04 02:34:30.176 9 ERROR neutron.plugins.ml2.managers with excutils.save_and_reraise_exception():
2026-03-04 02:34:30.176 9 ERROR neutron.plugins.ml2.managers
File "/var/lib/openstack/lib/python3.10/site-packages/oslo_utils/excutils.py", line 227, in __exit__
2026-03-04 02:34:30.176 9 ERROR neutron.plugins.ml2.managers self.force_reraise()
2026-03-04 02:34:30.176 9 ERROR neutron.plugins.ml2.managers
File "/var/lib/openstack/lib/python3.10/site-packages/oslo_utils/excutils.py", line 200, in force_reraise
2026-03-04 02:34:30.176 9 ERROR neutron.plugins.ml2.managers raise self.value
2026-03-04 02:34:30.176 9 ERROR neutron.plugins.ml2.managers
File "/var/lib/openstack/lib/python3.10/site-packages/neutron_lib/db/api.py", line 181, in wrapped
2026-03-04 02:34:30.176 9 ERROR neutron.plugins.ml2.managers return f(*dup_args, **dup_kwargs)
2026-03-04 02:34:30.176 9 ERROR neutron.plugins.ml2.managers
File "/var/lib/openstack/lib/python3.10/site-packages/neutron/db/db_base_plugin_v2.py", line 1233, in get_subnet
2026-03-04 02:34:30.176 9 ERROR neutron.plugins.ml2.managers subnet_obj = self._get_subnet_object(context, id)
2026-03-04 02:34:30.176 9 ERROR neutron.plugins.ml2.managers
File "/var/lib/openstack/lib/python3.10/site-packages/neutron/db/db_base_plugin_common.py", line 282, in _get_subnet_object
2026-03-04 02:34:30.176 9 ERROR neutron.plugins.ml2.managers raise exceptions.SubnetNotFound(subnet_id=id)
2026-03-04 02:34:30.176 9 ERROR neutron.plugins.ml2.managers neutron_lib.exceptions.SubnetNotFound: Subnet 9add9f38-ce37-483b-9977-cee27fd880c7 could not be found.
2026-03-04 02:34:30.176 9 ERROR neutron.plugins.ml2.managers 
2026-03-04 02:34:30.178 9 ERROR neutron.plugins.ml2.managers [None req-aeac2c21-78bd-4ff8-a410-6a2752863fd9 - - - - - -] Failed to bind port 4ac89dea-b414-4a42-ad7d-a3f8123c0bac on host instance for vnic_type normal using segments [{'id': 'a5a855de-5ed0-4440-9a64-ac3932095bbf', 'network_type': 'vxlan', 'physical_network': None, 'segmentation_id': 190, 'network_id': 'b44937f3-8f64-452d-8620-729620e1775e'}]
2026-03-04 02:34:30.187 9 INFO neutron.plugins.ml2.plugin [None req-aeac2c21-78bd-4ff8-a410-6a2752863fd9 - - - - - -] Attempt 2 to bind port 4ac89dea-b414-4a42-ad7d-a3f8123c0bac
2026-03-04 02:34:30.225 9 ERROR neutron.plugins.ml2.managers [None req-aeac2c21-78bd-4ff8-a410-6a2752863fd9 - - - - - -] Mechanism driver openvswitch failed in bind_port: neutron_lib.exceptions.SubnetNotFound: Subnet 9add9f38-ce37-483b-9977-cee27fd880c7 could not be found.
2026-03-04 02:34:30.225 9 ERROR neutron.plugins.ml2.managers
Traceback (most recent call last):
2026-03-04 02:34:30.225 9 ERROR neutron.plugins.ml2.managers
File "/var/lib/openstack/lib/python3.10/site-packages/neutron/plugins/ml2/managers.py", line 850, in _bind_port_level
2026-03-04 02:34:30.225 9 ERROR neutron.plugins.ml2.managers driver.obj.bind_port(context)
2026-03-04 02:34:30.225 9 ERROR neutron.plugins.ml2.managers
File "/var/lib/openstack/lib/python3.10/site-packages/neutron/plugins/ml2/drivers/openvswitch/mech_driver/mech_openvswitch.py", line 133, in bind_port
2026-03-04 02:34:30.225 9 ERROR neutron.plugins.ml2.managers super(OpenvswitchMechanismDriver, self).bind_port(context)
2026-03-04 02:34:30.225 9 ERROR neutron.plugins.ml2.managers
File "/var/lib/openstack/lib/python3.10/site-packages/neutron/plugins/ml2/drivers/mech_agent.py", line 104, in bind_port
2026-03-04 02:34:30.225 9 ERROR neutron.plugins.ml2.managers subnets = self.get_subnets_from_fixed_ips(context)
2026-03-04 02:34:30.225 9 ERROR neutron.plugins.ml2.managers
File "/var/lib/openstack/lib/python3.10/site-packages/neutron/plugins/ml2/drivers/mech_agent.py", line 149, in get_subnets_from_fixed_ips
2026-03-04 02:34:30.225 9 ERROR neutron.plugins.ml2.managers subnets.append(context._plugin.get_subnet(
2026-03-04 02:34:30.225 9 ERROR neutron.plugins.ml2.managers
File "/var/lib/openstack/lib/python3.10/site-packages/neutron_lib/db/api.py", line 223, in wrapped
2026-03-04 02:34:30.225 9 ERROR neutron.plugins.ml2.managers return f_with_retry(*args, **kwargs,
2026-03-04 02:34:30.225 9 ERROR neutron.plugins.ml2.managers
File "/var/lib/openstack/lib/python3.10/site-packages/neutron_lib/db/api.py", line 137, in wrapped
2026-03-04 02:34:30.225 9 ERROR neutron.plugins.ml2.managers with excutils.save_and_reraise_exception():
2026-03-04 02:34:30.225 9 ERROR neutron.plugins.ml2.managers
File "/var/lib/openstack/lib/python3.10/site-packages/oslo_utils/excutils.py", line 227, in __exit__
2026-03-04 02:34:30.225 9 ERROR neutron.plugins.ml2.managers self.force_reraise()
2026-03-04 02:34:30.225 9 ERROR neutron.plugins.ml2.managers
File "/var/lib/openstack/lib/python3.10/site-packages/oslo_utils/excutils.py", line 200, in force_reraise
2026-03-04 02:34:30.225 9 ERROR neutron.plugins.ml2.managers raise self.value
2026-03-04 02:34:30.225 9 ERROR neutron.plugins.ml2.managers
File "/var/lib/openstack/lib/python3.10/site-packages/neutron_lib/db/api.py", line 135, in wrapped
2026-03-04 02:34:30.225 9 ERROR neutron.plugins.ml2.managers return f(*args, **kwargs)
2026-03-04 02:34:30.225 9 ERROR neutron.plugins.ml2.managers
File "/var/lib/openstack/lib/python3.10/site-packages/oslo_db/api.py", line 144, in wrapper
2026-03-04 02:34:30.225 9 ERROR neutron.plugins.ml2.managers with excutils.save_and_reraise_exception() as ectxt:
2026-03-04 02:34:30.225 9 ERROR neutron.plugins.ml2.managers
File "/var/lib/openstack/lib/python3.10/site-packages/oslo_utils/excutils.py", line 227, in __exit__
2026-03-04 02:34:30.225 9 ERROR neutron.plugins.ml2.managers self.force_reraise()
2026-03-04 02:34:30.225 9 ERROR neutron.plugins.ml2.managers
File "/var/lib/openstack/lib/python3.10/site-packages/oslo_utils/excutils.py", line 200, in force_reraise
2026-03-04 02:34:30.225 9 ERROR neutron.plugins.ml2.managers raise self.value
2026-03-04 02:34:30.225 9 ERROR neutron.plugins.ml2.managers
File "/var/lib/openstack/lib/python3.10/site-packages/oslo_db/api.py", line 142, in wrapper
2026-03-04 02:34:30.225 9 ERROR neutron.plugins.ml2.managers return f(*args, **kwargs)
2026-03-04 02:34:30.225 9 ERROR neutron.plugins.ml2.managers
File "/var/lib/openstack/lib/python3.10/site-packages/neutron_lib/db/api.py", line 183, in wrapped
2026-03-04 02:34:30.225 9 ERROR neutron.plugins.ml2.managers with excutils.save_and_reraise_exception():
2026-03-04 02:34:30.225 9 ERROR neutron.plugins.ml2.managers
File "/var/lib/openstack/lib/python3.10/site-packages/oslo_utils/excutils.py", line 227, in __exit__
2026-03-04 02:34:30.225 9 ERROR neutron.plugins.ml2.managers self.force_reraise()
2026-03-04 02:34:30.225 9 ERROR neutron.plugins.ml2.managers
File "/var/lib/openstack/lib/python3.10/site-packages/oslo_utils/excutils.py", line 200, in force_reraise
2026-03-04 02:34:30.225 9 ERROR neutron.plugins.ml2.managers raise self.value
2026-03-04 02:34:30.225 9 ERROR neutron.plugins.ml2.managers
File "/var/lib/openstack/lib/python3.10/site-packages/neutron_lib/db/api.py", line 181, in wrapped
2026-03-04 02:34:30.225 9 ERROR neutron.plugins.ml2.managers return f(*dup_args, **dup_kwargs)
2026-03-04 02:34:30.225 9 ERROR neutron.plugins.ml2.managers
File "/var/lib/openstack/lib/python3.10/site-packages/neutron/db/db_base_plugin_v2.py", line 1233, in get_subnet
2026-03-04 02:34:30.225 9 ERROR neutron.plugins.ml2.managers subnet_obj = self._get_subnet_object(context, id)
2026-03-04 02:34:30.225 9 ERROR neutron.plugins.ml2.managers
File "/var/lib/openstack/lib/python3.10/site-packages/neutron/db/db_base_plugin_common.py", line 282, in _get_subnet_object
2026-03-04 02:34:30.225 9 ERROR neutron.plugins.ml2.managers raise exceptions.SubnetNotFound(subnet_id=id)
2026-03-04 02:34:30.225 9 ERROR neutron.plugins.ml2.managers neutron_lib.exceptions.SubnetNotFound: Subnet 9add9f38-ce37-483b-9977-cee27fd880c7 could not be found.
2026-03-04 02:34:30.225 9 ERROR neutron.plugins.ml2.managers 
2026-03-04 02:34:30.225 9 ERROR neutron.plugins.ml2.managers [None req-aeac2c21-78bd-4ff8-a410-6a2752863fd9 - - - - - -] Failed to bind port 4ac89dea-b414-4a42-ad7d-a3f8123c0bac on host instance for vnic_type normal using segments [{'id': 'a5a855de-5ed0-4440-9a64-ac3932095bbf', 'network_type': 'vxlan', 'physical_network': None, 'segmentation_id': 190, 'network_id': 'b44937f3-8f64-452d-8620-729620e1775e'}]
2026-03-04 02:34:30.226 9 INFO neutron.plugins.ml2.plugin [None req-aeac2c21-78bd-4ff8-a410-6a2752863fd9 - - - - - -] Attempt 3 to bind port 4ac89dea-b414-4a42-ad7d-a3f8123c0bac
2026-03-04 02:34:30.246 9 ERROR neutron.plugins.ml2.managers [None req-aeac2c21-78bd-4ff8-a410-6a2752863fd9 - - - - - -] Mechanism driver openvswitch failed in bind_port: neutron_lib.exceptions.SubnetNotFound: Subnet 9add9f38-ce37-483b-9977-cee27fd880c7 could not be found.
2026-03-04 02:34:30.246 9 ERROR neutron.plugins.ml2.managers
Traceback (most recent call last):
2026-03-04 02:34:30.246 9 ERROR neutron.plugins.ml2.managers
File "/var/lib/openstack/lib/python3.10/site-packages/neutron/plugins/ml2/managers.py", line 850, in _bind_port_level
2026-03-04 02:34:30.246 9 ERROR neutron.plugins.ml2.managers driver.obj.bind_port(context)
2026-03-04 02:34:30.246 9 ERROR neutron.plugins.ml2.managers
File "/var/lib/openstack/lib/python3.10/site-packages/neutron/plugins/ml2/drivers/openvswitch/mech_driver/mech_openvswitch.py", line 133, in bind_port
2026-03-04 02:34:30.246 9 ERROR neutron.plugins.ml2.managers super(OpenvswitchMechanismDriver, self).bind_port(context)
2026-03-04 02:34:30.246 9 ERROR neutron.plugins.ml2.managers
File "/var/lib/openstack/lib/python3.10/site-packages/neutron/plugins/ml2/drivers/mech_agent.py", line 104, in bind_port
2026-03-04 02:34:30.246 9 ERROR neutron.plugins.ml2.managers subnets = self.get_subnets_from_fixed_ips(context)
2026-03-04 02:34:30.246 9 ERROR neutron.plugins.ml2.managers
File "/var/lib/openstack/lib/python3.10/site-packages/neutron/plugins/ml2/drivers/mech_agent.py", line 149, in get_subnets_from_fixed_ips
2026-03-04 02:34:30.246 9 ERROR neutron.plugins.ml2.managers subnets.append(context._plugin.get_subnet(
2026-03-04 02:34:30.246 9 ERROR neutron.plugins.ml2.managers
File "/var/lib/openstack/lib/python3.10/site-packages/neutron_lib/db/api.py", line 223, in wrapped
2026-03-04 02:34:30.246 9 ERROR neutron.plugins.ml2.managers return f_with_retry(*args, **kwargs,
2026-03-04 02:34:30.246 9 ERROR neutron.plugins.ml2.managers
File "/var/lib/openstack/lib/python3.10/site-packages/neutron_lib/db/api.py", line 137, in wrapped
2026-03-04 02:34:30.246 9 ERROR neutron.plugins.ml2.managers with excutils.save_and_reraise_exception():
2026-03-04 02:34:30.246 9 ERROR neutron.plugins.ml2.managers
File "/var/lib/openstack/lib/python3.10/site-packages/oslo_utils/excutils.py", line 227, in __exit__
2026-03-04 02:34:30.246 9 ERROR neutron.plugins.ml2.managers self.force_reraise()
2026-03-04 02:34:30.246 9 ERROR neutron.plugins.ml2.managers
File "/var/lib/openstack/lib/python3.10/site-packages/oslo_utils/excutils.py", line 200, in force_reraise
2026-03-04 02:34:30.246 9 ERROR neutron.plugins.ml2.managers raise self.value
2026-03-04 02:34:30.246 9 ERROR neutron.plugins.ml2.managers
File "/var/lib/openstack/lib/python3.10/site-packages/neutron_lib/db/api.py", line 135, in wrapped
2026-03-04 02:34:30.246 9 ERROR neutron.plugins.ml2.managers return f(*args, **kwargs)
2026-03-04 02:34:30.246 9 ERROR neutron.plugins.ml2.managers
File "/var/lib/openstack/lib/python3.10/site-packages/oslo_db/api.py", line 144, in wrapper
2026-03-04 02:34:30.246 9 ERROR neutron.plugins.ml2.managers with excutils.save_and_reraise_exception() as ectxt:
2026-03-04 02:34:30.246 9 ERROR neutron.plugins.ml2.managers
File "/var/lib/openstack/lib/python3.10/site-packages/oslo_utils/excutils.py", line 227, in __exit__
2026-03-04 02:34:30.246 9 ERROR neutron.plugins.ml2.managers self.force_reraise()
2026-03-04 02:34:30.246 9 ERROR neutron.plugins.ml2.managers
File "/var/lib/openstack/lib/python3.10/site-packages/oslo_utils/excutils.py", line 200, in force_reraise
2026-03-04 02:34:30.246 9 ERROR neutron.plugins.ml2.managers raise self.value
2026-03-04 02:34:30.246 9 ERROR neutron.plugins.ml2.managers
File "/var/lib/openstack/lib/python3.10/site-packages/oslo_db/api.py", line 142, in wrapper
2026-03-04 02:34:30.246 9 ERROR neutron.plugins.ml2.managers return f(*args, **kwargs)
2026-03-04 02:34:30.246 9 ERROR neutron.plugins.ml2.managers
File "/var/lib/openstack/lib/python3.10/site-packages/neutron_lib/db/api.py", line 183, in wrapped
2026-03-04 02:34:30.246 9 ERROR neutron.plugins.ml2.managers with excutils.save_and_reraise_exception():
2026-03-04 02:34:30.246 9 ERROR neutron.plugins.ml2.managers
File "/var/lib/openstack/lib/python3.10/site-packages/oslo_utils/excutils.py", line 227, in __exit__
2026-03-04 02:34:30.246 9 ERROR neutron.plugins.ml2.managers self.force_reraise()
2026-03-04 02:34:30.246 9 ERROR neutron.plugins.ml2.managers
File "/var/lib/openstack/lib/python3.10/site-packages/oslo_utils/excutils.py", line 200, in force_reraise
2026-03-04 02:34:30.246 9 ERROR neutron.plugins.ml2.managers raise self.value
2026-03-04 02:34:30.246 9 ERROR neutron.plugins.ml2.managers
File "/var/lib/openstack/lib/python3.10/site-packages/neutron_lib/db/api.py", line 181, in wrapped
2026-03-04 02:34:30.246 9 ERROR neutron.plugins.ml2.managers return f(*dup_args, **dup_kwargs)
2026-03-04 02:34:30.246 9 ERROR neutron.plugins.ml2.managers
File "/var/lib/openstack/lib/python3.10/site-packages/neutron/db/db_base_plugin_v2.py", line 1233, in get_subnet
2026-03-04 02:34:30.246 9 ERROR neutron.plugins.ml2.managers subnet_obj = self._get_subnet_object(context, id)
2026-03-04 02:34:30.246 9 ERROR neutron.plugins.ml2.managers
File "/var/lib/openstack/lib/python3.10/site-packages/neutron/db/db_base_plugin_common.py", line 282, in _get_subnet_object
2026-03-04 02:34:30.246 9 ERROR neutron.plugins.ml2.managers raise exceptions.SubnetNotFound(subnet_id=id)
2026-03-04 02:34:30.246 9 ERROR neutron.plugins.ml2.managers neutron_lib.exceptions.SubnetNotFound: Subnet 9add9f38-ce37-483b-9977-cee27fd880c7 could not be found.
2026-03-04 02:34:30.246 9 ERROR neutron.plugins.ml2.managers 
2026-03-04 02:34:30.247 9 ERROR neutron.plugins.ml2.managers [None req-aeac2c21-78bd-4ff8-a410-6a2752863fd9 - - - - - -] Failed to bind port 4ac89dea-b414-4a42-ad7d-a3f8123c0bac on host instance for vnic_type normal using segments [{'id': 'a5a855de-5ed0-4440-9a64-ac3932095bbf', 'network_type': 'vxlan', 'physical_network': None, 'segmentation_id': 190, 'network_id': 'b44937f3-8f64-452d-8620-729620e1775e'}]
2026-03-04 02:34:30.247 9 INFO neutron.plugins.ml2.plugin [None req-aeac2c21-78bd-4ff8-a410-6a2752863fd9 - - - - - -] Attempt 4 to bind port 4ac89dea-b414-4a42-ad7d-a3f8123c0bac
2026-03-04 02:34:30.275 9 ERROR neutron.plugins.ml2.managers [None req-aeac2c21-78bd-4ff8-a410-6a2752863fd9 - - - - - -] Mechanism driver openvswitch failed in bind_port: neutron_lib.exceptions.SubnetNotFound: Subnet 9add9f38-ce37-483b-9977-cee27fd880c7 could not be found.
2026-03-04 02:34:30.275 9 ERROR neutron.plugins.ml2.managers
Traceback (most recent call last):
2026-03-04 02:34:30.275 9 ERROR neutron.plugins.ml2.managers
File "/var/lib/openstack/lib/python3.10/site-packages/neutron/plugins/ml2/managers.py", line 850, in _bind_port_level
2026-03-04 02:34:30.275 9 ERROR neutron.plugins.ml2.managers driver.obj.bind_port(context)
2026-03-04 02:34:30.275 9 ERROR neutron.plugins.ml2.managers
File "/var/lib/openstack/lib/python3.10/site-packages/neutron/plugins/ml2/drivers/openvswitch/mech_driver/mech_openvswitch.py", line 133, in bind_port
2026-03-04 02:34:30.275 9 ERROR neutron.plugins.ml2.managers super(OpenvswitchMechanismDriver, self).bind_port(context)
2026-03-04 02:34:30.275 9 ERROR neutron.plugins.ml2.managers
File "/var/lib/openstack/lib/python3.10/site-packages/neutron/plugins/ml2/drivers/mech_agent.py", line 104, in bind_port
2026-03-04 02:34:30.275 9 ERROR neutron.plugins.ml2.managers subnets = self.get_subnets_from_fixed_ips(context)
2026-03-04 02:34:30.275 9 ERROR neutron.plugins.ml2.managers
File "/var/lib/openstack/lib/python3.10/site-packages/neutron/plugins/ml2/drivers/mech_agent.py", line 149, in get_subnets_from_fixed_ips
2026-03-04 02:34:30.275 9 ERROR neutron.plugins.ml2.managers subnets.append(context._plugin.get_subnet(
2026-03-04 02:34:30.275 9 ERROR neutron.plugins.ml2.managers
File "/var/lib/openstack/lib/python3.10/site-packages/neutron_lib/db/api.py", line 223, in wrapped
2026-03-04 02:34:30.275 9 ERROR neutron.plugins.ml2.managers return f_with_retry(*args, **kwargs,
2026-03-04 02:34:30.275 9 ERROR neutron.plugins.ml2.managers
File "/var/lib/openstack/lib/python3.10/site-packages/neutron_lib/db/api.py", line 137, in wrapped
2026-03-04 02:34:30.275 9 ERROR neutron.plugins.ml2.managers with excutils.save_and_reraise_exception():
2026-03-04 02:34:30.275 9 ERROR neutron.plugins.ml2.managers
File "/var/lib/openstack/lib/python3.10/site-packages/oslo_utils/excutils.py", line 227, in __exit__
2026-03-04 02:34:30.275 9 ERROR neutron.plugins.ml2.managers self.force_reraise()
2026-03-04 02:34:30.275 9 ERROR neutron.plugins.ml2.managers
File "/var/lib/openstack/lib/python3.10/site-packages/oslo_utils/excutils.py", line 200, in force_reraise
2026-03-04 02:34:30.275 9 ERROR neutron.plugins.ml2.managers raise self.value
2026-03-04 02:34:30.275 9 ERROR neutron.plugins.ml2.managers
File "/var/lib/openstack/lib/python3.10/site-packages/neutron_lib/db/api.py", line 135, in wrapped
2026-03-04 02:34:30.275 9 ERROR neutron.plugins.ml2.managers return f(*args, **kwargs)
2026-03-04 02:34:30.275 9 ERROR neutron.plugins.ml2.managers
File "/var/lib/openstack/lib/python3.10/site-packages/oslo_db/api.py", line 144, in wrapper
2026-03-04 02:34:30.275 9 ERROR neutron.plugins.ml2.managers with excutils.save_and_reraise_exception() as ectxt:
2026-03-04 02:34:30.275 9 ERROR neutron.plugins.ml2.managers
File "/var/lib/openstack/lib/python3.10/site-packages/oslo_utils/excutils.py", line 227, in __exit__
2026-03-04 02:34:30.275 9 ERROR neutron.plugins.ml2.managers self.force_reraise()
2026-03-04 02:34:30.275 9 ERROR neutron.plugins.ml2.managers
File "/var/lib/openstack/lib/python3.10/site-packages/oslo_utils/excutils.py", line 200, in force_reraise
2026-03-04 02:34:30.275 9 ERROR neutron.plugins.ml2.managers raise self.value
2026-03-04 02:34:30.275 9 ERROR neutron.plugins.ml2.managers
File "/var/lib/openstack/lib/python3.10/site-packages/oslo_db/api.py", line 142, in wrapper
2026-03-04 02:34:30.275 9 ERROR neutron.plugins.ml2.managers return f(*args, **kwargs)
2026-03-04 02:34:30.275 9 ERROR neutron.plugins.ml2.managers
File "/var/lib/openstack/lib/python3.10/site-packages/neutron_lib/db/api.py", line 183, in wrapped
2026-03-04 02:34:30.275 9 ERROR neutron.plugins.ml2.managers with excutils.save_and_reraise_exception():
